Jun 29 04:27:49.656496 np0000183343 neutron-rpc-server[104910]: DEBUG cotyledon.oslo_config_glue [-] logging_debug_format_suffix = {{(pid=%(process)d) %(funcName)s %(pathname)s:%(lineno)d}} {{(pid=104910) log_opt_values /opt/stack/data/venv/lib/python3.12/site-packages/oslo_config/cfg.py:3242}}
Jun 29 04:27:49.656562 np0000183343 neutron-rpc-server[104902]: DEBUG cotyledon.oslo_config_glue [-] privsep.helper_command = None {{(pid=104902) log_opt_values /opt/stack/data/venv/lib/python3.12/site-packages/oslo_config/cfg.py:3253}}
Jun 29 04:27:49.656562 np0000183343 neutron-rpc-server[104902]: DEBUG cotyledon.oslo_config_glue [-] privsep.log_daemon_traceback = False {{(pid=104902) log_opt_values /opt/stack/data/venv/lib/python3.12/site-packages/oslo_config/cfg.py:3253}}
Jun 29 04:27:49.656650 np0000183343 neutron-rpc-server[104910]: DEBUG cotyledon.oslo_config_glue [-] logging_default_format_string = %(color)s%(levelname)s %(name)s [-%(color)s] %(instance)s%(color)s%(message)s {{(pid=104910) log_opt_values /opt/stack/data/venv/lib/python3.12/site-packages/oslo_config/cfg.py:3242}}
Jun 29 04:27:49.656714 np0000183343 neutron-rpc-server[104902]: DEBUG cotyledon.oslo_config_glue [-] privsep.logger_name = oslo_privsep.daemon {{(pid=104902) log_opt_values /opt/stack/data/venv/lib/python3.12/site-packages/oslo_config/cfg.py:3253}}
Jun 29 04:27:49.656714 np0000183343 neutron-rpc-server[104902]: DEBUG cotyledon.oslo_config_glue [-] privsep.thread_pool_size = 16 {{(pid=104902) log_opt_values /opt/stack/data/venv/lib/python3.12/site-packages/oslo_config/cfg.py:3253}}
Jun 29 04:27:49.656714 np0000183343 neutron-rpc-server[104902]: DEBUG cotyledon.oslo_config_glue [-] privsep.user = None {{(pid=104902) log_opt_values /opt/stack/data/venv/lib/python3.12/site-packages/oslo_config/cfg.py:3253}}
Jun 29 04:27:49.656834 np0000183343 neutron-rpc-server[104910]: DEBUG cotyledon.oslo_config_glue [-] logging_exception_prefix = ERROR %(name)s %(instance)s {{(pid=104910) log_opt_values /opt/stack/data/venv/lib/python3.12/site-packages/oslo_config/cfg.py:3242}}
Jun 29 04:27:49.656943 np0000183343 neutron-rpc-server[104902]: DEBUG cotyledon.oslo_config_glue [-] privsep_dhcp_release.capabilities = [21, 12] {{(pid=104902) log_opt_values /opt/stack/data/venv/lib/python3.12/site-packages/oslo_config/cfg.py:3253}}
Jun 29 04:27:49.656943 np0000183343 neutron-rpc-server[104902]: DEBUG cotyledon.oslo_config_glue [-] privsep_dhcp_release.group = None {{(pid=104902) log_opt_values /opt/stack/data/venv/lib/python3.12/site-packages/oslo_config/cfg.py:3253}}
Jun 29 04:27:49.656943 np0000183343 neutron-rpc-server[104902]: DEBUG cotyledon.oslo_config_glue [-] privsep_dhcp_release.helper_command = None {{(pid=104902) log_opt_values /opt/stack/data/venv/lib/python3.12/site-packages/oslo_config/cfg.py:3253}}
Jun 29 04:27:49.656943 np0000183343 neutron-rpc-server[104902]: DEBUG cotyledon.oslo_config_glue [-] privsep_dhcp_release.log_daemon_traceback = False {{(pid=104902) log_opt_values /opt/stack/data/venv/lib/python3.12/site-packages/oslo_config/cfg.py:3253}}
Jun 29 04:27:49.657174 np0000183343 neutron-rpc-server[104910]: DEBUG cotyledon.oslo_config_glue [-] logging_user_identity_format = %(user)s %(project)s %(domain)s %(system_scope)s %(user_domain)s %(project_domain)s {{(pid=104910) log_opt_values /opt/stack/data/venv/lib/python3.12/site-packages/oslo_config/cfg.py:3242}}
Jun 29 04:27:49.657254 np0000183343 neutron-rpc-server[104902]: DEBUG cotyledon.oslo_config_glue [-] privsep_dhcp_release.logger_name = oslo_privsep.daemon {{(pid=104902) log_opt_values /opt/stack/data/venv/lib/python3.12/site-packages/oslo_config/cfg.py:3253}}
Jun 29 04:27:49.657254 np0000183343 neutron-rpc-server[104902]: DEBUG cotyledon.oslo_config_glue [-] privsep_dhcp_release.thread_pool_size = 16 {{(pid=104902) log_opt_values /opt/stack/data/venv/lib/python3.12/site-packages/oslo_config/cfg.py:3253}}
Jun 29 04:27:49.657254 np0000183343 neutron-rpc-server[104902]: DEBUG cotyledon.oslo_config_glue [-] privsep_dhcp_release.user = None {{(pid=104902) log_opt_values /opt/stack/data/venv/lib/python3.12/site-packages/oslo_config/cfg.py:3253}}
Jun 29 04:27:49.657380 np0000183343 neutron-rpc-server[104910]: DEBUG cotyledon.oslo_config_glue [-] max_allowed_address_pair = 10 {{(pid=104910) log_opt_values /opt/stack/data/venv/lib/python3.12/site-packages/oslo_config/cfg.py:3242}}
Jun 29 04:27:49.657446 np0000183343 neutron-rpc-server[104902]: DEBUG cotyledon.oslo_config_glue [-] privsep_ovs_vsctl.capabilities = [21, 12] {{(pid=104902) log_opt_values /opt/stack/data/venv/lib/python3.12/site-packages/oslo_config/cfg.py:3253}}
Jun 29 04:27:49.657446 np0000183343 neutron-rpc-server[104902]: DEBUG cotyledon.oslo_config_glue [-] privsep_ovs_vsctl.group = None {{(pid=104902) log_opt_values /opt/stack/data/venv/lib/python3.12/site-packages/oslo_config/cfg.py:3253}}
Jun 29 04:27:49.657446 np0000183343 neutron-rpc-server[104902]: DEBUG cotyledon.oslo_config_glue [-] privsep_ovs_vsctl.helper_command = None {{(pid=104902) log_opt_values /opt/stack/data/venv/lib/python3.12/site-packages/oslo_config/cfg.py:3253}}
Jun 29 04:27:49.657446 np0000183343 neutron-rpc-server[104902]: DEBUG cotyledon.oslo_config_glue [-] privsep_ovs_vsctl.log_daemon_traceback = False {{(pid=104902) log_opt_values /opt/stack/data/venv/lib/python3.12/site-packages/oslo_config/cfg.py:3253}}
Jun 29 04:27:49.657577 np0000183343 neutron-rpc-server[104910]: DEBUG cotyledon.oslo_config_glue [-] max_dns_nameservers = 5 {{(pid=104910) log_opt_values /opt/stack/data/venv/lib/python3.12/site-packages/oslo_config/cfg.py:3242}}
Jun 29 04:27:49.657638 np0000183343 neutron-rpc-server[104902]: DEBUG cotyledon.oslo_config_glue [-] privsep_ovs_vsctl.logger_name = oslo_privsep.daemon {{(pid=104902) log_opt_values /opt/stack/data/venv/lib/python3.12/site-packages/oslo_config/cfg.py:3253}}
Jun 29 04:27:49.657638 np0000183343 neutron-rpc-server[104902]: DEBUG cotyledon.oslo_config_glue [-] privsep_ovs_vsctl.thread_pool_size = 16 {{(pid=104902) log_opt_values /opt/stack/data/venv/lib/python3.12/site-packages/oslo_config/cfg.py:3253}}
Jun 29 04:27:49.657638 np0000183343 neutron-rpc-server[104902]: DEBUG cotyledon.oslo_config_glue [-] privsep_ovs_vsctl.user = None {{(pid=104902) log_opt_values /opt/stack/data/venv/lib/python3.12/site-packages/oslo_config/cfg.py:3253}}
Jun 29 04:27:49.657758 np0000183343 neutron-rpc-server[104910]: DEBUG cotyledon.oslo_config_glue [-] max_header_line = 16384 {{(pid=104910) log_opt_values /opt/stack/data/venv/lib/python3.12/site-packages/oslo_config/cfg.py:3242}}
Jun 29 04:27:49.657820 np0000183343 neutron-rpc-server[104902]: DEBUG cotyledon.oslo_config_glue [-] privsep_namespace.capabilities = [21] {{(pid=104902) log_opt_values /opt/stack/data/venv/lib/python3.12/site-packages/oslo_config/cfg.py:3253}}
Jun 29 04:27:49.657820 np0000183343 neutron-rpc-server[104902]: DEBUG cotyledon.oslo_config_glue [-] privsep_namespace.group = None {{(pid=104902) log_opt_values /opt/stack/data/venv/lib/python3.12/site-packages/oslo_config/cfg.py:3253}}
Jun 29 04:27:49.657820 np0000183343 neutron-rpc-server[104902]: DEBUG cotyledon.oslo_config_glue [-] privsep_namespace.helper_command = None {{(pid=104902) log_opt_values /opt/stack/data/venv/lib/python3.12/site-packages/oslo_config/cfg.py:3253}}
Jun 29 04:27:49.657820 np0000183343 neutron-rpc-server[104902]: DEBUG cotyledon.oslo_config_glue [-] privsep_namespace.log_daemon_traceback = False {{(pid=104902) log_opt_values /opt/stack/data/venv/lib/python3.12/site-packages/oslo_config/cfg.py:3253}}
Jun 29 04:27:49.658007 np0000183343 neutron-rpc-server[104910]: DEBUG cotyledon.oslo_config_glue [-] max_l3_agents_per_router = 3 {{(pid=104910) log_opt_values /opt/stack/data/venv/lib/python3.12/site-packages/oslo_config/cfg.py:3242}}
Jun 29 04:27:49.658114 np0000183343 neutron-rpc-server[104902]: DEBUG cotyledon.oslo_config_glue [-] privsep_namespace.logger_name = oslo_privsep.daemon {{(pid=104902) log_opt_values /opt/stack/data/venv/lib/python3.12/site-packages/oslo_config/cfg.py:3253}}
Jun 29 04:27:49.658114 np0000183343 neutron-rpc-server[104902]: DEBUG cotyledon.oslo_config_glue [-] privsep_namespace.thread_pool_size = 16 {{(pid=104902) log_opt_values /opt/stack/data/venv/lib/python3.12/site-packages/oslo_config/cfg.py:3253}}
Jun 29 04:27:49.658114 np0000183343 neutron-rpc-server[104902]: DEBUG cotyledon.oslo_config_glue [-] privsep_namespace.user = None {{(pid=104902) log_opt_values /opt/stack/data/venv/lib/python3.12/site-packages/oslo_config/cfg.py:3253}}
Jun 29 04:27:49.658114 np0000183343 neutron-rpc-server[104902]: DEBUG cotyledon.oslo_config_glue [-] privsep_conntrack.capabilities = [12] {{(pid=104902) log_opt_values /opt/stack/data/venv/lib/python3.12/site-packages/oslo_config/cfg.py:3253}}
Jun 29 04:27:49.658251 np0000183343 neutron-rpc-server[104910]: DEBUG cotyledon.oslo_config_glue [-] max_logfile_count = 30 {{(pid=104910) log_opt_values /opt/stack/data/venv/lib/python3.12/site-packages/oslo_config/cfg.py:3242}}
Jun 29 04:27:49.658323 np0000183343 neutron-rpc-server[104902]: DEBUG cotyledon.oslo_config_glue [-] privsep_conntrack.group = None {{(pid=104902) log_opt_values /opt/stack/data/venv/lib/python3.12/site-packages/oslo_config/cfg.py:3253}}
Jun 29 04:27:49.658323 np0000183343 neutron-rpc-server[104902]: DEBUG cotyledon.oslo_config_glue [-] privsep_conntrack.helper_command = None {{(pid=104902) log_opt_values /opt/stack/data/venv/lib/python3.12/site-packages/oslo_config/cfg.py:3253}}
Jun 29 04:27:49.658323 np0000183343 neutron-rpc-server[104902]: DEBUG cotyledon.oslo_config_glue [-] privsep_conntrack.log_daemon_traceback = False {{(pid=104902) log_opt_values /opt/stack/data/venv/lib/python3.12/site-packages/oslo_config/cfg.py:3253}}
Jun 29 04:27:49.658323 np0000183343 neutron-rpc-server[104902]: DEBUG cotyledon.oslo_config_glue [-] privsep_conntrack.logger_name = oslo_privsep.daemon {{(pid=104902) log_opt_values /opt/stack/data/venv/lib/python3.12/site-packages/oslo_config/cfg.py:3253}}
Jun 29 04:27:49.658462 np0000183343 neutron-rpc-server[104910]: DEBUG cotyledon.oslo_config_glue [-] max_logfile_size_mb = 200 {{(pid=104910) log_opt_values /opt/stack/data/venv/lib/python3.12/site-packages/oslo_config/cfg.py:3242}}
Jun 29 04:27:49.658530 np0000183343 neutron-rpc-server[104902]: DEBUG cotyledon.oslo_config_glue [-] privsep_conntrack.thread_pool_size = 16 {{(pid=104902) log_opt_values /opt/stack/data/venv/lib/python3.12/site-packages/oslo_config/cfg.py:3253}}
Jun 29 04:27:49.658596 np0000183343 neutron-rpc-server[104910]: DEBUG cotyledon.oslo_config_glue [-] max_subnet_host_routes = 20 {{(pid=104910) log_opt_values /opt/stack/data/venv/lib/python3.12/site-packages/oslo_config/cfg.py:3242}}
Jun 29 04:27:49.658656 np0000183343 neutron-rpc-server[104902]: DEBUG cotyledon.oslo_config_glue [-] privsep_conntrack.user = None {{(pid=104902) log_opt_values /opt/stack/data/venv/lib/python3.12/site-packages/oslo_config/cfg.py:3253}}
Jun 29 04:27:49.658656 np0000183343 neutron-rpc-server[104902]: DEBUG cotyledon.oslo_config_glue [-] privsep_link.capabilities = [12, 21] {{(pid=104902) log_opt_values /opt/stack/data/venv/lib/python3.12/site-packages/oslo_config/cfg.py:3253}}
Jun 29 04:27:49.658656 np0000183343 neutron-rpc-server[104902]: DEBUG cotyledon.oslo_config_glue [-] privsep_link.group = None {{(pid=104902) log_opt_values /opt/stack/data/venv/lib/python3.12/site-packages/oslo_config/cfg.py:3253}}
Jun 29 04:27:49.658656 np0000183343 neutron-rpc-server[104902]: DEBUG cotyledon.oslo_config_glue [-] privsep_link.helper_command = None {{(pid=104902) log_opt_values /opt/stack/data/venv/lib/python3.12/site-packages/oslo_config/cfg.py:3253}}
Jun 29 04:27:49.658656 np0000183343 neutron-rpc-server[104902]: DEBUG cotyledon.oslo_config_glue [-] privsep_link.log_daemon_traceback = False {{(pid=104902) log_opt_values /opt/stack/data/venv/lib/python3.12/site-packages/oslo_config/cfg.py:3253}}
Jun 29 04:27:49.658656 np0000183343 neutron-rpc-server[104902]: DEBUG cotyledon.oslo_config_glue [-] privsep_link.logger_name = oslo_privsep.daemon {{(pid=104902) log_opt_values /opt/stack/data/venv/lib/python3.12/site-packages/oslo_config/cfg.py:3253}}
Jun 29 04:27:49.658656 np0000183343 neutron-rpc-server[104902]: DEBUG cotyledon.oslo_config_glue [-] privsep_link.thread_pool_size = 16 {{(pid=104902) log_opt_values /opt/stack/data/venv/lib/python3.12/site-packages/oslo_config/cfg.py:3253}}
Jun 29 04:27:49.658862 np0000183343 neutron-rpc-server[104910]: DEBUG cotyledon.oslo_config_glue [-] my_ip = 199.204.45.23 {{(pid=104910) log_opt_values /opt/stack/data/venv/lib/python3.12/site-packages/oslo_config/cfg.py:3242}}
Jun 29 04:27:49.659016 np0000183343 neutron-rpc-server[104902]: DEBUG cotyledon.oslo_config_glue [-] privsep_link.user = None {{(pid=104902) log_opt_values /opt/stack/data/venv/lib/python3.12/site-packages/oslo_config/cfg.py:3253}}
Jun 29 04:27:49.659016 np0000183343 neutron-rpc-server[104902]: DEBUG cotyledon.oslo_config_glue [-] AGENT.root_helper = sudo /opt/stack/data/venv/bin/neutron-rootwrap /etc/neutron/rootwrap.conf {{(pid=104902) log_opt_values /opt/stack/data/venv/lib/python3.12/site-packages/oslo_config/cfg.py:3253}}
Jun 29 04:27:49.659016 np0000183343 neutron-rpc-server[104902]: DEBUG cotyledon.oslo_config_glue [-] AGENT.root_helper_daemon = sudo /opt/stack/data/venv/bin/neutron-rootwrap-daemon /etc/neutron/rootwrap.conf {{(pid=104902) log_opt_values /opt/stack/data/venv/lib/python3.12/site-packages/oslo_config/cfg.py:3253}}
Jun 29 04:27:49.659016 np0000183343 neutron-rpc-server[104902]: DEBUG cotyledon.oslo_config_glue [-] AGENT.use_helper_for_ns_read = True {{(pid=104902) log_opt_values /opt/stack/data/venv/lib/python3.12/site-packages/oslo_config/cfg.py:3253}}
Jun 29 04:27:49.659177 np0000183343 neutron-rpc-server[104910]: DEBUG cotyledon.oslo_config_glue [-] my_ipv6 = 2604:e100:1:0:f816:3eff:fe3b:6c96 {{(pid=104910) log_opt_values /opt/stack/data/venv/lib/python3.12/site-packages/oslo_config/cfg.py:3242}}
Jun 29 04:27:49.659177 np0000183343 neutron-rpc-server[104910]: DEBUG cotyledon.oslo_config_glue [-] network_auto_schedule = True {{(pid=104910) log_opt_values /opt/stack/data/venv/lib/python3.12/site-packages/oslo_config/cfg.py:3242}}
Jun 29 04:27:49.659177 np0000183343 neutron-rpc-server[104910]: DEBUG cotyledon.oslo_config_glue [-] network_link_prefix = None {{(pid=104910) log_opt_values /opt/stack/data/venv/lib/python3.12/site-packages/oslo_config/cfg.py:3242}}
Jun 29 04:27:49.659284 np0000183343 neutron-rpc-server[104877]: WARNING neutron.plugins.ml2.drivers.ovn.mech_driver.mech_driver [-] uWSGI is the only supported loader for the Neutron API; it provides, via ``uwsgi`` library, the worker ID. If other loader is used, a random hash ring node UUID will be provided
Jun 29 04:27:49.659358 np0000183343 neutron-rpc-server[104887]: WARNING neutron.plugins.ml2.drivers.ovn.mech_driver.mech_driver [-] uWSGI is the only supported loader for the Neutron API; it provides, via ``uwsgi`` library, the worker ID. If other loader is used, a random hash ring node UUID will be provided
Jun 29 04:27:49.659420 np0000183343 neutron-rpc-server[104910]: DEBUG cotyledon.oslo_config_glue [-] network_scheduler_driver = neutron.scheduler.dhcp_agent_scheduler.WeightScheduler {{(pid=104910) log_opt_values /opt/stack/data/venv/lib/python3.12/site-packages/oslo_config/cfg.py:3242}}
Jun 29 04:27:49.659420 np0000183343 neutron-rpc-server[104910]: DEBUG cotyledon.oslo_config_glue [-] notify_nova_on_port_data_changes = True {{(pid=104910) log_opt_values /opt/stack/data/venv/lib/python3.12/site-packages/oslo_config/cfg.py:3242}}
Jun 29 04:27:49.659420 np0000183343 neutron-rpc-server[104910]: DEBUG cotyledon.oslo_config_glue [-] notify_nova_on_port_status_changes = True {{(pid=104910) log_opt_values /opt/stack/data/venv/lib/python3.12/site-packages/oslo_config/cfg.py:3242}}
Jun 29 04:27:49.659420 np0000183343 neutron-rpc-server[104910]: DEBUG cotyledon.oslo_config_glue [-] pagination_max_limit = -1 {{(pid=104910) log_opt_values /opt/stack/data/venv/lib/python3.12/site-packages/oslo_config/cfg.py:3242}}
Jun 29 04:27:49.659420 np0000183343 neutron-rpc-server[104910]: DEBUG cotyledon.oslo_config_glue [-] periodic_fuzzy_delay = 5 {{(pid=104910) log_opt_values /opt/stack/data/venv/lib/python3.12/site-packages/oslo_config/cfg.py:3242}}
Jun 29 04:27:49.659420 np0000183343 neutron-rpc-server[104910]: DEBUG cotyledon.oslo_config_glue [-] periodic_interval = 40 {{(pid=104910) log_opt_values /opt/stack/data/venv/lib/python3.12/site-packages/oslo_config/cfg.py:3242}}
Jun 29 04:27:49.659420 np0000183343 neutron-rpc-server[104910]: DEBUG cotyledon.oslo_config_glue [-] publish_errors = False {{(pid=104910) log_opt_values /opt/stack/data/venv/lib/python3.12/site-packages/oslo_config/cfg.py:3242}}
Jun 29 04:27:49.659420 np0000183343 neutron-rpc-server[104910]: DEBUG cotyledon.oslo_config_glue [-] rate_limit_burst = 0 {{(pid=104910) log_opt_values /opt/stack/data/venv/lib/python3.12/site-packages/oslo_config/cfg.py:3242}}
Jun 29 04:27:49.659420 np0000183343 neutron-rpc-server[104910]: DEBUG cotyledon.oslo_config_glue [-] rate_limit_except_level = CRITICAL {{(pid=104910) log_opt_values /opt/stack/data/venv/lib/python3.12/site-packages/oslo_config/cfg.py:3242}}
Jun 29 04:27:49.659659 np0000183343 neutron-rpc-server[104910]: DEBUG cotyledon.oslo_config_glue [-] rate_limit_interval = 0 {{(pid=104910) log_opt_values /opt/stack/data/venv/lib/python3.12/site-packages/oslo_config/cfg.py:3242}}
Jun 29 04:27:49.659715 np0000183343 neutron-rpc-server[104887]: DEBUG ovsdbapp.backend.ovs_idl [None req-2fc177d1-d7f6-49cd-b492-abbc4c665594 None None] Created lookup_table index Logical_Switch.name {{(pid=104887) autocreate_indices /opt/stack/data/venv/lib/python3.12/site-packages/ovsdbapp/backend/ovs_idl/__init__.py:87}}
Jun 29 04:27:49.659781 np0000183343 neutron-rpc-server[104877]: DEBUG ovsdbapp.backend.ovs_idl [None req-e5667a09-c7fd-414d-bcec-6a2ba2078917 None None] Created lookup_table index Logical_Switch.name {{(pid=104877) autocreate_indices /opt/stack/data/venv/lib/python3.12/site-packages/ovsdbapp/backend/ovs_idl/__init__.py:87}}
Jun 29 04:27:49.659843 np0000183343 neutron-rpc-server[104887]: DEBUG ovsdbapp.backend.ovs_idl [None req-2fc177d1-d7f6-49cd-b492-abbc4c665594 None None] Created lookup_table index Logical_Router.name {{(pid=104887) autocreate_indices /opt/stack/data/venv/lib/python3.12/site-packages/ovsdbapp/backend/ovs_idl/__init__.py:87}}
Jun 29 04:27:49.659917 np0000183343 neutron-rpc-server[104910]: DEBUG cotyledon.oslo_config_glue [-] router_distributed = False {{(pid=104910) log_opt_values /opt/stack/data/venv/lib/python3.12/site-packages/oslo_config/cfg.py:3242}}
Jun 29 04:27:49.659979 np0000183343 neutron-rpc-server[104887]: DEBUG ovsdbapp.backend.ovs_idl [None req-2fc177d1-d7f6-49cd-b492-abbc4c665594 None None] Created lookup_table index Load_Balancer.name {{(pid=104887) autocreate_indices /opt/stack/data/venv/lib/python3.12/site-packages/ovsdbapp/backend/ovs_idl/__init__.py:87}}
Jun 29 04:27:49.660039 np0000183343 neutron-rpc-server[104877]: DEBUG ovsdbapp.backend.ovs_idl [None req-e5667a09-c7fd-414d-bcec-6a2ba2078917 None None] Created lookup_table index Logical_Router.name {{(pid=104877) autocreate_indices /opt/stack/data/venv/lib/python3.12/site-packages/ovsdbapp/backend/ovs_idl/__init__.py:87}}
Jun 29 04:27:49.660039 np0000183343 neutron-rpc-server[104877]: DEBUG ovsdbapp.backend.ovs_idl [None req-e5667a09-c7fd-414d-bcec-6a2ba2078917 None None] Created lookup_table index Load_Balancer.name {{(pid=104877) autocreate_indices /opt/stack/data/venv/lib/python3.12/site-packages/ovsdbapp/backend/ovs_idl/__init__.py:87}}
Jun 29 04:27:49.660133 np0000183343 neutron-rpc-server[104887]: DEBUG ovsdbapp.backend.ovs_idl [None req-2fc177d1-d7f6-49cd-b492-abbc4c665594 None None] Created schema index Copp.name {{(pid=104887) autocreate_indices /opt/stack/data/venv/lib/python3.12/site-packages/ovsdbapp/backend/ovs_idl/__init__.py:106}}
Jun 29 04:27:49.660198 np0000183343 neutron-rpc-server[104910]: DEBUG cotyledon.oslo_config_glue [-] rpc_resources_processing_step = 20 {{(pid=104910) log_opt_values /opt/stack/data/venv/lib/python3.12/site-packages/oslo_config/cfg.py:3242}}
Jun 29 04:27:49.660253 np0000183343 neutron-rpc-server[104887]: DEBUG ovsdbapp.backend.ovs_idl [None req-2fc177d1-d7f6-49cd-b492-abbc4c665594 None None] Created schema index Meter.name {{(pid=104887) autocreate_indices /opt/stack/data/venv/lib/python3.12/site-packages/ovsdbapp/backend/ovs_idl/__init__.py:106}}
Jun 29 04:27:49.660308 np0000183343 neutron-rpc-server[104877]: DEBUG ovsdbapp.backend.ovs_idl [None req-e5667a09-c7fd-414d-bcec-6a2ba2078917 None None] Created schema index Copp.name {{(pid=104877) autocreate_indices /opt/stack/data/venv/lib/python3.12/site-packages/ovsdbapp/backend/ovs_idl/__init__.py:106}}
Jun 29 04:27:49.660308 np0000183343 neutron-rpc-server[104877]: DEBUG ovsdbapp.backend.ovs_idl [None req-e5667a09-c7fd-414d-bcec-6a2ba2078917 None None] Created schema index Meter.name {{(pid=104877) autocreate_indices /opt/stack/data/venv/lib/python3.12/site-packages/ovsdbapp/backend/ovs_idl/__init__.py:106}}
Jun 29 04:27:49.660392 np0000183343 neutron-rpc-server[104887]: DEBUG ovsdbapp.backend.ovs_idl [None req-2fc177d1-d7f6-49cd-b492-abbc4c665594 None None] Created schema index Load_Balancer_Group.name {{(pid=104887) autocreate_indices /opt/stack/data/venv/lib/python3.12/site-packages/ovsdbapp/backend/ovs_idl/__init__.py:106}}
Jun 29 04:27:49.660453 np0000183343 neutron-rpc-server[104910]: DEBUG cotyledon.oslo_config_glue [-] rpc_response_max_timeout = 600 {{(pid=104910) log_opt_values /opt/stack/data/venv/lib/python3.12/site-packages/oslo_config/cfg.py:3242}}
Jun 29 04:27:49.660514 np0000183343 neutron-rpc-server[104877]: DEBUG ovsdbapp.backend.ovs_idl [None req-e5667a09-c7fd-414d-bcec-6a2ba2078917 None None] Created schema index Load_Balancer_Group.name {{(pid=104877) autocreate_indices /opt/stack/data/venv/lib/python3.12/site-packages/ovsdbapp/backend/ovs_idl/__init__.py:106}}
Jun 29 04:27:49.660574 np0000183343 neutron-rpc-server[104887]: DEBUG ovsdbapp.backend.ovs_idl [None req-2fc177d1-d7f6-49cd-b492-abbc4c665594 None None] Created schema index HA_Chassis_Group.name {{(pid=104887) autocreate_indices /opt/stack/data/venv/lib/python3.12/site-packages/ovsdbapp/backend/ovs_idl/__init__.py:106}}
Jun 29 04:27:49.660640 np0000183343 neutron-rpc-server[104877]: DEBUG ovsdbapp.backend.ovs_idl [None req-e5667a09-c7fd-414d-bcec-6a2ba2078917 None None] Created schema index HA_Chassis_Group.name {{(pid=104877) autocreate_indices /opt/stack/data/venv/lib/python3.12/site-packages/ovsdbapp/backend/ovs_idl/__init__.py:106}}
Jun 29 04:27:49.660702 np0000183343 neutron-rpc-server[104887]: DEBUG ovsdbapp.backend.ovs_idl [None req-2fc177d1-d7f6-49cd-b492-abbc4c665594 None None] Created schema index Address_Set.name {{(pid=104887) autocreate_indices /opt/stack/data/venv/lib/python3.12/site-packages/ovsdbapp/backend/ovs_idl/__init__.py:106}}
Jun 29 04:27:49.660769 np0000183343 neutron-rpc-server[104877]: DEBUG ovsdbapp.backend.ovs_idl [None req-e5667a09-c7fd-414d-bcec-6a2ba2078917 None None] Created schema index Address_Set.name {{(pid=104877) autocreate_indices /opt/stack/data/venv/lib/python3.12/site-packages/ovsdbapp/backend/ovs_idl/__init__.py:106}}
Jun 29 04:27:49.660826 np0000183343 neutron-rpc-server[104887]: DEBUG ovsdbapp.backend.ovs_idl [None req-2fc177d1-d7f6-49cd-b492-abbc4c665594 None None] Created schema index Connection.target {{(pid=104887) autocreate_indices /opt/stack/data/venv/lib/python3.12/site-packages/ovsdbapp/backend/ovs_idl/__init__.py:106}}
Jun 29 04:27:49.660886 np0000183343 neutron-rpc-server[104877]: DEBUG ovsdbapp.backend.ovs_idl [None req-e5667a09-c7fd-414d-bcec-6a2ba2078917 None None] Created schema index Connection.target {{(pid=104877) autocreate_indices /opt/stack/data/venv/lib/python3.12/site-packages/ovsdbapp/backend/ovs_idl/__init__.py:106}}
Jun 29 04:27:49.660956 np0000183343 neutron-rpc-server[104887]: DEBUG ovsdbapp.backend.ovs_idl [None req-2fc177d1-d7f6-49cd-b492-abbc4c665594 None None] Created schema index Gateway_Chassis.name {{(pid=104887) autocreate_indices /opt/stack/data/venv/lib/python3.12/site-packages/ovsdbapp/backend/ovs_idl/__init__.py:106}}
Jun 29 04:27:49.661027 np0000183343 neutron-rpc-server[104910]: DEBUG cotyledon.oslo_config_glue [-] rpc_response_timeout = 60 {{(pid=104910) log_opt_values /opt/stack/data/venv/lib/python3.12/site-packages/oslo_config/cfg.py:3242}}
Jun 29 04:27:49.661103 np0000183343 neutron-rpc-server[104877]: DEBUG ovsdbapp.backend.ovs_idl [None req-e5667a09-c7fd-414d-bcec-6a2ba2078917 None None] Created schema index Gateway_Chassis.name {{(pid=104877) autocreate_indices /opt/stack/data/venv/lib/python3.12/site-packages/ovsdbapp/backend/ovs_idl/__init__.py:106}}
Jun 29 04:27:49.661171 np0000183343 neutron-rpc-server[104887]: DEBUG ovsdbapp.backend.ovs_idl [None req-2fc177d1-d7f6-49cd-b492-abbc4c665594 None None] Created schema index Mirror.name {{(pid=104887) autocreate_indices /opt/stack/data/venv/lib/python3.12/site-packages/ovsdbapp/backend/ovs_idl/__init__.py:106}}
Jun 29 04:27:49.661232 np0000183343 neutron-rpc-server[104877]: DEBUG ovsdbapp.backend.ovs_idl [None req-e5667a09-c7fd-414d-bcec-6a2ba2078917 None None] Created schema index Mirror.name {{(pid=104877) autocreate_indices /opt/stack/data/venv/lib/python3.12/site-packages/ovsdbapp/backend/ovs_idl/__init__.py:106}}
Jun 29 04:27:49.661299 np0000183343 neutron-rpc-server[104887]: DEBUG ovsdbapp.backend.ovs_idl [None req-2fc177d1-d7f6-49cd-b492-abbc4c665594 None None] Created schema index Chassis_Template_Var.chassis {{(pid=104887) autocreate_indices /opt/stack/data/venv/lib/python3.12/site-packages/ovsdbapp/backend/ovs_idl/__init__.py:106}}
Jun 29 04:27:49.661366 np0000183343 neutron-rpc-server[104910]: DEBUG cotyledon.oslo_config_glue [-] rpc_state_report_workers = 0 {{(pid=104910) log_opt_values /opt/stack/data/venv/lib/python3.12/site-packages/oslo_config/cfg.py:3242}}
Jun 29 04:27:49.661435 np0000183343 neutron-rpc-server[104877]: DEBUG ovsdbapp.backend.ovs_idl [None req-e5667a09-c7fd-414d-bcec-6a2ba2078917 None None] Created schema index Chassis_Template_Var.chassis {{(pid=104877) autocreate_indices /opt/stack/data/venv/lib/python3.12/site-packages/ovsdbapp/backend/ovs_idl/__init__.py:106}}
Jun 29 04:27:49.661497 np0000183343 neutron-rpc-server[104887]: DEBUG ovsdbapp.backend.ovs_idl [None req-2fc177d1-d7f6-49cd-b492-abbc4c665594 None None] Created schema index Logical_Router_Port.name {{(pid=104887) autocreate_indices /opt/stack/data/venv/lib/python3.12/site-packages/ovsdbapp/backend/ovs_idl/__init__.py:106}}
Jun 29 04:27:49.661560 np0000183343 neutron-rpc-server[104877]: DEBUG ovsdbapp.backend.ovs_idl [None req-e5667a09-c7fd-414d-bcec-6a2ba2078917 None None] Created schema index Logical_Router_Port.name {{(pid=104877) autocreate_indices /opt/stack/data/venv/lib/python3.12/site-packages/ovsdbapp/backend/ovs_idl/__init__.py:106}}
Jun 29 04:27:49.661623 np0000183343 neutron-rpc-server[104887]: DEBUG ovsdbapp.backend.ovs_idl [None req-2fc177d1-d7f6-49cd-b492-abbc4c665594 None None] Created schema index Port_Group.name {{(pid=104887) autocreate_indices /opt/stack/data/venv/lib/python3.12/site-packages/ovsdbapp/backend/ovs_idl/__init__.py:106}}
Jun 29 04:27:49.661690 np0000183343 neutron-rpc-server[104877]: DEBUG ovsdbapp.backend.ovs_idl [None req-e5667a09-c7fd-414d-bcec-6a2ba2078917 None None] Created schema index Port_Group.name {{(pid=104877) autocreate_indices /opt/stack/data/venv/lib/python3.12/site-packages/ovsdbapp/backend/ovs_idl/__init__.py:106}}
Jun 29 04:27:49.661786 np0000183343 neutron-rpc-server[104910]: DEBUG cotyledon.oslo_config_glue [-] rpc_workers = None {{(pid=104910) log_opt_values /opt/stack/data/venv/lib/python3.12/site-packages/oslo_config/cfg.py:3242}}
Jun 29 04:27:49.661856 np0000183343 neutron-rpc-server[104877]: DEBUG ovsdbapp.backend.ovs_idl [None req-e5667a09-c7fd-414d-bcec-6a2ba2078917 None None] Created schema index Logical_Switch_Port.name {{(pid=104877) autocreate_indices /opt/stack/data/venv/lib/python3.12/site-packages/ovsdbapp/backend/ovs_idl/__init__.py:106}}
Jun 29 04:27:49.661932 np0000183343 neutron-rpc-server[104887]: DEBUG ovsdbapp.backend.ovs_idl [None req-2fc177d1-d7f6-49cd-b492-abbc4c665594 None None] Created schema index Logical_Switch_Port.name {{(pid=104887) autocreate_indices /opt/stack/data/venv/lib/python3.12/site-packages/ovsdbapp/backend/ovs_idl/__init__.py:106}}
Jun 29 04:27:49.662003 np0000183343 neutron-rpc-server[104910]: DEBUG cotyledon.oslo_config_glue [-] send_events_interval = 2 {{(pid=104910) log_opt_values /opt/stack/data/venv/lib/python3.12/site-packages/oslo_config/cfg.py:3242}}
Jun 29 04:27:49.662069 np0000183343 neutron-rpc-server[104902]: DEBUG cotyledon.oslo_config_glue [-] SECURITYGROUP.enable_ipset = True {{(pid=104902) log_opt_values /opt/stack/data/venv/lib/python3.12/site-packages/oslo_config/cfg.py:3253}}
Jun 29 04:27:49.662069 np0000183343 neutron-rpc-server[104902]: DEBUG cotyledon.oslo_config_glue [-] SECURITYGROUP.enable_security_group = True {{(pid=104902) log_opt_values /opt/stack/data/venv/lib/python3.12/site-packages/oslo_config/cfg.py:3253}}
Jun 29 04:27:49.662069 np0000183343 neutron-rpc-server[104902]: DEBUG cotyledon.oslo_config_glue [-] SECURITYGROUP.firewall_driver = None {{(pid=104902) log_opt_values /opt/stack/data/venv/lib/python3.12/site-packages/oslo_config/cfg.py:3253}}
Jun 29 04:27:49.662176 np0000183343 neutron-rpc-server[104910]: DEBUG cotyledon.oslo_config_glue [-] service_plugins = ['ovn-router'] {{(pid=104910) log_opt_values /opt/stack/data/venv/lib/python3.12/site-packages/oslo_config/cfg.py:3242}}
Jun 29 04:27:49.662243 np0000183343 neutron-rpc-server[104902]: DEBUG cotyledon.oslo_config_glue [-] SECURITYGROUP.permitted_ethertypes = [] {{(pid=104902) log_opt_values /opt/stack/data/venv/lib/python3.12/site-packages/oslo_config/cfg.py:3253}}
Jun 29 04:27:49.662243 np0000183343 neutron-rpc-server[104902]: DEBUG cotyledon.oslo_config_glue [-] experimental.ipv6_pd_enabled = False {{(pid=104902) log_opt_values /opt/stack/data/venv/lib/python3.12/site-packages/oslo_config/cfg.py:3253}}
Jun 29 04:27:49.662243 np0000183343 neutron-rpc-server[104902]: DEBUG cotyledon.oslo_config_glue [-] ml2.extension_drivers = ['port_security', 'qos'] {{(pid=104902) log_opt_values /opt/stack/data/venv/lib/python3.12/site-packages/oslo_config/cfg.py:3253}}
Jun 29 04:27:49.662243 np0000183343 neutron-rpc-server[104902]: DEBUG cotyledon.oslo_config_glue [-] ml2.external_network_type = None {{(pid=104902) log_opt_values /opt/stack/data/venv/lib/python3.12/site-packages/oslo_config/cfg.py:3253}}
Jun 29 04:27:49.662243 np0000183343 neutron-rpc-server[104902]: DEBUG cotyledon.oslo_config_glue [-] ml2.mechanism_drivers = ['ovn'] {{(pid=104902) log_opt_values /opt/stack/data/venv/lib/python3.12/site-packages/oslo_config/cfg.py:3253}}
Jun 29 04:27:49.662243 np0000183343 neutron-rpc-server[104902]: DEBUG cotyledon.oslo_config_glue [-] ml2.overlay_ip_version = 4 {{(pid=104902) log_opt_values /opt/stack/data/venv/lib/python3.12/site-packages/oslo_config/cfg.py:3253}}
Jun 29 04:27:49.662243 np0000183343 neutron-rpc-server[104902]: DEBUG cotyledon.oslo_config_glue [-] ml2.path_mtu = 0 {{(pid=104902) log_opt_values /opt/stack/data/venv/lib/python3.12/site-packages/oslo_config/cfg.py:3253}}
Jun 29 04:27:49.662243 np0000183343 neutron-rpc-server[104902]: DEBUG cotyledon.oslo_config_glue [-] ml2.physical_network_mtus = {} {{(pid=104902) log_opt_values /opt/stack/data/venv/lib/python3.12/site-packages/oslo_config/cfg.py:3253}}
Jun 29 04:27:49.662467 np0000183343 neutron-rpc-server[104880]: WARNING neutron.plugins.ml2.drivers.ovn.mech_driver.mech_driver [-] uWSGI is the only supported loader for the Neutron API; it provides, via ``uwsgi`` library, the worker ID. If other loader is used, a random hash ring node UUID will be provided
Jun 29 04:27:49.662538 np0000183343 neutron-rpc-server[104902]: DEBUG cotyledon.oslo_config_glue [-] ml2.project_network_types = ['geneve'] {{(pid=104902) log_opt_values /opt/stack/data/venv/lib/python3.12/site-packages/oslo_config/cfg.py:3253}}
Jun 29 04:27:49.662538 np0000183343 neutron-rpc-server[104902]: DEBUG cotyledon.oslo_config_glue [-] ml2.tunnelled_network_rp_name = rp_tunnelled {{(pid=104902) log_opt_values /opt/stack/data/venv/lib/python3.12/site-packages/oslo_config/cfg.py:3253}}
Jun 29 04:27:49.662538 np0000183343 neutron-rpc-server[104902]: DEBUG cotyledon.oslo_config_glue [-] ml2.type_drivers = ['local', 'flat', 'vlan', 'geneve'] {{(pid=104902) log_opt_values /opt/stack/data/venv/lib/python3.12/site-packages/oslo_config/cfg.py:3253}}
Jun 29 04:27:49.662538 np0000183343 neutron-rpc-server[104902]: DEBUG cotyledon.oslo_config_glue [-] ml2_type_flat.flat_networks = ['public'] {{(pid=104902) log_opt_values /opt/stack/data/venv/lib/python3.12/site-packages/oslo_config/cfg.py:3253}}
Jun 29 04:27:49.662538 np0000183343 neutron-rpc-server[104902]: DEBUG cotyledon.oslo_config_glue [-] ml2_type_geneve.max_header_size = 38 {{(pid=104902) log_opt_values /opt/stack/data/venv/lib/python3.12/site-packages/oslo_config/cfg.py:3253}}
Jun 29 04:27:49.662538 np0000183343 neutron-rpc-server[104902]: DEBUG cotyledon.oslo_config_glue [-] ml2_type_geneve.vni_ranges = ['1:65536'] {{(pid=104902) log_opt_values /opt/stack/data/venv/lib/python3.12/site-packages/oslo_config/cfg.py:3253}}
Jun 29 04:27:49.662538 np0000183343 neutron-rpc-server[104902]: DEBUG cotyledon.oslo_config_glue [-] ml2_type_vlan.network_vlan_ranges = ['public'] {{(pid=104902) log_opt_values /opt/stack/data/venv/lib/python3.12/site-packages/oslo_config/cfg.py:3253}}
Jun 29 04:27:49.662538 np0000183343 neutron-rpc-server[104902]: DEBUG cotyledon.oslo_config_glue [-] network_log.burst_limit = 25 {{(pid=104902) log_opt_values /opt/stack/data/venv/lib/python3.12/site-packages/oslo_config/cfg.py:3253}}
Jun 29 04:27:49.662538 np0000183343 neutron-rpc-server[104902]: DEBUG cotyledon.oslo_config_glue [-] network_log.local_output_log_base = None {{(pid=104902) log_opt_values /opt/stack/data/venv/lib/python3.12/site-packages/oslo_config/cfg.py:3253}}
Jun 29 04:27:49.662788 np0000183343 neutron-rpc-server[104902]: DEBUG cotyledon.oslo_config_glue [-] network_log.rate_limit = 100 {{(pid=104902) log_opt_values /opt/stack/data/venv/lib/python3.12/site-packages/oslo_config/cfg.py:3253}}
Jun 29 04:27:49.662788 np0000183343 neutron-rpc-server[104902]: DEBUG cotyledon.oslo_config_glue [-] database.asyncio_connection = **** {{(pid=104902) log_opt_values /opt/stack/data/venv/lib/python3.12/site-packages/oslo_config/cfg.py:3253}}
Jun 29 04:27:49.662788 np0000183343 neutron-rpc-server[104902]: DEBUG cotyledon.oslo_config_glue [-] database.asyncio_slave_connection = **** {{(pid=104902) log_opt_values /opt/stack/data/venv/lib/python3.12/site-packages/oslo_config/cfg.py:3253}}
Jun 29 04:27:49.662788 np0000183343 neutron-rpc-server[104902]: DEBUG cotyledon.oslo_config_glue [-] database.backend = sqlalchemy {{(pid=104902) log_opt_values /opt/stack/data/venv/lib/python3.12/site-packages/oslo_config/cfg.py:3253}}
Jun 29 04:27:49.662934 np0000183343 neutron-rpc-server[104910]: DEBUG cotyledon.oslo_config_glue [-] setproctitle = on {{(pid=104910) log_opt_values /opt/stack/data/venv/lib/python3.12/site-packages/oslo_config/cfg.py:3242}}
Jun 29 04:27:49.662998 np0000183343 neutron-rpc-server[104902]: DEBUG cotyledon.oslo_config_glue [-] database.connection = **** {{(pid=104902) log_opt_values /opt/stack/data/venv/lib/python3.12/site-packages/oslo_config/cfg.py:3253}}
Jun 29 04:27:49.662998 np0000183343 neutron-rpc-server[104902]: DEBUG cotyledon.oslo_config_glue [-] database.connection_debug = 0 {{(pid=104902) log_opt_values /opt/stack/data/venv/lib/python3.12/site-packages/oslo_config/cfg.py:3253}}
Jun 29 04:27:49.662998 np0000183343 neutron-rpc-server[104902]: DEBUG cotyledon.oslo_config_glue [-] database.connection_parameters = {{(pid=104902) log_opt_values /opt/stack/data/venv/lib/python3.12/site-packages/oslo_config/cfg.py:3253}}
Jun 29 04:27:49.662998 np0000183343 neutron-rpc-server[104902]: DEBUG cotyledon.oslo_config_glue [-] database.connection_recycle_time = 3600 {{(pid=104902) log_opt_values /opt/stack/data/venv/lib/python3.12/site-packages/oslo_config/cfg.py:3253}}
Jun 29 04:27:49.663244 np0000183343 neutron-rpc-server[104910]: DEBUG cotyledon.oslo_config_glue [-] shell_completion = None {{(pid=104910) log_opt_values /opt/stack/data/venv/lib/python3.12/site-packages/oslo_config/cfg.py:3242}}
Jun 29 04:27:49.663318 np0000183343 neutron-rpc-server[104902]: DEBUG cotyledon.oslo_config_glue [-] database.connection_trace = False {{(pid=104902) log_opt_values /opt/stack/data/venv/lib/python3.12/site-packages/oslo_config/cfg.py:3253}}
Jun 29 04:27:49.663318 np0000183343 neutron-rpc-server[104902]: DEBUG cotyledon.oslo_config_glue [-] database.db_inc_retry_interval = True {{(pid=104902) log_opt_values /opt/stack/data/venv/lib/python3.12/site-packages/oslo_config/cfg.py:3253}}
Jun 29 04:27:49.663318 np0000183343 neutron-rpc-server[104902]: DEBUG cotyledon.oslo_config_glue [-] database.db_max_retries = 20 {{(pid=104902) log_opt_values /opt/stack/data/venv/lib/python3.12/site-packages/oslo_config/cfg.py:3253}}
Jun 29 04:27:49.663318 np0000183343 neutron-rpc-server[104902]: DEBUG cotyledon.oslo_config_glue [-] database.db_max_retry_interval = 10 {{(pid=104902) log_opt_values /opt/stack/data/venv/lib/python3.12/site-packages/oslo_config/cfg.py:3253}}
Jun 29 04:27:49.663318 np0000183343 neutron-rpc-server[104902]: DEBUG cotyledon.oslo_config_glue [-] database.db_retry_interval = 1 {{(pid=104902) log_opt_values /opt/stack/data/venv/lib/python3.12/site-packages/oslo_config/cfg.py:3253}}
Jun 29 04:27:49.663465 np0000183343 neutron-rpc-server[104910]: DEBUG cotyledon.oslo_config_glue [-] state_path = /opt/stack/data/neutron {{(pid=104910) log_opt_values /opt/stack/data/venv/lib/python3.12/site-packages/oslo_config/cfg.py:3242}}
Jun 29 04:27:49.663526 np0000183343 neutron-rpc-server[104902]: DEBUG cotyledon.oslo_config_glue [-] database.max_overflow = 50 {{(pid=104902) log_opt_values /opt/stack/data/venv/lib/python3.12/site-packages/oslo_config/cfg.py:3253}}
Jun 29 04:27:49.663526 np0000183343 neutron-rpc-server[104902]: DEBUG cotyledon.oslo_config_glue [-] database.max_pool_size = 5 {{(pid=104902) log_opt_values /opt/stack/data/venv/lib/python3.12/site-packages/oslo_config/cfg.py:3253}}
Jun 29 04:27:49.663526 np0000183343 neutron-rpc-server[104902]: DEBUG cotyledon.oslo_config_glue [-] database.max_retries = 10 {{(pid=104902) log_opt_values /opt/stack/data/venv/lib/python3.12/site-packages/oslo_config/cfg.py:3253}}
Jun 29 04:27:49.663526 np0000183343 neutron-rpc-server[104902]: DEBUG cotyledon.oslo_config_glue [-] database.mysql_sql_mode = TRADITIONAL {{(pid=104902) log_opt_values /opt/stack/data/venv/lib/python3.12/site-packages/oslo_config/cfg.py:3253}}
Jun 29 04:27:49.663657 np0000183343 neutron-rpc-server[104910]: DEBUG cotyledon.oslo_config_glue [-] syslog_log_facility = LOG_USER {{(pid=104910) log_opt_values /opt/stack/data/venv/lib/python3.12/site-packages/oslo_config/cfg.py:3242}}
Jun 29 04:27:49.663717 np0000183343 neutron-rpc-server[104902]: DEBUG cotyledon.oslo_config_glue [-] database.mysql_wsrep_sync_wait = None {{(pid=104902) log_opt_values /opt/stack/data/venv/lib/python3.12/site-packages/oslo_config/cfg.py:3253}}
Jun 29 04:27:49.663717 np0000183343 neutron-rpc-server[104902]: DEBUG cotyledon.oslo_config_glue [-] database.pool_timeout = None {{(pid=104902) log_opt_values /opt/stack/data/venv/lib/python3.12/site-packages/oslo_config/cfg.py:3253}}
Jun 29 04:27:49.663717 np0000183343 neutron-rpc-server[104902]: DEBUG cotyledon.oslo_config_glue [-] database.retry_interval = 10 {{(pid=104902) log_opt_values /opt/stack/data/venv/lib/python3.12/site-packages/oslo_config/cfg.py:3253}}
Jun 29 04:27:49.663717 np0000183343 neutron-rpc-server[104902]: DEBUG cotyledon.oslo_config_glue [-] database.slave_connection = **** {{(pid=104902) log_opt_values /opt/stack/data/venv/lib/python3.12/site-packages/oslo_config/cfg.py:3253}}
Jun 29 04:27:49.663717 np0000183343 neutron-rpc-server[104902]: DEBUG cotyledon.oslo_config_glue [-] database.sqlite_synchronous = True {{(pid=104902) log_opt_values /opt/stack/data/venv/lib/python3.12/site-packages/oslo_config/cfg.py:3253}}
Jun 29 04:27:49.663873 np0000183343 neutron-rpc-server[104910]: DEBUG cotyledon.oslo_config_glue [-] tcp_keepidle = 600 {{(pid=104910) log_opt_values /opt/stack/data/venv/lib/python3.12/site-packages/oslo_config/cfg.py:3242}}
Jun 29 04:27:49.663957 np0000183343 neutron-rpc-server[104902]: DEBUG cotyledon.oslo_config_glue [-] database.synchronous_reader = True {{(pid=104902) log_opt_values /opt/stack/data/venv/lib/python3.12/site-packages/oslo_config/cfg.py:3253}}
Jun 29 04:27:49.663957 np0000183343 neutron-rpc-server[104902]: DEBUG cotyledon.oslo_config_glue [-] database.use_db_reconnect = False {{(pid=104902) log_opt_values /opt/stack/data/venv/lib/python3.12/site-packages/oslo_config/cfg.py:3253}}
Jun 29 04:27:49.663957 np0000183343 neutron-rpc-server[104902]: DEBUG cotyledon.oslo_config_glue [-] ovn.bfd_min_rx = 1000 {{(pid=104902) log_opt_values /opt/stack/data/venv/lib/python3.12/site-packages/oslo_config/cfg.py:3253}}
Jun 29 04:27:49.663957 np0000183343 neutron-rpc-server[104902]: DEBUG cotyledon.oslo_config_glue [-] ovn.bfd_min_tx = 100 {{(pid=104902) log_opt_values /opt/stack/data/venv/lib/python3.12/site-packages/oslo_config/cfg.py:3253}}
Jun 29 04:27:49.664108 np0000183343 neutron-rpc-server[104910]: DEBUG cotyledon.oslo_config_glue [-] transport_url = **** {{(pid=104910) log_opt_values /opt/stack/data/venv/lib/python3.12/site-packages/oslo_config/cfg.py:3242}}
Jun 29 04:27:49.664206 np0000183343 neutron-rpc-server[104902]: DEBUG cotyledon.oslo_config_glue [-] ovn.bfd_mult = 3 {{(pid=104902) log_opt_values /opt/stack/data/venv/lib/python3.12/site-packages/oslo_config/cfg.py:3253}}
Jun 29 04:27:49.664270 np0000183343 neutron-rpc-server[104877]: INFO ovsdbapp.backend.ovs_idl.vlog [None req-e5667a09-c7fd-414d-bcec-6a2ba2078917 None None] ssl:199.204.45.23:6641: connecting...
Jun 29 04:27:49.664419 np0000183343 neutron-rpc-server[104902]: DEBUG cotyledon.oslo_config_glue [-] ovn.broadcast_arps_to_all_routers = True {{(pid=104902) log_opt_values /opt/stack/data/venv/lib/python3.12/site-packages/oslo_config/cfg.py:3253}}
Jun 29 04:27:49.664491 np0000183343 neutron-rpc-server[104887]: INFO ovsdbapp.backend.ovs_idl.vlog [None req-2fc177d1-d7f6-49cd-b492-abbc4c665594 None None] ssl:199.204.45.23:6641: connecting...
Jun 29 04:27:49.664559 np0000183343 neutron-rpc-server[104902]: DEBUG cotyledon.oslo_config_glue [-] ovn.dhcp_default_lease_time = 43200 {{(pid=104902) log_opt_values /opt/stack/data/venv/lib/python3.12/site-packages/oslo_config/cfg.py:3253}}
Jun 29 04:27:49.664559 np0000183343 neutron-rpc-server[104902]: DEBUG cotyledon.oslo_config_glue [-] ovn.disable_ovn_dhcp_for_baremetal_ports = False {{(pid=104902) log_opt_values /opt/stack/data/venv/lib/python3.12/site-packages/oslo_config/cfg.py:3253}}
Jun 29 04:27:49.664641 np0000183343 neutron-rpc-server[104910]: DEBUG cotyledon.oslo_config_glue [-] use_journal = False {{(pid=104910) log_opt_values /opt/stack/data/venv/lib/python3.12/site-packages/oslo_config/cfg.py:3242}}
Jun 29 04:27:49.664701 np0000183343 neutron-rpc-server[104902]: DEBUG cotyledon.oslo_config_glue [-] ovn.dns_records_ovn_owned = False {{(pid=104902) log_opt_values /opt/stack/data/venv/lib/python3.12/site-packages/oslo_config/cfg.py:3253}}
Jun 29 04:27:49.664701 np0000183343 neutron-rpc-server[104902]: DEBUG cotyledon.oslo_config_glue [-] ovn.dns_servers = [] {{(pid=104902) log_opt_values /opt/stack/data/venv/lib/python3.12/site-packages/oslo_config/cfg.py:3253}}
Jun 29 04:27:49.664789 np0000183343 neutron-rpc-server[104910]: DEBUG cotyledon.oslo_config_glue [-] use_json = False {{(pid=104910) log_opt_values /opt/stack/data/venv/lib/python3.12/site-packages/oslo_config/cfg.py:3242}}
Jun 29 04:27:49.664849 np0000183343 neutron-rpc-server[104902]: DEBUG cotyledon.oslo_config_glue [-] ovn.enable_distributed_floating_ip = False {{(pid=104902) log_opt_values /opt/stack/data/venv/lib/python3.12/site-packages/oslo_config/cfg.py:3253}}
Jun 29 04:27:49.664849 np0000183343 neutron-rpc-server[104902]: DEBUG cotyledon.oslo_config_glue [-] ovn.fdb_age_threshold = 300 {{(pid=104902) log_opt_values /opt/stack/data/venv/lib/python3.12/site-packages/oslo_config/cfg.py:3253}}
Jun 29 04:27:49.664955 np0000183343 neutron-rpc-server[104910]: DEBUG cotyledon.oslo_config_glue [-] use_stderr = False {{(pid=104910) log_opt_values /opt/stack/data/venv/lib/python3.12/site-packages/oslo_config/cfg.py:3242}}
Jun 29 04:27:49.665015 np0000183343 neutron-rpc-server[104902]: DEBUG cotyledon.oslo_config_glue [-] ovn.ha_failover_strategy = normal {{(pid=104902) log_opt_values /opt/stack/data/venv/lib/python3.12/site-packages/oslo_config/cfg.py:3253}}
Jun 29 04:27:49.665015 np0000183343 neutron-rpc-server[104902]: DEBUG cotyledon.oslo_config_glue [-] ovn.live_migration_activation_strategy = rarp {{(pid=104902) log_opt_values /opt/stack/data/venv/lib/python3.12/site-packages/oslo_config/cfg.py:3253}}
Jun 29 04:27:49.665102 np0000183343 neutron-rpc-server[104910]: DEBUG cotyledon.oslo_config_glue [-] use_syslog = False {{(pid=104910) log_opt_values /opt/stack/data/venv/lib/python3.12/site-packages/oslo_config/cfg.py:3242}}
Jun 29 04:27:49.665166 np0000183343 neutron-rpc-server[104902]: DEBUG cotyledon.oslo_config_glue [-] ovn.localnet_learn_fdb = False {{(pid=104902) log_opt_values /opt/stack/data/venv/lib/python3.12/site-packages/oslo_config/cfg.py:3253}}
Jun 29 04:27:49.665237 np0000183343 neutron-rpc-server[104910]: DEBUG cotyledon.oslo_config_glue [-] vlan_qinq = None {{(pid=104910) log_opt_values /opt/stack/data/venv/lib/python3.12/site-packages/oslo_config/cfg.py:3242}}
Jun 29 04:27:49.665300 np0000183343 neutron-rpc-server[104902]: DEBUG cotyledon.oslo_config_glue [-] ovn.mac_binding_age_threshold = 300 {{(pid=104902) log_opt_values /opt/stack/data/venv/lib/python3.12/site-packages/oslo_config/cfg.py:3253}}
Jun 29 04:27:49.665300 np0000183343 neutron-rpc-server[104902]: DEBUG cotyledon.oslo_config_glue [-] ovn.neutron_sync_mode = log {{(pid=104902) log_opt_values /opt/stack/data/venv/lib/python3.12/site-packages/oslo_config/cfg.py:3253}}
Jun 29 04:27:49.665388 np0000183343 neutron-rpc-server[104910]: DEBUG cotyledon.oslo_config_glue [-] vlan_transparent = None {{(pid=104910) log_opt_values /opt/stack/data/venv/lib/python3.12/site-packages/oslo_config/cfg.py:3242}}
Jun 29 04:27:49.665448 np0000183343 neutron-rpc-server[104902]: DEBUG cotyledon.oslo_config_glue [-] ovn.ovn_dhcp4_global_options = {} {{(pid=104902) log_opt_values /opt/stack/data/venv/lib/python3.12/site-packages/oslo_config/cfg.py:3253}}
Jun 29 04:27:49.665507 np0000183343 neutron-rpc-server[104910]: DEBUG cotyledon.oslo_config_glue [-] wsgi_default_pool_size = 100 {{(pid=104910) log_opt_values /opt/stack/data/venv/lib/python3.12/site-packages/oslo_config/cfg.py:3242}}
Jun 29 04:27:49.665573 np0000183343 neutron-rpc-server[104902]: DEBUG cotyledon.oslo_config_glue [-] ovn.ovn_dhcp6_global_options = {} {{(pid=104902) log_opt_values /opt/stack/data/venv/lib/python3.12/site-packages/oslo_config/cfg.py:3253}}
Jun 29 04:27:49.665708 np0000183343 neutron-rpc-server[104910]: DEBUG cotyledon.oslo_config_glue [-] wsgi_keep_alive = True {{(pid=104910) log_opt_values /opt/stack/data/venv/lib/python3.12/site-packages/oslo_config/cfg.py:3242}}
Jun 29 04:27:49.665772 np0000183343 neutron-rpc-server[104902]: DEBUG cotyledon.oslo_config_glue [-] ovn.ovn_l3_scheduler = leastloaded {{(pid=104902) log_opt_values /opt/stack/data/venv/lib/python3.12/site-packages/oslo_config/cfg.py:3253}}
Jun 29 04:27:49.665772 np0000183343 neutron-rpc-server[104902]: DEBUG cotyledon.oslo_config_glue [-] ovn.ovn_metadata_enabled = True {{(pid=104902) log_opt_values /opt/stack/data/venv/lib/python3.12/site-packages/oslo_config/cfg.py:3253}}
Jun 29 04:27:49.665855 np0000183343 neutron-rpc-server[104910]: DEBUG cotyledon.oslo_config_glue [-] wsgi_log_format = %(client_ip)s "%(request_line)s" status: %(status_code)s len: %(body_length)s time: %(wall_seconds).7f {{(pid=104910) log_opt_values /opt/stack/data/venv/lib/python3.12/site-packages/oslo_config/cfg.py:3242}}
Jun 29 04:27:49.665937 np0000183343 neutron-rpc-server[104902]: DEBUG cotyledon.oslo_config_glue [-] ovn.ovn_nb_ca_cert = /opt/stack/data/CA/int-ca/ca-chain.pem {{(pid=104902) log_opt_values /opt/stack/data/venv/lib/python3.12/site-packages/oslo_config/cfg.py:3253}}
Jun 29 04:27:49.666007 np0000183343 neutron-rpc-server[104910]: DEBUG cotyledon.oslo_config_glue [-] wsgi_server_debug = False {{(pid=104910) log_opt_values /opt/stack/data/venv/lib/python3.12/site-packages/oslo_config/cfg.py:3242}}
Jun 29 04:27:49.666064 np0000183343 neutron-rpc-server[104902]: DEBUG cotyledon.oslo_config_glue [-] ovn.ovn_nb_certificate = /opt/stack/data/CA/int-ca/devstack-cert.crt {{(pid=104902) log_opt_values /opt/stack/data/venv/lib/python3.12/site-packages/oslo_config/cfg.py:3253}}
Jun 29 04:27:49.666064 np0000183343 neutron-rpc-server[104902]: DEBUG cotyledon.oslo_config_glue [-] ovn.ovn_nb_connection = ['ssl:199.204.45.23:6641'] {{(pid=104902) log_opt_values /opt/stack/data/venv/lib/python3.12/site-packages/oslo_config/cfg.py:3253}}
Jun 29 04:27:49.666064 np0000183343 neutron-rpc-server[104902]: DEBUG cotyledon.oslo_config_glue [-] ovn.ovn_nb_private_key = /opt/stack/data/CA/int-ca/private/devstack-cert.key {{(pid=104902) log_opt_values /opt/stack/data/venv/lib/python3.12/site-packages/oslo_config/cfg.py:3253}}
