Apr 15 08:49:04.263714 np0000166426 devstack@neutron-api.service[103832]: DEBUG neutron_lib.callbacks.manager [None req-6b8a84e0-2c71-4ae3-a8f4-9735ceb222b6 None None] Subscribe: network precommit_update 55550000, False {{(pid=103832) subscribe /opt/stack/data/venv/lib/python3.12/site-packages/neutron_lib/callbacks/manager.py:52}}
Apr 15 08:49:04.263824 np0000166426 devstack@neutron-api.service[103832]: DEBUG neutron_lib.callbacks.manager [None req-6b8a84e0-2c71-4ae3-a8f4-9735ceb222b6 None None] Subscribe: network precommit_create 55550000, False {{(pid=103832) subscribe /opt/stack/data/venv/lib/python3.12/site-packages/neutron_lib/callbacks/manager.py:52}}
Apr 15 08:49:04.264040 np0000166426 devstack@neutron-api.service[103832]: DEBUG neutron.manager [None req-6b8a84e0-2c71-4ae3-a8f4-9735ceb222b6 None None] Successfully loaded auto-allocated-topology plugin. Description: Auto Allocated Topology - aka get me a network. {{(pid=103832) _create_and_add_service_plugin /opt/stack/neutron/neutron/manager.py:239}}
Apr 15 08:49:04.264140 np0000166426 devstack@neutron-api.service[103832]: INFO neutron.manager [None req-6b8a84e0-2c71-4ae3-a8f4-9735ceb222b6 None None] Loading Plugin: tag
Apr 15 08:49:04.266672 np0000166426 devstack@neutron-api.service[103832]: DEBUG neutron.manager [None req-6b8a84e0-2c71-4ae3-a8f4-9735ceb222b6 None None] Successfully loaded TAG plugin. Description: Tag support {{(pid=103832) _create_and_add_service_plugin /opt/stack/neutron/neutron/manager.py:239}}
Apr 15 08:49:04.266761 np0000166426 devstack@neutron-api.service[103832]: INFO neutron.manager [None req-6b8a84e0-2c71-4ae3-a8f4-9735ceb222b6 None None] Loading Plugin: timestamp
Apr 15 08:49:04.267905 np0000166426 devstack@neutron-api.service[103832]: DEBUG neutron.manager [None req-6b8a84e0-2c71-4ae3-a8f4-9735ceb222b6 None None] Successfully loaded timestamp plugin. Description: Adds timestamps to Neutron resources with standard attributes {{(pid=103832) _create_and_add_service_plugin /opt/stack/neutron/neutron/manager.py:239}}
Apr 15 08:49:04.268012 np0000166426 devstack@neutron-api.service[103832]: INFO neutron.manager [None req-6b8a84e0-2c71-4ae3-a8f4-9735ceb222b6 None None] Loading Plugin: network_ip_availability
Apr 15 08:49:04.269395 np0000166426 devstack@neutron-api.service[103832]: DEBUG neutron.manager [None req-6b8a84e0-2c71-4ae3-a8f4-9735ceb222b6 None None] Successfully loaded network-ip-availability plugin. Description: Provides IP availability data for each network and subnet. {{(pid=103832) _create_and_add_service_plugin /opt/stack/neutron/neutron/manager.py:239}}
Apr 15 08:49:04.269510 np0000166426 devstack@neutron-api.service[103832]: INFO neutron.manager [None req-6b8a84e0-2c71-4ae3-a8f4-9735ceb222b6 None None] Loading Plugin: flavors
Apr 15 08:49:04.270354 np0000166426 devstack@neutron-api.service[103832]: DEBUG neutron.manager [None req-6b8a84e0-2c71-4ae3-a8f4-9735ceb222b6 None None] Successfully loaded FLAVORS plugin. Description: Neutron Flavors and Service Profiles manager plugin {{(pid=103832) _create_and_add_service_plugin /opt/stack/neutron/neutron/manager.py:239}}
Apr 15 08:49:04.270441 np0000166426 devstack@neutron-api.service[103832]: INFO neutron.manager [None req-6b8a84e0-2c71-4ae3-a8f4-9735ceb222b6 None None] Loading Plugin: revisions
Apr 15 08:49:04.271361 np0000166426 devstack@neutron-api.service[103832]: DEBUG neutron.manager [None req-6b8a84e0-2c71-4ae3-a8f4-9735ceb222b6 None None] Successfully loaded revision_plugin plugin. Description: Adds revision numbers to resources. {{(pid=103832) _create_and_add_service_plugin /opt/stack/neutron/neutron/manager.py:239}}
Apr 15 08:49:04.271494 np0000166426 devstack@neutron-api.service[103832]: DEBUG oslo_concurrency.lockutils [None req-6b8a84e0-2c71-4ae3-a8f4-9735ceb222b6 None None] Lock "manager" "released" by "neutron.manager.NeutronManager._create_instance" :: held 4.531s {{(pid=103832) inner /opt/stack/data/venv/lib/python3.12/site-packages/oslo_concurrency/lockutils.py:538}}
Apr 15 08:49:04.271710 np0000166426 devstack@neutron-api.service[103832]: DEBUG neutron.api.extensions [None req-6b8a84e0-2c71-4ae3-a8f4-9735ceb222b6 None None] get_extension_paths = OrderedDict({'/opt/stack/neutron/neutron/extensions': 1}) {{(pid=103832) get_extensions_path /opt/stack/neutron/neutron/api/extensions.py:640}}
Apr 15 08:49:04.271811 np0000166426 devstack@neutron-api.service[103832]: INFO neutron.api.extensions [None req-6b8a84e0-2c71-4ae3-a8f4-9735ceb222b6 None None] Initializing extension manager.
Apr 15 08:49:04.272085 np0000166426 devstack@neutron-api.service[103832]: DEBUG neutron.api.extensions [None req-6b8a84e0-2c71-4ae3-a8f4-9735ceb222b6 None None] Loading extension file: __init__.py {{(pid=103832) _load_all_extensions_from_path /opt/stack/neutron/neutron/api/extensions.py:449}}
Apr 15 08:49:04.272165 np0000166426 devstack@neutron-api.service[103832]: DEBUG neutron.api.extensions [None req-6b8a84e0-2c71-4ae3-a8f4-9735ceb222b6 None None] Loading extension file: __pycache__ {{(pid=103832) _load_all_extensions_from_path /opt/stack/neutron/neutron/api/extensions.py:449}}
Apr 15 08:49:04.272247 np0000166426 devstack@neutron-api.service[103832]: DEBUG neutron.api.extensions [None req-6b8a84e0-2c71-4ae3-a8f4-9735ceb222b6 None None] Loading extension file: address_group.py {{(pid=103832) _load_all_extensions_from_path /opt/stack/neutron/neutron/api/extensions.py:449}}
Apr 15 08:49:04.272600 np0000166426 devstack@neutron-api.service[103832]: DEBUG neutron.api.extensions [None req-6b8a84e0-2c71-4ae3-a8f4-9735ceb222b6 None None] Ext name="Address group" alias="address-group" description="Support address group" updated="2020-07-15T10:00:00-00:00" {{(pid=103832) _check_extension /opt/stack/neutron/neutron/api/extensions.py:415}}
Apr 15 08:49:04.272824 np0000166426 devstack@neutron-api.service[103832]: INFO neutron.api.extensions [None req-6b8a84e0-2c71-4ae3-a8f4-9735ceb222b6 None None] Loaded extension: address-group
Apr 15 08:49:04.272908 np0000166426 devstack@neutron-api.service[103832]: DEBUG neutron.api.extensions [None req-6b8a84e0-2c71-4ae3-a8f4-9735ceb222b6 None None] Loading extension file: address_scope.py {{(pid=103832) _load_all_extensions_from_path /opt/stack/neutron/neutron/api/extensions.py:449}}
Apr 15 08:49:04.273178 np0000166426 devstack@neutron-api.service[103832]: DEBUG neutron.api.extensions [None req-6b8a84e0-2c71-4ae3-a8f4-9735ceb222b6 None None] Ext name="Address scope" alias="address-scope" description="Address scopes extension." updated="2015-07-26T10:00:00-00:00" {{(pid=103832) _check_extension /opt/stack/neutron/neutron/api/extensions.py:415}}
Apr 15 08:49:04.273390 np0000166426 devstack@neutron-api.service[103832]: INFO neutron.api.extensions [None req-6b8a84e0-2c71-4ae3-a8f4-9735ceb222b6 None None] Loaded extension: address-scope
Apr 15 08:49:04.273473 np0000166426 devstack@neutron-api.service[103832]: DEBUG neutron.api.extensions [None req-6b8a84e0-2c71-4ae3-a8f4-9735ceb222b6 None None] Loading extension file: admin_state_down_before_update.py {{(pid=103832) _load_all_extensions_from_path /opt/stack/neutron/neutron/api/extensions.py:449}}
Apr 15 08:49:04.273678 np0000166426 devstack@neutron-api.service[103832]: DEBUG neutron.api.extensions [None req-6b8a84e0-2c71-4ae3-a8f4-9735ceb222b6 None None] Ext name="Enforce Router's Admin State Down Before Update Extension" alias="router-admin-state-down-before-update" description="Ensure that the admin state of a router is DOWN (admin_state_up=False) before updating the distributed attribute" updated="2019-07-02T15:56:00" {{(pid=103832) _check_extension /opt/stack/neutron/neutron/api/extensions.py:415}}
Apr 15 08:49:04.273864 np0000166426 devstack@neutron-api.service[103832]: INFO neutron.api.extensions [None req-6b8a84e0-2c71-4ae3-a8f4-9735ceb222b6 None None] Extension router-admin-state-down-before-update not supported by any of loaded plugins
Apr 15 08:49:04.273952 np0000166426 devstack@neutron-api.service[103832]: DEBUG neutron.api.extensions [None req-6b8a84e0-2c71-4ae3-a8f4-9735ceb222b6 None None] Loading extension file: agent.py {{(pid=103832) _load_all_extensions_from_path /opt/stack/neutron/neutron/api/extensions.py:449}}
Apr 15 08:49:04.274228 np0000166426 devstack@neutron-api.service[103832]: DEBUG neutron.api.extensions [None req-6b8a84e0-2c71-4ae3-a8f4-9735ceb222b6 None None] Ext name="agent" alias="agent" description="The agent management extension." updated="2013-02-03T10:00:00-00:00" {{(pid=103832) _check_extension /opt/stack/neutron/neutron/api/extensions.py:415}}
Apr 15 08:49:04.274404 np0000166426 devstack@neutron-api.service[103832]: INFO neutron.api.extensions [None req-6b8a84e0-2c71-4ae3-a8f4-9735ceb222b6 None None] Loaded extension: agent
Apr 15 08:49:04.274489 np0000166426 devstack@neutron-api.service[103832]: DEBUG neutron.api.extensions [None req-6b8a84e0-2c71-4ae3-a8f4-9735ceb222b6 None None] Loading extension file: agent_resources_synced.py {{(pid=103832) _load_all_extensions_from_path /opt/stack/neutron/neutron/api/extensions.py:449}}
Apr 15 08:49:04.274746 np0000166426 devstack@neutron-api.service[103832]: DEBUG neutron.api.extensions [None req-6b8a84e0-2c71-4ae3-a8f4-9735ceb222b6 None None] Ext name="Agent's Resource View Synced to Placement" alias="agent-resources-synced" description="Stores success/failure of last sync to Placement" updated="2018-12-19T00:00:00-00:00" {{(pid=103832) _check_extension /opt/stack/neutron/neutron/api/extensions.py:415}}
Apr 15 08:49:04.274908 np0000166426 devstack@neutron-api.service[103832]: INFO neutron.api.extensions [None req-6b8a84e0-2c71-4ae3-a8f4-9735ceb222b6 None None] Extension agent-resources-synced not supported by any of loaded plugins
Apr 15 08:49:04.274988 np0000166426 devstack@neutron-api.service[103832]: DEBUG neutron.api.extensions [None req-6b8a84e0-2c71-4ae3-a8f4-9735ceb222b6 None None] Loading extension file: allowedaddresspairs.py {{(pid=103832) _load_all_extensions_from_path /opt/stack/neutron/neutron/api/extensions.py:449}}
Apr 15 08:49:04.275568 np0000166426 devstack@neutron-api.service[103832]: DEBUG neutron.api.extensions [None req-6b8a84e0-2c71-4ae3-a8f4-9735ceb222b6 None None] Ext name="Allowed Address Pairs" alias="allowed-address-pairs" description="Provides allowed address pairs" updated="2013-07-23T10:00:00-00:00" {{(pid=103832) _check_extension /opt/stack/neutron/neutron/api/extensions.py:415}}
Apr 15 08:49:04.275780 np0000166426 devstack@neutron-api.service[103832]: INFO neutron.api.extensions [None req-6b8a84e0-2c71-4ae3-a8f4-9735ceb222b6 None None] Loaded extension: allowed-address-pairs
Apr 15 08:49:04.275861 np0000166426 devstack@neutron-api.service[103832]: DEBUG neutron.api.extensions [None req-6b8a84e0-2c71-4ae3-a8f4-9735ceb222b6 None None] Loading extension file: auto_allocated_topology.py {{(pid=103832) _load_all_extensions_from_path /opt/stack/neutron/neutron/api/extensions.py:449}}
Apr 15 08:49:04.276130 np0000166426 devstack@neutron-api.service[103832]: DEBUG neutron.api.extensions [None req-6b8a84e0-2c71-4ae3-a8f4-9735ceb222b6 None None] Ext name="Auto Allocated Topology Services" alias="auto-allocated-topology" description="Auto Allocated Topology Services." updated="2016-01-01T00:00:00-00:00" {{(pid=103832) _check_extension /opt/stack/neutron/neutron/api/extensions.py:415}}
Apr 15 08:49:04.276305 np0000166426 devstack@neutron-api.service[103832]: INFO neutron.api.extensions [None req-6b8a84e0-2c71-4ae3-a8f4-9735ceb222b6 None None] Loaded extension: auto-allocated-topology
Apr 15 08:49:04.276427 np0000166426 devstack@neutron-api.service[103832]: DEBUG neutron.api.extensions [None req-6b8a84e0-2c71-4ae3-a8f4-9735ceb222b6 None None] Loading extension file: availability_zone.py {{(pid=103832) _load_all_extensions_from_path /opt/stack/neutron/neutron/api/extensions.py:449}}
Apr 15 08:49:04.276714 np0000166426 devstack@neutron-api.service[103832]: DEBUG neutron.api.extensions [None req-6b8a84e0-2c71-4ae3-a8f4-9735ceb222b6 None None] Ext name="Availability Zone" alias="availability_zone" description="The availability zone extension." updated="2015-01-01T10:00:00-00:00" {{(pid=103832) _check_extension /opt/stack/neutron/neutron/api/extensions.py:415}}
Apr 15 08:49:04.276865 np0000166426 devstack@neutron-api.service[103832]: INFO neutron.api.extensions [None req-6b8a84e0-2c71-4ae3-a8f4-9735ceb222b6 None None] Loaded extension: availability_zone
Apr 15 08:49:04.276954 np0000166426 devstack@neutron-api.service[103832]: DEBUG neutron.api.extensions [None req-6b8a84e0-2c71-4ae3-a8f4-9735ceb222b6 None None] Loading extension file: availability_zone_filter.py {{(pid=103832) _load_all_extensions_from_path /opt/stack/neutron/neutron/api/extensions.py:449}}
Apr 15 08:49:04.277166 np0000166426 devstack@neutron-api.service[103832]: DEBUG neutron.api.extensions [None req-6b8a84e0-2c71-4ae3-a8f4-9735ceb222b6 None None] Ext name="Availability Zone Filter Extension" alias="availability_zone_filter" description="Add filter parameters to AvailabilityZone resource" updated="2018-06-22T10:00:00-00:00" {{(pid=103832) _check_extension /opt/stack/neutron/neutron/api/extensions.py:415}}
Apr 15 08:49:04.277328 np0000166426 devstack@neutron-api.service[103832]: INFO neutron.api.extensions [None req-6b8a84e0-2c71-4ae3-a8f4-9735ceb222b6 None None] Extension availability_zone_filter not supported by any of loaded plugins
Apr 15 08:49:04.277402 np0000166426 devstack@neutron-api.service[103832]: DEBUG neutron.api.extensions [None req-6b8a84e0-2c71-4ae3-a8f4-9735ceb222b6 None None] Loading extension file: data_plane_status.py {{(pid=103832) _load_all_extensions_from_path /opt/stack/neutron/neutron/api/extensions.py:449}}
Apr 15 08:49:04.277616 np0000166426 devstack@neutron-api.service[103832]: DEBUG neutron.api.extensions [None req-6b8a84e0-2c71-4ae3-a8f4-9735ceb222b6 None None] Ext name="Port data plane status extension" alias="data-plane-status" description="Expose status of underlying data plane" updated="2017-01-24T10:00:00-00:00" {{(pid=103832) _check_extension /opt/stack/neutron/neutron/api/extensions.py:415}}
Apr 15 08:49:04.277840 np0000166426 devstack@neutron-api.service[103832]: INFO neutron.api.extensions [None req-6b8a84e0-2c71-4ae3-a8f4-9735ceb222b6 None None] Extension data-plane-status not supported by any of loaded plugins
Apr 15 08:49:04.277888 np0000166426 devstack@neutron-api.service[103832]: DEBUG neutron.api.extensions [None req-6b8a84e0-2c71-4ae3-a8f4-9735ceb222b6 None None] Loading extension file: default_subnetpools.py {{(pid=103832) _load_all_extensions_from_path /opt/stack/neutron/neutron/api/extensions.py:449}}
Apr 15 08:49:04.278135 np0000166426 devstack@neutron-api.service[103832]: DEBUG neutron.api.extensions [None req-6b8a84e0-2c71-4ae3-a8f4-9735ceb222b6 None None] Ext name="Default Subnetpools" alias="default-subnetpools" description="Provides ability to mark and use a subnetpool as the default." updated="2016-02-18T18:00:00-00:00" {{(pid=103832) _check_extension /opt/stack/neutron/neutron/api/extensions.py:415}}
Apr 15 08:49:04.278308 np0000166426 devstack@neutron-api.service[103832]: INFO neutron.api.extensions [None req-6b8a84e0-2c71-4ae3-a8f4-9735ceb222b6 None None] Loaded extension: default-subnetpools
Apr 15 08:49:04.278391 np0000166426 devstack@neutron-api.service[103832]: DEBUG neutron.api.extensions [None req-6b8a84e0-2c71-4ae3-a8f4-9735ceb222b6 None None] Loading extension file: dhcpagentscheduler.py {{(pid=103832) _load_all_extensions_from_path /opt/stack/neutron/neutron/api/extensions.py:449}}
Apr 15 08:49:04.278739 np0000166426 devstack@neutron-api.service[103832]: DEBUG neutron.api.extensions [None req-6b8a84e0-2c71-4ae3-a8f4-9735ceb222b6 None None] Ext name="DHCP Agent Scheduler" alias="dhcp_agent_scheduler" description="Schedule networks among dhcp agents" updated="2013-02-07T10:00:00-00:00" {{(pid=103832) _check_extension /opt/stack/neutron/neutron/api/extensions.py:415}}
Apr 15 08:49:04.278912 np0000166426 devstack@neutron-api.service[103832]: INFO neutron.api.extensions [None req-6b8a84e0-2c71-4ae3-a8f4-9735ceb222b6 None None] Loaded extension: dhcp_agent_scheduler
Apr 15 08:49:04.279003 np0000166426 devstack@neutron-api.service[103832]: DEBUG neutron.api.extensions [None req-6b8a84e0-2c71-4ae3-a8f4-9735ceb222b6 None None] Loading extension file: dns.py {{(pid=103832) _load_all_extensions_from_path /opt/stack/neutron/neutron/api/extensions.py:449}}
Apr 15 08:49:04.279139 np0000166426 devstack@neutron-api.service[103834]: INFO neutron.plugins.ml2.drivers.type_vlan [None req-abe883b2-2e8c-413c-8f87-6fcf991d74ce None None] VlanTypeDriver initialization complete
Apr 15 08:49:04.279360 np0000166426 devstack@neutron-api.service[103832]: DEBUG neutron.api.extensions [None req-6b8a84e0-2c71-4ae3-a8f4-9735ceb222b6 None None] Ext name="DNS Integration" alias="dns-integration" description="Provides integration with DNS." updated="2015-08-15T18:00:00-00:00" {{(pid=103832) _check_extension /opt/stack/neutron/neutron/api/extensions.py:415}}
Apr 15 08:49:04.279478 np0000166426 devstack@neutron-api.service[103834]: INFO neutron.plugins.ml2.managers [None req-abe883b2-2e8c-413c-8f87-6fcf991d74ce None None] Initializing extension driver 'port_security'
Apr 15 08:49:04.279478 np0000166426 devstack@neutron-api.service[103834]: INFO neutron.plugins.ml2.extensions.port_security [None req-abe883b2-2e8c-413c-8f87-6fcf991d74ce None None] PortSecurityExtensionDriver initialization complete
Apr 15 08:49:04.279595 np0000166426 devstack@neutron-api.service[103832]: INFO neutron.api.extensions [None req-6b8a84e0-2c71-4ae3-a8f4-9735ceb222b6 None None] Loaded extension: dns-integration
Apr 15 08:49:04.279659 np0000166426 devstack@neutron-api.service[103834]: INFO neutron.plugins.ml2.managers [None req-abe883b2-2e8c-413c-8f87-6fcf991d74ce None None] Initializing extension driver 'qos'
Apr 15 08:49:04.279712 np0000166426 devstack@neutron-api.service[103832]: DEBUG neutron.api.extensions [None req-6b8a84e0-2c71-4ae3-a8f4-9735ceb222b6 None None] Loading extension file: dns_domain_ports.py {{(pid=103832) _load_all_extensions_from_path /opt/stack/neutron/neutron/api/extensions.py:449}}
Apr 15 08:49:04.279777 np0000166426 devstack@neutron-api.service[103834]: DEBUG neutron.plugins.ml2.extensions.qos [None req-abe883b2-2e8c-413c-8f87-6fcf991d74ce None None] QosExtensionDriver initialization complete {{(pid=103834) initialize /opt/stack/neutron/neutron/plugins/ml2/extensions/qos.py:31}}
Apr 15 08:49:04.279777 np0000166426 devstack@neutron-api.service[103834]: INFO neutron.plugins.ml2.managers [None req-abe883b2-2e8c-413c-8f87-6fcf991d74ce None None] Initializing mechanism driver 'ovn'
Apr 15 08:49:04.279875 np0000166426 devstack@neutron-api.service[103832]: DEBUG neutron.api.extensions [None req-6b8a84e0-2c71-4ae3-a8f4-9735ceb222b6 None None] Ext name="dns_domain for ports" alias="dns-domain-ports" description="Allows the DNS domain to be specified for a network port." updated="2017-04-24T10:00:00-00:00" {{(pid=103832) _check_extension /opt/stack/neutron/neutron/api/extensions.py:415}}
Apr 15 08:49:04.279966 np0000166426 devstack@neutron-api.service[103834]: INFO neutron.plugins.ml2.drivers.ovn.mech_driver.mech_driver [None req-abe883b2-2e8c-413c-8f87-6fcf991d74ce None None] Starting OVNMechanismDriver
Apr 15 08:49:04.280035 np0000166426 devstack@neutron-api.service[103832]: INFO neutron.api.extensions [None req-6b8a84e0-2c71-4ae3-a8f4-9735ceb222b6 None None] Loaded extension: dns-domain-ports
Apr 15 08:49:04.280035 np0000166426 devstack@neutron-api.service[103832]: DEBUG neutron.api.extensions [None req-6b8a84e0-2c71-4ae3-a8f4-9735ceb222b6 None None] Loading extension file: dns_integration_domain_keywords.py {{(pid=103832) _load_all_extensions_from_path /opt/stack/neutron/neutron/api/extensions.py:449}}
Apr 15 08:49:04.280177 np0000166426 devstack@neutron-api.service[103832]: DEBUG neutron.api.extensions [None req-6b8a84e0-2c71-4ae3-a8f4-9735ceb222b6 None None] Ext name="DNS domain names with keywords allowed" alias="dns-integration-domain-keywords" description="Allows to use keywords like , , and as DNS domain name" updated="2020-06-15T18:00:00-00:00" {{(pid=103832) _check_extension /opt/stack/neutron/neutron/api/extensions.py:415}}
Apr 15 08:49:04.280367 np0000166426 devstack@neutron-api.service[103832]: INFO neutron.api.extensions [None req-6b8a84e0-2c71-4ae3-a8f4-9735ceb222b6 None None] Loaded extension: dns-integration-domain-keywords
Apr 15 08:49:04.280455 np0000166426 devstack@neutron-api.service[103832]: DEBUG neutron.api.extensions [None req-6b8a84e0-2c71-4ae3-a8f4-9735ceb222b6 None None] Loading extension file: dvr.py {{(pid=103832) _load_all_extensions_from_path /opt/stack/neutron/neutron/api/extensions.py:449}}
Apr 15 08:49:04.280685 np0000166426 devstack@neutron-api.service[103832]: DEBUG neutron.api.extensions [None req-6b8a84e0-2c71-4ae3-a8f4-9735ceb222b6 None None] Ext name="Distributed Virtual Router" alias="dvr" description="Enables configuration of Distributed Virtual Routers." updated="2014-06-1T10:00:00-00:00" {{(pid=103832) _check_extension /opt/stack/neutron/neutron/api/extensions.py:415}}
Apr 15 08:49:04.280863 np0000166426 devstack@neutron-api.service[103832]: INFO neutron.api.extensions [None req-6b8a84e0-2c71-4ae3-a8f4-9735ceb222b6 None None] Extension dvr not supported by any of loaded plugins
Apr 15 08:49:04.280979 np0000166426 devstack@neutron-api.service[103832]: DEBUG neutron.api.extensions [None req-6b8a84e0-2c71-4ae3-a8f4-9735ceb222b6 None None] Loading extension file: ecmp_routes.py {{(pid=103832) _load_all_extensions_from_path /opt/stack/neutron/neutron/api/extensions.py:449}}
Apr 15 08:49:04.281168 np0000166426 devstack@neutron-api.service[103832]: DEBUG neutron.api.extensions [None req-6b8a84e0-2c71-4ae3-a8f4-9735ceb222b6 None None] Ext name="Equal Cost Multipath Routing" alias="ecmp_routes" description="Allows traffic to reach thesame destination via multiple different links " updated="2020-11-26T18:00:00-00:00" {{(pid=103832) _check_extension /opt/stack/neutron/neutron/api/extensions.py:415}}
Apr 15 08:49:04.281274 np0000166426 devstack@neutron-api.service[103834]: DEBUG neutron_lib.callbacks.manager [None req-abe883b2-2e8c-413c-8f87-6fcf991d74ce None None] Subscribe: > process before_spawn 55550000, False {{(pid=103834) subscribe /opt/stack/data/venv/lib/python3.12/site-packages/neutron_lib/callbacks/manager.py:52}}
Apr 15 08:49:04.281345 np0000166426 devstack@neutron-api.service[103832]: INFO neutron.api.extensions [None req-6b8a84e0-2c71-4ae3-a8f4-9735ceb222b6 None None] Extension ecmp_routes not supported by any of loaded plugins
Apr 15 08:49:04.281407 np0000166426 devstack@neutron-api.service[103834]: DEBUG neutron_lib.callbacks.manager [None req-abe883b2-2e8c-413c-8f87-6fcf991d74ce None None] Subscribe: > process after_init 55550000, True {{(pid=103834) subscribe /opt/stack/data/venv/lib/python3.12/site-packages/neutron_lib/callbacks/manager.py:52}}
Apr 15 08:49:04.281437 np0000166426 devstack@neutron-api.service[103832]: DEBUG neutron.api.extensions [None req-6b8a84e0-2c71-4ae3-a8f4-9735ceb222b6 None None] Loading extension file: empty_string_filtering.py {{(pid=103832) _load_all_extensions_from_path /opt/stack/neutron/neutron/api/extensions.py:449}}
Apr 15 08:49:04.281514 np0000166426 devstack@neutron-api.service[103834]: DEBUG neutron_lib.callbacks.manager [None req-abe883b2-2e8c-413c-8f87-6fcf991d74ce None None] Subscribe: > segment after_create 55550000, False {{(pid=103834) subscribe /opt/stack/data/venv/lib/python3.12/site-packages/neutron_lib/callbacks/manager.py:52}}
Apr 15 08:49:04.281619 np0000166426 devstack@neutron-api.service[103834]: DEBUG neutron_lib.callbacks.manager [None req-abe883b2-2e8c-413c-8f87-6fcf991d74ce None None] Subscribe: > segment after_create 55550000, False {{(pid=103834) subscribe /opt/stack/data/venv/lib/python3.12/site-packages/neutron_lib/callbacks/manager.py:52}}
Apr 15 08:49:04.281649 np0000166426 devstack@neutron-api.service[103832]: DEBUG neutron.api.extensions [None req-6b8a84e0-2c71-4ae3-a8f4-9735ceb222b6 None None] Ext name="Empty String Filtering Extension" alias="empty-string-filtering" description="Allow filtering by attributes with empty string value" updated="2018-05-01T10:00:00-00:00" {{(pid=103832) _check_extension /opt/stack/neutron/neutron/api/extensions.py:415}}
Apr 15 08:49:04.281743 np0000166426 devstack@neutron-api.service[103834]: DEBUG neutron_lib.callbacks.manager [None req-abe883b2-2e8c-413c-8f87-6fcf991d74ce None None] Subscribe: > segment after_delete 55550000, False {{(pid=103834) subscribe /opt/stack/data/venv/lib/python3.12/site-packages/neutron_lib/callbacks/manager.py:52}}
Apr 15 08:49:04.281809 np0000166426 devstack@neutron-api.service[103832]: INFO neutron.api.extensions [None req-6b8a84e0-2c71-4ae3-a8f4-9735ceb222b6 None None] Loaded extension: empty-string-filtering
Apr 15 08:49:04.281839 np0000166426 devstack@neutron-api.service[103834]: DEBUG neutron_lib.callbacks.manager [None req-abe883b2-2e8c-413c-8f87-6fcf991d74ce None None] Subscribe: > allowed_address_pair before_create 55550000, False {{(pid=103834) subscribe /opt/stack/data/venv/lib/python3.12/site-packages/neutron_lib/callbacks/manager.py:52}}
Apr 15 08:49:04.281901 np0000166426 devstack@neutron-api.service[103832]: DEBUG neutron.api.extensions [None req-6b8a84e0-2c71-4ae3-a8f4-9735ceb222b6 None None] Loading extension file: expose_l3_conntrack_helper.py {{(pid=103832) _load_all_extensions_from_path /opt/stack/neutron/neutron/api/extensions.py:449}}
Apr 15 08:49:04.281931 np0000166426 devstack@neutron-api.service[103834]: DEBUG neutron_lib.callbacks.manager [None req-abe883b2-2e8c-413c-8f87-6fcf991d74ce None None] Subscribe: > security_group precommit_create 55550000, False {{(pid=103834) subscribe /opt/stack/data/venv/lib/python3.12/site-packages/neutron_lib/callbacks/manager.py:52}}
Apr 15 08:49:04.282027 np0000166426 devstack@neutron-api.service[103834]: DEBUG neutron_lib.callbacks.manager [None req-abe883b2-2e8c-413c-8f87-6fcf991d74ce None None] Subscribe: > security_group after_update 55550000, False {{(pid=103834) subscribe /opt/stack/data/venv/lib/python3.12/site-packages/neutron_lib/callbacks/manager.py:52}}
Apr 15 08:49:04.282116 np0000166426 devstack@neutron-api.service[103832]: DEBUG neutron.api.extensions [None req-6b8a84e0-2c71-4ae3-a8f4-9735ceb222b6 None None] Ext name="Expose CT target rules for conntrack helper" alias="expose-l3-conntrack-helper" description="Expose allow adding CT target rules for conntrack helper" updated="2019-04-04T10:00:00-00:00" {{(pid=103832) _check_extension /opt/stack/neutron/neutron/api/extensions.py:415}}
Apr 15 08:49:04.282147 np0000166426 devstack@neutron-api.service[103834]: DEBUG neutron_lib.callbacks.manager [None req-abe883b2-2e8c-413c-8f87-6fcf991d74ce None None] Subscribe: > security_group after_create 55550000, False {{(pid=103834) subscribe /opt/stack/data/venv/lib/python3.12/site-packages/neutron_lib/callbacks/manager.py:52}}
Apr 15 08:49:04.282238 np0000166426 devstack@neutron-api.service[103834]: DEBUG neutron_lib.callbacks.manager [None req-abe883b2-2e8c-413c-8f87-6fcf991d74ce None None] Subscribe: > security_group precommit_delete 55550000, False {{(pid=103834) subscribe /opt/stack/data/venv/lib/python3.12/site-packages/neutron_lib/callbacks/manager.py:52}}
Apr 15 08:49:04.282305 np0000166426 devstack@neutron-api.service[103832]: INFO neutron.api.extensions [None req-6b8a84e0-2c71-4ae3-a8f4-9735ceb222b6 None None] Extension expose-l3-conntrack-helper not supported by any of loaded plugins
Apr 15 08:49:04.282340 np0000166426 devstack@neutron-api.service[103834]: DEBUG neutron_lib.callbacks.manager [None req-abe883b2-2e8c-413c-8f87-6fcf991d74ce None None] Subscribe: > security_group after_delete 55550000, False {{(pid=103834) subscribe /opt/stack/data/venv/lib/python3.12/site-packages/neutron_lib/callbacks/manager.py:52}}
Apr 15 08:49:04.282403 np0000166426 devstack@neutron-api.service[103832]: DEBUG neutron.api.extensions [None req-6b8a84e0-2c71-4ae3-a8f4-9735ceb222b6 None None] Loading extension file: expose_port_forwarding_in_fip.py {{(pid=103832) _load_all_extensions_from_path /opt/stack/neutron/neutron/api/extensions.py:449}}
Apr 15 08:49:04.282463 np0000166426 devstack@neutron-api.service[103834]: DEBUG neutron_lib.callbacks.manager [None req-abe883b2-2e8c-413c-8f87-6fcf991d74ce None None] Subscribe: > security_group_rule precommit_create 55550000, False {{(pid=103834) subscribe /opt/stack/data/venv/lib/python3.12/site-packages/neutron_lib/callbacks/manager.py:52}}
Apr 15 08:49:04.282537 np0000166426 devstack@neutron-api.service[103834]: DEBUG neutron_lib.callbacks.manager [None req-abe883b2-2e8c-413c-8f87-6fcf991d74ce None None] Subscribe: > security_group_rule after_create 55550000, False {{(pid=103834) subscribe /opt/stack/data/venv/lib/python3.12/site-packages/neutron_lib/callbacks/manager.py:52}}
Apr 15 08:49:04.282574 np0000166426 devstack@neutron-api.service[103832]: DEBUG neutron.api.extensions [None req-6b8a84e0-2c71-4ae3-a8f4-9735ceb222b6 None None] Ext name="Expose Floating IP port forwardings" alias="expose-port-forwarding-in-fip" description="Expose port forwarding fields in floating IP response" updated="2018-06-28T16:00:00-00:00" {{(pid=103832) _check_extension /opt/stack/neutron/neutron/api/extensions.py:415}}
Apr 15 08:49:04.282680 np0000166426 devstack@neutron-api.service[103834]: DEBUG neutron_lib.callbacks.manager [None req-abe883b2-2e8c-413c-8f87-6fcf991d74ce None None] Subscribe: > security_group_rule before_delete 55550000, False {{(pid=103834) subscribe /opt/stack/data/venv/lib/python3.12/site-packages/neutron_lib/callbacks/manager.py:52}}
Apr 15 08:49:04.282771 np0000166426 devstack@neutron-api.service[103832]: INFO neutron.api.extensions [None req-6b8a84e0-2c71-4ae3-a8f4-9735ceb222b6 None None] Extension expose-port-forwarding-in-fip not supported by any of loaded plugins
Apr 15 08:49:04.282801 np0000166426 devstack@neutron-api.service[103834]: DEBUG neutron_lib.callbacks.manager [None req-abe883b2-2e8c-413c-8f87-6fcf991d74ce None None] Subscribe: > address_group after_create 55550000, False {{(pid=103834) subscribe /opt/stack/data/venv/lib/python3.12/site-packages/neutron_lib/callbacks/manager.py:52}}
Apr 15 08:49:04.282836 np0000166426 devstack@neutron-api.service[103832]: DEBUG neutron.api.extensions [None req-6b8a84e0-2c71-4ae3-a8f4-9735ceb222b6 None None] Loading extension file: external_net.py {{(pid=103832) _load_all_extensions_from_path /opt/stack/neutron/neutron/api/extensions.py:449}}
Apr 15 08:49:04.282897 np0000166426 devstack@neutron-api.service[103834]: DEBUG neutron_lib.callbacks.manager [None req-abe883b2-2e8c-413c-8f87-6fcf991d74ce None None] Subscribe: > address_group after_update 55550000, False {{(pid=103834) subscribe /opt/stack/data/venv/lib/python3.12/site-packages/neutron_lib/callbacks/manager.py:52}}
Apr 15 08:49:04.282960 np0000166426 devstack@neutron-api.service[103834]: DEBUG neutron_lib.callbacks.manager [None req-abe883b2-2e8c-413c-8f87-6fcf991d74ce None None] Subscribe: > address_group after_delete 55550000, False {{(pid=103834) subscribe /opt/stack/data/venv/lib/python3.12/site-packages/neutron_lib/callbacks/manager.py:52}}
Apr 15 08:49:04.283041 np0000166426 devstack@neutron-api.service[103832]: DEBUG neutron.api.extensions [None req-6b8a84e0-2c71-4ae3-a8f4-9735ceb222b6 None None] Ext name="Neutron external network" alias="external-net" description="Adds external network attribute to network resource." updated="2013-01-14T10:00:00-00:00" {{(pid=103832) _check_extension /opt/stack/neutron/neutron/api/extensions.py:415}}
Apr 15 08:49:04.283166 np0000166426 devstack@neutron-api.service[103834]: DEBUG neutron_lib.callbacks.manager [None req-abe883b2-2e8c-413c-8f87-6fcf991d74ce None None] Subscribe: > qos_plugin after_init 55550000, False {{(pid=103834) subscribe /opt/stack/data/venv/lib/python3.12/site-packages/neutron_lib/callbacks/manager.py:52}}
Apr 15 08:49:04.283197 np0000166426 devstack@neutron-api.service[103832]: INFO neutron.api.extensions [None req-6b8a84e0-2c71-4ae3-a8f4-9735ceb222b6 None None] Loaded extension: external-net
Apr 15 08:49:04.283289 np0000166426 devstack@neutron-api.service[103832]: DEBUG neutron.api.extensions [None req-6b8a84e0-2c71-4ae3-a8f4-9735ceb222b6 None None] Loading extension file: extra_dhcp_opt.py {{(pid=103832) _load_all_extensions_from_path /opt/stack/neutron/neutron/api/extensions.py:449}}
Apr 15 08:49:04.283364 np0000166426 devstack@neutron-api.service[103834]: DEBUG neutron_lib.callbacks.manager [None req-abe883b2-2e8c-413c-8f87-6fcf991d74ce None None] Subscribe: > trunk_plugin after_init 55550000, False {{(pid=103834) subscribe /opt/stack/data/venv/lib/python3.12/site-packages/neutron_lib/callbacks/manager.py:52}}
Apr 15 08:49:04.283506 np0000166426 devstack@neutron-api.service[103832]: DEBUG neutron.api.extensions [None req-6b8a84e0-2c71-4ae3-a8f4-9735ceb222b6 None None] Ext name="Neutron Extra DHCP options" alias="extra_dhcp_opt" description="Extra options configuration for DHCP. For example PXE boot options to DHCP clients can be specified (e.g. tftp-server, server-ip-address, bootfile-name)" updated="2013-03-17T12:00:00-00:00" {{(pid=103832) _check_extension /opt/stack/neutron/neutron/api/extensions.py:415}}
Apr 15 08:49:04.283538 np0000166426 devstack@neutron-api.service[103834]: DEBUG neutron_lib.callbacks.manager [None req-abe883b2-2e8c-413c-8f87-6fcf991d74ce None None] Subscribe: > logging-plugin after_init 55550000, False {{(pid=103834) subscribe /opt/stack/data/venv/lib/python3.12/site-packages/neutron_lib/callbacks/manager.py:52}}
Apr 15 08:49:04.283688 np0000166426 devstack@neutron-api.service[103832]: INFO neutron.api.extensions [None req-6b8a84e0-2c71-4ae3-a8f4-9735ceb222b6 None None] Loaded extension: extra_dhcp_opt
Apr 15 08:49:04.283773 np0000166426 devstack@neutron-api.service[103832]: DEBUG neutron.api.extensions [None req-6b8a84e0-2c71-4ae3-a8f4-9735ceb222b6 None None] Loading extension file: extraroute.py {{(pid=103832) _load_all_extensions_from_path /opt/stack/neutron/neutron/api/extensions.py:449}}
Apr 15 08:49:04.284010 np0000166426 devstack@neutron-api.service[103832]: DEBUG neutron.api.extensions [None req-6b8a84e0-2c71-4ae3-a8f4-9735ceb222b6 None None] Ext name="Neutron Extra Route" alias="extraroute" description="Extra routes configuration for L3 router" updated="2013-02-01T10:00:00-00:00" {{(pid=103832) _check_extension /opt/stack/neutron/neutron/api/extensions.py:415}}
Apr 15 08:49:04.284141 np0000166426 devstack@neutron-api.service[103834]: INFO neutron.services.logapi.drivers.ovn.driver [None req-abe883b2-2e8c-413c-8f87-6fcf991d74ce None None] OVN logging driver registered
Apr 15 08:49:04.284178 np0000166426 devstack@neutron-api.service[103832]: INFO neutron.api.extensions [None req-6b8a84e0-2c71-4ae3-a8f4-9735ceb222b6 None None] Loaded extension: extraroute
Apr 15 08:49:04.284291 np0000166426 devstack@neutron-api.service[103832]: DEBUG neutron.api.extensions [None req-6b8a84e0-2c71-4ae3-a8f4-9735ceb222b6 None None] Loading extension file: extraroute_atomic.py {{(pid=103832) _load_all_extensions_from_path /opt/stack/neutron/neutron/api/extensions.py:449}}
Apr 15 08:49:04.284486 np0000166426 devstack@neutron-api.service[103832]: DEBUG neutron.api.extensions [None req-6b8a84e0-2c71-4ae3-a8f4-9735ceb222b6 None None] Ext name="Atomically add/remove extra routes" alias="extraroute-atomic" description="Edit extra routes of a router on server side by atomically adding/removing extra routes" updated="2019-07-10T00:00:00+00:00" {{(pid=103832) _check_extension /opt/stack/neutron/neutron/api/extensions.py:415}}
Apr 15 08:49:04.284651 np0000166426 devstack@neutron-api.service[103832]: INFO neutron.api.extensions [None req-6b8a84e0-2c71-4ae3-a8f4-9735ceb222b6 None None] Loaded extension: extraroute-atomic
Apr 15 08:49:04.284758 np0000166426 devstack@neutron-api.service[103832]: DEBUG neutron.api.extensions [None req-6b8a84e0-2c71-4ae3-a8f4-9735ceb222b6 None None] Loading extension file: filter_validation.py {{(pid=103832) _load_all_extensions_from_path /opt/stack/neutron/neutron/api/extensions.py:449}}
Apr 15 08:49:04.284982 np0000166426 devstack@neutron-api.service[103832]: DEBUG neutron.api.extensions [None req-6b8a84e0-2c71-4ae3-a8f4-9735ceb222b6 None None] Ext name="Filter parameters validation" alias="filter-validation" description="Provides validation on filter parameters." updated="2018-07-04T10:00:00-00:00" {{(pid=103832) _check_extension /opt/stack/neutron/neutron/api/extensions.py:415}}
Apr 15 08:49:04.285148 np0000166426 devstack@neutron-api.service[103832]: INFO neutron.api.extensions [None req-6b8a84e0-2c71-4ae3-a8f4-9735ceb222b6 None None] Loaded extension: filter-validation
Apr 15 08:49:04.285247 np0000166426 devstack@neutron-api.service[103832]: DEBUG neutron.api.extensions [None req-6b8a84e0-2c71-4ae3-a8f4-9735ceb222b6 None None] Loading extension file: fip_pf_description.py {{(pid=103832) _load_all_extensions_from_path /opt/stack/neutron/neutron/api/extensions.py:449}}
Apr 15 08:49:04.285444 np0000166426 devstack@neutron-api.service[103832]: DEBUG neutron.api.extensions [None req-6b8a84e0-2c71-4ae3-a8f4-9735ceb222b6 None None] Ext name="Floating IP Port Forwarding new attribute description" alias="floating-ip-port-forwarding-description" description="Add a description field to Port Forwarding rules" updated="2019-11-01T10:00:00-00:00" {{(pid=103832) _check_extension /opt/stack/neutron/neutron/api/extensions.py:415}}
Apr 15 08:49:04.285637 np0000166426 devstack@neutron-api.service[103832]: INFO neutron.api.extensions [None req-6b8a84e0-2c71-4ae3-a8f4-9735ceb222b6 None None] Extension floating-ip-port-forwarding-description not supported by any of loaded plugins
Apr 15 08:49:04.285710 np0000166426 devstack@neutron-api.service[103832]: DEBUG neutron.api.extensions [None req-6b8a84e0-2c71-4ae3-a8f4-9735ceb222b6 None None] Loading extension file: fip_pf_detail.py {{(pid=103832) _load_all_extensions_from_path /opt/stack/neutron/neutron/api/extensions.py:449}}
Apr 15 08:49:04.285821 np0000166426 devstack@neutron-api.service[103834]: DEBUG neutron.plugins.ml2.plugin [None req-abe883b2-2e8c-413c-8f87-6fcf991d74ce None None] neutron.plugins.ml2.plugin.Ml2Plugin method _start_rpc_notifiers called with arguments () {} {{(pid=103834) wrapper /opt/stack/data/venv/lib/python3.12/site-packages/oslo_log/helpers.py:77}}
Apr 15 08:49:04.285931 np0000166426 devstack@neutron-api.service[103832]: DEBUG neutron.api.extensions [None req-6b8a84e0-2c71-4ae3-a8f4-9735ceb222b6 None None] Ext name="Floating IP port forwarding detail" alias="floating-ip-port-forwarding-detail" description="Allow list floating ip return more port forwarding data, include'id' and 'internal_port_id'" updated="2022-05-06T10:00:00-00:00" {{(pid=103832) _check_extension /opt/stack/neutron/neutron/api/extensions.py:415}}
Apr 15 08:49:04.286069 np0000166426 devstack@neutron-api.service[103834]: DEBUG neutron_lib.callbacks.manager [None req-abe883b2-2e8c-413c-8f87-6fcf991d74ce None None] Subscribe: > port after_create 55550000, False {{(pid=103834) subscribe /opt/stack/data/venv/lib/python3.12/site-packages/neutron_lib/callbacks/manager.py:52}}
Apr 15 08:49:04.286099 np0000166426 devstack@neutron-api.service[103832]: INFO neutron.api.extensions [None req-6b8a84e0-2c71-4ae3-a8f4-9735ceb222b6 None None] Loaded extension: floating-ip-port-forwarding-detail
Apr 15 08:49:04.286181 np0000166426 devstack@neutron-api.service[103834]: DEBUG neutron_lib.callbacks.manager [None req-abe883b2-2e8c-413c-8f87-6fcf991d74ce None None] Subscribe: > port after_update 55550000, False {{(pid=103834) subscribe /opt/stack/data/venv/lib/python3.12/site-packages/neutron_lib/callbacks/manager.py:52}}
Apr 15 08:49:04.286215 np0000166426 devstack@neutron-api.service[103832]: DEBUG neutron.api.extensions [None req-6b8a84e0-2c71-4ae3-a8f4-9735ceb222b6 None None] Loading extension file: fip_pf_port_range.py {{(pid=103832) _load_all_extensions_from_path /opt/stack/neutron/neutron/api/extensions.py:449}}
Apr 15 08:49:04.286322 np0000166426 devstack@neutron-api.service[103834]: DEBUG neutron_lib.callbacks.manager [None req-abe883b2-2e8c-413c-8f87-6fcf991d74ce None None] Subscribe: > port after_delete 55550000, False {{(pid=103834) subscribe /opt/stack/data/venv/lib/python3.12/site-packages/neutron_lib/callbacks/manager.py:52}}
Apr 15 08:49:04.286400 np0000166426 devstack@neutron-api.service[103834]: DEBUG neutron_lib.callbacks.manager [None req-abe883b2-2e8c-413c-8f87-6fcf991d74ce None None] Subscribe: > subnet after_create 55550000, False {{(pid=103834) subscribe /opt/stack/data/venv/lib/python3.12/site-packages/neutron_lib/callbacks/manager.py:52}}
Apr 15 08:49:04.286437 np0000166426 devstack@neutron-api.service[103832]: DEBUG neutron.api.extensions [None req-6b8a84e0-2c71-4ae3-a8f4-9735ceb222b6 None None] Ext name="Floating IP Port Forwarding support port ranges" alias="floating-ip-port-forwarding-port-ranges" description="Add support to port ranges" updated="2020-07-01T10:00:00-00:00" {{(pid=103832) _check_extension /opt/stack/neutron/neutron/api/extensions.py:415}}
Apr 15 08:49:04.286497 np0000166426 devstack@neutron-api.service[103834]: DEBUG neutron_lib.callbacks.manager [None req-abe883b2-2e8c-413c-8f87-6fcf991d74ce None None] Subscribe: > subnet after_update 55550000, False {{(pid=103834) subscribe /opt/stack/data/venv/lib/python3.12/site-packages/neutron_lib/callbacks/manager.py:52}}
Apr 15 08:49:04.286558 np0000166426 devstack@neutron-api.service[103832]: INFO neutron.api.extensions [None req-6b8a84e0-2c71-4ae3-a8f4-9735ceb222b6 None None] Extension floating-ip-port-forwarding-port-ranges not supported by any of loaded plugins
Apr 15 08:49:04.286591 np0000166426 devstack@neutron-api.service[103834]: DEBUG neutron_lib.callbacks.manager [None req-abe883b2-2e8c-413c-8f87-6fcf991d74ce None None] Subscribe: > subnet after_delete 55550000, False {{(pid=103834) subscribe /opt/stack/data/venv/lib/python3.12/site-packages/neutron_lib/callbacks/manager.py:52}}
Apr 15 08:49:04.286690 np0000166426 devstack@neutron-api.service[103832]: DEBUG neutron.api.extensions [None req-6b8a84e0-2c71-4ae3-a8f4-9735ceb222b6 None None] Loading extension file: fip_port_details.py {{(pid=103832) _load_all_extensions_from_path /opt/stack/neutron/neutron/api/extensions.py:449}}
Apr 15 08:49:04.286722 np0000166426 devstack@neutron-api.service[103834]: DEBUG neutron_lib.callbacks.manager [None req-abe883b2-2e8c-413c-8f87-6fcf991d74ce None None] Subscribe: > network after_create 55550000, False {{(pid=103834) subscribe /opt/stack/data/venv/lib/python3.12/site-packages/neutron_lib/callbacks/manager.py:52}}
Apr 15 08:49:04.286798 np0000166426 devstack@neutron-api.service[103834]: DEBUG neutron_lib.callbacks.manager [None req-abe883b2-2e8c-413c-8f87-6fcf991d74ce None None] Subscribe: > network after_update 55550000, False {{(pid=103834) subscribe /opt/stack/data/venv/lib/python3.12/site-packages/neutron_lib/callbacks/manager.py:52}}
Apr 15 08:49:04.286875 np0000166426 devstack@neutron-api.service[103832]: DEBUG neutron.api.extensions [None req-6b8a84e0-2c71-4ae3-a8f4-9735ceb222b6 None None] Ext name="Floating IP Port Details Extension" alias="fip-port-details" description="Add port_details attribute to Floating IP resource" updated="2018-04-09T10:00:00-00:00" {{(pid=103832) _check_extension /opt/stack/neutron/neutron/api/extensions.py:415}}
Apr 15 08:49:04.286929 np0000166426 devstack@neutron-api.service[103834]: DEBUG neutron_lib.callbacks.manager [None req-abe883b2-2e8c-413c-8f87-6fcf991d74ce None None] Subscribe: > network after_delete 55550000, False {{(pid=103834) subscribe /opt/stack/data/venv/lib/python3.12/site-packages/neutron_lib/callbacks/manager.py:52}}
Apr 15 08:49:04.286993 np0000166426 devstack@neutron-api.service[103834]: DEBUG neutron_lib.callbacks.manager [None req-abe883b2-2e8c-413c-8f87-6fcf991d74ce None None] Subscribe: > security_group after_create 55550000, False {{(pid=103834) subscribe /opt/stack/data/venv/lib/python3.12/site-packages/neutron_lib/callbacks/manager.py:52}}
Apr 15 08:49:04.287090 np0000166426 devstack@neutron-api.service[103834]: DEBUG neutron_lib.callbacks.manager [None req-abe883b2-2e8c-413c-8f87-6fcf991d74ce None None] Subscribe: > security_group after_update 55550000, False {{(pid=103834) subscribe /opt/stack/data/venv/lib/python3.12/site-packages/neutron_lib/callbacks/manager.py:52}}
Apr 15 08:49:04.287134 np0000166426 devstack@neutron-api.service[103832]: INFO neutron.api.extensions [None req-6b8a84e0-2c71-4ae3-a8f4-9735ceb222b6 None None] Loaded extension: fip-port-details
Apr 15 08:49:04.287186 np0000166426 devstack@neutron-api.service[103834]: DEBUG neutron_lib.callbacks.manager [None req-abe883b2-2e8c-413c-8f87-6fcf991d74ce None None] Subscribe: > security_group after_delete 55550000, False {{(pid=103834) subscribe /opt/stack/data/venv/lib/python3.12/site-packages/neutron_lib/callbacks/manager.py:52}}
Apr 15 08:49:04.287231 np0000166426 devstack@neutron-api.service[103832]: DEBUG neutron.api.extensions [None req-6b8a84e0-2c71-4ae3-a8f4-9735ceb222b6 None None] Loading extension file: flavors.py {{(pid=103832) _load_all_extensions_from_path /opt/stack/neutron/neutron/api/extensions.py:449}}
Apr 15 08:49:04.287290 np0000166426 devstack@neutron-api.service[103834]: DEBUG neutron_lib.callbacks.manager [None req-abe883b2-2e8c-413c-8f87-6fcf991d74ce None None] Subscribe: > security_group_rule after_create 55550000, False {{(pid=103834) subscribe /opt/stack/data/venv/lib/python3.12/site-packages/neutron_lib/callbacks/manager.py:52}}
Apr 15 08:49:04.287387 np0000166426 devstack@neutron-api.service[103834]: DEBUG neutron_lib.callbacks.manager [None req-abe883b2-2e8c-413c-8f87-6fcf991d74ce None None] Subscribe: > security_group_rule after_update 55550000, False {{(pid=103834) subscribe /opt/stack/data/venv/lib/python3.12/site-packages/neutron_lib/callbacks/manager.py:52}}
Apr 15 08:49:04.287475 np0000166426 devstack@neutron-api.service[103832]: DEBUG neutron.api.extensions [None req-6b8a84e0-2c71-4ae3-a8f4-9735ceb222b6 None None] Ext name="Neutron Service Flavors" alias="flavors" description="Flavor specification for Neutron advanced services." updated="2015-09-17T10:00:00-00:00" {{(pid=103832) _check_extension /opt/stack/neutron/neutron/api/extensions.py:415}}
Apr 15 08:49:04.287511 np0000166426 devstack@neutron-api.service[103834]: DEBUG neutron_lib.callbacks.manager [None req-abe883b2-2e8c-413c-8f87-6fcf991d74ce None None] Subscribe: > security_group_rule after_delete 55550000, False {{(pid=103834) subscribe /opt/stack/data/venv/lib/python3.12/site-packages/neutron_lib/callbacks/manager.py:52}}
Apr 15 08:49:04.287581 np0000166426 devstack@neutron-api.service[103834]: DEBUG neutron_lib.callbacks.manager [None req-abe883b2-2e8c-413c-8f87-6fcf991d74ce None None] Subscribe: > address_group after_create 55550000, False {{(pid=103834) subscribe /opt/stack/data/venv/lib/python3.12/site-packages/neutron_lib/callbacks/manager.py:52}}
Apr 15 08:49:04.287653 np0000166426 devstack@neutron-api.service[103832]: INFO neutron.api.extensions [None req-6b8a84e0-2c71-4ae3-a8f4-9735ceb222b6 None None] Loaded extension: flavors
Apr 15 08:49:04.287719 np0000166426 devstack@neutron-api.service[103834]: DEBUG neutron_lib.callbacks.manager [None req-abe883b2-2e8c-413c-8f87-6fcf991d74ce None None] Subscribe: > address_group after_update 55550000, False {{(pid=103834) subscribe /opt/stack/data/venv/lib/python3.12/site-packages/neutron_lib/callbacks/manager.py:52}}
Apr 15 08:49:04.287751 np0000166426 devstack@neutron-api.service[103832]: DEBUG neutron.api.extensions [None req-6b8a84e0-2c71-4ae3-a8f4-9735ceb222b6 None None] Loading extension file: floating_ip_port_forwarding.py {{(pid=103832) _load_all_extensions_from_path /opt/stack/neutron/neutron/api/extensions.py:449}}
Apr 15 08:49:04.287840 np0000166426 devstack@neutron-api.service[103834]: DEBUG neutron_lib.callbacks.manager [None req-abe883b2-2e8c-413c-8f87-6fcf991d74ce None None] Subscribe: > address_group after_delete 55550000, False {{(pid=103834) subscribe /opt/stack/data/venv/lib/python3.12/site-packages/neutron_lib/callbacks/manager.py:52}}
Apr 15 08:49:04.287891 np0000166426 devstack@neutron-api.service[103834]: DEBUG neutron.plugins.ml2.ovo_rpc [None req-abe883b2-2e8c-413c-8f87-6fcf991d74ce None None] ML2 OVO RPC backend initialized. {{(pid=103834) __init__ /opt/stack/neutron/neutron/plugins/ml2/ovo_rpc.py:117}}
Apr 15 08:49:04.288066 np0000166426 devstack@neutron-api.service[103832]: DEBUG neutron.api.extensions [None req-6b8a84e0-2c71-4ae3-a8f4-9735ceb222b6 None None] Ext name="Floating IP Port Forwarding" alias="floating-ip-port-forwarding" description="Allow port forwarding from floating IP port to an internal port" updated="2018-01-19T10:00:00-00:00" {{(pid=103832) _check_extension /opt/stack/neutron/neutron/api/extensions.py:415}}
Apr 15 08:49:04.288241 np0000166426 devstack@neutron-api.service[103832]: INFO neutron.api.extensions [None req-6b8a84e0-2c71-4ae3-a8f4-9735ceb222b6 None None] Extension floating-ip-port-forwarding not supported by any of loaded plugins
Apr 15 08:49:04.288329 np0000166426 devstack@neutron-api.service[103832]: DEBUG neutron.api.extensions [None req-6b8a84e0-2c71-4ae3-a8f4-9735ceb222b6 None None] Loading extension file: floatingip_pools.py {{(pid=103832) _load_all_extensions_from_path /opt/stack/neutron/neutron/api/extensions.py:449}}
Apr 15 08:49:04.288596 np0000166426 devstack@neutron-api.service[103832]: DEBUG neutron.api.extensions [None req-6b8a84e0-2c71-4ae3-a8f4-9735ceb222b6 None None] Ext name="Floating IP Pools Extension" alias="floatingip-pools" description="Provides a floating IP pools API." updated="2018-03-21T10:00:00-00:00" {{(pid=103832) _check_extension /opt/stack/neutron/neutron/api/extensions.py:415}}
