Apr 24 19:12:24.592209 np0000170088 neutron-periodic-workers[105966]: DEBUG cotyledon.oslo_config_glue [-] ml2_type_flat.flat_networks = ['public'] {{(pid=105966) log_opt_values /opt/stack/data/venv/lib/python3.12/site-packages/oslo_config/cfg.py:3006}}
Apr 24 19:12:24.592290 np0000170088 neutron-periodic-workers[105966]: DEBUG cotyledon.oslo_config_glue [-] ml2_type_geneve.max_header_size = 38 {{(pid=105966) log_opt_values /opt/stack/data/venv/lib/python3.12/site-packages/oslo_config/cfg.py:3006}}
Apr 24 19:12:24.592345 np0000170088 neutron-periodic-workers[105966]: DEBUG cotyledon.oslo_config_glue [-] ml2_type_geneve.vni_ranges = ['1:65536'] {{(pid=105966) log_opt_values /opt/stack/data/venv/lib/python3.12/site-packages/oslo_config/cfg.py:3006}}
Apr 24 19:12:24.592413 np0000170088 neutron-periodic-workers[105966]: DEBUG cotyledon.oslo_config_glue [-] ml2_type_vlan.network_vlan_ranges = ['public'] {{(pid=105966) log_opt_values /opt/stack/data/venv/lib/python3.12/site-packages/oslo_config/cfg.py:3006}}
Apr 24 19:12:24.592504 np0000170088 neutron-periodic-workers[105966]: DEBUG cotyledon.oslo_config_glue [-] network_log.burst_limit = 25 {{(pid=105966) log_opt_values /opt/stack/data/venv/lib/python3.12/site-packages/oslo_config/cfg.py:3006}}
Apr 24 19:12:24.592572 np0000170088 neutron-periodic-workers[105966]: DEBUG cotyledon.oslo_config_glue [-] network_log.local_output_log_base = None {{(pid=105966) log_opt_values /opt/stack/data/venv/lib/python3.12/site-packages/oslo_config/cfg.py:3006}}
Apr 24 19:12:24.592635 np0000170088 neutron-periodic-workers[105966]: DEBUG cotyledon.oslo_config_glue [-] network_log.rate_limit = 100 {{(pid=105966) log_opt_values /opt/stack/data/venv/lib/python3.12/site-packages/oslo_config/cfg.py:3006}}
Apr 24 19:12:24.592711 np0000170088 neutron-periodic-workers[105966]: DEBUG cotyledon.oslo_config_glue [-] database.asyncio_connection = **** {{(pid=105966) log_opt_values /opt/stack/data/venv/lib/python3.12/site-packages/oslo_config/cfg.py:3006}}
Apr 24 19:12:24.592775 np0000170088 neutron-periodic-workers[105966]: DEBUG cotyledon.oslo_config_glue [-] database.asyncio_slave_connection = **** {{(pid=105966) log_opt_values /opt/stack/data/venv/lib/python3.12/site-packages/oslo_config/cfg.py:3006}}
Apr 24 19:12:24.592838 np0000170088 neutron-periodic-workers[105966]: DEBUG cotyledon.oslo_config_glue [-] database.backend = sqlalchemy {{(pid=105966) log_opt_values /opt/stack/data/venv/lib/python3.12/site-packages/oslo_config/cfg.py:3006}}
Apr 24 19:12:24.592901 np0000170088 neutron-periodic-workers[105966]: DEBUG cotyledon.oslo_config_glue [-] database.connection = **** {{(pid=105966) log_opt_values /opt/stack/data/venv/lib/python3.12/site-packages/oslo_config/cfg.py:3006}}
Apr 24 19:12:24.592955 np0000170088 neutron-periodic-workers[105966]: DEBUG cotyledon.oslo_config_glue [-] database.connection_debug = 0 {{(pid=105966) log_opt_values /opt/stack/data/venv/lib/python3.12/site-packages/oslo_config/cfg.py:3006}}
Apr 24 19:12:24.593011 np0000170088 neutron-periodic-workers[105966]: DEBUG cotyledon.oslo_config_glue [-] database.connection_parameters = {{(pid=105966) log_opt_values /opt/stack/data/venv/lib/python3.12/site-packages/oslo_config/cfg.py:3006}}
Apr 24 19:12:24.593085 np0000170088 neutron-periodic-workers[105966]: DEBUG cotyledon.oslo_config_glue [-] database.connection_recycle_time = 3600 {{(pid=105966) log_opt_values /opt/stack/data/venv/lib/python3.12/site-packages/oslo_config/cfg.py:3006}}
Apr 24 19:12:24.593141 np0000170088 neutron-periodic-workers[105966]: DEBUG cotyledon.oslo_config_glue [-] database.connection_trace = False {{(pid=105966) log_opt_values /opt/stack/data/venv/lib/python3.12/site-packages/oslo_config/cfg.py:3006}}
Apr 24 19:12:24.593206 np0000170088 neutron-periodic-workers[105966]: DEBUG cotyledon.oslo_config_glue [-] database.db_inc_retry_interval = True {{(pid=105966) log_opt_values /opt/stack/data/venv/lib/python3.12/site-packages/oslo_config/cfg.py:3006}}
Apr 24 19:12:24.593274 np0000170088 neutron-periodic-workers[105966]: DEBUG cotyledon.oslo_config_glue [-] database.db_max_retries = 20 {{(pid=105966) log_opt_values /opt/stack/data/venv/lib/python3.12/site-packages/oslo_config/cfg.py:3006}}
Apr 24 19:12:24.593329 np0000170088 neutron-periodic-workers[105966]: DEBUG cotyledon.oslo_config_glue [-] database.db_max_retry_interval = 10 {{(pid=105966) log_opt_values /opt/stack/data/venv/lib/python3.12/site-packages/oslo_config/cfg.py:3006}}
Apr 24 19:12:24.593385 np0000170088 neutron-periodic-workers[105966]: DEBUG cotyledon.oslo_config_glue [-] database.db_retry_interval = 1 {{(pid=105966) log_opt_values /opt/stack/data/venv/lib/python3.12/site-packages/oslo_config/cfg.py:3006}}
Apr 24 19:12:24.593446 np0000170088 neutron-periodic-workers[105966]: DEBUG cotyledon.oslo_config_glue [-] database.max_overflow = 50 {{(pid=105966) log_opt_values /opt/stack/data/venv/lib/python3.12/site-packages/oslo_config/cfg.py:3006}}
Apr 24 19:12:24.593504 np0000170088 neutron-periodic-workers[105966]: DEBUG cotyledon.oslo_config_glue [-] database.max_pool_size = 5 {{(pid=105966) log_opt_values /opt/stack/data/venv/lib/python3.12/site-packages/oslo_config/cfg.py:3006}}
Apr 24 19:12:24.593556 np0000170088 neutron-periodic-workers[105966]: DEBUG cotyledon.oslo_config_glue [-] database.max_retries = 10 {{(pid=105966) log_opt_values /opt/stack/data/venv/lib/python3.12/site-packages/oslo_config/cfg.py:3006}}
Apr 24 19:12:24.593610 np0000170088 neutron-periodic-workers[105966]: DEBUG cotyledon.oslo_config_glue [-] database.mysql_sql_mode = TRADITIONAL {{(pid=105966) log_opt_values /opt/stack/data/venv/lib/python3.12/site-packages/oslo_config/cfg.py:3006}}
Apr 24 19:12:24.593668 np0000170088 neutron-periodic-workers[105966]: DEBUG cotyledon.oslo_config_glue [-] database.mysql_wsrep_sync_wait = None {{(pid=105966) log_opt_values /opt/stack/data/venv/lib/python3.12/site-packages/oslo_config/cfg.py:3006}}
Apr 24 19:12:24.593716 np0000170088 neutron-periodic-workers[105966]: DEBUG cotyledon.oslo_config_glue [-] database.pool_timeout = None {{(pid=105966) log_opt_values /opt/stack/data/venv/lib/python3.12/site-packages/oslo_config/cfg.py:3006}}
Apr 24 19:12:24.593772 np0000170088 neutron-periodic-workers[105966]: DEBUG cotyledon.oslo_config_glue [-] database.retry_interval = 10 {{(pid=105966) log_opt_values /opt/stack/data/venv/lib/python3.12/site-packages/oslo_config/cfg.py:3006}}
Apr 24 19:12:24.593836 np0000170088 neutron-periodic-workers[105966]: DEBUG cotyledon.oslo_config_glue [-] database.slave_connection = **** {{(pid=105966) log_opt_values /opt/stack/data/venv/lib/python3.12/site-packages/oslo_config/cfg.py:3006}}
Apr 24 19:12:24.593891 np0000170088 neutron-periodic-workers[105966]: DEBUG cotyledon.oslo_config_glue [-] database.sqlite_synchronous = True {{(pid=105966) log_opt_values /opt/stack/data/venv/lib/python3.12/site-packages/oslo_config/cfg.py:3006}}
Apr 24 19:12:24.593953 np0000170088 neutron-periodic-workers[105966]: DEBUG cotyledon.oslo_config_glue [-] database.synchronous_reader = True {{(pid=105966) log_opt_values /opt/stack/data/venv/lib/python3.12/site-packages/oslo_config/cfg.py:3006}}
Apr 24 19:12:24.594009 np0000170088 neutron-periodic-workers[105966]: DEBUG cotyledon.oslo_config_glue [-] database.use_db_reconnect = False {{(pid=105966) log_opt_values /opt/stack/data/venv/lib/python3.12/site-packages/oslo_config/cfg.py:3006}}
Apr 24 19:12:24.594100 np0000170088 neutron-periodic-workers[105966]: DEBUG cotyledon.oslo_config_glue [-] ovn.bfd_min_rx = 1000 {{(pid=105966) log_opt_values /opt/stack/data/venv/lib/python3.12/site-packages/oslo_config/cfg.py:3006}}
Apr 24 19:12:24.594156 np0000170088 neutron-periodic-workers[105966]: DEBUG cotyledon.oslo_config_glue [-] ovn.bfd_min_tx = 100 {{(pid=105966) log_opt_values /opt/stack/data/venv/lib/python3.12/site-packages/oslo_config/cfg.py:3006}}
Apr 24 19:12:24.594238 np0000170088 neutron-periodic-workers[105966]: DEBUG cotyledon.oslo_config_glue [-] ovn.bfd_mult = 3 {{(pid=105966) log_opt_values /opt/stack/data/venv/lib/python3.12/site-packages/oslo_config/cfg.py:3006}}
Apr 24 19:12:24.594297 np0000170088 neutron-periodic-workers[105966]: DEBUG cotyledon.oslo_config_glue [-] ovn.broadcast_arps_to_all_routers = True {{(pid=105966) log_opt_values /opt/stack/data/venv/lib/python3.12/site-packages/oslo_config/cfg.py:3006}}
Apr 24 19:12:24.594353 np0000170088 neutron-periodic-workers[105966]: DEBUG cotyledon.oslo_config_glue [-] ovn.dhcp_default_lease_time = 43200 {{(pid=105966) log_opt_values /opt/stack/data/venv/lib/python3.12/site-packages/oslo_config/cfg.py:3006}}
Apr 24 19:12:24.594409 np0000170088 neutron-periodic-workers[105966]: DEBUG cotyledon.oslo_config_glue [-] ovn.disable_ovn_dhcp_for_baremetal_ports = False {{(pid=105966) log_opt_values /opt/stack/data/venv/lib/python3.12/site-packages/oslo_config/cfg.py:3006}}
Apr 24 19:12:24.594464 np0000170088 neutron-periodic-workers[105966]: DEBUG cotyledon.oslo_config_glue [-] ovn.dns_records_ovn_owned = False {{(pid=105966) log_opt_values /opt/stack/data/venv/lib/python3.12/site-packages/oslo_config/cfg.py:3006}}
Apr 24 19:12:24.594520 np0000170088 neutron-periodic-workers[105966]: DEBUG cotyledon.oslo_config_glue [-] ovn.dns_servers = [] {{(pid=105966) log_opt_values /opt/stack/data/venv/lib/python3.12/site-packages/oslo_config/cfg.py:3006}}
Apr 24 19:12:24.594610 np0000170088 neutron-periodic-workers[105966]: DEBUG cotyledon.oslo_config_glue [-] ovn.enable_distributed_floating_ip = False {{(pid=105966) log_opt_values /opt/stack/data/venv/lib/python3.12/site-packages/oslo_config/cfg.py:3006}}
Apr 24 19:12:24.594639 np0000170088 neutron-periodic-workers[105966]: DEBUG cotyledon.oslo_config_glue [-] ovn.fdb_age_threshold = 300 {{(pid=105966) log_opt_values /opt/stack/data/venv/lib/python3.12/site-packages/oslo_config/cfg.py:3006}}
Apr 24 19:12:24.594666 np0000170088 neutron-periodic-workers[105966]: DEBUG cotyledon.oslo_config_glue [-] ovn.ha_failover_strategy = normal {{(pid=105966) log_opt_values /opt/stack/data/venv/lib/python3.12/site-packages/oslo_config/cfg.py:3006}}
Apr 24 19:12:24.594730 np0000170088 neutron-periodic-workers[105966]: DEBUG cotyledon.oslo_config_glue [-] ovn.live_migration_activation_strategy = rarp {{(pid=105966) log_opt_values /opt/stack/data/venv/lib/python3.12/site-packages/oslo_config/cfg.py:3006}}
Apr 24 19:12:24.594784 np0000170088 neutron-periodic-workers[105966]: DEBUG cotyledon.oslo_config_glue [-] ovn.localnet_learn_fdb = False {{(pid=105966) log_opt_values /opt/stack/data/venv/lib/python3.12/site-packages/oslo_config/cfg.py:3006}}
Apr 24 19:12:24.594837 np0000170088 neutron-periodic-workers[105966]: DEBUG cotyledon.oslo_config_glue [-] ovn.mac_binding_age_threshold = 300 {{(pid=105966) log_opt_values /opt/stack/data/venv/lib/python3.12/site-packages/oslo_config/cfg.py:3006}}
Apr 24 19:12:24.594900 np0000170088 neutron-periodic-workers[105966]: DEBUG cotyledon.oslo_config_glue [-] ovn.neutron_sync_mode = log {{(pid=105966) log_opt_values /opt/stack/data/venv/lib/python3.12/site-packages/oslo_config/cfg.py:3006}}
Apr 24 19:12:24.594956 np0000170088 neutron-periodic-workers[105966]: DEBUG cotyledon.oslo_config_glue [-] ovn.ovn_dhcp4_global_options = {} {{(pid=105966) log_opt_values /opt/stack/data/venv/lib/python3.12/site-packages/oslo_config/cfg.py:3006}}
Apr 24 19:12:24.595010 np0000170088 neutron-periodic-workers[105966]: DEBUG cotyledon.oslo_config_glue [-] ovn.ovn_dhcp6_global_options = {} {{(pid=105966) log_opt_values /opt/stack/data/venv/lib/python3.12/site-packages/oslo_config/cfg.py:3006}}
Apr 24 19:12:24.595059 np0000170088 neutron-periodic-workers[105966]: DEBUG cotyledon.oslo_config_glue [-] ovn.ovn_l3_scheduler = leastloaded {{(pid=105966) log_opt_values /opt/stack/data/venv/lib/python3.12/site-packages/oslo_config/cfg.py:3006}}
Apr 24 19:12:24.595116 np0000170088 neutron-periodic-workers[105966]: DEBUG cotyledon.oslo_config_glue [-] ovn.ovn_metadata_enabled = True {{(pid=105966) log_opt_values /opt/stack/data/venv/lib/python3.12/site-packages/oslo_config/cfg.py:3006}}
Apr 24 19:12:24.595198 np0000170088 neutron-periodic-workers[105966]: DEBUG cotyledon.oslo_config_glue [-] ovn.ovn_nb_ca_cert = /opt/stack/data/CA/int-ca/ca-chain.pem {{(pid=105966) log_opt_values /opt/stack/data/venv/lib/python3.12/site-packages/oslo_config/cfg.py:3006}}
Apr 24 19:12:24.595272 np0000170088 neutron-periodic-workers[105966]: DEBUG cotyledon.oslo_config_glue [-] ovn.ovn_nb_certificate = /opt/stack/data/CA/int-ca/devstack-cert.crt {{(pid=105966) log_opt_values /opt/stack/data/venv/lib/python3.12/site-packages/oslo_config/cfg.py:3006}}
Apr 24 19:12:24.595329 np0000170088 neutron-periodic-workers[105966]: DEBUG cotyledon.oslo_config_glue [-] ovn.ovn_nb_connection = ['ssl:199.204.45.250:6641'] {{(pid=105966) log_opt_values /opt/stack/data/venv/lib/python3.12/site-packages/oslo_config/cfg.py:3006}}
Apr 24 19:12:24.595383 np0000170088 neutron-periodic-workers[105966]: DEBUG cotyledon.oslo_config_glue [-] ovn.ovn_nb_private_key = /opt/stack/data/CA/int-ca/private/devstack-cert.key {{(pid=105966) log_opt_values /opt/stack/data/venv/lib/python3.12/site-packages/oslo_config/cfg.py:3006}}
Apr 24 19:12:24.595438 np0000170088 neutron-periodic-workers[105966]: DEBUG cotyledon.oslo_config_glue [-] ovn.ovn_router_indirect_snat = False {{(pid=105966) log_opt_values /opt/stack/data/venv/lib/python3.12/site-packages/oslo_config/cfg.py:3006}}
Apr 24 19:12:24.595490 np0000170088 neutron-periodic-workers[105966]: DEBUG cotyledon.oslo_config_glue [-] ovn.ovn_sb_ca_cert = /opt/stack/data/CA/int-ca/ca-chain.pem {{(pid=105966) log_opt_values /opt/stack/data/venv/lib/python3.12/site-packages/oslo_config/cfg.py:3006}}
Apr 24 19:12:24.595542 np0000170088 neutron-periodic-workers[105966]: DEBUG cotyledon.oslo_config_glue [-] ovn.ovn_sb_certificate = /opt/stack/data/CA/int-ca/devstack-cert.crt {{(pid=105966) log_opt_values /opt/stack/data/venv/lib/python3.12/site-packages/oslo_config/cfg.py:3006}}
Apr 24 19:12:24.595600 np0000170088 neutron-periodic-workers[105966]: DEBUG cotyledon.oslo_config_glue [-] ovn.ovn_sb_connection = ['ssl:199.204.45.250:6642'] {{(pid=105966) log_opt_values /opt/stack/data/venv/lib/python3.12/site-packages/oslo_config/cfg.py:3006}}
Apr 24 19:12:24.595655 np0000170088 neutron-periodic-workers[105966]: DEBUG cotyledon.oslo_config_glue [-] ovn.ovn_sb_private_key = /opt/stack/data/CA/int-ca/private/devstack-cert.key {{(pid=105966) log_opt_values /opt/stack/data/venv/lib/python3.12/site-packages/oslo_config/cfg.py:3006}}
Apr 24 19:12:24.595711 np0000170088 neutron-periodic-workers[105966]: DEBUG cotyledon.oslo_config_glue [-] ovn.ovs_create_tap = False {{(pid=105966) log_opt_values /opt/stack/data/venv/lib/python3.12/site-packages/oslo_config/cfg.py:3006}}
Apr 24 19:12:24.595764 np0000170088 neutron-periodic-workers[105966]: DEBUG cotyledon.oslo_config_glue [-] ovn.ovsdb_connection_timeout = 180 {{(pid=105966) log_opt_values /opt/stack/data/venv/lib/python3.12/site-packages/oslo_config/cfg.py:3006}}
Apr 24 19:12:24.595818 np0000170088 neutron-periodic-workers[105966]: DEBUG cotyledon.oslo_config_glue [-] ovn.ovsdb_log_level = INFO {{(pid=105966) log_opt_values /opt/stack/data/venv/lib/python3.12/site-packages/oslo_config/cfg.py:3006}}
Apr 24 19:12:24.595874 np0000170088 neutron-periodic-workers[105966]: DEBUG cotyledon.oslo_config_glue [-] ovn.ovsdb_probe_interval = 60000 {{(pid=105966) log_opt_values /opt/stack/data/venv/lib/python3.12/site-packages/oslo_config/cfg.py:3006}}
Apr 24 19:12:24.595928 np0000170088 neutron-periodic-workers[105966]: DEBUG cotyledon.oslo_config_glue [-] ovn.ovsdb_retry_max_interval = 180 {{(pid=105966) log_opt_values /opt/stack/data/venv/lib/python3.12/site-packages/oslo_config/cfg.py:3006}}
Apr 24 19:12:24.595991 np0000170088 neutron-periodic-workers[105966]: DEBUG cotyledon.oslo_config_glue [-] ovn.stateless_nat_enabled = False {{(pid=105966) log_opt_values /opt/stack/data/venv/lib/python3.12/site-packages/oslo_config/cfg.py:3006}}
Apr 24 19:12:24.596052 np0000170088 neutron-periodic-workers[105966]: DEBUG cotyledon.oslo_config_glue [-] ovn.vhost_sock_dir = /var/run/openvswitch {{(pid=105966) log_opt_values /opt/stack/data/venv/lib/python3.12/site-packages/oslo_config/cfg.py:3006}}
Apr 24 19:12:24.596121 np0000170088 neutron-periodic-workers[105966]: DEBUG cotyledon.oslo_config_glue [-] OVS.bridge_mac_table_size = 50000 {{(pid=105966) log_opt_values /opt/stack/data/venv/lib/python3.12/site-packages/oslo_config/cfg.py:3006}}
Apr 24 19:12:24.596251 np0000170088 neutron-periodic-workers[105966]: DEBUG cotyledon.oslo_config_glue [-] OVS.igmp_flood = False {{(pid=105966) log_opt_values /opt/stack/data/venv/lib/python3.12/site-packages/oslo_config/cfg.py:3006}}
Apr 24 19:12:24.596321 np0000170088 neutron-periodic-workers[105966]: DEBUG cotyledon.oslo_config_glue [-] OVS.igmp_flood_reports = True {{(pid=105966) log_opt_values /opt/stack/data/venv/lib/python3.12/site-packages/oslo_config/cfg.py:3006}}
Apr 24 19:12:24.596375 np0000170088 neutron-periodic-workers[105966]: DEBUG cotyledon.oslo_config_glue [-] OVS.igmp_flood_unregistered = False {{(pid=105966) log_opt_values /opt/stack/data/venv/lib/python3.12/site-packages/oslo_config/cfg.py:3006}}
Apr 24 19:12:24.596428 np0000170088 neutron-periodic-workers[105966]: DEBUG cotyledon.oslo_config_glue [-] OVS.igmp_snooping_enable = False {{(pid=105966) log_opt_values /opt/stack/data/venv/lib/python3.12/site-packages/oslo_config/cfg.py:3006}}
Apr 24 19:12:24.596482 np0000170088 neutron-periodic-workers[105966]: DEBUG cotyledon.oslo_config_glue [-] OVS.ovsdb_timeout = 10 {{(pid=105966) log_opt_values /opt/stack/data/venv/lib/python3.12/site-packages/oslo_config/cfg.py:3006}}
Apr 24 19:12:24.596554 np0000170088 neutron-periodic-workers[105966]: DEBUG cotyledon.oslo_config_glue [-] ovn_nb_global.fdb_removal_limit = 0 {{(pid=105966) log_opt_values /opt/stack/data/venv/lib/python3.12/site-packages/oslo_config/cfg.py:3006}}
Apr 24 19:12:24.596615 np0000170088 neutron-periodic-workers[105966]: DEBUG cotyledon.oslo_config_glue [-] ovn_nb_global.ignore_lsp_down = False {{(pid=105966) log_opt_values /opt/stack/data/venv/lib/python3.12/site-packages/oslo_config/cfg.py:3006}}
Apr 24 19:12:24.596681 np0000170088 neutron-periodic-workers[105966]: DEBUG cotyledon.oslo_config_glue [-] ovn_nb_global.mac_binding_removal_limit = 0 {{(pid=105966) log_opt_values /opt/stack/data/venv/lib/python3.12/site-packages/oslo_config/cfg.py:3006}}
Apr 24 19:12:24.596739 np0000170088 neutron-periodic-workers[105966]: DEBUG cotyledon.oslo_config_glue [-] ******************************************************************************** {{(pid=105966) log_opt_values /opt/stack/data/venv/lib/python3.12/site-packages/oslo_config/cfg.py:3013}}
Apr 24 19:12:24.596927 np0000170088 neutron-periodic-workers[105966]: DEBUG cotyledon._service_worker [-] Run service ServiceWrapper(0) [105966] {{(pid=105966) wait_forever /opt/stack/data/venv/lib/python3.12/site-packages/cotyledon/_service_worker.py:218}}
Apr 24 19:12:34.236575 np0000170088 neutron-periodic-workers[105350]: DEBUG dbcounter [-] [105350] Writing DB stats neutron:SELECT=7,neutron:INSERT=1 {{(pid=105350) stat_writer /opt/stack/data/venv/lib/python3.12/site-packages/dbcounter.py:115}}
Apr 24 19:13:12.570925 np0000170088 neutron-periodic-workers[105959]: DEBUG oslo_db.sqlalchemy.engines [None req-ed9dd81b-1329-4147-9351-9f4a546f2366 None None] Parent process 105350 forked (105959) with an open database connection, which is being discarded and recreated. {{(pid=105959) checkout /opt/stack/data/venv/lib/python3.12/site-packages/oslo_db/sqlalchemy/engines.py:402}}
Apr 24 19:13:12.578433 np0000170088 neutron-periodic-workers[105959]: DEBUG dbcounter [-] [105959] Writer thread running {{(pid=105959) stat_writer /opt/stack/data/venv/lib/python3.12/site-packages/dbcounter.py:102}}
Apr 24 19:13:12.586686 np0000170088 neutron-periodic-workers[105959]: DEBUG oslo.service.backend._threading.loopingcall [None req-ed9dd81b-1329-4147-9351-9f4a546f2366 None None] Fixed interval looping call 'neutron.plugins.ml2.plugin.DhcpAgentSchedulerDbMixin.remove_networks_from_down_agents' sleeping for 36.98 seconds {{(pid=105959) _run_loop /opt/stack/data/venv/lib/python3.12/site-packages/oslo_service/backend/_threading/loopingcall.py:125}}
Apr 24 19:13:22.585581 np0000170088 neutron-periodic-workers[105959]: DEBUG dbcounter [-] [105959] Writing DB stats neutron:SELECT=3 {{(pid=105959) stat_writer /opt/stack/data/venv/lib/python3.12/site-packages/dbcounter.py:115}}
Apr 24 19:13:23.597649 np0000170088 neutron-periodic-workers[105961]: DEBUG dbcounter [-] [105961] Writer thread running {{(pid=105961) stat_writer /opt/stack/data/venv/lib/python3.12/site-packages/dbcounter.py:102}}
Apr 24 19:13:23.600709 np0000170088 neutron-periodic-workers[105961]: DEBUG neutron.db.agents_db [None req-f0814c56-4a71-426a-8459-5fcb52d4d3e0 None None] Agent healthcheck: found 0 active agents {{(pid=105961) agent_health_check /opt/stack/neutron/neutron/db/agents_db.py:317}}
Apr 24 19:13:23.600868 np0000170088 neutron-periodic-workers[105961]: DEBUG oslo.service.backend._threading.loopingcall [None req-f0814c56-4a71-426a-8459-5fcb52d4d3e0 None None] Fixed interval looping call 'neutron.plugins.ml2.plugin.AgentDbMixin.agent_health_check' sleeping for 36.98 seconds {{(pid=105961) _run_loop /opt/stack/data/venv/lib/python3.12/site-packages/oslo_service/backend/_threading/loopingcall.py:125}}
Apr 24 19:13:33.598369 np0000170088 neutron-periodic-workers[105961]: DEBUG dbcounter [-] [105961] Writing DB stats neutron:SELECT=1 {{(pid=105961) stat_writer /opt/stack/data/venv/lib/python3.12/site-packages/dbcounter.py:115}}
Apr 24 19:13:36.580087 np0000170088 neutron-periodic-workers[105956]: DEBUG dbcounter [-] [105956] Writer thread running {{(pid=105956) stat_writer /opt/stack/data/venv/lib/python3.12/site-packages/dbcounter.py:102}}
Apr 24 19:13:36.588583 np0000170088 neutron-periodic-workers[105956]: DEBUG oslo.service.backend._threading.loopingcall [None req-6bd417a4-ca93-4e6d-a5c2-a7d636cf8e2f None None] Fixed interval looping call 'neutron.services.ovn_l3.plugin.L3_NAT_dbonly_mixin._clean_garbage' sleeping for 299.96 seconds {{(pid=105956) _run_loop /opt/stack/data/venv/lib/python3.12/site-packages/oslo_service/backend/_threading/loopingcall.py:125}}
Apr 24 19:13:46.580767 np0000170088 neutron-periodic-workers[105956]: DEBUG dbcounter [-] [105956] Writing DB stats neutron:SELECT=1 {{(pid=105956) stat_writer /opt/stack/data/venv/lib/python3.12/site-packages/dbcounter.py:115}}
Apr 24 19:13:49.577367 np0000170088 neutron-periodic-workers[105959]: DEBUG oslo.service.backend._threading.loopingcall [None req-ed9dd81b-1329-4147-9351-9f4a546f2366 None None] Fixed interval looping call 'neutron.plugins.ml2.plugin.DhcpAgentSchedulerDbMixin.remove_networks_from_down_agents' sleeping for 36.99 seconds {{(pid=105959) _run_loop /opt/stack/data/venv/lib/python3.12/site-packages/oslo_service/backend/_threading/loopingcall.py:125}}
Apr 24 19:13:59.576262 np0000170088 neutron-periodic-workers[105959]: DEBUG dbcounter [-] [105959] Writing DB stats neutron:SELECT=3 {{(pid=105959) stat_writer /opt/stack/data/venv/lib/python3.12/site-packages/dbcounter.py:115}}
Apr 24 19:14:00.586141 np0000170088 neutron-periodic-workers[105961]: DEBUG neutron.db.agents_db [None req-f0814c56-4a71-426a-8459-5fcb52d4d3e0 None None] Agent healthcheck: found 0 active agents {{(pid=105961) agent_health_check /opt/stack/neutron/neutron/db/agents_db.py:317}}
Apr 24 19:14:00.586932 np0000170088 neutron-periodic-workers[105961]: DEBUG oslo.service.backend._threading.loopingcall [None req-f0814c56-4a71-426a-8459-5fcb52d4d3e0 None None] Fixed interval looping call 'neutron.plugins.ml2.plugin.AgentDbMixin.agent_health_check' sleeping for 37.00 seconds {{(pid=105961) _run_loop /opt/stack/data/venv/lib/python3.12/site-packages/oslo_service/backend/_threading/loopingcall.py:125}}
Apr 24 19:14:10.587968 np0000170088 neutron-periodic-workers[105961]: DEBUG dbcounter [-] [105961] Writing DB stats neutron:SELECT=1 {{(pid=105961) stat_writer /opt/stack/data/venv/lib/python3.12/site-packages/dbcounter.py:115}}
Apr 24 19:14:24.613035 np0000170088 neutron-periodic-workers[105966]: DEBUG dbcounter [-] [105966] Writer thread running {{(pid=105966) stat_writer /opt/stack/data/venv/lib/python3.12/site-packages/dbcounter.py:102}}
Apr 24 19:14:24.614954 np0000170088 neutron-periodic-workers[105966]: DEBUG oslo.service.backend._threading.loopingcall [None req-77d86678-490b-4412-96d3-f69a8fad5a5e None None] Fixed interval looping call 'neutron.db.quota.driver_nolock.DbQuotaNoLockDriver._remove_expired_reservations' sleeping for 119.99 seconds {{(pid=105966) _run_loop /opt/stack/data/venv/lib/python3.12/site-packages/oslo_service/backend/_threading/loopingcall.py:125}}
Apr 24 19:14:26.577156 np0000170088 neutron-periodic-workers[105959]: DEBUG oslo.service.backend._threading.loopingcall [None req-ed9dd81b-1329-4147-9351-9f4a546f2366 None None] Fixed interval looping call 'neutron.plugins.ml2.plugin.DhcpAgentSchedulerDbMixin.remove_networks_from_down_agents' sleeping for 36.99 seconds {{(pid=105959) _run_loop /opt/stack/data/venv/lib/python3.12/site-packages/oslo_service/backend/_threading/loopingcall.py:125}}
Apr 24 19:14:34.613762 np0000170088 neutron-periodic-workers[105966]: DEBUG dbcounter [-] [105966] Writing DB stats neutron:DELETE=1 {{(pid=105966) stat_writer /opt/stack/data/venv/lib/python3.12/site-packages/dbcounter.py:115}}
Apr 24 19:14:36.576076 np0000170088 neutron-periodic-workers[105959]: DEBUG dbcounter [-] [105959] Writing DB stats neutron:SELECT=3 {{(pid=105959) stat_writer /opt/stack/data/venv/lib/python3.12/site-packages/dbcounter.py:115}}
Apr 24 19:14:37.591267 np0000170088 neutron-periodic-workers[105961]: DEBUG neutron.db.agents_db [None req-f0814c56-4a71-426a-8459-5fcb52d4d3e0 None None] Agent healthcheck: found 0 active agents {{(pid=105961) agent_health_check /opt/stack/neutron/neutron/db/agents_db.py:317}}
Apr 24 19:14:37.591888 np0000170088 neutron-periodic-workers[105961]: DEBUG oslo.service.backend._threading.loopingcall [None req-f0814c56-4a71-426a-8459-5fcb52d4d3e0 None None] Fixed interval looping call 'neutron.plugins.ml2.plugin.AgentDbMixin.agent_health_check' sleeping for 37.00 seconds {{(pid=105961) _run_loop /opt/stack/data/venv/lib/python3.12/site-packages/oslo_service/backend/_threading/loopingcall.py:125}}
Apr 24 19:14:47.589799 np0000170088 neutron-periodic-workers[105961]: DEBUG dbcounter [-] [105961] Writing DB stats neutron:SELECT=1 {{(pid=105961) stat_writer /opt/stack/data/venv/lib/python3.12/site-packages/dbcounter.py:115}}
Apr 24 19:15:03.576567 np0000170088 neutron-periodic-workers[105959]: DEBUG oslo.service.backend._threading.loopingcall [None req-ed9dd81b-1329-4147-9351-9f4a546f2366 None None] Fixed interval looping call 'neutron.plugins.ml2.plugin.DhcpAgentSchedulerDbMixin.remove_networks_from_down_agents' sleeping for 36.99 seconds {{(pid=105959) _run_loop /opt/stack/data/venv/lib/python3.12/site-packages/oslo_service/backend/_threading/loopingcall.py:125}}
Apr 24 19:15:13.576036 np0000170088 neutron-periodic-workers[105959]: DEBUG dbcounter [-] [105959] Writing DB stats neutron:SELECT=3 {{(pid=105959) stat_writer /opt/stack/data/venv/lib/python3.12/site-packages/dbcounter.py:115}}
Apr 24 19:15:14.597663 np0000170088 neutron-periodic-workers[105961]: DEBUG neutron.db.agents_db [None req-f0814c56-4a71-426a-8459-5fcb52d4d3e0 None None] Agent healthcheck: found 0 active agents {{(pid=105961) agent_health_check /opt/stack/neutron/neutron/db/agents_db.py:317}}
Apr 24 19:15:14.598139 np0000170088 neutron-periodic-workers[105961]: DEBUG oslo.service.backend._threading.loopingcall [None req-f0814c56-4a71-426a-8459-5fcb52d4d3e0 None None] Fixed interval looping call 'neutron.plugins.ml2.plugin.AgentDbMixin.agent_health_check' sleeping for 36.99 seconds {{(pid=105961) _run_loop /opt/stack/data/venv/lib/python3.12/site-packages/oslo_service/backend/_threading/loopingcall.py:125}}
Apr 24 19:15:24.595666 np0000170088 neutron-periodic-workers[105961]: DEBUG dbcounter [-] [105961] Writing DB stats neutron:SELECT=1 {{(pid=105961) stat_writer /opt/stack/data/venv/lib/python3.12/site-packages/dbcounter.py:115}}
Apr 24 19:15:40.574460 np0000170088 neutron-periodic-workers[105959]: DEBUG oslo.service.backend._threading.loopingcall [None req-ed9dd81b-1329-4147-9351-9f4a546f2366 None None] Fixed interval looping call 'neutron.plugins.ml2.plugin.DhcpAgentSchedulerDbMixin.remove_networks_from_down_agents' sleeping for 36.99 seconds {{(pid=105959) _run_loop /opt/stack/data/venv/lib/python3.12/site-packages/oslo_service/backend/_threading/loopingcall.py:125}}
Apr 24 19:15:50.573397 np0000170088 neutron-periodic-workers[105959]: DEBUG dbcounter [-] [105959] Writing DB stats neutron:SELECT=3 {{(pid=105959) stat_writer /opt/stack/data/venv/lib/python3.12/site-packages/dbcounter.py:115}}
Apr 24 19:15:51.593302 np0000170088 neutron-periodic-workers[105961]: DEBUG neutron.db.agents_db [None req-f0814c56-4a71-426a-8459-5fcb52d4d3e0 None None] Agent healthcheck: found 0 active agents {{(pid=105961) agent_health_check /opt/stack/neutron/neutron/db/agents_db.py:317}}
Apr 24 19:15:51.593878 np0000170088 neutron-periodic-workers[105961]: DEBUG oslo.service.backend._threading.loopingcall [None req-f0814c56-4a71-426a-8459-5fcb52d4d3e0 None None] Fixed interval looping call 'neutron.plugins.ml2.plugin.AgentDbMixin.agent_health_check' sleeping for 36.99 seconds {{(pid=105961) _run_loop /opt/stack/data/venv/lib/python3.12/site-packages/oslo_service/backend/_threading/loopingcall.py:125}}
Apr 24 19:16:01.591579 np0000170088 neutron-periodic-workers[105961]: DEBUG dbcounter [-] [105961] Writing DB stats neutron:SELECT=1 {{(pid=105961) stat_writer /opt/stack/data/venv/lib/python3.12/site-packages/dbcounter.py:115}}
Apr 24 19:16:17.572176 np0000170088 neutron-periodic-workers[105959]: DEBUG oslo.service.backend._threading.loopingcall [None req-ed9dd81b-1329-4147-9351-9f4a546f2366 None None] Fixed interval looping call 'neutron.plugins.ml2.plugin.DhcpAgentSchedulerDbMixin.remove_networks_from_down_agents' sleeping for 36.99 seconds {{(pid=105959) _run_loop /opt/stack/data/venv/lib/python3.12/site-packages/oslo_service/backend/_threading/loopingcall.py:125}}
Apr 24 19:16:24.612680 np0000170088 neutron-periodic-workers[105966]: DEBUG oslo.service.backend._threading.loopingcall [None req-77d86678-490b-4412-96d3-f69a8fad5a5e None None] Fixed interval looping call 'neutron.db.quota.driver_nolock.DbQuotaNoLockDriver._remove_expired_reservations' sleeping for 119.99 seconds {{(pid=105966) _run_loop /opt/stack/data/venv/lib/python3.12/site-packages/oslo_service/backend/_threading/loopingcall.py:125}}
Apr 24 19:16:27.571221 np0000170088 neutron-periodic-workers[105959]: DEBUG dbcounter [-] [105959] Writing DB stats neutron:SELECT=3 {{(pid=105959) stat_writer /opt/stack/data/venv/lib/python3.12/site-packages/dbcounter.py:115}}
Apr 24 19:16:28.589125 np0000170088 neutron-periodic-workers[105961]: DEBUG neutron.db.agents_db [None req-f0814c56-4a71-426a-8459-5fcb52d4d3e0 None None] Agent healthcheck: found 0 active agents {{(pid=105961) agent_health_check /opt/stack/neutron/neutron/db/agents_db.py:317}}
Apr 24 19:16:28.589681 np0000170088 neutron-periodic-workers[105961]: DEBUG oslo.service.backend._threading.loopingcall [None req-f0814c56-4a71-426a-8459-5fcb52d4d3e0 None None] Fixed interval looping call 'neutron.plugins.ml2.plugin.AgentDbMixin.agent_health_check' sleeping for 36.99 seconds {{(pid=105961) _run_loop /opt/stack/data/venv/lib/python3.12/site-packages/oslo_service/backend/_threading/loopingcall.py:125}}
Apr 24 19:16:34.610065 np0000170088 neutron-periodic-workers[105966]: DEBUG dbcounter [-] [105966] Writing DB stats neutron:DELETE=1 {{(pid=105966) stat_writer /opt/stack/data/venv/lib/python3.12/site-packages/dbcounter.py:115}}
Apr 24 19:16:38.587505 np0000170088 neutron-periodic-workers[105961]: DEBUG dbcounter [-] [105961] Writing DB stats neutron:SELECT=1 {{(pid=105961) stat_writer /opt/stack/data/venv/lib/python3.12/site-packages/dbcounter.py:115}}
Apr 24 19:16:54.571497 np0000170088 neutron-periodic-workers[105959]: DEBUG oslo.service.backend._threading.loopingcall [None req-ed9dd81b-1329-4147-9351-9f4a546f2366 None None] Fixed interval looping call 'neutron.plugins.ml2.plugin.DhcpAgentSchedulerDbMixin.remove_networks_from_down_agents' sleeping for 36.99 seconds {{(pid=105959) _run_loop /opt/stack/data/venv/lib/python3.12/site-packages/oslo_service/backend/_threading/loopingcall.py:125}}
Apr 24 19:17:04.570810 np0000170088 neutron-periodic-workers[105959]: DEBUG dbcounter [-] [105959] Writing DB stats neutron:SELECT=3 {{(pid=105959) stat_writer /opt/stack/data/venv/lib/python3.12/site-packages/dbcounter.py:115}}
Apr 24 19:17:05.585172 np0000170088 neutron-periodic-workers[105961]: DEBUG neutron.db.agents_db [None req-f0814c56-4a71-426a-8459-5fcb52d4d3e0 None None] Agent healthcheck: found 0 active agents {{(pid=105961) agent_health_check /opt/stack/neutron/neutron/db/agents_db.py:317}}
Apr 24 19:17:05.585753 np0000170088 neutron-periodic-workers[105961]: DEBUG oslo.service.backend._threading.loopingcall [None req-f0814c56-4a71-426a-8459-5fcb52d4d3e0 None None] Fixed interval looping call 'neutron.plugins.ml2.plugin.AgentDbMixin.agent_health_check' sleeping for 36.99 seconds {{(pid=105961) _run_loop /opt/stack/data/venv/lib/python3.12/site-packages/oslo_service/backend/_threading/loopingcall.py:125}}
Apr 24 19:17:15.583665 np0000170088 neutron-periodic-workers[105961]: DEBUG dbcounter [-] [105961] Writing DB stats neutron:SELECT=1 {{(pid=105961) stat_writer /opt/stack/data/venv/lib/python3.12/site-packages/dbcounter.py:115}}
Apr 24 19:17:31.574174 np0000170088 neutron-periodic-workers[105959]: DEBUG oslo.service.backend._threading.loopingcall [None req-ed9dd81b-1329-4147-9351-9f4a546f2366 None None] Fixed interval looping call 'neutron.plugins.ml2.plugin.DhcpAgentSchedulerDbMixin.remove_networks_from_down_agents' sleeping for 36.99 seconds {{(pid=105959) _run_loop /opt/stack/data/venv/lib/python3.12/site-packages/oslo_service/backend/_threading/loopingcall.py:125}}
Apr 24 19:17:41.570639 np0000170088 neutron-periodic-workers[105959]: DEBUG dbcounter [-] [105959] Writing DB stats neutron:SELECT=3 {{(pid=105959) stat_writer /opt/stack/data/venv/lib/python3.12/site-packages/dbcounter.py:115}}
Apr 24 19:17:42.581814 np0000170088 neutron-periodic-workers[105961]: DEBUG neutron.db.agents_db [None req-f0814c56-4a71-426a-8459-5fcb52d4d3e0 None None] Agent healthcheck: found 0 active agents {{(pid=105961) agent_health_check /opt/stack/neutron/neutron/db/agents_db.py:317}}
Apr 24 19:17:42.582715 np0000170088 neutron-periodic-workers[105961]: DEBUG oslo.service.backend._threading.loopingcall [None req-f0814c56-4a71-426a-8459-5fcb52d4d3e0 None None] Fixed interval looping call 'neutron.plugins.ml2.plugin.AgentDbMixin.agent_health_check' sleeping for 36.99 seconds {{(pid=105961) _run_loop /opt/stack/data/venv/lib/python3.12/site-packages/oslo_service/backend/_threading/loopingcall.py:125}}
Apr 24 19:17:52.579056 np0000170088 neutron-periodic-workers[105961]: DEBUG dbcounter [-] [105961] Writing DB stats neutron:SELECT=1 {{(pid=105961) stat_writer /opt/stack/data/venv/lib/python3.12/site-packages/dbcounter.py:115}}
Apr 24 19:18:08.574511 np0000170088 neutron-periodic-workers[105959]: DEBUG oslo.service.backend._threading.loopingcall [None req-ed9dd81b-1329-4147-9351-9f4a546f2366 None None] Fixed interval looping call 'neutron.plugins.ml2.plugin.DhcpAgentSchedulerDbMixin.remove_networks_from_down_agents' sleeping for 36.99 seconds {{(pid=105959) _run_loop /opt/stack/data/venv/lib/python3.12/site-packages/oslo_service/backend/_threading/loopingcall.py:125}}
Apr 24 19:18:18.573120 np0000170088 neutron-periodic-workers[105959]: DEBUG dbcounter [-] [105959] Writing DB stats neutron:SELECT=3 {{(pid=105959) stat_writer /opt/stack/data/venv/lib/python3.12/site-packages/dbcounter.py:115}}
Apr 24 19:18:19.577530 np0000170088 neutron-periodic-workers[105961]: DEBUG neutron.db.agents_db [None req-f0814c56-4a71-426a-8459-5fcb52d4d3e0 None None] Agent healthcheck: found 0 active agents {{(pid=105961) agent_health_check /opt/stack/neutron/neutron/db/agents_db.py:317}}
Apr 24 19:18:19.578108 np0000170088 neutron-periodic-workers[105961]: DEBUG oslo.service.backend._threading.loopingcall [None req-f0814c56-4a71-426a-8459-5fcb52d4d3e0 None None] Fixed interval looping call 'neutron.plugins.ml2.plugin.AgentDbMixin.agent_health_check' sleeping for 36.99 seconds {{(pid=105961) _run_loop /opt/stack/data/venv/lib/python3.12/site-packages/oslo_service/backend/_threading/loopingcall.py:125}}
Apr 24 19:18:24.609373 np0000170088 neutron-periodic-workers[105966]: DEBUG oslo.service.backend._threading.loopingcall [None req-77d86678-490b-4412-96d3-f69a8fad5a5e None None] Fixed interval looping call 'neutron.db.quota.driver_nolock.DbQuotaNoLockDriver._remove_expired_reservations' sleeping for 119.99 seconds {{(pid=105966) _run_loop /opt/stack/data/venv/lib/python3.12/site-packages/oslo_service/backend/_threading/loopingcall.py:125}}
Apr 24 19:18:29.575698 np0000170088 neutron-periodic-workers[105961]: DEBUG dbcounter [-] [105961] Writing DB stats neutron:SELECT=1 {{(pid=105961) stat_writer /opt/stack/data/venv/lib/python3.12/site-packages/dbcounter.py:115}}
Apr 24 19:18:34.606906 np0000170088 neutron-periodic-workers[105966]: DEBUG dbcounter [-] [105966] Writing DB stats neutron:DELETE=1 {{(pid=105966) stat_writer /opt/stack/data/venv/lib/python3.12/site-packages/dbcounter.py:115}}
Apr 24 19:18:36.559300 np0000170088 neutron-periodic-workers[105956]: DEBUG oslo.service.backend._threading.loopingcall [None req-6bd417a4-ca93-4e6d-a5c2-a7d636cf8e2f None None] Fixed interval looping call 'neutron.services.ovn_l3.plugin.L3_NAT_dbonly_mixin._clean_garbage' sleeping for 299.99 seconds {{(pid=105956) _run_loop /opt/stack/data/venv/lib/python3.12/site-packages/oslo_service/backend/_threading/loopingcall.py:125}}
Apr 24 19:18:45.574586 np0000170088 neutron-periodic-workers[105959]: DEBUG oslo.service.backend._threading.loopingcall [None req-ed9dd81b-1329-4147-9351-9f4a546f2366 None None] Fixed interval looping call 'neutron.plugins.ml2.plugin.DhcpAgentSchedulerDbMixin.remove_networks_from_down_agents' sleeping for 36.99 seconds {{(pid=105959) _run_loop /opt/stack/data/venv/lib/python3.12/site-packages/oslo_service/backend/_threading/loopingcall.py:125}}
Apr 24 19:18:46.551982 np0000170088 neutron-periodic-workers[105956]: DEBUG dbcounter [-] [105956] Writing DB stats neutron:SELECT=1 {{(pid=105956) stat_writer /opt/stack/data/venv/lib/python3.12/site-packages/dbcounter.py:115}}
Apr 24 19:18:55.573138 np0000170088 neutron-periodic-workers[105959]: DEBUG dbcounter [-] [105959] Writing DB stats neutron:SELECT=3 {{(pid=105959) stat_writer /opt/stack/data/venv/lib/python3.12/site-packages/dbcounter.py:115}}
Apr 24 19:18:56.576382 np0000170088 neutron-periodic-workers[105961]: DEBUG neutron.db.agents_db [None req-f0814c56-4a71-426a-8459-5fcb52d4d3e0 None None] Agent healthcheck: found 0 active agents {{(pid=105961) agent_health_check /opt/stack/neutron/neutron/db/agents_db.py:317}}
Apr 24 19:18:56.577216 np0000170088 neutron-periodic-workers[105961]: DEBUG oslo.service.backend._threading.loopingcall [None req-f0814c56-4a71-426a-8459-5fcb52d4d3e0 None None] Fixed interval looping call 'neutron.plugins.ml2.plugin.AgentDbMixin.agent_health_check' sleeping for 36.99 seconds {{(pid=105961) _run_loop /opt/stack/data/venv/lib/python3.12/site-packages/oslo_service/backend/_threading/loopingcall.py:125}}
Apr 24 19:19:06.573937 np0000170088 neutron-periodic-workers[105961]: DEBUG dbcounter [-] [105961] Writing DB stats neutron:SELECT=1 {{(pid=105961) stat_writer /opt/stack/data/venv/lib/python3.12/site-packages/dbcounter.py:115}}
Apr 24 19:19:22.573498 np0000170088 neutron-periodic-workers[105959]: DEBUG oslo.service.backend._threading.loopingcall [None req-ed9dd81b-1329-4147-9351-9f4a546f2366 None None] Fixed interval looping call 'neutron.plugins.ml2.plugin.DhcpAgentSchedulerDbMixin.remove_networks_from_down_agents' sleeping for 36.99 seconds {{(pid=105959) _run_loop /opt/stack/data/venv/lib/python3.12/site-packages/oslo_service/backend/_threading/loopingcall.py:125}}
Apr 24 19:19:32.572577 np0000170088 neutron-periodic-workers[105959]: DEBUG dbcounter [-] [105959] Writing DB stats neutron:SELECT=3 {{(pid=105959) stat_writer /opt/stack/data/venv/lib/python3.12/site-packages/dbcounter.py:115}}
Apr 24 19:19:33.570551 np0000170088 neutron-periodic-workers[105961]: DEBUG neutron.db.agents_db [None req-f0814c56-4a71-426a-8459-5fcb52d4d3e0 None None] Agent healthcheck: found 0 active agents {{(pid=105961) agent_health_check /opt/stack/neutron/neutron/db/agents_db.py:317}}
Apr 24 19:19:33.571254 np0000170088 neutron-periodic-workers[105961]: DEBUG oslo.service.backend._threading.loopingcall [None req-f0814c56-4a71-426a-8459-5fcb52d4d3e0 None None] Fixed interval looping call 'neutron.plugins.ml2.plugin.AgentDbMixin.agent_health_check' sleeping for 37.00 seconds {{(pid=105961) _run_loop /opt/stack/data/venv/lib/python3.12/site-packages/oslo_service/backend/_threading/loopingcall.py:125}}
Apr 24 19:19:43.569602 np0000170088 neutron-periodic-workers[105961]: DEBUG dbcounter [-] [105961] Writing DB stats neutron:SELECT=1 {{(pid=105961) stat_writer /opt/stack/data/venv/lib/python3.12/site-packages/dbcounter.py:115}}
Apr 24 19:19:59.571747 np0000170088 neutron-periodic-workers[105959]: DEBUG oslo.service.backend._threading.loopingcall [None req-ed9dd81b-1329-4147-9351-9f4a546f2366 None None] Fixed interval looping call 'neutron.plugins.ml2.plugin.DhcpAgentSchedulerDbMixin.remove_networks_from_down_agents' sleeping for 36.99 seconds {{(pid=105959) _run_loop /opt/stack/data/venv/lib/python3.12/site-packages/oslo_service/backend/_threading/loopingcall.py:125}}
Apr 24 19:20:09.570791 np0000170088 neutron-periodic-workers[105959]: DEBUG dbcounter [-] [105959] Writing DB stats neutron:SELECT=3 {{(pid=105959) stat_writer /opt/stack/data/venv/lib/python3.12/site-packages/dbcounter.py:115}}
Apr 24 19:20:10.575552 np0000170088 neutron-periodic-workers[105961]: DEBUG neutron.db.agents_db [None req-f0814c56-4a71-426a-8459-5fcb52d4d3e0 None None] Agent healthcheck: found 0 active agents {{(pid=105961) agent_health_check /opt/stack/neutron/neutron/db/agents_db.py:317}}
Apr 24 19:20:10.575897 np0000170088 neutron-periodic-workers[105961]: DEBUG oslo.service.backend._threading.loopingcall [None req-f0814c56-4a71-426a-8459-5fcb52d4d3e0 None None] Fixed interval looping call 'neutron.plugins.ml2.plugin.AgentDbMixin.agent_health_check' sleeping for 37.00 seconds {{(pid=105961) _run_loop /opt/stack/data/venv/lib/python3.12/site-packages/oslo_service/backend/_threading/loopingcall.py:125}}
Apr 24 19:20:20.573513 np0000170088 neutron-periodic-workers[105961]: DEBUG dbcounter [-] [105961] Writing DB stats neutron:SELECT=1 {{(pid=105961) stat_writer /opt/stack/data/venv/lib/python3.12/site-packages/dbcounter.py:115}}
Apr 24 19:20:24.604848 np0000170088 neutron-periodic-workers[105966]: DEBUG oslo.service.backend._threading.loopingcall [None req-77d86678-490b-4412-96d3-f69a8fad5a5e None None] Fixed interval looping call 'neutron.db.quota.driver_nolock.DbQuotaNoLockDriver._remove_expired_reservations' sleeping for 119.99 seconds {{(pid=105966) _run_loop /opt/stack/data/venv/lib/python3.12/site-packages/oslo_service/backend/_threading/loopingcall.py:125}}
Apr 24 19:20:34.601809 np0000170088 neutron-periodic-workers[105966]: DEBUG dbcounter [-] [105966] Writing DB stats neutron:DELETE=1 {{(pid=105966) stat_writer /opt/stack/data/venv/lib/python3.12/site-packages/dbcounter.py:115}}
Apr 24 19:20:36.576771 np0000170088 neutron-periodic-workers[105959]: DEBUG oslo.service.backend._threading.loopingcall [None req-ed9dd81b-1329-4147-9351-9f4a546f2366 None None] Fixed interval looping call 'neutron.plugins.ml2.plugin.DhcpAgentSchedulerDbMixin.remove_networks_from_down_agents' sleeping for 36.99 seconds {{(pid=105959) _run_loop /opt/stack/data/venv/lib/python3.12/site-packages/oslo_service/backend/_threading/loopingcall.py:125}}
Apr 24 19:20:46.574705 np0000170088 neutron-periodic-workers[105959]: DEBUG dbcounter [-] [105959] Writing DB stats neutron:SELECT=3 {{(pid=105959) stat_writer /opt/stack/data/venv/lib/python3.12/site-packages/dbcounter.py:115}}
Apr 24 19:20:47.581005 np0000170088 neutron-periodic-workers[105961]: DEBUG neutron.db.agents_db [None req-f0814c56-4a71-426a-8459-5fcb52d4d3e0 None None] Agent healthcheck: found 0 active agents {{(pid=105961) agent_health_check /opt/stack/neutron/neutron/db/agents_db.py:317}}
Apr 24 19:20:47.581745 np0000170088 neutron-periodic-workers[105961]: DEBUG oslo.service.backend._threading.loopingcall [None req-f0814c56-4a71-426a-8459-5fcb52d4d3e0 None None] Fixed interval looping call 'neutron.plugins.ml2.plugin.AgentDbMixin.agent_health_check' sleeping for 36.99 seconds {{(pid=105961) _run_loop /opt/stack/data/venv/lib/python3.12/site-packages/oslo_service/backend/_threading/loopingcall.py:125}}
Apr 24 19:20:57.581100 np0000170088 neutron-periodic-workers[105961]: DEBUG dbcounter [-] [105961] Writing DB stats neutron:SELECT=1 {{(pid=105961) stat_writer /opt/stack/data/venv/lib/python3.12/site-packages/dbcounter.py:115}}
Apr 24 19:21:13.575653 np0000170088 neutron-periodic-workers[105959]: DEBUG oslo.service.backend._threading.loopingcall [None req-ed9dd81b-1329-4147-9351-9f4a546f2366 None None] Fixed interval looping call 'neutron.plugins.ml2.plugin.DhcpAgentSchedulerDbMixin.remove_networks_from_down_agents' sleeping for 36.99 seconds {{(pid=105959) _run_loop /opt/stack/data/venv/lib/python3.12/site-packages/oslo_service/backend/_threading/loopingcall.py:125}}
Apr 24 19:21:23.574919 np0000170088 neutron-periodic-workers[105959]: DEBUG dbcounter [-] [105959] Writing DB stats neutron:SELECT=3 {{(pid=105959) stat_writer /opt/stack/data/venv/lib/python3.12/site-packages/dbcounter.py:115}}
Apr 24 19:21:24.575748 np0000170088 neutron-periodic-workers[105961]: DEBUG neutron.db.agents_db [None req-f0814c56-4a71-426a-8459-5fcb52d4d3e0 None None] Agent healthcheck: found 0 active agents {{(pid=105961) agent_health_check /opt/stack/neutron/neutron/db/agents_db.py:317}}
Apr 24 19:21:24.576167 np0000170088 neutron-periodic-workers[105961]: DEBUG oslo.service.backend._threading.loopingcall [None req-f0814c56-4a71-426a-8459-5fcb52d4d3e0 None None] Fixed interval looping call 'neutron.plugins.ml2.plugin.AgentDbMixin.agent_health_check' sleeping for 37.00 seconds {{(pid=105961) _run_loop /opt/stack/data/venv/lib/python3.12/site-packages/oslo_service/backend/_threading/loopingcall.py:125}}
Apr 24 19:21:34.574691 np0000170088 neutron-periodic-workers[105961]: DEBUG dbcounter [-] [105961] Writing DB stats neutron:SELECT=1 {{(pid=105961) stat_writer /opt/stack/data/venv/lib/python3.12/site-packages/dbcounter.py:115}}
Apr 24 19:21:50.573110 np0000170088 neutron-periodic-workers[105959]: DEBUG oslo.service.backend._threading.loopingcall [None req-ed9dd81b-1329-4147-9351-9f4a546f2366 None None] Fixed interval looping call 'neutron.plugins.ml2.plugin.DhcpAgentSchedulerDbMixin.remove_networks_from_down_agents' sleeping for 36.99 seconds {{(pid=105959) _run_loop /opt/stack/data/venv/lib/python3.12/site-packages/oslo_service/backend/_threading/loopingcall.py:125}}
Apr 24 19:22:00.572352 np0000170088 neutron-periodic-workers[105959]: DEBUG dbcounter [-] [105959] Writing DB stats neutron:SELECT=3 {{(pid=105959) stat_writer /opt/stack/data/venv/lib/python3.12/site-packages/dbcounter.py:115}}
Apr 24 19:22:01.579537 np0000170088 neutron-periodic-workers[105961]: DEBUG neutron.db.agents_db [None req-f0814c56-4a71-426a-8459-5fcb52d4d3e0 None None] Agent healthcheck: found 0 active agents {{(pid=105961) agent_health_check /opt/stack/neutron/neutron/db/agents_db.py:317}}
Apr 24 19:22:01.580539 np0000170088 neutron-periodic-workers[105961]: DEBUG oslo.service.backend._threading.loopingcall [None req-f0814c56-4a71-426a-8459-5fcb52d4d3e0 None None] Fixed interval looping call 'neutron.plugins.ml2.plugin.AgentDbMixin.agent_health_check' sleeping for 37.00 seconds {{(pid=105961) _run_loop /opt/stack/data/venv/lib/python3.12/site-packages/oslo_service/backend/_threading/loopingcall.py:125}}
Apr 24 19:22:11.578486 np0000170088 neutron-periodic-workers[105961]: DEBUG dbcounter [-] [105961] Writing DB stats neutron:SELECT=1 {{(pid=105961) stat_writer /opt/stack/data/venv/lib/python3.12/site-packages/dbcounter.py:115}}
Apr 24 19:22:24.599655 np0000170088 neutron-periodic-workers[105966]: DEBUG oslo.service.backend._threading.loopingcall [None req-77d86678-490b-4412-96d3-f69a8fad5a5e None None] Fixed interval looping call 'neutron.db.quota.driver_nolock.DbQuotaNoLockDriver._remove_expired_reservations' sleeping for 120.00 seconds {{(pid=105966) _run_loop /opt/stack/data/venv/lib/python3.12/site-packages/oslo_service/backend/_threading/loopingcall.py:125}}
Apr 24 19:22:27.573613 np0000170088 neutron-periodic-workers[105959]: DEBUG oslo.service.backend._threading.loopingcall [None req-ed9dd81b-1329-4147-9351-9f4a546f2366 None None] Fixed interval looping call 'neutron.plugins.ml2.plugin.DhcpAgentSchedulerDbMixin.remove_networks_from_down_agents' sleeping for 36.99 seconds {{(pid=105959) _run_loop /opt/stack/data/venv/lib/python3.12/site-packages/oslo_service/backend/_threading/loopingcall.py:125}}
Apr 24 19:22:34.598475 np0000170088 neutron-periodic-workers[105966]: DEBUG dbcounter [-] [105966] Writing DB stats neutron:DELETE=1 {{(pid=105966) stat_writer /opt/stack/data/venv/lib/python3.12/site-packages/dbcounter.py:115}}
