2026-04-27 17:50:31.997 8 INFO placement.requestlog [None req-a9f9554e-14f0-44b5-b1e8-dea46f877854 - - - - - -] 10.0.0.233 "GET /" status: 200 len: 136 microversion: 1.0
2026-04-27 17:50:31.999 7 INFO placement.requestlog [None req-0d036ffa-1e45-4bd7-a4ae-9dccd8172c84 - - - - - -] 10.0.0.233 "GET /" status: 200 len: 136 microversion: 1.0
2026-04-27 17:50:41.997 8 INFO placement.requestlog [None req-4ec52b4b-7639-4a8b-8410-ee3b0a163c3a - - - - - -] 10.0.0.233 "GET /" status: 200 len: 136 microversion: 1.0
2026-04-27 17:50:41.997 7 INFO placement.requestlog [None req-acf698d3-5bf7-4de4-a21b-cf2a4ad25077 - - - - - -] 10.0.0.233 "GET /" status: 200 len: 136 microversion: 1.0
2026-04-27 17:50:51.997 7 INFO placement.requestlog [None req-db83341a-58e5-474a-bff1-c5572fd6b1d8 - - - - - -] 10.0.0.233 "GET /" status: 200 len: 136 microversion: 1.0
2026-04-27 17:50:51.997 8 INFO placement.requestlog [None req-4b25b8c6-5a4c-40ca-9b2c-75022dab43b4 - - - - - -] 10.0.0.233 "GET /" status: 200 len: 136 microversion: 1.0
2026-04-27 17:51:01.997 7 INFO placement.requestlog [None req-a9fb2e65-605d-458c-a04b-f5551437dcb7 - - - - - -] 10.0.0.233 "GET /" status: 200 len: 136 microversion: 1.0
2026-04-27 17:51:01.997 8 INFO placement.requestlog [None req-a528ad23-aabb-495b-be4c-0ead3ba27d5c - - - - - -] 10.0.0.233 "GET /" status: 200 len: 136 microversion: 1.0
2026-04-27 17:51:07.751 7 INFO placement.requestlog [req-c4625750-e9b3-4575-a8d2-974fa788a868 req-8a2b10b3-1fa2-44c8-a456-b4d7ef8fcced 03501be4f56c4040a77908a91037d79b 90107c38d5d34dc5b852cb6a7aa38e4d - - fd31685db47542d196522f016a1215ef fd31685db47542d196522f016a1215ef] 199.204.45.169 "GET /resource_providers/89218993-71a8-409c-8d8c-2f5280f2b8f9/allocations" status: 200 len: 54 microversion: 1.0 [pid: 7|app: 0|req: 299/596] 199.204.45.169 () {32 vars in 857 bytes} [Mon Apr 27 17:51:07 2026] GET /resource_providers/89218993-71a8-409c-8d8c-2f5280f2b8f9/allocations => generated 54 bytes in 89 msecs (HTTP/1.1 200) 6 headers in 223 bytes (1 switches on core 0)
2026-04-27 17:51:07.793 8 INFO placement.requestlog [req-c4625750-e9b3-4575-a8d2-974fa788a868 req-f81b751b-416b-4cce-8e25-2bdb7ce67122 03501be4f56c4040a77908a91037d79b 90107c38d5d34dc5b852cb6a7aa38e4d - - fd31685db47542d196522f016a1215ef fd31685db47542d196522f016a1215ef] 199.204.45.169 "GET /resource_providers?in_tree=89218993-71a8-409c-8d8c-2f5280f2b8f9" status: 200 len: 797 microversion: 1.14 [pid: 8|app: 0|req: 298/597] 199.204.45.169 () {34 vars in 892 bytes} [Mon Apr 27 17:51:07 2026] GET /resource_providers?in_tree=89218993-71a8-409c-8d8c-2f5280f2b8f9 => generated 797 bytes in 23 msecs (HTTP/1.1 200) 6 headers in 225 bytes (1 switches on core 0)
2026-04-27 17:51:07.812 7 INFO placement.requestlog [req-c4625750-e9b3-4575-a8d2-974fa788a868 req-ce2b894b-ff20-4d0a-92b4-07c353642ecc 03501be4f56c4040a77908a91037d79b 90107c38d5d34dc5b852cb6a7aa38e4d - - fd31685db47542d196522f016a1215ef fd31685db47542d196522f016a1215ef] 199.204.45.169 "GET /resource_providers/89218993-71a8-409c-8d8c-2f5280f2b8f9/inventories" status: 200 len: 400 microversion: 1.0 [pid: 7|app: 0|req: 300/598] 199.204.45.169 () {32 vars in 857 bytes} [Mon Apr 27 17:51:07 2026] GET /resource_providers/89218993-71a8-409c-8d8c-2f5280f2b8f9/inventories => generated 400 bytes in 11 msecs (HTTP/1.1 200) 6 headers in 224 bytes (1 switches on core 0)
2026-04-27 17:51:07.835 8 INFO placement.requestlog [req-c4625750-e9b3-4575-a8d2-974fa788a868 req-28052f0a-c7d6-4e15-91d2-b2c2c01ab6e4 03501be4f56c4040a77908a91037d79b 90107c38d5d34dc5b852cb6a7aa38e4d - - fd31685db47542d196522f016a1215ef fd31685db47542d196522f016a1215ef] 199.204.45.169 "GET /resource_providers/89218993-71a8-409c-8d8c-2f5280f2b8f9/aggregates" status: 200 len: 53 microversion: 1.19 [pid: 8|app: 0|req: 299/599] 199.204.45.169 () {34 vars in 899 bytes} [Mon Apr 27 17:51:07 2026] GET /resource_providers/89218993-71a8-409c-8d8c-2f5280f2b8f9/aggregates => generated 53 bytes in 19 msecs (HTTP/1.1 200) 8 headers in 295 bytes (1 switches on core 0)
2026-04-27 17:51:07.860 7 INFO placement.requestlog [req-c4625750-e9b3-4575-a8d2-974fa788a868 req-554fd2d1-4996-42d7-8ab0-0efff7d92dff 03501be4f56c4040a77908a91037d79b 90107c38d5d34dc5b852cb6a7aa38e4d - - fd31685db47542d196522f016a1215ef fd31685db47542d196522f016a1215ef] 199.204.45.169 "GET /resource_providers/89218993-71a8-409c-8d8c-2f5280f2b8f9/traits" status: 200 len: 2316 microversion: 1.6 [pid: 7|app: 0|req: 301/600] 199.204.45.169 () {34 vars in 890 bytes} [Mon Apr 27 17:51:07 2026] GET /resource_providers/89218993-71a8-409c-8d8c-2f5280f2b8f9/traits => generated 2316 bytes in 16 msecs (HTTP/1.1 200) 6 headers in 225 bytes (1 switches on core 0)
2026-04-27 17:51:07.876 8 INFO placement.requestlog [req-c4625750-e9b3-4575-a8d2-974fa788a868 req-cd47b624-8407-46a7-97b7-66d9224cf7ed 03501be4f56c4040a77908a91037d79b 90107c38d5d34dc5b852cb6a7aa38e4d - - fd31685db47542d196522f016a1215ef fd31685db47542d196522f016a1215ef] 199.204.45.169 "GET /resource_providers/89218993-71a8-409c-8d8c-2f5280f2b8f9/allocations" status: 200 len: 54 microversion: 1.0 [pid: 8|app: 0|req: 300/601] 199.204.45.169 () {32 vars in 857 bytes} [Mon Apr 27 17:51:07 2026] GET /resource_providers/89218993-71a8-409c-8d8c-2f5280f2b8f9/allocations => generated 54 bytes in 11 msecs (HTTP/1.1 200) 6 headers in 223 bytes (1 switches on core 0)
2026-04-27 17:51:11.997 7 INFO placement.requestlog [None req-91714961-78a6-4bea-84d6-f3b9b7dfd254 - - - - - -] 10.0.0.233 "GET /" status: 200 len: 136 microversion: 1.0
2026-04-27 17:51:11.998 8 INFO placement.requestlog [None req-97b854dd-626a-4cdd-b1b1-ea5b7aea6fb6 - - - - - -] 10.0.0.233 "GET /" status: 200 len: 136 microversion: 1.0
2026-04-27 17:51:21.997 7 INFO placement.requestlog [None req-a8bd76cd-9bb9-4139-89af-e341cb5bb453 - - - - - -] 10.0.0.233 "GET /" status: 200 len: 136 microversion: 1.0
2026-04-27 17:51:21.997 8 INFO placement.requestlog [None req-045bf705-a24f-4b1a-9ee9-94efd18e2894 - - - - - -] 10.0.0.233 "GET /" status: 200 len: 136 microversion: 1.0
2026-04-27 17:51:31.997 8 INFO placement.requestlog [None req-b6c64e1d-3f35-45e6-80b1-4283a48528e0 - - - - - -] 10.0.0.233 "GET /" status: 200 len: 136 microversion: 1.0
2026-04-27 17:51:31.997 7 INFO placement.requestlog [None req-15b3e5e3-e703-4e5a-92a6-2b4bc87f6998 - - - - - -] 10.0.0.233 "GET /" status: 200 len: 136 microversion: 1.0
2026-04-27 17:51:41.997 7 INFO placement.requestlog [None req-9155e6a9-5504-40ec-912b-837de584c522 - - - - - -] 10.0.0.233 "GET /" status: 200 len: 136 microversion: 1.0
2026-04-27 17:51:41.997 8 INFO placement.requestlog [None req-8a569695-9239-4d58-9d1b-216fd31447a0 - - - - - -] 10.0.0.233 "GET /" status: 200 len: 136 microversion: 1.0
2026-04-27 17:51:51.997 7 INFO placement.requestlog [None req-5965c214-9874-4f4b-8fbb-f253e3200912 - - - - - -] 10.0.0.233 "GET /" status: 200 len: 136 microversion: 1.0
2026-04-27 17:51:51.997 8 INFO placement.requestlog [None req-8e8979f8-568e-40a6-8bb7-d903a033d824 - - - - - -] 10.0.0.233 "GET /" status: 200 len: 136 microversion: 1.0
2026-04-27 17:52:01.997 8 INFO placement.requestlog [None req-207bd015-c638-427e-bd60-87fc7347fb5f - - - - - -] 10.0.0.233 "GET /" status: 200 len: 136 microversion: 1.0
2026-04-27 17:52:01.997 7 INFO placement.requestlog [None req-2613c554-b5a6-427a-937a-f7d216a36dd4 - - - - - -] 10.0.0.233 "GET /" status: 200 len: 136 microversion: 1.0
2026-04-27 17:52:02.748 8 INFO placement.requestlog [req-bbba44c0-c667-4e51-93fd-c89848300028 req-d98423ff-f72c-4800-8793-c7b1ebd41366 03501be4f56c4040a77908a91037d79b 90107c38d5d34dc5b852cb6a7aa38e4d - - fd31685db47542d196522f016a1215ef fd31685db47542d196522f016a1215ef] 10.0.0.146 "GET /allocation_candidates?limit=1000&resources=DISK_GB%3A1%2CMEMORY_MB%3A512%2CVCPU%3A1&root_required=%21COMPUTE_STATUS_DISABLED" status: 200 len: 2781 microversion: 1.36 [pid: 8|app: 0|req: 307/614] 10.0.0.146 () {34 vars in 1012 bytes} [Mon Apr 27 17:52:02 2026] GET /allocation_candidates?limit=1000&resources=DISK_GB%3A1%2CMEMORY_MB%3A512%2CVCPU%3A1&root_required=%21COMPUTE_STATUS_DISABLED => generated 2781 bytes in 194 msecs (HTTP/1.1 200) 8 headers in 297 bytes (1 switches on core 0)
2026-04-27 17:52:02.794 7 INFO placement.requestlog [req-bbba44c0-c667-4e51-93fd-c89848300028 req-cad14c40-91c8-4189-822c-317a169c719d 03501be4f56c4040a77908a91037d79b 90107c38d5d34dc5b852cb6a7aa38e4d - - fd31685db47542d196522f016a1215ef fd31685db47542d196522f016a1215ef] 10.0.0.146 "GET /allocations/adb74f7b-db61-47d7-afa2-696b3db58e15" status: 200 len: 19 microversion: 1.28 [pid: 7|app: 0|req: 308/615] 10.0.0.146 () {34 vars in 861 bytes} [Mon Apr 27 17:52:02 2026] GET /allocations/adb74f7b-db61-47d7-afa2-696b3db58e15 => generated 19 bytes in 15 msecs (HTTP/1.1 200) 8 headers in 295 bytes (1 switches on core 0)
2026-04-27 17:52:02.871 8 INFO placement.requestlog [req-bbba44c0-c667-4e51-93fd-c89848300028 req-b6663567-2d5e-4a82-9c1f-c7e2555f4df1 03501be4f56c4040a77908a91037d79b 90107c38d5d34dc5b852cb6a7aa38e4d - - fd31685db47542d196522f016a1215ef fd31685db47542d196522f016a1215ef] 10.0.0.146 "PUT /allocations/adb74f7b-db61-47d7-afa2-696b3db58e15" status: 204 len: 0 microversion: 1.36 [pid: 8|app: 0|req: 308/616] 10.0.0.146 () {38 vars in 914 bytes} [Mon Apr 27 17:52:02 2026] PUT /allocations/adb74f7b-db61-47d7-afa2-696b3db58e15 => generated 0 bytes in 68 msecs (HTTP/1.1 204) 5 headers in 199 bytes (1 switches on core 0)
2026-04-27 17:52:04.372 7 INFO placement.requestlog [req-bbba44c0-c667-4e51-93fd-c89848300028 req-33ba9624-d5cb-4097-afac-1a0865c9a867 03501be4f56c4040a77908a91037d79b 90107c38d5d34dc5b852cb6a7aa38e4d - - fd31685db47542d196522f016a1215ef fd31685db47542d196522f016a1215ef] 199.204.45.169 "GET /allocations/adb74f7b-db61-47d7-afa2-696b3db58e15" status: 200 len: 257 microversion: 1.28 [pid: 7|app: 0|req: 309/617] 199.204.45.169 () {34 vars in 863 bytes} [Mon Apr 27 17:52:04 2026] GET /allocations/adb74f7b-db61-47d7-afa2-696b3db58e15 => generated 257 bytes in 17 msecs (HTTP/1.1 200) 8 headers in 296 bytes (1 switches on core 0)
2026-04-27 17:52:04.730 8 INFO placement.requestlog [None req-bf32bc28-b443-40b7-bc3d-f8a45227e439 f719ae60a3424c35851191429320ccfe 90107c38d5d34dc5b852cb6a7aa38e4d - - fd31685db47542d196522f016a1215ef fd31685db47542d196522f016a1215ef] 10.0.0.97 "GET /resource_providers/e50bed77-dbd4-43ba-b16e-7dd714078d7f/aggregates" status: 404 len: 235 microversion: 1.1 [pid: 8|app: 0|req: 309/618] 10.0.0.97 () {32 vars in 815 bytes} [Mon Apr 27 17:52:04 2026] GET /resource_providers/e50bed77-dbd4-43ba-b16e-7dd714078d7f/aggregates => generated 235 bytes in 41 msecs (HTTP/1.1 404) 5 headers in 202 bytes (1 switches on core 0)
2026-04-27 17:52:04.748 8 INFO placement.requestlog [None req-375ef2aa-5e6b-493e-84a3-049873156e78 f719ae60a3424c35851191429320ccfe 90107c38d5d34dc5b852cb6a7aa38e4d - - fd31685db47542d196522f016a1215ef fd31685db47542d196522f016a1215ef] 10.0.0.97 "DELETE /resource_providers/e50bed77-dbd4-43ba-b16e-7dd714078d7f" status: 404 len: 246 microversion: 1.1 [pid: 8|app: 0|req: 310/619] 10.0.0.97 () {34 vars in 815 bytes} [Mon Apr 27 17:52:04 2026] DELETE /resource_providers/e50bed77-dbd4-43ba-b16e-7dd714078d7f => generated 246 bytes in 7 msecs (HTTP/1.1 404) 6 headers in 231 bytes (1 switches on core 0)
2026-04-27 17:52:04.778 7 INFO placement.requestlog [None req-98e2daf2-0831-4cc1-8302-74eb24b4d22d f719ae60a3424c35851191429320ccfe 90107c38d5d34dc5b852cb6a7aa38e4d - - fd31685db47542d196522f016a1215ef fd31685db47542d196522f016a1215ef] 10.0.0.97 "GET /resource_providers/e50bed77-dbd4-43ba-b16e-7dd714078d7f/aggregates" status: 404 len: 235 microversion: 1.1 [pid: 7|app: 0|req: 310/620] 10.0.0.97 () {32 vars in 815 bytes} [Mon Apr 27 17:52:04 2026] GET /resource_providers/e50bed77-dbd4-43ba-b16e-7dd714078d7f/aggregates => generated 235 bytes in 57 msecs (HTTP/1.1 404) 5 headers in 202 bytes (1 switches on core 0)
2026-04-27 17:52:04.793 8 INFO placement.requestlog [None req-08b343da-43d4-4f4e-bf19-0d1b4f54dfc3 f719ae60a3424c35851191429320ccfe 90107c38d5d34dc5b852cb6a7aa38e4d - - fd31685db47542d196522f016a1215ef fd31685db47542d196522f016a1215ef] 10.0.0.97 "DELETE /resource_providers/e50bed77-dbd4-43ba-b16e-7dd714078d7f" status: 404 len: 246 microversion: 1.1 [pid: 8|app: 0|req: 311/621] 10.0.0.97 () {34 vars in 815 bytes} [Mon Apr 27 17:52:04 2026] DELETE /resource_providers/e50bed77-dbd4-43ba-b16e-7dd714078d7f => generated 246 bytes in 7 msecs (HTTP/1.1 404) 6 headers in 231 bytes (1 switches on core 0)
2026-04-27 17:52:05.408 7 INFO placement.requestlog [req-bbba44c0-c667-4e51-93fd-c89848300028 req-aa3ac90b-5cf5-4ca9-8470-34ff5a4d3af5 03501be4f56c4040a77908a91037d79b 90107c38d5d34dc5b852cb6a7aa38e4d - - fd31685db47542d196522f016a1215ef fd31685db47542d196522f016a1215ef] 199.204.45.169 "GET /resource_providers/89218993-71a8-409c-8d8c-2f5280f2b8f9/allocations" status: 200 len: 152 microversion: 1.0 [pid: 7|app: 0|req: 311/622] 199.204.45.169 () {32 vars in 857 bytes} [Mon Apr 27 17:52:05 2026] GET /resource_providers/89218993-71a8-409c-8d8c-2f5280f2b8f9/allocations => generated 152 bytes in 16 msecs (HTTP/1.1 200) 6 headers in 224 bytes (1 switches on core 0)
2026-04-27 17:52:05.439 8 INFO placement.requestlog [req-bbba44c0-c667-4e51-93fd-c89848300028 req-a242453f-aa06-48be-ab6b-24bb4e69396f 03501be4f56c4040a77908a91037d79b 90107c38d5d34dc5b852cb6a7aa38e4d - - fd31685db47542d196522f016a1215ef fd31685db47542d196522f016a1215ef] 199.204.45.169 "GET /allocations/adb74f7b-db61-47d7-afa2-696b3db58e15" status: 200 len: 257 microversion: 1.28 [pid: 8|app: 0|req: 312/623] 199.204.45.169 () {34 vars in 863 bytes} [Mon Apr 27 17:52:05 2026] GET /allocations/adb74f7b-db61-47d7-afa2-696b3db58e15 => generated 257 bytes in 18 msecs (HTTP/1.1 200) 8 headers in 296 bytes (1 switches on core 0)
2026-04-27 17:52:05.750 7 INFO placement.requestlog [req-df811b4d-3718-48cc-aacb-8c2b9df73187 req-ce1c689e-f5d9-4b8d-9481-51691b1c7235 03501be4f56c4040a77908a91037d79b 90107c38d5d34dc5b852cb6a7aa38e4d - - fd31685db47542d196522f016a1215ef fd31685db47542d196522f016a1215ef] 10.0.0.146 "GET /allocation_candidates?limit=1000&resources=MEMORY_MB%3A512%2CVCPU%3A1&root_required=%21COMPUTE_STATUS_DISABLED" status: 200 len: 2769 microversion: 1.36 [pid: 7|app: 0|req: 312/624] 10.0.0.146 () {34 vars in 984 bytes} [Mon Apr 27 17:52:05 2026] GET /allocation_candidates?limit=1000&resources=MEMORY_MB%3A512%2CVCPU%3A1&root_required=%21COMPUTE_STATUS_DISABLED => generated 2769 bytes in 60 msecs (HTTP/1.1 200) 8 headers in 297 bytes (1 switches on core 0)
2026-04-27 17:52:05.792 8 INFO placement.requestlog [req-df811b4d-3718-48cc-aacb-8c2b9df73187 req-c1900161-8722-45fe-87c9-5d33c6ca8b1b 03501be4f56c4040a77908a91037d79b 90107c38d5d34dc5b852cb6a7aa38e4d - - fd31685db47542d196522f016a1215ef fd31685db47542d196522f016a1215ef] 10.0.0.146 "GET /allocations/444610da-cc0b-4ac9-8b92-c43a5b378595" status: 200 len: 19 microversion: 1.28 [pid: 8|app: 0|req: 313/625] 10.0.0.146 () {34 vars in 861 bytes} [Mon Apr 27 17:52:05 2026] GET /allocations/444610da-cc0b-4ac9-8b92-c43a5b378595 => generated 19 bytes in 13 msecs (HTTP/1.1 200) 8 headers in 295 bytes (1 switches on core 0)
2026-04-27 17:52:05.877 7 INFO placement.requestlog [req-df811b4d-3718-48cc-aacb-8c2b9df73187 req-a94b6fbd-ff3a-4ae7-90ce-b70cd671853c 03501be4f56c4040a77908a91037d79b 90107c38d5d34dc5b852cb6a7aa38e4d - - fd31685db47542d196522f016a1215ef fd31685db47542d196522f016a1215ef] 10.0.0.146 "PUT /allocations/444610da-cc0b-4ac9-8b92-c43a5b378595" status: 204 len: 0 microversion: 1.36 [pid: 7|app: 0|req: 313/626] 10.0.0.146 () {38 vars in 914 bytes} [Mon Apr 27 17:52:05 2026] PUT /allocations/444610da-cc0b-4ac9-8b92-c43a5b378595 => generated 0 bytes in 78 msecs (HTTP/1.1 204) 5 headers in 199 bytes (1 switches on core 0)
2026-04-27 17:52:06.766 8 INFO placement.requestlog [None req-8852e05f-912b-440a-947d-4fa3d1ea410d f719ae60a3424c35851191429320ccfe 90107c38d5d34dc5b852cb6a7aa38e4d - - fd31685db47542d196522f016a1215ef fd31685db47542d196522f016a1215ef] 10.0.0.97 "GET /resource_providers/c48c8ebe-593b-4e1c-9ca0-514a44e2ffea/aggregates" status: 404 len: 235 microversion: 1.1 [pid: 8|app: 0|req: 314/627] 10.0.0.97 () {32 vars in 815 bytes} [Mon Apr 27 17:52:06 2026] GET /resource_providers/c48c8ebe-593b-4e1c-9ca0-514a44e2ffea/aggregates => generated 235 bytes in 6 msecs (HTTP/1.1 404) 5 headers in 202 bytes (1 switches on core 0)
2026-04-27 17:52:06.795 7 INFO placement.requestlog [None req-5d16b6c7-9fc7-4b00-8cd0-1279d884f2c5 f719ae60a3424c35851191429320ccfe 90107c38d5d34dc5b852cb6a7aa38e4d - - fd31685db47542d196522f016a1215ef fd31685db47542d196522f016a1215ef] 10.0.0.97 "DELETE /resource_providers/c48c8ebe-593b-4e1c-9ca0-514a44e2ffea" status: 404 len: 246 microversion: 1.1 [pid: 7|app: 0|req: 314/628] 10.0.0.97 () {34 vars in 815 bytes} [Mon Apr 27 17:52:06 2026] DELETE /resource_providers/c48c8ebe-593b-4e1c-9ca0-514a44e2ffea => generated 246 bytes in 14 msecs (HTTP/1.1 404) 6 headers in 231 bytes (1 switches on core 0)
2026-04-27 17:52:06.816 8 INFO placement.requestlog [None req-c240e5cf-9d2b-41e5-a164-4020f04e7184 f719ae60a3424c35851191429320ccfe 90107c38d5d34dc5b852cb6a7aa38e4d - - fd31685db47542d196522f016a1215ef fd31685db47542d196522f016a1215ef] 10.0.0.97 "GET /resource_providers/c48c8ebe-593b-4e1c-9ca0-514a44e2ffea/aggregates" status: 404 len: 235 microversion: 1.1 [pid: 8|app: 0|req: 315/629] 10.0.0.97 () {32 vars in 815 bytes} [Mon Apr 27 17:52:06 2026] GET /resource_providers/c48c8ebe-593b-4e1c-9ca0-514a44e2ffea/aggregates => generated 235 bytes in 13 msecs (HTTP/1.1 404) 5 headers in 202 bytes (1 switches on core 0)
2026-04-27 17:52:06.843 7 INFO placement.requestlog [None req-6a4418d6-390a-4eea-9edd-ec5c8bd49f91 f719ae60a3424c35851191429320ccfe 90107c38d5d34dc5b852cb6a7aa38e4d - - fd31685db47542d196522f016a1215ef fd31685db47542d196522f016a1215ef] 10.0.0.97 "DELETE /resource_providers/c48c8ebe-593b-4e1c-9ca0-514a44e2ffea" status: 404 len: 246 microversion: 1.1 [pid: 7|app: 0|req: 315/630] 10.0.0.97 () {34 vars in 815 bytes} [Mon Apr 27 17:52:06 2026] DELETE /resource_providers/c48c8ebe-593b-4e1c-9ca0-514a44e2ffea => generated 246 bytes in 11 msecs (HTTP/1.1 404) 6 headers in 231 bytes (1 switches on core 0)
2026-04-27 17:52:07.357 7 INFO placement.requestlog [None req-3144b3c7-787a-4288-b0a0-4ef60f7eea88 f719ae60a3424c35851191429320ccfe 90107c38d5d34dc5b852cb6a7aa38e4d - - fd31685db47542d196522f016a1215ef fd31685db47542d196522f016a1215ef] 10.0.0.97 "GET /resource_providers/ac97903f-8a37-4609-bc0b-8f40745c4665/aggregates" status: 404 len: 235 microversion: 1.1 [pid: 7|app: 0|req: 316/631] 10.0.0.97 () {32 vars in 815 bytes} [Mon Apr 27 17:52:07 2026] GET /resource_providers/ac97903f-8a37-4609-bc0b-8f40745c4665/aggregates => generated 235 bytes in 110 msecs (HTTP/1.1 404) 5 headers in 202 bytes (1 switches on core 0)
2026-04-27 17:52:07.379 7 INFO placement.requestlog [None req-b5646c28-3909-452a-a400-ba9676eaeb66 f719ae60a3424c35851191429320ccfe 90107c38d5d34dc5b852cb6a7aa38e4d - - fd31685db47542d196522f016a1215ef fd31685db47542d196522f016a1215ef] 10.0.0.97 "DELETE /resource_providers/ac97903f-8a37-4609-bc0b-8f40745c4665" status: 404 len: 246 microversion: 1.1 [pid: 7|app: 0|req: 317/632] 10.0.0.97 () {34 vars in 815 bytes} [Mon Apr 27 17:52:07 2026] DELETE /resource_providers/ac97903f-8a37-4609-bc0b-8f40745c4665 => generated 246 bytes in 10 msecs (HTTP/1.1 404) 6 headers in 231 bytes (1 switches on core 0)
2026-04-27 17:52:07.385 8 INFO placement.requestlog [None req-27f7a018-d736-4b43-931d-a4aee59bc5c0 f719ae60a3424c35851191429320ccfe 90107c38d5d34dc5b852cb6a7aa38e4d - - fd31685db47542d196522f016a1215ef fd31685db47542d196522f016a1215ef] 10.0.0.97 "GET /resource_providers/ac97903f-8a37-4609-bc0b-8f40745c4665/aggregates" status: 404 len: 235 microversion: 1.1 [pid: 8|app: 0|req: 316/633] 10.0.0.97 () {32 vars in 815 bytes} [Mon Apr 27 17:52:07 2026] GET /resource_providers/ac97903f-8a37-4609-bc0b-8f40745c4665/aggregates => generated 235 bytes in 140 msecs (HTTP/1.1 404) 5 headers in 202 bytes (1 switches on core 0)
2026-04-27 17:52:07.410 7 INFO placement.requestlog [None req-848c2086-ac5a-4cd0-a5ea-1fc4b970feaf f719ae60a3424c35851191429320ccfe 90107c38d5d34dc5b852cb6a7aa38e4d - - fd31685db47542d196522f016a1215ef fd31685db47542d196522f016a1215ef] 10.0.0.97 "DELETE /resource_providers/ac97903f-8a37-4609-bc0b-8f40745c4665" status: 404 len: 246 microversion: 1.1 [pid: 7|app: 0|req: 318/634] 10.0.0.97 () {34 vars in 815 bytes} [Mon Apr 27 17:52:07 2026] DELETE /resource_providers/ac97903f-8a37-4609-bc0b-8f40745c4665 => generated 246 bytes in 12 msecs (HTTP/1.1 404) 6 headers in 231 bytes (1 switches on core 0)
2026-04-27 17:52:07.538 8 INFO placement.requestlog [req-df811b4d-3718-48cc-aacb-8c2b9df73187 req-6fd74044-603b-47f4-b377-78621913a5df 03501be4f56c4040a77908a91037d79b 90107c38d5d34dc5b852cb6a7aa38e4d - - fd31685db47542d196522f016a1215ef fd31685db47542d196522f016a1215ef] 199.204.45.169 "GET /allocations/444610da-cc0b-4ac9-8b92-c43a5b378595" status: 200 len: 243 microversion: 1.28 [pid: 8|app: 0|req: 317/635] 199.204.45.169 () {34 vars in 863 bytes} [Mon Apr 27 17:52:07 2026] GET /allocations/444610da-cc0b-4ac9-8b92-c43a5b378595 => generated 243 bytes in 10 msecs (HTTP/1.1 200) 8 headers in 296 bytes (1 switches on core 0)
2026-04-27 17:52:07.739 7 INFO placement.requestlog [req-5cc4e159-9546-4a10-8847-7ad1cbda53a2 req-13646fcb-8f4b-4af0-8ac4-359475c5694f 03501be4f56c4040a77908a91037d79b 90107c38d5d34dc5b852cb6a7aa38e4d - - fd31685db47542d196522f016a1215ef fd31685db47542d196522f016a1215ef] 199.204.45.169 "GET /resource_providers/89218993-71a8-409c-8d8c-2f5280f2b8f9/allocations" status: 200 len: 238 microversion: 1.0 [pid: 7|app: 0|req: 319/636] 199.204.45.169 () {32 vars in 857 bytes} [Mon Apr 27 17:52:07 2026] GET /resource_providers/89218993-71a8-409c-8d8c-2f5280f2b8f9/allocations => generated 238 bytes in 30 msecs (HTTP/1.1 200) 6 headers in 224 bytes (1 switches on core 0)
2026-04-27 17:52:08.270 8 INFO placement.requestlog [req-5cc4e159-9546-4a10-8847-7ad1cbda53a2 req-e6f2a2ba-2d5a-4393-8d5e-5b2070785210 03501be4f56c4040a77908a91037d79b 90107c38d5d34dc5b852cb6a7aa38e4d - - fd31685db47542d196522f016a1215ef fd31685db47542d196522f016a1215ef] 199.204.45.169 "GET /resource_providers/89218993-71a8-409c-8d8c-2f5280f2b8f9/allocations" status: 200 len: 238 microversion: 1.0 [pid: 8|app: 0|req: 318/637] 199.204.45.169 () {32 vars in 857 bytes} [Mon Apr 27 17:52:08 2026] GET /resource_providers/89218993-71a8-409c-8d8c-2f5280f2b8f9/allocations => generated 238 bytes in 13 msecs (HTTP/1.1 200) 6 headers in 224 bytes (1 switches on core 0)
2026-04-27 17:52:08.290 7 INFO placement.requestlog [req-5cc4e159-9546-4a10-8847-7ad1cbda53a2 req-4a9029dd-7800-470b-b232-50162a300e62 03501be4f56c4040a77908a91037d79b 90107c38d5d34dc5b852cb6a7aa38e4d - - fd31685db47542d196522f016a1215ef fd31685db47542d196522f016a1215ef] 199.204.45.169 "GET /allocations/adb74f7b-db61-47d7-afa2-696b3db58e15" status: 200 len: 257 microversion: 1.28 [pid: 7|app: 0|req: 320/638] 199.204.45.169 () {34 vars in 863 bytes} [Mon Apr 27 17:52:08 2026] GET /allocations/adb74f7b-db61-47d7-afa2-696b3db58e15 => generated 257 bytes in 15 msecs (HTTP/1.1 200) 8 headers in 296 bytes (1 switches on core 0)
2026-04-27 17:52:08.311 8 INFO placement.requestlog [req-5cc4e159-9546-4a10-8847-7ad1cbda53a2 req-33d265be-b9cd-4a45-9186-b4197e8833c3 03501be4f56c4040a77908a91037d79b 90107c38d5d34dc5b852cb6a7aa38e4d - - fd31685db47542d196522f016a1215ef fd31685db47542d196522f016a1215ef] 199.204.45.169 "GET /allocations/444610da-cc0b-4ac9-8b92-c43a5b378595" status: 200 len: 243 microversion: 1.28 [pid: 8|app: 0|req: 319/639] 199.204.45.169 () {34 vars in 863 bytes} [Mon Apr 27 17:52:08 2026] GET /allocations/444610da-cc0b-4ac9-8b92-c43a5b378595 => generated 243 bytes in 14 msecs (HTTP/1.1 200) 8 headers in 296 bytes (1 switches on core 0)
2026-04-27 17:52:08.814 7 INFO placement.requestlog [None req-29461919-860d-4b8f-bcdf-42c8b8c19f5c f719ae60a3424c35851191429320ccfe 90107c38d5d34dc5b852cb6a7aa38e4d - - fd31685db47542d196522f016a1215ef fd31685db47542d196522f016a1215ef] 10.0.0.97 "GET /resource_providers/6b69c3ce-6cbf-4baf-bc14-a917fcb7a320/aggregates" status: 404 len: 235 microversion: 1.1 [pid: 7|app: 0|req: 321/640] 10.0.0.97 () {32 vars in 815 bytes} [Mon Apr 27 17:52:08 2026] GET /resource_providers/6b69c3ce-6cbf-4baf-bc14-a917fcb7a320/aggregates => generated 235 bytes in 10 msecs (HTTP/1.1 404) 5 headers in 202 bytes (1 switches on core 0)
2026-04-27 17:52:08.839 8 INFO placement.requestlog [None req-6ffb168f-860a-495c-8427-e4f3f6fa3abd f719ae60a3424c35851191429320ccfe 90107c38d5d34dc5b852cb6a7aa38e4d - - fd31685db47542d196522f016a1215ef fd31685db47542d196522f016a1215ef] 10.0.0.97 "DELETE /resource_providers/6b69c3ce-6cbf-4baf-bc14-a917fcb7a320" status: 404 len: 246 microversion: 1.1 [pid: 8|app: 0|req: 320/641] 10.0.0.97 () {34 vars in 815 bytes} [Mon Apr 27 17:52:08 2026] DELETE /resource_providers/6b69c3ce-6cbf-4baf-bc14-a917fcb7a320 => generated 246 bytes in 13 msecs (HTTP/1.1 404) 6 headers in 231 bytes (1 switches on core 0)
2026-04-27 17:52:08.867 7 INFO placement.requestlog [None req-83443d2d-caf7-4bbf-be30-0d798edcd276 f719ae60a3424c35851191429320ccfe 90107c38d5d34dc5b852cb6a7aa38e4d - - fd31685db47542d196522f016a1215ef fd31685db47542d196522f016a1215ef] 10.0.0.97 "GET /resource_providers/6b69c3ce-6cbf-4baf-bc14-a917fcb7a320/aggregates" status: 404 len: 235 microversion: 1.1 [pid: 7|app: 0|req: 322/642] 10.0.0.97 () {32 vars in 815 bytes} [Mon Apr 27 17:52:08 2026] GET /resource_providers/6b69c3ce-6cbf-4baf-bc14-a917fcb7a320/aggregates => generated 235 bytes in 14 msecs (HTTP/1.1 404) 5 headers in 202 bytes (1 switches on core 0)
2026-04-27 17:52:08.885 8 INFO placement.requestlog [None req-ce313096-56c7-410d-8777-7b8101eb2faa f719ae60a3424c35851191429320ccfe 90107c38d5d34dc5b852cb6a7aa38e4d - - fd31685db47542d196522f016a1215ef fd31685db47542d196522f016a1215ef] 10.0.0.97 "DELETE /resource_providers/6b69c3ce-6cbf-4baf-bc14-a917fcb7a320" status: 404 len: 246 microversion: 1.1 [pid: 8|app: 0|req: 321/643] 10.0.0.97 () {34 vars in 815 bytes} [Mon Apr 27 17:52:08 2026] DELETE /resource_providers/6b69c3ce-6cbf-4baf-bc14-a917fcb7a320 => generated 246 bytes in 11 msecs (HTTP/1.1 404) 6 headers in 231 bytes (1 switches on core 0)
2026-04-27 17:52:10.372 7 INFO placement.requestlog [req-df811b4d-3718-48cc-aacb-8c2b9df73187 req-f6e567e0-7a31-483b-a8ce-ad78bc24c966 03501be4f56c4040a77908a91037d79b 90107c38d5d34dc5b852cb6a7aa38e4d - - fd31685db47542d196522f016a1215ef fd31685db47542d196522f016a1215ef] 199.204.45.169 "GET /resource_providers/89218993-71a8-409c-8d8c-2f5280f2b8f9/allocations" status: 200 len: 238 microversion: 1.0 [pid: 7|app: 0|req: 323/644] 199.204.45.169 () {32 vars in 857 bytes} [Mon Apr 27 17:52:10 2026] GET /resource_providers/89218993-71a8-409c-8d8c-2f5280f2b8f9/allocations => generated 238 bytes in 17 msecs (HTTP/1.1 200) 6 headers in 224 bytes (1 switches on core 0)
2026-04-27 17:52:10.393 8 INFO placement.requestlog [req-df811b4d-3718-48cc-aacb-8c2b9df73187 req-0385424b-1607-47d2-a283-b59905272d85 03501be4f56c4040a77908a91037d79b 90107c38d5d34dc5b852cb6a7aa38e4d - - fd31685db47542d196522f016a1215ef fd31685db47542d196522f016a1215ef] 199.204.45.169 "GET /allocations/adb74f7b-db61-47d7-afa2-696b3db58e15" status: 200 len: 257 microversion: 1.28 [pid: 8|app: 0|req: 322/645] 199.204.45.169 () {34 vars in 863 bytes} [Mon Apr 27 17:52:10 2026] GET /allocations/adb74f7b-db61-47d7-afa2-696b3db58e15 => generated 257 bytes in 14 msecs (HTTP/1.1 200) 8 headers in 296 bytes (1 switches on core 0)
2026-04-27 17:52:10.418 7 INFO placement.requestlog [req-df811b4d-3718-48cc-aacb-8c2b9df73187 req-b44eb47a-a308-40fc-9d37-a5ba2cae5276 03501be4f56c4040a77908a91037d79b 90107c38d5d34dc5b852cb6a7aa38e4d - - fd31685db47542d196522f016a1215ef fd31685db47542d196522f016a1215ef] 199.204.45.169 "GET /allocations/444610da-cc0b-4ac9-8b92-c43a5b378595" status: 200 len: 243 microversion: 1.28 [pid: 7|app: 0|req: 324/646] 199.204.45.169 () {34 vars in 863 bytes} [Mon Apr 27 17:52:10 2026] GET /allocations/444610da-cc0b-4ac9-8b92-c43a5b378595 => generated 243 bytes in 21 msecs (HTTP/1.1 200) 8 headers in 296 bytes (1 switches on core 0)
2026-04-27 17:52:11.996 7 INFO placement.requestlog [None req-b9f2437c-06a7-456e-ad45-9fda8c5414d6 - - - - - -] 10.0.0.233 "GET /" status: 200 len: 136 microversion: 1.0
2026-04-27 17:52:11.997 8 INFO placement.requestlog [None req-8ef9036a-a100-4a72-9f7c-644106a067ff - - - - - -] 10.0.0.233 "GET /" status: 200 len: 136 microversion: 1.0
2026-04-27 17:52:14.149 7 INFO placement.requestlog [req-930d2cf9-4b1c-44df-bbfe-5cb6ce9c1141 req-94fc8e2a-c2b2-42fe-8cea-104e6078b2db 03501be4f56c4040a77908a91037d79b 90107c38d5d34dc5b852cb6a7aa38e4d - - fd31685db47542d196522f016a1215ef fd31685db47542d196522f016a1215ef] 10.0.0.146 "GET /allocation_candidates?limit=1000&resources=DISK_GB%3A1%2CMEMORY_MB%3A512%2CVCPU%3A1&root_required=%21COMPUTE_STATUS_DISABLED" status: 200 len: 2784 microversion: 1.36 [pid: 7|app: 0|req: 326/649] 10.0.0.146 () {34 vars in 1012 bytes} [Mon Apr 27 17:52:14 2026] GET /allocation_candidates?limit=1000&resources=DISK_GB%3A1%2CMEMORY_MB%3A512%2CVCPU%3A1&root_required=%21COMPUTE_STATUS_DISABLED => generated 2784 bytes in 48 msecs (HTTP/1.1 200) 8 headers in 297 bytes (1 switches on core 0)
2026-04-27 17:52:14.194 8 INFO placement.requestlog [req-930d2cf9-4b1c-44df-bbfe-5cb6ce9c1141 req-7d49c1c6-acad-44fa-9bc2-40eef9e42203 03501be4f56c4040a77908a91037d79b 90107c38d5d34dc5b852cb6a7aa38e4d - - fd31685db47542d196522f016a1215ef fd31685db47542d196522f016a1215ef] 10.0.0.146 "GET /allocations/2362b269-eb88-4b42-9c2b-120fbd586e4a" status: 200 len: 19 microversion: 1.28 [pid: 8|app: 0|req: 324/650] 10.0.0.146 () {34 vars in 861 bytes} [Mon Apr 27 17:52:14 2026] GET /allocations/2362b269-eb88-4b42-9c2b-120fbd586e4a => generated 19 bytes in 12 msecs (HTTP/1.1 200) 8 headers in 295 bytes (1 switches on core 0)
2026-04-27 17:52:14.268 7 INFO placement.requestlog [req-930d2cf9-4b1c-44df-bbfe-5cb6ce9c1141 req-d343d652-df60-40eb-a3cc-777dd4a7b3e2 03501be4f56c4040a77908a91037d79b 90107c38d5d34dc5b852cb6a7aa38e4d - - fd31685db47542d196522f016a1215ef fd31685db47542d196522f016a1215ef] 10.0.0.146 "PUT /allocations/2362b269-eb88-4b42-9c2b-120fbd586e4a" status: 204 len: 0 microversion: 1.36 [pid: 7|app: 0|req: 327/651] 10.0.0.146 () {38 vars in 914 bytes} [Mon Apr 27 17:52:14 2026] PUT /allocations/2362b269-eb88-4b42-9c2b-120fbd586e4a => generated 0 bytes in 64 msecs (HTTP/1.1 204) 5 headers in 199 bytes (1 switches on core 0)
2026-04-27 17:52:15.803 8 INFO placement.requestlog [req-930d2cf9-4b1c-44df-bbfe-5cb6ce9c1141 req-54281473-0cb8-4014-84b0-8671bfef53a6 03501be4f56c4040a77908a91037d79b 90107c38d5d34dc5b852cb6a7aa38e4d - - fd31685db47542d196522f016a1215ef fd31685db47542d196522f016a1215ef] 199.204.45.169 "GET /allocations/2362b269-eb88-4b42-9c2b-120fbd586e4a" status: 200 len: 257 microversion: 1.28 [pid: 8|app: 0|req: 325/652] 199.204.45.169 () {34 vars in 863 bytes} [Mon Apr 27 17:52:15 2026] GET /allocations/2362b269-eb88-4b42-9c2b-120fbd586e4a => generated 257 bytes in 17 msecs (HTTP/1.1 200) 8 headers in 296 bytes (1 switches on core 0)
2026-04-27 17:52:16.870 7 INFO placement.requestlog [req-930d2cf9-4b1c-44df-bbfe-5cb6ce9c1141 req-3f2a124a-f044-477e-977c-a4e1f07213e3 03501be4f56c4040a77908a91037d79b 90107c38d5d34dc5b852cb6a7aa38e4d - - fd31685db47542d196522f016a1215ef fd31685db47542d196522f016a1215ef] 199.204.45.169 "GET /resource_providers/89218993-71a8-409c-8d8c-2f5280f2b8f9/allocations" status: 200 len: 338 microversion: 1.0 [pid: 7|app: 0|req: 328/653] 199.204.45.169 () {32 vars in 857 bytes} [Mon Apr 27 17:52:16 2026] GET /resource_providers/89218993-71a8-409c-8d8c-2f5280f2b8f9/allocations => generated 338 bytes in 20 msecs (HTTP/1.1 200) 6 headers in 224 bytes (1 switches on core 0)
2026-04-27 17:52:16.894 8 INFO placement.requestlog [req-930d2cf9-4b1c-44df-bbfe-5cb6ce9c1141 req-010df72a-4f20-4bdd-b0d5-1b6979791309 03501be4f56c4040a77908a91037d79b 90107c38d5d34dc5b852cb6a7aa38e4d - - fd31685db47542d196522f016a1215ef fd31685db47542d196522f016a1215ef] 199.204.45.169 "GET /allocations/adb74f7b-db61-47d7-afa2-696b3db58e15" status: 200 len: 257 microversion: 1.28 [pid: 8|app: 0|req: 326/654] 199.204.45.169 () {34 vars in 863 bytes} [Mon Apr 27 17:52:16 2026] GET /allocations/adb74f7b-db61-47d7-afa2-696b3db58e15 => generated 257 bytes in 18 msecs (HTTP/1.1 200) 8 headers in 296 bytes (1 switches on core 0)
2026-04-27 17:52:16.918 7 INFO placement.requestlog [req-930d2cf9-4b1c-44df-bbfe-5cb6ce9c1141 req-aa764180-5db9-4daa-972c-08ae0395b54f 03501be4f56c4040a77908a91037d79b 90107c38d5d34dc5b852cb6a7aa38e4d - - fd31685db47542d196522f016a1215ef fd31685db47542d196522f016a1215ef] 199.204.45.169 "GET /allocations/444610da-cc0b-4ac9-8b92-c43a5b378595" status: 200 len: 243 microversion: 1.28 [pid: 7|app: 0|req: 329/655] 199.204.45.169 () {34 vars in 863 bytes} [Mon Apr 27 17:52:16 2026] GET /allocations/444610da-cc0b-4ac9-8b92-c43a5b378595 => generated 243 bytes in 17 msecs (HTTP/1.1 200) 8 headers in 296 bytes (1 switches on core 0)
2026-04-27 17:52:16.940 8 INFO placement.requestlog [req-930d2cf9-4b1c-44df-bbfe-5cb6ce9c1141 req-896c1b44-31ce-480e-8ef5-de8828a189c1 03501be4f56c4040a77908a91037d79b 90107c38d5d34dc5b852cb6a7aa38e4d - - fd31685db47542d196522f016a1215ef fd31685db47542d196522f016a1215ef] 199.204.45.169 "GET /allocations/2362b269-eb88-4b42-9c2b-120fbd586e4a" status: 200 len: 257 microversion: 1.28 [pid: 8|app: 0|req: 327/656] 199.204.45.169 () {34 vars in 863 bytes} [Mon Apr 27 17:52:16 2026] GET /allocations/2362b269-eb88-4b42-9c2b-120fbd586e4a => generated 257 bytes in 11 msecs (HTTP/1.1 200) 8 headers in 296 bytes (1 switches on core 0)
2026-04-27 17:52:21.997 7 INFO placement.requestlog [None req-e88ed971-d9fd-4103-8147-ff3c7c782f6e - - - - - -] 10.0.0.233 "GET /" status: 200 len: 136 microversion: 1.0
2026-04-27 17:52:21.997 8 INFO placement.requestlog [None req-f916bcb8-cc7b-4740-9b59-219cc6bb4e2e - - - - - -] 10.0.0.233 "GET /" status: 200 len: 136 microversion: 1.0
2026-04-27 17:52:24.746 8 INFO placement.requestlog [None req-ec7acb65-ed41-455e-aa4e-b23c4f03eeaf f719ae60a3424c35851191429320ccfe 90107c38d5d34dc5b852cb6a7aa38e4d - - fd31685db47542d196522f016a1215ef fd31685db47542d196522f016a1215ef] 10.0.0.97 "GET /resource_providers/42b178fe-1519-413e-8d54-0f841dc13315/aggregates" status: 404 len: 235 microversion: 1.1
2026-04-27 17:52:24.746 7 INFO placement.requestlog [None req-a4e9a8f0-3375-4e14-9b8f-9b2f8f8c9099 f719ae60a3424c35851191429320ccfe 90107c38d5d34dc5b852cb6a7aa38e4d - - fd31685db47542d196522f016a1215ef fd31685db47542d196522f016a1215ef] 10.0.0.97 "GET /resource_providers/42b178fe-1519-413e-8d54-0f841dc13315/aggregates" status: 404 len: 235 microversion: 1.1 [pid: 7|app: 0|req: 331/659] 10.0.0.97 () {32 vars in 815 bytes} [Mon Apr 27 17:52:24 2026] GET /resource_providers/42b178fe-1519-413e-8d54-0f841dc13315/aggregates => generated 235 bytes in 16 msecs (HTTP/1.1 404) 5 headers in 202 bytes (1 switches on core 0) [pid: 8|app: 0|req: 329/660] 10.0.0.97 () {32 vars in 815 bytes} [Mon Apr 27 17:52:24 2026] GET /resource_providers/42b178fe-1519-413e-8d54-0f841dc13315/aggregates => generated 235 bytes in 15 msecs (HTTP/1.1 404) 5 headers in 202 bytes (1 switches on core 0)
2026-04-27 17:52:24.778 7 INFO placement.requestlog [None req-8ba088d4-f769-411c-928d-df0488a995da f719ae60a3424c35851191429320ccfe 90107c38d5d34dc5b852cb6a7aa38e4d - - fd31685db47542d196522f016a1215ef fd31685db47542d196522f016a1215ef] 10.0.0.97 "DELETE /resource_providers/42b178fe-1519-413e-8d54-0f841dc13315" status: 404 len: 246 microversion: 1.1 [pid: 7|app: 0|req: 332/661] 10.0.0.97 () {34 vars in 815 bytes} [Mon Apr 27 17:52:24 2026] DELETE /resource_providers/42b178fe-1519-413e-8d54-0f841dc13315 => generated 246 bytes in 12 msecs (HTTP/1.1 404) 6 headers in 231 bytes (1 switches on core 0)
2026-04-27 17:52:24.780 8 INFO placement.requestlog [None req-1b2af86c-c6a5-4c5e-8f61-8b3d9630f85d f719ae60a3424c35851191429320ccfe 90107c38d5d34dc5b852cb6a7aa38e4d - - fd31685db47542d196522f016a1215ef fd31685db47542d196522f016a1215ef] 10.0.0.97 "DELETE /resource_providers/42b178fe-1519-413e-8d54-0f841dc13315" status: 404 len: 246 microversion: 1.1 [pid: 8|app: 0|req: 330/662] 10.0.0.97 () {34 vars in 815 bytes} [Mon Apr 27 17:52:24 2026] DELETE /resource_providers/42b178fe-1519-413e-8d54-0f841dc13315 => generated 246 bytes in 11 msecs (HTTP/1.1 404) 6 headers in 231 bytes (1 switches on core 0)
2026-04-27 17:52:25.617 7 INFO placement.requestlog [req-5e64f3ed-3f66-4070-92fe-a49b9b1e70b8 req-28309cd1-466e-48e4-bb4d-d026d93d2a8d 03501be4f56c4040a77908a91037d79b 90107c38d5d34dc5b852cb6a7aa38e4d - - fd31685db47542d196522f016a1215ef fd31685db47542d196522f016a1215ef] 199.204.45.169 "GET /resource_providers/89218993-71a8-409c-8d8c-2f5280f2b8f9/allocations" status: 200 len: 338 microversion: 1.0 [pid: 7|app: 0|req: 333/663] 199.204.45.169 () {32 vars in 857 bytes} [Mon Apr 27 17:52:25 2026] GET /resource_providers/89218993-71a8-409c-8d8c-2f5280f2b8f9/allocations => generated 338 bytes in 20 msecs (HTTP/1.1 200) 6 headers in 224 bytes (1 switches on core 0)
2026-04-27 17:52:25.646 8 INFO placement.requestlog [req-5e64f3ed-3f66-4070-92fe-a49b9b1e70b8 req-ff35bb26-6ba7-4053-82ad-3c875347023f 03501be4f56c4040a77908a91037d79b 90107c38d5d34dc5b852cb6a7aa38e4d - - fd31685db47542d196522f016a1215ef fd31685db47542d196522f016a1215ef] 199.204.45.169 "GET /allocations/adb74f7b-db61-47d7-afa2-696b3db58e15" status: 200 len: 257 microversion: 1.28 [pid: 8|app: 0|req: 331/664] 199.204.45.169 () {34 vars in 863 bytes} [Mon Apr 27 17:52:25 2026] GET /allocations/adb74f7b-db61-47d7-afa2-696b3db58e15 => generated 257 bytes in 12 msecs (HTTP/1.1 200) 8 headers in 296 bytes (1 switches on core 0)
2026-04-27 17:52:25.665 7 INFO placement.requestlog [req-5e64f3ed-3f66-4070-92fe-a49b9b1e70b8 req-2ff1b2e3-7cb3-4eb9-bd22-f8f04fcbcb4d 03501be4f56c4040a77908a91037d79b 90107c38d5d34dc5b852cb6a7aa38e4d - - fd31685db47542d196522f016a1215ef fd31685db47542d196522f016a1215ef] 199.204.45.169 "GET /allocations/444610da-cc0b-4ac9-8b92-c43a5b378595" status: 200 len: 243 microversion: 1.28 [pid: 7|app: 0|req: 334/665] 199.204.45.169 () {34 vars in 863 bytes} [Mon Apr 27 17:52:25 2026] GET /allocations/444610da-cc0b-4ac9-8b92-c43a5b378595 => generated 243 bytes in 13 msecs (HTTP/1.1 200) 8 headers in 296 bytes (1 switches on core 0)
2026-04-27 17:52:25.685 8 INFO placement.requestlog [req-5e64f3ed-3f66-4070-92fe-a49b9b1e70b8 req-00d9355f-b56d-470e-aacf-b840514a13f9 03501be4f56c4040a77908a91037d79b 90107c38d5d34dc5b852cb6a7aa38e4d - - fd31685db47542d196522f016a1215ef fd31685db47542d196522f016a1215ef] 199.204.45.169 "GET /allocations/2362b269-eb88-4b42-9c2b-120fbd586e4a" status: 200 len: 257 microversion: 1.28 [pid: 8|app: 0|req: 332/666] 199.204.45.169 () {34 vars in 863 bytes} [Mon Apr 27 17:52:25 2026] GET /allocations/2362b269-eb88-4b42-9c2b-120fbd586e4a => generated 257 bytes in 13 msecs (HTTP/1.1 200) 8 headers in 296 bytes (1 switches on core 0)
2026-04-27 17:52:26.740 7 INFO placement.requestlog [req-5e64f3ed-3f66-4070-92fe-a49b9b1e70b8 req-b146050e-97ea-4e2a-944c-8e512637f1c2 03501be4f56c4040a77908a91037d79b 90107c38d5d34dc5b852cb6a7aa38e4d - - fd31685db47542d196522f016a1215ef fd31685db47542d196522f016a1215ef] 199.204.45.169 "DELETE /allocations/adb74f7b-db61-47d7-afa2-696b3db58e15" status: 204 len: 0 microversion: 1.0 [pid: 7|app: 0|req: 335/667] 199.204.45.169 () {34 vars in 841 bytes} [Mon Apr 27 17:52:26 2026] DELETE /allocations/adb74f7b-db61-47d7-afa2-696b3db58e15 => generated 0 bytes in 34 msecs (HTTP/1.1 204) 5 headers in 198 bytes (1 switches on core 0)
2026-04-27 17:52:26.802 7 INFO placement.requestlog [None req-8d3915d5-8112-45db-854b-d2f287659c3c f719ae60a3424c35851191429320ccfe 90107c38d5d34dc5b852cb6a7aa38e4d - - fd31685db47542d196522f016a1215ef fd31685db47542d196522f016a1215ef] 10.0.0.97 "GET /resource_providers/6dc14912-607b-4d39-9a41-bcb045f20c4c/aggregates" status: 404 len: 235 microversion: 1.1 [pid: 7|app: 0|req: 336/668] 10.0.0.97 () {32 vars in 815 bytes} [Mon Apr 27 17:52:26 2026] GET /resource_providers/6dc14912-607b-4d39-9a41-bcb045f20c4c/aggregates => generated 235 bytes in 10 msecs (HTTP/1.1 404) 5 headers in 202 bytes (1 switches on core 0)
2026-04-27 17:52:26.803 8 INFO placement.requestlog [None req-8ef462c4-b490-437b-bc35-2efa211f4e79 f719ae60a3424c35851191429320ccfe 90107c38d5d34dc5b852cb6a7aa38e4d - - fd31685db47542d196522f016a1215ef fd31685db47542d196522f016a1215ef] 10.0.0.97 "GET /resource_providers/6dc14912-607b-4d39-9a41-bcb045f20c4c/aggregates" status: 404 len: 235 microversion: 1.1 [pid: 8|app: 0|req: 333/669] 10.0.0.97 () {32 vars in 815 bytes} [Mon Apr 27 17:52:26 2026] GET /resource_providers/6dc14912-607b-4d39-9a41-bcb045f20c4c/aggregates => generated 235 bytes in 11 msecs (HTTP/1.1 404) 5 headers in 202 bytes (1 switches on core 0)
2026-04-27 17:52:26.830 8 INFO placement.requestlog [None req-e5d9bf9f-f97c-4e06-b134-fb40d265a7b0 f719ae60a3424c35851191429320ccfe 90107c38d5d34dc5b852cb6a7aa38e4d - - fd31685db47542d196522f016a1215ef fd31685db47542d196522f016a1215ef] 10.0.0.97 "DELETE /resource_providers/6dc14912-607b-4d39-9a41-bcb045f20c4c" status: 404 len: 246 microversion: 1.1 [pid: 8|app: 0|req: 334/670] 10.0.0.97 () {34 vars in 815 bytes} [Mon Apr 27 17:52:26 2026] DELETE /resource_providers/6dc14912-607b-4d39-9a41-bcb045f20c4c => generated 246 bytes in 13 msecs (HTTP/1.1 404) 6 headers in 231 bytes (1 switches on core 0)
2026-04-27 17:52:26.846 7 INFO placement.requestlog [None req-37ca27dc-8cc9-403b-8573-f67ddd05385d f719ae60a3424c35851191429320ccfe 90107c38d5d34dc5b852cb6a7aa38e4d - - fd31685db47542d196522f016a1215ef fd31685db47542d196522f016a1215ef] 10.0.0.97 "DELETE /resource_providers/6dc14912-607b-4d39-9a41-bcb045f20c4c" status: 404 len: 246 microversion: 1.1 [pid: 7|app: 0|req: 337/671] 10.0.0.97 () {34 vars in 815 bytes} [Mon Apr 27 17:52:26 2026] DELETE /resource_providers/6dc14912-607b-4d39-9a41-bcb045f20c4c => generated 246 bytes in 29 msecs (HTTP/1.1 404) 6 headers in 231 bytes (1 switches on core 0)
2026-04-27 17:52:29.251 8 INFO placement.requestlog [None req-584c22ff-77e3-4d9f-9ddc-27b84ddf2be0 f719ae60a3424c35851191429320ccfe 90107c38d5d34dc5b852cb6a7aa38e4d - - fd31685db47542d196522f016a1215ef fd31685db47542d196522f016a1215ef] 10.0.0.97 "GET /resource_providers/8c1b0f26-7051-4c04-bca0-80f36a27d05f/aggregates" status: 404 len: 235 microversion: 1.1 [pid: 8|app: 0|req: 335/672] 10.0.0.97 () {32 vars in 815 bytes} [Mon Apr 27 17:52:29 2026] GET /resource_providers/8c1b0f26-7051-4c04-bca0-80f36a27d05f/aggregates => generated 235 bytes in 12 msecs (HTTP/1.1 404) 5 headers in 202 bytes (1 switches on core 0)
2026-04-27 17:52:29.265 7 INFO placement.requestlog [None req-e6d1cc3b-2a4c-47f1-a8f2-77a44943aba9 f719ae60a3424c35851191429320ccfe 90107c38d5d34dc5b852cb6a7aa38e4d - - fd31685db47542d196522f016a1215ef fd31685db47542d196522f016a1215ef] 10.0.0.97 "GET /resource_providers/8c1b0f26-7051-4c04-bca0-80f36a27d05f/aggregates" status: 404 len: 235 microversion: 1.1 [pid: 7|app: 0|req: 338/673] 10.0.0.97 () {32 vars in 815 bytes} [Mon Apr 27 17:52:29 2026] GET /resource_providers/8c1b0f26-7051-4c04-bca0-80f36a27d05f/aggregates => generated 235 bytes in 20 msecs (HTTP/1.1 404) 5 headers in 202 bytes (1 switches on core 0)
2026-04-27 17:52:29.279 8 INFO placement.requestlog [None req-2a014f3f-cb29-439c-b161-0c43b4519809 f719ae60a3424c35851191429320ccfe 90107c38d5d34dc5b852cb6a7aa38e4d - - fd31685db47542d196522f016a1215ef fd31685db47542d196522f016a1215ef] 10.0.0.97 "DELETE /resource_providers/8c1b0f26-7051-4c04-bca0-80f36a27d05f" status: 404 len: 246 microversion: 1.1
2026-04-27 17:52:29.280 7 INFO placement.requestlog [None req-a6fecdb9-a39c-40f9-b416-58f979a85fbe f719ae60a3424c35851191429320ccfe 90107c38d5d34dc5b852cb6a7aa38e4d - - fd31685db47542d196522f016a1215ef fd31685db47542d196522f016a1215ef] 10.0.0.97 "DELETE /resource_providers/8c1b0f26-7051-4c04-bca0-80f36a27d05f" status: 404 len: 246 microversion: 1.1 [pid: 8|app: 0|req: 336/674] 10.0.0.97 () {34 vars in 815 bytes} [Mon Apr 27 17:52:29 2026] DELETE /resource_providers/8c1b0f26-7051-4c04-bca0-80f36a27d05f => generated 246 bytes in 18 msecs (HTTP/1.1 404) 6 headers in 231 bytes (1 switches on core 0) [pid: 7|app: 0|req: 339/675] 10.0.0.97 () {34 vars in 815 bytes} [Mon Apr 27 17:52:29 2026] DELETE /resource_providers/8c1b0f26-7051-4c04-bca0-80f36a27d05f => generated 246 bytes in 8 msecs (HTTP/1.1 404) 6 headers in 231 bytes (1 switches on core 0)
2026-04-27 17:52:30.192 7 INFO placement.requestlog [None req-3b7bdf23-e1ef-482a-867e-e6be7b7932ea f719ae60a3424c35851191429320ccfe 90107c38d5d34dc5b852cb6a7aa38e4d - - fd31685db47542d196522f016a1215ef fd31685db47542d196522f016a1215ef] 10.0.0.97 "GET /resource_providers/23018714-fb2e-446e-9ded-f2daf82c7e66/aggregates" status: 404 len: 235 microversion: 1.1 [pid: 7|app: 0|req: 340/676] 10.0.0.97 () {32 vars in 815 bytes} [Mon Apr 27 17:52:30 2026] GET /resource_providers/23018714-fb2e-446e-9ded-f2daf82c7e66/aggregates => generated 235 bytes in 7 msecs (HTTP/1.1 404) 5 headers in 202 bytes (1 switches on core 0)
2026-04-27 17:52:30.197 8 INFO placement.requestlog [None req-ba523a4e-ea86-4c0b-a18c-6cea07fe056f f719ae60a3424c35851191429320ccfe 90107c38d5d34dc5b852cb6a7aa38e4d - - fd31685db47542d196522f016a1215ef fd31685db47542d196522f016a1215ef] 10.0.0.97 "GET /resource_providers/23018714-fb2e-446e-9ded-f2daf82c7e66/aggregates" status: 404 len: 235 microversion: 1.1 [pid: 8|app: 0|req: 337/677] 10.0.0.97 () {32 vars in 815 bytes} [Mon Apr 27 17:52:30 2026] GET /resource_providers/23018714-fb2e-446e-9ded-f2daf82c7e66/aggregates => generated 235 bytes in 12 msecs (HTTP/1.1 404) 5 headers in 202 bytes (1 switches on core 0)
2026-04-27 17:52:30.210 7 INFO placement.requestlog [None req-7a4d998f-9ea2-467b-b3cf-40880be0a955 f719ae60a3424c35851191429320ccfe 90107c38d5d34dc5b852cb6a7aa38e4d - - fd31685db47542d196522f016a1215ef fd31685db47542d196522f016a1215ef] 10.0.0.97 "DELETE /resource_providers/23018714-fb2e-446e-9ded-f2daf82c7e66" status: 404 len: 246 microversion: 1.1 [pid: 7|app: 0|req: 341/678] 10.0.0.97 () {34 vars in 815 bytes} [Mon Apr 27 17:52:30 2026] DELETE /resource_providers/23018714-fb2e-446e-9ded-f2daf82c7e66 => generated 246 bytes in 6 msecs (HTTP/1.1 404) 6 headers in 231 bytes (1 switches on core 0)
2026-04-27 17:52:30.220 8 INFO placement.requestlog [None req-d7dc6a24-b4ca-463f-84ba-aa8064a597c9 f719ae60a3424c35851191429320ccfe 90107c38d5d34dc5b852cb6a7aa38e4d - - fd31685db47542d196522f016a1215ef fd31685db47542d196522f016a1215ef] 10.0.0.97 "DELETE /resource_providers/23018714-fb2e-446e-9ded-f2daf82c7e66" status: 404 len: 246 microversion: 1.1 [pid: 8|app: 0|req: 338/679] 10.0.0.97 () {34 vars in 815 bytes} [Mon Apr 27 17:52:30 2026] DELETE /resource_providers/23018714-fb2e-446e-9ded-f2daf82c7e66 => generated 246 bytes in 11 msecs (HTTP/1.1 404) 6 headers in 231 bytes (1 switches on core 0)
2026-04-27 17:52:31.304 7 INFO placement.requestlog [None req-4564b062-7df7-407b-9c09-00e80072dbd1 f719ae60a3424c35851191429320ccfe 90107c38d5d34dc5b852cb6a7aa38e4d - - fd31685db47542d196522f016a1215ef fd31685db47542d196522f016a1215ef] 10.0.0.97 "GET /resource_providers/11da0b51-f6b1-4244-a041-922103ed6c28/aggregates" status: 404 len: 235 microversion: 1.1 [pid: 7|app: 0|req: 342/680] 10.0.0.97 () {32 vars in 815 bytes} [Mon Apr 27 17:52:31 2026] GET /resource_providers/11da0b51-f6b1-4244-a041-922103ed6c28/aggregates => generated 235 bytes in 15 msecs (HTTP/1.1 404) 5 headers in 202 bytes (1 switches on core 0)
2026-04-27 17:52:31.305 8 INFO placement.requestlog [None req-61080a35-37fe-4579-b024-d9370cef4c85 f719ae60a3424c35851191429320ccfe 90107c38d5d34dc5b852cb6a7aa38e4d - - fd31685db47542d196522f016a1215ef fd31685db47542d196522f016a1215ef] 10.0.0.97 "GET /resource_providers/11da0b51-f6b1-4244-a041-922103ed6c28/aggregates" status: 404 len: 235 microversion: 1.1 [pid: 8|app: 0|req: 339/681] 10.0.0.97 () {32 vars in 815 bytes} [Mon Apr 27 17:52:31 2026] GET /resource_providers/11da0b51-f6b1-4244-a041-922103ed6c28/aggregates => generated 235 bytes in 11 msecs (HTTP/1.1 404) 5 headers in 202 bytes (1 switches on core 0)
2026-04-27 17:52:31.326 7 INFO placement.requestlog [None req-8414f097-a6a0-4204-b353-d2974ef7dc6a f719ae60a3424c35851191429320ccfe 90107c38d5d34dc5b852cb6a7aa38e4d - - fd31685db47542d196522f016a1215ef fd31685db47542d196522f016a1215ef] 10.0.0.97 "DELETE /resource_providers/11da0b51-f6b1-4244-a041-922103ed6c28" status: 404 len: 246 microversion: 1.1 [pid: 7|app: 0|req: 343/682] 10.0.0.97 () {34 vars in 815 bytes} [Mon Apr 27 17:52:31 2026] DELETE /resource_providers/11da0b51-f6b1-4244-a041-922103ed6c28 => generated 246 bytes in 11 msecs (HTTP/1.1 404) 6 headers in 231 bytes (1 switches on core 0)
2026-04-27 17:52:31.330 8 INFO placement.requestlog [None req-6be65946-2585-4d4c-b0b9-95c50b6a9b34 f719ae60a3424c35851191429320ccfe 90107c38d5d34dc5b852cb6a7aa38e4d - - fd31685db47542d196522f016a1215ef fd31685db47542d196522f016a1215ef] 10.0.0.97 "DELETE /resource_providers/11da0b51-f6b1-4244-a041-922103ed6c28" status: 404 len: 246 microversion: 1.1 [pid: 8|app: 0|req: 340/683] 10.0.0.97 () {34 vars in 815 bytes} [Mon Apr 27 17:52:31 2026] DELETE /resource_providers/11da0b51-f6b1-4244-a041-922103ed6c28 => generated 246 bytes in 14 msecs (HTTP/1.1 404) 6 headers in 231 bytes (1 switches on core 0)
