Jul 02 03:25:01.235815 np0000183856 systemd[1]: Starting devstack@n-api-meta.service - Devstack devstack@n-api-meta.service...
Jul 02 03:25:01.241003 np0000183856 devstack@n-api-meta.service[107493]: [uWSGI] getting INI configuration from /etc/nova/nova-metadata-uwsgi.ini
Jul 02 03:25:01.243542 np0000183856 devstack@n-api-meta.service[107493]: *** Starting uWSGI 2.0.24-debian (64bit) on [Thu Jul 2 03:25:01 2026] ***
Jul 02 03:25:01.243542 np0000183856 devstack@n-api-meta.service[107493]: compiled with version: 13.2.0 on 17 April 2024 16:23:48
Jul 02 03:25:01.243542 np0000183856 devstack@n-api-meta.service[107493]: os: Linux-6.8.0-124-generic #124-Ubuntu SMP PREEMPT_DYNAMIC Tue May 26 13:00:45 UTC 2026
Jul 02 03:25:01.243542 np0000183856 devstack@n-api-meta.service[107493]: nodename: np0000183856
Jul 02 03:25:01.243542 np0000183856 devstack@n-api-meta.service[107493]: machine: x86_64
Jul 02 03:25:01.243735 np0000183856 devstack@n-api-meta.service[107493]: clock source: unix
Jul 02 03:25:01.243735 np0000183856 devstack@n-api-meta.service[107493]: pcre jit disabled
Jul 02 03:25:01.243735 np0000183856 devstack@n-api-meta.service[107493]: detected number of CPU cores: 16
Jul 02 03:25:01.243735 np0000183856 devstack@n-api-meta.service[107493]: current working directory: /
Jul 02 03:25:01.243735 np0000183856 devstack@n-api-meta.service[107493]: detected binary path: /usr/bin/uwsgi-core
Jul 02 03:25:01.243735 np0000183856 devstack@n-api-meta.service[107493]: your processes number limit is 256917
Jul 02 03:25:01.243735 np0000183856 devstack@n-api-meta.service[107493]: your memory page size is 4096 bytes
Jul 02 03:25:01.243735 np0000183856 devstack@n-api-meta.service[107493]: detected max file descriptor number: 2048
Jul 02 03:25:01.243735 np0000183856 devstack@n-api-meta.service[107493]: lock engine: pthread robust mutexes
Jul 02 03:25:01.243999 np0000183856 devstack@n-api-meta.service[107493]: thunder lock: enabled
Jul 02 03:25:01.244242 np0000183856 devstack@n-api-meta.service[107493]: uWSGI http bound on 0.0.0.0:8775 fd 5
Jul 02 03:25:01.244242 np0000183856 devstack@n-api-meta.service[107493]: uwsgi socket 0 bound to TCP address 127.0.0.1:42885 (port auto-assigned) fd 4
Jul 02 03:25:01.244397 np0000183856 devstack@n-api-meta.service[107493]: Python version: 3.12.3 (main, Mar 23 2026, 19:04:32) [GCC 13.3.0]
Jul 02 03:25:01.244397 np0000183856 devstack@n-api-meta.service[107493]: PEP 405 virtualenv detected: /opt/stack/data/venv
Jul 02 03:25:01.244397 np0000183856 devstack@n-api-meta.service[107493]: Set PythonHome to /opt/stack/data/venv
Jul 02 03:25:01.280565 np0000183856 devstack@n-api-meta.service[107493]: Python main interpreter initialized at 0x768a2e0a3668
Jul 02 03:25:01.280565 np0000183856 devstack@n-api-meta.service[107493]: python threads support enabled
Jul 02 03:25:01.280565 np0000183856 devstack@n-api-meta.service[107493]: your server socket listen backlog is limited to 100 connections
Jul 02 03:25:01.280565 np0000183856 devstack@n-api-meta.service[107493]: your mercy for graceful operations on workers is 80 seconds
Jul 02 03:25:01.281070 np0000183856 devstack@n-api-meta.service[107493]: mapped 671795 bytes (656 KB) for 4 cores
Jul 02 03:25:01.281217 np0000183856 devstack@n-api-meta.service[107493]: *** Operational MODE: preforking ***
Jul 02 03:25:01.281362 np0000183856 devstack@n-api-meta.service[107493]: *** uWSGI is running in multiple interpreter mode ***
Jul 02 03:25:01.281362 np0000183856 devstack@n-api-meta.service[107493]: spawned uWSGI master process (pid: 107493)
Jul 02 03:25:01.281562 np0000183856 systemd[1]: Started devstack@n-api-meta.service - Devstack devstack@n-api-meta.service.
Jul 02 03:25:01.282080 np0000183856 devstack@n-api-meta.service[107493]: spawned uWSGI worker 1 (pid: 107494, cores: 1)
Jul 02 03:25:01.282694 np0000183856 devstack@n-api-meta.service[107493]: spawned uWSGI worker 2 (pid: 107495, cores: 1)
Jul 02 03:25:01.283239 np0000183856 devstack@n-api-meta.service[107493]: spawned uWSGI worker 3 (pid: 107496, cores: 1)
Jul 02 03:25:01.284073 np0000183856 devstack@n-api-meta.service[107493]: spawned uWSGI worker 4 (pid: 107497, cores: 1)
Jul 02 03:25:01.284549 np0000183856 devstack@n-api-meta.service[107493]: spawned uWSGI http 1 (pid: 107498)
Jul 02 03:25:01.284549 np0000183856 devstack@n-api-meta.service[107493]: running "unix_signal:15 gracefully_kill_them_all" (master-start)...
Jul 02 03:25:03.027846 np0000183856 devstack@n-api-meta.service[107496]: INFO dbcounter [None req-d27bdc7e-1caf-4b8d-8020-7b40ee415ed7 None None] Registered counter for database nova_api
Jul 02 03:25:03.080327 np0000183856 devstack@n-api-meta.service[107496]: DEBUG oslo_db.sqlalchemy.engines [None req-d27bdc7e-1caf-4b8d-8020-7b40ee415ed7 None None] MySQL server mode set to STRICT_TRANS_TABLES,STRICT_ALL_TABLES,NO_ZERO_IN_DATE,NO_ZERO_DATE,ERROR_FOR_DIVISION_BY_ZERO,TRADITIONAL,NO_ENGINE_SUBSTITUTION {{(pid=107496) _check_effective_sql_mode /opt/stack/data/venv/lib/python3.12/site-packages/oslo_db/sqlalchemy/engines.py:325}}
Jul 02 03:25:03.118722 np0000183856 devstack@n-api-meta.service[107496]: DEBUG dbcounter [-] [107496] Writer thread running {{(pid=107496) stat_writer /opt/stack/data/venv/lib/python3.12/site-packages/dbcounter.py:102}}
Jul 02 03:25:03.121664 np0000183856 devstack@n-api-meta.service[107496]: DEBUG nova.context [None req-d27bdc7e-1caf-4b8d-8020-7b40ee415ed7 None None] Found 2 cells: 00000000-0000-0000-0000-000000000000(cell0),2de8ecf6-00eb-4968-a4a0-2048dde1f1a4(cell1) {{(pid=107496) load_cells /opt/stack/nova/nova/context.py:509}}
Jul 02 03:25:03.121906 np0000183856 devstack@n-api-meta.service[107496]: INFO nova.utils [None req-d27bdc7e-1caf-4b8d-8020-7b40ee415ed7 None None] The cell worker thread pool MainProcess.cell_worker is initialized
Jul 02 03:25:03.123843 np0000183856 devstack@n-api-meta.service[107496]: DEBUG oslo_concurrency.lockutils [None req-d27bdc7e-1caf-4b8d-8020-7b40ee415ed7 None None] Acquiring lock "00000000-0000-0000-0000-000000000000" by "nova.context.set_target_cell..get_or_set_cached_cell_and_set_connections" {{(pid=107496) inner /opt/stack/data/venv/lib/python3.12/site-packages/oslo_concurrency/lockutils.py:511}}
Jul 02 03:25:03.124021 np0000183856 devstack@n-api-meta.service[107496]: DEBUG oslo_concurrency.lockutils [None req-d27bdc7e-1caf-4b8d-8020-7b40ee415ed7 None None] Lock "00000000-0000-0000-0000-000000000000" acquired by "nova.context.set_target_cell..get_or_set_cached_cell_and_set_connections" :: waited 0.000s {{(pid=107496) inner /opt/stack/data/venv/lib/python3.12/site-packages/oslo_concurrency/lockutils.py:524}}
Jul 02 03:25:03.124444 np0000183856 devstack@n-api-meta.service[107496]: DEBUG oslo_concurrency.lockutils [None req-d27bdc7e-1caf-4b8d-8020-7b40ee415ed7 None None] Lock "00000000-0000-0000-0000-000000000000" "released" by "nova.context.set_target_cell..get_or_set_cached_cell_and_set_connections" :: held 0.000s {{(pid=107496) inner /opt/stack/data/venv/lib/python3.12/site-packages/oslo_concurrency/lockutils.py:543}}
Jul 02 03:25:03.125348 np0000183856 devstack@n-api-meta.service[107496]: DEBUG oslo_concurrency.lockutils [None req-d27bdc7e-1caf-4b8d-8020-7b40ee415ed7 None None] Acquiring lock "2de8ecf6-00eb-4968-a4a0-2048dde1f1a4" by "nova.context.set_target_cell..get_or_set_cached_cell_and_set_connections" {{(pid=107496) inner /opt/stack/data/venv/lib/python3.12/site-packages/oslo_concurrency/lockutils.py:511}}
Jul 02 03:25:03.125558 np0000183856 devstack@n-api-meta.service[107496]: DEBUG oslo_concurrency.lockutils [None req-d27bdc7e-1caf-4b8d-8020-7b40ee415ed7 None None] Lock "2de8ecf6-00eb-4968-a4a0-2048dde1f1a4" acquired by "nova.context.set_target_cell..get_or_set_cached_cell_and_set_connections" :: waited 0.000s {{(pid=107496) inner /opt/stack/data/venv/lib/python3.12/site-packages/oslo_concurrency/lockutils.py:524}}
Jul 02 03:25:03.126448 np0000183856 devstack@n-api-meta.service[107496]: DEBUG oslo_concurrency.lockutils [None req-d27bdc7e-1caf-4b8d-8020-7b40ee415ed7 None None] Lock "2de8ecf6-00eb-4968-a4a0-2048dde1f1a4" "released" by "nova.context.set_target_cell..get_or_set_cached_cell_and_set_connections" :: held 0.001s {{(pid=107496) inner /opt/stack/data/venv/lib/python3.12/site-packages/oslo_concurrency/lockutils.py:543}}
Jul 02 03:25:03.129882 np0000183856 devstack@n-api-meta.service[107496]: INFO dbcounter [None req-d27bdc7e-1caf-4b8d-8020-7b40ee415ed7 None None] Registered counter for database nova_cell0
Jul 02 03:25:03.135930 np0000183856 devstack@n-api-meta.service[107496]: INFO dbcounter [None req-d27bdc7e-1caf-4b8d-8020-7b40ee415ed7 None None] Registered counter for database nova_cell1
Jul 02 03:25:03.202024 np0000183856 devstack@n-api-meta.service[107496]: DEBUG oslo_db.sqlalchemy.engines [None req-d27bdc7e-1caf-4b8d-8020-7b40ee415ed7 None None] MySQL server mode set to STRICT_TRANS_TABLES,STRICT_ALL_TABLES,NO_ZERO_IN_DATE,NO_ZERO_DATE,ERROR_FOR_DIVISION_BY_ZERO,TRADITIONAL,NO_ENGINE_SUBSTITUTION {{(pid=107496) _check_effective_sql_mode /opt/stack/data/venv/lib/python3.12/site-packages/oslo_db/sqlalchemy/engines.py:325}}
Jul 02 03:25:03.207926 np0000183856 devstack@n-api-meta.service[107496]: DEBUG oslo_db.sqlalchemy.engines [None req-d27bdc7e-1caf-4b8d-8020-7b40ee415ed7 None None] MySQL server mode set to STRICT_TRANS_TABLES,STRICT_ALL_TABLES,NO_ZERO_IN_DATE,NO_ZERO_DATE,ERROR_FOR_DIVISION_BY_ZERO,TRADITIONAL,NO_ENGINE_SUBSTITUTION {{(pid=107496) _check_effective_sql_mode /opt/stack/data/venv/lib/python3.12/site-packages/oslo_db/sqlalchemy/engines.py:325}}
Jul 02 03:25:03.235895 np0000183856 devstack@n-api-meta.service[107494]: INFO dbcounter [None req-7da19e42-2c2c-4619-a460-929c465a896b None None] Registered counter for database nova_api
Jul 02 03:25:03.283689 np0000183856 devstack@n-api-meta.service[107494]: DEBUG oslo_db.sqlalchemy.engines [None req-7da19e42-2c2c-4619-a460-929c465a896b None None] MySQL server mode set to STRICT_TRANS_TABLES,STRICT_ALL_TABLES,NO_ZERO_IN_DATE,NO_ZERO_DATE,ERROR_FOR_DIVISION_BY_ZERO,TRADITIONAL,NO_ENGINE_SUBSTITUTION {{(pid=107494) _check_effective_sql_mode /opt/stack/data/venv/lib/python3.12/site-packages/oslo_db/sqlalchemy/engines.py:325}}
Jul 02 03:25:03.301755 np0000183856 devstack@n-api-meta.service[107496]: DEBUG dbcounter [-] [107496] Writer thread running {{(pid=107496) stat_writer /opt/stack/data/venv/lib/python3.12/site-packages/dbcounter.py:102}}
Jul 02 03:25:03.309296 np0000183856 devstack@n-api-meta.service[107496]: DEBUG dbcounter [-] [107496] Writer thread running {{(pid=107496) stat_writer /opt/stack/data/venv/lib/python3.12/site-packages/dbcounter.py:102}}
Jul 02 03:25:03.314564 np0000183856 devstack@n-api-meta.service[107496]: INFO dbcounter [None req-d27bdc7e-1caf-4b8d-8020-7b40ee415ed7 None None] Registered counter for database nova_cell0
Jul 02 03:25:03.317648 np0000183856 devstack@n-api-meta.service[107494]: DEBUG dbcounter [-] [107494] Writer thread running {{(pid=107494) stat_writer /opt/stack/data/venv/lib/python3.12/site-packages/dbcounter.py:102}}
Jul 02 03:25:03.320404 np0000183856 devstack@n-api-meta.service[107494]: DEBUG nova.context [None req-7da19e42-2c2c-4619-a460-929c465a896b None None] Found 2 cells: 00000000-0000-0000-0000-000000000000(cell0),2de8ecf6-00eb-4968-a4a0-2048dde1f1a4(cell1) {{(pid=107494) load_cells /opt/stack/nova/nova/context.py:509}}
Jul 02 03:25:03.320651 np0000183856 devstack@n-api-meta.service[107494]: INFO nova.utils [None req-7da19e42-2c2c-4619-a460-929c465a896b None None] The cell worker thread pool MainProcess.cell_worker is initialized
Jul 02 03:25:03.322511 np0000183856 devstack@n-api-meta.service[107494]: DEBUG oslo_concurrency.lockutils [None req-7da19e42-2c2c-4619-a460-929c465a896b None None] Acquiring lock "00000000-0000-0000-0000-000000000000" by "nova.context.set_target_cell..get_or_set_cached_cell_and_set_connections" {{(pid=107494) inner /opt/stack/data/venv/lib/python3.12/site-packages/oslo_concurrency/lockutils.py:511}}
Jul 02 03:25:03.322714 np0000183856 devstack@n-api-meta.service[107494]: DEBUG oslo_concurrency.lockutils [None req-7da19e42-2c2c-4619-a460-929c465a896b None None] Lock "00000000-0000-0000-0000-000000000000" acquired by "nova.context.set_target_cell..get_or_set_cached_cell_and_set_connections" :: waited 0.000s {{(pid=107494) inner /opt/stack/data/venv/lib/python3.12/site-packages/oslo_concurrency/lockutils.py:524}}
Jul 02 03:25:03.323126 np0000183856 devstack@n-api-meta.service[107494]: DEBUG oslo_concurrency.lockutils [None req-7da19e42-2c2c-4619-a460-929c465a896b None None] Lock "00000000-0000-0000-0000-000000000000" "released" by "nova.context.set_target_cell..get_or_set_cached_cell_and_set_connections" :: held 0.000s {{(pid=107494) inner /opt/stack/data/venv/lib/python3.12/site-packages/oslo_concurrency/lockutils.py:543}}
Jul 02 03:25:03.323938 np0000183856 devstack@n-api-meta.service[107494]: DEBUG oslo_concurrency.lockutils [None req-7da19e42-2c2c-4619-a460-929c465a896b None None] Acquiring lock "2de8ecf6-00eb-4968-a4a0-2048dde1f1a4" by "nova.context.set_target_cell..get_or_set_cached_cell_and_set_connections" {{(pid=107494) inner /opt/stack/data/venv/lib/python3.12/site-packages/oslo_concurrency/lockutils.py:511}}
Jul 02 03:25:03.324102 np0000183856 devstack@n-api-meta.service[107494]: DEBUG oslo_concurrency.lockutils [None req-7da19e42-2c2c-4619-a460-929c465a896b None None] Lock "2de8ecf6-00eb-4968-a4a0-2048dde1f1a4" acquired by "nova.context.set_target_cell..get_or_set_cached_cell_and_set_connections" :: waited 0.000s {{(pid=107494) inner /opt/stack/data/venv/lib/python3.12/site-packages/oslo_concurrency/lockutils.py:524}}
Jul 02 03:25:03.325063 np0000183856 devstack@n-api-meta.service[107494]: DEBUG oslo_concurrency.lockutils [None req-7da19e42-2c2c-4619-a460-929c465a896b None None] Lock "2de8ecf6-00eb-4968-a4a0-2048dde1f1a4" "released" by "nova.context.set_target_cell..get_or_set_cached_cell_and_set_connections" :: held 0.001s {{(pid=107494) inner /opt/stack/data/venv/lib/python3.12/site-packages/oslo_concurrency/lockutils.py:543}}
Jul 02 03:25:03.327478 np0000183856 devstack@n-api-meta.service[107494]: INFO dbcounter [None req-7da19e42-2c2c-4619-a460-929c465a896b None None] Registered counter for database nova_cell0
Jul 02 03:25:03.333188 np0000183856 devstack@n-api-meta.service[107494]: INFO dbcounter [None req-7da19e42-2c2c-4619-a460-929c465a896b None None] Registered counter for database nova_cell1
Jul 02 03:25:03.355356 np0000183856 devstack@n-api-meta.service[107497]: INFO dbcounter [None req-04443e55-0786-432a-8914-5d0761af67f3 None None] Registered counter for database nova_api
Jul 02 03:25:03.361935 np0000183856 devstack@n-api-meta.service[107496]: DEBUG oslo_db.sqlalchemy.engines [None req-d27bdc7e-1caf-4b8d-8020-7b40ee415ed7 None None] MySQL server mode set to STRICT_TRANS_TABLES,STRICT_ALL_TABLES,NO_ZERO_IN_DATE,NO_ZERO_DATE,ERROR_FOR_DIVISION_BY_ZERO,TRADITIONAL,NO_ENGINE_SUBSTITUTION {{(pid=107496) _check_effective_sql_mode /opt/stack/data/venv/lib/python3.12/site-packages/oslo_db/sqlalchemy/engines.py:325}}
Jul 02 03:25:03.362140 np0000183856 devstack@n-api-meta.service[107495]: INFO dbcounter [None req-0671b899-1bce-4059-9fa4-8d2c569b9138 None None] Registered counter for database nova_api
Jul 02 03:25:03.376595 np0000183856 devstack@n-api-meta.service[107496]: DEBUG dbcounter [-] [107496] Writer thread running {{(pid=107496) stat_writer /opt/stack/data/venv/lib/python3.12/site-packages/dbcounter.py:102}}
Jul 02 03:25:03.395363 np0000183856 devstack@n-api-meta.service[107494]: DEBUG oslo_db.sqlalchemy.engines [None req-7da19e42-2c2c-4619-a460-929c465a896b None None] MySQL server mode set to STRICT_TRANS_TABLES,STRICT_ALL_TABLES,NO_ZERO_IN_DATE,NO_ZERO_DATE,ERROR_FOR_DIVISION_BY_ZERO,TRADITIONAL,NO_ENGINE_SUBSTITUTION {{(pid=107494) _check_effective_sql_mode /opt/stack/data/venv/lib/python3.12/site-packages/oslo_db/sqlalchemy/engines.py:325}}
Jul 02 03:25:03.409114 np0000183856 devstack@n-api-meta.service[107494]: DEBUG oslo_db.sqlalchemy.engines [None req-7da19e42-2c2c-4619-a460-929c465a896b None None] MySQL server mode set to STRICT_TRANS_TABLES,STRICT_ALL_TABLES,NO_ZERO_IN_DATE,NO_ZERO_DATE,ERROR_FOR_DIVISION_BY_ZERO,TRADITIONAL,NO_ENGINE_SUBSTITUTION {{(pid=107494) _check_effective_sql_mode /opt/stack/data/venv/lib/python3.12/site-packages/oslo_db/sqlalchemy/engines.py:325}}
Jul 02 03:25:03.412108 np0000183856 devstack@n-api-meta.service[107495]: DEBUG oslo_db.sqlalchemy.engines [None req-0671b899-1bce-4059-9fa4-8d2c569b9138 None None] MySQL server mode set to STRICT_TRANS_TABLES,STRICT_ALL_TABLES,NO_ZERO_IN_DATE,NO_ZERO_DATE,ERROR_FOR_DIVISION_BY_ZERO,TRADITIONAL,NO_ENGINE_SUBSTITUTION {{(pid=107495) _check_effective_sql_mode /opt/stack/data/venv/lib/python3.12/site-packages/oslo_db/sqlalchemy/engines.py:325}}
Jul 02 03:25:03.425370 np0000183856 devstack@n-api-meta.service[107497]: DEBUG oslo_db.sqlalchemy.engines [None req-04443e55-0786-432a-8914-5d0761af67f3 None None] MySQL server mode set to STRICT_TRANS_TABLES,STRICT_ALL_TABLES,NO_ZERO_IN_DATE,NO_ZERO_DATE,ERROR_FOR_DIVISION_BY_ZERO,TRADITIONAL,NO_ENGINE_SUBSTITUTION {{(pid=107497) _check_effective_sql_mode /opt/stack/data/venv/lib/python3.12/site-packages/oslo_db/sqlalchemy/engines.py:325}}
Jul 02 03:25:03.447404 np0000183856 devstack@n-api-meta.service[107495]: DEBUG dbcounter [-] [107495] Writer thread running {{(pid=107495) stat_writer /opt/stack/data/venv/lib/python3.12/site-packages/dbcounter.py:102}}
Jul 02 03:25:03.453773 np0000183856 devstack@n-api-meta.service[107495]: DEBUG nova.context [None req-0671b899-1bce-4059-9fa4-8d2c569b9138 None None] Found 2 cells: 00000000-0000-0000-0000-000000000000(cell0),2de8ecf6-00eb-4968-a4a0-2048dde1f1a4(cell1) {{(pid=107495) load_cells /opt/stack/nova/nova/context.py:509}}
Jul 02 03:25:03.454099 np0000183856 devstack@n-api-meta.service[107495]: INFO nova.utils [None req-0671b899-1bce-4059-9fa4-8d2c569b9138 None None] The cell worker thread pool MainProcess.cell_worker is initialized
Jul 02 03:25:03.456725 np0000183856 devstack@n-api-meta.service[107495]: DEBUG oslo_concurrency.lockutils [None req-0671b899-1bce-4059-9fa4-8d2c569b9138 None None] Acquiring lock "00000000-0000-0000-0000-000000000000" by "nova.context.set_target_cell..get_or_set_cached_cell_and_set_connections" {{(pid=107495) inner /opt/stack/data/venv/lib/python3.12/site-packages/oslo_concurrency/lockutils.py:511}}
Jul 02 03:25:03.456976 np0000183856 devstack@n-api-meta.service[107495]: DEBUG oslo_concurrency.lockutils [None req-0671b899-1bce-4059-9fa4-8d2c569b9138 None None] Lock "00000000-0000-0000-0000-000000000000" acquired by "nova.context.set_target_cell..get_or_set_cached_cell_and_set_connections" :: waited 0.000s {{(pid=107495) inner /opt/stack/data/venv/lib/python3.12/site-packages/oslo_concurrency/lockutils.py:524}}
Jul 02 03:25:03.457560 np0000183856 devstack@n-api-meta.service[107495]: DEBUG oslo_concurrency.lockutils [None req-0671b899-1bce-4059-9fa4-8d2c569b9138 None None] Lock "00000000-0000-0000-0000-000000000000" "released" by "nova.context.set_target_cell..get_or_set_cached_cell_and_set_connections" :: held 0.001s {{(pid=107495) inner /opt/stack/data/venv/lib/python3.12/site-packages/oslo_concurrency/lockutils.py:543}}
Jul 02 03:25:03.458549 np0000183856 devstack@n-api-meta.service[107495]: DEBUG oslo_concurrency.lockutils [None req-0671b899-1bce-4059-9fa4-8d2c569b9138 None None] Acquiring lock "2de8ecf6-00eb-4968-a4a0-2048dde1f1a4" by "nova.context.set_target_cell..get_or_set_cached_cell_and_set_connections" {{(pid=107495) inner /opt/stack/data/venv/lib/python3.12/site-packages/oslo_concurrency/lockutils.py:511}}
Jul 02 03:25:03.458760 np0000183856 devstack@n-api-meta.service[107495]: DEBUG oslo_concurrency.lockutils [None req-0671b899-1bce-4059-9fa4-8d2c569b9138 None None] Lock "2de8ecf6-00eb-4968-a4a0-2048dde1f1a4" acquired by "nova.context.set_target_cell..get_or_set_cached_cell_and_set_connections" :: waited 0.000s {{(pid=107495) inner /opt/stack/data/venv/lib/python3.12/site-packages/oslo_concurrency/lockutils.py:524}}
Jul 02 03:25:03.460130 np0000183856 devstack@n-api-meta.service[107495]: DEBUG oslo_concurrency.lockutils [None req-0671b899-1bce-4059-9fa4-8d2c569b9138 None None] Lock "2de8ecf6-00eb-4968-a4a0-2048dde1f1a4" "released" by "nova.context.set_target_cell..get_or_set_cached_cell_and_set_connections" :: held 0.001s {{(pid=107495) inner /opt/stack/data/venv/lib/python3.12/site-packages/oslo_concurrency/lockutils.py:543}}
Jul 02 03:25:03.463078 np0000183856 devstack@n-api-meta.service[107495]: INFO dbcounter [None req-0671b899-1bce-4059-9fa4-8d2c569b9138 None None] Registered counter for database nova_cell0
Jul 02 03:25:03.463162 np0000183856 devstack@n-api-meta.service[107497]: DEBUG dbcounter [-] [107497] Writer thread running {{(pid=107497) stat_writer /opt/stack/data/venv/lib/python3.12/site-packages/dbcounter.py:102}}
Jul 02 03:25:03.466183 np0000183856 devstack@n-api-meta.service[107497]: DEBUG nova.context [None req-04443e55-0786-432a-8914-5d0761af67f3 None None] Found 2 cells: 00000000-0000-0000-0000-000000000000(cell0),2de8ecf6-00eb-4968-a4a0-2048dde1f1a4(cell1) {{(pid=107497) load_cells /opt/stack/nova/nova/context.py:509}}
Jul 02 03:25:03.466428 np0000183856 devstack@n-api-meta.service[107497]: INFO nova.utils [None req-04443e55-0786-432a-8914-5d0761af67f3 None None] The cell worker thread pool MainProcess.cell_worker is initialized
Jul 02 03:25:03.466951 np0000183856 devstack@n-api-meta.service[107495]: INFO dbcounter [None req-0671b899-1bce-4059-9fa4-8d2c569b9138 None None] Registered counter for database nova_cell1
Jul 02 03:25:03.468517 np0000183856 devstack@n-api-meta.service[107497]: DEBUG oslo_concurrency.lockutils [None req-04443e55-0786-432a-8914-5d0761af67f3 None None] Acquiring lock "00000000-0000-0000-0000-000000000000" by "nova.context.set_target_cell..get_or_set_cached_cell_and_set_connections" {{(pid=107497) inner /opt/stack/data/venv/lib/python3.12/site-packages/oslo_concurrency/lockutils.py:511}}
Jul 02 03:25:03.468709 np0000183856 devstack@n-api-meta.service[107497]: DEBUG oslo_concurrency.lockutils [None req-04443e55-0786-432a-8914-5d0761af67f3 None None] Lock "00000000-0000-0000-0000-000000000000" acquired by "nova.context.set_target_cell..get_or_set_cached_cell_and_set_connections" :: waited 0.000s {{(pid=107497) inner /opt/stack/data/venv/lib/python3.12/site-packages/oslo_concurrency/lockutils.py:524}}
Jul 02 03:25:03.469121 np0000183856 devstack@n-api-meta.service[107497]: DEBUG oslo_concurrency.lockutils [None req-04443e55-0786-432a-8914-5d0761af67f3 None None] Lock "00000000-0000-0000-0000-000000000000" "released" by "nova.context.set_target_cell..get_or_set_cached_cell_and_set_connections" :: held 0.000s {{(pid=107497) inner /opt/stack/data/venv/lib/python3.12/site-packages/oslo_concurrency/lockutils.py:543}}
Jul 02 03:25:03.470023 np0000183856 devstack@n-api-meta.service[107497]: DEBUG oslo_concurrency.lockutils [None req-04443e55-0786-432a-8914-5d0761af67f3 None None] Acquiring lock "2de8ecf6-00eb-4968-a4a0-2048dde1f1a4" by "nova.context.set_target_cell..get_or_set_cached_cell_and_set_connections" {{(pid=107497) inner /opt/stack/data/venv/lib/python3.12/site-packages/oslo_concurrency/lockutils.py:511}}
Jul 02 03:25:03.470162 np0000183856 devstack@n-api-meta.service[107497]: DEBUG oslo_concurrency.lockutils [None req-04443e55-0786-432a-8914-5d0761af67f3 None None] Lock "2de8ecf6-00eb-4968-a4a0-2048dde1f1a4" acquired by "nova.context.set_target_cell..get_or_set_cached_cell_and_set_connections" :: waited 0.000s {{(pid=107497) inner /opt/stack/data/venv/lib/python3.12/site-packages/oslo_concurrency/lockutils.py:524}}
Jul 02 03:25:03.471080 np0000183856 devstack@n-api-meta.service[107497]: DEBUG oslo_concurrency.lockutils [None req-04443e55-0786-432a-8914-5d0761af67f3 None None] Lock "2de8ecf6-00eb-4968-a4a0-2048dde1f1a4" "released" by "nova.context.set_target_cell..get_or_set_cached_cell_and_set_connections" :: held 0.001s {{(pid=107497) inner /opt/stack/data/venv/lib/python3.12/site-packages/oslo_concurrency/lockutils.py:543}}
Jul 02 03:25:03.475569 np0000183856 devstack@n-api-meta.service[107497]: INFO dbcounter [None req-04443e55-0786-432a-8914-5d0761af67f3 None None] Registered counter for database nova_cell0
Jul 02 03:25:03.480144 np0000183856 devstack@n-api-meta.service[107497]: INFO dbcounter [None req-04443e55-0786-432a-8914-5d0761af67f3 None None] Registered counter for database nova_cell1
Jul 02 03:25:03.508663 np0000183856 devstack@n-api-meta.service[107494]: DEBUG dbcounter [-] [107494] Writer thread running {{(pid=107494) stat_writer /opt/stack/data/venv/lib/python3.12/site-packages/dbcounter.py:102}}
Jul 02 03:25:03.513212 np0000183856 devstack@n-api-meta.service[107495]: DEBUG oslo_db.sqlalchemy.engines [None req-0671b899-1bce-4059-9fa4-8d2c569b9138 None None] MySQL server mode set to STRICT_TRANS_TABLES,STRICT_ALL_TABLES,NO_ZERO_IN_DATE,NO_ZERO_DATE,ERROR_FOR_DIVISION_BY_ZERO,TRADITIONAL,NO_ENGINE_SUBSTITUTION {{(pid=107495) _check_effective_sql_mode /opt/stack/data/venv/lib/python3.12/site-packages/oslo_db/sqlalchemy/engines.py:325}}
Jul 02 03:25:03.515238 np0000183856 devstack@n-api-meta.service[107494]: DEBUG dbcounter [-] [107494] Writer thread running {{(pid=107494) stat_writer /opt/stack/data/venv/lib/python3.12/site-packages/dbcounter.py:102}}
Jul 02 03:25:03.536975 np0000183856 devstack@n-api-meta.service[107497]: DEBUG oslo_db.sqlalchemy.engines [None req-04443e55-0786-432a-8914-5d0761af67f3 None None] MySQL server mode set to STRICT_TRANS_TABLES,STRICT_ALL_TABLES,NO_ZERO_IN_DATE,NO_ZERO_DATE,ERROR_FOR_DIVISION_BY_ZERO,TRADITIONAL,NO_ENGINE_SUBSTITUTION {{(pid=107497) _check_effective_sql_mode /opt/stack/data/venv/lib/python3.12/site-packages/oslo_db/sqlalchemy/engines.py:325}}
Jul 02 03:25:03.607256 np0000183856 devstack@n-api-meta.service[107495]: DEBUG dbcounter [-] [107495] Writer thread running {{(pid=107495) stat_writer /opt/stack/data/venv/lib/python3.12/site-packages/dbcounter.py:102}}
Jul 02 03:25:03.620692 np0000183856 devstack@n-api-meta.service[107497]: DEBUG oslo_db.sqlalchemy.engines [None req-04443e55-0786-432a-8914-5d0761af67f3 None None] MySQL server mode set to STRICT_TRANS_TABLES,STRICT_ALL_TABLES,NO_ZERO_IN_DATE,NO_ZERO_DATE,ERROR_FOR_DIVISION_BY_ZERO,TRADITIONAL,NO_ENGINE_SUBSTITUTION {{(pid=107497) _check_effective_sql_mode /opt/stack/data/venv/lib/python3.12/site-packages/oslo_db/sqlalchemy/engines.py:325}}
Jul 02 03:25:03.630694 np0000183856 devstack@n-api-meta.service[107495]: DEBUG oslo_db.sqlalchemy.engines [None req-0671b899-1bce-4059-9fa4-8d2c569b9138 None None] MySQL server mode set to STRICT_TRANS_TABLES,STRICT_ALL_TABLES,NO_ZERO_IN_DATE,NO_ZERO_DATE,ERROR_FOR_DIVISION_BY_ZERO,TRADITIONAL,NO_ENGINE_SUBSTITUTION {{(pid=107495) _check_effective_sql_mode /opt/stack/data/venv/lib/python3.12/site-packages/oslo_db/sqlalchemy/engines.py:325}}
Jul 02 03:25:03.634906 np0000183856 devstack@n-api-meta.service[107497]: DEBUG dbcounter [-] [107497] Writer thread running {{(pid=107497) stat_writer /opt/stack/data/venv/lib/python3.12/site-packages/dbcounter.py:102}}
Jul 02 03:25:03.642838 np0000183856 devstack@n-api-meta.service[107495]: DEBUG dbcounter [-] [107495] Writer thread running {{(pid=107495) stat_writer /opt/stack/data/venv/lib/python3.12/site-packages/dbcounter.py:102}}
Jul 02 03:25:03.644783 np0000183856 devstack@n-api-meta.service[107494]: INFO dbcounter [None req-7da19e42-2c2c-4619-a460-929c465a896b None None] Registered counter for database nova_cell0
Jul 02 03:25:03.646802 np0000183856 devstack@n-api-meta.service[107497]: DEBUG dbcounter [-] [107497] Writer thread running {{(pid=107497) stat_writer /opt/stack/data/venv/lib/python3.12/site-packages/dbcounter.py:102}}
Jul 02 03:25:03.652726 np0000183856 devstack@n-api-meta.service[107497]: INFO dbcounter [None req-04443e55-0786-432a-8914-5d0761af67f3 None None] Registered counter for database nova_cell0
Jul 02 03:25:03.689732 np0000183856 devstack@n-api-meta.service[107494]: DEBUG oslo_db.sqlalchemy.engines [None req-7da19e42-2c2c-4619-a460-929c465a896b None None] MySQL server mode set to STRICT_TRANS_TABLES,STRICT_ALL_TABLES,NO_ZERO_IN_DATE,NO_ZERO_DATE,ERROR_FOR_DIVISION_BY_ZERO,TRADITIONAL,NO_ENGINE_SUBSTITUTION {{(pid=107494) _check_effective_sql_mode /opt/stack/data/venv/lib/python3.12/site-packages/oslo_db/sqlalchemy/engines.py:325}}
Jul 02 03:25:03.693235 np0000183856 devstack@n-api-meta.service[107497]: DEBUG oslo_db.sqlalchemy.engines [None req-04443e55-0786-432a-8914-5d0761af67f3 None None] MySQL server mode set to STRICT_TRANS_TABLES,STRICT_ALL_TABLES,NO_ZERO_IN_DATE,NO_ZERO_DATE,ERROR_FOR_DIVISION_BY_ZERO,TRADITIONAL,NO_ENGINE_SUBSTITUTION {{(pid=107497) _check_effective_sql_mode /opt/stack/data/venv/lib/python3.12/site-packages/oslo_db/sqlalchemy/engines.py:325}}
Jul 02 03:25:03.698699 np0000183856 devstack@n-api-meta.service[107494]: DEBUG dbcounter [-] [107494] Writer thread running {{(pid=107494) stat_writer /opt/stack/data/venv/lib/python3.12/site-packages/dbcounter.py:102}}
Jul 02 03:25:03.702751 np0000183856 devstack@n-api-meta.service[107497]: DEBUG dbcounter [-] [107497] Writer thread running {{(pid=107497) stat_writer /opt/stack/data/venv/lib/python3.12/site-packages/dbcounter.py:102}}
Jul 02 03:25:03.914169 np0000183856 devstack@n-api-meta.service[107495]: INFO dbcounter [None req-0671b899-1bce-4059-9fa4-8d2c569b9138 None None] Registered counter for database nova_cell0
Jul 02 03:25:03.958970 np0000183856 devstack@n-api-meta.service[107495]: DEBUG oslo_db.sqlalchemy.engines [None req-0671b899-1bce-4059-9fa4-8d2c569b9138 None None] MySQL server mode set to STRICT_TRANS_TABLES,STRICT_ALL_TABLES,NO_ZERO_IN_DATE,NO_ZERO_DATE,ERROR_FOR_DIVISION_BY_ZERO,TRADITIONAL,NO_ENGINE_SUBSTITUTION {{(pid=107495) _check_effective_sql_mode /opt/stack/data/venv/lib/python3.12/site-packages/oslo_db/sqlalchemy/engines.py:325}}
Jul 02 03:25:03.969105 np0000183856 devstack@n-api-meta.service[107495]: DEBUG dbcounter [-] [107495] Writer thread running {{(pid=107495) stat_writer /opt/stack/data/venv/lib/python3.12/site-packages/dbcounter.py:102}}
Jul 02 03:25:04.255376 np0000183856 devstack@n-api-meta.service[107496]: WARNING nova.api.metadata.handler [None req-d27bdc7e-1caf-4b8d-8020-7b40ee415ed7 None None] metadata_proxy_shared_secret is not configured, the metadata information returned by the proxy cannot be trusted
Jul 02 03:25:04.256908 np0000183856 devstack@n-api-meta.service[107496]: DEBUG nova.api.openstack.wsgi_app [None req-d27bdc7e-1caf-4b8d-8020-7b40ee415ed7 None None] ******************************************************************************** {{(pid=107496) log_opt_values /opt/stack/data/venv/lib/python3.12/site-packages/oslo_config/cfg.py:3226}}
Jul 02 03:25:04.257007 np0000183856 devstack@n-api-meta.service[107496]: DEBUG nova.api.openstack.wsgi_app [None req-d27bdc7e-1caf-4b8d-8020-7b40ee415ed7 None None] Configuration options gathered from: {{(pid=107496) log_opt_values /opt/stack/data/venv/lib/python3.12/site-packages/oslo_config/cfg.py:3227}}
Jul 02 03:25:04.257109 np0000183856 devstack@n-api-meta.service[107496]: DEBUG nova.api.openstack.wsgi_app [None req-d27bdc7e-1caf-4b8d-8020-7b40ee415ed7 None None] command line args: [] {{(pid=107496) log_opt_values /opt/stack/data/venv/lib/python3.12/site-packages/oslo_config/cfg.py:3228}}
Jul 02 03:25:04.257283 np0000183856 devstack@n-api-meta.service[107496]: DEBUG nova.api.openstack.wsgi_app [None req-d27bdc7e-1caf-4b8d-8020-7b40ee415ed7 None None] config files: ['/etc/nova/api-paste.ini', '/etc/nova/nova.conf'] {{(pid=107496) log_opt_values /opt/stack/data/venv/lib/python3.12/site-packages/oslo_config/cfg.py:3229}}
Jul 02 03:25:04.257383 np0000183856 devstack@n-api-meta.service[107496]: DEBUG nova.api.openstack.wsgi_app [None req-d27bdc7e-1caf-4b8d-8020-7b40ee415ed7 None None] ================================================================================ {{(pid=107496) log_opt_values /opt/stack/data/venv/lib/python3.12/site-packages/oslo_config/cfg.py:3234}}
Jul 02 03:25:04.257576 np0000183856 devstack@n-api-meta.service[107496]: DEBUG nova.api.openstack.wsgi_app [None req-d27bdc7e-1caf-4b8d-8020-7b40ee415ed7 None None] allow_resize_to_same_host = True {{(pid=107496) log_opt_values /opt/stack/data/venv/lib/python3.12/site-packages/oslo_config/cfg.py:3242}}
Jul 02 03:25:04.257731 np0000183856 devstack@n-api-meta.service[107496]: DEBUG nova.api.openstack.wsgi_app [None req-d27bdc7e-1caf-4b8d-8020-7b40ee415ed7 None None] arq_binding_timeout = 300 {{(pid=107496) log_opt_values /opt/stack/data/venv/lib/python3.12/site-packages/oslo_config/cfg.py:3242}}
Jul 02 03:25:04.257877 np0000183856 devstack@n-api-meta.service[107496]: DEBUG nova.api.openstack.wsgi_app [None req-d27bdc7e-1caf-4b8d-8020-7b40ee415ed7 None None] block_device_allocate_retries = 60 {{(pid=107496) log_opt_values /opt/stack/data/venv/lib/python3.12/site-packages/oslo_config/cfg.py:3242}}
Jul 02 03:25:04.258008 np0000183856 devstack@n-api-meta.service[107496]: DEBUG nova.api.openstack.wsgi_app [None req-d27bdc7e-1caf-4b8d-8020-7b40ee415ed7 None None] block_device_allocate_retries_interval = 3 {{(pid=107496) log_opt_values /opt/stack/data/venv/lib/python3.12/site-packages/oslo_config/cfg.py:3242}}
Jul 02 03:25:04.258144 np0000183856 devstack@n-api-meta.service[107496]: DEBUG nova.api.openstack.wsgi_app [None req-d27bdc7e-1caf-4b8d-8020-7b40ee415ed7 None None] cell_worker_thread_pool_size = 5 {{(pid=107496) log_opt_values /opt/stack/data/venv/lib/python3.12/site-packages/oslo_config/cfg.py:3242}}
Jul 02 03:25:04.258288 np0000183856 devstack@n-api-meta.service[107496]: DEBUG nova.api.openstack.wsgi_app [None req-d27bdc7e-1caf-4b8d-8020-7b40ee415ed7 None None] cert = self.pem {{(pid=107496) log_opt_values /opt/stack/data/venv/lib/python3.12/site-packages/oslo_config/cfg.py:3242}}
Jul 02 03:25:04.258428 np0000183856 devstack@n-api-meta.service[107496]: DEBUG nova.api.openstack.wsgi_app [None req-d27bdc7e-1caf-4b8d-8020-7b40ee415ed7 None None] compute_driver = libvirt.LibvirtDriver {{(pid=107496) log_opt_values /opt/stack/data/venv/lib/python3.12/site-packages/oslo_config/cfg.py:3242}}
Jul 02 03:25:04.258584 np0000183856 devstack@n-api-meta.service[107496]: DEBUG nova.api.openstack.wsgi_app [None req-d27bdc7e-1caf-4b8d-8020-7b40ee415ed7 None None] compute_monitors = [] {{(pid=107496) log_opt_values /opt/stack/data/venv/lib/python3.12/site-packages/oslo_config/cfg.py:3242}}
Jul 02 03:25:04.258724 np0000183856 devstack@n-api-meta.service[107496]: DEBUG nova.api.openstack.wsgi_app [None req-d27bdc7e-1caf-4b8d-8020-7b40ee415ed7 None None] config_dir = [] {{(pid=107496) log_opt_values /opt/stack/data/venv/lib/python3.12/site-packages/oslo_config/cfg.py:3242}}
Jul 02 03:25:04.258867 np0000183856 devstack@n-api-meta.service[107496]: DEBUG nova.api.openstack.wsgi_app [None req-d27bdc7e-1caf-4b8d-8020-7b40ee415ed7 None None] config_drive_format = iso9660 {{(pid=107496) log_opt_values /opt/stack/data/venv/lib/python3.12/site-packages/oslo_config/cfg.py:3242}}
Jul 02 03:25:04.258977 np0000183856 devstack@n-api-meta.service[107496]: DEBUG nova.api.openstack.wsgi_app [None req-d27bdc7e-1caf-4b8d-8020-7b40ee415ed7 None None] config_file = ['/etc/nova/api-paste.ini', '/etc/nova/nova.conf'] {{(pid=107496) log_opt_values /opt/stack/data/venv/lib/python3.12/site-packages/oslo_config/cfg.py:3242}}
Jul 02 03:25:04.259114 np0000183856 devstack@n-api-meta.service[107496]: DEBUG nova.api.openstack.wsgi_app [None req-d27bdc7e-1caf-4b8d-8020-7b40ee415ed7 None None] config_source = [] {{(pid=107496) log_opt_values /opt/stack/data/venv/lib/python3.12/site-packages/oslo_config/cfg.py:3242}}
Jul 02 03:25:04.259255 np0000183856 devstack@n-api-meta.service[107496]: DEBUG nova.api.openstack.wsgi_app [None req-d27bdc7e-1caf-4b8d-8020-7b40ee415ed7 None None] console_host = np0000183856 {{(pid=107496) log_opt_values /opt/stack/data/venv/lib/python3.12/site-packages/oslo_config/cfg.py:3242}}
Jul 02 03:25:04.259396 np0000183856 devstack@n-api-meta.service[107496]: DEBUG nova.api.openstack.wsgi_app [None req-d27bdc7e-1caf-4b8d-8020-7b40ee415ed7 None None] control_exchange = nova {{(pid=107496) log_opt_values /opt/stack/data/venv/lib/python3.12/site-packages/oslo_config/cfg.py:3242}}
Jul 02 03:25:04.259577 np0000183856 devstack@n-api-meta.service[107496]: DEBUG nova.api.openstack.wsgi_app [None req-d27bdc7e-1caf-4b8d-8020-7b40ee415ed7 None None] cpu_allocation_ratio = None {{(pid=107496) log_opt_values /opt/stack/data/venv/lib/python3.12/site-packages/oslo_config/cfg.py:3242}}
Jul 02 03:25:04.259700 np0000183856 devstack@n-api-meta.service[107496]: DEBUG nova.api.openstack.wsgi_app [None req-d27bdc7e-1caf-4b8d-8020-7b40ee415ed7 None None] daemon = False {{(pid=107496) log_opt_values /opt/stack/data/venv/lib/python3.12/site-packages/oslo_config/cfg.py:3242}}
Jul 02 03:25:04.259842 np0000183856 devstack@n-api-meta.service[107496]: DEBUG nova.api.openstack.wsgi_app [None req-d27bdc7e-1caf-4b8d-8020-7b40ee415ed7 None None] debug = True {{(pid=107496) log_opt_values /opt/stack/data/venv/lib/python3.12/site-packages/oslo_config/cfg.py:3242}}
Jul 02 03:25:04.259975 np0000183856 devstack@n-api-meta.service[107496]: DEBUG nova.api.openstack.wsgi_app [None req-d27bdc7e-1caf-4b8d-8020-7b40ee415ed7 None None] default_access_ip_network_name = None {{(pid=107496) log_opt_values /opt/stack/data/venv/lib/python3.12/site-packages/oslo_config/cfg.py:3242}}
Jul 02 03:25:04.260113 np0000183856 devstack@n-api-meta.service[107496]: DEBUG nova.api.openstack.wsgi_app [None req-d27bdc7e-1caf-4b8d-8020-7b40ee415ed7 None None] default_availability_zone = nova {{(pid=107496) log_opt_values /opt/stack/data/venv/lib/python3.12/site-packages/oslo_config/cfg.py:3242}}
Jul 02 03:25:04.260314 np0000183856 devstack@n-api-meta.service[107496]: DEBUG nova.api.openstack.wsgi_app [None req-d27bdc7e-1caf-4b8d-8020-7b40ee415ed7 None None] default_ephemeral_format = ext4 {{(pid=107496) log_opt_values /opt/stack/data/venv/lib/python3.12/site-packages/oslo_config/cfg.py:3242}}
Jul 02 03:25:04.260451 np0000183856 devstack@n-api-meta.service[107496]: DEBUG nova.api.openstack.wsgi_app [None req-d27bdc7e-1caf-4b8d-8020-7b40ee415ed7 None None] default_green_pool_size = 1000 {{(pid=107496) log_opt_values /opt/stack/data/venv/lib/python3.12/site-packages/oslo_config/cfg.py:3242}}
Jul 02 03:25:04.260715 np0000183856 devstack@n-api-meta.service[107496]: DEBUG nova.api.openstack.wsgi_app [None req-d27bdc7e-1caf-4b8d-8020-7b40ee415ed7 None None] default_log_levels = ['amqp=WARN', 'boto=WARN', 'sqlalchemy=WARN', 'suds=INFO', 'oslo.messaging=INFO', 'oslo_messaging=INFO', 'iso8601=WARN', 'requests.packages.urllib3.connectionpool=WARN', 'urllib3.connectionpool=WARN', 'websocket=WARN', 'requests.packages.urllib3.util.retry=WARN', 'urllib3.util.retry=WARN', 'keystonemiddleware=WARN', 'routes.middleware=WARN', 'stevedore=WARN', 'taskflow=WARN', 'keystoneauth=WARN', 'oslo.cache=INFO', 'oslo_policy=INFO', 'dogpile.core.dogpile=INFO', 'glanceclient=WARN', 'oslo.privsep.daemon=INFO'] {{(pid=107496) log_opt_values /opt/stack/data/venv/lib/python3.12/site-packages/oslo_config/cfg.py:3242}}
Jul 02 03:25:04.260866 np0000183856 devstack@n-api-meta.service[107496]: DEBUG nova.api.openstack.wsgi_app [None req-d27bdc7e-1caf-4b8d-8020-7b40ee415ed7 None None] default_schedule_zone = None {{(pid=107496) log_opt_values /opt/stack/data/venv/lib/python3.12/site-packages/oslo_config/cfg.py:3242}}
Jul 02 03:25:04.260963 np0000183856 devstack@n-api-meta.service[107496]: DEBUG nova.api.openstack.wsgi_app [None req-d27bdc7e-1caf-4b8d-8020-7b40ee415ed7 None None] default_thread_pool_size = 10 {{(pid=107496) log_opt_values /opt/stack/data/venv/lib/python3.12/site-packages/oslo_config/cfg.py:3242}}
Jul 02 03:25:04.261099 np0000183856 devstack@n-api-meta.service[107496]: DEBUG nova.api.openstack.wsgi_app [None req-d27bdc7e-1caf-4b8d-8020-7b40ee415ed7 None None] disk_allocation_ratio = None {{(pid=107496) log_opt_values /opt/stack/data/venv/lib/python3.12/site-packages/oslo_config/cfg.py:3242}}
Jul 02 03:25:04.262799 np0000183856 devstack@n-api-meta.service[107496]: DEBUG nova.api.openstack.wsgi_app [None req-d27bdc7e-1caf-4b8d-8020-7b40ee415ed7 None None] enable_new_services = True {{(pid=107496) log_opt_values /opt/stack/data/venv/lib/python3.12/site-packages/oslo_config/cfg.py:3242}}
Jul 02 03:25:04.262799 np0000183856 devstack@n-api-meta.service[107496]: DEBUG nova.api.openstack.wsgi_app [None req-d27bdc7e-1caf-4b8d-8020-7b40ee415ed7 None None] flat_injected = False {{(pid=107496) log_opt_values /opt/stack/data/venv/lib/python3.12/site-packages/oslo_config/cfg.py:3242}}
Jul 02 03:25:04.262799 np0000183856 devstack@n-api-meta.service[107496]: DEBUG nova.api.openstack.wsgi_app [None req-d27bdc7e-1caf-4b8d-8020-7b40ee415ed7 None None] force_config_drive = False {{(pid=107496) log_opt_values /opt/stack/data/venv/lib/python3.12/site-packages/oslo_config/cfg.py:3242}}
Jul 02 03:25:04.262799 np0000183856 devstack@n-api-meta.service[107496]: DEBUG nova.api.openstack.wsgi_app [None req-d27bdc7e-1caf-4b8d-8020-7b40ee415ed7 None None] force_raw_images = True {{(pid=107496) log_opt_values /opt/stack/data/venv/lib/python3.12/site-packages/oslo_config/cfg.py:3242}}
Jul 02 03:25:04.262799 np0000183856 devstack@n-api-meta.service[107496]: DEBUG nova.api.openstack.wsgi_app [None req-d27bdc7e-1caf-4b8d-8020-7b40ee415ed7 None None] graceful_shutdown_timeout = 5 {{(pid=107496) log_opt_values /opt/stack/data/venv/lib/python3.12/site-packages/oslo_config/cfg.py:3242}}
Jul 02 03:25:04.262799 np0000183856 devstack@n-api-meta.service[107496]: DEBUG nova.api.openstack.wsgi_app [None req-d27bdc7e-1caf-4b8d-8020-7b40ee415ed7 None None] heal_instance_info_cache_interval = -1 {{(pid=107496) log_opt_values /opt/stack/data/venv/lib/python3.12/site-packages/oslo_config/cfg.py:3242}}
Jul 02 03:25:04.262799 np0000183856 devstack@n-api-meta.service[107496]: DEBUG nova.api.openstack.wsgi_app [None req-d27bdc7e-1caf-4b8d-8020-7b40ee415ed7 None None] host = np0000183856 {{(pid=107496) log_opt_values /opt/stack/data/venv/lib/python3.12/site-packages/oslo_config/cfg.py:3242}}
Jul 02 03:25:04.263223 np0000183856 devstack@n-api-meta.service[107496]: DEBUG nova.api.openstack.wsgi_app [None req-d27bdc7e-1caf-4b8d-8020-7b40ee415ed7 None None] initial_cpu_allocation_ratio = 4.0 {{(pid=107496) log_opt_values /opt/stack/data/venv/lib/python3.12/site-packages/oslo_config/cfg.py:3242}}
Jul 02 03:25:04.263223 np0000183856 devstack@n-api-meta.service[107496]: DEBUG nova.api.openstack.wsgi_app [None req-d27bdc7e-1caf-4b8d-8020-7b40ee415ed7 None None] initial_disk_allocation_ratio = 1.0 {{(pid=107496) log_opt_values /opt/stack/data/venv/lib/python3.12/site-packages/oslo_config/cfg.py:3242}}
Jul 02 03:25:04.263223 np0000183856 devstack@n-api-meta.service[107496]: DEBUG nova.api.openstack.wsgi_app [None req-d27bdc7e-1caf-4b8d-8020-7b40ee415ed7 None None] initial_ram_allocation_ratio = 1.0 {{(pid=107496) log_opt_values /opt/stack/data/venv/lib/python3.12/site-packages/oslo_config/cfg.py:3242}}
Jul 02 03:25:04.263223 np0000183856 devstack@n-api-meta.service[107496]: DEBUG nova.api.openstack.wsgi_app [None req-d27bdc7e-1caf-4b8d-8020-7b40ee415ed7 None None] injected_network_template = /opt/stack/nova/nova/virt/interfaces.template {{(pid=107496) log_opt_values /opt/stack/data/venv/lib/python3.12/site-packages/oslo_config/cfg.py:3242}}
Jul 02 03:25:04.263223 np0000183856 devstack@n-api-meta.service[107496]: DEBUG nova.api.openstack.wsgi_app [None req-d27bdc7e-1caf-4b8d-8020-7b40ee415ed7 None None] instance_build_timeout = 0 {{(pid=107496) log_opt_values /opt/stack/data/venv/lib/python3.12/site-packages/oslo_config/cfg.py:3242}}
Jul 02 03:25:04.263223 np0000183856 devstack@n-api-meta.service[107496]: DEBUG nova.api.openstack.wsgi_app [None req-d27bdc7e-1caf-4b8d-8020-7b40ee415ed7 None None] instance_delete_interval = 300 {{(pid=107496) log_opt_values /opt/stack/data/venv/lib/python3.12/site-packages/oslo_config/cfg.py:3242}}
Jul 02 03:25:04.263223 np0000183856 devstack@n-api-meta.service[107496]: DEBUG nova.api.openstack.wsgi_app [None req-d27bdc7e-1caf-4b8d-8020-7b40ee415ed7 None None] instance_format = [instance: %(uuid)s] {{(pid=107496) log_opt_values /opt/stack/data/venv/lib/python3.12/site-packages/oslo_config/cfg.py:3242}}
Jul 02 03:25:04.263643 np0000183856 devstack@n-api-meta.service[107496]: DEBUG nova.api.openstack.wsgi_app [None req-d27bdc7e-1caf-4b8d-8020-7b40ee415ed7 None None] instance_name_template = instance-%08x {{(pid=107496) log_opt_values /opt/stack/data/venv/lib/python3.12/site-packages/oslo_config/cfg.py:3242}}
Jul 02 03:25:04.263643 np0000183856 devstack@n-api-meta.service[107496]: DEBUG nova.api.openstack.wsgi_app [None req-d27bdc7e-1caf-4b8d-8020-7b40ee415ed7 None None] instance_usage_audit = False {{(pid=107496) log_opt_values /opt/stack/data/venv/lib/python3.12/site-packages/oslo_config/cfg.py:3242}}
Jul 02 03:25:04.263643 np0000183856 devstack@n-api-meta.service[107496]: DEBUG nova.api.openstack.wsgi_app [None req-d27bdc7e-1caf-4b8d-8020-7b40ee415ed7 None None] instance_usage_audit_period = month {{(pid=107496) log_opt_values /opt/stack/data/venv/lib/python3.12/site-packages/oslo_config/cfg.py:3242}}
Jul 02 03:25:04.263829 np0000183856 devstack@n-api-meta.service[107496]: DEBUG nova.api.openstack.wsgi_app [None req-d27bdc7e-1caf-4b8d-8020-7b40ee415ed7 None None] instance_uuid_format = [instance: %(uuid)s] {{(pid=107496) log_opt_values /opt/stack/data/venv/lib/python3.12/site-packages/oslo_config/cfg.py:3242}}
Jul 02 03:25:04.263829 np0000183856 devstack@n-api-meta.service[107496]: DEBUG nova.api.openstack.wsgi_app [None req-d27bdc7e-1caf-4b8d-8020-7b40ee415ed7 None None] instances_path = /opt/stack/data/nova/instances {{(pid=107496) log_opt_values /opt/stack/data/venv/lib/python3.12/site-packages/oslo_config/cfg.py:3242}}
Jul 02 03:25:04.263949 np0000183856 devstack@n-api-meta.service[107496]: DEBUG nova.api.openstack.wsgi_app [None req-d27bdc7e-1caf-4b8d-8020-7b40ee415ed7 None None] internal_service_availability_zone = internal {{(pid=107496) log_opt_values /opt/stack/data/venv/lib/python3.12/site-packages/oslo_config/cfg.py:3242}}
Jul 02 03:25:04.264065 np0000183856 devstack@n-api-meta.service[107496]: DEBUG nova.api.openstack.wsgi_app [None req-d27bdc7e-1caf-4b8d-8020-7b40ee415ed7 None None] key = None {{(pid=107496) log_opt_values /opt/stack/data/venv/lib/python3.12/site-packages/oslo_config/cfg.py:3242}}
Jul 02 03:25:04.264220 np0000183856 devstack@n-api-meta.service[107496]: DEBUG nova.api.openstack.wsgi_app [None req-d27bdc7e-1caf-4b8d-8020-7b40ee415ed7 None None] live_migration_retry_count = 30 {{(pid=107496) log_opt_values /opt/stack/data/venv/lib/python3.12/site-packages/oslo_config/cfg.py:3242}}
Jul 02 03:25:04.264358 np0000183856 devstack@n-api-meta.service[107496]: DEBUG nova.api.openstack.wsgi_app [None req-d27bdc7e-1caf-4b8d-8020-7b40ee415ed7 None None] log_color = False {{(pid=107496) log_opt_values /opt/stack/data/venv/lib/python3.12/site-packages/oslo_config/cfg.py:3242}}
Jul 02 03:25:04.264498 np0000183856 devstack@n-api-meta.service[107496]: DEBUG nova.api.openstack.wsgi_app [None req-d27bdc7e-1caf-4b8d-8020-7b40ee415ed7 None None] log_config_append = None {{(pid=107496) log_opt_values /opt/stack/data/venv/lib/python3.12/site-packages/oslo_config/cfg.py:3242}}
Jul 02 03:25:04.264657 np0000183856 devstack@n-api-meta.service[107496]: DEBUG nova.api.openstack.wsgi_app [None req-d27bdc7e-1caf-4b8d-8020-7b40ee415ed7 None None] log_date_format = %Y-%m-%d %H:%M:%S {{(pid=107496) log_opt_values /opt/stack/data/venv/lib/python3.12/site-packages/oslo_config/cfg.py:3242}}
Jul 02 03:25:04.264791 np0000183856 devstack@n-api-meta.service[107496]: DEBUG nova.api.openstack.wsgi_app [None req-d27bdc7e-1caf-4b8d-8020-7b40ee415ed7 None None] log_dir = None {{(pid=107496) log_opt_values /opt/stack/data/venv/lib/python3.12/site-packages/oslo_config/cfg.py:3242}}
Jul 02 03:25:04.264924 np0000183856 devstack@n-api-meta.service[107496]: DEBUG nova.api.openstack.wsgi_app [None req-d27bdc7e-1caf-4b8d-8020-7b40ee415ed7 None None] log_file = None {{(pid=107496) log_opt_values /opt/stack/data/venv/lib/python3.12/site-packages/oslo_config/cfg.py:3242}}
Jul 02 03:25:04.265030 np0000183856 devstack@n-api-meta.service[107496]: DEBUG nova.api.openstack.wsgi_app [None req-d27bdc7e-1caf-4b8d-8020-7b40ee415ed7 None None] log_options = True {{(pid=107496) log_opt_values /opt/stack/data/venv/lib/python3.12/site-packages/oslo_config/cfg.py:3242}}
Jul 02 03:25:04.265163 np0000183856 devstack@n-api-meta.service[107496]: DEBUG nova.api.openstack.wsgi_app [None req-d27bdc7e-1caf-4b8d-8020-7b40ee415ed7 None None] log_rotate_interval = 1 {{(pid=107496) log_opt_values /opt/stack/data/venv/lib/python3.12/site-packages/oslo_config/cfg.py:3242}}
Jul 02 03:25:04.265303 np0000183856 devstack@n-api-meta.service[107496]: DEBUG nova.api.openstack.wsgi_app [None req-d27bdc7e-1caf-4b8d-8020-7b40ee415ed7 None None] log_rotate_interval_type = days {{(pid=107496) log_opt_values /opt/stack/data/venv/lib/python3.12/site-packages/oslo_config/cfg.py:3242}}
Jul 02 03:25:04.265444 np0000183856 devstack@n-api-meta.service[107496]: DEBUG nova.api.openstack.wsgi_app [None req-d27bdc7e-1caf-4b8d-8020-7b40ee415ed7 None None] log_rotation_type = none {{(pid=107496) log_opt_values /opt/stack/data/venv/lib/python3.12/site-packages/oslo_config/cfg.py:3242}}
Jul 02 03:25:04.265585 np0000183856 devstack@n-api-meta.service[107496]: DEBUG nova.api.openstack.wsgi_app [None req-d27bdc7e-1caf-4b8d-8020-7b40ee415ed7 None None] logging_context_format_string = %(color)s%(levelname)s %(name)s [%(global_request_id)s %(request_id)s %(project_name)s %(user_name)s%(color)s] %(instance)s%(color)s%(message)s {{(pid=107496) log_opt_values /opt/stack/data/venv/lib/python3.12/site-packages/oslo_config/cfg.py:3242}}
