Apr 03 01:26:09.512426 np0000163299 neutron-periodic-workers[104096]: DEBUG cotyledon.oslo_config_glue [-] ml2.project_network_types = ['geneve'] {{(pid=104096) log_opt_values /opt/stack/data/venv/lib/python3.12/site-packages/oslo_config/cfg.py:3006}}
Apr 03 01:26:09.512484 np0000163299 neutron-periodic-workers[104096]: DEBUG cotyledon.oslo_config_glue [-] ml2.tunnelled_network_rp_name = rp_tunnelled {{(pid=104096) log_opt_values /opt/stack/data/venv/lib/python3.12/site-packages/oslo_config/cfg.py:3006}}
Apr 03 01:26:09.512522 np0000163299 neutron-periodic-workers[104096]: DEBUG cotyledon.oslo_config_glue [-] ml2.type_drivers = ['local', 'flat', 'vlan', 'geneve'] {{(pid=104096) log_opt_values /opt/stack/data/venv/lib/python3.12/site-packages/oslo_config/cfg.py:3006}}
Apr 03 01:26:09.512584 np0000163299 neutron-periodic-workers[104096]: DEBUG cotyledon.oslo_config_glue [-] ml2_type_flat.flat_networks = ['public'] {{(pid=104096) log_opt_values /opt/stack/data/venv/lib/python3.12/site-packages/oslo_config/cfg.py:3006}}
Apr 03 01:26:09.512665 np0000163299 neutron-periodic-workers[104096]: DEBUG cotyledon.oslo_config_glue [-] ml2_type_geneve.max_header_size = 38 {{(pid=104096) log_opt_values /opt/stack/data/venv/lib/python3.12/site-packages/oslo_config/cfg.py:3006}}
Apr 03 01:26:09.512699 np0000163299 neutron-periodic-workers[104096]: DEBUG cotyledon.oslo_config_glue [-] ml2_type_geneve.vni_ranges = ['1:65536'] {{(pid=104096) log_opt_values /opt/stack/data/venv/lib/python3.12/site-packages/oslo_config/cfg.py:3006}}
Apr 03 01:26:09.512765 np0000163299 neutron-periodic-workers[104096]: DEBUG cotyledon.oslo_config_glue [-] ml2_type_vlan.network_vlan_ranges = ['public'] {{(pid=104096) log_opt_values /opt/stack/data/venv/lib/python3.12/site-packages/oslo_config/cfg.py:3006}}
Apr 03 01:26:09.512888 np0000163299 neutron-periodic-workers[104096]: DEBUG cotyledon.oslo_config_glue [-] network_log.burst_limit = 25 {{(pid=104096) log_opt_values /opt/stack/data/venv/lib/python3.12/site-packages/oslo_config/cfg.py:3006}}
Apr 03 01:26:09.512945 np0000163299 neutron-periodic-workers[104096]: DEBUG cotyledon.oslo_config_glue [-] network_log.local_output_log_base = None {{(pid=104096) log_opt_values /opt/stack/data/venv/lib/python3.12/site-packages/oslo_config/cfg.py:3006}}
Apr 03 01:26:09.512995 np0000163299 neutron-periodic-workers[104096]: DEBUG cotyledon.oslo_config_glue [-] network_log.rate_limit = 100 {{(pid=104096) log_opt_values /opt/stack/data/venv/lib/python3.12/site-packages/oslo_config/cfg.py:3006}}
Apr 03 01:26:09.513059 np0000163299 neutron-periodic-workers[104096]: DEBUG cotyledon.oslo_config_glue [-] database.asyncio_connection = **** {{(pid=104096) log_opt_values /opt/stack/data/venv/lib/python3.12/site-packages/oslo_config/cfg.py:3006}}
Apr 03 01:26:09.513091 np0000163299 neutron-periodic-workers[104096]: DEBUG cotyledon.oslo_config_glue [-] database.asyncio_slave_connection = **** {{(pid=104096) log_opt_values /opt/stack/data/venv/lib/python3.12/site-packages/oslo_config/cfg.py:3006}}
Apr 03 01:26:09.513147 np0000163299 neutron-periodic-workers[104096]: DEBUG cotyledon.oslo_config_glue [-] database.backend = sqlalchemy {{(pid=104096) log_opt_values /opt/stack/data/venv/lib/python3.12/site-packages/oslo_config/cfg.py:3006}}
Apr 03 01:26:09.513201 np0000163299 neutron-periodic-workers[104096]: DEBUG cotyledon.oslo_config_glue [-] database.connection = **** {{(pid=104096) log_opt_values /opt/stack/data/venv/lib/python3.12/site-packages/oslo_config/cfg.py:3006}}
Apr 03 01:26:09.513254 np0000163299 neutron-periodic-workers[104096]: DEBUG cotyledon.oslo_config_glue [-] database.connection_debug = 0 {{(pid=104096) log_opt_values /opt/stack/data/venv/lib/python3.12/site-packages/oslo_config/cfg.py:3006}}
Apr 03 01:26:09.513290 np0000163299 neutron-periodic-workers[104096]: DEBUG cotyledon.oslo_config_glue [-] database.connection_parameters = {{(pid=104096) log_opt_values /opt/stack/data/venv/lib/python3.12/site-packages/oslo_config/cfg.py:3006}}
Apr 03 01:26:09.513342 np0000163299 neutron-periodic-workers[104096]: DEBUG cotyledon.oslo_config_glue [-] database.connection_recycle_time = 3600 {{(pid=104096) log_opt_values /opt/stack/data/venv/lib/python3.12/site-packages/oslo_config/cfg.py:3006}}
Apr 03 01:26:09.513379 np0000163299 neutron-periodic-workers[104096]: DEBUG cotyledon.oslo_config_glue [-] database.connection_trace = False {{(pid=104096) log_opt_values /opt/stack/data/venv/lib/python3.12/site-packages/oslo_config/cfg.py:3006}}
Apr 03 01:26:09.513410 np0000163299 neutron-periodic-workers[104096]: DEBUG cotyledon.oslo_config_glue [-] database.db_inc_retry_interval = True {{(pid=104096) log_opt_values /opt/stack/data/venv/lib/python3.12/site-packages/oslo_config/cfg.py:3006}}
Apr 03 01:26:09.513460 np0000163299 neutron-periodic-workers[104096]: DEBUG cotyledon.oslo_config_glue [-] database.db_max_retries = 20 {{(pid=104096) log_opt_values /opt/stack/data/venv/lib/python3.12/site-packages/oslo_config/cfg.py:3006}}
Apr 03 01:26:09.513499 np0000163299 neutron-periodic-workers[104096]: DEBUG cotyledon.oslo_config_glue [-] database.db_max_retry_interval = 10 {{(pid=104096) log_opt_values /opt/stack/data/venv/lib/python3.12/site-packages/oslo_config/cfg.py:3006}}
Apr 03 01:26:09.513529 np0000163299 neutron-periodic-workers[104096]: DEBUG cotyledon.oslo_config_glue [-] database.db_retry_interval = 1 {{(pid=104096) log_opt_values /opt/stack/data/venv/lib/python3.12/site-packages/oslo_config/cfg.py:3006}}
Apr 03 01:26:09.513582 np0000163299 neutron-periodic-workers[104096]: DEBUG cotyledon.oslo_config_glue [-] database.max_overflow = 50 {{(pid=104096) log_opt_values /opt/stack/data/venv/lib/python3.12/site-packages/oslo_config/cfg.py:3006}}
Apr 03 01:26:09.513616 np0000163299 neutron-periodic-workers[104096]: DEBUG cotyledon.oslo_config_glue [-] database.max_pool_size = 5 {{(pid=104096) log_opt_values /opt/stack/data/venv/lib/python3.12/site-packages/oslo_config/cfg.py:3006}}
Apr 03 01:26:09.513665 np0000163299 neutron-periodic-workers[104096]: DEBUG cotyledon.oslo_config_glue [-] database.max_retries = 10 {{(pid=104096) log_opt_values /opt/stack/data/venv/lib/python3.12/site-packages/oslo_config/cfg.py:3006}}
Apr 03 01:26:09.513711 np0000163299 neutron-periodic-workers[104096]: DEBUG cotyledon.oslo_config_glue [-] database.mysql_sql_mode = TRADITIONAL {{(pid=104096) log_opt_values /opt/stack/data/venv/lib/python3.12/site-packages/oslo_config/cfg.py:3006}}
Apr 03 01:26:09.513747 np0000163299 neutron-periodic-workers[104096]: DEBUG cotyledon.oslo_config_glue [-] database.mysql_wsrep_sync_wait = None {{(pid=104096) log_opt_values /opt/stack/data/venv/lib/python3.12/site-packages/oslo_config/cfg.py:3006}}
Apr 03 01:26:09.513793 np0000163299 neutron-periodic-workers[104096]: DEBUG cotyledon.oslo_config_glue [-] database.pool_timeout = None {{(pid=104096) log_opt_values /opt/stack/data/venv/lib/python3.12/site-packages/oslo_config/cfg.py:3006}}
Apr 03 01:26:09.513825 np0000163299 neutron-periodic-workers[104096]: DEBUG cotyledon.oslo_config_glue [-] database.retry_interval = 10 {{(pid=104096) log_opt_values /opt/stack/data/venv/lib/python3.12/site-packages/oslo_config/cfg.py:3006}}
Apr 03 01:26:09.513889 np0000163299 neutron-periodic-workers[104096]: DEBUG cotyledon.oslo_config_glue [-] database.slave_connection = **** {{(pid=104096) log_opt_values /opt/stack/data/venv/lib/python3.12/site-packages/oslo_config/cfg.py:3006}}
Apr 03 01:26:09.513928 np0000163299 neutron-periodic-workers[104096]: DEBUG cotyledon.oslo_config_glue [-] database.sqlite_synchronous = True {{(pid=104096) log_opt_values /opt/stack/data/venv/lib/python3.12/site-packages/oslo_config/cfg.py:3006}}
Apr 03 01:26:09.513959 np0000163299 neutron-periodic-workers[104096]: DEBUG cotyledon.oslo_config_glue [-] database.synchronous_reader = True {{(pid=104096) log_opt_values /opt/stack/data/venv/lib/python3.12/site-packages/oslo_config/cfg.py:3006}}
Apr 03 01:26:09.514003 np0000163299 neutron-periodic-workers[104096]: DEBUG cotyledon.oslo_config_glue [-] database.use_db_reconnect = False {{(pid=104096) log_opt_values /opt/stack/data/venv/lib/python3.12/site-packages/oslo_config/cfg.py:3006}}
Apr 03 01:26:09.514080 np0000163299 neutron-periodic-workers[104096]: DEBUG cotyledon.oslo_config_glue [-] ovn.bfd_min_rx = 1000 {{(pid=104096) log_opt_values /opt/stack/data/venv/lib/python3.12/site-packages/oslo_config/cfg.py:3006}}
Apr 03 01:26:09.514189 np0000163299 neutron-periodic-workers[104096]: DEBUG cotyledon.oslo_config_glue [-] ovn.bfd_min_tx = 100 {{(pid=104096) log_opt_values /opt/stack/data/venv/lib/python3.12/site-packages/oslo_config/cfg.py:3006}}
Apr 03 01:26:09.514189 np0000163299 neutron-periodic-workers[104096]: DEBUG cotyledon.oslo_config_glue [-] ovn.bfd_mult = 3 {{(pid=104096) log_opt_values /opt/stack/data/venv/lib/python3.12/site-packages/oslo_config/cfg.py:3006}}
Apr 03 01:26:09.514189 np0000163299 neutron-periodic-workers[104096]: DEBUG cotyledon.oslo_config_glue [-] ovn.broadcast_arps_to_all_routers = True {{(pid=104096) log_opt_values /opt/stack/data/venv/lib/python3.12/site-packages/oslo_config/cfg.py:3006}}
Apr 03 01:26:09.514275 np0000163299 neutron-periodic-workers[104096]: DEBUG cotyledon.oslo_config_glue [-] ovn.dhcp_default_lease_time = 43200 {{(pid=104096) log_opt_values /opt/stack/data/venv/lib/python3.12/site-packages/oslo_config/cfg.py:3006}}
Apr 03 01:26:09.514275 np0000163299 neutron-periodic-workers[104096]: DEBUG cotyledon.oslo_config_glue [-] ovn.disable_ovn_dhcp_for_baremetal_ports = False {{(pid=104096) log_opt_values /opt/stack/data/venv/lib/python3.12/site-packages/oslo_config/cfg.py:3006}}
Apr 03 01:26:09.514327 np0000163299 neutron-periodic-workers[104096]: DEBUG cotyledon.oslo_config_glue [-] ovn.dns_records_ovn_owned = False {{(pid=104096) log_opt_values /opt/stack/data/venv/lib/python3.12/site-packages/oslo_config/cfg.py:3006}}
Apr 03 01:26:09.514327 np0000163299 neutron-periodic-workers[104096]: DEBUG cotyledon.oslo_config_glue [-] ovn.dns_servers = [] {{(pid=104096) log_opt_values /opt/stack/data/venv/lib/python3.12/site-packages/oslo_config/cfg.py:3006}}
Apr 03 01:26:09.514379 np0000163299 neutron-periodic-workers[104096]: DEBUG cotyledon.oslo_config_glue [-] ovn.enable_distributed_floating_ip = False {{(pid=104096) log_opt_values /opt/stack/data/venv/lib/python3.12/site-packages/oslo_config/cfg.py:3006}}
Apr 03 01:26:09.514411 np0000163299 neutron-periodic-workers[104096]: DEBUG cotyledon.oslo_config_glue [-] ovn.fdb_age_threshold = 300 {{(pid=104096) log_opt_values /opt/stack/data/venv/lib/python3.12/site-packages/oslo_config/cfg.py:3006}}
Apr 03 01:26:09.514449 np0000163299 neutron-periodic-workers[104096]: DEBUG cotyledon.oslo_config_glue [-] ovn.ha_failover_strategy = normal {{(pid=104096) log_opt_values /opt/stack/data/venv/lib/python3.12/site-packages/oslo_config/cfg.py:3006}}
Apr 03 01:26:09.514480 np0000163299 neutron-periodic-workers[104096]: DEBUG cotyledon.oslo_config_glue [-] ovn.live_migration_activation_strategy = rarp {{(pid=104096) log_opt_values /opt/stack/data/venv/lib/python3.12/site-packages/oslo_config/cfg.py:3006}}
Apr 03 01:26:09.514527 np0000163299 neutron-periodic-workers[104096]: DEBUG cotyledon.oslo_config_glue [-] ovn.localnet_learn_fdb = False {{(pid=104096) log_opt_values /opt/stack/data/venv/lib/python3.12/site-packages/oslo_config/cfg.py:3006}}
Apr 03 01:26:09.514559 np0000163299 neutron-periodic-workers[104096]: DEBUG cotyledon.oslo_config_glue [-] ovn.mac_binding_age_threshold = 300 {{(pid=104096) log_opt_values /opt/stack/data/venv/lib/python3.12/site-packages/oslo_config/cfg.py:3006}}
Apr 03 01:26:09.514615 np0000163299 neutron-periodic-workers[104096]: DEBUG cotyledon.oslo_config_glue [-] ovn.neutron_sync_mode = log {{(pid=104096) log_opt_values /opt/stack/data/venv/lib/python3.12/site-packages/oslo_config/cfg.py:3006}}
Apr 03 01:26:09.514705 np0000163299 neutron-periodic-workers[104096]: DEBUG cotyledon.oslo_config_glue [-] ovn.ovn_dhcp4_global_options = {} {{(pid=104096) log_opt_values /opt/stack/data/venv/lib/python3.12/site-packages/oslo_config/cfg.py:3006}}
Apr 03 01:26:09.514705 np0000163299 neutron-periodic-workers[104096]: DEBUG cotyledon.oslo_config_glue [-] ovn.ovn_dhcp6_global_options = {} {{(pid=104096) log_opt_values /opt/stack/data/venv/lib/python3.12/site-packages/oslo_config/cfg.py:3006}}
Apr 03 01:26:09.514765 np0000163299 neutron-periodic-workers[104096]: DEBUG cotyledon.oslo_config_glue [-] ovn.ovn_l3_scheduler = leastloaded {{(pid=104096) log_opt_values /opt/stack/data/venv/lib/python3.12/site-packages/oslo_config/cfg.py:3006}}
Apr 03 01:26:09.514797 np0000163299 neutron-periodic-workers[104096]: DEBUG cotyledon.oslo_config_glue [-] ovn.ovn_metadata_enabled = True {{(pid=104096) log_opt_values /opt/stack/data/venv/lib/python3.12/site-packages/oslo_config/cfg.py:3006}}
Apr 03 01:26:09.514854 np0000163299 neutron-periodic-workers[104096]: DEBUG cotyledon.oslo_config_glue [-] ovn.ovn_nb_ca_cert = /opt/stack/data/CA/int-ca/ca-chain.pem {{(pid=104096) log_opt_values /opt/stack/data/venv/lib/python3.12/site-packages/oslo_config/cfg.py:3006}}
Apr 03 01:26:09.514923 np0000163299 neutron-periodic-workers[104096]: DEBUG cotyledon.oslo_config_glue [-] ovn.ovn_nb_certificate = /opt/stack/data/CA/int-ca/devstack-cert.crt {{(pid=104096) log_opt_values /opt/stack/data/venv/lib/python3.12/site-packages/oslo_config/cfg.py:3006}}
Apr 03 01:26:09.514954 np0000163299 neutron-periodic-workers[104096]: DEBUG cotyledon.oslo_config_glue [-] ovn.ovn_nb_connection = ['ssl:199.204.45.153:6641'] {{(pid=104096) log_opt_values /opt/stack/data/venv/lib/python3.12/site-packages/oslo_config/cfg.py:3006}}
Apr 03 01:26:09.514986 np0000163299 neutron-periodic-workers[104096]: DEBUG cotyledon.oslo_config_glue [-] ovn.ovn_nb_private_key = /opt/stack/data/CA/int-ca/private/devstack-cert.key {{(pid=104096) log_opt_values /opt/stack/data/venv/lib/python3.12/site-packages/oslo_config/cfg.py:3006}}
Apr 03 01:26:09.515032 np0000163299 neutron-periodic-workers[104096]: DEBUG cotyledon.oslo_config_glue [-] ovn.ovn_router_indirect_snat = False {{(pid=104096) log_opt_values /opt/stack/data/venv/lib/python3.12/site-packages/oslo_config/cfg.py:3006}}
Apr 03 01:26:09.515064 np0000163299 neutron-periodic-workers[104096]: DEBUG cotyledon.oslo_config_glue [-] ovn.ovn_sb_ca_cert = /opt/stack/data/CA/int-ca/ca-chain.pem {{(pid=104096) log_opt_values /opt/stack/data/venv/lib/python3.12/site-packages/oslo_config/cfg.py:3006}}
Apr 03 01:26:09.515140 np0000163299 neutron-periodic-workers[104096]: DEBUG cotyledon.oslo_config_glue [-] ovn.ovn_sb_certificate = /opt/stack/data/CA/int-ca/devstack-cert.crt {{(pid=104096) log_opt_values /opt/stack/data/venv/lib/python3.12/site-packages/oslo_config/cfg.py:3006}}
Apr 03 01:26:09.515140 np0000163299 neutron-periodic-workers[104096]: DEBUG cotyledon.oslo_config_glue [-] ovn.ovn_sb_connection = ['ssl:199.204.45.153:6642'] {{(pid=104096) log_opt_values /opt/stack/data/venv/lib/python3.12/site-packages/oslo_config/cfg.py:3006}}
Apr 03 01:26:09.515197 np0000163299 neutron-periodic-workers[104096]: DEBUG cotyledon.oslo_config_glue [-] ovn.ovn_sb_private_key = /opt/stack/data/CA/int-ca/private/devstack-cert.key {{(pid=104096) log_opt_values /opt/stack/data/venv/lib/python3.12/site-packages/oslo_config/cfg.py:3006}}
Apr 03 01:26:09.515197 np0000163299 neutron-periodic-workers[104096]: DEBUG cotyledon.oslo_config_glue [-] ovn.ovs_create_tap = False {{(pid=104096) log_opt_values /opt/stack/data/venv/lib/python3.12/site-packages/oslo_config/cfg.py:3006}}
Apr 03 01:26:09.515353 np0000163299 neutron-periodic-workers[104096]: DEBUG cotyledon.oslo_config_glue [-] ovn.ovsdb_connection_timeout = 180 {{(pid=104096) log_opt_values /opt/stack/data/venv/lib/python3.12/site-packages/oslo_config/cfg.py:3006}}
Apr 03 01:26:09.515353 np0000163299 neutron-periodic-workers[104096]: DEBUG cotyledon.oslo_config_glue [-] ovn.ovsdb_log_level = INFO {{(pid=104096) log_opt_values /opt/stack/data/venv/lib/python3.12/site-packages/oslo_config/cfg.py:3006}}
Apr 03 01:26:09.515353 np0000163299 neutron-periodic-workers[104096]: DEBUG cotyledon.oslo_config_glue [-] ovn.ovsdb_probe_interval = 60000 {{(pid=104096) log_opt_values /opt/stack/data/venv/lib/python3.12/site-packages/oslo_config/cfg.py:3006}}
Apr 03 01:26:09.515353 np0000163299 neutron-periodic-workers[104096]: DEBUG cotyledon.oslo_config_glue [-] ovn.ovsdb_retry_max_interval = 180 {{(pid=104096) log_opt_values /opt/stack/data/venv/lib/python3.12/site-packages/oslo_config/cfg.py:3006}}
Apr 03 01:26:09.515465 np0000163299 neutron-periodic-workers[104096]: DEBUG cotyledon.oslo_config_glue [-] ovn.stateless_nat_enabled = False {{(pid=104096) log_opt_values /opt/stack/data/venv/lib/python3.12/site-packages/oslo_config/cfg.py:3006}}
Apr 03 01:26:09.515465 np0000163299 neutron-periodic-workers[104096]: DEBUG cotyledon.oslo_config_glue [-] ovn.vhost_sock_dir = /var/run/openvswitch {{(pid=104096) log_opt_values /opt/stack/data/venv/lib/python3.12/site-packages/oslo_config/cfg.py:3006}}
Apr 03 01:26:09.515523 np0000163299 neutron-periodic-workers[104096]: DEBUG cotyledon.oslo_config_glue [-] OVS.bridge_mac_table_size = 50000 {{(pid=104096) log_opt_values /opt/stack/data/venv/lib/python3.12/site-packages/oslo_config/cfg.py:3006}}
Apr 03 01:26:09.515523 np0000163299 neutron-periodic-workers[104096]: DEBUG cotyledon.oslo_config_glue [-] OVS.igmp_flood = False {{(pid=104096) log_opt_values /opt/stack/data/venv/lib/python3.12/site-packages/oslo_config/cfg.py:3006}}
Apr 03 01:26:09.515584 np0000163299 neutron-periodic-workers[104096]: DEBUG cotyledon.oslo_config_glue [-] OVS.igmp_flood_reports = True {{(pid=104096) log_opt_values /opt/stack/data/venv/lib/python3.12/site-packages/oslo_config/cfg.py:3006}}
Apr 03 01:26:09.515614 np0000163299 neutron-periodic-workers[104096]: DEBUG cotyledon.oslo_config_glue [-] OVS.igmp_flood_unregistered = False {{(pid=104096) log_opt_values /opt/stack/data/venv/lib/python3.12/site-packages/oslo_config/cfg.py:3006}}
Apr 03 01:26:09.515753 np0000163299 neutron-periodic-workers[104096]: DEBUG cotyledon.oslo_config_glue [-] OVS.igmp_snooping_enable = False {{(pid=104096) log_opt_values /opt/stack/data/venv/lib/python3.12/site-packages/oslo_config/cfg.py:3006}}
Apr 03 01:26:09.515787 np0000163299 neutron-periodic-workers[104096]: DEBUG cotyledon.oslo_config_glue [-] OVS.ovsdb_timeout = 10 {{(pid=104096) log_opt_values /opt/stack/data/venv/lib/python3.12/site-packages/oslo_config/cfg.py:3006}}
Apr 03 01:26:09.515851 np0000163299 neutron-periodic-workers[104096]: DEBUG cotyledon.oslo_config_glue [-] ovn_nb_global.fdb_removal_limit = 0 {{(pid=104096) log_opt_values /opt/stack/data/venv/lib/python3.12/site-packages/oslo_config/cfg.py:3006}}
Apr 03 01:26:09.515900 np0000163299 neutron-periodic-workers[104096]: DEBUG cotyledon.oslo_config_glue [-] ovn_nb_global.ignore_lsp_down = False {{(pid=104096) log_opt_values /opt/stack/data/venv/lib/python3.12/site-packages/oslo_config/cfg.py:3006}}
Apr 03 01:26:09.515940 np0000163299 neutron-periodic-workers[104096]: DEBUG cotyledon.oslo_config_glue [-] ovn_nb_global.mac_binding_removal_limit = 0 {{(pid=104096) log_opt_values /opt/stack/data/venv/lib/python3.12/site-packages/oslo_config/cfg.py:3006}}
Apr 03 01:26:09.515976 np0000163299 neutron-periodic-workers[104096]: DEBUG cotyledon.oslo_config_glue [-] ******************************************************************************** {{(pid=104096) log_opt_values /opt/stack/data/venv/lib/python3.12/site-packages/oslo_config/cfg.py:3013}}
Apr 03 01:26:09.516148 np0000163299 neutron-periodic-workers[104096]: DEBUG cotyledon._service_worker [-] Run service ServiceWrapper(0) [104096] {{(pid=104096) wait_forever /opt/stack/data/venv/lib/python3.12/site-packages/cotyledon/_service_worker.py:218}}
Apr 03 01:26:19.168869 np0000163299 neutron-periodic-workers[103377]: DEBUG dbcounter [-] [103377] Writing DB stats neutron:SELECT=4 {{(pid=103377) stat_writer /opt/stack/data/venv/lib/python3.12/site-packages/dbcounter.py:115}}
Apr 03 01:26:49.512993 np0000163299 neutron-periodic-workers[104082]: DEBUG oslo_db.sqlalchemy.engines [None req-f3026633-b813-4c7e-a6d1-17cae1fffd67 None None] Parent process 103377 forked (104082) with an open database connection, which is being discarded and recreated. {{(pid=104082) checkout /opt/stack/data/venv/lib/python3.12/site-packages/oslo_db/sqlalchemy/engines.py:402}}
Apr 03 01:26:49.522035 np0000163299 neutron-periodic-workers[104082]: DEBUG dbcounter [-] [104082] Writer thread running {{(pid=104082) stat_writer /opt/stack/data/venv/lib/python3.12/site-packages/dbcounter.py:102}}
Apr 03 01:26:49.525983 np0000163299 neutron-periodic-workers[104082]: DEBUG neutron.db.agents_db [None req-f3026633-b813-4c7e-a6d1-17cae1fffd67 None None] Agent healthcheck: found 0 active agents {{(pid=104082) agent_health_check /opt/stack/neutron/neutron/db/agents_db.py:317}}
Apr 03 01:26:49.526146 np0000163299 neutron-periodic-workers[104082]: DEBUG oslo.service.backend._threading.loopingcall [None req-f3026633-b813-4c7e-a6d1-17cae1fffd67 None None] Fixed interval looping call 'neutron.plugins.ml2.plugin.AgentDbMixin.agent_health_check' sleeping for 36.98 seconds {{(pid=104082) _run_loop /opt/stack/data/venv/lib/python3.12/site-packages/oslo_service/backend/_threading/loopingcall.py:125}}
Apr 03 01:26:55.498503 np0000163299 neutron-periodic-workers[104073]: DEBUG dbcounter [-] [104073] Writer thread running {{(pid=104073) stat_writer /opt/stack/data/venv/lib/python3.12/site-packages/dbcounter.py:102}}
Apr 03 01:26:55.509482 np0000163299 neutron-periodic-workers[104073]: DEBUG oslo.service.backend._threading.loopingcall [None req-5fa47a48-4e95-45ff-be94-078c5819c394 None None] Fixed interval looping call 'neutron.plugins.ml2.plugin.DhcpAgentSchedulerDbMixin.remove_networks_from_down_agents' sleeping for 36.97 seconds {{(pid=104073) _run_loop /opt/stack/data/venv/lib/python3.12/site-packages/oslo_service/backend/_threading/loopingcall.py:125}}
Apr 03 01:26:59.522756 np0000163299 neutron-periodic-workers[104082]: DEBUG dbcounter [-] [104082] Writing DB stats neutron:SELECT=1 {{(pid=104082) stat_writer /opt/stack/data/venv/lib/python3.12/site-packages/dbcounter.py:115}}
Apr 03 01:27:05.507935 np0000163299 neutron-periodic-workers[104073]: DEBUG dbcounter [-] [104073] Writing DB stats neutron:SELECT=3 {{(pid=104073) stat_writer /opt/stack/data/venv/lib/python3.12/site-packages/dbcounter.py:115}}
Apr 03 01:27:26.514170 np0000163299 neutron-periodic-workers[104082]: DEBUG neutron.db.agents_db [None req-f3026633-b813-4c7e-a6d1-17cae1fffd67 None None] Agent healthcheck: found 0 active agents {{(pid=104082) agent_health_check /opt/stack/neutron/neutron/db/agents_db.py:317}}
Apr 03 01:27:26.515006 np0000163299 neutron-periodic-workers[104082]: DEBUG oslo.service.backend._threading.loopingcall [None req-f3026633-b813-4c7e-a6d1-17cae1fffd67 None None] Fixed interval looping call 'neutron.plugins.ml2.plugin.AgentDbMixin.agent_health_check' sleeping for 36.99 seconds {{(pid=104082) _run_loop /opt/stack/data/venv/lib/python3.12/site-packages/oslo_service/backend/_threading/loopingcall.py:125}}
Apr 03 01:27:32.489457 np0000163299 neutron-periodic-workers[104073]: DEBUG oslo.service.backend._threading.loopingcall [None req-5fa47a48-4e95-45ff-be94-078c5819c394 None None] Fixed interval looping call 'neutron.plugins.ml2.plugin.DhcpAgentSchedulerDbMixin.remove_networks_from_down_agents' sleeping for 36.99 seconds {{(pid=104073) _run_loop /opt/stack/data/venv/lib/python3.12/site-packages/oslo_service/backend/_threading/loopingcall.py:125}}
Apr 03 01:27:36.511441 np0000163299 neutron-periodic-workers[104082]: DEBUG dbcounter [-] [104082] Writing DB stats neutron:SELECT=1 {{(pid=104082) stat_writer /opt/stack/data/venv/lib/python3.12/site-packages/dbcounter.py:115}}
Apr 03 01:27:42.488400 np0000163299 neutron-periodic-workers[104073]: DEBUG dbcounter [-] [104073] Writing DB stats neutron:SELECT=3 {{(pid=104073) stat_writer /opt/stack/data/venv/lib/python3.12/site-packages/dbcounter.py:115}}
Apr 03 01:28:03.510855 np0000163299 neutron-periodic-workers[104082]: DEBUG neutron.db.agents_db [None req-f3026633-b813-4c7e-a6d1-17cae1fffd67 None None] Agent healthcheck: found 0 active agents {{(pid=104082) agent_health_check /opt/stack/neutron/neutron/db/agents_db.py:317}}
Apr 03 01:28:03.511804 np0000163299 neutron-periodic-workers[104082]: DEBUG oslo.service.backend._threading.loopingcall [None req-f3026633-b813-4c7e-a6d1-17cae1fffd67 None None] Fixed interval looping call 'neutron.plugins.ml2.plugin.AgentDbMixin.agent_health_check' sleeping for 36.99 seconds {{(pid=104082) _run_loop /opt/stack/data/venv/lib/python3.12/site-packages/oslo_service/backend/_threading/loopingcall.py:125}}
Apr 03 01:28:09.491818 np0000163299 neutron-periodic-workers[104073]: DEBUG oslo.service.backend._threading.loopingcall [None req-5fa47a48-4e95-45ff-be94-078c5819c394 None None] Fixed interval looping call 'neutron.plugins.ml2.plugin.DhcpAgentSchedulerDbMixin.remove_networks_from_down_agents' sleeping for 36.99 seconds {{(pid=104073) _run_loop /opt/stack/data/venv/lib/python3.12/site-packages/oslo_service/backend/_threading/loopingcall.py:125}}
Apr 03 01:28:09.534133 np0000163299 neutron-periodic-workers[104096]: DEBUG dbcounter [-] [104096] Writer thread running {{(pid=104096) stat_writer /opt/stack/data/venv/lib/python3.12/site-packages/dbcounter.py:102}}
Apr 03 01:28:09.536187 np0000163299 neutron-periodic-workers[104096]: DEBUG oslo.service.backend._threading.loopingcall [None req-92ebea60-7829-428a-961f-50ed9de36e3f None None] Fixed interval looping call 'neutron.db.quota.driver_nolock.DbQuotaNoLockDriver._remove_expired_reservations' sleeping for 119.98 seconds {{(pid=104096) _run_loop /opt/stack/data/venv/lib/python3.12/site-packages/oslo_service/backend/_threading/loopingcall.py:125}}
Apr 03 01:28:13.508948 np0000163299 neutron-periodic-workers[104082]: DEBUG dbcounter [-] [104082] Writing DB stats neutron:SELECT=1 {{(pid=104082) stat_writer /opt/stack/data/venv/lib/python3.12/site-packages/dbcounter.py:115}}
Apr 03 01:28:19.490608 np0000163299 neutron-periodic-workers[104073]: DEBUG dbcounter [-] [104073] Writing DB stats neutron:SELECT=3 {{(pid=104073) stat_writer /opt/stack/data/venv/lib/python3.12/site-packages/dbcounter.py:115}}
Apr 03 01:28:19.535063 np0000163299 neutron-periodic-workers[104096]: DEBUG dbcounter [-] [104096] Writing DB stats neutron:DELETE=1 {{(pid=104096) stat_writer /opt/stack/data/venv/lib/python3.12/site-packages/dbcounter.py:115}}
Apr 03 01:28:40.508164 np0000163299 neutron-periodic-workers[104082]: DEBUG neutron.db.agents_db [None req-f3026633-b813-4c7e-a6d1-17cae1fffd67 None None] Agent healthcheck: found 0 active agents {{(pid=104082) agent_health_check /opt/stack/neutron/neutron/db/agents_db.py:317}}
Apr 03 01:28:40.508775 np0000163299 neutron-periodic-workers[104082]: DEBUG oslo.service.backend._threading.loopingcall [None req-f3026633-b813-4c7e-a6d1-17cae1fffd67 None None] Fixed interval looping call 'neutron.plugins.ml2.plugin.AgentDbMixin.agent_health_check' sleeping for 36.99 seconds {{(pid=104082) _run_loop /opt/stack/data/venv/lib/python3.12/site-packages/oslo_service/backend/_threading/loopingcall.py:125}}
Apr 03 01:28:46.495399 np0000163299 neutron-periodic-workers[104073]: DEBUG oslo.service.backend._threading.loopingcall [None req-5fa47a48-4e95-45ff-be94-078c5819c394 None None] Fixed interval looping call 'neutron.plugins.ml2.plugin.DhcpAgentSchedulerDbMixin.remove_networks_from_down_agents' sleeping for 36.99 seconds {{(pid=104073) _run_loop /opt/stack/data/venv/lib/python3.12/site-packages/oslo_service/backend/_threading/loopingcall.py:125}}
Apr 03 01:28:50.505971 np0000163299 neutron-periodic-workers[104082]: DEBUG dbcounter [-] [104082] Writing DB stats neutron:SELECT=1 {{(pid=104082) stat_writer /opt/stack/data/venv/lib/python3.12/site-packages/dbcounter.py:115}}
Apr 03 01:28:56.494149 np0000163299 neutron-periodic-workers[104073]: DEBUG dbcounter [-] [104073] Writing DB stats neutron:SELECT=3 {{(pid=104073) stat_writer /opt/stack/data/venv/lib/python3.12/site-packages/dbcounter.py:115}}
Apr 03 01:29:17.504299 np0000163299 neutron-periodic-workers[104082]: DEBUG neutron.db.agents_db [None req-f3026633-b813-4c7e-a6d1-17cae1fffd67 None None] Agent healthcheck: found 0 active agents {{(pid=104082) agent_health_check /opt/stack/neutron/neutron/db/agents_db.py:317}}
Apr 03 01:29:17.505371 np0000163299 neutron-periodic-workers[104082]: DEBUG oslo.service.backend._threading.loopingcall [None req-f3026633-b813-4c7e-a6d1-17cae1fffd67 None None] Fixed interval looping call 'neutron.plugins.ml2.plugin.AgentDbMixin.agent_health_check' sleeping for 36.99 seconds {{(pid=104082) _run_loop /opt/stack/data/venv/lib/python3.12/site-packages/oslo_service/backend/_threading/loopingcall.py:125}}
Apr 03 01:29:23.495901 np0000163299 neutron-periodic-workers[104073]: DEBUG oslo.service.backend._threading.loopingcall [None req-5fa47a48-4e95-45ff-be94-078c5819c394 None None] Fixed interval looping call 'neutron.plugins.ml2.plugin.DhcpAgentSchedulerDbMixin.remove_networks_from_down_agents' sleeping for 36.99 seconds {{(pid=104073) _run_loop /opt/stack/data/venv/lib/python3.12/site-packages/oslo_service/backend/_threading/loopingcall.py:125}}
Apr 03 01:29:27.503192 np0000163299 neutron-periodic-workers[104082]: DEBUG dbcounter [-] [104082] Writing DB stats neutron:SELECT=1 {{(pid=104082) stat_writer /opt/stack/data/venv/lib/python3.12/site-packages/dbcounter.py:115}}
Apr 03 01:29:33.495830 np0000163299 neutron-periodic-workers[104073]: DEBUG dbcounter [-] [104073] Writing DB stats neutron:SELECT=3 {{(pid=104073) stat_writer /opt/stack/data/venv/lib/python3.12/site-packages/dbcounter.py:115}}
Apr 03 01:29:33.504155 np0000163299 neutron-periodic-workers[104064]: DEBUG dbcounter [-] [104064] Writer thread running {{(pid=104064) stat_writer /opt/stack/data/venv/lib/python3.12/site-packages/dbcounter.py:102}}
Apr 03 01:29:33.513932 np0000163299 neutron-periodic-workers[104064]: DEBUG oslo.service.backend._threading.loopingcall [None req-ba3f13fd-df9e-43f3-a7b2-6694d1e9f674 None None] Fixed interval looping call 'neutron.services.ovn_l3.plugin.L3_NAT_dbonly_mixin._clean_garbage' sleeping for 299.95 seconds {{(pid=104064) _run_loop /opt/stack/data/venv/lib/python3.12/site-packages/oslo_service/backend/_threading/loopingcall.py:125}}
Apr 03 01:29:43.505426 np0000163299 neutron-periodic-workers[104064]: DEBUG dbcounter [-] [104064] Writing DB stats neutron:SELECT=1 {{(pid=104064) stat_writer /opt/stack/data/venv/lib/python3.12/site-packages/dbcounter.py:115}}
Apr 03 01:29:54.501732 np0000163299 neutron-periodic-workers[104082]: DEBUG neutron.db.agents_db [None req-f3026633-b813-4c7e-a6d1-17cae1fffd67 None None] Agent healthcheck: found 0 active agents {{(pid=104082) agent_health_check /opt/stack/neutron/neutron/db/agents_db.py:317}}
Apr 03 01:29:54.502253 np0000163299 neutron-periodic-workers[104082]: DEBUG oslo.service.backend._threading.loopingcall [None req-f3026633-b813-4c7e-a6d1-17cae1fffd67 None None] Fixed interval looping call 'neutron.plugins.ml2.plugin.AgentDbMixin.agent_health_check' sleeping for 36.99 seconds {{(pid=104082) _run_loop /opt/stack/data/venv/lib/python3.12/site-packages/oslo_service/backend/_threading/loopingcall.py:125}}
Apr 03 01:30:00.497766 np0000163299 neutron-periodic-workers[104073]: DEBUG oslo.service.backend._threading.loopingcall [None req-5fa47a48-4e95-45ff-be94-078c5819c394 None None] Fixed interval looping call 'neutron.plugins.ml2.plugin.DhcpAgentSchedulerDbMixin.remove_networks_from_down_agents' sleeping for 36.99 seconds {{(pid=104073) _run_loop /opt/stack/data/venv/lib/python3.12/site-packages/oslo_service/backend/_threading/loopingcall.py:125}}
Apr 03 01:30:04.499127 np0000163299 neutron-periodic-workers[104082]: DEBUG dbcounter [-] [104082] Writing DB stats neutron:SELECT=1 {{(pid=104082) stat_writer /opt/stack/data/venv/lib/python3.12/site-packages/dbcounter.py:115}}
Apr 03 01:30:09.521319 np0000163299 neutron-periodic-workers[104096]: DEBUG oslo.service.backend._threading.loopingcall [None req-92ebea60-7829-428a-961f-50ed9de36e3f None None] Fixed interval looping call 'neutron.db.quota.driver_nolock.DbQuotaNoLockDriver._remove_expired_reservations' sleeping for 120.00 seconds {{(pid=104096) _run_loop /opt/stack/data/venv/lib/python3.12/site-packages/oslo_service/backend/_threading/loopingcall.py:125}}
Apr 03 01:30:10.496341 np0000163299 neutron-periodic-workers[104073]: DEBUG dbcounter [-] [104073] Writing DB stats neutron:SELECT=3 {{(pid=104073) stat_writer /opt/stack/data/venv/lib/python3.12/site-packages/dbcounter.py:115}}
Apr 03 01:30:19.520156 np0000163299 neutron-periodic-workers[104096]: DEBUG dbcounter [-] [104096] Writing DB stats neutron:DELETE=1 {{(pid=104096) stat_writer /opt/stack/data/venv/lib/python3.12/site-packages/dbcounter.py:115}}
Apr 03 01:30:31.498184 np0000163299 neutron-periodic-workers[104082]: DEBUG neutron.db.agents_db [None req-f3026633-b813-4c7e-a6d1-17cae1fffd67 None None] Agent healthcheck: found 0 active agents {{(pid=104082) agent_health_check /opt/stack/neutron/neutron/db/agents_db.py:317}}
Apr 03 01:30:31.498776 np0000163299 neutron-periodic-workers[104082]: DEBUG oslo.service.backend._threading.loopingcall [None req-f3026633-b813-4c7e-a6d1-17cae1fffd67 None None] Fixed interval looping call 'neutron.plugins.ml2.plugin.AgentDbMixin.agent_health_check' sleeping for 36.99 seconds {{(pid=104082) _run_loop /opt/stack/data/venv/lib/python3.12/site-packages/oslo_service/backend/_threading/loopingcall.py:125}}
Apr 03 01:30:37.500059 np0000163299 neutron-periodic-workers[104073]: DEBUG oslo.service.backend._threading.loopingcall [None req-5fa47a48-4e95-45ff-be94-078c5819c394 None None] Fixed interval looping call 'neutron.plugins.ml2.plugin.DhcpAgentSchedulerDbMixin.remove_networks_from_down_agents' sleeping for 36.99 seconds {{(pid=104073) _run_loop /opt/stack/data/venv/lib/python3.12/site-packages/oslo_service/backend/_threading/loopingcall.py:125}}
Apr 03 01:30:41.496356 np0000163299 neutron-periodic-workers[104082]: DEBUG dbcounter [-] [104082] Writing DB stats neutron:SELECT=1 {{(pid=104082) stat_writer /opt/stack/data/venv/lib/python3.12/site-packages/dbcounter.py:115}}
Apr 03 01:30:47.498759 np0000163299 neutron-periodic-workers[104073]: DEBUG dbcounter [-] [104073] Writing DB stats neutron:SELECT=3 {{(pid=104073) stat_writer /opt/stack/data/venv/lib/python3.12/site-packages/dbcounter.py:115}}
Apr 03 01:31:08.495745 np0000163299 neutron-periodic-workers[104082]: DEBUG neutron.db.agents_db [None req-f3026633-b813-4c7e-a6d1-17cae1fffd67 None None] Agent healthcheck: found 0 active agents {{(pid=104082) agent_health_check /opt/stack/neutron/neutron/db/agents_db.py:317}}
Apr 03 01:31:08.496431 np0000163299 neutron-periodic-workers[104082]: DEBUG oslo.service.backend._threading.loopingcall [None req-f3026633-b813-4c7e-a6d1-17cae1fffd67 None None] Fixed interval looping call 'neutron.plugins.ml2.plugin.AgentDbMixin.agent_health_check' sleeping for 36.99 seconds {{(pid=104082) _run_loop /opt/stack/data/venv/lib/python3.12/site-packages/oslo_service/backend/_threading/loopingcall.py:125}}
Apr 03 01:31:14.500188 np0000163299 neutron-periodic-workers[104073]: DEBUG oslo.service.backend._threading.loopingcall [None req-5fa47a48-4e95-45ff-be94-078c5819c394 None None] Fixed interval looping call 'neutron.plugins.ml2.plugin.DhcpAgentSchedulerDbMixin.remove_networks_from_down_agents' sleeping for 36.99 seconds {{(pid=104073) _run_loop /opt/stack/data/venv/lib/python3.12/site-packages/oslo_service/backend/_threading/loopingcall.py:125}}
Apr 03 01:31:18.493146 np0000163299 neutron-periodic-workers[104082]: DEBUG dbcounter [-] [104082] Writing DB stats neutron:SELECT=1 {{(pid=104082) stat_writer /opt/stack/data/venv/lib/python3.12/site-packages/dbcounter.py:115}}
Apr 03 01:31:24.499537 np0000163299 neutron-periodic-workers[104073]: DEBUG dbcounter [-] [104073] Writing DB stats neutron:SELECT=3 {{(pid=104073) stat_writer /opt/stack/data/venv/lib/python3.12/site-packages/dbcounter.py:115}}
Apr 03 01:31:45.492422 np0000163299 neutron-periodic-workers[104082]: DEBUG neutron.db.agents_db [None req-f3026633-b813-4c7e-a6d1-17cae1fffd67 None None] Agent healthcheck: found 0 active agents {{(pid=104082) agent_health_check /opt/stack/neutron/neutron/db/agents_db.py:317}}
Apr 03 01:31:45.492979 np0000163299 neutron-periodic-workers[104082]: DEBUG oslo.service.backend._threading.loopingcall [None req-f3026633-b813-4c7e-a6d1-17cae1fffd67 None None] Fixed interval looping call 'neutron.plugins.ml2.plugin.AgentDbMixin.agent_health_check' sleeping for 36.99 seconds {{(pid=104082) _run_loop /opt/stack/data/venv/lib/python3.12/site-packages/oslo_service/backend/_threading/loopingcall.py:125}}
Apr 03 01:31:51.500823 np0000163299 neutron-periodic-workers[104073]: DEBUG oslo.service.backend._threading.loopingcall [None req-5fa47a48-4e95-45ff-be94-078c5819c394 None None] Fixed interval looping call 'neutron.plugins.ml2.plugin.DhcpAgentSchedulerDbMixin.remove_networks_from_down_agents' sleeping for 36.99 seconds {{(pid=104073) _run_loop /opt/stack/data/venv/lib/python3.12/site-packages/oslo_service/backend/_threading/loopingcall.py:125}}
Apr 03 01:31:55.490611 np0000163299 neutron-periodic-workers[104082]: DEBUG dbcounter [-] [104082] Writing DB stats neutron:SELECT=1 {{(pid=104082) stat_writer /opt/stack/data/venv/lib/python3.12/site-packages/dbcounter.py:115}}
Apr 03 01:32:01.499173 np0000163299 neutron-periodic-workers[104073]: DEBUG dbcounter [-] [104073] Writing DB stats neutron:SELECT=3 {{(pid=104073) stat_writer /opt/stack/data/venv/lib/python3.12/site-packages/dbcounter.py:115}}
Apr 03 01:32:09.525754 np0000163299 neutron-periodic-workers[104096]: DEBUG oslo.service.backend._threading.loopingcall [None req-92ebea60-7829-428a-961f-50ed9de36e3f None None] Fixed interval looping call 'neutron.db.quota.driver_nolock.DbQuotaNoLockDriver._remove_expired_reservations' sleeping for 120.00 seconds {{(pid=104096) _run_loop /opt/stack/data/venv/lib/python3.12/site-packages/oslo_service/backend/_threading/loopingcall.py:125}}
Apr 03 01:32:19.524787 np0000163299 neutron-periodic-workers[104096]: DEBUG dbcounter [-] [104096] Writing DB stats neutron:DELETE=1 {{(pid=104096) stat_writer /opt/stack/data/venv/lib/python3.12/site-packages/dbcounter.py:115}}
Apr 03 01:32:22.490542 np0000163299 neutron-periodic-workers[104082]: DEBUG neutron.db.agents_db [None req-f3026633-b813-4c7e-a6d1-17cae1fffd67 None None] Agent healthcheck: found 0 active agents {{(pid=104082) agent_health_check /opt/stack/neutron/neutron/db/agents_db.py:317}}
Apr 03 01:32:22.491777 np0000163299 neutron-periodic-workers[104082]: DEBUG oslo.service.backend._threading.loopingcall [None req-f3026633-b813-4c7e-a6d1-17cae1fffd67 None None] Fixed interval looping call 'neutron.plugins.ml2.plugin.AgentDbMixin.agent_health_check' sleeping for 36.99 seconds {{(pid=104082) _run_loop /opt/stack/data/venv/lib/python3.12/site-packages/oslo_service/backend/_threading/loopingcall.py:125}}
Apr 03 01:32:28.517320 np0000163299 neutron-periodic-workers[104073]: DEBUG oslo.service.backend._threading.loopingcall [None req-5fa47a48-4e95-45ff-be94-078c5819c394 None None] Fixed interval looping call 'neutron.plugins.ml2.plugin.DhcpAgentSchedulerDbMixin.remove_networks_from_down_agents' sleeping for 36.98 seconds {{(pid=104073) _run_loop /opt/stack/data/venv/lib/python3.12/site-packages/oslo_service/backend/_threading/loopingcall.py:125}}
Apr 03 01:32:32.489396 np0000163299 neutron-periodic-workers[104082]: DEBUG dbcounter [-] [104082] Writing DB stats neutron:SELECT=1 {{(pid=104082) stat_writer /opt/stack/data/venv/lib/python3.12/site-packages/dbcounter.py:115}}
Apr 03 01:32:38.516631 np0000163299 neutron-periodic-workers[104073]: DEBUG dbcounter [-] [104073] Writing DB stats neutron:SELECT=3 {{(pid=104073) stat_writer /opt/stack/data/venv/lib/python3.12/site-packages/dbcounter.py:115}}
Apr 03 01:32:59.488705 np0000163299 neutron-periodic-workers[104082]: DEBUG neutron.db.agents_db [None req-f3026633-b813-4c7e-a6d1-17cae1fffd67 None None] Agent healthcheck: found 0 active agents {{(pid=104082) agent_health_check /opt/stack/neutron/neutron/db/agents_db.py:317}}
Apr 03 01:32:59.489385 np0000163299 neutron-periodic-workers[104082]: DEBUG oslo.service.backend._threading.loopingcall [None req-f3026633-b813-4c7e-a6d1-17cae1fffd67 None None] Fixed interval looping call 'neutron.plugins.ml2.plugin.AgentDbMixin.agent_health_check' sleeping for 36.99 seconds {{(pid=104082) _run_loop /opt/stack/data/venv/lib/python3.12/site-packages/oslo_service/backend/_threading/loopingcall.py:125}}
Apr 03 01:33:05.507549 np0000163299 neutron-periodic-workers[104073]: DEBUG oslo.service.backend._threading.loopingcall [None req-5fa47a48-4e95-45ff-be94-078c5819c394 None None] Fixed interval looping call 'neutron.plugins.ml2.plugin.DhcpAgentSchedulerDbMixin.remove_networks_from_down_agents' sleeping for 36.99 seconds {{(pid=104073) _run_loop /opt/stack/data/venv/lib/python3.12/site-packages/oslo_service/backend/_threading/loopingcall.py:125}}
Apr 03 01:33:09.486093 np0000163299 neutron-periodic-workers[104082]: DEBUG dbcounter [-] [104082] Writing DB stats neutron:SELECT=1 {{(pid=104082) stat_writer /opt/stack/data/venv/lib/python3.12/site-packages/dbcounter.py:115}}
Apr 03 01:33:15.506171 np0000163299 neutron-periodic-workers[104073]: DEBUG dbcounter [-] [104073] Writing DB stats neutron:SELECT=3 {{(pid=104073) stat_writer /opt/stack/data/venv/lib/python3.12/site-packages/dbcounter.py:115}}
Apr 03 01:33:36.484357 np0000163299 neutron-periodic-workers[104082]: DEBUG neutron.db.agents_db [None req-f3026633-b813-4c7e-a6d1-17cae1fffd67 None None] Agent healthcheck: found 0 active agents {{(pid=104082) agent_health_check /opt/stack/neutron/neutron/db/agents_db.py:317}}
Apr 03 01:33:36.484991 np0000163299 neutron-periodic-workers[104082]: DEBUG oslo.service.backend._threading.loopingcall [None req-f3026633-b813-4c7e-a6d1-17cae1fffd67 None None] Fixed interval looping call 'neutron.plugins.ml2.plugin.AgentDbMixin.agent_health_check' sleeping for 36.99 seconds {{(pid=104082) _run_loop /opt/stack/data/venv/lib/python3.12/site-packages/oslo_service/backend/_threading/loopingcall.py:125}}
Apr 03 01:33:42.508858 np0000163299 neutron-periodic-workers[104073]: DEBUG oslo.service.backend._threading.loopingcall [None req-5fa47a48-4e95-45ff-be94-078c5819c394 None None] Fixed interval looping call 'neutron.plugins.ml2.plugin.DhcpAgentSchedulerDbMixin.remove_networks_from_down_agents' sleeping for 36.99 seconds {{(pid=104073) _run_loop /opt/stack/data/venv/lib/python3.12/site-packages/oslo_service/backend/_threading/loopingcall.py:125}}
Apr 03 01:33:46.483146 np0000163299 neutron-periodic-workers[104082]: DEBUG dbcounter [-] [104082] Writing DB stats neutron:SELECT=1 {{(pid=104082) stat_writer /opt/stack/data/venv/lib/python3.12/site-packages/dbcounter.py:115}}
Apr 03 01:33:52.507120 np0000163299 neutron-periodic-workers[104073]: DEBUG dbcounter [-] [104073] Writing DB stats neutron:SELECT=3 {{(pid=104073) stat_writer /opt/stack/data/venv/lib/python3.12/site-packages/dbcounter.py:115}}
Apr 03 01:34:09.532800 np0000163299 neutron-periodic-workers[104096]: DEBUG oslo.service.backend._threading.loopingcall [None req-92ebea60-7829-428a-961f-50ed9de36e3f None None] Fixed interval looping call 'neutron.db.quota.driver_nolock.DbQuotaNoLockDriver._remove_expired_reservations' sleeping for 119.99 seconds {{(pid=104096) _run_loop /opt/stack/data/venv/lib/python3.12/site-packages/oslo_service/backend/_threading/loopingcall.py:125}}
Apr 03 01:34:13.478218 np0000163299 neutron-periodic-workers[104082]: DEBUG neutron.db.agents_db [None req-f3026633-b813-4c7e-a6d1-17cae1fffd67 None None] Agent healthcheck: found 0 active agents {{(pid=104082) agent_health_check /opt/stack/neutron/neutron/db/agents_db.py:317}}
Apr 03 01:34:13.478757 np0000163299 neutron-periodic-workers[104082]: DEBUG oslo.service.backend._threading.loopingcall [None req-f3026633-b813-4c7e-a6d1-17cae1fffd67 None None] Fixed interval looping call 'neutron.plugins.ml2.plugin.AgentDbMixin.agent_health_check' sleeping for 37.00 seconds {{(pid=104082) _run_loop /opt/stack/data/venv/lib/python3.12/site-packages/oslo_service/backend/_threading/loopingcall.py:125}}
Apr 03 01:34:19.507240 np0000163299 neutron-periodic-workers[104073]: DEBUG oslo.service.backend._threading.loopingcall [None req-5fa47a48-4e95-45ff-be94-078c5819c394 None None] Fixed interval looping call 'neutron.plugins.ml2.plugin.DhcpAgentSchedulerDbMixin.remove_networks_from_down_agents' sleeping for 36.99 seconds {{(pid=104073) _run_loop /opt/stack/data/venv/lib/python3.12/site-packages/oslo_service/backend/_threading/loopingcall.py:125}}
Apr 03 01:34:19.531546 np0000163299 neutron-periodic-workers[104096]: DEBUG dbcounter [-] [104096] Writing DB stats neutron:DELETE=1 {{(pid=104096) stat_writer /opt/stack/data/venv/lib/python3.12/site-packages/dbcounter.py:115}}
Apr 03 01:34:23.477227 np0000163299 neutron-periodic-workers[104082]: DEBUG dbcounter [-] [104082] Writing DB stats neutron:SELECT=1 {{(pid=104082) stat_writer /opt/stack/data/venv/lib/python3.12/site-packages/dbcounter.py:115}}
Apr 03 01:34:29.506321 np0000163299 neutron-periodic-workers[104073]: DEBUG dbcounter [-] [104073] Writing DB stats neutron:SELECT=3 {{(pid=104073) stat_writer /opt/stack/data/venv/lib/python3.12/site-packages/dbcounter.py:115}}
Apr 03 01:34:33.480326 np0000163299 neutron-periodic-workers[104064]: DEBUG oslo.service.backend._threading.loopingcall [None req-ba3f13fd-df9e-43f3-a7b2-6694d1e9f674 None None] Fixed interval looping call 'neutron.services.ovn_l3.plugin.L3_NAT_dbonly_mixin._clean_garbage' sleeping for 299.98 seconds {{(pid=104064) _run_loop /opt/stack/data/venv/lib/python3.12/site-packages/oslo_service/backend/_threading/loopingcall.py:125}}
Apr 03 01:34:43.469907 np0000163299 neutron-periodic-workers[104064]: DEBUG dbcounter [-] [104064] Writing DB stats neutron:SELECT=1 {{(pid=104064) stat_writer /opt/stack/data/venv/lib/python3.12/site-packages/dbcounter.py:115}}
Apr 03 01:34:50.483307 np0000163299 neutron-periodic-workers[104082]: DEBUG neutron.db.agents_db [None req-f3026633-b813-4c7e-a6d1-17cae1fffd67 None None] Agent healthcheck: found 0 active agents {{(pid=104082) agent_health_check /opt/stack/neutron/neutron/db/agents_db.py:317}}
Apr 03 01:34:50.484123 np0000163299 neutron-periodic-workers[104082]: DEBUG oslo.service.backend._threading.loopingcall [None req-f3026633-b813-4c7e-a6d1-17cae1fffd67 None None] Fixed interval looping call 'neutron.plugins.ml2.plugin.AgentDbMixin.agent_health_check' sleeping for 37.00 seconds {{(pid=104082) _run_loop /opt/stack/data/venv/lib/python3.12/site-packages/oslo_service/backend/_threading/loopingcall.py:125}}
Apr 03 01:34:56.507766 np0000163299 neutron-periodic-workers[104073]: DEBUG oslo.service.backend._threading.loopingcall [None req-5fa47a48-4e95-45ff-be94-078c5819c394 None None] Fixed interval looping call 'neutron.plugins.ml2.plugin.DhcpAgentSchedulerDbMixin.remove_networks_from_down_agents' sleeping for 36.99 seconds {{(pid=104073) _run_loop /opt/stack/data/venv/lib/python3.12/site-packages/oslo_service/backend/_threading/loopingcall.py:125}}
Apr 03 01:35:00.482270 np0000163299 neutron-periodic-workers[104082]: DEBUG dbcounter [-] [104082] Writing DB stats neutron:SELECT=1 {{(pid=104082) stat_writer /opt/stack/data/venv/lib/python3.12/site-packages/dbcounter.py:115}}
Apr 03 01:35:06.506628 np0000163299 neutron-periodic-workers[104073]: DEBUG dbcounter [-] [104073] Writing DB stats neutron:SELECT=3 {{(pid=104073) stat_writer /opt/stack/data/venv/lib/python3.12/site-packages/dbcounter.py:115}}
Apr 03 01:35:27.490103 np0000163299 neutron-periodic-workers[104082]: DEBUG neutron.db.agents_db [None req-f3026633-b813-4c7e-a6d1-17cae1fffd67 None None] Agent healthcheck: found 0 active agents {{(pid=104082) agent_health_check /opt/stack/neutron/neutron/db/agents_db.py:317}}
Apr 03 01:35:27.490839 np0000163299 neutron-periodic-workers[104082]: DEBUG oslo.service.backend._threading.loopingcall [None req-f3026633-b813-4c7e-a6d1-17cae1fffd67 None None] Fixed interval looping call 'neutron.plugins.ml2.plugin.AgentDbMixin.agent_health_check' sleeping for 36.99 seconds {{(pid=104082) _run_loop /opt/stack/data/venv/lib/python3.12/site-packages/oslo_service/backend/_threading/loopingcall.py:125}}
Apr 03 01:35:33.507525 np0000163299 neutron-periodic-workers[104073]: DEBUG oslo.service.backend._threading.loopingcall [None req-5fa47a48-4e95-45ff-be94-078c5819c394 None None] Fixed interval looping call 'neutron.plugins.ml2.plugin.DhcpAgentSchedulerDbMixin.remove_networks_from_down_agents' sleeping for 36.99 seconds {{(pid=104073) _run_loop /opt/stack/data/venv/lib/python3.12/site-packages/oslo_service/backend/_threading/loopingcall.py:125}}
Apr 03 01:35:37.487488 np0000163299 neutron-periodic-workers[104082]: DEBUG dbcounter [-] [104082] Writing DB stats neutron:SELECT=1 {{(pid=104082) stat_writer /opt/stack/data/venv/lib/python3.12/site-packages/dbcounter.py:115}}
Apr 03 01:35:43.506442 np0000163299 neutron-periodic-workers[104073]: DEBUG dbcounter [-] [104073] Writing DB stats neutron:SELECT=3 {{(pid=104073) stat_writer /opt/stack/data/venv/lib/python3.12/site-packages/dbcounter.py:115}}
Apr 03 01:36:04.487461 np0000163299 neutron-periodic-workers[104082]: DEBUG neutron.db.agents_db [None req-f3026633-b813-4c7e-a6d1-17cae1fffd67 None None] Agent healthcheck: found 0 active agents {{(pid=104082) agent_health_check /opt/stack/neutron/neutron/db/agents_db.py:317}}
