Jun 18 00:58:09.619744 np0000181711 devstack@neutron-api.service[107699]: DEBUG oslo_concurrency.lockutils [None req-14006e6b-b435-42e7-9711-028802ecd5cd None None] Acquiring lock "singleton_lock" {{(pid=107699) lock /opt/stack/data/venv/lib/python3.12/site-packages/oslo_concurrency/lockutils.py:395}}
Jun 18 00:58:09.619877 np0000181711 devstack@neutron-api.service[107699]: DEBUG oslo_concurrency.lockutils [None req-14006e6b-b435-42e7-9711-028802ecd5cd None None] Acquired lock "singleton_lock" {{(pid=107699) lock /opt/stack/data/venv/lib/python3.12/site-packages/oslo_concurrency/lockutils.py:398}}
Jun 18 00:58:09.619998 np0000181711 devstack@neutron-api.service[107701]: DEBUG neutron.api.extensions [None req-2ed20e37-00cd-48bd-b280-dc5da81ae154 None None] Ext name="Tag creation extension" alias="tag-creation" description="Allow to create multiple tags for a resource" updated="2024-23-07T10:00:00-00:00" {{(pid=107701) _check_extension /opt/stack/neutron/neutron/api/extensions.py:415}}
Jun 18 00:58:09.620190 np0000181711 devstack@neutron-api.service[107699]: DEBUG oslo_concurrency.lockutils [None req-14006e6b-b435-42e7-9711-028802ecd5cd None None] Releasing lock "singleton_lock" {{(pid=107699) lock /opt/stack/data/venv/lib/python3.12/site-packages/oslo_concurrency/lockutils.py:418}}
Jun 18 00:58:09.620460 np0000181711 devstack@neutron-api.service[107701]: INFO neutron.api.extensions [None req-2ed20e37-00cd-48bd-b280-dc5da81ae154 None None] Loaded extension: tag-creation
Jun 18 00:58:09.620460 np0000181711 devstack@neutron-api.service[107701]: DEBUG neutron.api.extensions [None req-2ed20e37-00cd-48bd-b280-dc5da81ae154 None None] Loading extension file: tag_ports_during_bulk_creation.py {{(pid=107701) _load_all_extensions_from_path /opt/stack/neutron/neutron/api/extensions.py:449}}
Jun 18 00:58:09.620460 np0000181711 devstack@neutron-api.service[107701]: DEBUG neutron.api.extensions [None req-2ed20e37-00cd-48bd-b280-dc5da81ae154 None None] Ext name="Tag Ports During Bulk Creation" alias="tag-ports-during-bulk-creation" description="Allow to tag ports during bulk creation" updated="2019-12-29T19:00:00-00:00" {{(pid=107701) _check_extension /opt/stack/neutron/neutron/api/extensions.py:415}}
Jun 18 00:58:09.620827 np0000181711 devstack@neutron-api.service[107701]: INFO neutron.api.extensions [None req-2ed20e37-00cd-48bd-b280-dc5da81ae154 None None] Extension tag-ports-during-bulk-creation not supported by any of loaded plugins
Jun 18 00:58:09.620827 np0000181711 devstack@neutron-api.service[107701]: DEBUG neutron.api.extensions [None req-2ed20e37-00cd-48bd-b280-dc5da81ae154 None None] Loading extension file: tagging.py {{(pid=107701) _load_all_extensions_from_path /opt/stack/neutron/neutron/api/extensions.py:449}}
Jun 18 00:58:09.621784 np0000181711 devstack@neutron-api.service[107699]: DEBUG neutron.plugins.ml2.drivers.ovn.mech_driver.mech_driver [None req-14006e6b-b435-42e7-9711-028802ecd5cd None None] Hash Ring setup using WSGI start time 2026-06-18 00:58:02+00:00 {{(pid=107699) _init_hash_ring /opt/stack/neutron/neutron/plugins/ml2/drivers/ovn/mech_driver/mech_driver.py:404}}
Jun 18 00:58:09.621950 np0000181711 devstack@neutron-api.service[107701]: DEBUG neutron.api.extensions [None req-2ed20e37-00cd-48bd-b280-dc5da81ae154 None None] Ext name="Tag support for resources with standard attribute: port, subnet, subnetpool, network, security_group, router, floatingip, policy, trunk, network_segment_range" alias="standard-attr-tag" description="Enables to set tag on resources with standard attribute." updated="2017-01-01T00:00:00-00:00" {{(pid=107701) _check_extension /opt/stack/neutron/neutron/api/extensions.py:415}}
Jun 18 00:58:09.622135 np0000181711 devstack@neutron-api.service[107701]: INFO neutron.api.extensions [None req-2ed20e37-00cd-48bd-b280-dc5da81ae154 None None] Loaded extension: standard-attr-tag
Jun 18 00:58:09.622224 np0000181711 devstack@neutron-api.service[107701]: DEBUG neutron.api.extensions [None req-2ed20e37-00cd-48bd-b280-dc5da81ae154 None None] Loading extension file: timestamp.py {{(pid=107701) _load_all_extensions_from_path /opt/stack/neutron/neutron/api/extensions.py:449}}
Jun 18 00:58:09.622497 np0000181711 devstack@neutron-api.service[107701]: DEBUG neutron.api.extensions [None req-2ed20e37-00cd-48bd-b280-dc5da81ae154 None None] Ext name="Resource timestamps" alias="standard-attr-timestamp" description="Adds created_at and updated_at fields to all Neutron resources that have Neutron standard attributes." updated="2016-09-12T10:00:00-00:00" {{(pid=107701) _check_extension /opt/stack/neutron/neutron/api/extensions.py:415}}
Jun 18 00:58:09.622716 np0000181711 devstack@neutron-api.service[107701]: INFO neutron.api.extensions [None req-2ed20e37-00cd-48bd-b280-dc5da81ae154 None None] Loaded extension: standard-attr-timestamp
Jun 18 00:58:09.622808 np0000181711 devstack@neutron-api.service[107701]: DEBUG neutron.api.extensions [None req-2ed20e37-00cd-48bd-b280-dc5da81ae154 None None] Loading extension file: trunk.py {{(pid=107701) _load_all_extensions_from_path /opt/stack/neutron/neutron/api/extensions.py:449}}
Jun 18 00:58:09.623145 np0000181711 devstack@neutron-api.service[107701]: DEBUG neutron.api.extensions [None req-2ed20e37-00cd-48bd-b280-dc5da81ae154 None None] Ext name="Trunk Extension" alias="trunk" description="Provides support for trunk ports" updated="2016-01-01T10:00:00-00:00" {{(pid=107701) _check_extension /opt/stack/neutron/neutron/api/extensions.py:415}}
Jun 18 00:58:09.623318 np0000181711 devstack@neutron-api.service[107701]: INFO neutron.api.extensions [None req-2ed20e37-00cd-48bd-b280-dc5da81ae154 None None] Extension trunk not supported by any of loaded plugins
Jun 18 00:58:09.623363 np0000181711 devstack@neutron-api.service[107698]: DEBUG neutron.api.extensions [None req-dca74ee8-e94c-4149-952b-3e52e2004528 None None] Extended resource: l3-routers {{(pid=107698) __init__ /opt/stack/neutron/neutron/api/extensions.py:156}}
Jun 18 00:58:09.623407 np0000181711 devstack@neutron-api.service[107701]: DEBUG neutron.api.extensions [None req-2ed20e37-00cd-48bd-b280-dc5da81ae154 None None] Loading extension file: trunk_details.py {{(pid=107701) _load_all_extensions_from_path /opt/stack/neutron/neutron/api/extensions.py:449}}
Jun 18 00:58:09.623636 np0000181711 devstack@neutron-api.service[107701]: DEBUG neutron.api.extensions [None req-2ed20e37-00cd-48bd-b280-dc5da81ae154 None None] Ext name="Trunk port details" alias="trunk-details" description="Expose trunk port details" updated="2016-01-01T10:00:00-00:00" {{(pid=107701) _check_extension /opt/stack/neutron/neutron/api/extensions.py:415}}
Jun 18 00:58:09.623817 np0000181711 devstack@neutron-api.service[107701]: INFO neutron.api.extensions [None req-2ed20e37-00cd-48bd-b280-dc5da81ae154 None None] Extension trunk-details not supported by any of loaded plugins
Jun 18 00:58:09.623938 np0000181711 devstack@neutron-api.service[107701]: DEBUG neutron.api.extensions [None req-2ed20e37-00cd-48bd-b280-dc5da81ae154 None None] Loading extension file: uplink_status_propagation.py {{(pid=107701) _load_all_extensions_from_path /opt/stack/neutron/neutron/api/extensions.py:449}}
Jun 18 00:58:09.624061 np0000181711 devstack@neutron-api.service[107698]: DEBUG neutron.api.extensions [None req-dca74ee8-e94c-4149-952b-3e52e2004528 None None] Extended resource: l3-agents {{(pid=107698) __init__ /opt/stack/neutron/neutron/api/extensions.py:156}}
Jun 18 00:58:09.624168 np0000181711 devstack@neutron-api.service[107701]: DEBUG neutron.api.extensions [None req-2ed20e37-00cd-48bd-b280-dc5da81ae154 None None] Ext name="Uplink status propagation extension" alias="uplink-status-propagation" description="Provides ability to propagate port uplink status." updated="2018-05-31T18:00:00-00:00" {{(pid=107701) _check_extension /opt/stack/neutron/neutron/api/extensions.py:415}}
Jun 18 00:58:09.624337 np0000181711 devstack@neutron-api.service[107701]: INFO neutron.api.extensions [None req-2ed20e37-00cd-48bd-b280-dc5da81ae154 None None] Extension uplink-status-propagation not supported by any of loaded plugins
Jun 18 00:58:09.624425 np0000181711 devstack@neutron-api.service[107701]: DEBUG neutron.api.extensions [None req-2ed20e37-00cd-48bd-b280-dc5da81ae154 None None] Loading extension file: uplink_status_propagation_updatable.py {{(pid=107701) _load_all_extensions_from_path /opt/stack/neutron/neutron/api/extensions.py:449}}
Jun 18 00:58:09.624659 np0000181711 devstack@neutron-api.service[107701]: DEBUG neutron.api.extensions [None req-2ed20e37-00cd-48bd-b280-dc5da81ae154 None None] Ext name="Uplink status propagation updatable extension" alias="uplink-status-propagation-updatable" description="Provides ability to update the port uplink status." updated="2024-09-03T18:00:00-00:00" {{(pid=107701) _check_extension /opt/stack/neutron/neutron/api/extensions.py:415}}
Jun 18 00:58:09.624703 np0000181711 devstack@neutron-api.service[107698]: DEBUG neutron.api.extensions [None req-dca74ee8-e94c-4149-952b-3e52e2004528 None None] Extended resource: network-ip-availabilities {{(pid=107698) __init__ /opt/stack/neutron/neutron/api/extensions.py:156}}
Jun 18 00:58:09.625152 np0000181711 devstack@neutron-api.service[107701]: INFO neutron.api.extensions [None req-2ed20e37-00cd-48bd-b280-dc5da81ae154 None None] Extension uplink-status-propagation-updatable not supported by any of loaded plugins
Jun 18 00:58:09.625152 np0000181711 devstack@neutron-api.service[107701]: DEBUG neutron.api.extensions [None req-2ed20e37-00cd-48bd-b280-dc5da81ae154 None None] Loading extension file: vlantransparent.py {{(pid=107701) _load_all_extensions_from_path /opt/stack/neutron/neutron/api/extensions.py:449}}
Jun 18 00:58:09.625318 np0000181711 devstack@neutron-api.service[107701]: DEBUG neutron.api.extensions [None req-2ed20e37-00cd-48bd-b280-dc5da81ae154 None None] Ext name="Vlantransparent" alias="vlan-transparent" description="Provides Vlan Transparent Networks" updated="2015-03-23T09:00:00-00:00" {{(pid=107701) _check_extension /opt/stack/neutron/neutron/api/extensions.py:415}}
Jun 18 00:58:09.625911 np0000181711 devstack@neutron-api.service[107701]: INFO neutron.api.extensions [None req-2ed20e37-00cd-48bd-b280-dc5da81ae154 None None] Loaded extension: vlan-transparent
Jun 18 00:58:09.628232 np0000181711 devstack@neutron-api.service[107701]: INFO neutron.quota.resource_registry [None req-2ed20e37-00cd-48bd-b280-dc5da81ae154 None None] Creating instance of TrackedResource for resource:network
Jun 18 00:58:09.628554 np0000181711 devstack@neutron-api.service[107701]: INFO neutron.quota.resource_registry [None req-2ed20e37-00cd-48bd-b280-dc5da81ae154 None None] Creating instance of TrackedResource for resource:subnet
Jun 18 00:58:09.628726 np0000181711 devstack@neutron-api.service[107701]: INFO neutron.quota.resource_registry [None req-2ed20e37-00cd-48bd-b280-dc5da81ae154 None None] Creating instance of TrackedResource for resource:subnetpool
Jun 18 00:58:09.628849 np0000181711 devstack@neutron-api.service[107701]: INFO neutron.quota.resource_registry [None req-2ed20e37-00cd-48bd-b280-dc5da81ae154 None None] Creating instance of TrackedResource for resource:port
Jun 18 00:58:09.629146 np0000181711 devstack@neutron-api.service[107699]: INFO neutron.db.ovn_hash_ring_db [None req-14006e6b-b435-42e7-9711-028802ecd5cd None None] Nodes from host "np0000181711" and group "mechanism_driver" removed from the Hash Ring created at 2026-06-18 00:58:02+00:00
Jun 18 00:58:09.630541 np0000181711 devstack@neutron-api.service[107698]: DEBUG neutron.api.extensions [None req-dca74ee8-e94c-4149-952b-3e52e2004528 None None] Extended resource: network-ip-availabilities {{(pid=107698) __init__ /opt/stack/neutron/neutron/api/extensions.py:156}}
Jun 18 00:58:09.631167 np0000181711 devstack@neutron-api.service[107698]: DEBUG neutron.api.extensions [None req-dca74ee8-e94c-4149-952b-3e52e2004528 None None] Extended resource: bindings {{(pid=107698) __init__ /opt/stack/neutron/neutron/api/extensions.py:156}}
Jun 18 00:58:09.632029 np0000181711 devstack@neutron-api.service[107699]: INFO neutron.db.ovn_hash_ring_db [None req-14006e6b-b435-42e7-9711-028802ecd5cd None None] Node 9c773765452b5f7fa557284ad5d92082 from host "np0000181711" and group "mechanism_driver" added to the Hash Ring
Jun 18 00:58:09.632095 np0000181711 devstack@neutron-api.service[107698]: DEBUG neutron.api.extensions [None req-dca74ee8-e94c-4149-952b-3e52e2004528 None None] Extended resource: quotas {{(pid=107698) __init__ /opt/stack/neutron/neutron/api/extensions.py:156}}
Jun 18 00:58:09.634466 np0000181711 devstack@neutron-api.service[107701]: DEBUG neutron.api.v2.resource_helper [None req-2ed20e37-00cd-48bd-b280-dc5da81ae154 None None] Service L3_ROUTER_NAT assigned prefix: {{(pid=107701) build_resource_info /opt/stack/neutron/neutron/api/v2/resource_helper.py:77}}
Jun 18 00:58:09.635421 np0000181711 devstack@neutron-api.service[107701]: DEBUG neutron.api.v2.resource_helper [None req-2ed20e37-00cd-48bd-b280-dc5da81ae154 None None] Service FLAVORS assigned prefix: {{(pid=107701) build_resource_info /opt/stack/neutron/neutron/api/v2/resource_helper.py:77}}
Jun 18 00:58:09.636643 np0000181711 devstack@neutron-api.service[107699]: DEBUG neutron.plugins.ml2.drivers.ovn.mech_driver.mech_driver [None req-14006e6b-b435-42e7-9711-028802ecd5cd None None] Hash Ring setup, this worker has detected 2 OVN hash ring registers in the database {{(pid=107699) _init_hash_ring /opt/stack/neutron/neutron/plugins/ml2/drivers/ovn/mech_driver/mech_driver.py:414}}
Jun 18 00:58:09.636812 np0000181711 devstack@neutron-api.service[107698]: DEBUG neutron.api.extensions [None req-dca74ee8-e94c-4149-952b-3e52e2004528 None None] Extended resource: quotas {{(pid=107698) __init__ /opt/stack/neutron/neutron/api/extensions.py:156}}
Jun 18 00:58:09.637706 np0000181711 devstack@neutron-api.service[107698]: DEBUG neutron.api.extensions [None req-dca74ee8-e94c-4149-952b-3e52e2004528 None None] Extended resource: rbac-policies {{(pid=107698) __init__ /opt/stack/neutron/neutron/api/extensions.py:156}}
Jun 18 00:58:09.638436 np0000181711 devstack@neutron-api.service[107698]: DEBUG neutron.api.extensions [None req-dca74ee8-e94c-4149-952b-3e52e2004528 None None] Extended resource: default-security-group-rules {{(pid=107698) __init__ /opt/stack/neutron/neutron/api/extensions.py:156}}
Jun 18 00:58:09.638888 np0000181711 devstack@neutron-api.service[107701]: DEBUG neutron.api.v2.resource_helper [None req-2ed20e37-00cd-48bd-b280-dc5da81ae154 None None] Service L3_ROUTER_NAT assigned prefix: {{(pid=107701) build_resource_info /opt/stack/neutron/neutron/api/v2/resource_helper.py:77}}
Jun 18 00:58:09.639206 np0000181711 devstack@neutron-api.service[107698]: DEBUG neutron.api.extensions [None req-dca74ee8-e94c-4149-952b-3e52e2004528 None None] Extended resource: security-groups {{(pid=107698) __init__ /opt/stack/neutron/neutron/api/extensions.py:156}}
Jun 18 00:58:09.639275 np0000181711 devstack@neutron-api.service[107701]: DEBUG neutron.api.v2.resource_helper [None req-2ed20e37-00cd-48bd-b280-dc5da81ae154 None None] Service L3_ROUTER_NAT assigned prefix: {{(pid=107701) build_resource_info /opt/stack/neutron/neutron/api/v2/resource_helper.py:77}}
Jun 18 00:58:09.639425 np0000181711 devstack@neutron-api.service[107701]: INFO neutron.quota.resource_registry [None req-2ed20e37-00cd-48bd-b280-dc5da81ae154 None None] Creating instance of TrackedResource for resource:router
Jun 18 00:58:09.639873 np0000181711 devstack@neutron-api.service[107701]: INFO neutron.quota.resource_registry [None req-2ed20e37-00cd-48bd-b280-dc5da81ae154 None None] Creating instance of TrackedResource for resource:floatingip
Jun 18 00:58:09.641248 np0000181711 devstack@neutron-api.service[107701]: INFO neutron.quota.resource_registry [None req-2ed20e37-00cd-48bd-b280-dc5da81ae154 None None] Creating instance of CountableResource for resource:rbac_policy
Jun 18 00:58:09.642050 np0000181711 devstack@neutron-api.service[107701]: INFO neutron.quota.resource_registry [None req-2ed20e37-00cd-48bd-b280-dc5da81ae154 None None] Creating instance of TrackedResource for resource:security_group
Jun 18 00:58:09.642507 np0000181711 devstack@neutron-api.service[107701]: INFO neutron.quota.resource_registry [None req-2ed20e37-00cd-48bd-b280-dc5da81ae154 None None] Creating instance of TrackedResource for resource:security_group_rule
Jun 18 00:58:09.643428 np0000181711 devstack@neutron-api.service[107701]: DEBUG neutron.api.v2.resource_helper [None req-2ed20e37-00cd-48bd-b280-dc5da81ae154 None None] Service CORE assigned prefix: {{(pid=107701) build_resource_info /opt/stack/neutron/neutron/api/v2/resource_helper.py:77}}
Jun 18 00:58:09.644378 np0000181711 devstack@neutron-api.service[107698]: DEBUG neutron.api.extensions [None req-dca74ee8-e94c-4149-952b-3e52e2004528 None None] Extended resource: security-group-rules {{(pid=107698) __init__ /opt/stack/neutron/neutron/api/extensions.py:156}}
Jun 18 00:58:09.644809 np0000181711 devstack@neutron-api.service[107699]: DEBUG neutron.plugins.ml2.drivers.ovn.mech_driver.ovsdb.maintenance [None req-14006e6b-b435-42e7-9711-028802ecd5cd None None] Periodic task found: HashRingHealthCheckPeriodics.touch_hash_ring_node {{(pid=107699) add_periodics /opt/stack/neutron/neutron/plugins/ml2/drivers/ovn/mech_driver/ovsdb/maintenance.py:146}}
Jun 18 00:58:09.645064 np0000181711 devstack@neutron-api.service[107698]: DEBUG neutron.api.extensions [None req-dca74ee8-e94c-4149-952b-3e52e2004528 None None] Extended resource: service-providers {{(pid=107698) __init__ /opt/stack/neutron/neutron/api/extensions.py:156}}
Jun 18 00:58:09.645168 np0000181711 devstack@neutron-api.service[107701]: INFO neutron.quota.resource_registry [None req-2ed20e37-00cd-48bd-b280-dc5da81ae154 None None] Creating instance of TrackedResource for resource:subnetpool
Jun 18 00:58:09.645298 np0000181711 devstack@neutron-api.service[107701]: WARNING neutron.quota.resource_registry [None req-2ed20e37-00cd-48bd-b280-dc5da81ae154 None None] subnetpool is already registered
Jun 18 00:58:09.645739 np0000181711 devstack@neutron-api.service[107698]: DEBUG neutron.api.extensions [None req-dca74ee8-e94c-4149-952b-3e52e2004528 None None] Extended resource: subnetpools {{(pid=107698) __init__ /opt/stack/neutron/neutron/api/extensions.py:156}}
Jun 18 00:58:09.645903 np0000181711 devstack@neutron-api.service[107701]: DEBUG neutron.api.v2.resource_helper [None req-2ed20e37-00cd-48bd-b280-dc5da81ae154 None None] Service CORE assigned prefix: {{(pid=107701) build_resource_info /opt/stack/neutron/neutron/api/v2/resource_helper.py:77}}
Jun 18 00:58:09.645903 np0000181711 devstack@neutron-api.service[107701]: INFO neutron.quota.resource_registry [None req-2ed20e37-00cd-48bd-b280-dc5da81ae154 None None] Creating instance of TrackedResource for resource:subnetpool
Jun 18 00:58:09.646109 np0000181711 devstack@neutron-api.service[107701]: WARNING neutron.quota.resource_registry [None req-2ed20e37-00cd-48bd-b280-dc5da81ae154 None None] subnetpool is already registered
Jun 18 00:58:09.647452 np0000181711 devstack@neutron-api.service[107699]: INFO neutron.plugins.ml2.drivers.ovn.mech_driver.mech_driver [None req-14006e6b-b435-42e7-9711-028802ecd5cd None None] Hash Ring probing thread for node 9c773765452b5f7fa557284ad5d92082 has started
Jun 18 00:58:09.648068 np0000181711 devstack@neutron-api.service[107699]: INFO neutron.plugins.ml2.drivers.ovn.mech_driver.ovsdb.impl_idl_ovn [None req-14006e6b-b435-42e7-9711-028802ecd5cd None None] Getting OvsdbNbOvnIdl for WorkerService with retry
Jun 18 00:58:09.651840 np0000181711 devstack@neutron-api.service[107698]: DEBUG neutron.api.extensions [None req-dca74ee8-e94c-4149-952b-3e52e2004528 None None] Extended resource: subnetpools {{(pid=107698) __init__ /opt/stack/neutron/neutron/api/extensions.py:156}}
Jun 18 00:58:09.652142 np0000181711 devstack@neutron-api.service[107701]: DEBUG neutron.api.v2.resource_helper [None req-2ed20e37-00cd-48bd-b280-dc5da81ae154 None None] Service L3_ROUTER_NAT assigned prefix: {{(pid=107701) build_resource_info /opt/stack/neutron/neutron/api/v2/resource_helper.py:77}}
Jun 18 00:58:09.652424 np0000181711 devstack@neutron-api.service[107698]: DEBUG neutron.api.extensions [None req-dca74ee8-e94c-4149-952b-3e52e2004528 None None] Extended resource: tags {{(pid=107698) __init__ /opt/stack/neutron/neutron/api/extensions.py:156}}
Jun 18 00:58:09.652561 np0000181711 devstack@neutron-api.service[107701]: DEBUG neutron.api.v2.resource_helper [None req-2ed20e37-00cd-48bd-b280-dc5da81ae154 None None] Service FLAVORS assigned prefix: {{(pid=107701) build_resource_info /opt/stack/neutron/neutron/api/v2/resource_helper.py:77}}
Jun 18 00:58:09.652561 np0000181711 devstack@neutron-api.service[107701]: DEBUG neutron.api.v2.resource_helper [None req-2ed20e37-00cd-48bd-b280-dc5da81ae154 None None] Service L3_ROUTER_NAT assigned prefix: {{(pid=107701) build_resource_info /opt/stack/neutron/neutron/api/v2/resource_helper.py:77}}
Jun 18 00:58:09.652723 np0000181711 devstack@neutron-api.service[107698]: DEBUG neutron.api.extensions [None req-dca74ee8-e94c-4149-952b-3e52e2004528 None None] Extended resource: tags {{(pid=107698) __init__ /opt/stack/neutron/neutron/api/extensions.py:156}}
Jun 18 00:58:09.652877 np0000181711 devstack@neutron-api.service[107701]: DEBUG neutron.api.v2.resource_helper [None req-2ed20e37-00cd-48bd-b280-dc5da81ae154 None None] Service L3_ROUTER_NAT assigned prefix: {{(pid=107701) build_resource_info /opt/stack/neutron/neutron/api/v2/resource_helper.py:77}}
Jun 18 00:58:09.652877 np0000181711 devstack@neutron-api.service[107701]: INFO neutron.quota.resource_registry [None req-2ed20e37-00cd-48bd-b280-dc5da81ae154 None None] Creating instance of TrackedResource for resource:router
Jun 18 00:58:09.652877 np0000181711 devstack@neutron-api.service[107701]: WARNING neutron.quota.resource_registry [None req-2ed20e37-00cd-48bd-b280-dc5da81ae154 None None] router is already registered
Jun 18 00:58:09.652877 np0000181711 devstack@neutron-api.service[107701]: INFO neutron.quota.resource_registry [None req-2ed20e37-00cd-48bd-b280-dc5da81ae154 None None] Creating instance of TrackedResource for resource:floatingip
Jun 18 00:58:09.652877 np0000181711 devstack@neutron-api.service[107701]: WARNING neutron.quota.resource_registry [None req-2ed20e37-00cd-48bd-b280-dc5da81ae154 None None] floatingip is already registered
Jun 18 00:58:09.652877 np0000181711 devstack@neutron-api.service[107701]: INFO neutron.quota.resource_registry [None req-2ed20e37-00cd-48bd-b280-dc5da81ae154 None None] Creating instance of CountableResource for resource:rbac_policy
Jun 18 00:58:09.652877 np0000181711 devstack@neutron-api.service[107701]: WARNING neutron.quota.resource_registry [None req-2ed20e37-00cd-48bd-b280-dc5da81ae154 None None] rbac_policy is already registered
Jun 18 00:58:09.653710 np0000181711 devstack@neutron-api.service[107701]: INFO neutron.quota.resource_registry [None req-2ed20e37-00cd-48bd-b280-dc5da81ae154 None None] Creating instance of TrackedResource for resource:security_group
Jun 18 00:58:09.653965 np0000181711 devstack@neutron-api.service[107701]: WARNING neutron.quota.resource_registry [None req-2ed20e37-00cd-48bd-b280-dc5da81ae154 None None] security_group is already registered
Jun 18 00:58:09.654376 np0000181711 devstack@neutron-api.service[107701]: INFO neutron.quota.resource_registry [None req-2ed20e37-00cd-48bd-b280-dc5da81ae154 None None] Creating instance of TrackedResource for resource:security_group_rule
Jun 18 00:58:09.654545 np0000181711 devstack@neutron-api.service[107701]: WARNING neutron.quota.resource_registry [None req-2ed20e37-00cd-48bd-b280-dc5da81ae154 None None] security_group_rule is already registered
Jun 18 00:58:09.655339 np0000181711 devstack@neutron-api.service[107701]: DEBUG neutron.api.v2.resource_helper [None req-2ed20e37-00cd-48bd-b280-dc5da81ae154 None None] Service CORE assigned prefix: {{(pid=107701) build_resource_info /opt/stack/neutron/neutron/api/v2/resource_helper.py:77}}
Jun 18 00:58:09.655555 np0000181711 devstack@neutron-api.service[107701]: INFO neutron.quota.resource_registry [None req-2ed20e37-00cd-48bd-b280-dc5da81ae154 None None] Creating instance of TrackedResource for resource:subnetpool
Jun 18 00:58:09.655680 np0000181711 devstack@neutron-api.service[107701]: WARNING neutron.quota.resource_registry [None req-2ed20e37-00cd-48bd-b280-dc5da81ae154 None None] subnetpool is already registered
Jun 18 00:58:09.656201 np0000181711 devstack@neutron-api.service[107701]: DEBUG neutron.api.v2.resource_helper [None req-2ed20e37-00cd-48bd-b280-dc5da81ae154 None None] Service CORE assigned prefix: {{(pid=107701) build_resource_info /opt/stack/neutron/neutron/api/v2/resource_helper.py:77}}
Jun 18 00:58:09.656348 np0000181711 devstack@neutron-api.service[107698]: DEBUG neutron.api.extensions [None req-dca74ee8-e94c-4149-952b-3e52e2004528 None None] Extended resource: tags {{(pid=107698) __init__ /opt/stack/neutron/neutron/api/extensions.py:156}}
Jun 18 00:58:09.656476 np0000181711 devstack@neutron-api.service[107701]: INFO neutron.quota.resource_registry [None req-2ed20e37-00cd-48bd-b280-dc5da81ae154 None None] Creating instance of TrackedResource for resource:subnetpool
Jun 18 00:58:09.656476 np0000181711 devstack@neutron-api.service[107701]: WARNING neutron.quota.resource_registry [None req-2ed20e37-00cd-48bd-b280-dc5da81ae154 None None] subnetpool is already registered
Jun 18 00:58:09.657226 np0000181711 devstack@neutron-api.service[107701]: DEBUG neutron.api.extensions [None req-2ed20e37-00cd-48bd-b280-dc5da81ae154 None None] Extended resource: extensions {{(pid=107701) __init__ /opt/stack/neutron/neutron/api/extensions.py:156}}
Jun 18 00:58:09.658210 np0000181711 devstack@neutron-api.service[107701]: DEBUG neutron.api.extensions [None req-2ed20e37-00cd-48bd-b280-dc5da81ae154 None None] Extended resource: address-groups {{(pid=107701) __init__ /opt/stack/neutron/neutron/api/extensions.py:156}}
Jun 18 00:58:09.659320 np0000181711 devstack@neutron-api.service[107701]: DEBUG neutron.api.extensions [None req-2ed20e37-00cd-48bd-b280-dc5da81ae154 None None] Extended resource: address-scopes {{(pid=107701) __init__ /opt/stack/neutron/neutron/api/extensions.py:156}}
Jun 18 00:58:09.659764 np0000181711 devstack@neutron-api.service[107701]: DEBUG neutron.api.extensions [None req-2ed20e37-00cd-48bd-b280-dc5da81ae154 None None] Extended resource: agents {{(pid=107701) __init__ /opt/stack/neutron/neutron/api/extensions.py:156}}
Jun 18 00:58:09.660416 np0000181711 devstack@neutron-api.service[107701]: DEBUG neutron.api.extensions [None req-2ed20e37-00cd-48bd-b280-dc5da81ae154 None None] Extended resource: auto-allocated-topology {{(pid=107701) __init__ /opt/stack/neutron/neutron/api/extensions.py:156}}
Jun 18 00:58:09.661097 np0000181711 devstack@neutron-api.service[107701]: DEBUG neutron.api.extensions [None req-2ed20e37-00cd-48bd-b280-dc5da81ae154 None None] Extended resource: availability_zones {{(pid=107701) __init__ /opt/stack/neutron/neutron/api/extensions.py:156}}
Jun 18 00:58:09.661715 np0000181711 devstack@neutron-api.service[107701]: DEBUG neutron.api.extensions [None req-2ed20e37-00cd-48bd-b280-dc5da81ae154 None None] Extended resource: dhcp-networks {{(pid=107701) __init__ /opt/stack/neutron/neutron/api/extensions.py:156}}
Jun 18 00:58:09.661939 np0000181711 devstack@neutron-api.service[107698]: DEBUG neutron.api.extensions [None req-dca74ee8-e94c-4149-952b-3e52e2004528 None None] Extended resource: tags {{(pid=107698) __init__ /opt/stack/neutron/neutron/api/extensions.py:156}}
Jun 18 00:58:09.662316 np0000181711 devstack@neutron-api.service[107701]: DEBUG neutron.api.extensions [None req-2ed20e37-00cd-48bd-b280-dc5da81ae154 None None] Extended resource: dhcp-agents {{(pid=107701) __init__ /opt/stack/neutron/neutron/api/extensions.py:156}}
Jun 18 00:58:09.662987 np0000181711 devstack@neutron-api.service[107701]: DEBUG neutron.api.extensions [None req-2ed20e37-00cd-48bd-b280-dc5da81ae154 None None] Extended resource: routers {{(pid=107701) __init__ /opt/stack/neutron/neutron/api/extensions.py:156}}
Jun 18 00:58:09.663760 np0000181711 devstack@neutron-api.service[107698]: DEBUG neutron.api.extensions [None req-dca74ee8-e94c-4149-952b-3e52e2004528 None None] Extended resource: tags {{(pid=107698) __init__ /opt/stack/neutron/neutron/api/extensions.py:156}}
Jun 18 00:58:09.663957 np0000181711 devstack@neutron-api.service[107701]: DEBUG neutron.api.extensions [None req-2ed20e37-00cd-48bd-b280-dc5da81ae154 None None] Extended resource: flavors {{(pid=107701) __init__ /opt/stack/neutron/neutron/api/extensions.py:156}}
Jun 18 00:58:09.664505 np0000181711 devstack@neutron-api.service[107701]: DEBUG neutron.api.extensions [None req-2ed20e37-00cd-48bd-b280-dc5da81ae154 None None] Extended resource: service_profiles {{(pid=107701) __init__ /opt/stack/neutron/neutron/api/extensions.py:156}}
Jun 18 00:58:09.664565 np0000181711 devstack@neutron-api.service[107698]: DEBUG neutron.api.extensions [None req-dca74ee8-e94c-4149-952b-3e52e2004528 None None] Extended resource: tags {{(pid=107698) __init__ /opt/stack/neutron/neutron/api/extensions.py:156}}
Jun 18 00:58:09.665028 np0000181711 devstack@neutron-api.service[107701]: DEBUG neutron.api.extensions [None req-2ed20e37-00cd-48bd-b280-dc5da81ae154 None None] Extended resource: next_providers {{(pid=107701) __init__ /opt/stack/neutron/neutron/api/extensions.py:156}}
Jun 18 00:58:09.665729 np0000181711 devstack@neutron-api.service[107701]: DEBUG neutron.api.extensions [None req-2ed20e37-00cd-48bd-b280-dc5da81ae154 None None] Extended resource: service_profiles {{(pid=107701) __init__ /opt/stack/neutron/neutron/api/extensions.py:156}}
Jun 18 00:58:09.666376 np0000181711 devstack@neutron-api.service[107701]: DEBUG neutron.api.extensions [None req-2ed20e37-00cd-48bd-b280-dc5da81ae154 None None] Extended resource: floatingip-pools {{(pid=107701) __init__ /opt/stack/neutron/neutron/api/extensions.py:156}}
Jun 18 00:58:09.666891 np0000181711 devstack@neutron-api.service[107701]: DEBUG neutron.api.extensions [None req-2ed20e37-00cd-48bd-b280-dc5da81ae154 None None] Extended resource: routers {{(pid=107701) __init__ /opt/stack/neutron/neutron/api/extensions.py:156}}
Jun 18 00:58:09.668020 np0000181711 devstack@neutron-api.service[107701]: DEBUG neutron.api.extensions [None req-2ed20e37-00cd-48bd-b280-dc5da81ae154 None None] Extended resource: floatingips {{(pid=107701) __init__ /opt/stack/neutron/neutron/api/extensions.py:156}}
Jun 18 00:58:09.668467 np0000181711 devstack@neutron-api.service[107698]: DEBUG neutron.api.extensions [None req-dca74ee8-e94c-4149-952b-3e52e2004528 None None] Extended resource: tags {{(pid=107698) __init__ /opt/stack/neutron/neutron/api/extensions.py:156}}
Jun 18 00:58:09.669282 np0000181711 devstack@neutron-api.service[107698]: DEBUG neutron.api.extensions [None req-dca74ee8-e94c-4149-952b-3e52e2004528 None None] Extended resource: tags {{(pid=107698) __init__ /opt/stack/neutron/neutron/api/extensions.py:156}}
Jun 18 00:58:09.669456 np0000181711 devstack@neutron-api.service[107701]: DEBUG neutron.api.extensions [None req-2ed20e37-00cd-48bd-b280-dc5da81ae154 None None] Extended resource: l3-routers {{(pid=107701) __init__ /opt/stack/neutron/neutron/api/extensions.py:156}}
Jun 18 00:58:09.670070 np0000181711 devstack@neutron-api.service[107701]: DEBUG neutron.api.extensions [None req-2ed20e37-00cd-48bd-b280-dc5da81ae154 None None] Extended resource: l3-agents {{(pid=107701) __init__ /opt/stack/neutron/neutron/api/extensions.py:156}}
Jun 18 00:58:09.670150 np0000181711 devstack@neutron-api.service[107698]: DEBUG neutron.api.extensions [None req-dca74ee8-e94c-4149-952b-3e52e2004528 None None] Extended resource: tags {{(pid=107698) __init__ /opt/stack/neutron/neutron/api/extensions.py:156}}
Jun 18 00:58:09.670889 np0000181711 devstack@neutron-api.service[107701]: DEBUG neutron.api.extensions [None req-2ed20e37-00cd-48bd-b280-dc5da81ae154 None None] Extended resource: network-ip-availabilities {{(pid=107701) __init__ /opt/stack/neutron/neutron/api/extensions.py:156}}
Jun 18 00:58:09.671405 np0000181711 devstack@neutron-api.service[107701]: DEBUG neutron.api.extensions [None req-2ed20e37-00cd-48bd-b280-dc5da81ae154 None None] Extended resource: network-ip-availabilities {{(pid=107701) __init__ /opt/stack/neutron/neutron/api/extensions.py:156}}
Jun 18 00:58:09.671727 np0000181711 devstack@neutron-api.service[107698]: DEBUG neutron.api.extensions [None req-dca74ee8-e94c-4149-952b-3e52e2004528 None None] Extended resource: tags {{(pid=107698) __init__ /opt/stack/neutron/neutron/api/extensions.py:156}}
Jun 18 00:58:09.672113 np0000181711 devstack@neutron-api.service[107701]: DEBUG neutron.api.extensions [None req-2ed20e37-00cd-48bd-b280-dc5da81ae154 None None] Extended resource: bindings {{(pid=107701) __init__ /opt/stack/neutron/neutron/api/extensions.py:156}}
Jun 18 00:58:09.672829 np0000181711 devstack@neutron-api.service[107701]: DEBUG neutron.api.extensions [None req-2ed20e37-00cd-48bd-b280-dc5da81ae154 None None] Extended resource: quotas {{(pid=107701) __init__ /opt/stack/neutron/neutron/api/extensions.py:156}}
Jun 18 00:58:09.673491 np0000181711 devstack@neutron-api.service[107701]: DEBUG neutron.api.extensions [None req-2ed20e37-00cd-48bd-b280-dc5da81ae154 None None] Extended resource: quotas {{(pid=107701) __init__ /opt/stack/neutron/neutron/api/extensions.py:156}}
Jun 18 00:58:09.675647 np0000181711 devstack@neutron-api.service[107701]: DEBUG neutron.api.extensions [None req-2ed20e37-00cd-48bd-b280-dc5da81ae154 None None] Extended resource: rbac-policies {{(pid=107701) __init__ /opt/stack/neutron/neutron/api/extensions.py:156}}
Jun 18 00:58:09.675647 np0000181711 devstack@neutron-api.service[107701]: DEBUG neutron.api.extensions [None req-2ed20e37-00cd-48bd-b280-dc5da81ae154 None None] Extended resource: default-security-group-rules {{(pid=107701) __init__ /opt/stack/neutron/neutron/api/extensions.py:156}}
Jun 18 00:58:09.676757 np0000181711 devstack@neutron-api.service[107701]: DEBUG neutron.api.extensions [None req-2ed20e37-00cd-48bd-b280-dc5da81ae154 None None] Extended resource: security-groups {{(pid=107701) __init__ /opt/stack/neutron/neutron/api/extensions.py:156}}
Jun 18 00:58:09.676757 np0000181711 devstack@neutron-api.service[107701]: DEBUG neutron.api.extensions [None req-2ed20e37-00cd-48bd-b280-dc5da81ae154 None None] Extended resource: security-group-rules {{(pid=107701) __init__ /opt/stack/neutron/neutron/api/extensions.py:156}}
Jun 18 00:58:09.677110 np0000181711 devstack@neutron-api.service[107701]: DEBUG neutron.api.extensions [None req-2ed20e37-00cd-48bd-b280-dc5da81ae154 None None] Extended resource: service-providers {{(pid=107701) __init__ /opt/stack/neutron/neutron/api/extensions.py:156}}
Jun 18 00:58:09.677541 np0000181711 devstack@neutron-api.service[107701]: DEBUG neutron.api.extensions [None req-2ed20e37-00cd-48bd-b280-dc5da81ae154 None None] Extended resource: subnetpools {{(pid=107701) __init__ /opt/stack/neutron/neutron/api/extensions.py:156}}
Jun 18 00:58:09.678230 np0000181711 devstack@neutron-api.service[107701]: DEBUG neutron.api.extensions [None req-2ed20e37-00cd-48bd-b280-dc5da81ae154 None None] Extended resource: subnetpools {{(pid=107701) __init__ /opt/stack/neutron/neutron/api/extensions.py:156}}
Jun 18 00:58:09.678750 np0000181711 devstack@neutron-api.service[107701]: DEBUG neutron.api.extensions [None req-2ed20e37-00cd-48bd-b280-dc5da81ae154 None None] Extended resource: tags {{(pid=107701) __init__ /opt/stack/neutron/neutron/api/extensions.py:156}}
Jun 18 00:58:09.680052 np0000181711 devstack@neutron-api.service[107701]: DEBUG neutron.api.extensions [None req-2ed20e37-00cd-48bd-b280-dc5da81ae154 None None] Extended resource: tags {{(pid=107701) __init__ /opt/stack/neutron/neutron/api/extensions.py:156}}
Jun 18 00:58:09.680898 np0000181711 devstack@neutron-api.service[107701]: DEBUG neutron.api.extensions [None req-2ed20e37-00cd-48bd-b280-dc5da81ae154 None None] Extended resource: tags {{(pid=107701) __init__ /opt/stack/neutron/neutron/api/extensions.py:156}}
Jun 18 00:58:09.682022 np0000181711 devstack@neutron-api.service[107701]: DEBUG neutron.api.extensions [None req-2ed20e37-00cd-48bd-b280-dc5da81ae154 None None] Extended resource: tags {{(pid=107701) __init__ /opt/stack/neutron/neutron/api/extensions.py:156}}
Jun 18 00:58:09.682712 np0000181711 devstack@neutron-api.service[107701]: DEBUG neutron.api.extensions [None req-2ed20e37-00cd-48bd-b280-dc5da81ae154 None None] Extended resource: tags {{(pid=107701) __init__ /opt/stack/neutron/neutron/api/extensions.py:156}}
Jun 18 00:58:09.684216 np0000181711 devstack@neutron-api.service[107701]: DEBUG neutron.api.extensions [None req-2ed20e37-00cd-48bd-b280-dc5da81ae154 None None] Extended resource: tags {{(pid=107701) __init__ /opt/stack/neutron/neutron/api/extensions.py:156}}
Jun 18 00:58:09.685204 np0000181711 devstack@neutron-api.service[107701]: DEBUG neutron.api.extensions [None req-2ed20e37-00cd-48bd-b280-dc5da81ae154 None None] Extended resource: tags {{(pid=107701) __init__ /opt/stack/neutron/neutron/api/extensions.py:156}}
Jun 18 00:58:09.686925 np0000181711 devstack@neutron-api.service[107701]: DEBUG neutron.api.extensions [None req-2ed20e37-00cd-48bd-b280-dc5da81ae154 None None] Extended resource: tags {{(pid=107701) __init__ /opt/stack/neutron/neutron/api/extensions.py:156}}
Jun 18 00:58:09.687595 np0000181711 devstack@neutron-api.service[107701]: DEBUG neutron.api.extensions [None req-2ed20e37-00cd-48bd-b280-dc5da81ae154 None None] Extended resource: tags {{(pid=107701) __init__ /opt/stack/neutron/neutron/api/extensions.py:156}}
Jun 18 00:58:09.688438 np0000181711 devstack@neutron-api.service[107701]: DEBUG neutron.api.extensions [None req-2ed20e37-00cd-48bd-b280-dc5da81ae154 None None] Extended resource: tags {{(pid=107701) __init__ /opt/stack/neutron/neutron/api/extensions.py:156}}
Jun 18 00:58:09.691240 np0000181711 devstack@neutron-api.service[107698]: DEBUG neutron_lib.callbacks.manager [None req-dca74ee8-e94c-4149-952b-3e52e2004528 None None] Publish callbacks ['neutron.plugins.ml2.drivers.ovn.mech_driver.mech_driver.OVNMechanismDriver.pre_fork_initialize-200697'] for process (None), before_spawn {{(pid=107698) _notify_loop /opt/stack/data/venv/lib/python3.12/site-packages/neutron_lib/callbacks/manager.py:184}}
Jun 18 00:58:09.691240 np0000181711 devstack@neutron-api.service[107698]: DEBUG oslo_concurrency.processutils [None req-dca74ee8-e94c-4149-952b-3e52e2004528 None None] Running cmd (subprocess): ovsdb-client transact ssl:199.204.45.78:6641 --timeout 180 -p /opt/stack/data/CA/int-ca/private/devstack-cert.key -c /opt/stack/data/CA/int-ca/devstack-cert.crt -C /opt/stack/data/CA/int-ca/ca-chain.pem ["OVN_Northbound", {"op": "wait", "timeout": 0, "table": "Port_Group", "where": [["name", "==", "neutron_pg_drop"]], "until": "==", "rows": []}, {"op": "insert", "table": "ACL", "row": {"action": "drop", "direction": "to-lport", "match": "outport == @neutron_pg_drop && ip", "priority": 1001}, "uuid-name": "droptoport"}, {"op": "insert", "table": "ACL", "row": {"action": "drop", "direction": "from-lport", "match": "inport == @neutron_pg_drop && ip", "priority": 1001}, "uuid-name": "dropfromport"}, {"op": "insert", "table": "Port_Group", "row": {"name": "neutron_pg_drop", "acls": ["set", [["named-uuid", "droptoport"], ["named-uuid", "dropfromport"]]]}}] {{(pid=107698) execute /opt/stack/data/venv/lib/python3.12/site-packages/oslo_concurrency/processutils.py:440}}
Jun 18 00:58:09.701577 np0000181711 devstack@neutron-api.service[107701]: DEBUG neutron_lib.callbacks.manager [None req-2ed20e37-00cd-48bd-b280-dc5da81ae154 None None] Publish callbacks ['neutron.plugins.ml2.drivers.ovn.mech_driver.mech_driver.OVNMechanismDriver.pre_fork_initialize-16585023'] for process (None), before_spawn {{(pid=107701) _notify_loop /opt/stack/data/venv/lib/python3.12/site-packages/neutron_lib/callbacks/manager.py:184}}
Jun 18 00:58:09.702068 np0000181711 devstack@neutron-api.service[107701]: DEBUG oslo_concurrency.processutils [None req-2ed20e37-00cd-48bd-b280-dc5da81ae154 None None] Running cmd (subprocess): ovsdb-client transact ssl:199.204.45.78:6641 --timeout 180 -p /opt/stack/data/CA/int-ca/private/devstack-cert.key -c /opt/stack/data/CA/int-ca/devstack-cert.crt -C /opt/stack/data/CA/int-ca/ca-chain.pem ["OVN_Northbound", {"op": "wait", "timeout": 0, "table": "Port_Group", "where": [["name", "==", "neutron_pg_drop"]], "until": "==", "rows": []}, {"op": "insert", "table": "ACL", "row": {"action": "drop", "direction": "to-lport", "match": "outport == @neutron_pg_drop && ip", "priority": 1001}, "uuid-name": "droptoport"}, {"op": "insert", "table": "ACL", "row": {"action": "drop", "direction": "from-lport", "match": "inport == @neutron_pg_drop && ip", "priority": 1001}, "uuid-name": "dropfromport"}, {"op": "insert", "table": "Port_Group", "row": {"name": "neutron_pg_drop", "acls": ["set", [["named-uuid", "droptoport"], ["named-uuid", "dropfromport"]]]}}] {{(pid=107701) execute /opt/stack/data/venv/lib/python3.12/site-packages/oslo_concurrency/processutils.py:440}}
Jun 18 00:58:09.718012 np0000181711 devstack@neutron-api.service[107699]: DEBUG ovsdbapp.backend.ovs_idl [None req-14006e6b-b435-42e7-9711-028802ecd5cd None None] Created lookup_table index Logical_Switch.name {{(pid=107699) autocreate_indices /opt/stack/data/venv/lib/python3.12/site-packages/ovsdbapp/backend/ovs_idl/__init__.py:87}}
Jun 18 00:58:09.718227 np0000181711 devstack@neutron-api.service[107699]: DEBUG ovsdbapp.backend.ovs_idl [None req-14006e6b-b435-42e7-9711-028802ecd5cd None None] Created lookup_table index Logical_Router.name {{(pid=107699) autocreate_indices /opt/stack/data/venv/lib/python3.12/site-packages/ovsdbapp/backend/ovs_idl/__init__.py:87}}
Jun 18 00:58:09.718555 np0000181711 devstack@neutron-api.service[107699]: DEBUG ovsdbapp.backend.ovs_idl [None req-14006e6b-b435-42e7-9711-028802ecd5cd None None] Created lookup_table index Load_Balancer.name {{(pid=107699) autocreate_indices /opt/stack/data/venv/lib/python3.12/site-packages/ovsdbapp/backend/ovs_idl/__init__.py:87}}
Jun 18 00:58:09.718772 np0000181711 devstack@neutron-api.service[107699]: DEBUG ovsdbapp.backend.ovs_idl [None req-14006e6b-b435-42e7-9711-028802ecd5cd None None] Created schema index Copp.name {{(pid=107699) autocreate_indices /opt/stack/data/venv/lib/python3.12/site-packages/ovsdbapp/backend/ovs_idl/__init__.py:106}}
Jun 18 00:58:09.718772 np0000181711 devstack@neutron-api.service[107699]: DEBUG ovsdbapp.backend.ovs_idl [None req-14006e6b-b435-42e7-9711-028802ecd5cd None None] Created schema index Meter.name {{(pid=107699) autocreate_indices /opt/stack/data/venv/lib/python3.12/site-packages/ovsdbapp/backend/ovs_idl/__init__.py:106}}
Jun 18 00:58:09.719523 np0000181711 devstack@neutron-api.service[107699]: DEBUG ovsdbapp.backend.ovs_idl [None req-14006e6b-b435-42e7-9711-028802ecd5cd None None] Created schema index Load_Balancer_Group.name {{(pid=107699) autocreate_indices /opt/stack/data/venv/lib/python3.12/site-packages/ovsdbapp/backend/ovs_idl/__init__.py:106}}
Jun 18 00:58:09.720827 np0000181711 devstack@neutron-api.service[107699]: DEBUG ovsdbapp.backend.ovs_idl [None req-14006e6b-b435-42e7-9711-028802ecd5cd None None] Created schema index HA_Chassis_Group.name {{(pid=107699) autocreate_indices /opt/stack/data/venv/lib/python3.12/site-packages/ovsdbapp/backend/ovs_idl/__init__.py:106}}
Jun 18 00:58:09.720827 np0000181711 devstack@neutron-api.service[107699]: DEBUG ovsdbapp.backend.ovs_idl [None req-14006e6b-b435-42e7-9711-028802ecd5cd None None] Created schema index Address_Set.name {{(pid=107699) autocreate_indices /opt/stack/data/venv/lib/python3.12/site-packages/ovsdbapp/backend/ovs_idl/__init__.py:106}}
Jun 18 00:58:09.720827 np0000181711 devstack@neutron-api.service[107699]: DEBUG ovsdbapp.backend.ovs_idl [None req-14006e6b-b435-42e7-9711-028802ecd5cd None None] Created schema index Connection.target {{(pid=107699) autocreate_indices /opt/stack/data/venv/lib/python3.12/site-packages/ovsdbapp/backend/ovs_idl/__init__.py:106}}
Jun 18 00:58:09.720827 np0000181711 devstack@neutron-api.service[107699]: DEBUG ovsdbapp.backend.ovs_idl [None req-14006e6b-b435-42e7-9711-028802ecd5cd None None] Created schema index Gateway_Chassis.name {{(pid=107699) autocreate_indices /opt/stack/data/venv/lib/python3.12/site-packages/ovsdbapp/backend/ovs_idl/__init__.py:106}}
Jun 18 00:58:09.720827 np0000181711 devstack@neutron-api.service[107699]: DEBUG ovsdbapp.backend.ovs_idl [None req-14006e6b-b435-42e7-9711-028802ecd5cd None None] Created schema index Mirror.name {{(pid=107699) autocreate_indices /opt/stack/data/venv/lib/python3.12/site-packages/ovsdbapp/backend/ovs_idl/__init__.py:106}}
Jun 18 00:58:09.721405 np0000181711 devstack@neutron-api.service[107699]: DEBUG ovsdbapp.backend.ovs_idl [None req-14006e6b-b435-42e7-9711-028802ecd5cd None None] Created schema index Chassis_Template_Var.chassis {{(pid=107699) autocreate_indices /opt/stack/data/venv/lib/python3.12/site-packages/ovsdbapp/backend/ovs_idl/__init__.py:106}}
Jun 18 00:58:09.721589 np0000181711 devstack@neutron-api.service[107699]: DEBUG ovsdbapp.backend.ovs_idl [None req-14006e6b-b435-42e7-9711-028802ecd5cd None None] Created schema index Logical_Router_Port.name {{(pid=107699) autocreate_indices /opt/stack/data/venv/lib/python3.12/site-packages/ovsdbapp/backend/ovs_idl/__init__.py:106}}
Jun 18 00:58:09.721927 np0000181711 devstack@neutron-api.service[107699]: DEBUG ovsdbapp.backend.ovs_idl [None req-14006e6b-b435-42e7-9711-028802ecd5cd None None] Created schema index Port_Group.name {{(pid=107699) autocreate_indices /opt/stack/data/venv/lib/python3.12/site-packages/ovsdbapp/backend/ovs_idl/__init__.py:106}}
Jun 18 00:58:09.721927 np0000181711 devstack@neutron-api.service[107699]: DEBUG ovsdbapp.backend.ovs_idl [None req-14006e6b-b435-42e7-9711-028802ecd5cd None None] Created schema index Logical_Switch_Port.name {{(pid=107699) autocreate_indices /opt/stack/data/venv/lib/python3.12/site-packages/ovsdbapp/backend/ovs_idl/__init__.py:106}}
Jun 18 00:58:09.725403 np0000181711 devstack@neutron-api.service[107699]: INFO ovsdbapp.backend.ovs_idl.vlog [None req-14006e6b-b435-42e7-9711-028802ecd5cd None None] ssl:199.204.45.78:6641: connecting...
Jun 18 00:58:09.732024 np0000181711 devstack@neutron-api.service[107699]: INFO ovsdbapp.backend.ovs_idl.vlog [None req-14006e6b-b435-42e7-9711-028802ecd5cd None None] ssl:199.204.45.78:6641: connected
Jun 18 00:58:09.747121 np0000181711 devstack@neutron-api.service[107698]: DEBUG oslo_concurrency.processutils [None req-dca74ee8-e94c-4149-952b-3e52e2004528 None None] CMD "ovsdb-client transact ssl:199.204.45.78:6641 --timeout 180 -p /opt/stack/data/CA/int-ca/private/devstack-cert.key -c /opt/stack/data/CA/int-ca/devstack-cert.crt -C /opt/stack/data/CA/int-ca/ca-chain.pem ["OVN_Northbound", {"op": "wait", "timeout": 0, "table": "Port_Group", "where": [["name", "==", "neutron_pg_drop"]], "until": "==", "rows": []}, {"op": "insert", "table": "ACL", "row": {"action": "drop", "direction": "to-lport", "match": "outport == @neutron_pg_drop && ip", "priority": 1001}, "uuid-name": "droptoport"}, {"op": "insert", "table": "ACL", "row": {"action": "drop", "direction": "from-lport", "match": "inport == @neutron_pg_drop && ip", "priority": 1001}, "uuid-name": "dropfromport"}, {"op": "insert", "table": "Port_Group", "row": {"name": "neutron_pg_drop", "acls": ["set", [["named-uuid", "droptoport"], ["named-uuid", "dropfromport"]]]}}]" returned: 0 in 0.056s {{(pid=107698) execute /opt/stack/data/venv/lib/python3.12/site-packages/oslo_concurrency/processutils.py:468}}
Jun 18 00:58:09.748057 np0000181711 devstack@neutron-api.service[107698]: DEBUG neutron_lib.callbacks.manager [None req-dca74ee8-e94c-4149-952b-3e52e2004528 None None] Publish callbacks ['neutron.plugins.ml2.drivers.ovn.mech_driver.mech_driver.OVNMechanismDriver.post_fork_initialize-200609', 'neutron.services.pvlan.drivers.ovn.driver._initialize_pvlan_pg_drop-8571018102164', 'neutron.services.ovn_l3.plugin.OVNL3RouterPlugin._post_fork_initialize-12816'] for process (None), after_init {{(pid=107698) _notify_loop /opt/stack/data/venv/lib/python3.12/site-packages/neutron_lib/callbacks/manager.py:184}}
Jun 18 00:58:09.748946 np0000181711 devstack@neutron-api.service[107701]: DEBUG oslo_concurrency.processutils [None req-2ed20e37-00cd-48bd-b280-dc5da81ae154 None None] CMD "ovsdb-client transact ssl:199.204.45.78:6641 --timeout 180 -p /opt/stack/data/CA/int-ca/private/devstack-cert.key -c /opt/stack/data/CA/int-ca/devstack-cert.crt -C /opt/stack/data/CA/int-ca/ca-chain.pem ["OVN_Northbound", {"op": "wait", "timeout": 0, "table": "Port_Group", "where": [["name", "==", "neutron_pg_drop"]], "until": "==", "rows": []}, {"op": "insert", "table": "ACL", "row": {"action": "drop", "direction": "to-lport", "match": "outport == @neutron_pg_drop && ip", "priority": 1001}, "uuid-name": "droptoport"}, {"op": "insert", "table": "ACL", "row": {"action": "drop", "direction": "from-lport", "match": "inport == @neutron_pg_drop && ip", "priority": 1001}, "uuid-name": "dropfromport"}, {"op": "insert", "table": "Port_Group", "row": {"name": "neutron_pg_drop", "acls": ["set", [["named-uuid", "droptoport"], ["named-uuid", "dropfromport"]]]}}]" returned: 0 in 0.047s {{(pid=107701) execute /opt/stack/data/venv/lib/python3.12/site-packages/oslo_concurrency/processutils.py:468}}
Jun 18 00:58:09.749156 np0000181711 devstack@neutron-api.service[107698]: DEBUG oslo_concurrency.lockutils [None req-dca74ee8-e94c-4149-952b-3e52e2004528 None None] Acquiring lock "singleton_lock" {{(pid=107698) lock /opt/stack/data/venv/lib/python3.12/site-packages/oslo_concurrency/lockutils.py:395}}
