Jun 18 00:58:09.231437 np0000181711 devstack@neutron-api.service[107699]: DEBUG neutron.api.extensions [None req-14006e6b-b435-42e7-9711-028802ecd5cd None None] Ext name="Floating IP port forwarding detail" alias="floating-ip-port-forwarding-detail" description="Allow list floating ip return more port forwarding data, include'id' and 'internal_port_id'" updated="2022-05-06T10:00:00-00:00" {{(pid=107699) _check_extension /opt/stack/neutron/neutron/api/extensions.py:415}}
Jun 18 00:58:09.231775 np0000181711 devstack@neutron-api.service[107699]: INFO neutron.api.extensions [None req-14006e6b-b435-42e7-9711-028802ecd5cd None None] Loaded extension: floating-ip-port-forwarding-detail
Jun 18 00:58:09.231775 np0000181711 devstack@neutron-api.service[107699]: DEBUG neutron.api.extensions [None req-14006e6b-b435-42e7-9711-028802ecd5cd None None] Loading extension file: fip_pf_port_range.py {{(pid=107699) _load_all_extensions_from_path /opt/stack/neutron/neutron/api/extensions.py:449}}
Jun 18 00:58:09.233087 np0000181711 devstack@neutron-api.service[107699]: DEBUG neutron.api.extensions [None req-14006e6b-b435-42e7-9711-028802ecd5cd None None] Ext name="Floating IP Port Forwarding support port ranges" alias="floating-ip-port-forwarding-port-ranges" description="Add support to port ranges" updated="2020-07-01T10:00:00-00:00" {{(pid=107699) _check_extension /opt/stack/neutron/neutron/api/extensions.py:415}}
Jun 18 00:58:09.233087 np0000181711 devstack@neutron-api.service[107699]: INFO neutron.api.extensions [None req-14006e6b-b435-42e7-9711-028802ecd5cd None None] Extension floating-ip-port-forwarding-port-ranges not supported by any of loaded plugins
Jun 18 00:58:09.233087 np0000181711 devstack@neutron-api.service[107699]: DEBUG neutron.api.extensions [None req-14006e6b-b435-42e7-9711-028802ecd5cd None None] Loading extension file: fip_port_details.py {{(pid=107699) _load_all_extensions_from_path /opt/stack/neutron/neutron/api/extensions.py:449}}
Jun 18 00:58:09.233087 np0000181711 devstack@neutron-api.service[107699]: DEBUG neutron.api.extensions [None req-14006e6b-b435-42e7-9711-028802ecd5cd None None] Ext name="Floating IP Port Details Extension" alias="fip-port-details" description="Add port_details attribute to Floating IP resource" updated="2018-04-09T10:00:00-00:00" {{(pid=107699) _check_extension /opt/stack/neutron/neutron/api/extensions.py:415}}
Jun 18 00:58:09.233599 np0000181711 devstack@neutron-api.service[107699]: INFO neutron.api.extensions [None req-14006e6b-b435-42e7-9711-028802ecd5cd None None] Loaded extension: fip-port-details
Jun 18 00:58:09.233599 np0000181711 devstack@neutron-api.service[107699]: DEBUG neutron.api.extensions [None req-14006e6b-b435-42e7-9711-028802ecd5cd None None] Loading extension file: flavors.py {{(pid=107699) _load_all_extensions_from_path /opt/stack/neutron/neutron/api/extensions.py:449}}
Jun 18 00:58:09.235503 np0000181711 devstack@neutron-api.service[107699]: DEBUG neutron.api.extensions [None req-14006e6b-b435-42e7-9711-028802ecd5cd None None] Ext name="Neutron Service Flavors" alias="flavors" description="Flavor specification for Neutron advanced services." updated="2015-09-17T10:00:00-00:00" {{(pid=107699) _check_extension /opt/stack/neutron/neutron/api/extensions.py:415}}
Jun 18 00:58:09.235503 np0000181711 devstack@neutron-api.service[107699]: INFO neutron.api.extensions [None req-14006e6b-b435-42e7-9711-028802ecd5cd None None] Loaded extension: flavors
Jun 18 00:58:09.235503 np0000181711 devstack@neutron-api.service[107699]: DEBUG neutron.api.extensions [None req-14006e6b-b435-42e7-9711-028802ecd5cd None None] Loading extension file: floating_ip_port_forwarding.py {{(pid=107699) _load_all_extensions_from_path /opt/stack/neutron/neutron/api/extensions.py:449}}
Jun 18 00:58:09.235503 np0000181711 devstack@neutron-api.service[107699]: DEBUG neutron.api.extensions [None req-14006e6b-b435-42e7-9711-028802ecd5cd None None] Ext name="Floating IP Port Forwarding" alias="floating-ip-port-forwarding" description="Allow port forwarding from floating IP port to an internal port" updated="2018-01-19T10:00:00-00:00" {{(pid=107699) _check_extension /opt/stack/neutron/neutron/api/extensions.py:415}}
Jun 18 00:58:09.235503 np0000181711 devstack@neutron-api.service[107699]: INFO neutron.api.extensions [None req-14006e6b-b435-42e7-9711-028802ecd5cd None None] Extension floating-ip-port-forwarding not supported by any of loaded plugins
Jun 18 00:58:09.235503 np0000181711 devstack@neutron-api.service[107699]: DEBUG neutron.api.extensions [None req-14006e6b-b435-42e7-9711-028802ecd5cd None None] Loading extension file: floatingip_pools.py {{(pid=107699) _load_all_extensions_from_path /opt/stack/neutron/neutron/api/extensions.py:449}}
Jun 18 00:58:09.235503 np0000181711 devstack@neutron-api.service[107699]: DEBUG neutron.api.extensions [None req-14006e6b-b435-42e7-9711-028802ecd5cd None None] Ext name="Floating IP Pools Extension" alias="floatingip-pools" description="Provides a floating IP pools API." updated="2018-03-21T10:00:00-00:00" {{(pid=107699) _check_extension /opt/stack/neutron/neutron/api/extensions.py:415}}
Jun 18 00:58:09.236111 np0000181711 devstack@neutron-api.service[107699]: INFO neutron.api.extensions [None req-14006e6b-b435-42e7-9711-028802ecd5cd None None] Loaded extension: floatingip-pools
Jun 18 00:58:09.236111 np0000181711 devstack@neutron-api.service[107699]: DEBUG neutron.api.extensions [None req-14006e6b-b435-42e7-9711-028802ecd5cd None None] Loading extension file: ip_allocation.py {{(pid=107699) _load_all_extensions_from_path /opt/stack/neutron/neutron/api/extensions.py:449}}
Jun 18 00:58:09.236514 np0000181711 devstack@neutron-api.service[107699]: DEBUG neutron.api.extensions [None req-14006e6b-b435-42e7-9711-028802ecd5cd None None] Ext name="IP Allocation" alias="ip_allocation" description="IP allocation extension." updated="2016-06-10T23:00:00-00:00" {{(pid=107699) _check_extension /opt/stack/neutron/neutron/api/extensions.py:415}}
Jun 18 00:58:09.236514 np0000181711 devstack@neutron-api.service[107699]: INFO neutron.api.extensions [None req-14006e6b-b435-42e7-9711-028802ecd5cd None None] Extension ip_allocation not supported by any of loaded plugins
Jun 18 00:58:09.236514 np0000181711 devstack@neutron-api.service[107699]: DEBUG neutron.api.extensions [None req-14006e6b-b435-42e7-9711-028802ecd5cd None None] Loading extension file: ip_substring_port_filtering.py {{(pid=107699) _load_all_extensions_from_path /opt/stack/neutron/neutron/api/extensions.py:449}}
Jun 18 00:58:09.237230 np0000181711 devstack@neutron-api.service[107699]: DEBUG neutron.api.extensions [None req-14006e6b-b435-42e7-9711-028802ecd5cd None None] Ext name="IP address substring filtering" alias="ip-substring-filtering" description="Provides IP address substring filtering when listing ports" updated="2017-11-28T09:00:00-00:00" {{(pid=107699) _check_extension /opt/stack/neutron/neutron/api/extensions.py:415}}
Jun 18 00:58:09.237230 np0000181711 devstack@neutron-api.service[107699]: INFO neutron.api.extensions [None req-14006e6b-b435-42e7-9711-028802ecd5cd None None] Extension ip-substring-filtering not supported by any of loaded plugins
Jun 18 00:58:09.237230 np0000181711 devstack@neutron-api.service[107699]: DEBUG neutron.api.extensions [None req-14006e6b-b435-42e7-9711-028802ecd5cd None None] Loading extension file: l2_adjacency.py {{(pid=107699) _load_all_extensions_from_path /opt/stack/neutron/neutron/api/extensions.py:449}}
Jun 18 00:58:09.237652 np0000181711 devstack@neutron-api.service[107699]: DEBUG neutron.api.extensions [None req-14006e6b-b435-42e7-9711-028802ecd5cd None None] Ext name="L2 Adjacency" alias="l2_adjacency" description="Display L2 Adjacency for Neutron Networks." updated="2016-04-12T16:00:00-00:00" {{(pid=107699) _check_extension /opt/stack/neutron/neutron/api/extensions.py:415}}
Jun 18 00:58:09.237652 np0000181711 devstack@neutron-api.service[107699]: INFO neutron.api.extensions [None req-14006e6b-b435-42e7-9711-028802ecd5cd None None] Extension l2_adjacency not supported by any of loaded plugins
Jun 18 00:58:09.237652 np0000181711 devstack@neutron-api.service[107699]: DEBUG neutron.api.extensions [None req-14006e6b-b435-42e7-9711-028802ecd5cd None None] Loading extension file: l3.py {{(pid=107699) _load_all_extensions_from_path /opt/stack/neutron/neutron/api/extensions.py:449}}
Jun 18 00:58:09.238039 np0000181711 devstack@neutron-api.service[107698]: DEBUG neutron_lib.callbacks.manager [None req-dca74ee8-e94c-4149-952b-3e52e2004528 None None] Subscribe: > router before_delete 55550000, False {{(pid=107698) subscribe /opt/stack/data/venv/lib/python3.12/site-packages/neutron_lib/callbacks/manager.py:52}}
Jun 18 00:58:09.238039 np0000181711 devstack@neutron-api.service[107698]: DEBUG neutron_lib.callbacks.manager [None req-dca74ee8-e94c-4149-952b-3e52e2004528 None None] Subscribe: port before_update 55550000, False {{(pid=107698) subscribe /opt/stack/data/venv/lib/python3.12/site-packages/neutron_lib/callbacks/manager.py:52}}
Jun 18 00:58:09.238294 np0000181711 devstack@neutron-api.service[107699]: DEBUG neutron.api.extensions [None req-14006e6b-b435-42e7-9711-028802ecd5cd None None] Ext name="Neutron L3 Router" alias="router" description="Router abstraction for basic L3 forwarding between L2 Neutron networks and access to external networks via a NAT gateway." updated="2012-07-20T10:00:00-00:00" {{(pid=107699) _check_extension /opt/stack/neutron/neutron/api/extensions.py:415}}
Jun 18 00:58:09.238471 np0000181711 devstack@neutron-api.service[107698]: DEBUG neutron_lib.callbacks.manager [None req-dca74ee8-e94c-4149-952b-3e52e2004528 None None] Subscribe: port after_update 55550000, False {{(pid=107698) subscribe /opt/stack/data/venv/lib/python3.12/site-packages/neutron_lib/callbacks/manager.py:52}}
Jun 18 00:58:09.238471 np0000181711 devstack@neutron-api.service[107698]: DEBUG neutron_lib.callbacks.manager [None req-dca74ee8-e94c-4149-952b-3e52e2004528 None None] Subscribe: > port precommit_delete 55550000, False {{(pid=107698) subscribe /opt/stack/data/venv/lib/python3.12/site-packages/neutron_lib/callbacks/manager.py:52}}
Jun 18 00:58:09.238715 np0000181711 devstack@neutron-api.service[107699]: INFO neutron.api.extensions [None req-14006e6b-b435-42e7-9711-028802ecd5cd None None] Loaded extension: router
Jun 18 00:58:09.238866 np0000181711 devstack@neutron-api.service[107698]: DEBUG neutron_lib.callbacks.manager [None req-dca74ee8-e94c-4149-952b-3e52e2004528 None None] Subscribe: port before_update 55550000, False {{(pid=107698) subscribe /opt/stack/data/venv/lib/python3.12/site-packages/neutron_lib/callbacks/manager.py:52}}
Jun 18 00:58:09.239012 np0000181711 devstack@neutron-api.service[107699]: DEBUG neutron.api.extensions [None req-14006e6b-b435-42e7-9711-028802ecd5cd None None] Loading extension file: l3_agent_scheduler_ha_chassis_priority.py {{(pid=107699) _load_all_extensions_from_path /opt/stack/neutron/neutron/api/extensions.py:449}}
Jun 18 00:58:09.239157 np0000181711 devstack@neutron-api.service[107698]: DEBUG neutron_lib.callbacks.manager [None req-dca74ee8-e94c-4149-952b-3e52e2004528 None None] Subscribe: port before_delete 55550000, False {{(pid=107698) subscribe /opt/stack/data/venv/lib/python3.12/site-packages/neutron_lib/callbacks/manager.py:52}}
Jun 18 00:58:09.239157 np0000181711 devstack@neutron-api.service[107698]: DEBUG neutron_lib.callbacks.manager [None req-dca74ee8-e94c-4149-952b-3e52e2004528 None None] Subscribe: > router precommit_create 55550000, False {{(pid=107698) subscribe /opt/stack/data/venv/lib/python3.12/site-packages/neutron_lib/callbacks/manager.py:52}}
Jun 18 00:58:09.239335 np0000181711 devstack@neutron-api.service[107699]: DEBUG neutron.api.extensions [None req-14006e6b-b435-42e7-9711-028802ecd5cd None None] Ext name="L3 Agent Scheduler HA Chassis Priority" alias="l3-agent-scheduler-ha-chassis-priority" description="Exposes the HA_Chassis priority in the L3 Agent Scheduler API responses and allows setting priority when scheduling a router to a chassis." updated="2026-03-31T00:00:00-00:00" {{(pid=107699) _check_extension /opt/stack/neutron/neutron/api/extensions.py:415}}
Jun 18 00:58:09.239502 np0000181711 devstack@neutron-api.service[107698]: DEBUG neutron_lib.callbacks.manager [None req-dca74ee8-e94c-4149-952b-3e52e2004528 None None] Subscribe: > router precommit_create 55550000, False {{(pid=107698) subscribe /opt/stack/data/venv/lib/python3.12/site-packages/neutron_lib/callbacks/manager.py:52}}
Jun 18 00:58:09.239502 np0000181711 devstack@neutron-api.service[107698]: DEBUG neutron_lib.callbacks.manager [None req-dca74ee8-e94c-4149-952b-3e52e2004528 None None] Subscribe: > router precommit_update 55550000, False {{(pid=107698) subscribe /opt/stack/data/venv/lib/python3.12/site-packages/neutron_lib/callbacks/manager.py:52}}
Jun 18 00:58:09.239502 np0000181711 devstack@neutron-api.service[107698]: DEBUG neutron_lib.callbacks.manager [None req-dca74ee8-e94c-4149-952b-3e52e2004528 None None] Subscribe: subnet after_update 55550000, False {{(pid=107698) subscribe /opt/stack/data/venv/lib/python3.12/site-packages/neutron_lib/callbacks/manager.py:52}}
Jun 18 00:58:09.239716 np0000181711 devstack@neutron-api.service[107699]: INFO neutron.api.extensions [None req-14006e6b-b435-42e7-9711-028802ecd5cd None None] Loaded extension: l3-agent-scheduler-ha-chassis-priority
Jun 18 00:58:09.239716 np0000181711 devstack@neutron-api.service[107699]: DEBUG neutron.api.extensions [None req-14006e6b-b435-42e7-9711-028802ecd5cd None None] Loading extension file: l3_conntrack_helper.py {{(pid=107699) _load_all_extensions_from_path /opt/stack/neutron/neutron/api/extensions.py:449}}
Jun 18 00:58:09.239883 np0000181711 devstack@neutron-api.service[107698]: DEBUG neutron.quota.resource_registry [None req-dca74ee8-e94c-4149-952b-3e52e2004528 None None] Tracking information for resource: router configured {{(pid=107698) set_tracked_resource /opt/stack/neutron/neutron/quota/resource_registry.py:203}}
Jun 18 00:58:09.239883 np0000181711 devstack@neutron-api.service[107698]: DEBUG neutron.quota.resource_registry [None req-dca74ee8-e94c-4149-952b-3e52e2004528 None None] Tracking information for resource: floatingip configured {{(pid=107698) set_tracked_resource /opt/stack/neutron/neutron/quota/resource_registry.py:203}}
Jun 18 00:58:09.239883 np0000181711 devstack@neutron-api.service[107698]: INFO neutron.services.ovn_l3.plugin [None req-dca74ee8-e94c-4149-952b-3e52e2004528 None None] Starting OVNL3RouterPlugin
Jun 18 00:58:09.239883 np0000181711 devstack@neutron-api.service[107698]: DEBUG neutron_lib.callbacks.manager [None req-dca74ee8-e94c-4149-952b-3e52e2004528 None None] Subscribe: > port_forwarding_plugin after_init 55550000, False {{(pid=107698) subscribe /opt/stack/data/venv/lib/python3.12/site-packages/neutron_lib/callbacks/manager.py:52}}
Jun 18 00:58:09.240079 np0000181711 devstack@neutron-api.service[107699]: DEBUG neutron.api.extensions [None req-14006e6b-b435-42e7-9711-028802ecd5cd None None] Ext name="L3 Conntrack helper" alias="l3-conntrack-helper" description="Allow adding CT target rules for conntrack helper" updated="2019-04-04T10:00:00-00:00" {{(pid=107699) _check_extension /opt/stack/neutron/neutron/api/extensions.py:415}}
Jun 18 00:58:09.240185 np0000181711 devstack@neutron-api.service[107698]: DEBUG neutron_lib.callbacks.manager [None req-dca74ee8-e94c-4149-952b-3e52e2004528 None None] Subscribe: > router before_create 55550100, False {{(pid=107698) subscribe /opt/stack/data/venv/lib/python3.12/site-packages/neutron_lib/callbacks/manager.py:52}}
Jun 18 00:58:09.240185 np0000181711 devstack@neutron-api.service[107698]: DEBUG neutron_lib.callbacks.manager [None req-dca74ee8-e94c-4149-952b-3e52e2004528 None None] Subscribe: > router precommit_delete 55550100, False {{(pid=107698) subscribe /opt/stack/data/venv/lib/python3.12/site-packages/neutron_lib/callbacks/manager.py:52}}
Jun 18 00:58:09.240263 np0000181711 devstack@neutron-api.service[107699]: INFO neutron.api.extensions [None req-14006e6b-b435-42e7-9711-028802ecd5cd None None] Extension l3-conntrack-helper not supported by any of loaded plugins
Jun 18 00:58:09.240364 np0000181711 devstack@neutron-api.service[107698]: DEBUG neutron_lib.callbacks.manager [None req-dca74ee8-e94c-4149-952b-3e52e2004528 None None] Subscribe: > router precommit_create 55550100, False {{(pid=107698) subscribe /opt/stack/data/venv/lib/python3.12/site-packages/neutron_lib/callbacks/manager.py:52}}
Jun 18 00:58:09.240441 np0000181711 devstack@neutron-api.service[107699]: DEBUG neutron.api.extensions [None req-14006e6b-b435-42e7-9711-028802ecd5cd None None] Loading extension file: l3_enable_default_route_bfd.py {{(pid=107699) _load_all_extensions_from_path /opt/stack/neutron/neutron/api/extensions.py:449}}
Jun 18 00:58:09.240479 np0000181711 devstack@neutron-api.service[107698]: DEBUG neutron_lib.callbacks.manager [None req-dca74ee8-e94c-4149-952b-3e52e2004528 None None] Subscribe: > router precommit_update 55550100, False {{(pid=107698) subscribe /opt/stack/data/venv/lib/python3.12/site-packages/neutron_lib/callbacks/manager.py:52}}
Jun 18 00:58:09.240563 np0000181711 devstack@neutron-api.service[107699]: DEBUG neutron.api.extensions [None req-14006e6b-b435-42e7-9711-028802ecd5cd None None] Ext name="Enable Default Route BFD" alias="enable-default-route-bfd" description="Enables configurable BFD behavior for default routes" updated="2023-02-27T00:00:00-00:00" {{(pid=107699) _check_extension /opt/stack/neutron/neutron/api/extensions.py:415}}
Jun 18 00:58:09.240563 np0000181711 devstack@neutron-api.service[107699]: INFO neutron.api.extensions [None req-14006e6b-b435-42e7-9711-028802ecd5cd None None] Loaded extension: enable-default-route-bfd
Jun 18 00:58:09.240563 np0000181711 devstack@neutron-api.service[107699]: DEBUG neutron.api.extensions [None req-14006e6b-b435-42e7-9711-028802ecd5cd None None] Loading extension file: l3_enable_default_route_ecmp.py {{(pid=107699) _load_all_extensions_from_path /opt/stack/neutron/neutron/api/extensions.py:449}}
Jun 18 00:58:09.240563 np0000181711 devstack@neutron-api.service[107699]: DEBUG neutron.api.extensions [None req-14006e6b-b435-42e7-9711-028802ecd5cd None None] Ext name="Enable Default Route ECMP" alias="enable-default-route-ecmp" description="Enables configurable ECMP behavior for default routes" updated="2023-02-27T00:00:00-00:00" {{(pid=107699) _check_extension /opt/stack/neutron/neutron/api/extensions.py:415}}
Jun 18 00:58:09.240856 np0000181711 devstack@neutron-api.service[107699]: INFO neutron.api.extensions [None req-14006e6b-b435-42e7-9711-028802ecd5cd None None] Loaded extension: enable-default-route-ecmp
Jun 18 00:58:09.240856 np0000181711 devstack@neutron-api.service[107699]: DEBUG neutron.api.extensions [None req-14006e6b-b435-42e7-9711-028802ecd5cd None None] Loading extension file: l3_ext_gw_mode.py {{(pid=107699) _load_all_extensions_from_path /opt/stack/neutron/neutron/api/extensions.py:449}}
Jun 18 00:58:09.241054 np0000181711 devstack@neutron-api.service[107699]: DEBUG neutron.api.extensions [None req-14006e6b-b435-42e7-9711-028802ecd5cd None None] Ext name="Neutron L3 Configurable external gateway mode" alias="ext-gw-mode" description="Extension of the router abstraction for specifying whether SNAT should occur on the external gateway" updated="2013-03-28T10:00:00-00:00" {{(pid=107699) _check_extension /opt/stack/neutron/neutron/api/extensions.py:415}}
Jun 18 00:58:09.241258 np0000181711 devstack@neutron-api.service[107699]: INFO neutron.api.extensions [None req-14006e6b-b435-42e7-9711-028802ecd5cd None None] Loaded extension: ext-gw-mode
Jun 18 00:58:09.241402 np0000181711 devstack@neutron-api.service[107699]: DEBUG neutron.api.extensions [None req-14006e6b-b435-42e7-9711-028802ecd5cd None None] Loading extension file: l3_ext_ha_mode.py {{(pid=107699) _load_all_extensions_from_path /opt/stack/neutron/neutron/api/extensions.py:449}}
Jun 18 00:58:09.241528 np0000181711 devstack@neutron-api.service[107699]: DEBUG neutron.api.extensions [None req-14006e6b-b435-42e7-9711-028802ecd5cd None None] Ext name="HA Router extension" alias="l3-ha" description="Adds HA capability to routers." updated="2014-04-26T00:00:00-00:00" {{(pid=107699) _check_extension /opt/stack/neutron/neutron/api/extensions.py:415}}
Jun 18 00:58:09.241684 np0000181711 devstack@neutron-api.service[107699]: INFO neutron.api.extensions [None req-14006e6b-b435-42e7-9711-028802ecd5cd None None] Loaded extension: l3-ha
Jun 18 00:58:09.241768 np0000181711 devstack@neutron-api.service[107699]: DEBUG neutron.api.extensions [None req-14006e6b-b435-42e7-9711-028802ecd5cd None None] Loading extension file: l3_ext_ndp_proxy.py {{(pid=107699) _load_all_extensions_from_path /opt/stack/neutron/neutron/api/extensions.py:449}}
Jun 18 00:58:09.242042 np0000181711 devstack@neutron-api.service[107699]: DEBUG neutron.api.extensions [None req-14006e6b-b435-42e7-9711-028802ecd5cd None None] Ext name="Router support to enable NDP proxy" alias="l3-ext-ndp-proxy" description="Router extension to enable ndp proxy" updated="2020-08-25T00:00:00-00:00" {{(pid=107699) _check_extension /opt/stack/neutron/neutron/api/extensions.py:415}}
Jun 18 00:58:09.242184 np0000181711 devstack@neutron-api.service[107699]: INFO neutron.api.extensions [None req-14006e6b-b435-42e7-9711-028802ecd5cd None None] Extension l3-ext-ndp-proxy not supported by any of loaded plugins
Jun 18 00:58:09.242267 np0000181711 devstack@neutron-api.service[107699]: DEBUG neutron.api.extensions [None req-14006e6b-b435-42e7-9711-028802ecd5cd None None] Loading extension file: l3_extra_gws.py {{(pid=107699) _load_all_extensions_from_path /opt/stack/neutron/neutron/api/extensions.py:449}}
Jun 18 00:58:09.242521 np0000181711 devstack@neutron-api.service[107699]: DEBUG neutron.api.extensions [None req-14006e6b-b435-42e7-9711-028802ecd5cd None None] Ext name="Neutron L3 External Gateway Multihoming" alias="external-gateway-multihoming" description="Allow multiple external gateway ports per router" updated="2023-01-18T00:00:00-00:00" {{(pid=107699) _check_extension /opt/stack/neutron/neutron/api/extensions.py:415}}
Jun 18 00:58:09.242707 np0000181711 devstack@neutron-api.service[107699]: INFO neutron.api.extensions [None req-14006e6b-b435-42e7-9711-028802ecd5cd None None] Loaded extension: external-gateway-multihoming
Jun 18 00:58:09.242748 np0000181711 devstack@neutron-api.service[107699]: DEBUG neutron.api.extensions [None req-14006e6b-b435-42e7-9711-028802ecd5cd None None] Loading extension file: l3_flavors.py {{(pid=107699) _load_all_extensions_from_path /opt/stack/neutron/neutron/api/extensions.py:449}}
Jun 18 00:58:09.243043 np0000181711 devstack@neutron-api.service[107699]: DEBUG neutron.api.extensions [None req-14006e6b-b435-42e7-9711-028802ecd5cd None None] Ext name="Router Flavor Extension" alias="l3-flavors" description="Flavor support for routers." updated="2016-05-17T00:00:00-00:00" {{(pid=107699) _check_extension /opt/stack/neutron/neutron/api/extensions.py:415}}
Jun 18 00:58:09.243201 np0000181711 devstack@neutron-api.service[107699]: INFO neutron.api.extensions [None req-14006e6b-b435-42e7-9711-028802ecd5cd None None] Loaded extension: l3-flavors
Jun 18 00:58:09.243243 np0000181711 devstack@neutron-api.service[107699]: DEBUG neutron.api.extensions [None req-14006e6b-b435-42e7-9711-028802ecd5cd None None] Loading extension file: l3_ndp_proxy.py {{(pid=107699) _load_all_extensions_from_path /opt/stack/neutron/neutron/api/extensions.py:449}}
Jun 18 00:58:09.243521 np0000181711 devstack@neutron-api.service[107698]: DEBUG neutron.services.provider_configuration [None req-dca74ee8-e94c-4149-952b-3e52e2004528 None None] Service providers = [] {{(pid=107698) parse_service_provider_opt /opt/stack/neutron/neutron/services/provider_configuration.py:170}}
Jun 18 00:58:09.243559 np0000181711 devstack@neutron-api.service[107699]: DEBUG neutron.api.extensions [None req-14006e6b-b435-42e7-9711-028802ecd5cd None None] Ext name="name" alias="l3-ndp-proxy" description="description" updated="2021-06-29T10:00:00-00:00" {{(pid=107699) _check_extension /opt/stack/neutron/neutron/api/extensions.py:415}}
Jun 18 00:58:09.243684 np0000181711 devstack@neutron-api.service[107698]: DEBUG neutron.db.servicetype_db [None req-dca74ee8-e94c-4149-952b-3e52e2004528 None None] Adding provider configuration for service L3_ROUTER_NAT {{(pid=107698) add_provider_configuration /opt/stack/neutron/neutron/db/servicetype_db.py:45}}
Jun 18 00:58:09.243726 np0000181711 devstack@neutron-api.service[107699]: INFO neutron.api.extensions [None req-14006e6b-b435-42e7-9711-028802ecd5cd None None] Extension l3-ndp-proxy not supported by any of loaded plugins
Jun 18 00:58:09.243840 np0000181711 devstack@neutron-api.service[107699]: DEBUG neutron.api.extensions [None req-14006e6b-b435-42e7-9711-028802ecd5cd None None] Loading extension file: l3_port_ip_change_not_allowed.py {{(pid=107699) _load_all_extensions_from_path /opt/stack/neutron/neutron/api/extensions.py:449}}
Jun 18 00:58:09.244012 np0000181711 devstack@neutron-api.service[107699]: DEBUG neutron.api.extensions [None req-14006e6b-b435-42e7-9711-028802ecd5cd None None] Ext name="Prevent L3 router ports IP address change extension" alias="l3-port-ip-change-not-allowed" description="Prevent change of IP address for some L3 router ports" updated="2018-10-09T10:00:00-00:00" {{(pid=107699) _check_extension /opt/stack/neutron/neutron/api/extensions.py:415}}
Jun 18 00:58:09.245117 np0000181711 devstack@neutron-api.service[107698]: DEBUG neutron_lib.callbacks.manager [None req-dca74ee8-e94c-4149-952b-3e52e2004528 None None] Subscribe: > router precommit_create 55549900, False {{(pid=107698) subscribe /opt/stack/data/venv/lib/python3.12/site-packages/neutron_lib/callbacks/manager.py:52}}
Jun 18 00:58:09.245225 np0000181711 devstack@neutron-api.service[107698]: DEBUG neutron_lib.callbacks.manager [None req-dca74ee8-e94c-4149-952b-3e52e2004528 None None] Subscribe: > router_interface after_create 55550000, False {{(pid=107698) subscribe /opt/stack/data/venv/lib/python3.12/site-packages/neutron_lib/callbacks/manager.py:52}}
Jun 18 00:58:09.245359 np0000181711 devstack@neutron-api.service[107698]: DEBUG neutron_lib.callbacks.manager [None req-dca74ee8-e94c-4149-952b-3e52e2004528 None None] Subscribe: > floatingip after_create 55550000, False {{(pid=107698) subscribe /opt/stack/data/venv/lib/python3.12/site-packages/neutron_lib/callbacks/manager.py:52}}
Jun 18 00:58:09.245449 np0000181711 devstack@neutron-api.service[107698]: DEBUG neutron_lib.callbacks.manager [None req-dca74ee8-e94c-4149-952b-3e52e2004528 None None] Subscribe: > floatingip precommit_create 55550000, False {{(pid=107698) subscribe /opt/stack/data/venv/lib/python3.12/site-packages/neutron_lib/callbacks/manager.py:52}}
Jun 18 00:58:09.245533 np0000181711 devstack@neutron-api.service[107698]: DEBUG neutron_lib.callbacks.manager [None req-dca74ee8-e94c-4149-952b-3e52e2004528 None None] Subscribe: > floatingip precommit_update 55550000, False {{(pid=107698) subscribe /opt/stack/data/venv/lib/python3.12/site-packages/neutron_lib/callbacks/manager.py:52}}
Jun 18 00:58:09.245623 np0000181711 devstack@neutron-api.service[107698]: DEBUG neutron_lib.callbacks.manager [None req-dca74ee8-e94c-4149-952b-3e52e2004528 None None] Subscribe: > floatingip after_delete 55550000, False {{(pid=107698) subscribe /opt/stack/data/venv/lib/python3.12/site-packages/neutron_lib/callbacks/manager.py:52}}
Jun 18 00:58:09.245753 np0000181711 devstack@neutron-api.service[107698]: DEBUG neutron_lib.callbacks.manager [None req-dca74ee8-e94c-4149-952b-3e52e2004528 None None] Subscribe: > floatingip after_status_update 55550000, False {{(pid=107698) subscribe /opt/stack/data/venv/lib/python3.12/site-packages/neutron_lib/callbacks/manager.py:52}}
Jun 18 00:58:09.245862 np0000181711 devstack@neutron-api.service[107698]: DEBUG neutron_lib.callbacks.manager [None req-dca74ee8-e94c-4149-952b-3e52e2004528 None None] Subscribe: > floatingip after_update 55550000, False {{(pid=107698) subscribe /opt/stack/data/venv/lib/python3.12/site-packages/neutron_lib/callbacks/manager.py:52}}
Jun 18 00:58:09.246090 np0000181711 devstack@neutron-api.service[107698]: DEBUG neutron_lib.callbacks.manager [None req-dca74ee8-e94c-4149-952b-3e52e2004528 None None] Subscribe: > port_forwarding after_create 55550000, False {{(pid=107698) subscribe /opt/stack/data/venv/lib/python3.12/site-packages/neutron_lib/callbacks/manager.py:52}}
Jun 18 00:58:09.246090 np0000181711 devstack@neutron-api.service[107698]: DEBUG neutron_lib.callbacks.manager [None req-dca74ee8-e94c-4149-952b-3e52e2004528 None None] Subscribe: > router_interface after_delete 55550000, False {{(pid=107698) subscribe /opt/stack/data/venv/lib/python3.12/site-packages/neutron_lib/callbacks/manager.py:52}}
Jun 18 00:58:09.246399 np0000181711 devstack@neutron-api.service[107698]: DEBUG neutron_lib.callbacks.manager [None req-dca74ee8-e94c-4149-952b-3e52e2004528 None None] Subscribe: > router after_create 55550000, False {{(pid=107698) subscribe /opt/stack/data/venv/lib/python3.12/site-packages/neutron_lib/callbacks/manager.py:52}}
Jun 18 00:58:09.246399 np0000181711 devstack@neutron-api.service[107698]: DEBUG neutron_lib.callbacks.manager [None req-dca74ee8-e94c-4149-952b-3e52e2004528 None None] Subscribe: > router precommit_create 55550000, False {{(pid=107698) subscribe /opt/stack/data/venv/lib/python3.12/site-packages/neutron_lib/callbacks/manager.py:52}}
Jun 18 00:58:09.246399 np0000181711 devstack@neutron-api.service[107698]: DEBUG neutron_lib.callbacks.manager [None req-dca74ee8-e94c-4149-952b-3e52e2004528 None None] Subscribe: > router after_delete 55550000, False {{(pid=107698) subscribe /opt/stack/data/venv/lib/python3.12/site-packages/neutron_lib/callbacks/manager.py:52}}
Jun 18 00:58:09.246715 np0000181711 devstack@neutron-api.service[107698]: DEBUG neutron_lib.callbacks.manager [None req-dca74ee8-e94c-4149-952b-3e52e2004528 None None] Subscribe: > router after_update 55550000, False {{(pid=107698) subscribe /opt/stack/data/venv/lib/python3.12/site-packages/neutron_lib/callbacks/manager.py:52}}
Jun 18 00:58:09.246715 np0000181711 devstack@neutron-api.service[107698]: DEBUG neutron.services.service_base [None req-dca74ee8-e94c-4149-952b-3e52e2004528 None None] Loaded 'neutron.services.ovn_l3.service_providers.ovn.OvnDriver' provider for service L3_ROUTER_NAT {{(pid=107698) load_drivers /opt/stack/neutron/neutron/services/service_base.py:49}}
Jun 18 00:58:09.246715 np0000181711 devstack@neutron-api.service[107698]: DEBUG neutron_lib.callbacks.manager [None req-dca74ee8-e94c-4149-952b-3e52e2004528 None None] Subscribe: > process after_init 55550001, True {{(pid=107698) subscribe /opt/stack/data/venv/lib/python3.12/site-packages/neutron_lib/callbacks/manager.py:52}}
Jun 18 00:58:09.247026 np0000181711 devstack@neutron-api.service[107698]: DEBUG neutron.manager [None req-dca74ee8-e94c-4149-952b-3e52e2004528 None None] Successfully loaded L3_ROUTER_NAT plugin. Description: L3 Router Service Plugin for basic L3 forwarding using OVN {{(pid=107698) _create_and_add_service_plugin /opt/stack/neutron/neutron/manager.py:239}}
Jun 18 00:58:09.247026 np0000181711 devstack@neutron-api.service[107698]: INFO neutron.manager [None req-dca74ee8-e94c-4149-952b-3e52e2004528 None None] Loading Plugin: auto_allocate
Jun 18 00:58:09.247935 np0000181711 devstack@neutron-api.service[107698]: DEBUG neutron_lib.callbacks.manager [None req-dca74ee8-e94c-4149-952b-3e52e2004528 None None] Subscribe: network precommit_update 55550000, False {{(pid=107698) subscribe /opt/stack/data/venv/lib/python3.12/site-packages/neutron_lib/callbacks/manager.py:52}}
Jun 18 00:58:09.248042 np0000181711 devstack@neutron-api.service[107698]: DEBUG neutron_lib.callbacks.manager [None req-dca74ee8-e94c-4149-952b-3e52e2004528 None None] Subscribe: network precommit_create 55550000, False {{(pid=107698) subscribe /opt/stack/data/venv/lib/python3.12/site-packages/neutron_lib/callbacks/manager.py:52}}
Jun 18 00:58:09.248265 np0000181711 devstack@neutron-api.service[107698]: DEBUG neutron.manager [None req-dca74ee8-e94c-4149-952b-3e52e2004528 None None] Successfully loaded auto-allocated-topology plugin. Description: Auto Allocated Topology - aka get me a network. {{(pid=107698) _create_and_add_service_plugin /opt/stack/neutron/neutron/manager.py:239}}
Jun 18 00:58:09.248351 np0000181711 devstack@neutron-api.service[107698]: INFO neutron.manager [None req-dca74ee8-e94c-4149-952b-3e52e2004528 None None] Loading Plugin: tag
Jun 18 00:58:09.251399 np0000181711 devstack@neutron-api.service[107698]: DEBUG neutron.manager [None req-dca74ee8-e94c-4149-952b-3e52e2004528 None None] Successfully loaded TAG plugin. Description: Tag support {{(pid=107698) _create_and_add_service_plugin /opt/stack/neutron/neutron/manager.py:239}}
Jun 18 00:58:09.251399 np0000181711 devstack@neutron-api.service[107698]: INFO neutron.manager [None req-dca74ee8-e94c-4149-952b-3e52e2004528 None None] Loading Plugin: timestamp
Jun 18 00:58:09.252550 np0000181711 devstack@neutron-api.service[107698]: DEBUG neutron.manager [None req-dca74ee8-e94c-4149-952b-3e52e2004528 None None] Successfully loaded timestamp plugin. Description: Adds timestamps to Neutron resources with standard attributes {{(pid=107698) _create_and_add_service_plugin /opt/stack/neutron/neutron/manager.py:239}}
Jun 18 00:58:09.252708 np0000181711 devstack@neutron-api.service[107698]: INFO neutron.manager [None req-dca74ee8-e94c-4149-952b-3e52e2004528 None None] Loading Plugin: network_ip_availability
Jun 18 00:58:09.254370 np0000181711 devstack@neutron-api.service[107698]: DEBUG neutron.manager [None req-dca74ee8-e94c-4149-952b-3e52e2004528 None None] Successfully loaded network-ip-availability plugin. Description: Provides IP availability data for each network and subnet. {{(pid=107698) _create_and_add_service_plugin /opt/stack/neutron/neutron/manager.py:239}}
Jun 18 00:58:09.254458 np0000181711 devstack@neutron-api.service[107698]: INFO neutron.manager [None req-dca74ee8-e94c-4149-952b-3e52e2004528 None None] Loading Plugin: flavors
Jun 18 00:58:09.255353 np0000181711 devstack@neutron-api.service[107698]: DEBUG neutron.manager [None req-dca74ee8-e94c-4149-952b-3e52e2004528 None None] Successfully loaded FLAVORS plugin. Description: Neutron Flavors and Service Profiles manager plugin {{(pid=107698) _create_and_add_service_plugin /opt/stack/neutron/neutron/manager.py:239}}
Jun 18 00:58:09.255445 np0000181711 devstack@neutron-api.service[107698]: INFO neutron.manager [None req-dca74ee8-e94c-4149-952b-3e52e2004528 None None] Loading Plugin: revisions
Jun 18 00:58:09.255728 np0000181711 devstack@neutron-api.service[107701]: INFO neutron.plugins.ml2.drivers.type_vlan [None req-2ed20e37-00cd-48bd-b280-dc5da81ae154 None None] VlanTypeDriver initialization complete
Jun 18 00:58:09.256040 np0000181711 devstack@neutron-api.service[107701]: INFO neutron.plugins.ml2.managers [None req-2ed20e37-00cd-48bd-b280-dc5da81ae154 None None] Initializing extension driver 'port_security'
Jun 18 00:58:09.256094 np0000181711 devstack@neutron-api.service[107701]: INFO neutron.plugins.ml2.extensions.port_security [None req-2ed20e37-00cd-48bd-b280-dc5da81ae154 None None] PortSecurityExtensionDriver initialization complete
Jun 18 00:58:09.256210 np0000181711 devstack@neutron-api.service[107701]: INFO neutron.plugins.ml2.managers [None req-2ed20e37-00cd-48bd-b280-dc5da81ae154 None None] Initializing extension driver 'qos'
Jun 18 00:58:09.256347 np0000181711 devstack@neutron-api.service[107701]: DEBUG neutron.plugins.ml2.extensions.qos [None req-2ed20e37-00cd-48bd-b280-dc5da81ae154 None None] QosExtensionDriver initialization complete {{(pid=107701) initialize /opt/stack/neutron/neutron/plugins/ml2/extensions/qos.py:31}}
Jun 18 00:58:09.256431 np0000181711 devstack@neutron-api.service[107698]: DEBUG neutron.manager [None req-dca74ee8-e94c-4149-952b-3e52e2004528 None None] Successfully loaded revision_plugin plugin. Description: Adds revision numbers to resources. {{(pid=107698) _create_and_add_service_plugin /opt/stack/neutron/neutron/manager.py:239}}
Jun 18 00:58:09.256483 np0000181711 devstack@neutron-api.service[107701]: INFO neutron.plugins.ml2.managers [None req-2ed20e37-00cd-48bd-b280-dc5da81ae154 None None] Initializing mechanism driver 'ovn'
Jun 18 00:58:09.256573 np0000181711 devstack@neutron-api.service[107698]: DEBUG oslo_concurrency.lockutils [None req-dca74ee8-e94c-4149-952b-3e52e2004528 None None] Lock "manager" "released" by "neutron.manager.NeutronManager._create_instance" :: held 4.825s {{(pid=107698) inner /opt/stack/data/venv/lib/python3.12/site-packages/oslo_concurrency/lockutils.py:543}}
Jun 18 00:58:09.256639 np0000181711 devstack@neutron-api.service[107701]: INFO neutron.plugins.ml2.drivers.ovn.mech_driver.mech_driver [None req-2ed20e37-00cd-48bd-b280-dc5da81ae154 None None] Starting OVNMechanismDriver
Jun 18 00:58:09.256817 np0000181711 devstack@neutron-api.service[107698]: DEBUG neutron.api.extensions [None req-dca74ee8-e94c-4149-952b-3e52e2004528 None None] get_extension_paths = OrderedDict({'/opt/stack/neutron/neutron/extensions': 1}) {{(pid=107698) get_extensions_path /opt/stack/neutron/neutron/api/extensions.py:640}}
Jun 18 00:58:09.256917 np0000181711 devstack@neutron-api.service[107698]: INFO neutron.api.extensions [None req-dca74ee8-e94c-4149-952b-3e52e2004528 None None] Initializing extension manager.
Jun 18 00:58:09.257183 np0000181711 devstack@neutron-api.service[107698]: DEBUG neutron.api.extensions [None req-dca74ee8-e94c-4149-952b-3e52e2004528 None None] Loading extension file: __init__.py {{(pid=107698) _load_all_extensions_from_path /opt/stack/neutron/neutron/api/extensions.py:449}}
Jun 18 00:58:09.257272 np0000181711 devstack@neutron-api.service[107698]: DEBUG neutron.api.extensions [None req-dca74ee8-e94c-4149-952b-3e52e2004528 None None] Loading extension file: __pycache__ {{(pid=107698) _load_all_extensions_from_path /opt/stack/neutron/neutron/api/extensions.py:449}}
Jun 18 00:58:09.257387 np0000181711 devstack@neutron-api.service[107698]: DEBUG neutron.api.extensions [None req-dca74ee8-e94c-4149-952b-3e52e2004528 None None] Loading extension file: aap_reject_multicast.py {{(pid=107698) _load_all_extensions_from_path /opt/stack/neutron/neutron/api/extensions.py:449}}
Jun 18 00:58:09.257666 np0000181711 devstack@neutron-api.service[107698]: DEBUG neutron.api.extensions [None req-dca74ee8-e94c-4149-952b-3e52e2004528 None None] Ext name="Allowed address pairs reject multicast extension" alias="aap-reject-multicast" description="Reject multicast addresses in Allowed Address Pairs" updated="2026-04-01T00:00:00-00:00" {{(pid=107698) _check_extension /opt/stack/neutron/neutron/api/extensions.py:415}}
Jun 18 00:58:09.257967 np0000181711 devstack@neutron-api.service[107698]: INFO neutron.api.extensions [None req-dca74ee8-e94c-4149-952b-3e52e2004528 None None] Extension aap-reject-multicast not supported by any of loaded plugins
Jun 18 00:58:09.258045 np0000181711 devstack@neutron-api.service[107698]: DEBUG neutron.api.extensions [None req-dca74ee8-e94c-4149-952b-3e52e2004528 None None] Loading extension file: address_group.py {{(pid=107698) _load_all_extensions_from_path /opt/stack/neutron/neutron/api/extensions.py:449}}
Jun 18 00:58:09.258376 np0000181711 devstack@neutron-api.service[107698]: DEBUG neutron.api.extensions [None req-dca74ee8-e94c-4149-952b-3e52e2004528 None None] Ext name="Address group" alias="address-group" description="Support address group" updated="2020-07-15T10:00:00-00:00" {{(pid=107698) _check_extension /opt/stack/neutron/neutron/api/extensions.py:415}}
Jun 18 00:58:09.258508 np0000181711 devstack@neutron-api.service[107701]: DEBUG neutron_lib.callbacks.manager [None req-2ed20e37-00cd-48bd-b280-dc5da81ae154 None None] Subscribe: > process before_spawn 55550000, False {{(pid=107701) subscribe /opt/stack/data/venv/lib/python3.12/site-packages/neutron_lib/callbacks/manager.py:52}}
Jun 18 00:58:09.258574 np0000181711 devstack@neutron-api.service[107698]: INFO neutron.api.extensions [None req-dca74ee8-e94c-4149-952b-3e52e2004528 None None] Loaded extension: address-group
Jun 18 00:58:09.258670 np0000181711 devstack@neutron-api.service[107698]: DEBUG neutron.api.extensions [None req-dca74ee8-e94c-4149-952b-3e52e2004528 None None] Loading extension file: address_scope.py {{(pid=107698) _load_all_extensions_from_path /opt/stack/neutron/neutron/api/extensions.py:449}}
Jun 18 00:58:09.258738 np0000181711 devstack@neutron-api.service[107701]: DEBUG neutron_lib.callbacks.manager [None req-2ed20e37-00cd-48bd-b280-dc5da81ae154 None None] Subscribe: > process after_init 55550000, True {{(pid=107701) subscribe /opt/stack/data/venv/lib/python3.12/site-packages/neutron_lib/callbacks/manager.py:52}}
Jun 18 00:58:09.258916 np0000181711 devstack@neutron-api.service[107701]: DEBUG neutron_lib.callbacks.manager [None req-2ed20e37-00cd-48bd-b280-dc5da81ae154 None None] Subscribe: > segment after_create 55550000, False {{(pid=107701) subscribe /opt/stack/data/venv/lib/python3.12/site-packages/neutron_lib/callbacks/manager.py:52}}
Jun 18 00:58:09.258981 np0000181711 devstack@neutron-api.service[107698]: DEBUG neutron.api.extensions [None req-dca74ee8-e94c-4149-952b-3e52e2004528 None None] Ext name="Address scope" alias="address-scope" description="Address scopes extension." updated="2015-07-26T10:00:00-00:00" {{(pid=107698) _check_extension /opt/stack/neutron/neutron/api/extensions.py:415}}
Jun 18 00:58:09.259138 np0000181711 devstack@neutron-api.service[107701]: DEBUG neutron_lib.callbacks.manager [None req-2ed20e37-00cd-48bd-b280-dc5da81ae154 None None] Subscribe: > segment after_create 55550000, False {{(pid=107701) subscribe /opt/stack/data/venv/lib/python3.12/site-packages/neutron_lib/callbacks/manager.py:52}}
Jun 18 00:58:09.259200 np0000181711 devstack@neutron-api.service[107698]: INFO neutron.api.extensions [None req-dca74ee8-e94c-4149-952b-3e52e2004528 None None] Loaded extension: address-scope
Jun 18 00:58:09.259239 np0000181711 devstack@neutron-api.service[107701]: DEBUG neutron_lib.callbacks.manager [None req-2ed20e37-00cd-48bd-b280-dc5da81ae154 None None] Subscribe: > segment after_delete 55550000, False {{(pid=107701) subscribe /opt/stack/data/venv/lib/python3.12/site-packages/neutron_lib/callbacks/manager.py:52}}
Jun 18 00:58:09.259280 np0000181711 devstack@neutron-api.service[107698]: DEBUG neutron.api.extensions [None req-dca74ee8-e94c-4149-952b-3e52e2004528 None None] Loading extension file: admin_state_down_before_update.py {{(pid=107698) _load_all_extensions_from_path /opt/stack/neutron/neutron/api/extensions.py:449}}
Jun 18 00:58:09.259353 np0000181711 devstack@neutron-api.service[107701]: DEBUG neutron_lib.callbacks.manager [None req-2ed20e37-00cd-48bd-b280-dc5da81ae154 None None] Subscribe: > allowed_address_pair before_create 55550000, False {{(pid=107701) subscribe /opt/stack/data/venv/lib/python3.12/site-packages/neutron_lib/callbacks/manager.py:52}}
Jun 18 00:58:09.259441 np0000181711 devstack@neutron-api.service[107698]: DEBUG neutron.api.extensions [None req-dca74ee8-e94c-4149-952b-3e52e2004528 None None] Ext name="Enforce Router's Admin State Down Before Update Extension" alias="router-admin-state-down-before-update" description="Ensure that the admin state of a router is DOWN (admin_state_up=False) before updating the distributed attribute" updated="2019-07-02T15:56:00" {{(pid=107698) _check_extension /opt/stack/neutron/neutron/api/extensions.py:415}}
Jun 18 00:58:09.259504 np0000181711 devstack@neutron-api.service[107701]: DEBUG neutron_lib.callbacks.manager [None req-2ed20e37-00cd-48bd-b280-dc5da81ae154 None None] Subscribe: > security_group precommit_create 55550000, False {{(pid=107701) subscribe /opt/stack/data/venv/lib/python3.12/site-packages/neutron_lib/callbacks/manager.py:52}}
Jun 18 00:58:09.259621 np0000181711 devstack@neutron-api.service[107698]: INFO neutron.api.extensions [None req-dca74ee8-e94c-4149-952b-3e52e2004528 None None] Extension router-admin-state-down-before-update not supported by any of loaded plugins
Jun 18 00:58:09.259689 np0000181711 devstack@neutron-api.service[107701]: DEBUG neutron_lib.callbacks.manager [None req-2ed20e37-00cd-48bd-b280-dc5da81ae154 None None] Subscribe: > security_group after_update 55550000, False {{(pid=107701) subscribe /opt/stack/data/venv/lib/python3.12/site-packages/neutron_lib/callbacks/manager.py:52}}
Jun 18 00:58:09.259735 np0000181711 devstack@neutron-api.service[107698]: DEBUG neutron.api.extensions [None req-dca74ee8-e94c-4149-952b-3e52e2004528 None None] Loading extension file: agent.py {{(pid=107698) _load_all_extensions_from_path /opt/stack/neutron/neutron/api/extensions.py:449}}
Jun 18 00:58:09.259806 np0000181711 devstack@neutron-api.service[107701]: DEBUG neutron_lib.callbacks.manager [None req-2ed20e37-00cd-48bd-b280-dc5da81ae154 None None] Subscribe: > security_group after_create 55550000, False {{(pid=107701) subscribe /opt/stack/data/venv/lib/python3.12/site-packages/neutron_lib/callbacks/manager.py:52}}
Jun 18 00:58:09.259963 np0000181711 devstack@neutron-api.service[107701]: DEBUG neutron_lib.callbacks.manager [None req-2ed20e37-00cd-48bd-b280-dc5da81ae154 None None] Subscribe: > security_group precommit_delete 55550000, False {{(pid=107701) subscribe /opt/stack/data/venv/lib/python3.12/site-packages/neutron_lib/callbacks/manager.py:52}}
Jun 18 00:58:09.260026 np0000181711 devstack@neutron-api.service[107698]: DEBUG neutron.api.extensions [None req-dca74ee8-e94c-4149-952b-3e52e2004528 None None] Ext name="agent" alias="agent" description="The agent management extension." updated="2013-02-03T10:00:00-00:00" {{(pid=107698) _check_extension /opt/stack/neutron/neutron/api/extensions.py:415}}
Jun 18 00:58:09.260105 np0000181711 devstack@neutron-api.service[107701]: DEBUG neutron_lib.callbacks.manager [None req-2ed20e37-00cd-48bd-b280-dc5da81ae154 None None] Subscribe: > security_group after_delete 55550000, False {{(pid=107701) subscribe /opt/stack/data/venv/lib/python3.12/site-packages/neutron_lib/callbacks/manager.py:52}}
Jun 18 00:58:09.260168 np0000181711 devstack@neutron-api.service[107698]: INFO neutron.api.extensions [None req-dca74ee8-e94c-4149-952b-3e52e2004528 None None] Loaded extension: agent
Jun 18 00:58:09.260255 np0000181711 devstack@neutron-api.service[107701]: DEBUG neutron_lib.callbacks.manager [None req-2ed20e37-00cd-48bd-b280-dc5da81ae154 None None] Subscribe: > security_group_rule precommit_create 55550000, False {{(pid=107701) subscribe /opt/stack/data/venv/lib/python3.12/site-packages/neutron_lib/callbacks/manager.py:52}}
Jun 18 00:58:09.260312 np0000181711 devstack@neutron-api.service[107698]: DEBUG neutron.api.extensions [None req-dca74ee8-e94c-4149-952b-3e52e2004528 None None] Loading extension file: agent_resources_synced.py {{(pid=107698) _load_all_extensions_from_path /opt/stack/neutron/neutron/api/extensions.py:449}}
Jun 18 00:58:09.260405 np0000181711 devstack@neutron-api.service[107701]: DEBUG neutron_lib.callbacks.manager [None req-2ed20e37-00cd-48bd-b280-dc5da81ae154 None None] Subscribe: > security_group_rule after_create 55550000, False {{(pid=107701) subscribe /opt/stack/data/venv/lib/python3.12/site-packages/neutron_lib/callbacks/manager.py:52}}
Jun 18 00:58:09.260480 np0000181711 devstack@neutron-api.service[107698]: DEBUG neutron.api.extensions [None req-dca74ee8-e94c-4149-952b-3e52e2004528 None None] Ext name="Agent's Resource View Synced to Placement" alias="agent-resources-synced" description="Stores success/failure of last sync to Placement" updated="2018-12-19T00:00:00-00:00" {{(pid=107698) _check_extension /opt/stack/neutron/neutron/api/extensions.py:415}}
Jun 18 00:58:09.260549 np0000181711 devstack@neutron-api.service[107701]: DEBUG neutron_lib.callbacks.manager [None req-2ed20e37-00cd-48bd-b280-dc5da81ae154 None None] Subscribe: > security_group_rule before_delete 55550000, False {{(pid=107701) subscribe /opt/stack/data/venv/lib/python3.12/site-packages/neutron_lib/callbacks/manager.py:52}}
Jun 18 00:58:09.260650 np0000181711 devstack@neutron-api.service[107698]: INFO neutron.api.extensions [None req-dca74ee8-e94c-4149-952b-3e52e2004528 None None] Extension agent-resources-synced not supported by any of loaded plugins
Jun 18 00:58:09.260702 np0000181711 devstack@neutron-api.service[107701]: DEBUG neutron_lib.callbacks.manager [None req-2ed20e37-00cd-48bd-b280-dc5da81ae154 None None] Subscribe: > address_group after_create 55550000, False {{(pid=107701) subscribe /opt/stack/data/venv/lib/python3.12/site-packages/neutron_lib/callbacks/manager.py:52}}
Jun 18 00:58:09.260749 np0000181711 devstack@neutron-api.service[107698]: DEBUG neutron.api.extensions [None req-dca74ee8-e94c-4149-952b-3e52e2004528 None None] Loading extension file: agent_sort_key.py {{(pid=107698) _load_all_extensions_from_path /opt/stack/neutron/neutron/api/extensions.py:449}}
Jun 18 00:58:09.260861 np0000181711 devstack@neutron-api.service[107701]: DEBUG neutron_lib.callbacks.manager [None req-2ed20e37-00cd-48bd-b280-dc5da81ae154 None None] Subscribe: > address_group after_update 55550000, False {{(pid=107701) subscribe /opt/stack/data/venv/lib/python3.12/site-packages/neutron_lib/callbacks/manager.py:52}}
Jun 18 00:58:09.260977 np0000181711 devstack@neutron-api.service[107698]: DEBUG neutron.api.extensions [None req-dca74ee8-e94c-4149-952b-3e52e2004528 None None] Ext name="Agents Sort Key" alias="agent_sort_key" description="Enabling the keyword sort_key for sorting in agents." updated="2013-02-03T10:00:00-00:00" {{(pid=107698) _check_extension /opt/stack/neutron/neutron/api/extensions.py:415}}
