Jun 18 01:01:09.666139 np0000181711 devstack@neutron-api.service[107699]: DEBUG neutron.plugins.ml2.drivers.ovn.mech_driver.ovsdb.maintenance [-] Touching Hash Ring node "9c773765452b5f7fa557284ad5d92082" from periodic health check thread {{(pid=107699) touch_hash_ring_node /opt/stack/neutron/neutron/plugins/ml2/drivers/ovn/mech_driver/ovsdb/maintenance.py:1419}}
Jun 18 01:01:09.785143 np0000181711 devstack@neutron-api.service[107701]: DEBUG futurist.periodics [-] Submitting periodic callback 'neutron.plugins.ml2.drivers.ovn.mech_driver.ovsdb.maintenance.HashRingHealthCheckPeriodics.touch_hash_ring_node' {{(pid=107701) _process_scheduled /opt/stack/data/venv/lib/python3.12/site-packages/futurist/periodics.py:784}}
Jun 18 01:01:09.785869 np0000181711 devstack@neutron-api.service[107701]: DEBUG neutron.plugins.ml2.drivers.ovn.mech_driver.ovsdb.maintenance [-] Touching Hash Ring node "33247b183fc0581496d1c6dbf9650029" from periodic health check thread {{(pid=107701) touch_hash_ring_node /opt/stack/neutron/neutron/plugins/ml2/drivers/ovn/mech_driver/ovsdb/maintenance.py:1419}}
Jun 18 01:01:10.334120 np0000181711 devstack@neutron-api.service[107698]: DEBUG futurist.periodics [-] Submitting periodic callback 'neutron.plugins.ml2.drivers.ovn.mech_driver.ovsdb.maintenance.HashRingHealthCheckPeriodics.touch_hash_ring_node' {{(pid=107698) _process_scheduled /opt/stack/data/venv/lib/python3.12/site-packages/futurist/periodics.py:784}}
Jun 18 01:01:10.334892 np0000181711 devstack@neutron-api.service[107698]: DEBUG neutron.plugins.ml2.drivers.ovn.mech_driver.ovsdb.maintenance [-] Touching Hash Ring node "b0fbecbe05385eeea246ce580866c22e" from periodic health check thread {{(pid=107698) touch_hash_ring_node /opt/stack/neutron/neutron/plugins/ml2/drivers/ovn/mech_driver/ovsdb/maintenance.py:1419}}
Jun 18 01:01:18.675224 np0000181711 devstack@neutron-api.service[107700]: DEBUG dbcounter [-] [107700] Writing DB stats neutron:SELECT=116,neutron:UPDATE=11 {{(pid=107700) stat_writer /opt/stack/data/venv/lib/python3.12/site-packages/dbcounter.py:115}}
Jun 18 01:01:19.675826 np0000181711 devstack@neutron-api.service[107699]: DEBUG dbcounter [-] [107699] Writing DB stats neutron:SELECT=195,neutron:INSERT=20,neutron:UPDATE=13,neutron:DELETE=8 {{(pid=107699) stat_writer /opt/stack/data/venv/lib/python3.12/site-packages/dbcounter.py:115}}
Jun 18 01:01:19.794955 np0000181711 devstack@neutron-api.service[107701]: DEBUG dbcounter [-] [107701] Writing DB stats neutron:SELECT=103,neutron:UPDATE=3 {{(pid=107701) stat_writer /opt/stack/data/venv/lib/python3.12/site-packages/dbcounter.py:115}}
Jun 18 01:01:20.346263 np0000181711 devstack@neutron-api.service[107698]: DEBUG dbcounter [-] [107698] Writing DB stats neutron:SELECT=240,neutron:INSERT=31,neutron:UPDATE=15,neutron:DELETE=10 {{(pid=107698) stat_writer /opt/stack/data/venv/lib/python3.12/site-packages/dbcounter.py:115}}
Jun 18 01:01:23.664288 np0000181711 devstack@neutron-api.service[107700]: DEBUG futurist.periodics [-] Submitting periodic callback 'neutron.plugins.ml2.drivers.ovn.mech_driver.ovsdb.maintenance.HashRingHealthCheckPeriodics.touch_hash_ring_node' {{(pid=107700) _process_scheduled /opt/stack/data/venv/lib/python3.12/site-packages/futurist/periodics.py:784}}
Jun 18 01:01:23.664967 np0000181711 devstack@neutron-api.service[107700]: DEBUG neutron.plugins.ml2.drivers.ovn.mech_driver.ovsdb.maintenance [-] Touching Hash Ring node "7730c1add8a25395b8da5da930838464" from periodic health check thread {{(pid=107700) touch_hash_ring_node /opt/stack/neutron/neutron/plugins/ml2/drivers/ovn/mech_driver/ovsdb/maintenance.py:1419}}
Jun 18 01:01:24.666526 np0000181711 devstack@neutron-api.service[107699]: DEBUG futurist.periodics [-] Submitting periodic callback 'neutron.plugins.ml2.drivers.ovn.mech_driver.ovsdb.maintenance.HashRingHealthCheckPeriodics.touch_hash_ring_node' {{(pid=107699) _process_scheduled /opt/stack/data/venv/lib/python3.12/site-packages/futurist/periodics.py:784}}
Jun 18 01:01:24.667213 np0000181711 devstack@neutron-api.service[107699]: DEBUG neutron.plugins.ml2.drivers.ovn.mech_driver.ovsdb.maintenance [-] Touching Hash Ring node "9c773765452b5f7fa557284ad5d92082" from periodic health check thread {{(pid=107699) touch_hash_ring_node /opt/stack/neutron/neutron/plugins/ml2/drivers/ovn/mech_driver/ovsdb/maintenance.py:1419}}
Jun 18 01:01:24.785845 np0000181711 devstack@neutron-api.service[107701]: DEBUG futurist.periodics [-] Submitting periodic callback 'neutron.plugins.ml2.drivers.ovn.mech_driver.ovsdb.maintenance.HashRingHealthCheckPeriodics.touch_hash_ring_node' {{(pid=107701) _process_scheduled /opt/stack/data/venv/lib/python3.12/site-packages/futurist/periodics.py:784}}
Jun 18 01:01:24.786601 np0000181711 devstack@neutron-api.service[107701]: DEBUG neutron.plugins.ml2.drivers.ovn.mech_driver.ovsdb.maintenance [-] Touching Hash Ring node "33247b183fc0581496d1c6dbf9650029" from periodic health check thread {{(pid=107701) touch_hash_ring_node /opt/stack/neutron/neutron/plugins/ml2/drivers/ovn/mech_driver/ovsdb/maintenance.py:1419}}
Jun 18 01:01:25.334964 np0000181711 devstack@neutron-api.service[107698]: DEBUG futurist.periodics [-] Submitting periodic callback 'neutron.plugins.ml2.drivers.ovn.mech_driver.ovsdb.maintenance.HashRingHealthCheckPeriodics.touch_hash_ring_node' {{(pid=107698) _process_scheduled /opt/stack/data/venv/lib/python3.12/site-packages/futurist/periodics.py:784}}
Jun 18 01:01:25.335852 np0000181711 devstack@neutron-api.service[107698]: DEBUG neutron.plugins.ml2.drivers.ovn.mech_driver.ovsdb.maintenance [-] Touching Hash Ring node "b0fbecbe05385eeea246ce580866c22e" from periodic health check thread {{(pid=107698) touch_hash_ring_node /opt/stack/neutron/neutron/plugins/ml2/drivers/ovn/mech_driver/ovsdb/maintenance.py:1419}}
Jun 18 01:01:33.678543 np0000181711 devstack@neutron-api.service[107700]: DEBUG dbcounter [-] [107700] Writing DB stats neutron:UPDATE=1,neutron:SELECT=1 {{(pid=107700) stat_writer /opt/stack/data/venv/lib/python3.12/site-packages/dbcounter.py:115}}
Jun 18 01:01:36.306264 np0000181711 devstack@neutron-api.service[107699]: DEBUG dbcounter [-] [107699] Writing DB stats neutron:UPDATE=1,neutron:SELECT=1 {{(pid=107699) stat_writer /opt/stack/data/venv/lib/python3.12/site-packages/dbcounter.py:115}}
Jun 18 01:01:36.306756 np0000181711 devstack@neutron-api.service[107698]: DEBUG dbcounter [-] [107698] Writing DB stats neutron:UPDATE=1,neutron:SELECT=1 {{(pid=107698) stat_writer /opt/stack/data/venv/lib/python3.12/site-packages/dbcounter.py:115}}
Jun 18 01:01:36.307255 np0000181711 devstack@neutron-api.service[107701]: DEBUG dbcounter [-] [107701] Writing DB stats neutron:UPDATE=1,neutron:SELECT=1 {{(pid=107701) stat_writer /opt/stack/data/venv/lib/python3.12/site-packages/dbcounter.py:115}}
Jun 18 01:01:38.665022 np0000181711 devstack@neutron-api.service[107700]: DEBUG futurist.periodics [-] Submitting periodic callback 'neutron.plugins.ml2.drivers.ovn.mech_driver.ovsdb.maintenance.HashRingHealthCheckPeriodics.touch_hash_ring_node' {{(pid=107700) _process_scheduled /opt/stack/data/venv/lib/python3.12/site-packages/futurist/periodics.py:784}}
Jun 18 01:01:38.665637 np0000181711 devstack@neutron-api.service[107700]: DEBUG neutron.plugins.ml2.drivers.ovn.mech_driver.ovsdb.maintenance [-] Touching Hash Ring node "7730c1add8a25395b8da5da930838464" from periodic health check thread {{(pid=107700) touch_hash_ring_node /opt/stack/neutron/neutron/plugins/ml2/drivers/ovn/mech_driver/ovsdb/maintenance.py:1419}}
Jun 18 01:01:39.667291 np0000181711 devstack@neutron-api.service[107699]: DEBUG futurist.periodics [-] Submitting periodic callback 'neutron.plugins.ml2.drivers.ovn.mech_driver.ovsdb.maintenance.HashRingHealthCheckPeriodics.touch_hash_ring_node' {{(pid=107699) _process_scheduled /opt/stack/data/venv/lib/python3.12/site-packages/futurist/periodics.py:784}}
Jun 18 01:01:39.668099 np0000181711 devstack@neutron-api.service[107699]: DEBUG neutron.plugins.ml2.drivers.ovn.mech_driver.ovsdb.maintenance [-] Touching Hash Ring node "9c773765452b5f7fa557284ad5d92082" from periodic health check thread {{(pid=107699) touch_hash_ring_node /opt/stack/neutron/neutron/plugins/ml2/drivers/ovn/mech_driver/ovsdb/maintenance.py:1419}}
Jun 18 01:01:39.790133 np0000181711 devstack@neutron-api.service[107701]: DEBUG futurist.periodics [-] Submitting periodic callback 'neutron.plugins.ml2.drivers.ovn.mech_driver.ovsdb.maintenance.HashRingHealthCheckPeriodics.touch_hash_ring_node' {{(pid=107701) _process_scheduled /opt/stack/data/venv/lib/python3.12/site-packages/futurist/periodics.py:784}}
Jun 18 01:01:39.790779 np0000181711 devstack@neutron-api.service[107701]: DEBUG neutron.plugins.ml2.drivers.ovn.mech_driver.ovsdb.maintenance [-] Touching Hash Ring node "33247b183fc0581496d1c6dbf9650029" from periodic health check thread {{(pid=107701) touch_hash_ring_node /opt/stack/neutron/neutron/plugins/ml2/drivers/ovn/mech_driver/ovsdb/maintenance.py:1419}}
Jun 18 01:01:40.336053 np0000181711 devstack@neutron-api.service[107698]: DEBUG futurist.periodics [-] Submitting periodic callback 'neutron.plugins.ml2.drivers.ovn.mech_driver.ovsdb.maintenance.HashRingHealthCheckPeriodics.touch_hash_ring_node' {{(pid=107698) _process_scheduled /opt/stack/data/venv/lib/python3.12/site-packages/futurist/periodics.py:784}}
Jun 18 01:01:40.336487 np0000181711 devstack@neutron-api.service[107698]: DEBUG neutron.plugins.ml2.drivers.ovn.mech_driver.ovsdb.maintenance [-] Touching Hash Ring node "b0fbecbe05385eeea246ce580866c22e" from periodic health check thread {{(pid=107698) touch_hash_ring_node /opt/stack/neutron/neutron/plugins/ml2/drivers/ovn/mech_driver/ovsdb/maintenance.py:1419}}
Jun 18 01:01:48.677428 np0000181711 devstack@neutron-api.service[107700]: DEBUG dbcounter [-] [107700] Writing DB stats neutron:UPDATE=1,neutron:SELECT=1 {{(pid=107700) stat_writer /opt/stack/data/venv/lib/python3.12/site-packages/dbcounter.py:115}}
Jun 18 01:01:49.680424 np0000181711 devstack@neutron-api.service[107699]: DEBUG dbcounter [-] [107699] Writing DB stats neutron:UPDATE=1,neutron:SELECT=1 {{(pid=107699) stat_writer /opt/stack/data/venv/lib/python3.12/site-packages/dbcounter.py:115}}
Jun 18 01:01:49.803238 np0000181711 devstack@neutron-api.service[107701]: DEBUG dbcounter [-] [107701] Writing DB stats neutron:UPDATE=1,neutron:SELECT=1 {{(pid=107701) stat_writer /opt/stack/data/venv/lib/python3.12/site-packages/dbcounter.py:115}}
Jun 18 01:01:50.784645 np0000181711 devstack@neutron-api.service[107698]: DEBUG dbcounter [-] [107698] Writing DB stats neutron:UPDATE=1,neutron:SELECT=1 {{(pid=107698) stat_writer /opt/stack/data/venv/lib/python3.12/site-packages/dbcounter.py:115}}
Jun 18 01:01:53.666370 np0000181711 devstack@neutron-api.service[107700]: DEBUG futurist.periodics [-] Submitting periodic callback 'neutron.plugins.ml2.drivers.ovn.mech_driver.ovsdb.maintenance.HashRingHealthCheckPeriodics.touch_hash_ring_node' {{(pid=107700) _process_scheduled /opt/stack/data/venv/lib/python3.12/site-packages/futurist/periodics.py:784}}
Jun 18 01:01:53.667291 np0000181711 devstack@neutron-api.service[107700]: DEBUG neutron.plugins.ml2.drivers.ovn.mech_driver.ovsdb.maintenance [-] Touching Hash Ring node "7730c1add8a25395b8da5da930838464" from periodic health check thread {{(pid=107700) touch_hash_ring_node /opt/stack/neutron/neutron/plugins/ml2/drivers/ovn/mech_driver/ovsdb/maintenance.py:1419}}
Jun 18 01:01:54.668311 np0000181711 devstack@neutron-api.service[107699]: DEBUG futurist.periodics [-] Submitting periodic callback 'neutron.plugins.ml2.drivers.ovn.mech_driver.ovsdb.maintenance.HashRingHealthCheckPeriodics.touch_hash_ring_node' {{(pid=107699) _process_scheduled /opt/stack/data/venv/lib/python3.12/site-packages/futurist/periodics.py:784}}
Jun 18 01:01:54.669088 np0000181711 devstack@neutron-api.service[107699]: DEBUG neutron.plugins.ml2.drivers.ovn.mech_driver.ovsdb.maintenance [-] Touching Hash Ring node "9c773765452b5f7fa557284ad5d92082" from periodic health check thread {{(pid=107699) touch_hash_ring_node /opt/stack/neutron/neutron/plugins/ml2/drivers/ovn/mech_driver/ovsdb/maintenance.py:1419}}
Jun 18 01:01:54.791073 np0000181711 devstack@neutron-api.service[107701]: DEBUG futurist.periodics [-] Submitting periodic callback 'neutron.plugins.ml2.drivers.ovn.mech_driver.ovsdb.maintenance.HashRingHealthCheckPeriodics.touch_hash_ring_node' {{(pid=107701) _process_scheduled /opt/stack/data/venv/lib/python3.12/site-packages/futurist/periodics.py:784}}
Jun 18 01:01:54.791836 np0000181711 devstack@neutron-api.service[107701]: DEBUG neutron.plugins.ml2.drivers.ovn.mech_driver.ovsdb.maintenance [-] Touching Hash Ring node "33247b183fc0581496d1c6dbf9650029" from periodic health check thread {{(pid=107701) touch_hash_ring_node /opt/stack/neutron/neutron/plugins/ml2/drivers/ovn/mech_driver/ovsdb/maintenance.py:1419}}
Jun 18 01:01:55.337139 np0000181711 devstack@neutron-api.service[107698]: DEBUG futurist.periodics [-] Submitting periodic callback 'neutron.plugins.ml2.drivers.ovn.mech_driver.ovsdb.maintenance.HashRingHealthCheckPeriodics.touch_hash_ring_node' {{(pid=107698) _process_scheduled /opt/stack/data/venv/lib/python3.12/site-packages/futurist/periodics.py:784}}
Jun 18 01:01:55.337865 np0000181711 devstack@neutron-api.service[107698]: DEBUG neutron.plugins.ml2.drivers.ovn.mech_driver.ovsdb.maintenance [-] Touching Hash Ring node "b0fbecbe05385eeea246ce580866c22e" from periodic health check thread {{(pid=107698) touch_hash_ring_node /opt/stack/neutron/neutron/plugins/ml2/drivers/ovn/mech_driver/ovsdb/maintenance.py:1419}}
Jun 18 01:02:03.677440 np0000181711 devstack@neutron-api.service[107700]: DEBUG dbcounter [-] [107700] Writing DB stats neutron:UPDATE=1,neutron:SELECT=1 {{(pid=107700) stat_writer /opt/stack/data/venv/lib/python3.12/site-packages/dbcounter.py:115}}
Jun 18 01:02:04.681097 np0000181711 devstack@neutron-api.service[107699]: DEBUG dbcounter [-] [107699] Writing DB stats neutron:UPDATE=1,neutron:SELECT=1 {{(pid=107699) stat_writer /opt/stack/data/venv/lib/python3.12/site-packages/dbcounter.py:115}}
Jun 18 01:02:04.802755 np0000181711 devstack@neutron-api.service[107701]: DEBUG dbcounter [-] [107701] Writing DB stats neutron:UPDATE=1,neutron:SELECT=1 {{(pid=107701) stat_writer /opt/stack/data/venv/lib/python3.12/site-packages/dbcounter.py:115}}
Jun 18 01:02:05.109167 np0000181711 devstack@neutron-api.service[107699]: INFO neutron.pecan_wsgi.hooks.translation [None req-efcb93c9-e5f6-49e6-9ef1-85555fc8207a admin admin] GET failed (client error): The resource could not be found.
Jun 18 01:02:05.109977 np0000181711 devstack@neutron-api.service[107699]: [pid: 107699|app: 0|req: 23/91] 199.204.45.78 () {64 vars in 1327 bytes} [Thu Jun 18 01:02:05 2026] GET /networking/v2.0/networks/admin_net => generated 111 bytes in 14 msecs (HTTP/1.1 404) 4 headers in 164 bytes (1 switches on core 0)
Jun 18 01:02:05.144350 np0000181711 devstack@neutron-api.service[107701]: [pid: 107701|app: 0|req: 23/92] 199.204.45.78 () {64 vars in 1339 bytes} [Thu Jun 18 01:02:05 2026] GET /networking/v2.0/networks?name=admin_net => generated 15 bytes in 23 msecs (HTTP/1.1 200) 4 headers in 156 bytes (1 switches on core 0)
Jun 18 01:02:05.351841 np0000181711 devstack@neutron-api.service[107698]: DEBUG dbcounter [-] [107698] Writing DB stats neutron:UPDATE=1,neutron:SELECT=1 {{(pid=107698) stat_writer /opt/stack/data/venv/lib/python3.12/site-packages/dbcounter.py:115}}
Jun 18 01:02:05.399411 np0000181711 devstack@neutron-api.service[107698]: DEBUG neutron.api.v2.base [None req-776d89bf-f453-4d89-8618-6fb0caf15b32 admin admin] Request body: {'network': {'project_id': 'f771006b60d1476c905dcf0c4856df3a', 'name': 'admin_net', 'admin_state_up': True}} {{(pid=107698) prepare_request_body /opt/stack/neutron/neutron/api/v2/base.py:727}}
Jun 18 01:02:05.416240 np0000181711 devstack@neutron-api.service[107698]: DEBUG neutron.pecan_wsgi.hooks.quota_enforcement [None req-776d89bf-f453-4d89-8618-6fb0caf15b32 admin admin] Made reservation on behalf of f771006b60d1476c905dcf0c4856df3a for: {'network': 1} {{(pid=107698) before /opt/stack/neutron/neutron/pecan_wsgi/hooks/quota_enforcement.py:66}}
Jun 18 01:02:05.419571 np0000181711 devstack@neutron-api.service[107698]: DEBUG neutron_lib.callbacks.manager [None req-776d89bf-f453-4d89-8618-6fb0caf15b32 admin admin] Publish callbacks ['neutron.plugins.ml2.plugin.SecurityGroupDbMixin._ensure_default_security_group_handler-494529'] for network (None), before_create {{(pid=107698) _notify_loop /opt/stack/data/venv/lib/python3.12/site-packages/neutron_lib/callbacks/manager.py:184}}
Jun 18 01:02:05.424970 np0000181711 devstack@neutron-api.service[107698]: DEBUG neutron_lib.callbacks.manager [None req-776d89bf-f453-4d89-8618-6fb0caf15b32 admin admin] Publish callbacks [] for security_group (None), before_create {{(pid=107698) _notify_loop /opt/stack/data/venv/lib/python3.12/site-packages/neutron_lib/callbacks/manager.py:184}}
Jun 18 01:02:05.488845 np0000181711 devstack@neutron-api.service[107698]: DEBUG neutron_lib.callbacks.manager [None req-776d89bf-f453-4d89-8618-6fb0caf15b32 admin admin] Publish callbacks ['neutron.plugins.ml2.drivers.ovn.mech_driver.mech_driver.OVNMechanismDriver._create_security_group_precommit-199913'] for security_group (ceae662a-8ccb-459a-8b89-e2afc9c8c13c), precommit_create {{(pid=107698) _notify_loop /opt/stack/data/venv/lib/python3.12/site-packages/neutron_lib/callbacks/manager.py:184}}
Jun 18 01:02:05.489069 np0000181711 devstack@neutron-api.service[107698]: DEBUG neutron.db.ovn_revision_numbers_db [None req-776d89bf-f453-4d89-8618-6fb0caf15b32 admin admin] create_initial_revision uuid=ceae662a-8ccb-459a-8b89-e2afc9c8c13c, type=security_groups, rev=-1 {{(pid=107698) create_initial_revision /opt/stack/neutron/neutron/db/ovn_revision_numbers_db.py:98}}
Jun 18 01:02:05.490541 np0000181711 devstack@neutron-api.service[107698]: DEBUG neutron.db.ovn_revision_numbers_db [None req-776d89bf-f453-4d89-8618-6fb0caf15b32 admin admin] create_initial_revision uuid=3dea11b1-a143-4181-9dcb-0d0473399c94, type=security_group_rules, rev=-1 {{(pid=107698) create_initial_revision /opt/stack/neutron/neutron/db/ovn_revision_numbers_db.py:98}}
Jun 18 01:02:05.491947 np0000181711 devstack@neutron-api.service[107698]: DEBUG neutron.db.ovn_revision_numbers_db [None req-776d89bf-f453-4d89-8618-6fb0caf15b32 admin admin] create_initial_revision uuid=56e73d88-49b4-4a65-b5c7-3d43b894cdf0, type=security_group_rules, rev=-1 {{(pid=107698) create_initial_revision /opt/stack/neutron/neutron/db/ovn_revision_numbers_db.py:98}}
Jun 18 01:02:05.493397 np0000181711 devstack@neutron-api.service[107698]: DEBUG neutron.db.ovn_revision_numbers_db [None req-776d89bf-f453-4d89-8618-6fb0caf15b32 admin admin] create_initial_revision uuid=c0100488-9214-436c-a176-a83a6e9f6400, type=security_group_rules, rev=-1 {{(pid=107698) create_initial_revision /opt/stack/neutron/neutron/db/ovn_revision_numbers_db.py:98}}
Jun 18 01:02:05.494578 np0000181711 devstack@neutron-api.service[107698]: DEBUG neutron.db.ovn_revision_numbers_db [None req-776d89bf-f453-4d89-8618-6fb0caf15b32 admin admin] create_initial_revision uuid=daf9a0a9-7d6d-4ce7-961b-12f9b0b73fee, type=security_group_rules, rev=-1 {{(pid=107698) create_initial_revision /opt/stack/neutron/neutron/db/ovn_revision_numbers_db.py:98}}
Jun 18 01:02:05.502549 np0000181711 devstack@neutron-api.service[107698]: DEBUG neutron_lib.callbacks.manager [None req-776d89bf-f453-4d89-8618-6fb0caf15b32 admin admin] Publish callbacks ['neutron.plugins.ml2.drivers.ovn.mech_driver.mech_driver.OVNMechanismDriver._create_security_group-199923', 'neutron.plugins.ml2.ovo_rpc._ObjectChangeHandler.handle_event-15905126'] for security_group (ceae662a-8ccb-459a-8b89-e2afc9c8c13c), after_create {{(pid=107698) _notify_loop /opt/stack/data/venv/lib/python3.12/site-packages/neutron_lib/callbacks/manager.py:184}}
Jun 18 01:02:05.503931 np0000181711 devstack@neutron-api.service[107698]: DEBUG ovsdbapp.backend.ovs_idl.transaction [None req-1f1fd3ac-4279-437a-833f-7939f0422f19 None None] Running txn n=1 command(idx=0): PgAddCommand(_result=None, name=pg_ceae662a_8ccb_459a_8b89_e2afc9c8c13c, may_exist=False, columns={'acls': [], 'external_ids': {'neutron:security_group_id': 'ceae662a-8ccb-459a-8b89-e2afc9c8c13c'}}) {{(pid=107698) do_commit /opt/stack/data/venv/lib/python3.12/site-packages/ovsdbapp/backend/ovs_idl/transaction.py:89}}
Jun 18 01:02:05.504169 np0000181711 devstack@neutron-api.service[107698]: DEBUG ovsdbapp.backend.ovs_idl.transaction [None req-1f1fd3ac-4279-437a-833f-7939f0422f19 None None] Running txn n=1 command(idx=1): PgAclAddCommand(_result=None, entity=pg_ceae662a_8ccb_459a_8b89_e2afc9c8c13c, direction=from-lport, priority=1002, match=inport == @pg_ceae662a_8ccb_459a_8b89_e2afc9c8c13c && ip6, action=allow-related, log=False, may_exist=True, severity=[], name=[], meter=[], external_ids={'neutron:security_group_rule_id': '3dea11b1-a143-4181-9dcb-0d0473399c94'}) {{(pid=107698) do_commit /opt/stack/data/venv/lib/python3.12/site-packages/ovsdbapp/backend/ovs_idl/transaction.py:89}}
Jun 18 01:02:05.504616 np0000181711 devstack@neutron-api.service[107698]: DEBUG ovsdbapp.backend.ovs_idl.transaction [None req-1f1fd3ac-4279-437a-833f-7939f0422f19 None None] Running txn n=1 command(idx=2): PgAclAddCommand(_result=None, entity=pg_ceae662a_8ccb_459a_8b89_e2afc9c8c13c, direction=to-lport, priority=1002, match=outport == @pg_ceae662a_8ccb_459a_8b89_e2afc9c8c13c && ip4 && ip4.src == $pg_ceae662a_8ccb_459a_8b89_e2afc9c8c13c_ip4, action=allow-related, log=False, may_exist=True, severity=[], name=[], meter=[], external_ids={'neutron:security_group_rule_id': '56e73d88-49b4-4a65-b5c7-3d43b894cdf0'}) {{(pid=107698) do_commit /opt/stack/data/venv/lib/python3.12/site-packages/ovsdbapp/backend/ovs_idl/transaction.py:89}}
Jun 18 01:02:05.504961 np0000181711 devstack@neutron-api.service[107698]: DEBUG ovsdbapp.backend.ovs_idl.transaction [None req-1f1fd3ac-4279-437a-833f-7939f0422f19 None None] Running txn n=1 command(idx=3): PgAclAddCommand(_result=None, entity=pg_ceae662a_8ccb_459a_8b89_e2afc9c8c13c, direction=from-lport, priority=1002, match=inport == @pg_ceae662a_8ccb_459a_8b89_e2afc9c8c13c && ip4, action=allow-related, log=False, may_exist=True, severity=[], name=[], meter=[], external_ids={'neutron:security_group_rule_id': 'c0100488-9214-436c-a176-a83a6e9f6400'}) {{(pid=107698) do_commit /opt/stack/data/venv/lib/python3.12/site-packages/ovsdbapp/backend/ovs_idl/transaction.py:89}}
Jun 18 01:02:05.505209 np0000181711 devstack@neutron-api.service[107698]: DEBUG ovsdbapp.backend.ovs_idl.transaction [None req-1f1fd3ac-4279-437a-833f-7939f0422f19 None None] Running txn n=1 command(idx=4): PgAclAddCommand(_result=None, entity=pg_ceae662a_8ccb_459a_8b89_e2afc9c8c13c, direction=to-lport, priority=1002, match=outport == @pg_ceae662a_8ccb_459a_8b89_e2afc9c8c13c && ip6 && ip6.src == $pg_ceae662a_8ccb_459a_8b89_e2afc9c8c13c_ip6, action=allow-related, log=False, may_exist=True, severity=[], name=[], meter=[], external_ids={'neutron:security_group_rule_id': 'daf9a0a9-7d6d-4ce7-961b-12f9b0b73fee'}) {{(pid=107698) do_commit /opt/stack/data/venv/lib/python3.12/site-packages/ovsdbapp/backend/ovs_idl/transaction.py:89}}
Jun 18 01:02:05.518168 np0000181711 devstack@neutron-api.service[107698]: DEBUG neutron.common.ovn.hash_ring_manager [None req-1f1fd3ac-4279-437a-833f-7939f0422f19 None None] Hash Ring loaded. 4 active nodes. 0 offline nodes {{(pid=107698) _load_hash_ring /opt/stack/neutron/neutron/common/ovn/hash_ring_manager.py:110}}
Jun 18 01:02:05.518168 np0000181711 devstack@neutron-api.service[107698]: DEBUG neutron.plugins.ml2.drivers.ovn.mech_driver.ovsdb.ovsdb_monitor [None req-1f1fd3ac-4279-437a-833f-7939f0422f19 None None] Hash Ring: Node b0fbecbe05385eeea246ce580866c22e (host: np0000181711) handling event "create" for row 10d5d03a-5eab-4563-973e-f17bce5689b9 (table: ACL) {{(pid=107698) notify /opt/stack/neutron/neutron/plugins/ml2/drivers/ovn/mech_driver/ovsdb/ovsdb_monitor.py:1015}}
Jun 18 01:02:05.518283 np0000181711 devstack@neutron-api.service[107698]: DEBUG neutron.plugins.ml2.drivers.ovn.mech_driver.ovsdb.ovsdb_monitor [None req-1f1fd3ac-4279-437a-833f-7939f0422f19 None None] Hash Ring: Node b0fbecbe05385eeea246ce580866c22e (host: np0000181711) handling event "create" for row 58df43f0-b1e4-4700-889f-204c0ceec4dd (table: ACL) {{(pid=107698) notify /opt/stack/neutron/neutron/plugins/ml2/drivers/ovn/mech_driver/ovsdb/ovsdb_monitor.py:1015}}
Jun 18 01:02:05.520050 np0000181711 devstack@neutron-api.service[107698]: DEBUG neutron.plugins.ml2.drivers.ovn.mech_driver.ovsdb.ovsdb_monitor [None req-1f1fd3ac-4279-437a-833f-7939f0422f19 None None] Hash Ring: Node b0fbecbe05385eeea246ce580866c22e (host: np0000181711) handling event "create" for row 13e770ad-5339-4fc8-be19-ba4713b880c8 (table: Port_Group) {{(pid=107698) notify /opt/stack/neutron/neutron/plugins/ml2/drivers/ovn/mech_driver/ovsdb/ovsdb_monitor.py:1015}}
Jun 18 01:02:05.523961 np0000181711 devstack@neutron-api.service[107700]: DEBUG neutron.common.ovn.hash_ring_manager [None req-cc53ec38-e9c4-413c-b724-5dee03ed8f11 None None] Hash Ring loaded. 4 active nodes. 0 offline nodes {{(pid=107700) _load_hash_ring /opt/stack/neutron/neutron/common/ovn/hash_ring_manager.py:110}}
Jun 18 01:02:05.524425 np0000181711 devstack@neutron-api.service[107701]: DEBUG neutron.common.ovn.hash_ring_manager [None req-2890d804-206c-4a8e-9b29-571c17e28025 None None] Hash Ring loaded. 4 active nodes. 0 offline nodes {{(pid=107701) _load_hash_ring /opt/stack/neutron/neutron/common/ovn/hash_ring_manager.py:110}}
Jun 18 01:02:05.524425 np0000181711 devstack@neutron-api.service[107701]: DEBUG neutron.plugins.ml2.drivers.ovn.mech_driver.ovsdb.ovsdb_monitor [None req-2890d804-206c-4a8e-9b29-571c17e28025 None None] Hash Ring: Node 33247b183fc0581496d1c6dbf9650029 (host: np0000181711) handling event "create" for row 11985886-6f32-47b0-aac7-3ecac37c3c07 (table: ACL) {{(pid=107701) notify /opt/stack/neutron/neutron/plugins/ml2/drivers/ovn/mech_driver/ovsdb/ovsdb_monitor.py:1015}}
Jun 18 01:02:05.524821 np0000181711 devstack@neutron-api.service[107701]: DEBUG neutron.plugins.ml2.drivers.ovn.mech_driver.ovsdb.ovsdb_monitor [None req-2890d804-206c-4a8e-9b29-571c17e28025 None None] Hash Ring: Node 33247b183fc0581496d1c6dbf9650029 (host: np0000181711) handling event "create" for row b3b97a5b-89bc-417d-a79b-37bab855f9b3 (table: ACL) {{(pid=107701) notify /opt/stack/neutron/neutron/plugins/ml2/drivers/ovn/mech_driver/ovsdb/ovsdb_monitor.py:1015}}
Jun 18 01:02:05.528547 np0000181711 devstack@neutron-api.service[107699]: DEBUG neutron.common.ovn.hash_ring_manager [None req-d6cbeba1-cb42-4e70-bd90-b99e025851d3 None None] Hash Ring loaded. 4 active nodes. 0 offline nodes {{(pid=107699) _load_hash_ring /opt/stack/neutron/neutron/common/ovn/hash_ring_manager.py:110}}
Jun 18 01:02:05.541916 np0000181711 devstack@neutron-api.service[107698]: INFO neutron.db.ovn_revision_numbers_db [None req-776d89bf-f453-4d89-8618-6fb0caf15b32 admin admin] Successfully bumped revision number for resource ceae662a-8ccb-459a-8b89-e2afc9c8c13c (type: security_groups) to 1
Jun 18 01:02:05.556038 np0000181711 devstack@neutron-api.service[107698]: INFO neutron.db.ovn_revision_numbers_db [None req-776d89bf-f453-4d89-8618-6fb0caf15b32 admin admin] Successfully bumped revision number for resource 3dea11b1-a143-4181-9dcb-0d0473399c94 (type: security_group_rules) to 0
Jun 18 01:02:05.570324 np0000181711 devstack@neutron-api.service[107698]: INFO neutron.db.ovn_revision_numbers_db [None req-776d89bf-f453-4d89-8618-6fb0caf15b32 admin admin] Successfully bumped revision number for resource 56e73d88-49b4-4a65-b5c7-3d43b894cdf0 (type: security_group_rules) to 0
Jun 18 01:02:05.587842 np0000181711 devstack@neutron-api.service[107698]: INFO neutron.db.ovn_revision_numbers_db [None req-776d89bf-f453-4d89-8618-6fb0caf15b32 admin admin] Successfully bumped revision number for resource c0100488-9214-436c-a176-a83a6e9f6400 (type: security_group_rules) to 0
Jun 18 01:02:05.600601 np0000181711 devstack@neutron-api.service[107698]: INFO neutron.db.ovn_revision_numbers_db [None req-776d89bf-f453-4d89-8618-6fb0caf15b32 admin admin] Successfully bumped revision number for resource daf9a0a9-7d6d-4ce7-961b-12f9b0b73fee (type: security_group_rules) to 0
Jun 18 01:02:05.625840 np0000181711 devstack@neutron-api.service[107698]: DEBUG neutron.api.rpc.handlers.resources_rpc [None req-776d89bf-f453-4d89-8618-6fb0caf15b32 admin admin] Pushing event updated for resources: {'SecurityGroup': ['ID=ceae662a-8ccb-459a-8b89-e2afc9c8c13c,revision_number=1']} {{(pid=107698) push /opt/stack/neutron/neutron/api/rpc/handlers/resources_rpc.py:237}}
Jun 18 01:02:05.631496 np0000181711 devstack@neutron-api.service[107698]: DEBUG ovsdbapp.backend.ovs_idl.transaction [None req-1f1fd3ac-4279-437a-833f-7939f0422f19 None None] Running txn n=1 command(idx=0): CheckLivenessCommand(_result=None) {{(pid=107698) do_commit /opt/stack/data/venv/lib/python3.12/site-packages/ovsdbapp/backend/ovs_idl/transaction.py:89}}
Jun 18 01:02:05.669669 np0000181711 devstack@neutron-api.service[107700]: DEBUG neutron.plugins.ml2.drivers.ovn.mech_driver.ovsdb.ovsdb_monitor [None req-cc53ec38-e9c4-413c-b724-5dee03ed8f11 None None] Hash Ring: Node 7730c1add8a25395b8da5da930838464 (host: np0000181711) handling event "update" for row 51eb02f7-5c7a-4111-ac8e-7da02b67d0a1 (table: NB_Global) {{(pid=107700) notify /opt/stack/neutron/neutron/plugins/ml2/drivers/ovn/mech_driver/ovsdb/ovsdb_monitor.py:1015}}
Jun 18 01:02:05.670933 np0000181711 devstack@neutron-api.service[107698]: DEBUG neutron.api.rpc.callbacks.version_manager [None req-776d89bf-f453-4d89-8618-6fb0caf15b32 admin admin] Tracked resource versions report:
Jun 18 01:02:05.670933 np0000181711 devstack@neutron-api.service[107698]: pushed versions:
Jun 18 01:02:05.670933 np0000181711 devstack@neutron-api.service[107698]: { 'AddressGroup': {'1.2'},
Jun 18 01:02:05.670933 np0000181711 devstack@neutron-api.service[107698]: 'Agent': {'1.1'},
Jun 18 01:02:05.670933 np0000181711 devstack@neutron-api.service[107698]: 'ConntrackHelper': {'1.0'},
Jun 18 01:02:05.670933 np0000181711 devstack@neutron-api.service[107698]: 'LocalIPAssociation': {'1.0'},
Jun 18 01:02:05.670933 np0000181711 devstack@neutron-api.service[107698]: 'Log': {'1.0'},
Jun 18 01:02:05.670933 np0000181711 devstack@neutron-api.service[107698]: 'NDPProxy': {'1.0'},
Jun 18 01:02:05.670933 np0000181711 devstack@neutron-api.service[107698]: 'Network': {'1.3'},
Jun 18 01:02:05.670933 np0000181711 devstack@neutron-api.service[107698]: 'Port': {'1.11'},
Jun 18 01:02:05.670933 np0000181711 devstack@neutron-api.service[107698]: 'PortForwarding': {'1.3'},
Jun 18 01:02:05.670933 np0000181711 devstack@neutron-api.service[107698]: 'QosPolicy': {'1.10'},
Jun 18 01:02:05.670933 np0000181711 devstack@neutron-api.service[107698]: 'SecurityGroup': {'1.6'},
Jun 18 01:02:05.670933 np0000181711 devstack@neutron-api.service[107698]: 'SecurityGroupRule': {'1.3'},
Jun 18 01:02:05.670933 np0000181711 devstack@neutron-api.service[107698]: 'SubPort': {'1.0'},
Jun 18 01:02:05.670933 np0000181711 devstack@neutron-api.service[107698]: 'Subnet': {'1.2'},
Jun 18 01:02:05.670933 np0000181711 devstack@neutron-api.service[107698]: 'Trunk': {'1.1'}}
Jun 18 01:02:05.670933 np0000181711 devstack@neutron-api.service[107698]: consumer versions:
Jun 18 01:02:05.670933 np0000181711 devstack@neutron-api.service[107698]: { OVN Neutron agent@np0000181711: {},
Jun 18 01:02:05.670933 np0000181711 devstack@neutron-api.service[107698]: OVN Controller Gateway agent@np0000181711: {}}
Jun 18 01:02:05.670933 np0000181711 devstack@neutron-api.service[107698]: {{(pid=107698) report /opt/stack/neutron/neutron/api/rpc/callbacks/version_manager.py:183}}
Jun 18 01:02:05.671559 np0000181711 devstack@neutron-api.service[107700]: DEBUG neutron.plugins.ml2.drivers.ovn.mech_driver.ovsdb.ovsdb_monitor [None req-cc53ec38-e9c4-413c-b724-5dee03ed8f11 None None] Hash Ring: Node 7730c1add8a25395b8da5da930838464 (host: np0000181711) handling event "update" for row 51eb02f7-5c7a-4111-ac8e-7da02b67d0a1 (table: NB_Global) {{(pid=107700) notify /opt/stack/neutron/neutron/plugins/ml2/drivers/ovn/mech_driver/ovsdb/ovsdb_monitor.py:1015}}
Jun 18 01:02:05.673013 np0000181711 devstack@neutron-api.service[107700]: DEBUG neutron.plugins.ml2.drivers.ovn.mech_driver.ovsdb.ovsdb_monitor [None req-9eb218c6-ca78-4b65-b388-95073d5f6dff None None] ChassisAgentWriteEvent : Matched Chassis_Private, update, None None {{(pid=107700) matches /opt/stack/neutron/neutron/plugins/ml2/drivers/ovn/mech_driver/ovsdb/ovsdb_monitor.py:64}}
Jun 18 01:02:05.674524 np0000181711 devstack@neutron-api.service[107701]: DEBUG neutron.plugins.ml2.drivers.ovn.mech_driver.ovsdb.ovsdb_monitor [None req-778c8e12-a9b0-48c3-9d88-dfdc64b0d92a None None] ChassisAgentWriteEvent : Matched Chassis_Private, update, None None {{(pid=107701) matches /opt/stack/neutron/neutron/plugins/ml2/drivers/ovn/mech_driver/ovsdb/ovsdb_monitor.py:64}}
Jun 18 01:02:05.676395 np0000181711 devstack@neutron-api.service[107700]: DEBUG neutron.plugins.ml2.drivers.ovn.mech_driver.ovsdb.ovsdb_monitor [None req-cc53ec38-e9c4-413c-b724-5dee03ed8f11 None None] Hash Ring: Node 7730c1add8a25395b8da5da930838464 (host: np0000181711) handling event "update" for row 51eb02f7-5c7a-4111-ac8e-7da02b67d0a1 (table: NB_Global) {{(pid=107700) notify /opt/stack/neutron/neutron/plugins/ml2/drivers/ovn/mech_driver/ovsdb/ovsdb_monitor.py:1015}}
Jun 18 01:02:05.677100 np0000181711 devstack@neutron-api.service[107699]: DEBUG neutron.plugins.ml2.drivers.ovn.mech_driver.ovsdb.ovsdb_monitor [None req-9ac49fcd-e039-41f0-b5f3-5168fb767140 None None] ChassisAgentWriteEvent : Matched Chassis_Private, update, None None {{(pid=107699) matches /opt/stack/neutron/neutron/plugins/ml2/drivers/ovn/mech_driver/ovsdb/ovsdb_monitor.py:64}}
Jun 18 01:02:05.677467 np0000181711 devstack@neutron-api.service[107698]: DEBUG neutron.plugins.ml2.drivers.ovn.mech_driver.ovsdb.ovsdb_monitor [None req-2c3da0f7-dcd6-4f3d-89bf-4a57b7dfe310 None None] ChassisAgentWriteEvent : Matched Chassis_Private, update, None None {{(pid=107698) matches /opt/stack/neutron/neutron/plugins/ml2/drivers/ovn/mech_driver/ovsdb/ovsdb_monitor.py:64}}
Jun 18 01:02:05.680676 np0000181711 devstack@neutron-api.service[107700]: DEBUG neutron.plugins.ml2.drivers.ovn.mech_driver.ovsdb.ovsdb_monitor [None req-cc53ec38-e9c4-413c-b724-5dee03ed8f11 None None] Hash Ring: Node 7730c1add8a25395b8da5da930838464 (host: np0000181711) handling event "update" for row 51eb02f7-5c7a-4111-ac8e-7da02b67d0a1 (table: NB_Global) {{(pid=107700) notify /opt/stack/neutron/neutron/plugins/ml2/drivers/ovn/mech_driver/ovsdb/ovsdb_monitor.py:1015}}
Jun 18 01:02:05.683528 np0000181711 devstack@neutron-api.service[107700]: DEBUG neutron.common.ovn.hash_ring_manager [None req-9eb218c6-ca78-4b65-b388-95073d5f6dff None None] Hash Ring loaded. 4 active nodes. 0 offline nodes {{(pid=107700) _load_hash_ring /opt/stack/neutron/neutron/common/ovn/hash_ring_manager.py:110}}
Jun 18 01:02:05.683989 np0000181711 devstack@neutron-api.service[107701]: DEBUG neutron.common.ovn.hash_ring_manager [None req-778c8e12-a9b0-48c3-9d88-dfdc64b0d92a None None] Hash Ring loaded. 4 active nodes. 0 offline nodes {{(pid=107701) _load_hash_ring /opt/stack/neutron/neutron/common/ovn/hash_ring_manager.py:110}}
Jun 18 01:02:05.684095 np0000181711 devstack@neutron-api.service[107699]: DEBUG neutron.common.ovn.hash_ring_manager [None req-9ac49fcd-e039-41f0-b5f3-5168fb767140 None None] Hash Ring loaded. 4 active nodes. 0 offline nodes {{(pid=107699) _load_hash_ring /opt/stack/neutron/neutron/common/ovn/hash_ring_manager.py:110}}
Jun 18 01:02:05.684430 np0000181711 devstack@neutron-api.service[107701]: DEBUG neutron.plugins.ml2.drivers.ovn.mech_driver.ovsdb.ovsdb_monitor [None req-778c8e12-a9b0-48c3-9d88-dfdc64b0d92a None None] Hash Ring: Node 33247b183fc0581496d1c6dbf9650029 (host: np0000181711) handling event "update" for row ace764e6-d297-46f2-96e0-197e35e9ae69 (table: Chassis_Private) {{(pid=107701) notify /opt/stack/neutron/neutron/plugins/ml2/drivers/ovn/mech_driver/ovsdb/ovsdb_monitor.py:1015}}
Jun 18 01:02:05.693331 np0000181711 devstack@neutron-api.service[107698]: DEBUG neutron.common.ovn.hash_ring_manager [None req-2c3da0f7-dcd6-4f3d-89bf-4a57b7dfe310 None None] Hash Ring loaded. 4 active nodes. 0 offline nodes {{(pid=107698) _load_hash_ring /opt/stack/neutron/neutron/common/ovn/hash_ring_manager.py:110}}
Jun 18 01:02:05.721056 np0000181711 devstack@neutron-api.service[107698]: DEBUG neutron.plugins.ml2.drivers.helpers [None req-776d89bf-f453-4d89-8618-6fb0caf15b32 admin admin] geneve segment allocate from pool success with {'geneve_vni': 58772} {{(pid=107698) allocate_partially_specified_segment /opt/stack/neutron/neutron/plugins/ml2/drivers/helpers.py:142}}
Jun 18 01:02:05.730929 np0000181711 devstack@neutron-api.service[107698]: DEBUG neutron_lib.callbacks.manager [None req-776d89bf-f453-4d89-8618-6fb0caf15b32 admin admin] Publish callbacks ['neutron.services.segments.db._add_segment_host_mapping_for_segment-8571018500150', 'neutron.plugins.ml2.plugin.Ml2Plugin._handle_segment_change-249313'] for segment (5cba41ed-f871-4da5-ae1a-e3c9dbb394b6), precommit_create {{(pid=107698) _notify_loop /opt/stack/data/venv/lib/python3.12/site-packages/neutron_lib/callbacks/manager.py:184}}
Jun 18 01:02:05.731061 np0000181711 devstack@neutron-api.service[107698]: INFO neutron.db.segments_db [None req-776d89bf-f453-4d89-8618-6fb0caf15b32 admin admin] Added segment 5cba41ed-f871-4da5-ae1a-e3c9dbb394b6 of type geneve for network cf3db0a6-1934-4a3c-a26c-32471c0e95e9
Jun 18 01:02:05.744964 np0000181711 devstack@neutron-api.service[107698]: DEBUG neutron_lib.callbacks.manager [None req-776d89bf-f453-4d89-8618-6fb0caf15b32 admin admin] Publish callbacks ['neutron.services.auto_allocate.db._ensure_external_network_default_value_callback-8571017360064'] for network (cf3db0a6-1934-4a3c-a26c-32471c0e95e9), precommit_create {{(pid=107698) _notify_loop /opt/stack/data/venv/lib/python3.12/site-packages/neutron_lib/callbacks/manager.py:184}}
Jun 18 01:02:05.757459 np0000181711 devstack@neutron-api.service[107698]: DEBUG neutron.plugins.ml2.drivers.ovn.mech_driver.mech_driver [None req-776d89bf-f453-4d89-8618-6fb0caf15b32 admin admin] Validating network segment with type geneve, segmentation ID 58772, physical network None {{(pid=107698) _validate_network_segments /opt/stack/neutron/neutron/plugins/ml2/drivers/ovn/mech_driver/mech_driver.py:643}}
Jun 18 01:02:05.757459 np0000181711 devstack@neutron-api.service[107698]: DEBUG neutron.db.ovn_revision_numbers_db [None req-776d89bf-f453-4d89-8618-6fb0caf15b32 admin admin] create_initial_revision uuid=cf3db0a6-1934-4a3c-a26c-32471c0e95e9, type=networks, rev=-1 {{(pid=107698) create_initial_revision /opt/stack/neutron/neutron/db/ovn_revision_numbers_db.py:98}}
Jun 18 01:02:05.768489 np0000181711 devstack@neutron-api.service[107698]: DEBUG neutron_lib.callbacks.manager [None req-776d89bf-f453-4d89-8618-6fb0caf15b32 admin admin] Publish callbacks ['neutron.plugins.ml2.ovo_rpc._ObjectChangeHandler.handle_event-15905123'] for network (cf3db0a6-1934-4a3c-a26c-32471c0e95e9), after_create {{(pid=107698) _notify_loop /opt/stack/data/venv/lib/python3.12/site-packages/neutron_lib/callbacks/manager.py:184}}
Jun 18 01:02:05.789163 np0000181711 devstack@neutron-api.service[107698]: DEBUG neutron.api.rpc.handlers.resources_rpc [None req-776d89bf-f453-4d89-8618-6fb0caf15b32 admin admin] Pushing event updated for resources: {'Network': ['ID=cf3db0a6-1934-4a3c-a26c-32471c0e95e9,revision_number=1']} {{(pid=107698) push /opt/stack/neutron/neutron/api/rpc/handlers/resources_rpc.py:237}}
Jun 18 01:02:05.799598 np0000181711 devstack@neutron-api.service[107698]: DEBUG ovsdbapp.backend.ovs_idl.transaction [None req-1f1fd3ac-4279-437a-833f-7939f0422f19 None None] Running txn n=1 command(idx=0): AddNetworkCommand(_result=None, network_uuid=cf3db0a6-1934-4a3c-a26c-32471c0e95e9, may_exist=True, columns={'external_ids': {'neutron:network_name': 'admin_net', 'neutron:mtu': '1372', 'neutron:revision_number': '1', 'neutron:availability_zone_hints': '', 'neutron:provnet-network-type': 'geneve'}, 'other_config': {'mcast_snoop': 'false', 'mcast_flood_unregistered': 'false', 'vlan-passthru': 'false'}}) {{(pid=107698) do_commit /opt/stack/data/venv/lib/python3.12/site-packages/ovsdbapp/backend/ovs_idl/transaction.py:89}}
Jun 18 01:02:05.806679 np0000181711 devstack@neutron-api.service[107700]: DEBUG neutron.plugins.ml2.drivers.ovn.mech_driver.ovsdb.ovsdb_monitor [None req-cc53ec38-e9c4-413c-b724-5dee03ed8f11 None None] Hash Ring: Node 7730c1add8a25395b8da5da930838464 (host: np0000181711) handling event "create" for row cf3db0a6-1934-4a3c-a26c-32471c0e95e9 (table: Logical_Switch) {{(pid=107700) notify /opt/stack/neutron/neutron/plugins/ml2/drivers/ovn/mech_driver/ovsdb/ovsdb_monitor.py:1015}}
Jun 18 01:02:05.816067 np0000181711 devstack@neutron-api.service[107701]: DEBUG neutron.plugins.ml2.drivers.ovn.mech_driver.ovsdb.ovsdb_monitor [None req-778c8e12-a9b0-48c3-9d88-dfdc64b0d92a None None] Hash Ring: Node 33247b183fc0581496d1c6dbf9650029 (host: np0000181711) handling event "create" for row 743ef634-866c-4c21-a6be-df660935d9e4 (table: Datapath_Binding) {{(pid=107701) notify /opt/stack/neutron/neutron/plugins/ml2/drivers/ovn/mech_driver/ovsdb/ovsdb_monitor.py:1015}}
Jun 18 01:02:05.830408 np0000181711 devstack@neutron-api.service[107698]: INFO neutron.db.ovn_revision_numbers_db [None req-776d89bf-f453-4d89-8618-6fb0caf15b32 admin admin] Successfully bumped revision number for resource cf3db0a6-1934-4a3c-a26c-32471c0e95e9 (type: networks) to 1
Jun 18 01:02:05.846711 np0000181711 devstack@neutron-api.service[107698]: DEBUG neutron_lib.callbacks.manager [None req-776d89bf-f453-4d89-8618-6fb0caf15b32 admin admin] Publish callbacks ['neutron.plugins.ml2.plugin.SecurityGroupDbMixin._ensure_default_security_group_handler-494529'] for port (None), before_create {{(pid=107698) _notify_loop /opt/stack/data/venv/lib/python3.12/site-packages/neutron_lib/callbacks/manager.py:184}}
Jun 18 01:02:05.915280 np0000181711 devstack@neutron-api.service[107698]: DEBUG neutron_lib.callbacks.manager [None req-776d89bf-f453-4d89-8618-6fb0caf15b32 admin admin] Publish callbacks ['neutron.plugins.ml2.drivers.ovn.mech_driver.mech_driver.OVNMechanismDriver._validate_allowed_address_pairs-200033'] for allowed_address_pair (91aeb786-be58-4c50-b840-a6e8739027d1), before_create {{(pid=107698) _notify_loop /opt/stack/data/venv/lib/python3.12/site-packages/neutron_lib/callbacks/manager.py:184}}
Jun 18 01:02:05.915762 np0000181711 devstack@neutron-api.service[107698]: DEBUG neutron_lib.callbacks.manager [None req-776d89bf-f453-4d89-8618-6fb0caf15b32 admin admin] Publish callbacks [] for port (91aeb786-be58-4c50-b840-a6e8739027d1), precommit_create {{(pid=107698) _notify_loop /opt/stack/data/venv/lib/python3.12/site-packages/neutron_lib/callbacks/manager.py:184}}
Jun 18 01:02:05.915961 np0000181711 devstack@neutron-api.service[107698]: DEBUG neutron.plugins.ml2.drivers.ovn.mech_driver.mech_driver [None req-776d89bf-f453-4d89-8618-6fb0caf15b32 admin admin] No provisioning block for port 91aeb786-be58-4c50-b840-a6e8739027d1 since it does not have a host {{(pid=107698) _is_port_provisioning_required /opt/stack/neutron/neutron/plugins/ml2/drivers/ovn/mech_driver/mech_driver.py:896}}
Jun 18 01:02:05.916083 np0000181711 devstack@neutron-api.service[107698]: DEBUG neutron.db.ovn_revision_numbers_db [None req-776d89bf-f453-4d89-8618-6fb0caf15b32 admin admin] create_initial_revision uuid=91aeb786-be58-4c50-b840-a6e8739027d1, type=ports, rev=-1 {{(pid=107698) create_initial_revision /opt/stack/neutron/neutron/db/ovn_revision_numbers_db.py:98}}
Jun 18 01:02:05.955520 np0000181711 devstack@neutron-api.service[107698]: DEBUG neutron_lib.callbacks.manager [None req-776d89bf-f453-4d89-8618-6fb0caf15b32 admin admin] Publish callbacks ['neutron.plugins.ml2.ovo_rpc._ObjectChangeHandler.handle_event-15905138'] for port (91aeb786-be58-4c50-b840-a6e8739027d1), after_create {{(pid=107698) _notify_loop /opt/stack/data/venv/lib/python3.12/site-packages/neutron_lib/callbacks/manager.py:184}}
Jun 18 01:02:05.993334 np0000181711 devstack@neutron-api.service[107698]: DEBUG neutron.api.rpc.handlers.resources_rpc [None req-776d89bf-f453-4d89-8618-6fb0caf15b32 admin admin] Pushing event updated for resources: {'Port': ['ID=91aeb786-be58-4c50-b840-a6e8739027d1,revision_number=1']} {{(pid=107698) push /opt/stack/neutron/neutron/api/rpc/handlers/resources_rpc.py:237}}
Jun 18 01:02:06.000335 np0000181711 devstack@neutron-api.service[107698]: DEBUG neutron.plugins.ml2.drivers.ovn.mech_driver.ovsdb.commands [None req-776d89bf-f453-4d89-8618-6fb0caf15b32 admin admin] Converting tag [] to a tag_request {{(pid=107698) _tag_column_to_tag_request /opt/stack/neutron/neutron/plugins/ml2/drivers/ovn/mech_driver/ovsdb/commands.py:205}}
Jun 18 01:02:06.001680 np0000181711 devstack@neutron-api.service[107698]: DEBUG ovsdbapp.backend.ovs_idl.transaction [None req-1f1fd3ac-4279-437a-833f-7939f0422f19 None None] Running txn n=1 command(idx=0): AddLSwitchPortCommand(_result=None, lport=91aeb786-be58-4c50-b840-a6e8739027d1, lswitch=neutron-cf3db0a6-1934-4a3c-a26c-32471c0e95e9, may_exist=True, network_uuid=cf3db0a6-1934-4a3c-a26c-32471c0e95e9, columns={'addresses': ['fa:16:3e:30:1f:0e'], 'external_ids': {'neutron:port_name': '', 'neutron:device_id': 'ovnmeta-cf3db0a6-1934-4a3c-a26c-32471c0e95e9', 'neutron:project_id': 'f771006b60d1476c905dcf0c4856df3a', 'neutron:cidrs': '', 'neutron:device_owner': 'network:distributed', 'neutron:subnet_pool_addr_scope4': '', 'neutron:subnet_pool_addr_scope6': '', 'neutron:network_name': 'neutron-cf3db0a6-1934-4a3c-a26c-32471c0e95e9', 'neutron:security_group_ids': '', 'neutron:revision_number': '1', 'neutron:vnic_type': 'normal', 'neutron:port_capabilities': '', 'neutron:mtu': '1372'}, 'parent_name': [], 'enabled': True, 'options': {}, 'type': 'localport', 'port_security': [], 'dhcpv4_options': [], 'dhcpv6_options': [], 'tag_request': []}) {{(pid=107698) do_commit /opt/stack/data/venv/lib/python3.12/site-packages/ovsdbapp/backend/ovs_idl/transaction.py:89}}
Jun 18 01:02:06.002815 np0000181711 devstack@neutron-api.service[107698]: DEBUG ovsdbapp.backend.ovs_idl.transaction [None req-1f1fd3ac-4279-437a-833f-7939f0422f19 None None] Running txn n=1 command(idx=1): QoSDelCommand(_result=None, switch=neutron-cf3db0a6-1934-4a3c-a26c-32471c0e95e9, conditions=[('direction', '=', 'to-lport'), ('priority', '=', 2002), ('match', '=', 'outport == "91aeb786-be58-4c50-b840-a6e8739027d1"')], if_exists=True) {{(pid=107698) do_commit /opt/stack/data/venv/lib/python3.12/site-packages/ovsdbapp/backend/ovs_idl/transaction.py:89}}
Jun 18 01:02:06.003305 np0000181711 devstack@neutron-api.service[107698]: DEBUG ovsdbapp.backend.ovs_idl.transaction [None req-1f1fd3ac-4279-437a-833f-7939f0422f19 None None] Running txn n=1 command(idx=2): QoSDelCommand(_result=None, switch=neutron-cf3db0a6-1934-4a3c-a26c-32471c0e95e9, conditions=[('direction', '=', 'from-lport'), ('priority', '=', 2002), ('match', '=', 'inport == "91aeb786-be58-4c50-b840-a6e8739027d1"')], if_exists=True) {{(pid=107698) do_commit /opt/stack/data/venv/lib/python3.12/site-packages/ovsdbapp/backend/ovs_idl/transaction.py:89}}
Jun 18 01:02:06.010142 np0000181711 devstack@neutron-api.service[107700]: DEBUG neutron.plugins.ml2.drivers.ovn.mech_driver.ovsdb.ovsdb_monitor [None req-cc53ec38-e9c4-413c-b724-5dee03ed8f11 None None] Hash Ring: Node 7730c1add8a25395b8da5da930838464 (host: np0000181711) handling event "update" for row cf3db0a6-1934-4a3c-a26c-32471c0e95e9 (table: Logical_Switch) {{(pid=107700) notify /opt/stack/neutron/neutron/plugins/ml2/drivers/ovn/mech_driver/ovsdb/ovsdb_monitor.py:1015}}
Jun 18 01:02:06.018032 np0000181711 devstack@neutron-api.service[107701]: DEBUG neutron.plugins.ml2.drivers.ovn.mech_driver.ovsdb.ovsdb_monitor [None req-2890d804-206c-4a8e-9b29-571c17e28025 None None] Hash Ring: Node 33247b183fc0581496d1c6dbf9650029 (host: np0000181711) handling event "create" for row d6c277d5-e472-475e-a25b-4e69923a0781 (table: Logical_Switch_Port) {{(pid=107701) notify /opt/stack/neutron/neutron/plugins/ml2/drivers/ovn/mech_driver/ovsdb/ovsdb_monitor.py:1015}}
Jun 18 01:02:06.018289 np0000181711 devstack@neutron-api.service[107698]: DEBUG neutron.plugins.ml2.drivers.ovn.mech_driver.ovsdb.ovsdb_monitor [None req-2c3da0f7-dcd6-4f3d-89bf-4a57b7dfe310 None None] Hash Ring: Node b0fbecbe05385eeea246ce580866c22e (host: np0000181711) handling event "create" for row 9e0daa43-3e0b-4b0e-9ac4-c5204b482fd1 (table: Port_Binding) {{(pid=107698) notify /opt/stack/neutron/neutron/plugins/ml2/drivers/ovn/mech_driver/ovsdb/ovsdb_monitor.py:1015}}
