Jun 28 15:19:26.095441 np0000183264 devstack@neutron-api.service[103535]: DEBUG neutron_lib.callbacks.manager [None req-ed182251-0d66-4251-bd3b-21f0583d83ba None None] Subscribe: > router precommit_update 55550100, False {{(pid=103535) subscribe /opt/stack/data/venv/lib/python3.12/site-packages/neutron_lib/callbacks/manager.py:52}}
Jun 28 15:19:26.095815 np0000183264 devstack@neutron-api.service[103532]: DEBUG neutron.plugins.ml2.drivers.ovn.mech_driver.mech_driver [None req-23c742ee-fd8b-411c-97a4-b89547a25ecc None None] Hash Ring setup using WSGI start time 2026-06-28 15:19:18+00:00 {{(pid=103532) _init_hash_ring /opt/stack/neutron/neutron/plugins/ml2/drivers/ovn/mech_driver/mech_driver.py:404}}
Jun 28 15:19:26.095860 np0000183264 devstack@neutron-api.service[103534]: DEBUG neutron.api.extensions [None req-bf4f141c-9813-41e2-aabe-1aa9b1b438e0 None None] Ext name="Quality of Service" alias="qos" description="The Quality of Service extension." updated="2015-06-08T10:00:00-00:00" {{(pid=103534) _check_extension /opt/stack/neutron/neutron/api/extensions.py:415}}
Jun 28 15:19:26.096160 np0000183264 devstack@neutron-api.service[103534]: INFO neutron.api.extensions [None req-bf4f141c-9813-41e2-aabe-1aa9b1b438e0 None None] Extension qos not supported by any of loaded plugins
Jun 28 15:19:26.096341 np0000183264 devstack@neutron-api.service[103534]: DEBUG neutron.api.extensions [None req-bf4f141c-9813-41e2-aabe-1aa9b1b438e0 None None] Loading extension file: qos_bw_limit_direction.py {{(pid=103534) _load_all_extensions_from_path /opt/stack/neutron/neutron/api/extensions.py:449}}
Jun 28 15:19:26.096786 np0000183264 devstack@neutron-api.service[103534]: DEBUG neutron.api.extensions [None req-bf4f141c-9813-41e2-aabe-1aa9b1b438e0 None None] Ext name="Direction for QoS bandwidth limit rule" alias="qos-bw-limit-direction" description="Allow to configure QoS bandwidth limit rule with specific direction: ingress or egress" updated="2017-04-10T10:00:00-00:00" {{(pid=103534) _check_extension /opt/stack/neutron/neutron/api/extensions.py:415}}
Jun 28 15:19:26.097109 np0000183264 devstack@neutron-api.service[103534]: INFO neutron.api.extensions [None req-bf4f141c-9813-41e2-aabe-1aa9b1b438e0 None None] Extension qos-bw-limit-direction not supported by any of loaded plugins
Jun 28 15:19:26.097256 np0000183264 devstack@neutron-api.service[103534]: DEBUG neutron.api.extensions [None req-bf4f141c-9813-41e2-aabe-1aa9b1b438e0 None None] Loading extension file: qos_bw_minimum_ingress.py {{(pid=103534) _load_all_extensions_from_path /opt/stack/neutron/neutron/api/extensions.py:449}}
Jun 28 15:19:26.097623 np0000183264 devstack@neutron-api.service[103534]: DEBUG neutron.api.extensions [None req-bf4f141c-9813-41e2-aabe-1aa9b1b438e0 None None] Ext name="Ingress direction for QoS minimum bandwidth rule" alias="qos-bw-minimum-ingress" description="Allow to configure QoS minumum bandwidth rule with ingress direction." updated="2018-07-09T10:00:00-00:00" {{(pid=103534) _check_extension /opt/stack/neutron/neutron/api/extensions.py:415}}
Jun 28 15:19:26.098021 np0000183264 devstack@neutron-api.service[103534]: INFO neutron.api.extensions [None req-bf4f141c-9813-41e2-aabe-1aa9b1b438e0 None None] Extension qos-bw-minimum-ingress not supported by any of loaded plugins
Jun 28 15:19:26.098021 np0000183264 devstack@neutron-api.service[103534]: DEBUG neutron.api.extensions [None req-bf4f141c-9813-41e2-aabe-1aa9b1b438e0 None None] Loading extension file: qos_default.py {{(pid=103534) _load_all_extensions_from_path /opt/stack/neutron/neutron/api/extensions.py:449}}
Jun 28 15:19:26.098369 np0000183264 devstack@neutron-api.service[103534]: DEBUG neutron.api.extensions [None req-bf4f141c-9813-41e2-aabe-1aa9b1b438e0 None None] Ext name="QoS default policy" alias="qos-default" description="Expose the QoS default policy per project" updated="2017-041-06T10:00:00-00:00" {{(pid=103534) _check_extension /opt/stack/neutron/neutron/api/extensions.py:415}}
Jun 28 15:19:26.098687 np0000183264 devstack@neutron-api.service[103534]: INFO neutron.api.extensions [None req-bf4f141c-9813-41e2-aabe-1aa9b1b438e0 None None] Extension qos-default not supported by any of loaded plugins
Jun 28 15:19:26.098803 np0000183264 devstack@neutron-api.service[103534]: DEBUG neutron.api.extensions [None req-bf4f141c-9813-41e2-aabe-1aa9b1b438e0 None None] Loading extension file: qos_fip.py {{(pid=103534) _load_all_extensions_from_path /opt/stack/neutron/neutron/api/extensions.py:449}}
Jun 28 15:19:26.099088 np0000183264 devstack@neutron-api.service[103534]: DEBUG neutron.api.extensions [None req-bf4f141c-9813-41e2-aabe-1aa9b1b438e0 None None] Ext name="Floating IP QoS" alias="qos-fip" description="The floating IP Quality of Service extension" updated="2017-07-20T00:00:00-00:00" {{(pid=103534) _check_extension /opt/stack/neutron/neutron/api/extensions.py:415}}
Jun 28 15:19:26.099339 np0000183264 devstack@neutron-api.service[103534]: INFO neutron.api.extensions [None req-bf4f141c-9813-41e2-aabe-1aa9b1b438e0 None None] Extension qos-fip not supported by any of loaded plugins
Jun 28 15:19:26.099399 np0000183264 devstack@neutron-api.service[103535]: DEBUG neutron.services.provider_configuration [None req-ed182251-0d66-4251-bd3b-21f0583d83ba None None] Service providers = [] {{(pid=103535) parse_service_provider_opt /opt/stack/neutron/neutron/services/provider_configuration.py:170}}
Jun 28 15:19:26.099464 np0000183264 devstack@neutron-api.service[103534]: DEBUG neutron.api.extensions [None req-bf4f141c-9813-41e2-aabe-1aa9b1b438e0 None None] Loading extension file: qos_fip_network_policy.py {{(pid=103534) _load_all_extensions_from_path /opt/stack/neutron/neutron/api/extensions.py:449}}
Jun 28 15:19:26.099519 np0000183264 devstack@neutron-api.service[103535]: DEBUG neutron.db.servicetype_db [None req-ed182251-0d66-4251-bd3b-21f0583d83ba None None] Adding provider configuration for service L3_ROUTER_NAT {{(pid=103535) add_provider_configuration /opt/stack/neutron/neutron/db/servicetype_db.py:45}}
Jun 28 15:19:26.099857 np0000183264 devstack@neutron-api.service[103534]: DEBUG neutron.api.extensions [None req-bf4f141c-9813-41e2-aabe-1aa9b1b438e0 None None] Ext name="QoS floating IP network policy ID" alias="qos-fip-network-policy" description="Adds a the QoS network ID to the floating IP definition" updated="2021-11-15T10:00:00-00:00" {{(pid=103534) _check_extension /opt/stack/neutron/neutron/api/extensions.py:415}}
Jun 28 15:19:26.100156 np0000183264 devstack@neutron-api.service[103534]: INFO neutron.api.extensions [None req-bf4f141c-9813-41e2-aabe-1aa9b1b438e0 None None] Extension qos-fip-network-policy not supported by any of loaded plugins
Jun 28 15:19:26.100389 np0000183264 devstack@neutron-api.service[103534]: DEBUG neutron.api.extensions [None req-bf4f141c-9813-41e2-aabe-1aa9b1b438e0 None None] Loading extension file: qos_gateway_ip.py {{(pid=103534) _load_all_extensions_from_path /opt/stack/neutron/neutron/api/extensions.py:449}}
Jun 28 15:19:26.100760 np0000183264 devstack@neutron-api.service[103534]: DEBUG neutron.api.extensions [None req-bf4f141c-9813-41e2-aabe-1aa9b1b438e0 None None] Ext name="Router gateway IP QoS" alias="qos-gateway-ip" description="The Router gateway IP Quality of Service extension" updated="2018-02-24T00:00:00-00:00" {{(pid=103534) _check_extension /opt/stack/neutron/neutron/api/extensions.py:415}}
Jun 28 15:19:26.100898 np0000183264 devstack@neutron-api.service[103535]: DEBUG neutron_lib.callbacks.manager [None req-ed182251-0d66-4251-bd3b-21f0583d83ba None None] Subscribe: > router precommit_create 55549900, False {{(pid=103535) subscribe /opt/stack/data/venv/lib/python3.12/site-packages/neutron_lib/callbacks/manager.py:52}}
Jun 28 15:19:26.101061 np0000183264 devstack@neutron-api.service[103535]: DEBUG neutron_lib.callbacks.manager [None req-ed182251-0d66-4251-bd3b-21f0583d83ba None None] Subscribe: > router_interface after_create 55550000, False {{(pid=103535) subscribe /opt/stack/data/venv/lib/python3.12/site-packages/neutron_lib/callbacks/manager.py:52}}
Jun 28 15:19:26.101177 np0000183264 devstack@neutron-api.service[103535]: DEBUG neutron_lib.callbacks.manager [None req-ed182251-0d66-4251-bd3b-21f0583d83ba None None] Subscribe: > floatingip after_create 55550000, False {{(pid=103535) subscribe /opt/stack/data/venv/lib/python3.12/site-packages/neutron_lib/callbacks/manager.py:52}}
Jun 28 15:19:26.101277 np0000183264 devstack@neutron-api.service[103534]: INFO neutron.api.extensions [None req-bf4f141c-9813-41e2-aabe-1aa9b1b438e0 None None] Extension qos-gateway-ip not supported by any of loaded plugins
Jun 28 15:19:26.101308 np0000183264 devstack@neutron-api.service[103535]: DEBUG neutron_lib.callbacks.manager [None req-ed182251-0d66-4251-bd3b-21f0583d83ba None None] Subscribe: > floatingip precommit_create 55550000, False {{(pid=103535) subscribe /opt/stack/data/venv/lib/python3.12/site-packages/neutron_lib/callbacks/manager.py:52}}
Jun 28 15:19:26.101404 np0000183264 devstack@neutron-api.service[103535]: DEBUG neutron_lib.callbacks.manager [None req-ed182251-0d66-4251-bd3b-21f0583d83ba None None] Subscribe: > floatingip precommit_update 55550000, False {{(pid=103535) subscribe /opt/stack/data/venv/lib/python3.12/site-packages/neutron_lib/callbacks/manager.py:52}}
Jun 28 15:19:26.101471 np0000183264 devstack@neutron-api.service[103534]: DEBUG neutron.api.extensions [None req-bf4f141c-9813-41e2-aabe-1aa9b1b438e0 None None] Loading extension file: qos_port_network_policy.py {{(pid=103534) _load_all_extensions_from_path /opt/stack/neutron/neutron/api/extensions.py:449}}
Jun 28 15:19:26.101529 np0000183264 devstack@neutron-api.service[103535]: DEBUG neutron_lib.callbacks.manager [None req-ed182251-0d66-4251-bd3b-21f0583d83ba None None] Subscribe: > floatingip after_delete 55550000, False {{(pid=103535) subscribe /opt/stack/data/venv/lib/python3.12/site-packages/neutron_lib/callbacks/manager.py:52}}
Jun 28 15:19:26.101594 np0000183264 devstack@neutron-api.service[103535]: DEBUG neutron_lib.callbacks.manager [None req-ed182251-0d66-4251-bd3b-21f0583d83ba None None] Subscribe: > floatingip after_status_update 55550000, False {{(pid=103535) subscribe /opt/stack/data/venv/lib/python3.12/site-packages/neutron_lib/callbacks/manager.py:52}}
Jun 28 15:19:26.101695 np0000183264 devstack@neutron-api.service[103535]: DEBUG neutron_lib.callbacks.manager [None req-ed182251-0d66-4251-bd3b-21f0583d83ba None None] Subscribe: > floatingip after_update 55550000, False {{(pid=103535) subscribe /opt/stack/data/venv/lib/python3.12/site-packages/neutron_lib/callbacks/manager.py:52}}
Jun 28 15:19:26.101803 np0000183264 devstack@neutron-api.service[103535]: DEBUG neutron_lib.callbacks.manager [None req-ed182251-0d66-4251-bd3b-21f0583d83ba None None] Subscribe: > port_forwarding after_create 55550000, False {{(pid=103535) subscribe /opt/stack/data/venv/lib/python3.12/site-packages/neutron_lib/callbacks/manager.py:52}}
Jun 28 15:19:26.101836 np0000183264 devstack@neutron-api.service[103534]: DEBUG neutron.api.extensions [None req-bf4f141c-9813-41e2-aabe-1aa9b1b438e0 None None] Ext name="QoS port network policy ID" alias="qos-port-network-policy" description="Adds a the QoS network ID to the port definition" updated="2019-11-01T10:00:00-00:00" {{(pid=103534) _check_extension /opt/stack/neutron/neutron/api/extensions.py:415}}
Jun 28 15:19:26.101942 np0000183264 devstack@neutron-api.service[103535]: DEBUG neutron_lib.callbacks.manager [None req-ed182251-0d66-4251-bd3b-21f0583d83ba None None] Subscribe: > router_interface after_delete 55550000, False {{(pid=103535) subscribe /opt/stack/data/venv/lib/python3.12/site-packages/neutron_lib/callbacks/manager.py:52}}
Jun 28 15:19:26.102085 np0000183264 devstack@neutron-api.service[103535]: DEBUG neutron_lib.callbacks.manager [None req-ed182251-0d66-4251-bd3b-21f0583d83ba None None] Subscribe: > router after_create 55550000, False {{(pid=103535) subscribe /opt/stack/data/venv/lib/python3.12/site-packages/neutron_lib/callbacks/manager.py:52}}
Jun 28 15:19:26.102119 np0000183264 devstack@neutron-api.service[103534]: INFO neutron.api.extensions [None req-bf4f141c-9813-41e2-aabe-1aa9b1b438e0 None None] Extension qos-port-network-policy not supported by any of loaded plugins
Jun 28 15:19:26.102146 np0000183264 devstack@neutron-api.service[103535]: DEBUG neutron_lib.callbacks.manager [None req-ed182251-0d66-4251-bd3b-21f0583d83ba None None] Subscribe: > router precommit_create 55550000, False {{(pid=103535) subscribe /opt/stack/data/venv/lib/python3.12/site-packages/neutron_lib/callbacks/manager.py:52}}
Jun 28 15:19:26.102295 np0000183264 devstack@neutron-api.service[103535]: DEBUG neutron_lib.callbacks.manager [None req-ed182251-0d66-4251-bd3b-21f0583d83ba None None] Subscribe: > router after_delete 55550000, False {{(pid=103535) subscribe /opt/stack/data/venv/lib/python3.12/site-packages/neutron_lib/callbacks/manager.py:52}}
Jun 28 15:19:26.102362 np0000183264 devstack@neutron-api.service[103535]: DEBUG neutron_lib.callbacks.manager [None req-ed182251-0d66-4251-bd3b-21f0583d83ba None None] Subscribe: > router after_update 55550000, False {{(pid=103535) subscribe /opt/stack/data/venv/lib/python3.12/site-packages/neutron_lib/callbacks/manager.py:52}}
Jun 28 15:19:26.102418 np0000183264 devstack@neutron-api.service[103534]: DEBUG neutron.api.extensions [None req-bf4f141c-9813-41e2-aabe-1aa9b1b438e0 None None] Loading extension file: qos_pps_minimum_rule.py {{(pid=103534) _load_all_extensions_from_path /opt/stack/neutron/neutron/api/extensions.py:449}}
Jun 28 15:19:26.102444 np0000183264 devstack@neutron-api.service[103535]: DEBUG neutron.services.service_base [None req-ed182251-0d66-4251-bd3b-21f0583d83ba None None] Loaded 'neutron.services.ovn_l3.service_providers.ovn.OvnDriver' provider for service L3_ROUTER_NAT {{(pid=103535) load_drivers /opt/stack/neutron/neutron/services/service_base.py:49}}
Jun 28 15:19:26.102622 np0000183264 devstack@neutron-api.service[103535]: DEBUG neutron_lib.callbacks.manager [None req-ed182251-0d66-4251-bd3b-21f0583d83ba None None] Subscribe: > process after_init 55550001, True {{(pid=103535) subscribe /opt/stack/data/venv/lib/python3.12/site-packages/neutron_lib/callbacks/manager.py:52}}
Jun 28 15:19:26.102751 np0000183264 devstack@neutron-api.service[103535]: DEBUG neutron.manager [None req-ed182251-0d66-4251-bd3b-21f0583d83ba None None] Successfully loaded L3_ROUTER_NAT plugin. Description: L3 Router Service Plugin for basic L3 forwarding using OVN {{(pid=103535) _create_and_add_service_plugin /opt/stack/neutron/neutron/manager.py:236}}
Jun 28 15:19:26.102847 np0000183264 devstack@neutron-api.service[103535]: INFO neutron.manager [None req-ed182251-0d66-4251-bd3b-21f0583d83ba None None] Loading Plugin: auto_allocate
Jun 28 15:19:26.102902 np0000183264 devstack@neutron-api.service[103534]: DEBUG neutron.api.extensions [None req-bf4f141c-9813-41e2-aabe-1aa9b1b438e0 None None] Ext name="QoS minimum packet rate rule" alias="qos-pps-minimum" description="Allow to configure QoS minimum packet rate rule." updated="2021-07-14T10:00:00-00:00" {{(pid=103534) _check_extension /opt/stack/neutron/neutron/api/extensions.py:415}}
Jun 28 15:19:26.103105 np0000183264 devstack@neutron-api.service[103534]: INFO neutron.api.extensions [None req-bf4f141c-9813-41e2-aabe-1aa9b1b438e0 None None] Extension qos-pps-minimum not supported by any of loaded plugins
Jun 28 15:19:26.103295 np0000183264 devstack@neutron-api.service[103534]: DEBUG neutron.api.extensions [None req-bf4f141c-9813-41e2-aabe-1aa9b1b438e0 None None] Loading extension file: qos_pps_minimum_rule_alias.py {{(pid=103534) _load_all_extensions_from_path /opt/stack/neutron/neutron/api/extensions.py:449}}
Jun 28 15:19:26.103684 np0000183264 devstack@neutron-api.service[103534]: DEBUG neutron.api.extensions [None req-bf4f141c-9813-41e2-aabe-1aa9b1b438e0 None None] Ext name="QoS minimum packet rate rule alias" alias="qos-pps-minimum-rule-alias" description="API to enable GET, PUT and DELETE operations on QoS minimum packet rate rule without specifying policy ID" updated="2021-10-22T10:00:00-00:00" {{(pid=103534) _check_extension /opt/stack/neutron/neutron/api/extensions.py:415}}
Jun 28 15:19:26.103807 np0000183264 devstack@neutron-api.service[103535]: DEBUG neutron_lib.callbacks.manager [None req-ed182251-0d66-4251-bd3b-21f0583d83ba None None] Subscribe: network precommit_update 55550000, False {{(pid=103535) subscribe /opt/stack/data/venv/lib/python3.12/site-packages/neutron_lib/callbacks/manager.py:52}}
Jun 28 15:19:26.104024 np0000183264 devstack@neutron-api.service[103535]: DEBUG neutron_lib.callbacks.manager [None req-ed182251-0d66-4251-bd3b-21f0583d83ba None None] Subscribe: network precommit_create 55550000, False {{(pid=103535) subscribe /opt/stack/data/venv/lib/python3.12/site-packages/neutron_lib/callbacks/manager.py:52}}
Jun 28 15:19:26.104115 np0000183264 devstack@neutron-api.service[103534]: INFO neutron.api.extensions [None req-bf4f141c-9813-41e2-aabe-1aa9b1b438e0 None None] Extension qos-pps-minimum-rule-alias not supported by any of loaded plugins
Jun 28 15:19:26.104313 np0000183264 devstack@neutron-api.service[103534]: DEBUG neutron.api.extensions [None req-bf4f141c-9813-41e2-aabe-1aa9b1b438e0 None None] Loading extension file: qos_pps_rule.py {{(pid=103534) _load_all_extensions_from_path /opt/stack/neutron/neutron/api/extensions.py:449}}
Jun 28 15:19:26.104537 np0000183264 devstack@neutron-api.service[103535]: DEBUG neutron.manager [None req-ed182251-0d66-4251-bd3b-21f0583d83ba None None] Successfully loaded auto-allocated-topology plugin. Description: Auto Allocated Topology - aka get me a network. {{(pid=103535) _create_and_add_service_plugin /opt/stack/neutron/neutron/manager.py:236}}
Jun 28 15:19:26.104619 np0000183264 devstack@neutron-api.service[103535]: INFO neutron.manager [None req-ed182251-0d66-4251-bd3b-21f0583d83ba None None] Loading Plugin: tag
Jun 28 15:19:26.104701 np0000183264 devstack@neutron-api.service[103534]: DEBUG neutron.api.extensions [None req-bf4f141c-9813-41e2-aabe-1aa9b1b438e0 None None] Ext name="QoS Rule Type Packet per Second Extension" alias="qos-pps" description="Add QoS Rule Type Packet per Second" updated="2021-05-12T10:00:00-00:00" {{(pid=103534) _check_extension /opt/stack/neutron/neutron/api/extensions.py:415}}
Jun 28 15:19:26.104942 np0000183264 devstack@neutron-api.service[103534]: INFO neutron.api.extensions [None req-bf4f141c-9813-41e2-aabe-1aa9b1b438e0 None None] Extension qos-pps not supported by any of loaded plugins
Jun 28 15:19:26.105079 np0000183264 devstack@neutron-api.service[103534]: DEBUG neutron.api.extensions [None req-bf4f141c-9813-41e2-aabe-1aa9b1b438e0 None None] Loading extension file: qos_rule_type_details.py {{(pid=103534) _load_all_extensions_from_path /opt/stack/neutron/neutron/api/extensions.py:449}}
Jun 28 15:19:26.105397 np0000183264 devstack@neutron-api.service[103534]: DEBUG neutron.api.extensions [None req-bf4f141c-9813-41e2-aabe-1aa9b1b438e0 None None] Ext name="Details of QoS rule types" alias="qos-rule-type-details" description="Expose details about QoS rule types supported by loaded backend drivers" updated="2017-06-22T10:00:00-00:00" {{(pid=103534) _check_extension /opt/stack/neutron/neutron/api/extensions.py:415}}
Jun 28 15:19:26.105637 np0000183264 devstack@neutron-api.service[103534]: INFO neutron.api.extensions [None req-bf4f141c-9813-41e2-aabe-1aa9b1b438e0 None None] Extension qos-rule-type-details not supported by any of loaded plugins
Jun 28 15:19:26.105829 np0000183264 devstack@neutron-api.service[103534]: DEBUG neutron.api.extensions [None req-bf4f141c-9813-41e2-aabe-1aa9b1b438e0 None None] Loading extension file: qos_rule_type_filter.py {{(pid=103534) _load_all_extensions_from_path /opt/stack/neutron/neutron/api/extensions.py:449}}
Jun 28 15:19:26.106096 np0000183264 devstack@neutron-api.service[103534]: DEBUG neutron.api.extensions [None req-bf4f141c-9813-41e2-aabe-1aa9b1b438e0 None None] Ext name="Allow to filter the list of QoS rule types" alias="qos-rule-type-filter" description="Allows to filter the QoS rule type list adding two new flags. "all_rules" prints all implemented QoS rule types."all_supported" prints all supported QoS rule types by the loaded mechanism drivers" updated="2022-02-02T10:00:00-00:00" {{(pid=103534) _check_extension /opt/stack/neutron/neutron/api/extensions.py:415}}
Jun 28 15:19:26.106372 np0000183264 devstack@neutron-api.service[103534]: INFO neutron.api.extensions [None req-bf4f141c-9813-41e2-aabe-1aa9b1b438e0 None None] Extension qos-rule-type-filter not supported by any of loaded plugins
Jun 28 15:19:26.106466 np0000183264 devstack@neutron-api.service[103534]: DEBUG neutron.api.extensions [None req-bf4f141c-9813-41e2-aabe-1aa9b1b438e0 None None] Loading extension file: qos_rules_alias.py {{(pid=103534) _load_all_extensions_from_path /opt/stack/neutron/neutron/api/extensions.py:449}}
Jun 28 15:19:26.106918 np0000183264 devstack@neutron-api.service[103534]: DEBUG neutron.api.extensions [None req-bf4f141c-9813-41e2-aabe-1aa9b1b438e0 None None] Ext name="Quality of Service rules alias API" alias="qos-rules-alias" description="API to enable GET, PUT and DELETE operations on QoS policy rules without specifying policy ID" updated="2018-10-07T10:00:00-00:00" {{(pid=103534) _check_extension /opt/stack/neutron/neutron/api/extensions.py:415}}
Jun 28 15:19:26.107205 np0000183264 devstack@neutron-api.service[103534]: INFO neutron.api.extensions [None req-bf4f141c-9813-41e2-aabe-1aa9b1b438e0 None None] Extension qos-rules-alias not supported by any of loaded plugins
Jun 28 15:19:26.107335 np0000183264 devstack@neutron-api.service[103534]: DEBUG neutron.api.extensions [None req-bf4f141c-9813-41e2-aabe-1aa9b1b438e0 None None] Loading extension file: quota_check_limit.py {{(pid=103534) _load_all_extensions_from_path /opt/stack/neutron/neutron/api/extensions.py:449}}
Jun 28 15:19:26.107645 np0000183264 devstack@neutron-api.service[103535]: DEBUG neutron.manager [None req-ed182251-0d66-4251-bd3b-21f0583d83ba None None] Successfully loaded TAG plugin. Description: Tag support {{(pid=103535) _create_and_add_service_plugin /opt/stack/neutron/neutron/manager.py:236}}
Jun 28 15:19:26.107706 np0000183264 devstack@neutron-api.service[103534]: DEBUG neutron.api.extensions [None req-bf4f141c-9813-41e2-aabe-1aa9b1b438e0 None None] Ext name="Quota engine limit check" alias="quota-check-limit" description="Support for checking the resource usage before applying a new quota limit" updated="2021-09-08T16:00:00-00:00" {{(pid=103534) _check_extension /opt/stack/neutron/neutron/api/extensions.py:415}}
Jun 28 15:19:26.107772 np0000183264 devstack@neutron-api.service[103535]: INFO neutron.manager [None req-ed182251-0d66-4251-bd3b-21f0583d83ba None None] Loading Plugin: timestamp
Jun 28 15:19:26.107931 np0000183264 devstack@neutron-api.service[103534]: INFO neutron.api.extensions [None req-bf4f141c-9813-41e2-aabe-1aa9b1b438e0 None None] Loaded extension: quota-check-limit
Jun 28 15:19:26.108067 np0000183264 devstack@neutron-api.service[103534]: DEBUG neutron.api.extensions [None req-bf4f141c-9813-41e2-aabe-1aa9b1b438e0 None None] Loading extension file: quota_check_limit_default.py {{(pid=103534) _load_all_extensions_from_path /opt/stack/neutron/neutron/api/extensions.py:449}}
Jun 28 15:19:26.108399 np0000183264 devstack@neutron-api.service[103534]: DEBUG neutron.api.extensions [None req-bf4f141c-9813-41e2-aabe-1aa9b1b438e0 None None] Ext name="Quota engine limit check by default" alias="quota-check-limit-default" description="By default, the Neutron quota engine checks the resource usage before applying a new quota limit" updated="2024-08-21T16:00:00-00:00" {{(pid=103534) _check_extension /opt/stack/neutron/neutron/api/extensions.py:415}}
Jun 28 15:19:26.108694 np0000183264 devstack@neutron-api.service[103534]: INFO neutron.api.extensions [None req-bf4f141c-9813-41e2-aabe-1aa9b1b438e0 None None] Loaded extension: quota-check-limit-default
Jun 28 15:19:26.108825 np0000183264 devstack@neutron-api.service[103534]: DEBUG neutron.api.extensions [None req-bf4f141c-9813-41e2-aabe-1aa9b1b438e0 None None] Loading extension file: quotasv2.py {{(pid=103534) _load_all_extensions_from_path /opt/stack/neutron/neutron/api/extensions.py:449}}
Jun 28 15:19:26.109325 np0000183264 devstack@neutron-api.service[103535]: DEBUG neutron.manager [None req-ed182251-0d66-4251-bd3b-21f0583d83ba None None] Successfully loaded timestamp plugin. Description: Adds timestamps to Neutron resources with standard attributes {{(pid=103535) _create_and_add_service_plugin /opt/stack/neutron/neutron/manager.py:236}}
Jun 28 15:19:26.109420 np0000183264 devstack@neutron-api.service[103535]: INFO neutron.manager [None req-ed182251-0d66-4251-bd3b-21f0583d83ba None None] Loading Plugin: network_ip_availability
Jun 28 15:19:26.109633 np0000183264 devstack@neutron-api.service[103534]: DEBUG neutron.api.extensions [None req-bf4f141c-9813-41e2-aabe-1aa9b1b438e0 None None] Ext name="Quota management support" alias="quotas" description="Expose functions for quotas management per project" updated="2012-07-29T10:00:00-00:00" {{(pid=103534) _check_extension /opt/stack/neutron/neutron/api/extensions.py:415}}
Jun 28 15:19:26.112672 np0000183264 devstack@neutron-api.service[103534]: INFO neutron.api.extensions [None req-bf4f141c-9813-41e2-aabe-1aa9b1b438e0 None None] Loaded extension: quotas
Jun 28 15:19:26.112672 np0000183264 devstack@neutron-api.service[103534]: DEBUG neutron.api.extensions [None req-bf4f141c-9813-41e2-aabe-1aa9b1b438e0 None None] Loading extension file: quotasv2_detail.py {{(pid=103534) _load_all_extensions_from_path /opt/stack/neutron/neutron/api/extensions.py:449}}
Jun 28 15:19:26.112772 np0000183264 devstack@neutron-api.service[103532]: INFO neutron.db.ovn_hash_ring_db [None req-23c742ee-fd8b-411c-97a4-b89547a25ecc None None] Nodes from host "np0000183264" and group "mechanism_driver" removed from the Hash Ring created at 2026-06-28 15:19:18+00:00
Jun 28 15:19:26.112836 np0000183264 devstack@neutron-api.service[103534]: DEBUG neutron.api.extensions [None req-bf4f141c-9813-41e2-aabe-1aa9b1b438e0 None None] Ext name="Quota details management support" alias="quota_details" description="Expose functions for quotas usage statistics per project" updated="2017-02-10T10:00:00-00:00" {{(pid=103534) _check_extension /opt/stack/neutron/neutron/api/extensions.py:415}}
Jun 28 15:19:26.112909 np0000183264 devstack@neutron-api.service[103535]: DEBUG neutron.manager [None req-ed182251-0d66-4251-bd3b-21f0583d83ba None None] Successfully loaded network-ip-availability plugin. Description: Provides IP availability data for each network and subnet. {{(pid=103535) _create_and_add_service_plugin /opt/stack/neutron/neutron/manager.py:236}}
Jun 28 15:19:26.112978 np0000183264 devstack@neutron-api.service[103534]: INFO neutron.api.extensions [None req-bf4f141c-9813-41e2-aabe-1aa9b1b438e0 None None] Loaded extension: quota_details
Jun 28 15:19:26.113038 np0000183264 devstack@neutron-api.service[103535]: INFO neutron.manager [None req-ed182251-0d66-4251-bd3b-21f0583d83ba None None] Loading Plugin: flavors
Jun 28 15:19:26.113105 np0000183264 devstack@neutron-api.service[103534]: DEBUG neutron.api.extensions [None req-bf4f141c-9813-41e2-aabe-1aa9b1b438e0 None None] Loading extension file: rbac.py {{(pid=103534) _load_all_extensions_from_path /opt/stack/neutron/neutron/api/extensions.py:449}}
Jun 28 15:19:26.113174 np0000183264 devstack@neutron-api.service[103535]: DEBUG neutron.manager [None req-ed182251-0d66-4251-bd3b-21f0583d83ba None None] Successfully loaded FLAVORS plugin. Description: Neutron Flavors and Service Profiles manager plugin {{(pid=103535) _create_and_add_service_plugin /opt/stack/neutron/neutron/manager.py:236}}
Jun 28 15:19:26.113174 np0000183264 devstack@neutron-api.service[103535]: INFO neutron.manager [None req-ed182251-0d66-4251-bd3b-21f0583d83ba None None] Loading Plugin: revisions
Jun 28 15:19:26.113266 np0000183264 devstack@neutron-api.service[103534]: DEBUG neutron.api.extensions [None req-bf4f141c-9813-41e2-aabe-1aa9b1b438e0 None None] Ext name="RBAC Policies" alias="rbac-policies" description="Allows creation and modification of policies that control project access to resources." updated="2015-06-17T12:15:12-00:00" {{(pid=103534) _check_extension /opt/stack/neutron/neutron/api/extensions.py:415}}
Jun 28 15:19:26.113266 np0000183264 devstack@neutron-api.service[103534]: INFO neutron.api.extensions [None req-bf4f141c-9813-41e2-aabe-1aa9b1b438e0 None None] Loaded extension: rbac-policies
Jun 28 15:19:26.113266 np0000183264 devstack@neutron-api.service[103534]: DEBUG neutron.api.extensions [None req-bf4f141c-9813-41e2-aabe-1aa9b1b438e0 None None] Loading extension file: rbac_address_group.py {{(pid=103534) _load_all_extensions_from_path /opt/stack/neutron/neutron/api/extensions.py:449}}
Jun 28 15:19:26.113676 np0000183264 devstack@neutron-api.service[103534]: DEBUG neutron.api.extensions [None req-bf4f141c-9813-41e2-aabe-1aa9b1b438e0 None None] Ext name="Add address_group type to RBAC" alias="rbac-address-group" description="Add address_group type to network RBAC" updated="2021-01-20T00:00:00-00:00" {{(pid=103534) _check_extension /opt/stack/neutron/neutron/api/extensions.py:415}}
Jun 28 15:19:26.114424 np0000183264 devstack@neutron-api.service[103534]: INFO neutron.api.extensions [None req-bf4f141c-9813-41e2-aabe-1aa9b1b438e0 None None] Extension rbac-address-group not supported by any of loaded plugins
Jun 28 15:19:26.114511 np0000183264 devstack@neutron-api.service[103535]: DEBUG neutron.manager [None req-ed182251-0d66-4251-bd3b-21f0583d83ba None None] Successfully loaded revision_plugin plugin. Description: Adds revision numbers to resources. {{(pid=103535) _create_and_add_service_plugin /opt/stack/neutron/neutron/manager.py:236}}
Jun 28 15:19:26.114611 np0000183264 devstack@neutron-api.service[103534]: DEBUG neutron.api.extensions [None req-bf4f141c-9813-41e2-aabe-1aa9b1b438e0 None None] Loading extension file: rbac_address_scope.py {{(pid=103534) _load_all_extensions_from_path /opt/stack/neutron/neutron/api/extensions.py:449}}
Jun 28 15:19:26.114780 np0000183264 devstack@neutron-api.service[103535]: DEBUG oslo_concurrency.lockutils [None req-ed182251-0d66-4251-bd3b-21f0583d83ba None None] Lock "manager" "released" by "neutron.manager.NeutronManager._create_instance" :: held 5.183s {{(pid=103535) inner /opt/stack/data/venv/lib/python3.12/site-packages/oslo_concurrency/lockutils.py:543}}
Jun 28 15:19:26.114871 np0000183264 devstack@neutron-api.service[103534]: DEBUG neutron.api.extensions [None req-bf4f141c-9813-41e2-aabe-1aa9b1b438e0 None None] Ext name="Add address_scope type to RBAC" alias="rbac-address-scope" description="Add address_scope type to RBAC" updated="2020-02-12T00:00:00-00:00" {{(pid=103534) _check_extension /opt/stack/neutron/neutron/api/extensions.py:415}}
Jun 28 15:19:26.114957 np0000183264 devstack@neutron-api.service[103535]: DEBUG neutron.api.extensions [None req-ed182251-0d66-4251-bd3b-21f0583d83ba None None] get_extension_paths = OrderedDict({'/opt/stack/neutron/neutron/extensions': 1}) {{(pid=103535) get_extensions_path /opt/stack/neutron/neutron/api/extensions.py:640}}
Jun 28 15:19:26.114957 np0000183264 devstack@neutron-api.service[103535]: INFO neutron.api.extensions [None req-ed182251-0d66-4251-bd3b-21f0583d83ba None None] Initializing extension manager.
Jun 28 15:19:26.115097 np0000183264 devstack@neutron-api.service[103534]: INFO neutron.api.extensions [None req-bf4f141c-9813-41e2-aabe-1aa9b1b438e0 None None] Loaded extension: rbac-address-scope
Jun 28 15:19:26.115204 np0000183264 devstack@neutron-api.service[103535]: DEBUG neutron.api.extensions [None req-ed182251-0d66-4251-bd3b-21f0583d83ba None None] Loading extension file: __init__.py {{(pid=103535) _load_all_extensions_from_path /opt/stack/neutron/neutron/api/extensions.py:449}}
Jun 28 15:19:26.115294 np0000183264 devstack@neutron-api.service[103534]: DEBUG neutron.api.extensions [None req-bf4f141c-9813-41e2-aabe-1aa9b1b438e0 None None] Loading extension file: rbac_security_groups.py {{(pid=103534) _load_all_extensions_from_path /opt/stack/neutron/neutron/api/extensions.py:449}}
Jun 28 15:19:26.115385 np0000183264 devstack@neutron-api.service[103535]: DEBUG neutron.api.extensions [None req-ed182251-0d66-4251-bd3b-21f0583d83ba None None] Loading extension file: __pycache__ {{(pid=103535) _load_all_extensions_from_path /opt/stack/neutron/neutron/api/extensions.py:449}}
Jun 28 15:19:26.115385 np0000183264 devstack@neutron-api.service[103535]: DEBUG neutron.api.extensions [None req-ed182251-0d66-4251-bd3b-21f0583d83ba None None] Loading extension file: aap_reject_multicast.py {{(pid=103535) _load_all_extensions_from_path /opt/stack/neutron/neutron/api/extensions.py:449}}
Jun 28 15:19:26.115506 np0000183264 devstack@neutron-api.service[103534]: DEBUG neutron.api.extensions [None req-bf4f141c-9813-41e2-aabe-1aa9b1b438e0 None None] Ext name="Add security_group type to network RBAC" alias="rbac-security-groups" description="Add security_group type to network RBAC" updated="2019-02-14T00:00:00-00:00" {{(pid=103534) _check_extension /opt/stack/neutron/neutron/api/extensions.py:415}}
Jun 28 15:19:26.115592 np0000183264 devstack@neutron-api.service[103535]: DEBUG neutron.api.extensions [None req-ed182251-0d66-4251-bd3b-21f0583d83ba None None] Ext name="Allowed address pairs reject multicast extension" alias="aap-reject-multicast" description="Reject multicast addresses in Allowed Address Pairs" updated="2026-04-01T00:00:00-00:00" {{(pid=103535) _check_extension /opt/stack/neutron/neutron/api/extensions.py:415}}
Jun 28 15:19:26.115723 np0000183264 devstack@neutron-api.service[103534]: INFO neutron.api.extensions [None req-bf4f141c-9813-41e2-aabe-1aa9b1b438e0 None None] Loaded extension: rbac-security-groups
Jun 28 15:19:26.115723 np0000183264 devstack@neutron-api.service[103534]: DEBUG neutron.api.extensions [None req-bf4f141c-9813-41e2-aabe-1aa9b1b438e0 None None] Loading extension file: rbac_subnetpool.py {{(pid=103534) _load_all_extensions_from_path /opt/stack/neutron/neutron/api/extensions.py:449}}
Jun 28 15:19:26.115852 np0000183264 devstack@neutron-api.service[103535]: INFO neutron.api.extensions [None req-ed182251-0d66-4251-bd3b-21f0583d83ba None None] Extension aap-reject-multicast not supported by any of loaded plugins
Jun 28 15:19:26.115938 np0000183264 devstack@neutron-api.service[103535]: DEBUG neutron.api.extensions [None req-ed182251-0d66-4251-bd3b-21f0583d83ba None None] Loading extension file: address_group.py {{(pid=103535) _load_all_extensions_from_path /opt/stack/neutron/neutron/api/extensions.py:449}}
Jun 28 15:19:26.116066 np0000183264 devstack@neutron-api.service[103534]: DEBUG neutron.api.extensions [None req-bf4f141c-9813-41e2-aabe-1aa9b1b438e0 None None] Ext name="Add subnetpool type to RBAC" alias="rbac-subnetpool" description="Add subnetpool type to RBAC" updated="2020-02-05T00:00:00-00:00" {{(pid=103534) _check_extension /opt/stack/neutron/neutron/api/extensions.py:415}}
Jun 28 15:19:26.116352 np0000183264 devstack@neutron-api.service[103535]: DEBUG neutron.api.extensions [None req-ed182251-0d66-4251-bd3b-21f0583d83ba None None] Ext name="Address group" alias="address-group" description="Support address group" updated="2020-07-15T10:00:00-00:00" {{(pid=103535) _check_extension /opt/stack/neutron/neutron/api/extensions.py:415}}
Jun 28 15:19:26.116447 np0000183264 devstack@neutron-api.service[103534]: INFO neutron.api.extensions [None req-bf4f141c-9813-41e2-aabe-1aa9b1b438e0 None None] Extension rbac-subnetpool not supported by any of loaded plugins
Jun 28 15:19:26.116447 np0000183264 devstack@neutron-api.service[103534]: DEBUG neutron.api.extensions [None req-bf4f141c-9813-41e2-aabe-1aa9b1b438e0 None None] Loading extension file: revisionifmatch.py {{(pid=103534) _load_all_extensions_from_path /opt/stack/neutron/neutron/api/extensions.py:449}}
Jun 28 15:19:26.116581 np0000183264 devstack@neutron-api.service[103535]: INFO neutron.api.extensions [None req-ed182251-0d66-4251-bd3b-21f0583d83ba None None] Loaded extension: address-group
Jun 28 15:19:26.116743 np0000183264 devstack@neutron-api.service[103535]: DEBUG neutron.api.extensions [None req-ed182251-0d66-4251-bd3b-21f0583d83ba None None] Loading extension file: address_scope.py {{(pid=103535) _load_all_extensions_from_path /opt/stack/neutron/neutron/api/extensions.py:449}}
Jun 28 15:19:26.116831 np0000183264 devstack@neutron-api.service[103534]: DEBUG neutron.api.extensions [None req-bf4f141c-9813-41e2-aabe-1aa9b1b438e0 None None] Ext name="If-Match constraints based on revision_number" alias="revision-if-match" description="Extension indicating that If-Match based on revision_number is supported." updated="2016-12-11T00:00:00-00:00" {{(pid=103534) _check_extension /opt/stack/neutron/neutron/api/extensions.py:415}}
Jun 28 15:19:26.117073 np0000183264 devstack@neutron-api.service[103535]: DEBUG neutron.api.extensions [None req-ed182251-0d66-4251-bd3b-21f0583d83ba None None] Ext name="Address scope" alias="address-scope" description="Address scopes extension." updated="2015-07-26T10:00:00-00:00" {{(pid=103535) _check_extension /opt/stack/neutron/neutron/api/extensions.py:415}}
Jun 28 15:19:26.117162 np0000183264 devstack@neutron-api.service[103534]: INFO neutron.api.extensions [None req-bf4f141c-9813-41e2-aabe-1aa9b1b438e0 None None] Loaded extension: revision-if-match
Jun 28 15:19:26.117257 np0000183264 devstack@neutron-api.service[103535]: INFO neutron.api.extensions [None req-ed182251-0d66-4251-bd3b-21f0583d83ba None None] Loaded extension: address-scope
Jun 28 15:19:26.117344 np0000183264 devstack@neutron-api.service[103534]: DEBUG neutron.api.extensions [None req-bf4f141c-9813-41e2-aabe-1aa9b1b438e0 None None] Loading extension file: revisions.py {{(pid=103534) _load_all_extensions_from_path /opt/stack/neutron/neutron/api/extensions.py:449}}
Jun 28 15:19:26.117438 np0000183264 devstack@neutron-api.service[103535]: DEBUG neutron.api.extensions [None req-ed182251-0d66-4251-bd3b-21f0583d83ba None None] Loading extension file: admin_state_down_before_update.py {{(pid=103535) _load_all_extensions_from_path /opt/stack/neutron/neutron/api/extensions.py:449}}
Jun 28 15:19:26.117569 np0000183264 devstack@neutron-api.service[103535]: DEBUG neutron.api.extensions [None req-ed182251-0d66-4251-bd3b-21f0583d83ba None None] Ext name="Enforce Router's Admin State Down Before Update Extension" alias="router-admin-state-down-before-update" description="Ensure that the admin state of a router is DOWN (admin_state_up=False) before updating the distributed attribute" updated="2019-07-02T15:56:00" {{(pid=103535) _check_extension /opt/stack/neutron/neutron/api/extensions.py:415}}
Jun 28 15:19:26.117982 np0000183264 devstack@neutron-api.service[103534]: DEBUG neutron.api.extensions [None req-bf4f141c-9813-41e2-aabe-1aa9b1b438e0 None None] Ext name="Resource revision numbers" alias="standard-attr-revisions" description="This extension will display the revision number of neutron resources." updated="2016-04-11T10:00:00-00:00" {{(pid=103534) _check_extension /opt/stack/neutron/neutron/api/extensions.py:415}}
Jun 28 15:19:26.118093 np0000183264 devstack@neutron-api.service[103535]: INFO neutron.api.extensions [None req-ed182251-0d66-4251-bd3b-21f0583d83ba None None] Extension router-admin-state-down-before-update not supported by any of loaded plugins
Jun 28 15:19:26.118093 np0000183264 devstack@neutron-api.service[103535]: DEBUG neutron.api.extensions [None req-ed182251-0d66-4251-bd3b-21f0583d83ba None None] Loading extension file: agent.py {{(pid=103535) _load_all_extensions_from_path /opt/stack/neutron/neutron/api/extensions.py:449}}
Jun 28 15:19:26.118236 np0000183264 devstack@neutron-api.service[103534]: INFO neutron.api.extensions [None req-bf4f141c-9813-41e2-aabe-1aa9b1b438e0 None None] Loaded extension: standard-attr-revisions
Jun 28 15:19:26.118236 np0000183264 devstack@neutron-api.service[103534]: DEBUG neutron.api.extensions [None req-bf4f141c-9813-41e2-aabe-1aa9b1b438e0 None None] Loading extension file: router_availability_zone.py {{(pid=103534) _load_all_extensions_from_path /opt/stack/neutron/neutron/api/extensions.py:449}}
Jun 28 15:19:26.118362 np0000183264 devstack@neutron-api.service[103535]: DEBUG neutron.api.extensions [None req-ed182251-0d66-4251-bd3b-21f0583d83ba None None] Ext name="agent" alias="agent" description="The agent management extension." updated="2013-02-03T10:00:00-00:00" {{(pid=103535) _check_extension /opt/stack/neutron/neutron/api/extensions.py:415}}
Jun 28 15:19:26.118362 np0000183264 devstack@neutron-api.service[103535]: INFO neutron.api.extensions [None req-ed182251-0d66-4251-bd3b-21f0583d83ba None None] Loaded extension: agent
Jun 28 15:19:26.118470 np0000183264 devstack@neutron-api.service[103535]: DEBUG neutron.api.extensions [None req-ed182251-0d66-4251-bd3b-21f0583d83ba None None] Loading extension file: agent_resources_synced.py {{(pid=103535) _load_all_extensions_from_path /opt/stack/neutron/neutron/api/extensions.py:449}}
Jun 28 15:19:26.118621 np0000183264 devstack@neutron-api.service[103534]: DEBUG neutron.api.extensions [None req-bf4f141c-9813-41e2-aabe-1aa9b1b438e0 None None] Ext name="Router Availability Zone" alias="router_availability_zone" description="Availability zone support for router." updated="2015-01-01T10:00:00-00:00" {{(pid=103534) _check_extension /opt/stack/neutron/neutron/api/extensions.py:415}}
Jun 28 15:19:26.118768 np0000183264 devstack@neutron-api.service[103535]: DEBUG neutron.api.extensions [None req-ed182251-0d66-4251-bd3b-21f0583d83ba None None] Ext name="Agent's Resource View Synced to Placement" alias="agent-resources-synced" description="Stores success/failure of last sync to Placement" updated="2018-12-19T00:00:00-00:00" {{(pid=103535) _check_extension /opt/stack/neutron/neutron/api/extensions.py:415}}
Jun 28 15:19:26.118922 np0000183264 devstack@neutron-api.service[103534]: INFO neutron.api.extensions [None req-bf4f141c-9813-41e2-aabe-1aa9b1b438e0 None None] Loaded extension: router_availability_zone
Jun 28 15:19:26.119007 np0000183264 devstack@neutron-api.service[103535]: INFO neutron.api.extensions [None req-ed182251-0d66-4251-bd3b-21f0583d83ba None None] Extension agent-resources-synced not supported by any of loaded plugins
Jun 28 15:19:26.119092 np0000183264 devstack@neutron-api.service[103534]: DEBUG neutron.api.extensions [None req-bf4f141c-9813-41e2-aabe-1aa9b1b438e0 None None] Loading extension file: router_enable_snat.py {{(pid=103534) _load_all_extensions_from_path /opt/stack/neutron/neutron/api/extensions.py:449}}
Jun 28 15:19:26.119174 np0000183264 devstack@neutron-api.service[103535]: DEBUG neutron.api.extensions [None req-ed182251-0d66-4251-bd3b-21f0583d83ba None None] Loading extension file: agent_sort_key.py {{(pid=103535) _load_all_extensions_from_path /opt/stack/neutron/neutron/api/extensions.py:449}}
Jun 28 15:19:26.119366 np0000183264 devstack@neutron-api.service[103535]: DEBUG neutron.api.extensions [None req-ed182251-0d66-4251-bd3b-21f0583d83ba None None] Ext name="Agents Sort Key" alias="agent_sort_key" description="Enabling the keyword sort_key for sorting in agents." updated="2013-02-03T10:00:00-00:00" {{(pid=103535) _check_extension /opt/stack/neutron/neutron/api/extensions.py:415}}
Jun 28 15:19:26.119547 np0000183264 devstack@neutron-api.service[103534]: DEBUG neutron.api.extensions [None req-bf4f141c-9813-41e2-aabe-1aa9b1b438e0 None None] Ext name="Exposes the router "enable_snat" read-only configuration flag" alias="router-enable-snat" description="Exposes the router "enable_snat" read-only configuration flag" updated="2025-09-18T18:00:00-00:00" {{(pid=103534) _check_extension /opt/stack/neutron/neutron/api/extensions.py:415}}
Jun 28 15:19:26.119752 np0000183264 devstack@neutron-api.service[103535]: INFO neutron.api.extensions [None req-ed182251-0d66-4251-bd3b-21f0583d83ba None None] Extension agent_sort_key not supported by any of loaded plugins
Jun 28 15:19:26.119752 np0000183264 devstack@neutron-api.service[103535]: DEBUG neutron.api.extensions [None req-ed182251-0d66-4251-bd3b-21f0583d83ba None None] Loading extension file: allowedaddresspairs.py {{(pid=103535) _load_all_extensions_from_path /opt/stack/neutron/neutron/api/extensions.py:449}}
Jun 28 15:19:26.119873 np0000183264 devstack@neutron-api.service[103534]: INFO neutron.api.extensions [None req-bf4f141c-9813-41e2-aabe-1aa9b1b438e0 None None] Loaded extension: router-enable-snat
Jun 28 15:19:26.120043 np0000183264 devstack@neutron-api.service[103534]: DEBUG neutron.api.extensions [None req-bf4f141c-9813-41e2-aabe-1aa9b1b438e0 None None] Loading extension file: routerservicetype.py {{(pid=103534) _load_all_extensions_from_path /opt/stack/neutron/neutron/api/extensions.py:449}}
Jun 28 15:19:26.120327 np0000183264 devstack@neutron-api.service[103534]: DEBUG neutron.api.extensions [None req-bf4f141c-9813-41e2-aabe-1aa9b1b438e0 None None] Ext name="Router Service Type" alias="router-service-type" description="Provides router service type" updated="2013-01-29T00:00:00-00:00" {{(pid=103534) _check_extension /opt/stack/neutron/neutron/api/extensions.py:415}}
Jun 28 15:19:26.120408 np0000183264 devstack@neutron-api.service[103535]: DEBUG neutron.api.extensions [None req-ed182251-0d66-4251-bd3b-21f0583d83ba None None] Ext name="Allowed Address Pairs" alias="allowed-address-pairs" description="Provides allowed address pairs" updated="2013-07-23T10:00:00-00:00" {{(pid=103535) _check_extension /opt/stack/neutron/neutron/api/extensions.py:415}}
Jun 28 15:19:26.120604 np0000183264 devstack@neutron-api.service[103535]: INFO neutron.api.extensions [None req-ed182251-0d66-4251-bd3b-21f0583d83ba None None] Loaded extension: allowed-address-pairs
Jun 28 15:19:26.120713 np0000183264 devstack@neutron-api.service[103534]: INFO neutron.api.extensions [None req-bf4f141c-9813-41e2-aabe-1aa9b1b438e0 None None] Extension router-service-type not supported by any of loaded plugins
Jun 28 15:19:26.120791 np0000183264 devstack@neutron-api.service[103535]: DEBUG neutron.api.extensions [None req-ed182251-0d66-4251-bd3b-21f0583d83ba None None] Loading extension file: auto_allocated_topology.py {{(pid=103535) _load_all_extensions_from_path /opt/stack/neutron/neutron/api/extensions.py:449}}
Jun 28 15:19:26.120868 np0000183264 devstack@neutron-api.service[103534]: DEBUG neutron.api.extensions [None req-bf4f141c-9813-41e2-aabe-1aa9b1b438e0 None None] Loading extension file: security_groups_default_rules.py {{(pid=103534) _load_all_extensions_from_path /opt/stack/neutron/neutron/api/extensions.py:449}}
Jun 28 15:19:26.120993 np0000183264 devstack@neutron-api.service[103535]: DEBUG neutron.api.extensions [None req-ed182251-0d66-4251-bd3b-21f0583d83ba None None] Ext name="Auto Allocated Topology Services" alias="auto-allocated-topology" description="Auto Allocated Topology Services." updated="2016-01-01T00:00:00-00:00" {{(pid=103535) _check_extension /opt/stack/neutron/neutron/api/extensions.py:415}}
Jun 28 15:19:26.121153 np0000183264 devstack@neutron-api.service[103535]: INFO neutron.api.extensions [None req-ed182251-0d66-4251-bd3b-21f0583d83ba None None] Loaded extension: auto-allocated-topology
Jun 28 15:19:26.121290 np0000183264 devstack@neutron-api.service[103535]: DEBUG neutron.api.extensions [None req-ed182251-0d66-4251-bd3b-21f0583d83ba None None] Loading extension file: availability_zone.py {{(pid=103535) _load_all_extensions_from_path /opt/stack/neutron/neutron/api/extensions.py:449}}
Jun 28 15:19:26.121578 np0000183264 devstack@neutron-api.service[103535]: DEBUG neutron.api.extensions [None req-ed182251-0d66-4251-bd3b-21f0583d83ba None None] Ext name="Availability Zone" alias="availability_zone" description="The availability zone extension." updated="2015-01-01T10:00:00-00:00" {{(pid=103535) _check_extension /opt/stack/neutron/neutron/api/extensions.py:415}}
Jun 28 15:19:26.121646 np0000183264 devstack@neutron-api.service[103534]: DEBUG neutron.api.extensions [None req-bf4f141c-9813-41e2-aabe-1aa9b1b438e0 None None] Ext name="Default rules for security groups" alias="security-groups-default-rules" description="Configure set of security group rules used as default rules for every new security group" updated="2022-12-19T10:00:00-00:00" {{(pid=103534) _check_extension /opt/stack/neutron/neutron/api/extensions.py:415}}
Jun 28 15:19:26.121831 np0000183264 devstack@neutron-api.service[103535]: INFO neutron.api.extensions [None req-ed182251-0d66-4251-bd3b-21f0583d83ba None None] Loaded extension: availability_zone
Jun 28 15:19:26.121895 np0000183264 devstack@neutron-api.service[103534]: INFO neutron.api.extensions [None req-bf4f141c-9813-41e2-aabe-1aa9b1b438e0 None None] Loaded extension: security-groups-default-rules
Jun 28 15:19:26.121963 np0000183264 devstack@neutron-api.service[103535]: DEBUG neutron.api.extensions [None req-ed182251-0d66-4251-bd3b-21f0583d83ba None None] Loading extension file: availability_zone_filter.py {{(pid=103535) _load_all_extensions_from_path /opt/stack/neutron/neutron/api/extensions.py:449}}
Jun 28 15:19:26.122031 np0000183264 devstack@neutron-api.service[103534]: DEBUG neutron.api.extensions [None req-bf4f141c-9813-41e2-aabe-1aa9b1b438e0 None None] Loading extension file: security_groups_default_statefulness.py {{(pid=103534) _load_all_extensions_from_path /opt/stack/neutron/neutron/api/extensions.py:449}}
Jun 28 15:19:26.122343 np0000183264 devstack@neutron-api.service[103535]: DEBUG neutron.api.extensions [None req-ed182251-0d66-4251-bd3b-21f0583d83ba None None] Ext name="Availability Zone Filter Extension" alias="availability_zone_filter" description="Add filter parameters to AvailabilityZone resource" updated="2018-06-22T10:00:00-00:00" {{(pid=103535) _check_extension /opt/stack/neutron/neutron/api/extensions.py:415}}
