Jun 29 06:05:58.757665 np0000183463 devstack@neutron-api.service[103631]: DEBUG neutron_lib.callbacks.manager [None req-d080ca04-b7a4-4fb6-a478-8880425826f0 None None] Subscribe: > trunk_plugin after_init 55550000, False {{(pid=103631) subscribe /opt/stack/data/venv/lib/python3.12/site-packages/neutron_lib/callbacks/manager.py:52}}
Jun 29 06:05:58.758028 np0000183463 devstack@neutron-api.service[103631]: DEBUG neutron_lib.callbacks.manager [None req-d080ca04-b7a4-4fb6-a478-8880425826f0 None None] Subscribe: > logging-plugin after_init 55550000, False {{(pid=103631) subscribe /opt/stack/data/venv/lib/python3.12/site-packages/neutron_lib/callbacks/manager.py:52}}
Jun 29 06:05:58.758405 np0000183463 devstack@neutron-api.service[103631]: INFO neutron.services.logapi.drivers.ovn.driver [None req-d080ca04-b7a4-4fb6-a478-8880425826f0 None None] OVN logging driver registered
Jun 29 06:05:58.758513 np0000183463 devstack@neutron-api.service[103631]: DEBUG neutron_lib.callbacks.manager [None req-d080ca04-b7a4-4fb6-a478-8880425826f0 None None] Subscribe: ._register_pvlan_driver at 0x730b06967740> pvlan_plugin before_spawn 55550000, False {{(pid=103631) subscribe /opt/stack/data/venv/lib/python3.12/site-packages/neutron_lib/callbacks/manager.py:52}}
Jun 29 06:05:58.758659 np0000183463 devstack@neutron-api.service[103631]: DEBUG neutron_lib.callbacks.manager [None req-d080ca04-b7a4-4fb6-a478-8880425826f0 None None] Subscribe: process after_init 55550000, False {{(pid=103631) subscribe /opt/stack/data/venv/lib/python3.12/site-packages/neutron_lib/callbacks/manager.py:52}}
Jun 29 06:05:58.760104 np0000183463 devstack@neutron-api.service[103631]: DEBUG neutron.plugins.ml2.plugin [None req-d080ca04-b7a4-4fb6-a478-8880425826f0 None None] neutron.plugins.ml2.plugin.Ml2Plugin method _start_rpc_notifiers called with arguments () {} {{(pid=103631) wrapper /opt/stack/data/venv/lib/python3.12/site-packages/oslo_log/helpers.py:77}}
Jun 29 06:05:58.760394 np0000183463 devstack@neutron-api.service[103631]: DEBUG neutron_lib.callbacks.manager [None req-d080ca04-b7a4-4fb6-a478-8880425826f0 None None] Subscribe: > port after_create 55550000, False {{(pid=103631) subscribe /opt/stack/data/venv/lib/python3.12/site-packages/neutron_lib/callbacks/manager.py:52}}
Jun 29 06:05:58.760757 np0000183463 devstack@neutron-api.service[103631]: DEBUG neutron_lib.callbacks.manager [None req-d080ca04-b7a4-4fb6-a478-8880425826f0 None None] Subscribe: > port after_update 55550000, False {{(pid=103631) subscribe /opt/stack/data/venv/lib/python3.12/site-packages/neutron_lib/callbacks/manager.py:52}}
Jun 29 06:05:58.760757 np0000183463 devstack@neutron-api.service[103631]: DEBUG neutron_lib.callbacks.manager [None req-d080ca04-b7a4-4fb6-a478-8880425826f0 None None] Subscribe: > port after_delete 55550000, False {{(pid=103631) subscribe /opt/stack/data/venv/lib/python3.12/site-packages/neutron_lib/callbacks/manager.py:52}}
Jun 29 06:05:58.760757 np0000183463 devstack@neutron-api.service[103631]: DEBUG neutron_lib.callbacks.manager [None req-d080ca04-b7a4-4fb6-a478-8880425826f0 None None] Subscribe: > subnet after_create 55550000, False {{(pid=103631) subscribe /opt/stack/data/venv/lib/python3.12/site-packages/neutron_lib/callbacks/manager.py:52}}
Jun 29 06:05:58.760757 np0000183463 devstack@neutron-api.service[103631]: DEBUG neutron_lib.callbacks.manager [None req-d080ca04-b7a4-4fb6-a478-8880425826f0 None None] Subscribe: > subnet after_update 55550000, False {{(pid=103631) subscribe /opt/stack/data/venv/lib/python3.12/site-packages/neutron_lib/callbacks/manager.py:52}}
Jun 29 06:05:58.760986 np0000183463 devstack@neutron-api.service[103631]: DEBUG neutron_lib.callbacks.manager [None req-d080ca04-b7a4-4fb6-a478-8880425826f0 None None] Subscribe: > subnet after_delete 55550000, False {{(pid=103631) subscribe /opt/stack/data/venv/lib/python3.12/site-packages/neutron_lib/callbacks/manager.py:52}}
Jun 29 06:05:58.761323 np0000183463 devstack@neutron-api.service[103631]: DEBUG neutron_lib.callbacks.manager [None req-d080ca04-b7a4-4fb6-a478-8880425826f0 None None] Subscribe: > network after_create 55550000, False {{(pid=103631) subscribe /opt/stack/data/venv/lib/python3.12/site-packages/neutron_lib/callbacks/manager.py:52}}
Jun 29 06:05:58.761323 np0000183463 devstack@neutron-api.service[103631]: DEBUG neutron_lib.callbacks.manager [None req-d080ca04-b7a4-4fb6-a478-8880425826f0 None None] Subscribe: > network after_update 55550000, False {{(pid=103631) subscribe /opt/stack/data/venv/lib/python3.12/site-packages/neutron_lib/callbacks/manager.py:52}}
Jun 29 06:05:58.761323 np0000183463 devstack@neutron-api.service[103631]: DEBUG neutron_lib.callbacks.manager [None req-d080ca04-b7a4-4fb6-a478-8880425826f0 None None] Subscribe: > network after_delete 55550000, False {{(pid=103631) subscribe /opt/stack/data/venv/lib/python3.12/site-packages/neutron_lib/callbacks/manager.py:52}}
Jun 29 06:05:58.761517 np0000183463 devstack@neutron-api.service[103631]: DEBUG neutron_lib.callbacks.manager [None req-d080ca04-b7a4-4fb6-a478-8880425826f0 None None] Subscribe: > security_group after_create 55550000, False {{(pid=103631) subscribe /opt/stack/data/venv/lib/python3.12/site-packages/neutron_lib/callbacks/manager.py:52}}
Jun 29 06:05:58.761517 np0000183463 devstack@neutron-api.service[103631]: DEBUG neutron_lib.callbacks.manager [None req-d080ca04-b7a4-4fb6-a478-8880425826f0 None None] Subscribe: > security_group after_update 55550000, False {{(pid=103631) subscribe /opt/stack/data/venv/lib/python3.12/site-packages/neutron_lib/callbacks/manager.py:52}}
Jun 29 06:05:58.761595 np0000183463 devstack@neutron-api.service[103631]: DEBUG neutron_lib.callbacks.manager [None req-d080ca04-b7a4-4fb6-a478-8880425826f0 None None] Subscribe: > security_group after_delete 55550000, False {{(pid=103631) subscribe /opt/stack/data/venv/lib/python3.12/site-packages/neutron_lib/callbacks/manager.py:52}}
Jun 29 06:05:58.761665 np0000183463 devstack@neutron-api.service[103631]: DEBUG neutron_lib.callbacks.manager [None req-d080ca04-b7a4-4fb6-a478-8880425826f0 None None] Subscribe: > security_group_rule after_create 55550000, False {{(pid=103631) subscribe /opt/stack/data/venv/lib/python3.12/site-packages/neutron_lib/callbacks/manager.py:52}}
Jun 29 06:05:58.761989 np0000183463 devstack@neutron-api.service[103631]: DEBUG neutron_lib.callbacks.manager [None req-d080ca04-b7a4-4fb6-a478-8880425826f0 None None] Subscribe: > security_group_rule after_update 55550000, False {{(pid=103631) subscribe /opt/stack/data/venv/lib/python3.12/site-packages/neutron_lib/callbacks/manager.py:52}}
Jun 29 06:05:58.761989 np0000183463 devstack@neutron-api.service[103631]: DEBUG neutron_lib.callbacks.manager [None req-d080ca04-b7a4-4fb6-a478-8880425826f0 None None] Subscribe: > security_group_rule after_delete 55550000, False {{(pid=103631) subscribe /opt/stack/data/venv/lib/python3.12/site-packages/neutron_lib/callbacks/manager.py:52}}
Jun 29 06:05:58.761989 np0000183463 devstack@neutron-api.service[103631]: DEBUG neutron_lib.callbacks.manager [None req-d080ca04-b7a4-4fb6-a478-8880425826f0 None None] Subscribe: > address_group after_create 55550000, False {{(pid=103631) subscribe /opt/stack/data/venv/lib/python3.12/site-packages/neutron_lib/callbacks/manager.py:52}}
Jun 29 06:05:58.761989 np0000183463 devstack@neutron-api.service[103631]: DEBUG neutron_lib.callbacks.manager [None req-d080ca04-b7a4-4fb6-a478-8880425826f0 None None] Subscribe: > address_group after_update 55550000, False {{(pid=103631) subscribe /opt/stack/data/venv/lib/python3.12/site-packages/neutron_lib/callbacks/manager.py:52}}
Jun 29 06:05:58.762169 np0000183463 devstack@neutron-api.service[103631]: DEBUG neutron_lib.callbacks.manager [None req-d080ca04-b7a4-4fb6-a478-8880425826f0 None None] Subscribe: > address_group after_delete 55550000, False {{(pid=103631) subscribe /opt/stack/data/venv/lib/python3.12/site-packages/neutron_lib/callbacks/manager.py:52}}
Jun 29 06:05:58.762238 np0000183463 devstack@neutron-api.service[103631]: DEBUG neutron.plugins.ml2.ovo_rpc [None req-d080ca04-b7a4-4fb6-a478-8880425826f0 None None] ML2 OVO RPC backend initialized. {{(pid=103631) __init__ /opt/stack/neutron/neutron/plugins/ml2/ovo_rpc.py:117}}
Jun 29 06:05:58.763415 np0000183463 devstack@neutron-api.service[103631]: INFO neutron.quota [None req-d080ca04-b7a4-4fb6-a478-8880425826f0 None None] Loaded quota_driver: .
Jun 29 06:05:58.763415 np0000183463 devstack@neutron-api.service[103631]: INFO neutron.plugins.ml2.plugin [None req-d080ca04-b7a4-4fb6-a478-8880425826f0 None None] Modular L2 Plugin initialization complete
Jun 29 06:05:58.763519 np0000183463 devstack@neutron-api.service[103631]: DEBUG neutron.manager [None req-d080ca04-b7a4-4fb6-a478-8880425826f0 None None] Loading services supported by the core plugin {{(pid=103631) _load_services_from_core_plugin /opt/stack/neutron/neutron/manager.py:167}}
Jun 29 06:05:58.763951 np0000183463 devstack@neutron-api.service[103631]: INFO neutron.plugins.ml2.managers [None req-d080ca04-b7a4-4fb6-a478-8880425826f0 None None] Got port-security extension from driver 'port_security'
Jun 29 06:05:58.764052 np0000183463 devstack@neutron-api.service[103631]: DEBUG neutron.manager [None req-d080ca04-b7a4-4fb6-a478-8880425826f0 None None] Loading service plugins: ['ovn-router', 'auto_allocate', 'tag', 'timestamp', 'network_ip_availability', 'flavors', 'revisions'] {{(pid=103631) _load_service_plugins /opt/stack/neutron/neutron/manager.py:192}}
Jun 29 06:05:58.764175 np0000183463 devstack@neutron-api.service[103631]: INFO neutron.manager [None req-d080ca04-b7a4-4fb6-a478-8880425826f0 None None] Loading Plugin: ovn-router
Jun 29 06:05:58.774589 np0000183463 devstack@neutron-api.service[103631]: DEBUG neutron_lib.callbacks.manager [None req-d080ca04-b7a4-4fb6-a478-8880425826f0 None None] Subscribe: > router before_delete 55550000, False {{(pid=103631) subscribe /opt/stack/data/venv/lib/python3.12/site-packages/neutron_lib/callbacks/manager.py:52}}
Jun 29 06:05:58.774719 np0000183463 devstack@neutron-api.service[103631]: DEBUG neutron_lib.callbacks.manager [None req-d080ca04-b7a4-4fb6-a478-8880425826f0 None None] Subscribe: port before_update 55550000, False {{(pid=103631) subscribe /opt/stack/data/venv/lib/python3.12/site-packages/neutron_lib/callbacks/manager.py:52}}
Jun 29 06:05:58.774864 np0000183463 devstack@neutron-api.service[103631]: DEBUG neutron_lib.callbacks.manager [None req-d080ca04-b7a4-4fb6-a478-8880425826f0 None None] Subscribe: port after_update 55550000, False {{(pid=103631) subscribe /opt/stack/data/venv/lib/python3.12/site-packages/neutron_lib/callbacks/manager.py:52}}
Jun 29 06:05:58.774864 np0000183463 devstack@neutron-api.service[103631]: DEBUG neutron_lib.callbacks.manager [None req-d080ca04-b7a4-4fb6-a478-8880425826f0 None None] Subscribe: > port precommit_delete 55550000, False {{(pid=103631) subscribe /opt/stack/data/venv/lib/python3.12/site-packages/neutron_lib/callbacks/manager.py:52}}
Jun 29 06:05:58.775047 np0000183463 devstack@neutron-api.service[103631]: DEBUG neutron_lib.callbacks.manager [None req-d080ca04-b7a4-4fb6-a478-8880425826f0 None None] Subscribe: port before_update 55550000, False {{(pid=103631) subscribe /opt/stack/data/venv/lib/python3.12/site-packages/neutron_lib/callbacks/manager.py:52}}
Jun 29 06:05:58.775047 np0000183463 devstack@neutron-api.service[103631]: DEBUG neutron_lib.callbacks.manager [None req-d080ca04-b7a4-4fb6-a478-8880425826f0 None None] Subscribe: port before_delete 55550000, False {{(pid=103631) subscribe /opt/stack/data/venv/lib/python3.12/site-packages/neutron_lib/callbacks/manager.py:52}}
Jun 29 06:05:58.775207 np0000183463 devstack@neutron-api.service[103631]: DEBUG neutron_lib.callbacks.manager [None req-d080ca04-b7a4-4fb6-a478-8880425826f0 None None] Subscribe: > router precommit_create 55550000, False {{(pid=103631) subscribe /opt/stack/data/venv/lib/python3.12/site-packages/neutron_lib/callbacks/manager.py:52}}
Jun 29 06:05:58.775345 np0000183463 devstack@neutron-api.service[103631]: DEBUG neutron_lib.callbacks.manager [None req-d080ca04-b7a4-4fb6-a478-8880425826f0 None None] Subscribe: > router precommit_create 55550000, False {{(pid=103631) subscribe /opt/stack/data/venv/lib/python3.12/site-packages/neutron_lib/callbacks/manager.py:52}}
Jun 29 06:05:58.775561 np0000183463 devstack@neutron-api.service[103631]: DEBUG neutron_lib.callbacks.manager [None req-d080ca04-b7a4-4fb6-a478-8880425826f0 None None] Subscribe: > router precommit_update 55550000, False {{(pid=103631) subscribe /opt/stack/data/venv/lib/python3.12/site-packages/neutron_lib/callbacks/manager.py:52}}
Jun 29 06:05:58.775561 np0000183463 devstack@neutron-api.service[103631]: DEBUG neutron_lib.callbacks.manager [None req-d080ca04-b7a4-4fb6-a478-8880425826f0 None None] Subscribe: subnet after_update 55550000, False {{(pid=103631) subscribe /opt/stack/data/venv/lib/python3.12/site-packages/neutron_lib/callbacks/manager.py:52}}
Jun 29 06:05:58.775802 np0000183463 devstack@neutron-api.service[103631]: DEBUG neutron.quota.resource_registry [None req-d080ca04-b7a4-4fb6-a478-8880425826f0 None None] Tracking information for resource: router configured {{(pid=103631) set_tracked_resource /opt/stack/neutron/neutron/quota/resource_registry.py:203}}
Jun 29 06:05:58.775802 np0000183463 devstack@neutron-api.service[103631]: DEBUG neutron.quota.resource_registry [None req-d080ca04-b7a4-4fb6-a478-8880425826f0 None None] Tracking information for resource: floatingip configured {{(pid=103631) set_tracked_resource /opt/stack/neutron/neutron/quota/resource_registry.py:203}}
Jun 29 06:05:58.775931 np0000183463 devstack@neutron-api.service[103631]: INFO neutron.services.ovn_l3.plugin [None req-d080ca04-b7a4-4fb6-a478-8880425826f0 None None] Starting OVNL3RouterPlugin
Jun 29 06:05:58.776163 np0000183463 devstack@neutron-api.service[103631]: DEBUG neutron_lib.callbacks.manager [None req-d080ca04-b7a4-4fb6-a478-8880425826f0 None None] Subscribe: > port_forwarding_plugin after_init 55550000, False {{(pid=103631) subscribe /opt/stack/data/venv/lib/python3.12/site-packages/neutron_lib/callbacks/manager.py:52}}
Jun 29 06:05:58.776385 np0000183463 devstack@neutron-api.service[103631]: DEBUG neutron_lib.callbacks.manager [None req-d080ca04-b7a4-4fb6-a478-8880425826f0 None None] Subscribe: > router before_create 55550100, False {{(pid=103631) subscribe /opt/stack/data/venv/lib/python3.12/site-packages/neutron_lib/callbacks/manager.py:52}}
Jun 29 06:05:58.776574 np0000183463 devstack@neutron-api.service[103631]: DEBUG neutron_lib.callbacks.manager [None req-d080ca04-b7a4-4fb6-a478-8880425826f0 None None] Subscribe: > router precommit_delete 55550100, False {{(pid=103631) subscribe /opt/stack/data/venv/lib/python3.12/site-packages/neutron_lib/callbacks/manager.py:52}}
Jun 29 06:05:58.776574 np0000183463 devstack@neutron-api.service[103631]: DEBUG neutron_lib.callbacks.manager [None req-d080ca04-b7a4-4fb6-a478-8880425826f0 None None] Subscribe: > router precommit_create 55550100, False {{(pid=103631) subscribe /opt/stack/data/venv/lib/python3.12/site-packages/neutron_lib/callbacks/manager.py:52}}
Jun 29 06:05:58.776707 np0000183463 devstack@neutron-api.service[103631]: DEBUG neutron_lib.callbacks.manager [None req-d080ca04-b7a4-4fb6-a478-8880425826f0 None None] Subscribe: > router precommit_update 55550100, False {{(pid=103631) subscribe /opt/stack/data/venv/lib/python3.12/site-packages/neutron_lib/callbacks/manager.py:52}}
Jun 29 06:05:58.780507 np0000183463 devstack@neutron-api.service[103631]: DEBUG neutron.services.provider_configuration [None req-d080ca04-b7a4-4fb6-a478-8880425826f0 None None] Service providers = [] {{(pid=103631) parse_service_provider_opt /opt/stack/neutron/neutron/services/provider_configuration.py:170}}
Jun 29 06:05:58.780507 np0000183463 devstack@neutron-api.service[103631]: DEBUG neutron.db.servicetype_db [None req-d080ca04-b7a4-4fb6-a478-8880425826f0 None None] Adding provider configuration for service L3_ROUTER_NAT {{(pid=103631) add_provider_configuration /opt/stack/neutron/neutron/db/servicetype_db.py:45}}
Jun 29 06:05:58.781862 np0000183463 devstack@neutron-api.service[103631]: DEBUG neutron_lib.callbacks.manager [None req-d080ca04-b7a4-4fb6-a478-8880425826f0 None None] Subscribe: > router precommit_create 55549900, False {{(pid=103631) subscribe /opt/stack/data/venv/lib/python3.12/site-packages/neutron_lib/callbacks/manager.py:52}}
Jun 29 06:05:58.781966 np0000183463 devstack@neutron-api.service[103631]: DEBUG neutron_lib.callbacks.manager [None req-d080ca04-b7a4-4fb6-a478-8880425826f0 None None] Subscribe: > router_interface after_create 55550000, False {{(pid=103631) subscribe /opt/stack/data/venv/lib/python3.12/site-packages/neutron_lib/callbacks/manager.py:52}}
Jun 29 06:05:58.782091 np0000183463 devstack@neutron-api.service[103631]: DEBUG neutron_lib.callbacks.manager [None req-d080ca04-b7a4-4fb6-a478-8880425826f0 None None] Subscribe: > floatingip after_create 55550000, False {{(pid=103631) subscribe /opt/stack/data/venv/lib/python3.12/site-packages/neutron_lib/callbacks/manager.py:52}}
Jun 29 06:05:58.782207 np0000183463 devstack@neutron-api.service[103631]: DEBUG neutron_lib.callbacks.manager [None req-d080ca04-b7a4-4fb6-a478-8880425826f0 None None] Subscribe: > floatingip precommit_create 55550000, False {{(pid=103631) subscribe /opt/stack/data/venv/lib/python3.12/site-packages/neutron_lib/callbacks/manager.py:52}}
Jun 29 06:05:58.782303 np0000183463 devstack@neutron-api.service[103631]: DEBUG neutron_lib.callbacks.manager [None req-d080ca04-b7a4-4fb6-a478-8880425826f0 None None] Subscribe: > floatingip precommit_update 55550000, False {{(pid=103631) subscribe /opt/stack/data/venv/lib/python3.12/site-packages/neutron_lib/callbacks/manager.py:52}}
Jun 29 06:05:58.782410 np0000183463 devstack@neutron-api.service[103631]: DEBUG neutron_lib.callbacks.manager [None req-d080ca04-b7a4-4fb6-a478-8880425826f0 None None] Subscribe: > floatingip after_delete 55550000, False {{(pid=103631) subscribe /opt/stack/data/venv/lib/python3.12/site-packages/neutron_lib/callbacks/manager.py:52}}
Jun 29 06:05:58.782618 np0000183463 devstack@neutron-api.service[103631]: DEBUG neutron_lib.callbacks.manager [None req-d080ca04-b7a4-4fb6-a478-8880425826f0 None None] Subscribe: > floatingip after_status_update 55550000, False {{(pid=103631) subscribe /opt/stack/data/venv/lib/python3.12/site-packages/neutron_lib/callbacks/manager.py:52}}
Jun 29 06:05:58.782618 np0000183463 devstack@neutron-api.service[103631]: DEBUG neutron_lib.callbacks.manager [None req-d080ca04-b7a4-4fb6-a478-8880425826f0 None None] Subscribe: > floatingip after_update 55550000, False {{(pid=103631) subscribe /opt/stack/data/venv/lib/python3.12/site-packages/neutron_lib/callbacks/manager.py:52}}
Jun 29 06:05:58.782737 np0000183463 devstack@neutron-api.service[103631]: DEBUG neutron_lib.callbacks.manager [None req-d080ca04-b7a4-4fb6-a478-8880425826f0 None None] Subscribe: > port_forwarding after_create 55550000, False {{(pid=103631) subscribe /opt/stack/data/venv/lib/python3.12/site-packages/neutron_lib/callbacks/manager.py:52}}
Jun 29 06:05:58.782737 np0000183463 devstack@neutron-api.service[103631]: DEBUG neutron_lib.callbacks.manager [None req-d080ca04-b7a4-4fb6-a478-8880425826f0 None None] Subscribe: > router_interface after_delete 55550000, False {{(pid=103631) subscribe /opt/stack/data/venv/lib/python3.12/site-packages/neutron_lib/callbacks/manager.py:52}}
Jun 29 06:05:58.782863 np0000183463 devstack@neutron-api.service[103631]: DEBUG neutron_lib.callbacks.manager [None req-d080ca04-b7a4-4fb6-a478-8880425826f0 None None] Subscribe: > router after_create 55550000, False {{(pid=103631) subscribe /opt/stack/data/venv/lib/python3.12/site-packages/neutron_lib/callbacks/manager.py:52}}
Jun 29 06:05:58.782960 np0000183463 devstack@neutron-api.service[103631]: DEBUG neutron_lib.callbacks.manager [None req-d080ca04-b7a4-4fb6-a478-8880425826f0 None None] Subscribe: > router precommit_create 55550000, False {{(pid=103631) subscribe /opt/stack/data/venv/lib/python3.12/site-packages/neutron_lib/callbacks/manager.py:52}}
Jun 29 06:05:58.783052 np0000183463 devstack@neutron-api.service[103631]: DEBUG neutron_lib.callbacks.manager [None req-d080ca04-b7a4-4fb6-a478-8880425826f0 None None] Subscribe: > router after_delete 55550000, False {{(pid=103631) subscribe /opt/stack/data/venv/lib/python3.12/site-packages/neutron_lib/callbacks/manager.py:52}}
Jun 29 06:05:58.783204 np0000183463 devstack@neutron-api.service[103631]: DEBUG neutron_lib.callbacks.manager [None req-d080ca04-b7a4-4fb6-a478-8880425826f0 None None] Subscribe: > router after_update 55550000, False {{(pid=103631) subscribe /opt/stack/data/venv/lib/python3.12/site-packages/neutron_lib/callbacks/manager.py:52}}
Jun 29 06:05:58.783409 np0000183463 devstack@neutron-api.service[103631]: DEBUG neutron.services.service_base [None req-d080ca04-b7a4-4fb6-a478-8880425826f0 None None] Loaded 'neutron.services.ovn_l3.service_providers.ovn.OvnDriver' provider for service L3_ROUTER_NAT {{(pid=103631) load_drivers /opt/stack/neutron/neutron/services/service_base.py:49}}
Jun 29 06:05:58.783409 np0000183463 devstack@neutron-api.service[103631]: DEBUG neutron_lib.callbacks.manager [None req-d080ca04-b7a4-4fb6-a478-8880425826f0 None None] Subscribe: > process after_init 55550001, True {{(pid=103631) subscribe /opt/stack/data/venv/lib/python3.12/site-packages/neutron_lib/callbacks/manager.py:52}}
Jun 29 06:05:58.783705 np0000183463 devstack@neutron-api.service[103631]: DEBUG neutron.manager [None req-d080ca04-b7a4-4fb6-a478-8880425826f0 None None] Successfully loaded L3_ROUTER_NAT plugin. Description: L3 Router Service Plugin for basic L3 forwarding using OVN {{(pid=103631) _create_and_add_service_plugin /opt/stack/neutron/neutron/manager.py:236}}
Jun 29 06:05:58.783800 np0000183463 devstack@neutron-api.service[103631]: INFO neutron.manager [None req-d080ca04-b7a4-4fb6-a478-8880425826f0 None None] Loading Plugin: auto_allocate
Jun 29 06:05:58.784945 np0000183463 devstack@neutron-api.service[103631]: DEBUG neutron_lib.callbacks.manager [None req-d080ca04-b7a4-4fb6-a478-8880425826f0 None None] Subscribe: network precommit_update 55550000, False {{(pid=103631) subscribe /opt/stack/data/venv/lib/python3.12/site-packages/neutron_lib/callbacks/manager.py:52}}
Jun 29 06:05:58.785158 np0000183463 devstack@neutron-api.service[103631]: DEBUG neutron_lib.callbacks.manager [None req-d080ca04-b7a4-4fb6-a478-8880425826f0 None None] Subscribe: network precommit_create 55550000, False {{(pid=103631) subscribe /opt/stack/data/venv/lib/python3.12/site-packages/neutron_lib/callbacks/manager.py:52}}
Jun 29 06:05:58.785358 np0000183463 devstack@neutron-api.service[103631]: DEBUG neutron.manager [None req-d080ca04-b7a4-4fb6-a478-8880425826f0 None None] Successfully loaded auto-allocated-topology plugin. Description: Auto Allocated Topology - aka get me a network. {{(pid=103631) _create_and_add_service_plugin /opt/stack/neutron/neutron/manager.py:236}}
Jun 29 06:05:58.785358 np0000183463 devstack@neutron-api.service[103631]: INFO neutron.manager [None req-d080ca04-b7a4-4fb6-a478-8880425826f0 None None] Loading Plugin: tag
Jun 29 06:05:58.788840 np0000183463 devstack@neutron-api.service[103631]: DEBUG neutron.manager [None req-d080ca04-b7a4-4fb6-a478-8880425826f0 None None] Successfully loaded TAG plugin. Description: Tag support {{(pid=103631) _create_and_add_service_plugin /opt/stack/neutron/neutron/manager.py:236}}
Jun 29 06:05:58.788840 np0000183463 devstack@neutron-api.service[103631]: INFO neutron.manager [None req-d080ca04-b7a4-4fb6-a478-8880425826f0 None None] Loading Plugin: timestamp
Jun 29 06:05:58.790044 np0000183463 devstack@neutron-api.service[103631]: DEBUG neutron.manager [None req-d080ca04-b7a4-4fb6-a478-8880425826f0 None None] Successfully loaded timestamp plugin. Description: Adds timestamps to Neutron resources with standard attributes {{(pid=103631) _create_and_add_service_plugin /opt/stack/neutron/neutron/manager.py:236}}
Jun 29 06:05:58.790374 np0000183463 devstack@neutron-api.service[103631]: INFO neutron.manager [None req-d080ca04-b7a4-4fb6-a478-8880425826f0 None None] Loading Plugin: network_ip_availability
Jun 29 06:05:58.790460 np0000183463 devstack@neutron-api.service[103632]: INFO neutron.api.extensions [None req-ffdc24cf-457e-428b-8393-d00f3b8e9069 None None] Extension pvlan not supported by any of loaded plugins
Jun 29 06:05:58.790460 np0000183463 devstack@neutron-api.service[103632]: DEBUG neutron.api.extensions [None req-ffdc24cf-457e-428b-8393-d00f3b8e9069 None None] Loading extension file: qinq.py {{(pid=103632) _load_all_extensions_from_path /opt/stack/neutron/neutron/api/extensions.py:449}}
Jun 29 06:05:58.790779 np0000183463 devstack@neutron-api.service[103632]: DEBUG neutron.api.extensions [None req-ffdc24cf-457e-428b-8393-d00f3b8e9069 None None] Ext name="QinQ networks" alias="qinq" description="Expose network 'qinq' attribute in the API. This allows to configure network to allow vlan in vlan configuration using 0x88a8 ethertype (QinQ)." updated="2024-12-02T10:00:00-00:00" {{(pid=103632) _check_extension /opt/stack/neutron/neutron/api/extensions.py:415}}
Jun 29 06:05:58.790997 np0000183463 devstack@neutron-api.service[103632]: INFO neutron.api.extensions [None req-ffdc24cf-457e-428b-8393-d00f3b8e9069 None None] Loaded extension: qinq
Jun 29 06:05:58.791101 np0000183463 devstack@neutron-api.service[103632]: DEBUG neutron.api.extensions [None req-ffdc24cf-457e-428b-8393-d00f3b8e9069 None None] Loading extension file: qos.py {{(pid=103632) _load_all_extensions_from_path /opt/stack/neutron/neutron/api/extensions.py:449}}
Jun 29 06:05:58.791980 np0000183463 devstack@neutron-api.service[103631]: DEBUG neutron.manager [None req-d080ca04-b7a4-4fb6-a478-8880425826f0 None None] Successfully loaded network-ip-availability plugin. Description: Provides IP availability data for each network and subnet. {{(pid=103631) _create_and_add_service_plugin /opt/stack/neutron/neutron/manager.py:236}}
Jun 29 06:05:58.791980 np0000183463 devstack@neutron-api.service[103631]: INFO neutron.manager [None req-d080ca04-b7a4-4fb6-a478-8880425826f0 None None] Loading Plugin: flavors
Jun 29 06:05:58.792248 np0000183463 devstack@neutron-api.service[103632]: DEBUG neutron.api.extensions [None req-ffdc24cf-457e-428b-8393-d00f3b8e9069 None None] Ext name="Quality of Service" alias="qos" description="The Quality of Service extension." updated="2015-06-08T10:00:00-00:00" {{(pid=103632) _check_extension /opt/stack/neutron/neutron/api/extensions.py:415}}
Jun 29 06:05:58.792248 np0000183463 devstack@neutron-api.service[103632]: INFO neutron.api.extensions [None req-ffdc24cf-457e-428b-8393-d00f3b8e9069 None None] Extension qos not supported by any of loaded plugins
Jun 29 06:05:58.792248 np0000183463 devstack@neutron-api.service[103632]: DEBUG neutron.api.extensions [None req-ffdc24cf-457e-428b-8393-d00f3b8e9069 None None] Loading extension file: qos_bw_limit_direction.py {{(pid=103632) _load_all_extensions_from_path /opt/stack/neutron/neutron/api/extensions.py:449}}
Jun 29 06:05:58.792554 np0000183463 devstack@neutron-api.service[103632]: DEBUG neutron.api.extensions [None req-ffdc24cf-457e-428b-8393-d00f3b8e9069 None None] Ext name="Direction for QoS bandwidth limit rule" alias="qos-bw-limit-direction" description="Allow to configure QoS bandwidth limit rule with specific direction: ingress or egress" updated="2017-04-10T10:00:00-00:00" {{(pid=103632) _check_extension /opt/stack/neutron/neutron/api/extensions.py:415}}
Jun 29 06:05:58.792856 np0000183463 devstack@neutron-api.service[103631]: DEBUG neutron.manager [None req-d080ca04-b7a4-4fb6-a478-8880425826f0 None None] Successfully loaded FLAVORS plugin. Description: Neutron Flavors and Service Profiles manager plugin {{(pid=103631) _create_and_add_service_plugin /opt/stack/neutron/neutron/manager.py:236}}
Jun 29 06:05:58.793073 np0000183463 devstack@neutron-api.service[103632]: INFO neutron.api.extensions [None req-ffdc24cf-457e-428b-8393-d00f3b8e9069 None None] Extension qos-bw-limit-direction not supported by any of loaded plugins
Jun 29 06:05:58.793073 np0000183463 devstack@neutron-api.service[103632]: DEBUG neutron.api.extensions [None req-ffdc24cf-457e-428b-8393-d00f3b8e9069 None None] Loading extension file: qos_bw_minimum_ingress.py {{(pid=103632) _load_all_extensions_from_path /opt/stack/neutron/neutron/api/extensions.py:449}}
Jun 29 06:05:58.793381 np0000183463 devstack@neutron-api.service[103631]: INFO neutron.manager [None req-d080ca04-b7a4-4fb6-a478-8880425826f0 None None] Loading Plugin: revisions
Jun 29 06:05:58.793531 np0000183463 devstack@neutron-api.service[103632]: DEBUG neutron.api.extensions [None req-ffdc24cf-457e-428b-8393-d00f3b8e9069 None None] Ext name="Ingress direction for QoS minimum bandwidth rule" alias="qos-bw-minimum-ingress" description="Allow to configure QoS minumum bandwidth rule with ingress direction." updated="2018-07-09T10:00:00-00:00" {{(pid=103632) _check_extension /opt/stack/neutron/neutron/api/extensions.py:415}}
Jun 29 06:05:58.793531 np0000183463 devstack@neutron-api.service[103632]: INFO neutron.api.extensions [None req-ffdc24cf-457e-428b-8393-d00f3b8e9069 None None] Extension qos-bw-minimum-ingress not supported by any of loaded plugins
Jun 29 06:05:58.793531 np0000183463 devstack@neutron-api.service[103632]: DEBUG neutron.api.extensions [None req-ffdc24cf-457e-428b-8393-d00f3b8e9069 None None] Loading extension file: qos_default.py {{(pid=103632) _load_all_extensions_from_path /opt/stack/neutron/neutron/api/extensions.py:449}}
Jun 29 06:05:58.793709 np0000183463 devstack@neutron-api.service[103632]: DEBUG neutron.api.extensions [None req-ffdc24cf-457e-428b-8393-d00f3b8e9069 None None] Ext name="QoS default policy" alias="qos-default" description="Expose the QoS default policy per project" updated="2017-041-06T10:00:00-00:00" {{(pid=103632) _check_extension /opt/stack/neutron/neutron/api/extensions.py:415}}
Jun 29 06:05:58.794076 np0000183463 devstack@neutron-api.service[103632]: INFO neutron.api.extensions [None req-ffdc24cf-457e-428b-8393-d00f3b8e9069 None None] Extension qos-default not supported by any of loaded plugins
Jun 29 06:05:58.794076 np0000183463 devstack@neutron-api.service[103632]: DEBUG neutron.api.extensions [None req-ffdc24cf-457e-428b-8393-d00f3b8e9069 None None] Loading extension file: qos_fip.py {{(pid=103632) _load_all_extensions_from_path /opt/stack/neutron/neutron/api/extensions.py:449}}
Jun 29 06:05:58.794221 np0000183463 devstack@neutron-api.service[103631]: DEBUG neutron.manager [None req-d080ca04-b7a4-4fb6-a478-8880425826f0 None None] Successfully loaded revision_plugin plugin. Description: Adds revision numbers to resources. {{(pid=103631) _create_and_add_service_plugin /opt/stack/neutron/neutron/manager.py:236}}
Jun 29 06:05:58.794318 np0000183463 devstack@neutron-api.service[103632]: DEBUG neutron.api.extensions [None req-ffdc24cf-457e-428b-8393-d00f3b8e9069 None None] Ext name="Floating IP QoS" alias="qos-fip" description="The floating IP Quality of Service extension" updated="2017-07-20T00:00:00-00:00" {{(pid=103632) _check_extension /opt/stack/neutron/neutron/api/extensions.py:415}}
Jun 29 06:05:58.794718 np0000183463 devstack@neutron-api.service[103631]: DEBUG oslo_concurrency.lockutils [None req-d080ca04-b7a4-4fb6-a478-8880425826f0 None None] Lock "manager" "released" by "neutron.manager.NeutronManager._create_instance" :: held 4.718s {{(pid=103631) inner /opt/stack/data/venv/lib/python3.12/site-packages/oslo_concurrency/lockutils.py:543}}
Jun 29 06:05:58.794856 np0000183463 devstack@neutron-api.service[103632]: INFO neutron.api.extensions [None req-ffdc24cf-457e-428b-8393-d00f3b8e9069 None None] Extension qos-fip not supported by any of loaded plugins
Jun 29 06:05:58.794856 np0000183463 devstack@neutron-api.service[103632]: DEBUG neutron.api.extensions [None req-ffdc24cf-457e-428b-8393-d00f3b8e9069 None None] Loading extension file: qos_fip_network_policy.py {{(pid=103632) _load_all_extensions_from_path /opt/stack/neutron/neutron/api/extensions.py:449}}
Jun 29 06:05:58.795008 np0000183463 devstack@neutron-api.service[103631]: DEBUG neutron.api.extensions [None req-d080ca04-b7a4-4fb6-a478-8880425826f0 None None] get_extension_paths = OrderedDict({'/opt/stack/neutron/neutron/extensions': 1}) {{(pid=103631) get_extensions_path /opt/stack/neutron/neutron/api/extensions.py:640}}
Jun 29 06:05:58.795008 np0000183463 devstack@neutron-api.service[103631]: INFO neutron.api.extensions [None req-d080ca04-b7a4-4fb6-a478-8880425826f0 None None] Initializing extension manager.
Jun 29 06:05:58.795396 np0000183463 devstack@neutron-api.service[103632]: DEBUG neutron.api.extensions [None req-ffdc24cf-457e-428b-8393-d00f3b8e9069 None None] Ext name="QoS floating IP network policy ID" alias="qos-fip-network-policy" description="Adds a the QoS network ID to the floating IP definition" updated="2021-11-15T10:00:00-00:00" {{(pid=103632) _check_extension /opt/stack/neutron/neutron/api/extensions.py:415}}
Jun 29 06:05:58.795740 np0000183463 devstack@neutron-api.service[103631]: DEBUG neutron.api.extensions [None req-d080ca04-b7a4-4fb6-a478-8880425826f0 None None] Loading extension file: __init__.py {{(pid=103631) _load_all_extensions_from_path /opt/stack/neutron/neutron/api/extensions.py:449}}
Jun 29 06:05:58.795880 np0000183463 devstack@neutron-api.service[103632]: INFO neutron.api.extensions [None req-ffdc24cf-457e-428b-8393-d00f3b8e9069 None None] Extension qos-fip-network-policy not supported by any of loaded plugins
Jun 29 06:05:58.795986 np0000183463 devstack@neutron-api.service[103631]: DEBUG neutron.api.extensions [None req-d080ca04-b7a4-4fb6-a478-8880425826f0 None None] Loading extension file: __pycache__ {{(pid=103631) _load_all_extensions_from_path /opt/stack/neutron/neutron/api/extensions.py:449}}
Jun 29 06:05:58.796338 np0000183463 devstack@neutron-api.service[103632]: DEBUG neutron.api.extensions [None req-ffdc24cf-457e-428b-8393-d00f3b8e9069 None None] Loading extension file: qos_gateway_ip.py {{(pid=103632) _load_all_extensions_from_path /opt/stack/neutron/neutron/api/extensions.py:449}}
Jun 29 06:05:58.796671 np0000183463 devstack@neutron-api.service[103631]: DEBUG neutron.api.extensions [None req-d080ca04-b7a4-4fb6-a478-8880425826f0 None None] Loading extension file: aap_reject_multicast.py {{(pid=103631) _load_all_extensions_from_path /opt/stack/neutron/neutron/api/extensions.py:449}}
Jun 29 06:05:58.796842 np0000183463 devstack@neutron-api.service[103632]: DEBUG neutron.api.extensions [None req-ffdc24cf-457e-428b-8393-d00f3b8e9069 None None] Ext name="Router gateway IP QoS" alias="qos-gateway-ip" description="The Router gateway IP Quality of Service extension" updated="2018-02-24T00:00:00-00:00" {{(pid=103632) _check_extension /opt/stack/neutron/neutron/api/extensions.py:415}}
Jun 29 06:05:58.796934 np0000183463 devstack@neutron-api.service[103631]: DEBUG neutron.api.extensions [None req-d080ca04-b7a4-4fb6-a478-8880425826f0 None None] Ext name="Allowed address pairs reject multicast extension" alias="aap-reject-multicast" description="Reject multicast addresses in Allowed Address Pairs" updated="2026-04-01T00:00:00-00:00" {{(pid=103631) _check_extension /opt/stack/neutron/neutron/api/extensions.py:415}}
Jun 29 06:05:58.797286 np0000183463 devstack@neutron-api.service[103632]: INFO neutron.api.extensions [None req-ffdc24cf-457e-428b-8393-d00f3b8e9069 None None] Extension qos-gateway-ip not supported by any of loaded plugins
Jun 29 06:05:58.797286 np0000183463 devstack@neutron-api.service[103632]: DEBUG neutron.api.extensions [None req-ffdc24cf-457e-428b-8393-d00f3b8e9069 None None] Loading extension file: qos_port_network_policy.py {{(pid=103632) _load_all_extensions_from_path /opt/stack/neutron/neutron/api/extensions.py:449}}
Jun 29 06:05:58.797447 np0000183463 devstack@neutron-api.service[103631]: INFO neutron.api.extensions [None req-d080ca04-b7a4-4fb6-a478-8880425826f0 None None] Extension aap-reject-multicast not supported by any of loaded plugins
Jun 29 06:05:58.797447 np0000183463 devstack@neutron-api.service[103631]: DEBUG neutron.api.extensions [None req-d080ca04-b7a4-4fb6-a478-8880425826f0 None None] Loading extension file: address_group.py {{(pid=103631) _load_all_extensions_from_path /opt/stack/neutron/neutron/api/extensions.py:449}}
Jun 29 06:05:58.797568 np0000183463 devstack@neutron-api.service[103632]: DEBUG neutron.api.extensions [None req-ffdc24cf-457e-428b-8393-d00f3b8e9069 None None] Ext name="QoS port network policy ID" alias="qos-port-network-policy" description="Adds a the QoS network ID to the port definition" updated="2019-11-01T10:00:00-00:00" {{(pid=103632) _check_extension /opt/stack/neutron/neutron/api/extensions.py:415}}
Jun 29 06:05:58.797568 np0000183463 devstack@neutron-api.service[103632]: INFO neutron.api.extensions [None req-ffdc24cf-457e-428b-8393-d00f3b8e9069 None None] Extension qos-port-network-policy not supported by any of loaded plugins
Jun 29 06:05:58.797568 np0000183463 devstack@neutron-api.service[103632]: DEBUG neutron.api.extensions [None req-ffdc24cf-457e-428b-8393-d00f3b8e9069 None None] Loading extension file: qos_pps_minimum_rule.py {{(pid=103632) _load_all_extensions_from_path /opt/stack/neutron/neutron/api/extensions.py:449}}
Jun 29 06:05:58.797925 np0000183463 devstack@neutron-api.service[103631]: DEBUG neutron.api.extensions [None req-d080ca04-b7a4-4fb6-a478-8880425826f0 None None] Ext name="Address group" alias="address-group" description="Support address group" updated="2020-07-15T10:00:00-00:00" {{(pid=103631) _check_extension /opt/stack/neutron/neutron/api/extensions.py:415}}
Jun 29 06:05:58.798053 np0000183463 devstack@neutron-api.service[103632]: DEBUG neutron.api.extensions [None req-ffdc24cf-457e-428b-8393-d00f3b8e9069 None None] Ext name="QoS minimum packet rate rule" alias="qos-pps-minimum" description="Allow to configure QoS minimum packet rate rule." updated="2021-07-14T10:00:00-00:00" {{(pid=103632) _check_extension /opt/stack/neutron/neutron/api/extensions.py:415}}
Jun 29 06:05:58.798163 np0000183463 devstack@neutron-api.service[103631]: INFO neutron.api.extensions [None req-d080ca04-b7a4-4fb6-a478-8880425826f0 None None] Loaded extension: address-group
Jun 29 06:05:58.798163 np0000183463 devstack@neutron-api.service[103631]: DEBUG neutron.api.extensions [None req-d080ca04-b7a4-4fb6-a478-8880425826f0 None None] Loading extension file: address_scope.py {{(pid=103631) _load_all_extensions_from_path /opt/stack/neutron/neutron/api/extensions.py:449}}
Jun 29 06:05:58.798510 np0000183463 devstack@neutron-api.service[103632]: INFO neutron.api.extensions [None req-ffdc24cf-457e-428b-8393-d00f3b8e9069 None None] Extension qos-pps-minimum not supported by any of loaded plugins
Jun 29 06:05:58.798510 np0000183463 devstack@neutron-api.service[103632]: DEBUG neutron.api.extensions [None req-ffdc24cf-457e-428b-8393-d00f3b8e9069 None None] Loading extension file: qos_pps_minimum_rule_alias.py {{(pid=103632) _load_all_extensions_from_path /opt/stack/neutron/neutron/api/extensions.py:449}}
Jun 29 06:05:58.798625 np0000183463 devstack@neutron-api.service[103631]: DEBUG neutron.api.extensions [None req-d080ca04-b7a4-4fb6-a478-8880425826f0 None None] Ext name="Address scope" alias="address-scope" description="Address scopes extension." updated="2015-07-26T10:00:00-00:00" {{(pid=103631) _check_extension /opt/stack/neutron/neutron/api/extensions.py:415}}
Jun 29 06:05:58.798738 np0000183463 devstack@neutron-api.service[103632]: DEBUG neutron.api.extensions [None req-ffdc24cf-457e-428b-8393-d00f3b8e9069 None None] Ext name="QoS minimum packet rate rule alias" alias="qos-pps-minimum-rule-alias" description="API to enable GET, PUT and DELETE operations on QoS minimum packet rate rule without specifying policy ID" updated="2021-10-22T10:00:00-00:00" {{(pid=103632) _check_extension /opt/stack/neutron/neutron/api/extensions.py:415}}
Jun 29 06:05:58.798833 np0000183463 devstack@neutron-api.service[103631]: INFO neutron.api.extensions [None req-d080ca04-b7a4-4fb6-a478-8880425826f0 None None] Loaded extension: address-scope
Jun 29 06:05:58.798991 np0000183463 devstack@neutron-api.service[103632]: INFO neutron.api.extensions [None req-ffdc24cf-457e-428b-8393-d00f3b8e9069 None None] Extension qos-pps-minimum-rule-alias not supported by any of loaded plugins
Jun 29 06:05:58.799054 np0000183463 devstack@neutron-api.service[103631]: DEBUG neutron.api.extensions [None req-d080ca04-b7a4-4fb6-a478-8880425826f0 None None] Loading extension file: admin_state_down_before_update.py {{(pid=103631) _load_all_extensions_from_path /opt/stack/neutron/neutron/api/extensions.py:449}}
Jun 29 06:05:58.799160 np0000183463 devstack@neutron-api.service[103632]: DEBUG neutron.api.extensions [None req-ffdc24cf-457e-428b-8393-d00f3b8e9069 None None] Loading extension file: qos_pps_rule.py {{(pid=103632) _load_all_extensions_from_path /opt/stack/neutron/neutron/api/extensions.py:449}}
Jun 29 06:05:58.799269 np0000183463 devstack@neutron-api.service[103631]: DEBUG neutron.api.extensions [None req-d080ca04-b7a4-4fb6-a478-8880425826f0 None None] Ext name="Enforce Router's Admin State Down Before Update Extension" alias="router-admin-state-down-before-update" description="Ensure that the admin state of a router is DOWN (admin_state_up=False) before updating the distributed attribute" updated="2019-07-02T15:56:00" {{(pid=103631) _check_extension /opt/stack/neutron/neutron/api/extensions.py:415}}
Jun 29 06:05:58.799379 np0000183463 devstack@neutron-api.service[103632]: DEBUG neutron.api.extensions [None req-ffdc24cf-457e-428b-8393-d00f3b8e9069 None None] Ext name="QoS Rule Type Packet per Second Extension" alias="qos-pps" description="Add QoS Rule Type Packet per Second" updated="2021-05-12T10:00:00-00:00" {{(pid=103632) _check_extension /opt/stack/neutron/neutron/api/extensions.py:415}}
Jun 29 06:05:58.799468 np0000183463 devstack@neutron-api.service[103631]: INFO neutron.api.extensions [None req-d080ca04-b7a4-4fb6-a478-8880425826f0 None None] Extension router-admin-state-down-before-update not supported by any of loaded plugins
Jun 29 06:05:58.799581 np0000183463 devstack@neutron-api.service[103632]: INFO neutron.api.extensions [None req-ffdc24cf-457e-428b-8393-d00f3b8e9069 None None] Extension qos-pps not supported by any of loaded plugins
Jun 29 06:05:58.799647 np0000183463 devstack@neutron-api.service[103631]: DEBUG neutron.api.extensions [None req-d080ca04-b7a4-4fb6-a478-8880425826f0 None None] Loading extension file: agent.py {{(pid=103631) _load_all_extensions_from_path /opt/stack/neutron/neutron/api/extensions.py:449}}
Jun 29 06:05:58.799718 np0000183463 devstack@neutron-api.service[103632]: DEBUG neutron.api.extensions [None req-ffdc24cf-457e-428b-8393-d00f3b8e9069 None None] Loading extension file: qos_rule_type_details.py {{(pid=103632) _load_all_extensions_from_path /opt/stack/neutron/neutron/api/extensions.py:449}}
Jun 29 06:05:58.799718 np0000183463 devstack@neutron-api.service[103632]: DEBUG neutron.api.extensions [None req-ffdc24cf-457e-428b-8393-d00f3b8e9069 None None] Ext name="Details of QoS rule types" alias="qos-rule-type-details" description="Expose details about QoS rule types supported by loaded backend drivers" updated="2017-06-22T10:00:00-00:00" {{(pid=103632) _check_extension /opt/stack/neutron/neutron/api/extensions.py:415}}
Jun 29 06:05:58.799884 np0000183463 devstack@neutron-api.service[103631]: DEBUG neutron.api.extensions [None req-d080ca04-b7a4-4fb6-a478-8880425826f0 None None] Ext name="agent" alias="agent" description="The agent management extension." updated="2013-02-03T10:00:00-00:00" {{(pid=103631) _check_extension /opt/stack/neutron/neutron/api/extensions.py:415}}
Jun 29 06:05:58.799952 np0000183463 devstack@neutron-api.service[103632]: INFO neutron.api.extensions [None req-ffdc24cf-457e-428b-8393-d00f3b8e9069 None None] Extension qos-rule-type-details not supported by any of loaded plugins
Jun 29 06:05:58.800018 np0000183463 devstack@neutron-api.service[103631]: INFO neutron.api.extensions [None req-d080ca04-b7a4-4fb6-a478-8880425826f0 None None] Loaded extension: agent
Jun 29 06:05:58.800114 np0000183463 devstack@neutron-api.service[103632]: DEBUG neutron.api.extensions [None req-ffdc24cf-457e-428b-8393-d00f3b8e9069 None None] Loading extension file: qos_rule_type_filter.py {{(pid=103632) _load_all_extensions_from_path /opt/stack/neutron/neutron/api/extensions.py:449}}
Jun 29 06:05:58.800208 np0000183463 devstack@neutron-api.service[103631]: DEBUG neutron.api.extensions [None req-d080ca04-b7a4-4fb6-a478-8880425826f0 None None] Loading extension file: agent_resources_synced.py {{(pid=103631) _load_all_extensions_from_path /opt/stack/neutron/neutron/api/extensions.py:449}}
Jun 29 06:05:58.800273 np0000183463 devstack@neutron-api.service[103632]: DEBUG neutron.api.extensions [None req-ffdc24cf-457e-428b-8393-d00f3b8e9069 None None] Ext name="Allow to filter the list of QoS rule types" alias="qos-rule-type-filter" description="Allows to filter the QoS rule type list adding two new flags. "all_rules" prints all implemented QoS rule types."all_supported" prints all supported QoS rule types by the loaded mechanism drivers" updated="2022-02-02T10:00:00-00:00" {{(pid=103632) _check_extension /opt/stack/neutron/neutron/api/extensions.py:415}}
Jun 29 06:05:58.800357 np0000183463 devstack@neutron-api.service[103631]: DEBUG neutron.api.extensions [None req-d080ca04-b7a4-4fb6-a478-8880425826f0 None None] Ext name="Agent's Resource View Synced to Placement" alias="agent-resources-synced" description="Stores success/failure of last sync to Placement" updated="2018-12-19T00:00:00-00:00" {{(pid=103631) _check_extension /opt/stack/neutron/neutron/api/extensions.py:415}}
Jun 29 06:05:58.800461 np0000183463 devstack@neutron-api.service[103632]: INFO neutron.api.extensions [None req-ffdc24cf-457e-428b-8393-d00f3b8e9069 None None] Extension qos-rule-type-filter not supported by any of loaded plugins
Jun 29 06:05:58.800530 np0000183463 devstack@neutron-api.service[103631]: INFO neutron.api.extensions [None req-d080ca04-b7a4-4fb6-a478-8880425826f0 None None] Extension agent-resources-synced not supported by any of loaded plugins
Jun 29 06:05:58.800603 np0000183463 devstack@neutron-api.service[103632]: DEBUG neutron.api.extensions [None req-ffdc24cf-457e-428b-8393-d00f3b8e9069 None None] Loading extension file: qos_rules_alias.py {{(pid=103632) _load_all_extensions_from_path /opt/stack/neutron/neutron/api/extensions.py:449}}
Jun 29 06:05:58.800712 np0000183463 devstack@neutron-api.service[103631]: DEBUG neutron.api.extensions [None req-d080ca04-b7a4-4fb6-a478-8880425826f0 None None] Loading extension file: agent_sort_key.py {{(pid=103631) _load_all_extensions_from_path /opt/stack/neutron/neutron/api/extensions.py:449}}
Jun 29 06:05:58.800783 np0000183463 devstack@neutron-api.service[103632]: DEBUG neutron.api.extensions [None req-ffdc24cf-457e-428b-8393-d00f3b8e9069 None None] Ext name="Quality of Service rules alias API" alias="qos-rules-alias" description="API to enable GET, PUT and DELETE operations on QoS policy rules without specifying policy ID" updated="2018-10-07T10:00:00-00:00" {{(pid=103632) _check_extension /opt/stack/neutron/neutron/api/extensions.py:415}}
Jun 29 06:05:58.800852 np0000183463 devstack@neutron-api.service[103631]: DEBUG neutron.api.extensions [None req-d080ca04-b7a4-4fb6-a478-8880425826f0 None None] Ext name="Agents Sort Key" alias="agent_sort_key" description="Enabling the keyword sort_key for sorting in agents." updated="2013-02-03T10:00:00-00:00" {{(pid=103631) _check_extension /opt/stack/neutron/neutron/api/extensions.py:415}}
Jun 29 06:05:58.800956 np0000183463 devstack@neutron-api.service[103632]: INFO neutron.api.extensions [None req-ffdc24cf-457e-428b-8393-d00f3b8e9069 None None] Extension qos-rules-alias not supported by any of loaded plugins
Jun 29 06:05:58.801021 np0000183463 devstack@neutron-api.service[103631]: INFO neutron.api.extensions [None req-d080ca04-b7a4-4fb6-a478-8880425826f0 None None] Extension agent_sort_key not supported by any of loaded plugins
Jun 29 06:05:58.801083 np0000183463 devstack@neutron-api.service[103632]: DEBUG neutron.api.extensions [None req-ffdc24cf-457e-428b-8393-d00f3b8e9069 None None] Loading extension file: quota_check_limit.py {{(pid=103632) _load_all_extensions_from_path /opt/stack/neutron/neutron/api/extensions.py:449}}
Jun 29 06:05:58.801196 np0000183463 devstack@neutron-api.service[103631]: DEBUG neutron.api.extensions [None req-d080ca04-b7a4-4fb6-a478-8880425826f0 None None] Loading extension file: allowedaddresspairs.py {{(pid=103631) _load_all_extensions_from_path /opt/stack/neutron/neutron/api/extensions.py:449}}
Jun 29 06:05:58.801271 np0000183463 devstack@neutron-api.service[103632]: DEBUG neutron.api.extensions [None req-ffdc24cf-457e-428b-8393-d00f3b8e9069 None None] Ext name="Quota engine limit check" alias="quota-check-limit" description="Support for checking the resource usage before applying a new quota limit" updated="2021-09-08T16:00:00-00:00" {{(pid=103632) _check_extension /opt/stack/neutron/neutron/api/extensions.py:415}}
Jun 29 06:05:58.801271 np0000183463 devstack@neutron-api.service[103632]: INFO neutron.api.extensions [None req-ffdc24cf-457e-428b-8393-d00f3b8e9069 None None] Loaded extension: quota-check-limit
Jun 29 06:05:58.801271 np0000183463 devstack@neutron-api.service[103632]: DEBUG neutron.api.extensions [None req-ffdc24cf-457e-428b-8393-d00f3b8e9069 None None] Loading extension file: quota_check_limit_default.py {{(pid=103632) _load_all_extensions_from_path /opt/stack/neutron/neutron/api/extensions.py:449}}
