2026-03-06 02:06:13.528 8 INFO placement.requestlog [req-462b1c9c-a5cc-4887-b8aa-fe5b6cd828ba req-de3b3bd7-ce71-4134-8f68-dfe0cb787186 d6d620b4911e425eaffe24f297ee2165 8d541cdb92434d1e8e4b1d8b6afa855c - - caa1d4b94b0e418b9e415c8610d98bb2 caa1d4b94b0e418b9e415c8610d98bb2] 162.253.55.206 "DELETE /allocations/0bb68920-c4e9-4e11-9c07-2992ef824e85" status: 204 len: 0 microversion: 1.0 [pid: 8|app: 0|req: 558/1092] 162.253.55.206 () {34 vars in 841 bytes} [Fri Mar 6 02:06:13 2026] DELETE /allocations/0bb68920-c4e9-4e11-9c07-2992ef824e85 => generated 0 bytes in 47 msecs (HTTP/1.1 204) 5 headers in 198 bytes (1 switches on core 0)
2026-03-06 02:06:14.635 7 INFO placement.requestlog [req-ca9fec44-1d24-4f3e-bbb5-5b1cf5e2590a req-d13e0dd1-93db-4c4f-91cf-a2f881182eb5 d6d620b4911e425eaffe24f297ee2165 8d541cdb92434d1e8e4b1d8b6afa855c - - caa1d4b94b0e418b9e415c8610d98bb2 caa1d4b94b0e418b9e415c8610d98bb2] 162.253.55.206 "GET /resource_providers/d186c63d-6f47-44fa-9b51-8f9aa70425f6/allocations" status: 200 len: 253 microversion: 1.0 [pid: 7|app: 0|req: 535/1093] 162.253.55.206 () {32 vars in 857 bytes} [Fri Mar 6 02:06:14 2026] GET /resource_providers/d186c63d-6f47-44fa-9b51-8f9aa70425f6/allocations => generated 253 bytes in 16 msecs (HTTP/1.1 200) 6 headers in 224 bytes (1 switches on core 0)
2026-03-06 02:06:14.654 8 INFO placement.requestlog [req-ca9fec44-1d24-4f3e-bbb5-5b1cf5e2590a req-1e1730a9-3e40-43e6-968d-3cd9f7b584d9 d6d620b4911e425eaffe24f297ee2165 8d541cdb92434d1e8e4b1d8b6afa855c - - caa1d4b94b0e418b9e415c8610d98bb2 caa1d4b94b0e418b9e415c8610d98bb2] 162.253.55.206 "GET /allocations/66a30856-e541-4897-b5b1-932166670967" status: 200 len: 258 microversion: 1.28 [pid: 8|app: 0|req: 559/1094] 162.253.55.206 () {34 vars in 863 bytes} [Fri Mar 6 02:06:14 2026] GET /allocations/66a30856-e541-4897-b5b1-932166670967 => generated 258 bytes in 15 msecs (HTTP/1.1 200) 8 headers in 296 bytes (1 switches on core 0)
2026-03-06 02:06:14.671 7 INFO placement.requestlog [req-ca9fec44-1d24-4f3e-bbb5-5b1cf5e2590a req-704da099-292c-4ad3-b499-226d2562fe9f d6d620b4911e425eaffe24f297ee2165 8d541cdb92434d1e8e4b1d8b6afa855c - - caa1d4b94b0e418b9e415c8610d98bb2 caa1d4b94b0e418b9e415c8610d98bb2] 162.253.55.206 "GET /allocations/2bfeba1d-44e3-494a-9a4b-7dca3b4f2650" status: 200 len: 258 microversion: 1.28 [pid: 7|app: 0|req: 536/1095] 162.253.55.206 () {34 vars in 863 bytes} [Fri Mar 6 02:06:14 2026] GET /allocations/2bfeba1d-44e3-494a-9a4b-7dca3b4f2650 => generated 258 bytes in 10 msecs (HTTP/1.1 200) 8 headers in 296 bytes (1 switches on core 0)
2026-03-06 02:06:15.711 8 INFO placement.requestlog [req-ca9fec44-1d24-4f3e-bbb5-5b1cf5e2590a req-16c65755-2ecc-4216-a0c6-3167a84eaa04 d6d620b4911e425eaffe24f297ee2165 8d541cdb92434d1e8e4b1d8b6afa855c - - caa1d4b94b0e418b9e415c8610d98bb2 caa1d4b94b0e418b9e415c8610d98bb2] 162.253.55.206 "DELETE /allocations/2bfeba1d-44e3-494a-9a4b-7dca3b4f2650" status: 204 len: 0 microversion: 1.0 [pid: 8|app: 0|req: 560/1096] 162.253.55.206 () {34 vars in 841 bytes} [Fri Mar 6 02:06:15 2026] DELETE /allocations/2bfeba1d-44e3-494a-9a4b-7dca3b4f2650 => generated 0 bytes in 20 msecs (HTTP/1.1 204) 5 headers in 198 bytes (1 switches on core 0)
2026-03-06 02:06:16.833 8 INFO placement.requestlog [None req-c4b74219-82b0-4946-a733-3c42ce221861 c3f408ce8a0e42d783f45119563d18d7 8d541cdb92434d1e8e4b1d8b6afa855c - - caa1d4b94b0e418b9e415c8610d98bb2 caa1d4b94b0e418b9e415c8610d98bb2] 10.0.0.82 "GET /resource_providers/5587d292-bb60-4680-bc09-94d40daaabb3/aggregates" status: 404 len: 235 microversion: 1.1 [pid: 8|app: 0|req: 561/1097] 10.0.0.82 () {32 vars in 815 bytes} [Fri Mar 6 02:06:16 2026] GET /resource_providers/5587d292-bb60-4680-bc09-94d40daaabb3/aggregates => generated 235 bytes in 8 msecs (HTTP/1.1 404) 5 headers in 202 bytes (1 switches on core 0)
2026-03-06 02:06:16.840 7 INFO placement.requestlog [None req-3b85dd52-98ac-4174-a1f3-69d05224c1bf c3f408ce8a0e42d783f45119563d18d7 8d541cdb92434d1e8e4b1d8b6afa855c - - caa1d4b94b0e418b9e415c8610d98bb2 caa1d4b94b0e418b9e415c8610d98bb2] 10.0.0.82 "GET /resource_providers/5587d292-bb60-4680-bc09-94d40daaabb3/aggregates" status: 404 len: 235 microversion: 1.1 [pid: 7|app: 0|req: 537/1098] 10.0.0.82 () {32 vars in 815 bytes} [Fri Mar 6 02:06:16 2026] GET /resource_providers/5587d292-bb60-4680-bc09-94d40daaabb3/aggregates => generated 235 bytes in 15 msecs (HTTP/1.1 404) 5 headers in 202 bytes (1 switches on core 0)
2026-03-06 02:06:16.859 8 INFO placement.requestlog [None req-609cf2b3-5f92-4973-b98a-e3163835caad c3f408ce8a0e42d783f45119563d18d7 8d541cdb92434d1e8e4b1d8b6afa855c - - caa1d4b94b0e418b9e415c8610d98bb2 caa1d4b94b0e418b9e415c8610d98bb2] 10.0.0.82 "DELETE /resource_providers/5587d292-bb60-4680-bc09-94d40daaabb3" status: 404 len: 246 microversion: 1.1 [pid: 8|app: 0|req: 562/1099] 10.0.0.82 () {34 vars in 815 bytes} [Fri Mar 6 02:06:16 2026] DELETE /resource_providers/5587d292-bb60-4680-bc09-94d40daaabb3 => generated 246 bytes in 12 msecs (HTTP/1.1 404) 6 headers in 231 bytes (1 switches on core 0)
2026-03-06 02:06:16.871 7 INFO placement.requestlog [None req-9dbfeb88-b3d2-4ba5-a781-b376eefc6db1 c3f408ce8a0e42d783f45119563d18d7 8d541cdb92434d1e8e4b1d8b6afa855c - - caa1d4b94b0e418b9e415c8610d98bb2 caa1d4b94b0e418b9e415c8610d98bb2] 10.0.0.82 "DELETE /resource_providers/5587d292-bb60-4680-bc09-94d40daaabb3" status: 404 len: 246 microversion: 1.1 [pid: 7|app: 0|req: 538/1100] 10.0.0.82 () {34 vars in 815 bytes} [Fri Mar 6 02:06:16 2026] DELETE /resource_providers/5587d292-bb60-4680-bc09-94d40daaabb3 => generated 246 bytes in 21 msecs (HTTP/1.1 404) 6 headers in 231 bytes (1 switches on core 0)
2026-03-06 02:06:17.270 7 INFO placement.requestlog [None req-dbd2bbce-2389-44b4-a24a-050b5b319e09 c3f408ce8a0e42d783f45119563d18d7 8d541cdb92434d1e8e4b1d8b6afa855c - - caa1d4b94b0e418b9e415c8610d98bb2 caa1d4b94b0e418b9e415c8610d98bb2] 10.0.0.82 "GET /resource_providers/09b8fb79-53d1-4fd3-b8ec-e3f2c9119627/aggregates" status: 404 len: 235 microversion: 1.1 [pid: 7|app: 0|req: 539/1101] 10.0.0.82 () {32 vars in 815 bytes} [Fri Mar 6 02:06:17 2026] GET /resource_providers/09b8fb79-53d1-4fd3-b8ec-e3f2c9119627/aggregates => generated 235 bytes in 10 msecs (HTTP/1.1 404) 5 headers in 202 bytes (1 switches on core 0)
2026-03-06 02:06:17.273 8 INFO placement.requestlog [None req-fbf77300-1620-4047-9a79-792cbb13cf65 c3f408ce8a0e42d783f45119563d18d7 8d541cdb92434d1e8e4b1d8b6afa855c - - caa1d4b94b0e418b9e415c8610d98bb2 caa1d4b94b0e418b9e415c8610d98bb2] 10.0.0.82 "GET /resource_providers/09b8fb79-53d1-4fd3-b8ec-e3f2c9119627/aggregates" status: 404 len: 235 microversion: 1.1 [pid: 8|app: 0|req: 563/1102] 10.0.0.82 () {32 vars in 815 bytes} [Fri Mar 6 02:06:17 2026] GET /resource_providers/09b8fb79-53d1-4fd3-b8ec-e3f2c9119627/aggregates => generated 235 bytes in 13 msecs (HTTP/1.1 404) 5 headers in 202 bytes (1 switches on core 0)
2026-03-06 02:06:17.293 8 INFO placement.requestlog [None req-afbb63ff-73f4-47aa-a420-978525a2e894 c3f408ce8a0e42d783f45119563d18d7 8d541cdb92434d1e8e4b1d8b6afa855c - - caa1d4b94b0e418b9e415c8610d98bb2 caa1d4b94b0e418b9e415c8610d98bb2] 10.0.0.82 "DELETE /resource_providers/09b8fb79-53d1-4fd3-b8ec-e3f2c9119627" status: 404 len: 246 microversion: 1.1 [pid: 8|app: 0|req: 564/1103] 10.0.0.82 () {34 vars in 815 bytes} [Fri Mar 6 02:06:17 2026] DELETE /resource_providers/09b8fb79-53d1-4fd3-b8ec-e3f2c9119627 => generated 246 bytes in 7 msecs (HTTP/1.1 404) 6 headers in 231 bytes (1 switches on core 0)
2026-03-06 02:06:17.299 7 INFO placement.requestlog [None req-1b8e2eeb-8710-4420-bcdc-b53b7d456838 c3f408ce8a0e42d783f45119563d18d7 8d541cdb92434d1e8e4b1d8b6afa855c - - caa1d4b94b0e418b9e415c8610d98bb2 caa1d4b94b0e418b9e415c8610d98bb2] 10.0.0.82 "DELETE /resource_providers/09b8fb79-53d1-4fd3-b8ec-e3f2c9119627" status: 404 len: 246 microversion: 1.1 [pid: 7|app: 0|req: 540/1104] 10.0.0.82 () {34 vars in 815 bytes} [Fri Mar 6 02:06:17 2026] DELETE /resource_providers/09b8fb79-53d1-4fd3-b8ec-e3f2c9119627 => generated 246 bytes in 16 msecs (HTTP/1.1 404) 6 headers in 231 bytes (1 switches on core 0)
2026-03-06 02:06:18.882 8 INFO placement.requestlog [None req-dbdd51c3-d5a5-40b7-a9a0-bc2363543343 c3f408ce8a0e42d783f45119563d18d7 8d541cdb92434d1e8e4b1d8b6afa855c - - caa1d4b94b0e418b9e415c8610d98bb2 caa1d4b94b0e418b9e415c8610d98bb2] 10.0.0.82 "GET /resource_providers/50c5e33a-b668-49a0-9a48-8e4f0fc6cf68/aggregates" status: 404 len: 235 microversion: 1.1 [pid: 8|app: 0|req: 565/1105] 10.0.0.82 () {32 vars in 815 bytes} [Fri Mar 6 02:06:18 2026] GET /resource_providers/50c5e33a-b668-49a0-9a48-8e4f0fc6cf68/aggregates => generated 235 bytes in 10 msecs (HTTP/1.1 404) 5 headers in 202 bytes (1 switches on core 0)
2026-03-06 02:06:18.892 7 INFO placement.requestlog [None req-8e24d04a-fa61-4df5-ba7f-5621c8eda666 c3f408ce8a0e42d783f45119563d18d7 8d541cdb92434d1e8e4b1d8b6afa855c - - caa1d4b94b0e418b9e415c8610d98bb2 caa1d4b94b0e418b9e415c8610d98bb2] 10.0.0.82 "GET /resource_providers/50c5e33a-b668-49a0-9a48-8e4f0fc6cf68/aggregates" status: 404 len: 235 microversion: 1.1 [pid: 7|app: 0|req: 541/1106] 10.0.0.82 () {32 vars in 815 bytes} [Fri Mar 6 02:06:18 2026] GET /resource_providers/50c5e33a-b668-49a0-9a48-8e4f0fc6cf68/aggregates => generated 235 bytes in 12 msecs (HTTP/1.1 404) 5 headers in 202 bytes (1 switches on core 0)
2026-03-06 02:06:18.898 8 INFO placement.requestlog [None req-da05a7f8-6659-4072-b1cc-a3164caa1c8f c3f408ce8a0e42d783f45119563d18d7 8d541cdb92434d1e8e4b1d8b6afa855c - - caa1d4b94b0e418b9e415c8610d98bb2 caa1d4b94b0e418b9e415c8610d98bb2] 10.0.0.82 "DELETE /resource_providers/50c5e33a-b668-49a0-9a48-8e4f0fc6cf68" status: 404 len: 246 microversion: 1.1 [pid: 8|app: 0|req: 566/1107] 10.0.0.82 () {34 vars in 815 bytes} [Fri Mar 6 02:06:18 2026] DELETE /resource_providers/50c5e33a-b668-49a0-9a48-8e4f0fc6cf68 => generated 246 bytes in 7 msecs (HTTP/1.1 404) 6 headers in 231 bytes (1 switches on core 0)
2026-03-06 02:06:18.904 7 INFO placement.requestlog [None req-a876de59-1b46-4887-ab0c-bac03675f2f8 c3f408ce8a0e42d783f45119563d18d7 8d541cdb92434d1e8e4b1d8b6afa855c - - caa1d4b94b0e418b9e415c8610d98bb2 caa1d4b94b0e418b9e415c8610d98bb2] 10.0.0.82 "DELETE /resource_providers/50c5e33a-b668-49a0-9a48-8e4f0fc6cf68" status: 404 len: 246 microversion: 1.1 [pid: 7|app: 0|req: 542/1108] 10.0.0.82 () {34 vars in 815 bytes} [Fri Mar 6 02:06:18 2026] DELETE /resource_providers/50c5e33a-b668-49a0-9a48-8e4f0fc6cf68 => generated 246 bytes in 6 msecs (HTTP/1.1 404) 6 headers in 231 bytes (1 switches on core 0)
2026-03-06 02:06:19.656 8 INFO placement.requestlog [None req-07be5fb8-ede6-487e-9e84-a3bc1af9d4f9 c3f408ce8a0e42d783f45119563d18d7 8d541cdb92434d1e8e4b1d8b6afa855c - - caa1d4b94b0e418b9e415c8610d98bb2 caa1d4b94b0e418b9e415c8610d98bb2] 10.0.0.82 "GET /resource_providers/b8719005-187b-4547-aa55-fced040421b9/aggregates" status: 404 len: 235 microversion: 1.1 [pid: 8|app: 0|req: 567/1109] 10.0.0.82 () {32 vars in 815 bytes} [Fri Mar 6 02:06:19 2026] GET /resource_providers/b8719005-187b-4547-aa55-fced040421b9/aggregates => generated 235 bytes in 10 msecs (HTTP/1.1 404) 5 headers in 202 bytes (1 switches on core 0)
2026-03-06 02:06:19.659 7 INFO placement.requestlog [None req-24a75fef-5bd1-400e-b49c-d94689dd5001 c3f408ce8a0e42d783f45119563d18d7 8d541cdb92434d1e8e4b1d8b6afa855c - - caa1d4b94b0e418b9e415c8610d98bb2 caa1d4b94b0e418b9e415c8610d98bb2] 10.0.0.82 "GET /resource_providers/b8719005-187b-4547-aa55-fced040421b9/aggregates" status: 404 len: 235 microversion: 1.1 [pid: 7|app: 0|req: 543/1110] 10.0.0.82 () {32 vars in 815 bytes} [Fri Mar 6 02:06:19 2026] GET /resource_providers/b8719005-187b-4547-aa55-fced040421b9/aggregates => generated 235 bytes in 9 msecs (HTTP/1.1 404) 5 headers in 202 bytes (1 switches on core 0)
2026-03-06 02:06:19.677 8 INFO placement.requestlog [None req-d19c6252-133a-486a-a5c5-dbba5b2150f9 c3f408ce8a0e42d783f45119563d18d7 8d541cdb92434d1e8e4b1d8b6afa855c - - caa1d4b94b0e418b9e415c8610d98bb2 caa1d4b94b0e418b9e415c8610d98bb2] 10.0.0.82 "DELETE /resource_providers/b8719005-187b-4547-aa55-fced040421b9" status: 404 len: 246 microversion: 1.1
2026-03-06 02:06:19.678 7 INFO placement.requestlog [None req-18568bc7-058b-426c-97ca-0f13d3c35e0b c3f408ce8a0e42d783f45119563d18d7 8d541cdb92434d1e8e4b1d8b6afa855c - - caa1d4b94b0e418b9e415c8610d98bb2 caa1d4b94b0e418b9e415c8610d98bb2] 10.0.0.82 "DELETE /resource_providers/b8719005-187b-4547-aa55-fced040421b9" status: 404 len: 246 microversion: 1.1 [pid: 7|app: 0|req: 544/1111] 10.0.0.82 () {34 vars in 815 bytes} [Fri Mar 6 02:06:19 2026] DELETE /resource_providers/b8719005-187b-4547-aa55-fced040421b9 => generated 246 bytes in 8 msecs (HTTP/1.1 404) 6 headers in 231 bytes (1 switches on core 0) [pid: 8|app: 0|req: 568/1112] 10.0.0.82 () {34 vars in 815 bytes} [Fri Mar 6 02:06:19 2026] DELETE /resource_providers/b8719005-187b-4547-aa55-fced040421b9 => generated 246 bytes in 10 msecs (HTTP/1.1 404) 6 headers in 231 bytes (1 switches on core 0)
2026-03-06 02:06:20.918 7 INFO placement.requestlog [None req-09468ced-13e1-4fe9-9d92-df4627d960fc c3f408ce8a0e42d783f45119563d18d7 8d541cdb92434d1e8e4b1d8b6afa855c - - caa1d4b94b0e418b9e415c8610d98bb2 caa1d4b94b0e418b9e415c8610d98bb2] 10.0.0.82 "GET /resource_providers/a001c24b-41ce-4cc2-b166-70618b672e47/aggregates" status: 404 len: 235 microversion: 1.1 [pid: 7|app: 0|req: 545/1113] 10.0.0.82 () {32 vars in 815 bytes} [Fri Mar 6 02:06:20 2026] GET /resource_providers/a001c24b-41ce-4cc2-b166-70618b672e47/aggregates => generated 235 bytes in 10 msecs (HTTP/1.1 404) 5 headers in 202 bytes (1 switches on core 0)
2026-03-06 02:06:20.921 8 INFO placement.requestlog [None req-d65e921a-65e0-449c-9c4c-da1453432d9b c3f408ce8a0e42d783f45119563d18d7 8d541cdb92434d1e8e4b1d8b6afa855c - - caa1d4b94b0e418b9e415c8610d98bb2 caa1d4b94b0e418b9e415c8610d98bb2] 10.0.0.82 "GET /resource_providers/a001c24b-41ce-4cc2-b166-70618b672e47/aggregates" status: 404 len: 235 microversion: 1.1 [pid: 8|app: 0|req: 569/1114] 10.0.0.82 () {32 vars in 815 bytes} [Fri Mar 6 02:06:20 2026] GET /resource_providers/a001c24b-41ce-4cc2-b166-70618b672e47/aggregates => generated 235 bytes in 10 msecs (HTTP/1.1 404) 5 headers in 202 bytes (1 switches on core 0)
2026-03-06 02:06:20.934 7 INFO placement.requestlog [None req-ad85d24e-2036-428f-8d16-04581e29bb7b c3f408ce8a0e42d783f45119563d18d7 8d541cdb92434d1e8e4b1d8b6afa855c - - caa1d4b94b0e418b9e415c8610d98bb2 caa1d4b94b0e418b9e415c8610d98bb2] 10.0.0.82 "DELETE /resource_providers/a001c24b-41ce-4cc2-b166-70618b672e47" status: 404 len: 246 microversion: 1.1 [pid: 7|app: 0|req: 546/1115] 10.0.0.82 () {34 vars in 815 bytes} [Fri Mar 6 02:06:20 2026] DELETE /resource_providers/a001c24b-41ce-4cc2-b166-70618b672e47 => generated 246 bytes in 7 msecs (HTTP/1.1 404) 6 headers in 231 bytes (1 switches on core 0)
2026-03-06 02:06:20.937 8 INFO placement.requestlog [None req-39f9f768-08cc-435f-89a1-8e9d97f02484 c3f408ce8a0e42d783f45119563d18d7 8d541cdb92434d1e8e4b1d8b6afa855c - - caa1d4b94b0e418b9e415c8610d98bb2 caa1d4b94b0e418b9e415c8610d98bb2] 10.0.0.82 "DELETE /resource_providers/a001c24b-41ce-4cc2-b166-70618b672e47" status: 404 len: 246 microversion: 1.1 [pid: 8|app: 0|req: 570/1116] 10.0.0.82 () {34 vars in 815 bytes} [Fri Mar 6 02:06:20 2026] DELETE /resource_providers/a001c24b-41ce-4cc2-b166-70618b672e47 => generated 246 bytes in 7 msecs (HTTP/1.1 404) 6 headers in 231 bytes (1 switches on core 0)
2026-03-06 02:06:20.953 8 INFO placement.requestlog [None req-fd0e0431-d5e1-4105-b216-c879ed723510 c3f408ce8a0e42d783f45119563d18d7 8d541cdb92434d1e8e4b1d8b6afa855c - - caa1d4b94b0e418b9e415c8610d98bb2 caa1d4b94b0e418b9e415c8610d98bb2] 10.0.0.82 "GET /resource_providers/acad011f-6f88-498f-9c99-1e34987b0e85/aggregates" status: 404 len: 235 microversion: 1.1
2026-03-06 02:06:20.953 7 INFO placement.requestlog [None req-0b18436e-5ec8-44cb-9460-4d14b7dd2cae c3f408ce8a0e42d783f45119563d18d7 8d541cdb92434d1e8e4b1d8b6afa855c - - caa1d4b94b0e418b9e415c8610d98bb2 caa1d4b94b0e418b9e415c8610d98bb2] 10.0.0.82 "GET /resource_providers/acad011f-6f88-498f-9c99-1e34987b0e85/aggregates" status: 404 len: 235 microversion: 1.1 [pid: 8|app: 0|req: 571/1117] 10.0.0.82 () {32 vars in 815 bytes} [Fri Mar 6 02:06:20 2026] GET /resource_providers/acad011f-6f88-498f-9c99-1e34987b0e85/aggregates => generated 235 bytes in 8 msecs (HTTP/1.1 404) 5 headers in 202 bytes (1 switches on core 0) [pid: 7|app: 0|req: 547/1118] 10.0.0.82 () {32 vars in 815 bytes} [Fri Mar 6 02:06:20 2026] GET /resource_providers/acad011f-6f88-498f-9c99-1e34987b0e85/aggregates => generated 235 bytes in 9 msecs (HTTP/1.1 404) 5 headers in 202 bytes (1 switches on core 0)
2026-03-06 02:06:20.968 8 INFO placement.requestlog [None req-b57674bd-f20e-480a-9f93-a986c5f8cbf0 c3f408ce8a0e42d783f45119563d18d7 8d541cdb92434d1e8e4b1d8b6afa855c - - caa1d4b94b0e418b9e415c8610d98bb2 caa1d4b94b0e418b9e415c8610d98bb2] 10.0.0.82 "DELETE /resource_providers/acad011f-6f88-498f-9c99-1e34987b0e85" status: 404 len: 246 microversion: 1.1 [pid: 8|app: 0|req: 572/1119] 10.0.0.82 () {34 vars in 815 bytes} [Fri Mar 6 02:06:20 2026] DELETE /resource_providers/acad011f-6f88-498f-9c99-1e34987b0e85 => generated 246 bytes in 7 msecs (HTTP/1.1 404) 6 headers in 231 bytes (1 switches on core 0)
2026-03-06 02:06:20.973 7 INFO placement.requestlog [None req-65147be0-821f-42d8-a3ad-cfe2ea6d299e c3f408ce8a0e42d783f45119563d18d7 8d541cdb92434d1e8e4b1d8b6afa855c - - caa1d4b94b0e418b9e415c8610d98bb2 caa1d4b94b0e418b9e415c8610d98bb2] 10.0.0.82 "DELETE /resource_providers/acad011f-6f88-498f-9c99-1e34987b0e85" status: 404 len: 246 microversion: 1.1 [pid: 7|app: 0|req: 548/1120] 10.0.0.82 () {34 vars in 815 bytes} [Fri Mar 6 02:06:20 2026] DELETE /resource_providers/acad011f-6f88-498f-9c99-1e34987b0e85 => generated 246 bytes in 9 msecs (HTTP/1.1 404) 6 headers in 231 bytes (1 switches on core 0)
2026-03-06 02:06:21.019 8 INFO placement.requestlog [None req-e466aaa9-2d71-4832-bb6c-d67eca6177c7 - - - - - -] 10.0.0.75 "GET /" status: 200 len: 136 microversion: 1.0
2026-03-06 02:06:21.019 7 INFO placement.requestlog [None req-fb4bfb1a-cfd3-433d-88c6-7cd397cf2389 - - - - - -] 10.0.0.75 "GET /" status: 200 len: 136 microversion: 1.0
2026-03-06 02:06:21.697 7 INFO placement.requestlog [None req-b7a89d26-48f6-4ee5-9331-9a2159e0e960 c3f408ce8a0e42d783f45119563d18d7 8d541cdb92434d1e8e4b1d8b6afa855c - - caa1d4b94b0e418b9e415c8610d98bb2 caa1d4b94b0e418b9e415c8610d98bb2] 10.0.0.82 "GET /resource_providers/b550c40b-ac6c-4dff-9134-54009f45d948/aggregates" status: 404 len: 235 microversion: 1.1 [pid: 7|app: 0|req: 550/1123] 10.0.0.82 () {32 vars in 815 bytes} [Fri Mar 6 02:06:21 2026] GET /resource_providers/b550c40b-ac6c-4dff-9134-54009f45d948/aggregates => generated 235 bytes in 9 msecs (HTTP/1.1 404) 5 headers in 202 bytes (1 switches on core 0)
2026-03-06 02:06:21.700 8 INFO placement.requestlog [None req-437796cd-8d8f-4c78-9a51-3764f3af6352 c3f408ce8a0e42d783f45119563d18d7 8d541cdb92434d1e8e4b1d8b6afa855c - - caa1d4b94b0e418b9e415c8610d98bb2 caa1d4b94b0e418b9e415c8610d98bb2] 10.0.0.82 "GET /resource_providers/b550c40b-ac6c-4dff-9134-54009f45d948/aggregates" status: 404 len: 235 microversion: 1.1 [pid: 8|app: 0|req: 574/1124] 10.0.0.82 () {32 vars in 815 bytes} [Fri Mar 6 02:06:21 2026] GET /resource_providers/b550c40b-ac6c-4dff-9134-54009f45d948/aggregates => generated 235 bytes in 11 msecs (HTTP/1.1 404) 5 headers in 202 bytes (1 switches on core 0)
2026-03-06 02:06:21.720 8 INFO placement.requestlog [None req-a81bd91f-d3f8-407f-837f-99f43c44b434 c3f408ce8a0e42d783f45119563d18d7 8d541cdb92434d1e8e4b1d8b6afa855c - - caa1d4b94b0e418b9e415c8610d98bb2 caa1d4b94b0e418b9e415c8610d98bb2] 10.0.0.82 "DELETE /resource_providers/b550c40b-ac6c-4dff-9134-54009f45d948" status: 404 len: 246 microversion: 1.1 [pid: 8|app: 0|req: 575/1125] 10.0.0.82 () {34 vars in 815 bytes} [Fri Mar 6 02:06:21 2026] DELETE /resource_providers/b550c40b-ac6c-4dff-9134-54009f45d948 => generated 246 bytes in 12 msecs (HTTP/1.1 404) 6 headers in 231 bytes (1 switches on core 0)
2026-03-06 02:06:21.725 7 INFO placement.requestlog [None req-c81bbee5-a4fc-4500-a250-9bc6899bf27c c3f408ce8a0e42d783f45119563d18d7 8d541cdb92434d1e8e4b1d8b6afa855c - - caa1d4b94b0e418b9e415c8610d98bb2 caa1d4b94b0e418b9e415c8610d98bb2] 10.0.0.82 "DELETE /resource_providers/b550c40b-ac6c-4dff-9134-54009f45d948" status: 404 len: 246 microversion: 1.1 [pid: 7|app: 0|req: 551/1126] 10.0.0.82 () {34 vars in 815 bytes} [Fri Mar 6 02:06:21 2026] DELETE /resource_providers/b550c40b-ac6c-4dff-9134-54009f45d948 => generated 246 bytes in 19 msecs (HTTP/1.1 404) 6 headers in 231 bytes (1 switches on core 0)
2026-03-06 02:06:21.744 7 INFO placement.requestlog [None req-5e7165a4-f3a2-4756-b6d5-d1faf925572b c3f408ce8a0e42d783f45119563d18d7 8d541cdb92434d1e8e4b1d8b6afa855c - - caa1d4b94b0e418b9e415c8610d98bb2 caa1d4b94b0e418b9e415c8610d98bb2] 10.0.0.82 "GET /resource_providers/a54b2872-e5c5-4b9c-984d-68a2ecbd59fe/aggregates" status: 404 len: 235 microversion: 1.1 [pid: 7|app: 0|req: 552/1127] 10.0.0.82 () {32 vars in 815 bytes} [Fri Mar 6 02:06:21 2026] GET /resource_providers/a54b2872-e5c5-4b9c-984d-68a2ecbd59fe/aggregates => generated 235 bytes in 10 msecs (HTTP/1.1 404) 5 headers in 202 bytes (1 switches on core 0)
2026-03-06 02:06:21.746 8 INFO placement.requestlog [None req-7185f25b-612a-453e-b376-01c28c3cff85 c3f408ce8a0e42d783f45119563d18d7 8d541cdb92434d1e8e4b1d8b6afa855c - - caa1d4b94b0e418b9e415c8610d98bb2 caa1d4b94b0e418b9e415c8610d98bb2] 10.0.0.82 "GET /resource_providers/a54b2872-e5c5-4b9c-984d-68a2ecbd59fe/aggregates" status: 404 len: 235 microversion: 1.1 [pid: 8|app: 0|req: 576/1128] 10.0.0.82 () {32 vars in 815 bytes} [Fri Mar 6 02:06:21 2026] GET /resource_providers/a54b2872-e5c5-4b9c-984d-68a2ecbd59fe/aggregates => generated 235 bytes in 12 msecs (HTTP/1.1 404) 5 headers in 202 bytes (1 switches on core 0)
2026-03-06 02:06:21.765 7 INFO placement.requestlog [None req-7711ff06-eefc-4d20-96a8-4170864b1e54 c3f408ce8a0e42d783f45119563d18d7 8d541cdb92434d1e8e4b1d8b6afa855c - - caa1d4b94b0e418b9e415c8610d98bb2 caa1d4b94b0e418b9e415c8610d98bb2] 10.0.0.82 "DELETE /resource_providers/a54b2872-e5c5-4b9c-984d-68a2ecbd59fe" status: 404 len: 246 microversion: 1.1 [pid: 7|app: 0|req: 553/1129] 10.0.0.82 () {34 vars in 815 bytes} [Fri Mar 6 02:06:21 2026] DELETE /resource_providers/a54b2872-e5c5-4b9c-984d-68a2ecbd59fe => generated 246 bytes in 9 msecs (HTTP/1.1 404) 6 headers in 231 bytes (1 switches on core 0)
2026-03-06 02:06:21.768 8 INFO placement.requestlog [None req-f18aeb4a-1f7c-4332-85ff-dd317dca6490 c3f408ce8a0e42d783f45119563d18d7 8d541cdb92434d1e8e4b1d8b6afa855c - - caa1d4b94b0e418b9e415c8610d98bb2 caa1d4b94b0e418b9e415c8610d98bb2] 10.0.0.82 "DELETE /resource_providers/a54b2872-e5c5-4b9c-984d-68a2ecbd59fe" status: 404 len: 246 microversion: 1.1 [pid: 8|app: 0|req: 577/1130] 10.0.0.82 () {34 vars in 815 bytes} [Fri Mar 6 02:06:21 2026] DELETE /resource_providers/a54b2872-e5c5-4b9c-984d-68a2ecbd59fe => generated 246 bytes in 8 msecs (HTTP/1.1 404) 6 headers in 231 bytes (1 switches on core 0)
2026-03-06 02:06:22.247 7 INFO placement.requestlog [req-3d61633b-8db3-41ee-b587-24ef6f44dff8 req-a451b700-ebf8-4e22-8a55-57e2b31114fe d6d620b4911e425eaffe24f297ee2165 8d541cdb92434d1e8e4b1d8b6afa855c - - caa1d4b94b0e418b9e415c8610d98bb2 caa1d4b94b0e418b9e415c8610d98bb2] 162.253.55.206 "GET /resource_providers/d186c63d-6f47-44fa-9b51-8f9aa70425f6/allocations" status: 200 len: 153 microversion: 1.0 [pid: 7|app: 0|req: 554/1131] 162.253.55.206 () {32 vars in 857 bytes} [Fri Mar 6 02:06:22 2026] GET /resource_providers/d186c63d-6f47-44fa-9b51-8f9aa70425f6/allocations => generated 153 bytes in 17 msecs (HTTP/1.1 200) 6 headers in 224 bytes (1 switches on core 0)
2026-03-06 02:06:22.267 8 INFO placement.requestlog [req-3d61633b-8db3-41ee-b587-24ef6f44dff8 req-ac06688f-8d40-4e4a-bb9e-eba70b6480b4 d6d620b4911e425eaffe24f297ee2165 8d541cdb92434d1e8e4b1d8b6afa855c - - caa1d4b94b0e418b9e415c8610d98bb2 caa1d4b94b0e418b9e415c8610d98bb2] 162.253.55.206 "GET /allocations/66a30856-e541-4897-b5b1-932166670967" status: 200 len: 258 microversion: 1.28 [pid: 8|app: 0|req: 578/1132] 162.253.55.206 () {34 vars in 863 bytes} [Fri Mar 6 02:06:22 2026] GET /allocations/66a30856-e541-4897-b5b1-932166670967 => generated 258 bytes in 15 msecs (HTTP/1.1 200) 8 headers in 296 bytes (1 switches on core 0)
2026-03-06 02:06:23.314 7 INFO placement.requestlog [req-3d61633b-8db3-41ee-b587-24ef6f44dff8 req-ff542c19-0cc2-44d2-b006-fcf51b183526 d6d620b4911e425eaffe24f297ee2165 8d541cdb92434d1e8e4b1d8b6afa855c - - caa1d4b94b0e418b9e415c8610d98bb2 caa1d4b94b0e418b9e415c8610d98bb2] 162.253.55.206 "DELETE /allocations/66a30856-e541-4897-b5b1-932166670967" status: 204 len: 0 microversion: 1.0 [pid: 7|app: 0|req: 555/1133] 162.253.55.206 () {34 vars in 841 bytes} [Fri Mar 6 02:06:23 2026] DELETE /allocations/66a30856-e541-4897-b5b1-932166670967 => generated 0 bytes in 25 msecs (HTTP/1.1 204) 5 headers in 198 bytes (1 switches on core 0)
2026-03-06 02:06:23.627 8 INFO placement.requestlog [None req-97ffefef-e12e-4292-a41c-a796e97e1bb6 7bb5af3f024845fd88b0b1b461e9204d 43d5be4d94014888b5fcb7c4c04ca990 - - default default] 10.0.0.115 "GET /resource_providers" status: 200 len: 406 microversion: 1.0 [pid: 8|app: 0|req: 579/1134] 10.0.0.115 () {28 vars in 593 bytes} [Fri Mar 6 02:06:23 2026] GET /resource_providers => generated 406 bytes in 296 msecs (HTTP/1.1 200) 6 headers in 224 bytes (1 switches on core 0)
2026-03-06 02:06:23.643 7 INFO placement.requestlog [None req-ebff59a8-190c-4f72-8a72-5d708c946d1b 7bb5af3f024845fd88b0b1b461e9204d 43d5be4d94014888b5fcb7c4c04ca990 - - default default] 10.0.0.115 "GET /resource_providers/d186c63d-6f47-44fa-9b51-8f9aa70425f6/inventories" status: 200 len: 401 microversion: 1.0 [pid: 7|app: 0|req: 556/1135] 10.0.0.115 () {28 vars in 691 bytes} [Fri Mar 6 02:06:23 2026] GET /resource_providers/d186c63d-6f47-44fa-9b51-8f9aa70425f6/inventories => generated 401 bytes in 13 msecs (HTTP/1.1 200) 6 headers in 224 bytes (1 switches on core 0)
2026-03-06 02:06:23.661 8 INFO placement.requestlog [None req-07996430-e466-48bd-b22e-429ba01dd5a6 7bb5af3f024845fd88b0b1b461e9204d 43d5be4d94014888b5fcb7c4c04ca990 - - default default] 10.0.0.115 "GET /resource_providers/d186c63d-6f47-44fa-9b51-8f9aa70425f6/usages" status: 200 len: 89 microversion: 1.0 [pid: 8|app: 0|req: 580/1136] 10.0.0.115 () {28 vars in 681 bytes} [Fri Mar 6 02:06:23 2026] GET /resource_providers/d186c63d-6f47-44fa-9b51-8f9aa70425f6/usages => generated 89 bytes in 12 msecs (HTTP/1.1 200) 6 headers in 223 bytes (1 switches on core 0)
2026-03-06 02:06:26.812 8 INFO placement.requestlog [None req-ce0eaf15-95c1-4b0b-959d-1f831e87dd0a c3f408ce8a0e42d783f45119563d18d7 8d541cdb92434d1e8e4b1d8b6afa855c - - caa1d4b94b0e418b9e415c8610d98bb2 caa1d4b94b0e418b9e415c8610d98bb2] 10.0.0.82 "GET /resource_providers/09c6c3d1-57a4-4c19-8b77-98ccfca0f97a/aggregates" status: 404 len: 235 microversion: 1.1 [pid: 8|app: 0|req: 581/1137] 10.0.0.82 () {32 vars in 815 bytes} [Fri Mar 6 02:06:26 2026] GET /resource_providers/09c6c3d1-57a4-4c19-8b77-98ccfca0f97a/aggregates => generated 235 bytes in 8 msecs (HTTP/1.1 404) 5 headers in 202 bytes (1 switches on core 0)
2026-03-06 02:06:26.814 7 INFO placement.requestlog [None req-3e2ecd32-7e46-4147-9620-6d454750e35b c3f408ce8a0e42d783f45119563d18d7 8d541cdb92434d1e8e4b1d8b6afa855c - - caa1d4b94b0e418b9e415c8610d98bb2 caa1d4b94b0e418b9e415c8610d98bb2] 10.0.0.82 "GET /resource_providers/09c6c3d1-57a4-4c19-8b77-98ccfca0f97a/aggregates" status: 404 len: 235 microversion: 1.1 [pid: 7|app: 0|req: 557/1138] 10.0.0.82 () {32 vars in 815 bytes} [Fri Mar 6 02:06:26 2026] GET /resource_providers/09c6c3d1-57a4-4c19-8b77-98ccfca0f97a/aggregates => generated 235 bytes in 11 msecs (HTTP/1.1 404) 5 headers in 202 bytes (1 switches on core 0)
2026-03-06 02:06:26.835 8 INFO placement.requestlog [None req-d096d5b8-0b03-44d8-9851-3674b58e25f9 c3f408ce8a0e42d783f45119563d18d7 8d541cdb92434d1e8e4b1d8b6afa855c - - caa1d4b94b0e418b9e415c8610d98bb2 caa1d4b94b0e418b9e415c8610d98bb2] 10.0.0.82 "DELETE /resource_providers/09c6c3d1-57a4-4c19-8b77-98ccfca0f97a" status: 404 len: 246 microversion: 1.1
2026-03-06 02:06:26.835 7 INFO placement.requestlog [None req-5615a2fe-66f0-4768-83b4-029da03ed76f c3f408ce8a0e42d783f45119563d18d7 8d541cdb92434d1e8e4b1d8b6afa855c - - caa1d4b94b0e418b9e415c8610d98bb2 caa1d4b94b0e418b9e415c8610d98bb2] 10.0.0.82 "DELETE /resource_providers/09c6c3d1-57a4-4c19-8b77-98ccfca0f97a" status: 404 len: 246 microversion: 1.1 [pid: 8|app: 0|req: 582/1139] 10.0.0.82 () {34 vars in 815 bytes} [Fri Mar 6 02:06:26 2026] DELETE /resource_providers/09c6c3d1-57a4-4c19-8b77-98ccfca0f97a => generated 246 bytes in 8 msecs (HTTP/1.1 404) 6 headers in 231 bytes (1 switches on core 0) [pid: 7|app: 0|req: 558/1140] 10.0.0.82 () {34 vars in 815 bytes} [Fri Mar 6 02:06:26 2026] DELETE /resource_providers/09c6c3d1-57a4-4c19-8b77-98ccfca0f97a => generated 246 bytes in 8 msecs (HTTP/1.1 404) 6 headers in 231 bytes (1 switches on core 0)
2026-03-06 02:06:27.152 8 INFO placement.requestlog [None req-8810f2db-e3e0-4a13-8950-2a8b0da2ea72 c3f408ce8a0e42d783f45119563d18d7 8d541cdb92434d1e8e4b1d8b6afa855c - - caa1d4b94b0e418b9e415c8610d98bb2 caa1d4b94b0e418b9e415c8610d98bb2] 10.0.0.82 "GET /resource_providers/8ce414fe-3ab9-4b3c-a309-efbc3333301c/aggregates" status: 404 len: 235 microversion: 1.1 [pid: 8|app: 0|req: 583/1141] 10.0.0.82 () {32 vars in 815 bytes} [Fri Mar 6 02:06:27 2026] GET /resource_providers/8ce414fe-3ab9-4b3c-a309-efbc3333301c/aggregates => generated 235 bytes in 9 msecs (HTTP/1.1 404) 5 headers in 202 bytes (1 switches on core 0)
2026-03-06 02:06:27.153 7 INFO placement.requestlog [None req-61c05f76-dfec-4726-ba9a-71c9c5d96c6a c3f408ce8a0e42d783f45119563d18d7 8d541cdb92434d1e8e4b1d8b6afa855c - - caa1d4b94b0e418b9e415c8610d98bb2 caa1d4b94b0e418b9e415c8610d98bb2] 10.0.0.82 "GET /resource_providers/8ce414fe-3ab9-4b3c-a309-efbc3333301c/aggregates" status: 404 len: 235 microversion: 1.1 [pid: 7|app: 0|req: 559/1142] 10.0.0.82 () {32 vars in 815 bytes} [Fri Mar 6 02:06:27 2026] GET /resource_providers/8ce414fe-3ab9-4b3c-a309-efbc3333301c/aggregates => generated 235 bytes in 9 msecs (HTTP/1.1 404) 5 headers in 202 bytes (1 switches on core 0)
2026-03-06 02:06:27.175 7 INFO placement.requestlog [None req-0f4a7afe-4ef7-4394-8600-7081b43e1ebe c3f408ce8a0e42d783f45119563d18d7 8d541cdb92434d1e8e4b1d8b6afa855c - - caa1d4b94b0e418b9e415c8610d98bb2 caa1d4b94b0e418b9e415c8610d98bb2] 10.0.0.82 "DELETE /resource_providers/8ce414fe-3ab9-4b3c-a309-efbc3333301c" status: 404 len: 246 microversion: 1.1
2026-03-06 02:06:27.175 8 INFO placement.requestlog [None req-de88debd-0602-40bd-8271-4b661973f6a0 c3f408ce8a0e42d783f45119563d18d7 8d541cdb92434d1e8e4b1d8b6afa855c - - caa1d4b94b0e418b9e415c8610d98bb2 caa1d4b94b0e418b9e415c8610d98bb2] 10.0.0.82 "DELETE /resource_providers/8ce414fe-3ab9-4b3c-a309-efbc3333301c" status: 404 len: 246 microversion: 1.1 [pid: 7|app: 0|req: 560/1143] 10.0.0.82 () {34 vars in 815 bytes} [Fri Mar 6 02:06:27 2026] DELETE /resource_providers/8ce414fe-3ab9-4b3c-a309-efbc3333301c => generated 246 bytes in 9 msecs (HTTP/1.1 404) 6 headers in 231 bytes (1 switches on core 0) [pid: 8|app: 0|req: 584/1144] 10.0.0.82 () {34 vars in 815 bytes} [Fri Mar 6 02:06:27 2026] DELETE /resource_providers/8ce414fe-3ab9-4b3c-a309-efbc3333301c => generated 246 bytes in 9 msecs (HTTP/1.1 404) 6 headers in 231 bytes (1 switches on core 0)
2026-03-06 02:06:31.019 7 INFO placement.requestlog [None req-d108cd93-d08e-42ab-ac05-1b850f17d51b - - - - - -] 10.0.0.75 "GET /" status: 200 len: 136 microversion: 1.0
2026-03-06 02:06:31.019 8 INFO placement.requestlog [None req-01906790-44c0-43e6-b794-0cc9b2256241 - - - - - -] 10.0.0.75 "GET /" status: 200 len: 136 microversion: 1.0
2026-03-06 02:06:34.342 7 INFO placement.requestlog [None req-b170f1fd-116b-4470-b2e0-267ee1247b6d c3f408ce8a0e42d783f45119563d18d7 8d541cdb92434d1e8e4b1d8b6afa855c - - caa1d4b94b0e418b9e415c8610d98bb2 caa1d4b94b0e418b9e415c8610d98bb2] 10.0.0.82 "GET /resource_providers/3feb63fe-17eb-445a-afa8-5f92cd616162/aggregates" status: 404 len: 235 microversion: 1.1 [pid: 7|app: 0|req: 562/1147] 10.0.0.82 () {32 vars in 815 bytes} [Fri Mar 6 02:06:34 2026] GET /resource_providers/3feb63fe-17eb-445a-afa8-5f92cd616162/aggregates => generated 235 bytes in 10 msecs (HTTP/1.1 404) 5 headers in 202 bytes (1 switches on core 0)
2026-03-06 02:06:34.346 8 INFO placement.requestlog [None req-fdab2804-0a15-4b87-9e92-62eba9c9aa52 c3f408ce8a0e42d783f45119563d18d7 8d541cdb92434d1e8e4b1d8b6afa855c - - caa1d4b94b0e418b9e415c8610d98bb2 caa1d4b94b0e418b9e415c8610d98bb2] 10.0.0.82 "GET /resource_providers/3feb63fe-17eb-445a-afa8-5f92cd616162/aggregates" status: 404 len: 235 microversion: 1.1 [pid: 8|app: 0|req: 586/1148] 10.0.0.82 () {32 vars in 815 bytes} [Fri Mar 6 02:06:34 2026] GET /resource_providers/3feb63fe-17eb-445a-afa8-5f92cd616162/aggregates => generated 235 bytes in 14 msecs (HTTP/1.1 404) 5 headers in 202 bytes (1 switches on core 0)
2026-03-06 02:06:34.368 8 INFO placement.requestlog [None req-b6ebfed1-3e71-4c44-8b6b-106a9f64d42e c3f408ce8a0e42d783f45119563d18d7 8d541cdb92434d1e8e4b1d8b6afa855c - - caa1d4b94b0e418b9e415c8610d98bb2 caa1d4b94b0e418b9e415c8610d98bb2] 10.0.0.82 "DELETE /resource_providers/3feb63fe-17eb-445a-afa8-5f92cd616162" status: 404 len: 246 microversion: 1.1 [pid: 8|app: 0|req: 587/1149] 10.0.0.82 () {34 vars in 815 bytes} [Fri Mar 6 02:06:34 2026] DELETE /resource_providers/3feb63fe-17eb-445a-afa8-5f92cd616162 => generated 246 bytes in 10 msecs (HTTP/1.1 404) 6 headers in 231 bytes (1 switches on core 0)
2026-03-06 02:06:34.368 7 INFO placement.requestlog [None req-89ac5f9d-392d-4b0f-ae54-b8908204ebe3 c3f408ce8a0e42d783f45119563d18d7 8d541cdb92434d1e8e4b1d8b6afa855c - - caa1d4b94b0e418b9e415c8610d98bb2 caa1d4b94b0e418b9e415c8610d98bb2] 10.0.0.82 "DELETE /resource_providers/3feb63fe-17eb-445a-afa8-5f92cd616162" status: 404 len: 246 microversion: 1.1 [pid: 7|app: 0|req: 563/1150] 10.0.0.82 () {34 vars in 815 bytes} [Fri Mar 6 02:06:34 2026] DELETE /resource_providers/3feb63fe-17eb-445a-afa8-5f92cd616162 => generated 246 bytes in 12 msecs (HTTP/1.1 404) 6 headers in 231 bytes (1 switches on core 0)
2026-03-06 02:06:35.780 8 INFO placement.requestlog [req-99c8c80f-0402-442b-bd12-0daea12d9bf3 req-93793343-2feb-48c2-974b-8ed7513d19b6 d6d620b4911e425eaffe24f297ee2165 8d541cdb92434d1e8e4b1d8b6afa855c - - caa1d4b94b0e418b9e415c8610d98bb2 caa1d4b94b0e418b9e415c8610d98bb2] 162.253.55.206 "GET /resource_providers/d186c63d-6f47-44fa-9b51-8f9aa70425f6/allocations" status: 200 len: 55 microversion: 1.0 [pid: 8|app: 0|req: 588/1151] 162.253.55.206 () {32 vars in 857 bytes} [Fri Mar 6 02:06:35 2026] GET /resource_providers/d186c63d-6f47-44fa-9b51-8f9aa70425f6/allocations => generated 55 bytes in 12 msecs (HTTP/1.1 200) 6 headers in 223 bytes (1 switches on core 0)
2026-03-06 02:06:35.800 7 INFO placement.requestlog [req-99c8c80f-0402-442b-bd12-0daea12d9bf3 req-8cf2c3a3-0e84-47b5-bb0f-44f6f7ff936e d6d620b4911e425eaffe24f297ee2165 8d541cdb92434d1e8e4b1d8b6afa855c - - caa1d4b94b0e418b9e415c8610d98bb2 caa1d4b94b0e418b9e415c8610d98bb2] 162.253.55.206 "GET /resource_providers/d186c63d-6f47-44fa-9b51-8f9aa70425f6/allocations" status: 200 len: 55 microversion: 1.0 [pid: 7|app: 0|req: 564/1152] 162.253.55.206 () {32 vars in 857 bytes} [Fri Mar 6 02:06:35 2026] GET /resource_providers/d186c63d-6f47-44fa-9b51-8f9aa70425f6/allocations => generated 55 bytes in 14 msecs (HTTP/1.1 200) 6 headers in 223 bytes (1 switches on core 0)
2026-03-06 02:06:36.396 8 INFO placement.requestlog [None req-aef0b57d-0765-4fcb-bd46-777944f8e10e c3f408ce8a0e42d783f45119563d18d7 8d541cdb92434d1e8e4b1d8b6afa855c - - caa1d4b94b0e418b9e415c8610d98bb2 caa1d4b94b0e418b9e415c8610d98bb2] 10.0.0.82 "GET /resource_providers/ef1b8ccb-1cd8-4020-86ec-56881a996f15/aggregates" status: 404 len: 235 microversion: 1.1 [pid: 8|app: 0|req: 589/1153] 10.0.0.82 () {32 vars in 815 bytes} [Fri Mar 6 02:06:36 2026] GET /resource_providers/ef1b8ccb-1cd8-4020-86ec-56881a996f15/aggregates => generated 235 bytes in 11 msecs (HTTP/1.1 404) 5 headers in 202 bytes (1 switches on core 0)
2026-03-06 02:06:36.402 7 INFO placement.requestlog [None req-40d50e11-f038-4013-816d-796c48e18387 c3f408ce8a0e42d783f45119563d18d7 8d541cdb92434d1e8e4b1d8b6afa855c - - caa1d4b94b0e418b9e415c8610d98bb2 caa1d4b94b0e418b9e415c8610d98bb2] 10.0.0.82 "GET /resource_providers/ef1b8ccb-1cd8-4020-86ec-56881a996f15/aggregates" status: 404 len: 235 microversion: 1.1 [pid: 7|app: 0|req: 565/1154] 10.0.0.82 () {32 vars in 815 bytes} [Fri Mar 6 02:06:36 2026] GET /resource_providers/ef1b8ccb-1cd8-4020-86ec-56881a996f15/aggregates => generated 235 bytes in 17 msecs (HTTP/1.1 404) 5 headers in 202 bytes (1 switches on core 0)
2026-03-06 02:06:36.415 8 INFO placement.requestlog [None req-54ac88fc-6ad9-4f49-a4e2-133b8052da74 c3f408ce8a0e42d783f45119563d18d7 8d541cdb92434d1e8e4b1d8b6afa855c - - caa1d4b94b0e418b9e415c8610d98bb2 caa1d4b94b0e418b9e415c8610d98bb2] 10.0.0.82 "DELETE /resource_providers/ef1b8ccb-1cd8-4020-86ec-56881a996f15" status: 404 len: 246 microversion: 1.1 [pid: 8|app: 0|req: 590/1155] 10.0.0.82 () {34 vars in 815 bytes} [Fri Mar 6 02:06:36 2026] DELETE /resource_providers/ef1b8ccb-1cd8-4020-86ec-56881a996f15 => generated 246 bytes in 12 msecs (HTTP/1.1 404) 6 headers in 231 bytes (1 switches on core 0)
2026-03-06 02:06:36.427 7 INFO placement.requestlog [None req-b548d6db-8664-4103-b3c7-c6838c3ca790 c3f408ce8a0e42d783f45119563d18d7 8d541cdb92434d1e8e4b1d8b6afa855c - - caa1d4b94b0e418b9e415c8610d98bb2 caa1d4b94b0e418b9e415c8610d98bb2] 10.0.0.82 "DELETE /resource_providers/ef1b8ccb-1cd8-4020-86ec-56881a996f15" status: 404 len: 246 microversion: 1.1 [pid: 7|app: 0|req: 566/1156] 10.0.0.82 () {34 vars in 815 bytes} [Fri Mar 6 02:06:36 2026] DELETE /resource_providers/ef1b8ccb-1cd8-4020-86ec-56881a996f15 => generated 246 bytes in 13 msecs (HTTP/1.1 404) 6 headers in 231 bytes (1 switches on core 0)
2026-03-06 02:06:39.403 8 INFO placement.requestlog [None req-5fd974d4-2727-44fa-8084-cf99d46af545 c3f408ce8a0e42d783f45119563d18d7 8d541cdb92434d1e8e4b1d8b6afa855c - - caa1d4b94b0e418b9e415c8610d98bb2 caa1d4b94b0e418b9e415c8610d98bb2] 10.0.0.82 "GET /resource_providers/4a1e3f3e-1c2a-43f8-8fd2-f84d701a5f78/aggregates" status: 404 len: 235 microversion: 1.1 [pid: 8|app: 0|req: 591/1157] 10.0.0.82 () {32 vars in 815 bytes} [Fri Mar 6 02:06:39 2026] GET /resource_providers/4a1e3f3e-1c2a-43f8-8fd2-f84d701a5f78/aggregates => generated 235 bytes in 9 msecs (HTTP/1.1 404) 5 headers in 202 bytes (1 switches on core 0)
2026-03-06 02:06:39.407 7 INFO placement.requestlog [None req-d1ffe182-51d3-4d16-b20a-88819e83596d c3f408ce8a0e42d783f45119563d18d7 8d541cdb92434d1e8e4b1d8b6afa855c - - caa1d4b94b0e418b9e415c8610d98bb2 caa1d4b94b0e418b9e415c8610d98bb2] 10.0.0.82 "GET /resource_providers/4a1e3f3e-1c2a-43f8-8fd2-f84d701a5f78/aggregates" status: 404 len: 235 microversion: 1.1 [pid: 7|app: 0|req: 567/1158] 10.0.0.82 () {32 vars in 815 bytes} [Fri Mar 6 02:06:39 2026] GET /resource_providers/4a1e3f3e-1c2a-43f8-8fd2-f84d701a5f78/aggregates => generated 235 bytes in 13 msecs (HTTP/1.1 404) 5 headers in 202 bytes (1 switches on core 0)
2026-03-06 02:06:39.427 7 INFO placement.requestlog [None req-a1c701fd-8819-4ed7-9c6d-7ea1e4a4b39b c3f408ce8a0e42d783f45119563d18d7 8d541cdb92434d1e8e4b1d8b6afa855c - - caa1d4b94b0e418b9e415c8610d98bb2 caa1d4b94b0e418b9e415c8610d98bb2] 10.0.0.82 "DELETE /resource_providers/4a1e3f3e-1c2a-43f8-8fd2-f84d701a5f78" status: 404 len: 246 microversion: 1.1 [pid: 7|app: 0|req: 568/1159] 10.0.0.82 () {34 vars in 815 bytes} [Fri Mar 6 02:06:39 2026] DELETE /resource_providers/4a1e3f3e-1c2a-43f8-8fd2-f84d701a5f78 => generated 246 bytes in 8 msecs (HTTP/1.1 404) 6 headers in 231 bytes (1 switches on core 0)
2026-03-06 02:06:39.431 8 INFO placement.requestlog [None req-06ef2da1-a838-472b-a0be-4ed4a0c5b48a c3f408ce8a0e42d783f45119563d18d7 8d541cdb92434d1e8e4b1d8b6afa855c - - caa1d4b94b0e418b9e415c8610d98bb2 caa1d4b94b0e418b9e415c8610d98bb2] 10.0.0.82 "DELETE /resource_providers/4a1e3f3e-1c2a-43f8-8fd2-f84d701a5f78" status: 404 len: 246 microversion: 1.1 [pid: 8|app: 0|req: 592/1160] 10.0.0.82 () {34 vars in 815 bytes} [Fri Mar 6 02:06:39 2026] DELETE /resource_providers/4a1e3f3e-1c2a-43f8-8fd2-f84d701a5f78 => generated 246 bytes in 11 msecs (HTTP/1.1 404) 6 headers in 231 bytes (1 switches on core 0)
2026-03-06 02:06:41.020 7 INFO placement.requestlog [None req-ee2ee8d3-6ed8-484d-b4f1-c007867d66c6 - - - - - -] 10.0.0.75 "GET /" status: 200 len: 136 microversion: 1.0
2026-03-06 02:06:41.021 8 INFO placement.requestlog [None req-74e766c3-35d0-40bc-85e8-8e16c61e8636 - - - - - -] 10.0.0.75 "GET /" status: 200 len: 136 microversion: 1.0
2026-03-06 02:06:45.849 7 INFO placement.requestlog [None req-7f271b53-dae1-47c3-a333-09dec9d29cd6 c3f408ce8a0e42d783f45119563d18d7 8d541cdb92434d1e8e4b1d8b6afa855c - - caa1d4b94b0e418b9e415c8610d98bb2 caa1d4b94b0e418b9e415c8610d98bb2] 10.0.0.82 "GET /resource_providers/240ac633-e50d-4320-99a7-27fbd6141d88/aggregates" status: 404 len: 235 microversion: 1.1 [pid: 7|app: 0|req: 570/1163] 10.0.0.82 () {32 vars in 815 bytes} [Fri Mar 6 02:06:45 2026] GET /resource_providers/240ac633-e50d-4320-99a7-27fbd6141d88/aggregates => generated 235 bytes in 9 msecs (HTTP/1.1 404) 5 headers in 202 bytes (1 switches on core 0)
2026-03-06 02:06:45.851 8 INFO placement.requestlog [None req-03e77307-aaee-4898-9c35-059ce84ec9da c3f408ce8a0e42d783f45119563d18d7 8d541cdb92434d1e8e4b1d8b6afa855c - - caa1d4b94b0e418b9e415c8610d98bb2 caa1d4b94b0e418b9e415c8610d98bb2] 10.0.0.82 "GET /resource_providers/240ac633-e50d-4320-99a7-27fbd6141d88/aggregates" status: 404 len: 235 microversion: 1.1 [pid: 8|app: 0|req: 594/1164] 10.0.0.82 () {32 vars in 815 bytes} [Fri Mar 6 02:06:45 2026] GET /resource_providers/240ac633-e50d-4320-99a7-27fbd6141d88/aggregates => generated 235 bytes in 10 msecs (HTTP/1.1 404) 5 headers in 202 bytes (1 switches on core 0)
2026-03-06 02:06:45.874 8 INFO placement.requestlog [None req-5046f12b-e314-4ca5-beac-5ec524eea1c7 c3f408ce8a0e42d783f45119563d18d7 8d541cdb92434d1e8e4b1d8b6afa855c - - caa1d4b94b0e418b9e415c8610d98bb2 caa1d4b94b0e418b9e415c8610d98bb2] 10.0.0.82 "DELETE /resource_providers/240ac633-e50d-4320-99a7-27fbd6141d88" status: 404 len: 246 microversion: 1.1 [pid: 8|app: 0|req: 595/1165] 10.0.0.82 () {34 vars in 815 bytes} [Fri Mar 6 02:06:45 2026] DELETE /resource_providers/240ac633-e50d-4320-99a7-27fbd6141d88 => generated 246 bytes in 9 msecs (HTTP/1.1 404) 6 headers in 231 bytes (1 switches on core 0)
2026-03-06 02:06:45.875 7 INFO placement.requestlog [None req-fd9d2b28-8e67-470a-a3bb-9db7effd99bf c3f408ce8a0e42d783f45119563d18d7 8d541cdb92434d1e8e4b1d8b6afa855c - - caa1d4b94b0e418b9e415c8610d98bb2 caa1d4b94b0e418b9e415c8610d98bb2] 10.0.0.82 "DELETE /resource_providers/240ac633-e50d-4320-99a7-27fbd6141d88" status: 404 len: 246 microversion: 1.1 [pid: 7|app: 0|req: 571/1166] 10.0.0.82 () {34 vars in 815 bytes} [Fri Mar 6 02:06:45 2026] DELETE /resource_providers/240ac633-e50d-4320-99a7-27fbd6141d88 => generated 246 bytes in 12 msecs (HTTP/1.1 404) 6 headers in 231 bytes (1 switches on core 0)
2026-03-06 02:06:51.019 8 INFO placement.requestlog [None req-6337789b-a128-4d6c-92c4-b0bbcaad4f80 - - - - - -] 10.0.0.75 "GET /" status: 200 len: 136 microversion: 1.0
2026-03-06 02:06:51.019 7 INFO placement.requestlog [None req-2398a9e2-d6b6-4dd3-ba64-2cee461bce56 - - - - - -] 10.0.0.75 "GET /" status: 200 len: 136 microversion: 1.0
2026-03-06 02:06:52.035 8 INFO placement.requestlog [None req-12851d1e-83b3-454d-831d-c6cefbd220e2 c3f408ce8a0e42d783f45119563d18d7 8d541cdb92434d1e8e4b1d8b6afa855c - - caa1d4b94b0e418b9e415c8610d98bb2 caa1d4b94b0e418b9e415c8610d98bb2] 10.0.0.82 "GET /resource_providers/d17789db-b34f-4c45-a414-e46a9332a679/aggregates" status: 404 len: 235 microversion: 1.1 [pid: 8|app: 0|req: 597/1169] 10.0.0.82 () {32 vars in 815 bytes} [Fri Mar 6 02:06:52 2026] GET /resource_providers/d17789db-b34f-4c45-a414-e46a9332a679/aggregates => generated 235 bytes in 9 msecs (HTTP/1.1 404) 5 headers in 202 bytes (1 switches on core 0)
2026-03-06 02:06:52.038 7 INFO placement.requestlog [None req-5d0cc9ab-9213-45a3-be7f-92a6ea5baf72 c3f408ce8a0e42d783f45119563d18d7 8d541cdb92434d1e8e4b1d8b6afa855c - - caa1d4b94b0e418b9e415c8610d98bb2 caa1d4b94b0e418b9e415c8610d98bb2] 10.0.0.82 "GET /resource_providers/d17789db-b34f-4c45-a414-e46a9332a679/aggregates" status: 404 len: 235 microversion: 1.1 [pid: 7|app: 0|req: 573/1170] 10.0.0.82 () {32 vars in 815 bytes} [Fri Mar 6 02:06:52 2026] GET /resource_providers/d17789db-b34f-4c45-a414-e46a9332a679/aggregates => generated 235 bytes in 9 msecs (HTTP/1.1 404) 5 headers in 202 bytes (1 switches on core 0)
2026-03-06 02:06:52.066 8 INFO placement.requestlog [None req-1a3ae9da-8716-4456-8274-d5ed7545fbd1 c3f408ce8a0e42d783f45119563d18d7 8d541cdb92434d1e8e4b1d8b6afa855c - - caa1d4b94b0e418b9e415c8610d98bb2 caa1d4b94b0e418b9e415c8610d98bb2] 10.0.0.82 "DELETE /resource_providers/d17789db-b34f-4c45-a414-e46a9332a679" status: 404 len: 246 microversion: 1.1 [pid: 8|app: 0|req: 598/1171] 10.0.0.82 () {34 vars in 815 bytes} [Fri Mar 6 02:06:52 2026] DELETE /resource_providers/d17789db-b34f-4c45-a414-e46a9332a679 => generated 246 bytes in 10 msecs (HTTP/1.1 404) 6 headers in 231 bytes (1 switches on core 0)
2026-03-06 02:06:52.069 7 INFO placement.requestlog [None req-3d9f5c40-81f5-4d56-af46-25b0cfa24f25 c3f408ce8a0e42d783f45119563d18d7 8d541cdb92434d1e8e4b1d8b6afa855c - - caa1d4b94b0e418b9e415c8610d98bb2 caa1d4b94b0e418b9e415c8610d98bb2] 10.0.0.82 "DELETE /resource_providers/d17789db-b34f-4c45-a414-e46a9332a679" status: 404 len: 246 microversion: 1.1 [pid: 7|app: 0|req: 574/1172] 10.0.0.82 () {34 vars in 815 bytes} [Fri Mar 6 02:06:52 2026] DELETE /resource_providers/d17789db-b34f-4c45-a414-e46a9332a679 => generated 246 bytes in 8 msecs (HTTP/1.1 404) 6 headers in 231 bytes (1 switches on core 0)
2026-03-06 02:07:01.019 8 INFO placement.requestlog [None req-3dc3862b-80d6-4dab-9264-72d2077cd886 - - - - - -] 10.0.0.75 "GET /" status: 200 len: 136 microversion: 1.0
2026-03-06 02:07:01.019 7 INFO placement.requestlog [None req-1f0c1fab-9630-4b34-84d8-e50ee0d1438b - - - - - -] 10.0.0.75 "GET /" status: 200 len: 136 microversion: 1.0
2026-03-06 02:07:11.019 7 INFO placement.requestlog [None req-25993aa0-204a-4eab-9357-bf9c540d7988 - - - - - -] 10.0.0.75 "GET /" status: 200 len: 136 microversion: 1.0
2026-03-06 02:07:11.020 8 INFO placement.requestlog [None req-63e8b0ff-49ee-47a5-afe8-4e7142ddff3d - - - - - -] 10.0.0.75 "GET /" status: 200 len: 136 microversion: 1.0
2026-03-06 02:07:12.798 7 INFO placement.requestlog [req-d0a2a361-6d55-4e42-9768-a27052ebd78d req-4555234f-4c94-4140-8bb3-a4b343872b8f d6d620b4911e425eaffe24f297ee2165 8d541cdb92434d1e8e4b1d8b6afa855c - - caa1d4b94b0e418b9e415c8610d98bb2 caa1d4b94b0e418b9e415c8610d98bb2] 10.0.0.215 "GET /allocation_candidates?limit=1000&resources=DISK_GB%3A1%2CMEMORY_MB%3A512%2CVCPU%3A1&root_required=%21COMPUTE_STATUS_DISABLED" status: 200 len: 2781 microversion: 1.36 [pid: 7|app: 0|req: 577/1177] 10.0.0.215 () {34 vars in 1012 bytes} [Fri Mar 6 02:07:12 2026] GET /allocation_candidates?limit=1000&resources=DISK_GB%3A1%2CMEMORY_MB%3A512%2CVCPU%3A1&root_required=%21COMPUTE_STATUS_DISABLED => generated 2781 bytes in 41 msecs (HTTP/1.1 200) 8 headers in 297 bytes (1 switches on core 0)
2026-03-06 02:07:12.825 8 INFO placement.requestlog [req-d0a2a361-6d55-4e42-9768-a27052ebd78d req-a7781c07-00b2-4e55-bfcc-a583041dacd7 d6d620b4911e425eaffe24f297ee2165 8d541cdb92434d1e8e4b1d8b6afa855c - - caa1d4b94b0e418b9e415c8610d98bb2 caa1d4b94b0e418b9e415c8610d98bb2] 10.0.0.215 "GET /allocations/08c42321-1866-4dd1-baa2-cf15677c1600" status: 200 len: 19 microversion: 1.28 [pid: 8|app: 0|req: 601/1178] 10.0.0.215 () {34 vars in 861 bytes} [Fri Mar 6 02:07:12 2026] GET /allocations/08c42321-1866-4dd1-baa2-cf15677c1600 => generated 19 bytes in 8 msecs (HTTP/1.1 200) 8 headers in 295 bytes (1 switches on core 0)
2026-03-06 02:07:12.891 7 INFO placement.requestlog [req-d0a2a361-6d55-4e42-9768-a27052ebd78d req-962c3a84-619d-4ba1-a99f-b9e3760dd8ce d6d620b4911e425eaffe24f297ee2165 8d541cdb92434d1e8e4b1d8b6afa855c - - caa1d4b94b0e418b9e415c8610d98bb2 caa1d4b94b0e418b9e415c8610d98bb2] 10.0.0.215 "PUT /allocations/08c42321-1866-4dd1-baa2-cf15677c1600" status: 204 len: 0 microversion: 1.36 [pid: 7|app: 0|req: 578/1179] 10.0.0.215 () {38 vars in 914 bytes} [Fri Mar 6 02:07:12 2026] PUT /allocations/08c42321-1866-4dd1-baa2-cf15677c1600 => generated 0 bytes in 60 msecs (HTTP/1.1 204) 5 headers in 199 bytes (1 switches on core 0)
2026-03-06 02:07:14.448 8 INFO placement.requestlog [req-d0a2a361-6d55-4e42-9768-a27052ebd78d req-29d834f3-e968-47a8-8d8b-64815f4dcb01 d6d620b4911e425eaffe24f297ee2165 8d541cdb92434d1e8e4b1d8b6afa855c - - caa1d4b94b0e418b9e415c8610d98bb2 caa1d4b94b0e418b9e415c8610d98bb2] 162.253.55.206 "GET /allocations/08c42321-1866-4dd1-baa2-cf15677c1600" status: 200 len: 258 microversion: 1.28 [pid: 8|app: 0|req: 602/1180] 162.253.55.206 () {34 vars in 863 bytes} [Fri Mar 6 02:07:14 2026] GET /allocations/08c42321-1866-4dd1-baa2-cf15677c1600 => generated 258 bytes in 19 msecs (HTTP/1.1 200) 8 headers in 296 bytes (1 switches on core 0)
