2026-03-06 02:11:07.830 8 INFO placement.requestlog [req-53e1ee31-5a8e-44b3-bfbb-0e21ef867e9a req-ac9f7c3f-7fa7-4689-822d-1f6ce344adfb d6d620b4911e425eaffe24f297ee2165 8d541cdb92434d1e8e4b1d8b6afa855c - - caa1d4b94b0e418b9e415c8610d98bb2 caa1d4b94b0e418b9e415c8610d98bb2] 162.253.55.206 "GET /allocations/b54dd418-2ddd-4697-af78-ffd4327b4eeb" status: 200 len: 258 microversion: 1.28 [pid: 8|app: 0|req: 657/1294] 162.253.55.206 () {34 vars in 863 bytes} [Fri Mar 6 02:11:07 2026] GET /allocations/b54dd418-2ddd-4697-af78-ffd4327b4eeb => generated 258 bytes in 21 msecs (HTTP/1.1 200) 8 headers in 296 bytes (1 switches on core 0)
2026-03-06 02:11:08.875 7 INFO placement.requestlog [req-53e1ee31-5a8e-44b3-bfbb-0e21ef867e9a req-de7b25dd-1b3e-4cc8-a48b-496723a36f0d d6d620b4911e425eaffe24f297ee2165 8d541cdb92434d1e8e4b1d8b6afa855c - - caa1d4b94b0e418b9e415c8610d98bb2 caa1d4b94b0e418b9e415c8610d98bb2] 162.253.55.206 "DELETE /allocations/663df59a-5d09-4d95-bd23-2c48474b5ece" status: 204 len: 0 microversion: 1.0 [pid: 7|app: 0|req: 638/1295] 162.253.55.206 () {34 vars in 841 bytes} [Fri Mar 6 02:11:08 2026] DELETE /allocations/663df59a-5d09-4d95-bd23-2c48474b5ece => generated 0 bytes in 22 msecs (HTTP/1.1 204) 5 headers in 198 bytes (1 switches on core 0)
2026-03-06 02:11:11.020 8 INFO placement.requestlog [None req-6892f719-1568-4468-a56f-d09567475255 - - - - - -] 10.0.0.75 "GET /" status: 200 len: 136 microversion: 1.0
2026-03-06 02:11:11.020 7 INFO placement.requestlog [None req-86a972d3-241a-4844-b10f-cda566905ecb - - - - - -] 10.0.0.75 "GET /" status: 200 len: 136 microversion: 1.0
2026-03-06 02:11:11.831 8 INFO placement.requestlog [req-913cae00-8a7e-4091-bac9-36cd7ca2794c req-1d2535dd-e09a-412b-8772-785a6bb84581 d6d620b4911e425eaffe24f297ee2165 8d541cdb92434d1e8e4b1d8b6afa855c - - caa1d4b94b0e418b9e415c8610d98bb2 caa1d4b94b0e418b9e415c8610d98bb2] 162.253.55.206 "GET /resource_providers/d186c63d-6f47-44fa-9b51-8f9aa70425f6/allocations" status: 200 len: 253 microversion: 1.0 [pid: 8|app: 0|req: 659/1298] 162.253.55.206 () {32 vars in 857 bytes} [Fri Mar 6 02:11:11 2026] GET /resource_providers/d186c63d-6f47-44fa-9b51-8f9aa70425f6/allocations => generated 253 bytes in 15 msecs (HTTP/1.1 200) 6 headers in 224 bytes (1 switches on core 0)
2026-03-06 02:11:11.856 7 INFO placement.requestlog [req-913cae00-8a7e-4091-bac9-36cd7ca2794c req-53dbd5fe-fe22-4a3a-b35d-14280f194084 d6d620b4911e425eaffe24f297ee2165 8d541cdb92434d1e8e4b1d8b6afa855c - - caa1d4b94b0e418b9e415c8610d98bb2 caa1d4b94b0e418b9e415c8610d98bb2] 162.253.55.206 "GET /allocations/08c42321-1866-4dd1-baa2-cf15677c1600" status: 200 len: 258 microversion: 1.28 [pid: 7|app: 0|req: 640/1299] 162.253.55.206 () {34 vars in 863 bytes} [Fri Mar 6 02:11:11 2026] GET /allocations/08c42321-1866-4dd1-baa2-cf15677c1600 => generated 258 bytes in 19 msecs (HTTP/1.1 200) 8 headers in 296 bytes (1 switches on core 0)
2026-03-06 02:11:11.877 8 INFO placement.requestlog [req-913cae00-8a7e-4091-bac9-36cd7ca2794c req-f454047c-ad1c-4c09-b290-23bac8cee1b6 d6d620b4911e425eaffe24f297ee2165 8d541cdb92434d1e8e4b1d8b6afa855c - - caa1d4b94b0e418b9e415c8610d98bb2 caa1d4b94b0e418b9e415c8610d98bb2] 162.253.55.206 "GET /allocations/b54dd418-2ddd-4697-af78-ffd4327b4eeb" status: 200 len: 258 microversion: 1.28 [pid: 8|app: 0|req: 660/1300] 162.253.55.206 () {34 vars in 863 bytes} [Fri Mar 6 02:11:11 2026] GET /allocations/b54dd418-2ddd-4697-af78-ffd4327b4eeb => generated 258 bytes in 12 msecs (HTTP/1.1 200) 8 headers in 296 bytes (1 switches on core 0)
2026-03-06 02:11:12.926 7 INFO placement.requestlog [req-913cae00-8a7e-4091-bac9-36cd7ca2794c req-51089706-c701-4c55-8b60-19b065dd638a d6d620b4911e425eaffe24f297ee2165 8d541cdb92434d1e8e4b1d8b6afa855c - - caa1d4b94b0e418b9e415c8610d98bb2 caa1d4b94b0e418b9e415c8610d98bb2] 162.253.55.206 "DELETE /allocations/b54dd418-2ddd-4697-af78-ffd4327b4eeb" status: 204 len: 0 microversion: 1.0 [pid: 7|app: 0|req: 641/1301] 162.253.55.206 () {34 vars in 841 bytes} [Fri Mar 6 02:11:12 2026] DELETE /allocations/b54dd418-2ddd-4697-af78-ffd4327b4eeb => generated 0 bytes in 23 msecs (HTTP/1.1 204) 5 headers in 198 bytes (1 switches on core 0)
2026-03-06 02:11:21.019 8 INFO placement.requestlog [None req-769fc488-aa87-4b42-846c-abc666e24217 - - - - - -] 10.0.0.75 "GET /" status: 200 len: 136 microversion: 1.0
2026-03-06 02:11:21.019 7 INFO placement.requestlog [None req-0f2806a1-aed4-47c9-a96a-24de1f846f14 - - - - - -] 10.0.0.75 "GET /" status: 200 len: 136 microversion: 1.0
2026-03-06 02:11:22.877 8 INFO placement.requestlog [None req-70c11402-280a-4bb0-a814-9600f242048c 7bb5af3f024845fd88b0b1b461e9204d 43d5be4d94014888b5fcb7c4c04ca990 - - default default] 10.0.0.115 "GET /resource_providers" status: 200 len: 406 microversion: 1.0 [pid: 8|app: 0|req: 662/1304] 10.0.0.115 () {28 vars in 593 bytes} [Fri Mar 6 02:11:22 2026] GET /resource_providers => generated 406 bytes in 79 msecs (HTTP/1.1 200) 6 headers in 224 bytes (1 switches on core 0)
2026-03-06 02:11:22.878 7 INFO placement.requestlog [req-575f131e-1fc6-4813-bc78-cd425f09fdc1 req-b0e173ff-4160-4a08-ab73-d5e8e60c48ba d6d620b4911e425eaffe24f297ee2165 8d541cdb92434d1e8e4b1d8b6afa855c - - caa1d4b94b0e418b9e415c8610d98bb2 caa1d4b94b0e418b9e415c8610d98bb2] 162.253.55.206 "GET /resource_providers/d186c63d-6f47-44fa-9b51-8f9aa70425f6/allocations" status: 200 len: 153 microversion: 1.0 [pid: 7|app: 0|req: 643/1305] 162.253.55.206 () {32 vars in 857 bytes} [Fri Mar 6 02:11:22 2026] GET /resource_providers/d186c63d-6f47-44fa-9b51-8f9aa70425f6/allocations => generated 153 bytes in 17 msecs (HTTP/1.1 200) 6 headers in 224 bytes (1 switches on core 0)
2026-03-06 02:11:22.897 8 INFO placement.requestlog [None req-0db1f3e7-397e-43b5-80c3-4a4c1417b65a 7bb5af3f024845fd88b0b1b461e9204d 43d5be4d94014888b5fcb7c4c04ca990 - - default default] 10.0.0.115 "GET /resource_providers/d186c63d-6f47-44fa-9b51-8f9aa70425f6/inventories" status: 200 len: 401 microversion: 1.0 [pid: 8|app: 0|req: 663/1306] 10.0.0.115 () {28 vars in 691 bytes} [Fri Mar 6 02:11:22 2026] GET /resource_providers/d186c63d-6f47-44fa-9b51-8f9aa70425f6/inventories => generated 401 bytes in 14 msecs (HTTP/1.1 200) 6 headers in 224 bytes (1 switches on core 0)
2026-03-06 02:11:22.904 7 INFO placement.requestlog [req-575f131e-1fc6-4813-bc78-cd425f09fdc1 req-4764f25b-1791-444e-9dde-b68aa83b1981 d6d620b4911e425eaffe24f297ee2165 8d541cdb92434d1e8e4b1d8b6afa855c - - caa1d4b94b0e418b9e415c8610d98bb2 caa1d4b94b0e418b9e415c8610d98bb2] 162.253.55.206 "GET /allocations/08c42321-1866-4dd1-baa2-cf15677c1600" status: 200 len: 258 microversion: 1.28 [pid: 7|app: 0|req: 644/1307] 162.253.55.206 () {34 vars in 863 bytes} [Fri Mar 6 02:11:22 2026] GET /allocations/08c42321-1866-4dd1-baa2-cf15677c1600 => generated 258 bytes in 17 msecs (HTTP/1.1 200) 8 headers in 296 bytes (1 switches on core 0)
2026-03-06 02:11:22.914 8 INFO placement.requestlog [None req-2372db72-1ad1-454f-b3b6-b46755162af8 7bb5af3f024845fd88b0b1b461e9204d 43d5be4d94014888b5fcb7c4c04ca990 - - default default] 10.0.0.115 "GET /resource_providers/d186c63d-6f47-44fa-9b51-8f9aa70425f6/usages" status: 200 len: 91 microversion: 1.0 [pid: 8|app: 0|req: 664/1308] 10.0.0.115 () {28 vars in 681 bytes} [Fri Mar 6 02:11:22 2026] GET /resource_providers/d186c63d-6f47-44fa-9b51-8f9aa70425f6/usages => generated 91 bytes in 13 msecs (HTTP/1.1 200) 6 headers in 223 bytes (1 switches on core 0)
2026-03-06 02:11:23.952 7 INFO placement.requestlog [req-575f131e-1fc6-4813-bc78-cd425f09fdc1 req-8845bb6a-2f21-4a97-85c9-75dd450143b5 d6d620b4911e425eaffe24f297ee2165 8d541cdb92434d1e8e4b1d8b6afa855c - - caa1d4b94b0e418b9e415c8610d98bb2 caa1d4b94b0e418b9e415c8610d98bb2] 162.253.55.206 "DELETE /allocations/08c42321-1866-4dd1-baa2-cf15677c1600" status: 204 len: 0 microversion: 1.0 [pid: 7|app: 0|req: 645/1309] 162.253.55.206 () {34 vars in 841 bytes} [Fri Mar 6 02:11:23 2026] DELETE /allocations/08c42321-1866-4dd1-baa2-cf15677c1600 => generated 0 bytes in 23 msecs (HTTP/1.1 204) 5 headers in 198 bytes (1 switches on core 0)
2026-03-06 02:11:31.019 7 INFO placement.requestlog [None req-fff82d4a-e1e8-465b-abd3-2b6629c81bcb - - - - - -] 10.0.0.75 "GET /" status: 200 len: 136 microversion: 1.0
2026-03-06 02:11:31.020 8 INFO placement.requestlog [None req-c27d4530-1e7a-407e-9586-c0b3b716006a - - - - - -] 10.0.0.75 "GET /" status: 200 len: 136 microversion: 1.0
2026-03-06 02:11:34.638 8 INFO placement.requestlog [None req-1c8b4381-a0a3-4b2e-9e4e-cfcafe4c3bd3 c3f408ce8a0e42d783f45119563d18d7 8d541cdb92434d1e8e4b1d8b6afa855c - - caa1d4b94b0e418b9e415c8610d98bb2 caa1d4b94b0e418b9e415c8610d98bb2] 10.0.0.82 "GET /resource_providers/c13167cd-66cf-4fab-88a3-c8818fba659c/aggregates" status: 404 len: 235 microversion: 1.1 [pid: 8|app: 0|req: 666/1312] 10.0.0.82 () {32 vars in 815 bytes} [Fri Mar 6 02:11:34 2026] GET /resource_providers/c13167cd-66cf-4fab-88a3-c8818fba659c/aggregates => generated 235 bytes in 40 msecs (HTTP/1.1 404) 5 headers in 202 bytes (1 switches on core 0)
2026-03-06 02:11:34.643 7 INFO placement.requestlog [None req-4a38a29c-e95e-40df-aaa7-7d94a4f01684 c3f408ce8a0e42d783f45119563d18d7 8d541cdb92434d1e8e4b1d8b6afa855c - - caa1d4b94b0e418b9e415c8610d98bb2 caa1d4b94b0e418b9e415c8610d98bb2] 10.0.0.82 "GET /resource_providers/c13167cd-66cf-4fab-88a3-c8818fba659c/aggregates" status: 404 len: 235 microversion: 1.1 [pid: 7|app: 0|req: 647/1313] 10.0.0.82 () {32 vars in 815 bytes} [Fri Mar 6 02:11:34 2026] GET /resource_providers/c13167cd-66cf-4fab-88a3-c8818fba659c/aggregates => generated 235 bytes in 50 msecs (HTTP/1.1 404) 5 headers in 202 bytes (1 switches on core 0)
2026-03-06 02:11:34.656 7 INFO placement.requestlog [None req-80dd92d1-b27d-45f2-9c9b-f658ab914ef0 c3f408ce8a0e42d783f45119563d18d7 8d541cdb92434d1e8e4b1d8b6afa855c - - caa1d4b94b0e418b9e415c8610d98bb2 caa1d4b94b0e418b9e415c8610d98bb2] 10.0.0.82 "DELETE /resource_providers/c13167cd-66cf-4fab-88a3-c8818fba659c" status: 404 len: 246 microversion: 1.1 [pid: 7|app: 0|req: 648/1314] 10.0.0.82 () {34 vars in 815 bytes} [Fri Mar 6 02:11:34 2026] DELETE /resource_providers/c13167cd-66cf-4fab-88a3-c8818fba659c => generated 246 bytes in 6 msecs (HTTP/1.1 404) 6 headers in 231 bytes (1 switches on core 0)
2026-03-06 02:11:34.656 8 INFO placement.requestlog [None req-fb66d83b-9a85-47c3-80e6-48786655b2e8 c3f408ce8a0e42d783f45119563d18d7 8d541cdb92434d1e8e4b1d8b6afa855c - - caa1d4b94b0e418b9e415c8610d98bb2 caa1d4b94b0e418b9e415c8610d98bb2] 10.0.0.82 "DELETE /resource_providers/c13167cd-66cf-4fab-88a3-c8818fba659c" status: 404 len: 246 microversion: 1.1 [pid: 8|app: 0|req: 667/1315] 10.0.0.82 () {34 vars in 815 bytes} [Fri Mar 6 02:11:34 2026] DELETE /resource_providers/c13167cd-66cf-4fab-88a3-c8818fba659c => generated 246 bytes in 9 msecs (HTTP/1.1 404) 6 headers in 231 bytes (1 switches on core 0)
2026-03-06 02:11:36.678 8 INFO placement.requestlog [None req-bad2fae0-6827-4416-865a-a7834e0dc977 c3f408ce8a0e42d783f45119563d18d7 8d541cdb92434d1e8e4b1d8b6afa855c - - caa1d4b94b0e418b9e415c8610d98bb2 caa1d4b94b0e418b9e415c8610d98bb2] 10.0.0.82 "GET /resource_providers/a23df088-06c5-46e2-a827-d45b915d0347/aggregates" status: 404 len: 235 microversion: 1.1
2026-03-06 02:11:36.678 7 INFO placement.requestlog [None req-8292eedb-e848-4de4-975c-078c1ec42353 c3f408ce8a0e42d783f45119563d18d7 8d541cdb92434d1e8e4b1d8b6afa855c - - caa1d4b94b0e418b9e415c8610d98bb2 caa1d4b94b0e418b9e415c8610d98bb2] 10.0.0.82 "GET /resource_providers/a23df088-06c5-46e2-a827-d45b915d0347/aggregates" status: 404 len: 235 microversion: 1.1 [pid: 8|app: 0|req: 668/1316] 10.0.0.82 () {32 vars in 815 bytes} [Fri Mar 6 02:11:36 2026] GET /resource_providers/a23df088-06c5-46e2-a827-d45b915d0347/aggregates => generated 235 bytes in 8 msecs (HTTP/1.1 404) 5 headers in 202 bytes (1 switches on core 0) [pid: 7|app: 0|req: 649/1317] 10.0.0.82 () {32 vars in 815 bytes} [Fri Mar 6 02:11:36 2026] GET /resource_providers/a23df088-06c5-46e2-a827-d45b915d0347/aggregates => generated 235 bytes in 9 msecs (HTTP/1.1 404) 5 headers in 202 bytes (1 switches on core 0)
2026-03-06 02:11:36.694 8 INFO placement.requestlog [None req-2e6c4ff7-c46f-491b-89b8-aa47fcc75df4 c3f408ce8a0e42d783f45119563d18d7 8d541cdb92434d1e8e4b1d8b6afa855c - - caa1d4b94b0e418b9e415c8610d98bb2 caa1d4b94b0e418b9e415c8610d98bb2] 10.0.0.82 "DELETE /resource_providers/a23df088-06c5-46e2-a827-d45b915d0347" status: 404 len: 246 microversion: 1.1 [pid: 8|app: 0|req: 669/1318] 10.0.0.82 () {34 vars in 815 bytes} [Fri Mar 6 02:11:36 2026] DELETE /resource_providers/a23df088-06c5-46e2-a827-d45b915d0347 => generated 246 bytes in 7 msecs (HTTP/1.1 404) 6 headers in 231 bytes (1 switches on core 0)
2026-03-06 02:11:36.699 7 INFO placement.requestlog [None req-24ed78e6-e114-4cb9-82c9-30c662a07d57 c3f408ce8a0e42d783f45119563d18d7 8d541cdb92434d1e8e4b1d8b6afa855c - - caa1d4b94b0e418b9e415c8610d98bb2 caa1d4b94b0e418b9e415c8610d98bb2] 10.0.0.82 "DELETE /resource_providers/a23df088-06c5-46e2-a827-d45b915d0347" status: 404 len: 246 microversion: 1.1 [pid: 7|app: 0|req: 650/1319] 10.0.0.82 () {34 vars in 815 bytes} [Fri Mar 6 02:11:36 2026] DELETE /resource_providers/a23df088-06c5-46e2-a827-d45b915d0347 => generated 246 bytes in 10 msecs (HTTP/1.1 404) 6 headers in 231 bytes (1 switches on core 0)
2026-03-06 02:11:36.714 8 INFO placement.requestlog [None req-cfafef11-3c95-4ddc-997c-53ba1ff8cd0f c3f408ce8a0e42d783f45119563d18d7 8d541cdb92434d1e8e4b1d8b6afa855c - - caa1d4b94b0e418b9e415c8610d98bb2 caa1d4b94b0e418b9e415c8610d98bb2] 10.0.0.82 "GET /resource_providers/a76d44f2-d1a3-4565-9969-9e79b5ac86b7/aggregates" status: 404 len: 235 microversion: 1.1 [pid: 8|app: 0|req: 670/1320] 10.0.0.82 () {32 vars in 815 bytes} [Fri Mar 6 02:11:36 2026] GET /resource_providers/a76d44f2-d1a3-4565-9969-9e79b5ac86b7/aggregates => generated 235 bytes in 9 msecs (HTTP/1.1 404) 5 headers in 202 bytes (1 switches on core 0)
2026-03-06 02:11:36.718 7 INFO placement.requestlog [None req-c3b09711-742e-4e2e-a8d9-0cf16ed58122 c3f408ce8a0e42d783f45119563d18d7 8d541cdb92434d1e8e4b1d8b6afa855c - - caa1d4b94b0e418b9e415c8610d98bb2 caa1d4b94b0e418b9e415c8610d98bb2] 10.0.0.82 "GET /resource_providers/a76d44f2-d1a3-4565-9969-9e79b5ac86b7/aggregates" status: 404 len: 235 microversion: 1.1 [pid: 7|app: 0|req: 651/1321] 10.0.0.82 () {32 vars in 815 bytes} [Fri Mar 6 02:11:36 2026] GET /resource_providers/a76d44f2-d1a3-4565-9969-9e79b5ac86b7/aggregates => generated 235 bytes in 10 msecs (HTTP/1.1 404) 5 headers in 202 bytes (1 switches on core 0)
2026-03-06 02:11:36.732 8 INFO placement.requestlog [None req-b3985a7b-edbe-4abf-854c-e20ca50ad161 c3f408ce8a0e42d783f45119563d18d7 8d541cdb92434d1e8e4b1d8b6afa855c - - caa1d4b94b0e418b9e415c8610d98bb2 caa1d4b94b0e418b9e415c8610d98bb2] 10.0.0.82 "DELETE /resource_providers/a76d44f2-d1a3-4565-9969-9e79b5ac86b7" status: 404 len: 246 microversion: 1.1 [pid: 8|app: 0|req: 671/1322] 10.0.0.82 () {34 vars in 815 bytes} [Fri Mar 6 02:11:36 2026] DELETE /resource_providers/a76d44f2-d1a3-4565-9969-9e79b5ac86b7 => generated 246 bytes in 7 msecs (HTTP/1.1 404) 6 headers in 231 bytes (1 switches on core 0)
2026-03-06 02:11:36.734 7 INFO placement.requestlog [None req-2f86ee67-cc33-4c3f-84f8-ca9f9c5abfa9 c3f408ce8a0e42d783f45119563d18d7 8d541cdb92434d1e8e4b1d8b6afa855c - - caa1d4b94b0e418b9e415c8610d98bb2 caa1d4b94b0e418b9e415c8610d98bb2] 10.0.0.82 "DELETE /resource_providers/a76d44f2-d1a3-4565-9969-9e79b5ac86b7" status: 404 len: 246 microversion: 1.1 [pid: 7|app: 0|req: 652/1323] 10.0.0.82 () {34 vars in 815 bytes} [Fri Mar 6 02:11:36 2026] DELETE /resource_providers/a76d44f2-d1a3-4565-9969-9e79b5ac86b7 => generated 246 bytes in 8 msecs (HTTP/1.1 404) 6 headers in 231 bytes (1 switches on core 0)
2026-03-06 02:11:36.748 8 INFO placement.requestlog [None req-875011e2-cf0e-4315-9bbf-11792e79edd3 c3f408ce8a0e42d783f45119563d18d7 8d541cdb92434d1e8e4b1d8b6afa855c - - caa1d4b94b0e418b9e415c8610d98bb2 caa1d4b94b0e418b9e415c8610d98bb2] 10.0.0.82 "GET /resource_providers/a865dddb-5a52-45f2-b045-0fcad395804a/aggregates" status: 404 len: 235 microversion: 1.1 [pid: 8|app: 0|req: 672/1324] 10.0.0.82 () {32 vars in 815 bytes} [Fri Mar 6 02:11:36 2026] GET /resource_providers/a865dddb-5a52-45f2-b045-0fcad395804a/aggregates => generated 235 bytes in 7 msecs (HTTP/1.1 404) 5 headers in 202 bytes (1 switches on core 0)
2026-03-06 02:11:36.751 7 INFO placement.requestlog [None req-cd0e8c51-88ad-4434-9683-e741764fc74b c3f408ce8a0e42d783f45119563d18d7 8d541cdb92434d1e8e4b1d8b6afa855c - - caa1d4b94b0e418b9e415c8610d98bb2 caa1d4b94b0e418b9e415c8610d98bb2] 10.0.0.82 "GET /resource_providers/a865dddb-5a52-45f2-b045-0fcad395804a/aggregates" status: 404 len: 235 microversion: 1.1 [pid: 7|app: 0|req: 653/1325] 10.0.0.82 () {32 vars in 815 bytes} [Fri Mar 6 02:11:36 2026] GET /resource_providers/a865dddb-5a52-45f2-b045-0fcad395804a/aggregates => generated 235 bytes in 9 msecs (HTTP/1.1 404) 5 headers in 202 bytes (1 switches on core 0)
2026-03-06 02:11:36.768 8 INFO placement.requestlog [None req-5b983d12-6e36-4b10-8d8a-6b5c0292f59f c3f408ce8a0e42d783f45119563d18d7 8d541cdb92434d1e8e4b1d8b6afa855c - - caa1d4b94b0e418b9e415c8610d98bb2 caa1d4b94b0e418b9e415c8610d98bb2] 10.0.0.82 "DELETE /resource_providers/a865dddb-5a52-45f2-b045-0fcad395804a" status: 404 len: 246 microversion: 1.1 [pid: 8|app: 0|req: 673/1326] 10.0.0.82 () {34 vars in 815 bytes} [Fri Mar 6 02:11:36 2026] DELETE /resource_providers/a865dddb-5a52-45f2-b045-0fcad395804a => generated 246 bytes in 11 msecs (HTTP/1.1 404) 6 headers in 231 bytes (1 switches on core 0)
2026-03-06 02:11:36.768 7 INFO placement.requestlog [None req-749f345b-26c4-4747-bc28-828ebd39ae65 c3f408ce8a0e42d783f45119563d18d7 8d541cdb92434d1e8e4b1d8b6afa855c - - caa1d4b94b0e418b9e415c8610d98bb2 caa1d4b94b0e418b9e415c8610d98bb2] 10.0.0.82 "DELETE /resource_providers/a865dddb-5a52-45f2-b045-0fcad395804a" status: 404 len: 246 microversion: 1.1 [pid: 7|app: 0|req: 654/1327] 10.0.0.82 () {34 vars in 815 bytes} [Fri Mar 6 02:11:36 2026] DELETE /resource_providers/a865dddb-5a52-45f2-b045-0fcad395804a => generated 246 bytes in 9 msecs (HTTP/1.1 404) 6 headers in 231 bytes (1 switches on core 0)
2026-03-06 02:11:41.019 8 INFO placement.requestlog [None req-9899f39e-e9f4-4149-8d63-9148ffb5e877 - - - - - -] 10.0.0.75 "GET /" status: 200 len: 136 microversion: 1.0
2026-03-06 02:11:41.019 7 INFO placement.requestlog [None req-f286840d-c187-4a7b-a573-edd30cf1f0af - - - - - -] 10.0.0.75 "GET /" status: 200 len: 136 microversion: 1.0
2026-03-06 02:11:43.761 8 INFO placement.requestlog [req-1b556b36-caba-446b-9174-6a4f80cb1617 req-6c3163a4-d7b3-4b30-931a-6507ec824da9 d6d620b4911e425eaffe24f297ee2165 8d541cdb92434d1e8e4b1d8b6afa855c - - caa1d4b94b0e418b9e415c8610d98bb2 caa1d4b94b0e418b9e415c8610d98bb2] 162.253.55.206 "GET /resource_providers/d186c63d-6f47-44fa-9b51-8f9aa70425f6/allocations" status: 200 len: 55 microversion: 1.0 [pid: 8|app: 0|req: 675/1330] 162.253.55.206 () {32 vars in 857 bytes} [Fri Mar 6 02:11:43 2026] GET /resource_providers/d186c63d-6f47-44fa-9b51-8f9aa70425f6/allocations => generated 55 bytes in 17 msecs (HTTP/1.1 200) 6 headers in 223 bytes (1 switches on core 0)
2026-03-06 02:11:43.786 7 INFO placement.requestlog [req-1b556b36-caba-446b-9174-6a4f80cb1617 req-8f0ee026-d6b6-40d8-a5c7-0b5a55e7ebb0 d6d620b4911e425eaffe24f297ee2165 8d541cdb92434d1e8e4b1d8b6afa855c - - caa1d4b94b0e418b9e415c8610d98bb2 caa1d4b94b0e418b9e415c8610d98bb2] 162.253.55.206 "GET /resource_providers/d186c63d-6f47-44fa-9b51-8f9aa70425f6/allocations" status: 200 len: 55 microversion: 1.0 [pid: 7|app: 0|req: 656/1331] 162.253.55.206 () {32 vars in 857 bytes} [Fri Mar 6 02:11:43 2026] GET /resource_providers/d186c63d-6f47-44fa-9b51-8f9aa70425f6/allocations => generated 55 bytes in 15 msecs (HTTP/1.1 200) 6 headers in 223 bytes (1 switches on core 0)
2026-03-06 02:11:51.019 7 INFO placement.requestlog [None req-18a71e61-24e8-4292-b8ef-6f4c8c2f5bbc - - - - - -] 10.0.0.75 "GET /" status: 200 len: 136 microversion: 1.0
2026-03-06 02:11:51.020 8 INFO placement.requestlog [None req-14f39252-6954-4701-9842-3cd5ed7cdf02 - - - - - -] 10.0.0.75 "GET /" status: 200 len: 136 microversion: 1.0
2026-03-06 02:12:01.019 7 INFO placement.requestlog [None req-dcbad758-3c3c-40f8-af14-e102827297f3 - - - - - -] 10.0.0.75 "GET /" status: 200 len: 136 microversion: 1.0
2026-03-06 02:12:01.020 8 INFO placement.requestlog [None req-ef823f80-0f93-4825-83b9-dd48862df851 - - - - - -] 10.0.0.75 "GET /" status: 200 len: 136 microversion: 1.0
2026-03-06 02:12:11.020 8 INFO placement.requestlog [None req-0909bf93-66d5-438f-ae78-eadd392c7627 - - - - - -] 10.0.0.75 "GET /" status: 200 len: 136 microversion: 1.0
2026-03-06 02:12:11.021 7 INFO placement.requestlog [None req-18aade5b-fc15-4b43-821e-77e25160bf5e - - - - - -] 10.0.0.75 "GET /" status: 200 len: 136 microversion: 1.0
2026-03-06 02:12:21.019 8 INFO placement.requestlog [None req-162c1d7d-c8f3-4bab-a9ce-1358355e7aed - - - - - -] 10.0.0.75 "GET /" status: 200 len: 136 microversion: 1.0
2026-03-06 02:12:21.019 7 INFO placement.requestlog [None req-5f620573-8257-4e24-af50-0530136a819e - - - - - -] 10.0.0.75 "GET /" status: 200 len: 136 microversion: 1.0
2026-03-06 02:12:23.076 7 INFO placement.requestlog [None req-6bc1d89a-f18c-4c9d-a819-395de76787d0 7bb5af3f024845fd88b0b1b461e9204d 43d5be4d94014888b5fcb7c4c04ca990 - - default default] 10.0.0.115 "GET /resource_providers" status: 200 len: 406 microversion: 1.0 [pid: 7|app: 0|req: 661/1340] 10.0.0.115 () {28 vars in 593 bytes} [Fri Mar 6 02:12:22 2026] GET /resource_providers => generated 406 bytes in 186 msecs (HTTP/1.1 200) 6 headers in 224 bytes (1 switches on core 0)
2026-03-06 02:12:23.097 8 INFO placement.requestlog [None req-80fa6432-fb76-4be7-8789-6773346123a8 7bb5af3f024845fd88b0b1b461e9204d 43d5be4d94014888b5fcb7c4c04ca990 - - default default] 10.0.0.115 "GET /resource_providers/d186c63d-6f47-44fa-9b51-8f9aa70425f6/inventories" status: 200 len: 401 microversion: 1.0 [pid: 8|app: 0|req: 680/1341] 10.0.0.115 () {28 vars in 691 bytes} [Fri Mar 6 02:12:23 2026] GET /resource_providers/d186c63d-6f47-44fa-9b51-8f9aa70425f6/inventories => generated 401 bytes in 17 msecs (HTTP/1.1 200) 6 headers in 224 bytes (1 switches on core 0)
2026-03-06 02:12:23.113 7 INFO placement.requestlog [None req-022a87f6-3f3a-47f7-8979-84304bfc4aab 7bb5af3f024845fd88b0b1b461e9204d 43d5be4d94014888b5fcb7c4c04ca990 - - default default] 10.0.0.115 "GET /resource_providers/d186c63d-6f47-44fa-9b51-8f9aa70425f6/usages" status: 200 len: 89 microversion: 1.0 [pid: 7|app: 0|req: 662/1342] 10.0.0.115 () {28 vars in 681 bytes} [Fri Mar 6 02:12:23 2026] GET /resource_providers/d186c63d-6f47-44fa-9b51-8f9aa70425f6/usages => generated 89 bytes in 12 msecs (HTTP/1.1 200) 6 headers in 223 bytes (1 switches on core 0)
2026-03-06 02:12:31.018 8 INFO placement.requestlog [None req-bf8c66d9-2ef8-4988-97a3-82806cb5b57b - - - - - -] 10.0.0.75 "GET /" status: 200 len: 136 microversion: 1.0
2026-03-06 02:12:31.019 7 INFO placement.requestlog [None req-5c488876-d1e1-4ab6-b4e5-6f7cfd0b74d1 - - - - - -] 10.0.0.75 "GET /" status: 200 len: 136 microversion: 1.0
2026-03-06 02:12:41.019 7 INFO placement.requestlog [None req-a587e15f-ee6b-4e1c-83a9-26726c1e07a4 - - - - - -] 10.0.0.75 "GET /" status: 200 len: 136 microversion: 1.0
2026-03-06 02:12:41.019 8 INFO placement.requestlog [None req-c6a92088-3f59-4d17-9fc1-b96f98ce1dd6 - - - - - -] 10.0.0.75 "GET /" status: 200 len: 136 microversion: 1.0
2026-03-06 02:12:44.840 7 INFO placement.requestlog [req-5e2f4adf-f805-4bba-b49d-952b81406276 req-74130222-9c91-4d5a-a200-8510a91675ad d6d620b4911e425eaffe24f297ee2165 8d541cdb92434d1e8e4b1d8b6afa855c - - caa1d4b94b0e418b9e415c8610d98bb2 caa1d4b94b0e418b9e415c8610d98bb2] 162.253.55.206 "GET /resource_providers/d186c63d-6f47-44fa-9b51-8f9aa70425f6/allocations" status: 200 len: 55 microversion: 1.0 [pid: 7|app: 0|req: 665/1347] 162.253.55.206 () {32 vars in 857 bytes} [Fri Mar 6 02:12:44 2026] GET /resource_providers/d186c63d-6f47-44fa-9b51-8f9aa70425f6/allocations => generated 55 bytes in 15 msecs (HTTP/1.1 200) 6 headers in 223 bytes (1 switches on core 0)
2026-03-06 02:12:44.857 8 INFO placement.requestlog [req-5e2f4adf-f805-4bba-b49d-952b81406276 req-2d5d0ea9-ec4b-499f-a76c-6966106c2c6b d6d620b4911e425eaffe24f297ee2165 8d541cdb92434d1e8e4b1d8b6afa855c - - caa1d4b94b0e418b9e415c8610d98bb2 caa1d4b94b0e418b9e415c8610d98bb2] 162.253.55.206 "GET /resource_providers/d186c63d-6f47-44fa-9b51-8f9aa70425f6/allocations" status: 200 len: 55 microversion: 1.0 [pid: 8|app: 0|req: 683/1348] 162.253.55.206 () {32 vars in 857 bytes} [Fri Mar 6 02:12:44 2026] GET /resource_providers/d186c63d-6f47-44fa-9b51-8f9aa70425f6/allocations => generated 55 bytes in 11 msecs (HTTP/1.1 200) 6 headers in 223 bytes (1 switches on core 0)
2026-03-06 02:12:51.019 8 INFO placement.requestlog [None req-78b86754-9bb4-4992-85aa-312e255ac1dd - - - - - -] 10.0.0.75 "GET /" status: 200 len: 136 microversion: 1.0
2026-03-06 02:12:51.019 7 INFO placement.requestlog [None req-5e8ee8ae-e88b-4c1b-9809-2e0ab7f2dd2f - - - - - -] 10.0.0.75 "GET /" status: 200 len: 136 microversion: 1.0
2026-03-06 02:13:01.019 8 INFO placement.requestlog [None req-60dfa50f-e835-49a0-b898-6fadd2da25bb - - - - - -] 10.0.0.75 "GET /" status: 200 len: 136 microversion: 1.0
2026-03-06 02:13:01.019 7 INFO placement.requestlog [None req-6f9bc7cf-9ebf-4895-b11a-b2f7fc68b419 - - - - - -] 10.0.0.75 "GET /" status: 200 len: 136 microversion: 1.0
2026-03-06 02:13:11.019 7 INFO placement.requestlog [None req-b281a480-959e-4b15-bd60-9a692168c206 - - - - - -] 10.0.0.75 "GET /" status: 200 len: 136 microversion: 1.0
2026-03-06 02:13:11.019 8 INFO placement.requestlog [None req-b092ce37-9a3c-496d-ae95-3cada2f59365 - - - - - -] 10.0.0.75 "GET /" status: 200 len: 136 microversion: 1.0
2026-03-06 02:13:21.019 7 INFO placement.requestlog [None req-3ed8bf22-0735-4868-b82e-095d9a4722fb - - - - - -] 10.0.0.75 "GET /" status: 200 len: 136 microversion: 1.0
2026-03-06 02:13:21.020 8 INFO placement.requestlog [None req-af589f99-6dc2-456d-90f2-b4ab906a5175 - - - - - -] 10.0.0.75 "GET /" status: 200 len: 136 microversion: 1.0
2026-03-06 02:13:22.839 7 INFO placement.requestlog [None req-70267665-fb0c-4a50-ab16-79b4bc0880fe 7bb5af3f024845fd88b0b1b461e9204d 43d5be4d94014888b5fcb7c4c04ca990 - - default default] 10.0.0.115 "GET /resource_providers" status: 200 len: 406 microversion: 1.0 [pid: 7|app: 0|req: 670/1357] 10.0.0.115 () {28 vars in 593 bytes} [Fri Mar 6 02:13:22 2026] GET /resource_providers => generated 406 bytes in 80 msecs (HTTP/1.1 200) 6 headers in 224 bytes (1 switches on core 0)
2026-03-06 02:13:22.868 8 INFO placement.requestlog [None req-9872250e-5679-4ee7-8c7d-d7aa8452a6fa 7bb5af3f024845fd88b0b1b461e9204d 43d5be4d94014888b5fcb7c4c04ca990 - - default default] 10.0.0.115 "GET /resource_providers/d186c63d-6f47-44fa-9b51-8f9aa70425f6/inventories" status: 200 len: 401 microversion: 1.0 [pid: 8|app: 0|req: 688/1358] 10.0.0.115 () {28 vars in 691 bytes} [Fri Mar 6 02:13:22 2026] GET /resource_providers/d186c63d-6f47-44fa-9b51-8f9aa70425f6/inventories => generated 401 bytes in 26 msecs (HTTP/1.1 200) 6 headers in 224 bytes (1 switches on core 0)
2026-03-06 02:13:22.893 7 INFO placement.requestlog [None req-9e45dd91-2aad-46c0-8289-d74f8686dca0 7bb5af3f024845fd88b0b1b461e9204d 43d5be4d94014888b5fcb7c4c04ca990 - - default default] 10.0.0.115 "GET /resource_providers/d186c63d-6f47-44fa-9b51-8f9aa70425f6/usages" status: 200 len: 89 microversion: 1.0 [pid: 7|app: 0|req: 671/1359] 10.0.0.115 () {28 vars in 681 bytes} [Fri Mar 6 02:13:22 2026] GET /resource_providers/d186c63d-6f47-44fa-9b51-8f9aa70425f6/usages => generated 89 bytes in 16 msecs (HTTP/1.1 200) 6 headers in 223 bytes (1 switches on core 0)
2026-03-06 02:13:31.019 8 INFO placement.requestlog [None req-1ae9662f-757e-4ec8-9138-674a59eae7c3 - - - - - -] 10.0.0.75 "GET /" status: 200 len: 136 microversion: 1.0
2026-03-06 02:13:31.022 7 INFO placement.requestlog [None req-fefb5ae2-e9c3-42d7-ac85-0b80bda49622 - - - - - -] 10.0.0.75 "GET /" status: 200 len: 136 microversion: 1.0
2026-03-06 02:13:41.020 8 INFO placement.requestlog [None req-b30e3e3b-c107-44ad-b4f0-357469db32fa - - - - - -] 10.0.0.75 "GET /" status: 200 len: 136 microversion: 1.0
2026-03-06 02:13:41.020 7 INFO placement.requestlog [None req-edf8ec74-b1a8-41d4-823a-29cab309a724 - - - - - -] 10.0.0.75 "GET /" status: 200 len: 136 microversion: 1.0
2026-03-06 02:13:45.362 8 INFO placement.requestlog [req-e8834ef2-c7c8-4401-9acd-3500c8ce74d4 req-a40ea1f5-7a20-47c5-b456-341e29c976d9 d6d620b4911e425eaffe24f297ee2165 8d541cdb92434d1e8e4b1d8b6afa855c - - caa1d4b94b0e418b9e415c8610d98bb2 caa1d4b94b0e418b9e415c8610d98bb2] 162.253.55.206 "GET /resource_providers/d186c63d-6f47-44fa-9b51-8f9aa70425f6/allocations" status: 200 len: 55 microversion: 1.0 [pid: 8|app: 0|req: 691/1364] 162.253.55.206 () {32 vars in 857 bytes} [Fri Mar 6 02:13:45 2026] GET /resource_providers/d186c63d-6f47-44fa-9b51-8f9aa70425f6/allocations => generated 55 bytes in 12 msecs (HTTP/1.1 200) 6 headers in 223 bytes (1 switches on core 0)
2026-03-06 02:13:45.390 7 INFO placement.requestlog [req-e8834ef2-c7c8-4401-9acd-3500c8ce74d4 req-0a701a34-73c5-46c7-bd32-70faf620ac81 d6d620b4911e425eaffe24f297ee2165 8d541cdb92434d1e8e4b1d8b6afa855c - - caa1d4b94b0e418b9e415c8610d98bb2 caa1d4b94b0e418b9e415c8610d98bb2] 162.253.55.206 "GET /resource_providers/d186c63d-6f47-44fa-9b51-8f9aa70425f6/allocations" status: 200 len: 55 microversion: 1.0 [pid: 7|app: 0|req: 674/1365] 162.253.55.206 () {32 vars in 857 bytes} [Fri Mar 6 02:13:45 2026] GET /resource_providers/d186c63d-6f47-44fa-9b51-8f9aa70425f6/allocations => generated 55 bytes in 22 msecs (HTTP/1.1 200) 6 headers in 223 bytes (1 switches on core 0)
2026-03-06 02:13:51.018 8 INFO placement.requestlog [None req-6743cf96-b1af-46fc-b58c-593dfcc64bf1 - - - - - -] 10.0.0.75 "GET /" status: 200 len: 136 microversion: 1.0
2026-03-06 02:13:51.019 7 INFO placement.requestlog [None req-16f89152-d698-4447-b7c5-755607eaf079 - - - - - -] 10.0.0.75 "GET /" status: 200 len: 136 microversion: 1.0
2026-03-06 02:14:01.021 8 INFO placement.requestlog [None req-bdd751f4-fbee-4cd4-a86b-94de0cd2fb57 - - - - - -] 10.0.0.75 "GET /" status: 200 len: 136 microversion: 1.0
2026-03-06 02:14:01.021 7 INFO placement.requestlog [None req-4c9415df-11b4-4437-9589-135828d5be93 - - - - - -] 10.0.0.75 "GET /" status: 200 len: 136 microversion: 1.0
2026-03-06 02:14:11.019 8 INFO placement.requestlog [None req-145e210d-1290-44d4-bbd0-3a9205d0b0bc - - - - - -] 10.0.0.75 "GET /" status: 200 len: 136 microversion: 1.0
2026-03-06 02:14:11.019 7 INFO placement.requestlog [None req-732056fd-783a-44fa-904d-7ba93a795de2 - - - - - -] 10.0.0.75 "GET /" status: 200 len: 136 microversion: 1.0
2026-03-06 02:14:21.019 7 INFO placement.requestlog [None req-0852a116-6fef-456c-a027-ab0f876b484a - - - - - -] 10.0.0.75 "GET /" status: 200 len: 136 microversion: 1.0
2026-03-06 02:14:21.019 8 INFO placement.requestlog [None req-bace6643-cde2-4bf6-ba23-d0bd264e7b8d - - - - - -] 10.0.0.75 "GET /" status: 200 len: 136 microversion: 1.0
2026-03-06 02:14:22.772 7 INFO placement.requestlog [None req-57528feb-51c0-4562-a578-86a5f1284df0 7bb5af3f024845fd88b0b1b461e9204d 43d5be4d94014888b5fcb7c4c04ca990 - - default default] 10.0.0.115 "GET /resource_providers" status: 200 len: 406 microversion: 1.0 [pid: 7|app: 0|req: 679/1374] 10.0.0.115 () {28 vars in 593 bytes} [Fri Mar 6 02:14:22 2026] GET /resource_providers => generated 406 bytes in 46 msecs (HTTP/1.1 200) 6 headers in 224 bytes (1 switches on core 0)
2026-03-06 02:14:22.789 8 INFO placement.requestlog [None req-8c4823ee-1847-4b3b-a58c-d8efd16d8cfc 7bb5af3f024845fd88b0b1b461e9204d 43d5be4d94014888b5fcb7c4c04ca990 - - default default] 10.0.0.115 "GET /resource_providers/d186c63d-6f47-44fa-9b51-8f9aa70425f6/inventories" status: 200 len: 401 microversion: 1.0 [pid: 8|app: 0|req: 696/1375] 10.0.0.115 () {28 vars in 691 bytes} [Fri Mar 6 02:14:22 2026] GET /resource_providers/d186c63d-6f47-44fa-9b51-8f9aa70425f6/inventories => generated 401 bytes in 13 msecs (HTTP/1.1 200) 6 headers in 224 bytes (1 switches on core 0)
2026-03-06 02:14:22.804 7 INFO placement.requestlog [None req-2495f6c7-2a95-4400-9b0d-45c08b1e8126 7bb5af3f024845fd88b0b1b461e9204d 43d5be4d94014888b5fcb7c4c04ca990 - - default default] 10.0.0.115 "GET /resource_providers/d186c63d-6f47-44fa-9b51-8f9aa70425f6/usages" status: 200 len: 89 microversion: 1.0 [pid: 7|app: 0|req: 680/1376] 10.0.0.115 () {28 vars in 681 bytes} [Fri Mar 6 02:14:22 2026] GET /resource_providers/d186c63d-6f47-44fa-9b51-8f9aa70425f6/usages => generated 89 bytes in 12 msecs (HTTP/1.1 200) 6 headers in 223 bytes (1 switches on core 0)
2026-03-06 02:14:31.019 8 INFO placement.requestlog [None req-c654925a-0b3d-46ee-abfb-b16a8c3ef152 - - - - - -] 10.0.0.75 "GET /" status: 200 len: 136 microversion: 1.0
2026-03-06 02:14:31.020 7 INFO placement.requestlog [None req-f53d5acb-5bfa-4cca-89b9-2a1f1a8f9120 - - - - - -] 10.0.0.75 "GET /" status: 200 len: 136 microversion: 1.0
2026-03-06 02:14:41.021 8 INFO placement.requestlog [None req-0ac55f06-1f54-4f1e-a399-9afa2772e447 - - - - - -] 10.0.0.75 "GET /" status: 200 len: 136 microversion: 1.0
2026-03-06 02:14:41.024 7 INFO placement.requestlog [None req-9bdac5ba-cb76-465a-a387-283ea4d44bff - - - - - -] 10.0.0.75 "GET /" status: 200 len: 136 microversion: 1.0
2026-03-06 02:14:46.968 8 INFO placement.requestlog [req-b7677f3c-1f7e-4cfd-80e1-d872003f9756 req-a753cfbc-b8fc-499f-810c-45a94a5eaaad d6d620b4911e425eaffe24f297ee2165 8d541cdb92434d1e8e4b1d8b6afa855c - - caa1d4b94b0e418b9e415c8610d98bb2 caa1d4b94b0e418b9e415c8610d98bb2] 162.253.55.206 "GET /resource_providers/d186c63d-6f47-44fa-9b51-8f9aa70425f6/allocations" status: 200 len: 55 microversion: 1.0 [pid: 8|app: 0|req: 699/1381] 162.253.55.206 () {32 vars in 857 bytes} [Fri Mar 6 02:14:46 2026] GET /resource_providers/d186c63d-6f47-44fa-9b51-8f9aa70425f6/allocations => generated 55 bytes in 96 msecs (HTTP/1.1 200) 6 headers in 223 bytes (1 switches on core 0)
2026-03-06 02:14:46.991 7 INFO placement.requestlog [req-b7677f3c-1f7e-4cfd-80e1-d872003f9756 req-5c5a718d-1c44-4e56-bebc-12cd3b4d89aa d6d620b4911e425eaffe24f297ee2165 8d541cdb92434d1e8e4b1d8b6afa855c - - caa1d4b94b0e418b9e415c8610d98bb2 caa1d4b94b0e418b9e415c8610d98bb2] 162.253.55.206 "GET /resource_providers?in_tree=d186c63d-6f47-44fa-9b51-8f9aa70425f6" status: 200 len: 798 microversion: 1.14 [pid: 7|app: 0|req: 683/1382] 162.253.55.206 () {34 vars in 892 bytes} [Fri Mar 6 02:14:46 2026] GET /resource_providers?in_tree=d186c63d-6f47-44fa-9b51-8f9aa70425f6 => generated 798 bytes in 15 msecs (HTTP/1.1 200) 6 headers in 225 bytes (1 switches on core 0)
2026-03-06 02:14:47.019 8 INFO placement.requestlog [req-b7677f3c-1f7e-4cfd-80e1-d872003f9756 req-f8f0f52e-c9c6-4dbd-ac6b-8f08919c8525 d6d620b4911e425eaffe24f297ee2165 8d541cdb92434d1e8e4b1d8b6afa855c - - caa1d4b94b0e418b9e415c8610d98bb2 caa1d4b94b0e418b9e415c8610d98bb2] 162.253.55.206 "GET /resource_providers/d186c63d-6f47-44fa-9b51-8f9aa70425f6/inventories" status: 200 len: 401 microversion: 1.0 [pid: 8|app: 0|req: 700/1383] 162.253.55.206 () {32 vars in 857 bytes} [Fri Mar 6 02:14:46 2026] GET /resource_providers/d186c63d-6f47-44fa-9b51-8f9aa70425f6/inventories => generated 401 bytes in 20 msecs (HTTP/1.1 200) 6 headers in 224 bytes (1 switches on core 0)
2026-03-06 02:14:47.056 7 INFO placement.requestlog [req-b7677f3c-1f7e-4cfd-80e1-d872003f9756 req-c8ebc932-8fcf-4106-ad53-457114828a86 d6d620b4911e425eaffe24f297ee2165 8d541cdb92434d1e8e4b1d8b6afa855c - - caa1d4b94b0e418b9e415c8610d98bb2 caa1d4b94b0e418b9e415c8610d98bb2] 162.253.55.206 "GET /resource_providers/d186c63d-6f47-44fa-9b51-8f9aa70425f6/aggregates" status: 200 len: 54 microversion: 1.19 [pid: 7|app: 0|req: 684/1384] 162.253.55.206 () {34 vars in 899 bytes} [Fri Mar 6 02:14:47 2026] GET /resource_providers/d186c63d-6f47-44fa-9b51-8f9aa70425f6/aggregates => generated 54 bytes in 28 msecs (HTTP/1.1 200) 8 headers in 295 bytes (1 switches on core 0)
2026-03-06 02:14:47.087 8 INFO placement.requestlog [req-b7677f3c-1f7e-4cfd-80e1-d872003f9756 req-da3ec06a-dd45-483e-88de-a49aa852eb62 d6d620b4911e425eaffe24f297ee2165 8d541cdb92434d1e8e4b1d8b6afa855c - - caa1d4b94b0e418b9e415c8610d98bb2 caa1d4b94b0e418b9e415c8610d98bb2] 162.253.55.206 "GET /resource_providers/d186c63d-6f47-44fa-9b51-8f9aa70425f6/traits" status: 200 len: 2317 microversion: 1.6 [pid: 8|app: 0|req: 701/1385] 162.253.55.206 () {34 vars in 890 bytes} [Fri Mar 6 02:14:47 2026] GET /resource_providers/d186c63d-6f47-44fa-9b51-8f9aa70425f6/traits => generated 2317 bytes in 22 msecs (HTTP/1.1 200) 6 headers in 225 bytes (1 switches on core 0)
2026-03-06 02:14:47.110 7 INFO placement.requestlog [req-b7677f3c-1f7e-4cfd-80e1-d872003f9756 req-5690330e-a9f9-4191-bc0f-70c57fe4c09a d6d620b4911e425eaffe24f297ee2165 8d541cdb92434d1e8e4b1d8b6afa855c - - caa1d4b94b0e418b9e415c8610d98bb2 caa1d4b94b0e418b9e415c8610d98bb2] 162.253.55.206 "GET /resource_providers/d186c63d-6f47-44fa-9b51-8f9aa70425f6/allocations" status: 200 len: 55 microversion: 1.0 [pid: 7|app: 0|req: 685/1386] 162.253.55.206 () {32 vars in 857 bytes} [Fri Mar 6 02:14:47 2026] GET /resource_providers/d186c63d-6f47-44fa-9b51-8f9aa70425f6/allocations => generated 55 bytes in 15 msecs (HTTP/1.1 200) 6 headers in 223 bytes (1 switches on core 0)
2026-03-06 02:14:51.019 8 INFO placement.requestlog [None req-4b3ef63d-5d37-44cc-8d2d-a957e3c9ca93 - - - - - -] 10.0.0.75 "GET /" status: 200 len: 136 microversion: 1.0
2026-03-06 02:14:51.020 7 INFO placement.requestlog [None req-25153d11-47e8-49c4-9357-f6b502215255 - - - - - -] 10.0.0.75 "GET /" status: 200 len: 136 microversion: 1.0
2026-03-06 02:15:01.032 8 INFO placement.requestlog [None req-3d36a63a-34cf-4d52-9b5e-43f481bde235 - - - - - -] 10.0.0.75 "GET /" status: 200 len: 136 microversion: 1.0
2026-03-06 02:15:01.033 7 INFO placement.requestlog [None req-8ba5d5cb-0325-4e9e-b6d7-5e289670a09a - - - - - -] 10.0.0.75 "GET /" status: 200 len: 136 microversion: 1.0
2026-03-06 02:15:11.019 8 INFO placement.requestlog [None req-78b41eb5-8bff-4da4-8b9b-692ef0b4cd8e - - - - - -] 10.0.0.75 "GET /" status: 200 len: 136 microversion: 1.0
2026-03-06 02:15:11.030 7 INFO placement.requestlog [None req-20f11686-439f-44b6-b2a9-bfafe5e68711 - - - - - -] 10.0.0.75 "GET /" status: 200 len: 136 microversion: 1.0
2026-03-06 02:15:21.019 8 INFO placement.requestlog [None req-2a12063e-b458-442e-adb9-6097c629c980 - - - - - -] 10.0.0.75 "GET /" status: 200 len: 136 microversion: 1.0
2026-03-06 02:15:21.020 7 INFO placement.requestlog [None req-abf2912a-38a4-4400-ae9d-33c41faa2db1 - - - - - -] 10.0.0.75 "GET /" status: 200 len: 136 microversion: 1.0
2026-03-06 02:15:22.951 8 INFO placement.requestlog [None req-9a282859-2281-495f-a4ae-f1f7e9c6c0e5 7bb5af3f024845fd88b0b1b461e9204d 43d5be4d94014888b5fcb7c4c04ca990 - - default default] 10.0.0.115 "GET /resource_providers" status: 200 len: 406 microversion: 1.0 [pid: 8|app: 0|req: 706/1395] 10.0.0.115 () {28 vars in 593 bytes} [Fri Mar 6 02:15:22 2026] GET /resource_providers => generated 406 bytes in 74 msecs (HTTP/1.1 200) 6 headers in 224 bytes (1 switches on core 0)
2026-03-06 02:15:22.986 7 INFO placement.requestlog [None req-23e2846c-6d85-4099-b625-18340c9d5fc4 7bb5af3f024845fd88b0b1b461e9204d 43d5be4d94014888b5fcb7c4c04ca990 - - default default] 10.0.0.115 "GET /resource_providers/d186c63d-6f47-44fa-9b51-8f9aa70425f6/inventories" status: 200 len: 401 microversion: 1.0 [pid: 7|app: 0|req: 690/1396] 10.0.0.115 () {28 vars in 691 bytes} [Fri Mar 6 02:15:22 2026] GET /resource_providers/d186c63d-6f47-44fa-9b51-8f9aa70425f6/inventories => generated 401 bytes in 29 msecs (HTTP/1.1 200) 6 headers in 224 bytes (1 switches on core 0)
2026-03-06 02:15:23.016 8 INFO placement.requestlog [None req-8c52541f-3de2-4a65-8139-335d2a7a36e8 7bb5af3f024845fd88b0b1b461e9204d 43d5be4d94014888b5fcb7c4c04ca990 - - default default] 10.0.0.115 "GET /resource_providers/d186c63d-6f47-44fa-9b51-8f9aa70425f6/usages" status: 200 len: 89 microversion: 1.0 [pid: 8|app: 0|req: 707/1397] 10.0.0.115 () {28 vars in 681 bytes} [Fri Mar 6 02:15:22 2026] GET /resource_providers/d186c63d-6f47-44fa-9b51-8f9aa70425f6/usages => generated 89 bytes in 26 msecs (HTTP/1.1 200) 6 headers in 223 bytes (1 switches on core 0)
2026-03-06 02:15:31.019 7 INFO placement.requestlog [None req-b0824de5-9de0-4a24-9c68-9b4fcd49ffdf - - - - - -] 10.0.0.75 "GET /" status: 200 len: 136 microversion: 1.0
2026-03-06 02:15:31.020 8 INFO placement.requestlog [None req-a595f58c-3783-439a-ba30-ac23570a6663 - - - - - -] 10.0.0.75 "GET /" status: 200 len: 136 microversion: 1.0
2026-03-06 02:15:41.019 7 INFO placement.requestlog [None req-cb01c25f-9b36-43fe-897d-c35f24fb4ffb - - - - - -] 10.0.0.75 "GET /" status: 200 len: 136 microversion: 1.0
2026-03-06 02:15:41.020 8 INFO placement.requestlog [None req-cce340cf-71e1-4290-ba73-1ab31a6f23d5 - - - - - -] 10.0.0.75 "GET /" status: 200 len: 136 microversion: 1.0
2026-03-06 02:15:46.666 7 INFO placement.requestlog [req-ff44ce32-b378-46d8-bb80-7c7046ebba7f req-1c242843-40e8-4b0d-bbcb-e128316f8f4b d6d620b4911e425eaffe24f297ee2165 8d541cdb92434d1e8e4b1d8b6afa855c - - caa1d4b94b0e418b9e415c8610d98bb2 caa1d4b94b0e418b9e415c8610d98bb2] 162.253.55.206 "GET /resource_providers/d186c63d-6f47-44fa-9b51-8f9aa70425f6/allocations" status: 200 len: 55 microversion: 1.0 [pid: 7|app: 0|req: 693/1402] 162.253.55.206 () {32 vars in 857 bytes} [Fri Mar 6 02:15:46 2026] GET /resource_providers/d186c63d-6f47-44fa-9b51-8f9aa70425f6/allocations => generated 55 bytes in 21 msecs (HTTP/1.1 200) 6 headers in 223 bytes (1 switches on core 0)
2026-03-06 02:15:46.690 8 INFO placement.requestlog [req-ff44ce32-b378-46d8-bb80-7c7046ebba7f req-d1b2ba55-9861-493e-8dec-de382e878089 d6d620b4911e425eaffe24f297ee2165 8d541cdb92434d1e8e4b1d8b6afa855c - - caa1d4b94b0e418b9e415c8610d98bb2 caa1d4b94b0e418b9e415c8610d98bb2] 162.253.55.206 "GET /resource_providers/d186c63d-6f47-44fa-9b51-8f9aa70425f6/allocations" status: 200 len: 55 microversion: 1.0 [pid: 8|app: 0|req: 710/1403] 162.253.55.206 () {32 vars in 857 bytes} [Fri Mar 6 02:15:46 2026] GET /resource_providers/d186c63d-6f47-44fa-9b51-8f9aa70425f6/allocations => generated 55 bytes in 14 msecs (HTTP/1.1 200) 6 headers in 223 bytes (1 switches on core 0)
2026-03-06 02:15:51.019 7 INFO placement.requestlog [None req-c9e3327f-74e4-435a-862c-6a209de40a82 - - - - - -] 10.0.0.75 "GET /" status: 200 len: 136 microversion: 1.0
2026-03-06 02:15:51.019 8 INFO placement.requestlog [None req-7be0418e-9f26-41eb-8278-6ab4733be9ed - - - - - -] 10.0.0.75 "GET /" status: 200 len: 136 microversion: 1.0
2026-03-06 02:16:01.019 7 INFO placement.requestlog [None req-3f4e288a-7706-42a8-b551-396ced771e40 - - - - - -] 10.0.0.75 "GET /" status: 200 len: 136 microversion: 1.0
2026-03-06 02:16:01.019 8 INFO placement.requestlog [None req-d1d04755-b134-4616-9f95-21d553a86d2a - - - - - -] 10.0.0.75 "GET /" status: 200 len: 136 microversion: 1.0
2026-03-06 02:16:11.019 7 INFO placement.requestlog [None req-b1139093-480b-480f-aa1d-fe7997ca34c2 - - - - - -] 10.0.0.75 "GET /" status: 200 len: 136 microversion: 1.0
2026-03-06 02:16:11.020 8 INFO placement.requestlog [None req-bc87d86b-82ac-4cb5-a3ec-56a201c6d132 - - - - - -] 10.0.0.75 "GET /" status: 200 len: 136 microversion: 1.0
2026-03-06 02:16:21.020 8 INFO placement.requestlog [None req-7eaf4f83-4194-4490-8067-e4767e64e1e1 - - - - - -] 10.0.0.75 "GET /" status: 200 len: 136 microversion: 1.0
2026-03-06 02:16:21.020 7 INFO placement.requestlog [None req-dabe8e25-ada9-483f-a251-e9906e45538b - - - - - -] 10.0.0.75 "GET /" status: 200 len: 136 microversion: 1.0
2026-03-06 02:16:22.798 8 INFO placement.requestlog [None req-0e82b94a-6a5a-472c-b23c-73eebe67767d 7bb5af3f024845fd88b0b1b461e9204d 43d5be4d94014888b5fcb7c4c04ca990 - - default default] 10.0.0.115 "GET /resource_providers" status: 200 len: 406 microversion: 1.0 [pid: 8|app: 0|req: 715/1412] 10.0.0.115 () {28 vars in 593 bytes} [Fri Mar 6 02:16:22 2026] GET /resource_providers => generated 406 bytes in 73 msecs (HTTP/1.1 200) 6 headers in 224 bytes (1 switches on core 0)
2026-03-06 02:16:22.825 7 INFO placement.requestlog [None req-5d03bb1d-c859-497b-9973-0182d5fcc416 7bb5af3f024845fd88b0b1b461e9204d 43d5be4d94014888b5fcb7c4c04ca990 - - default default] 10.0.0.115 "GET /resource_providers/d186c63d-6f47-44fa-9b51-8f9aa70425f6/inventories" status: 200 len: 401 microversion: 1.0 [pid: 7|app: 0|req: 698/1413] 10.0.0.115 () {28 vars in 691 bytes} [Fri Mar 6 02:16:22 2026] GET /resource_providers/d186c63d-6f47-44fa-9b51-8f9aa70425f6/inventories => generated 401 bytes in 21 msecs (HTTP/1.1 200) 6 headers in 224 bytes (1 switches on core 0)
2026-03-06 02:16:22.851 8 INFO placement.requestlog [None req-b250a487-a8bf-448c-bd96-241bdbacd75b 7bb5af3f024845fd88b0b1b461e9204d 43d5be4d94014888b5fcb7c4c04ca990 - - default default] 10.0.0.115 "GET /resource_providers/d186c63d-6f47-44fa-9b51-8f9aa70425f6/usages" status: 200 len: 89 microversion: 1.0 [pid: 8|app: 0|req: 716/1414] 10.0.0.115 () {28 vars in 681 bytes} [Fri Mar 6 02:16:22 2026] GET /resource_providers/d186c63d-6f47-44fa-9b51-8f9aa70425f6/usages => generated 89 bytes in 21 msecs (HTTP/1.1 200) 6 headers in 223 bytes (1 switches on core 0)
2026-03-06 02:16:31.019 7 INFO placement.requestlog [None req-94738cdb-0116-4293-ab39-fb02bb9d619a - - - - - -] 10.0.0.75 "GET /" status: 200 len: 136 microversion: 1.0
2026-03-06 02:16:31.019 8 INFO placement.requestlog [None req-60a106a2-863e-433a-99d6-4a130cbb3837 - - - - - -] 10.0.0.75 "GET /" status: 200 len: 136 microversion: 1.0
2026-03-06 02:16:41.019 8 INFO placement.requestlog [None req-8c420e61-c865-4ad7-aa11-99dbff40d789 - - - - - -] 10.0.0.75 "GET /" status: 200 len: 136 microversion: 1.0
2026-03-06 02:16:41.019 7 INFO placement.requestlog [None req-92f6f261-d5f5-4c15-9060-9ba7314e3d68 - - - - - -] 10.0.0.75 "GET /" status: 200 len: 136 microversion: 1.0
2026-03-06 02:16:48.819 8 INFO placement.requestlog [req-bcdc5a61-e8bd-4370-9113-346b8b72405a req-700e40a1-09de-4639-a7b4-78146e16bfad d6d620b4911e425eaffe24f297ee2165 8d541cdb92434d1e8e4b1d8b6afa855c - - caa1d4b94b0e418b9e415c8610d98bb2 caa1d4b94b0e418b9e415c8610d98bb2] 162.253.55.206 "GET /resource_providers/d186c63d-6f47-44fa-9b51-8f9aa70425f6/allocations" status: 200 len: 55 microversion: 1.0 [pid: 8|app: 0|req: 719/1419] 162.253.55.206 () {32 vars in 857 bytes} [Fri Mar 6 02:16:48 2026] GET /resource_providers/d186c63d-6f47-44fa-9b51-8f9aa70425f6/allocations => generated 55 bytes in 12 msecs (HTTP/1.1 200) 6 headers in 223 bytes (1 switches on core 0)
2026-03-06 02:16:48.839 7 INFO placement.requestlog [req-bcdc5a61-e8bd-4370-9113-346b8b72405a req-a5b39b1a-58fa-45e9-ab9e-927398d2bef6 d6d620b4911e425eaffe24f297ee2165 8d541cdb92434d1e8e4b1d8b6afa855c - - caa1d4b94b0e418b9e415c8610d98bb2 caa1d4b94b0e418b9e415c8610d98bb2] 162.253.55.206 "GET /resource_providers/d186c63d-6f47-44fa-9b51-8f9aa70425f6/allocations" status: 200 len: 55 microversion: 1.0 [pid: 7|app: 0|req: 701/1420] 162.253.55.206 () {32 vars in 857 bytes} [Fri Mar 6 02:16:48 2026] GET /resource_providers/d186c63d-6f47-44fa-9b51-8f9aa70425f6/allocations => generated 55 bytes in 15 msecs (HTTP/1.1 200) 6 headers in 223 bytes (1 switches on core 0)
2026-03-06 02:16:51.019 8 INFO placement.requestlog [None req-688039a6-090a-4012-9ca6-aa03b927cbfd - - - - - -] 10.0.0.75 "GET /" status: 200 len: 136 microversion: 1.0
2026-03-06 02:16:51.019 7 INFO placement.requestlog [None req-ae792e30-d91b-4526-bdf4-77bb72671185 - - - - - -] 10.0.0.75 "GET /" status: 200 len: 136 microversion: 1.0
2026-03-06 02:17:01.018 8 INFO placement.requestlog [None req-3d61ae4e-a934-4210-aa35-0dcea66e45d2 - - - - - -] 10.0.0.75 "GET /" status: 200 len: 136 microversion: 1.0
2026-03-06 02:17:01.019 7 INFO placement.requestlog [None req-80ae70c4-f24c-4043-9c24-39fd95024bce - - - - - -] 10.0.0.75 "GET /" status: 200 len: 136 microversion: 1.0
2026-03-06 02:17:11.019 7 INFO placement.requestlog [None req-88687068-2651-437f-8254-ccc303e199a4 - - - - - -] 10.0.0.75 "GET /" status: 200 len: 136 microversion: 1.0
2026-03-06 02:17:11.020 8 INFO placement.requestlog [None req-52998069-5d41-45ff-a4b1-3d0a0d03c3df - - - - - -] 10.0.0.75 "GET /" status: 200 len: 136 microversion: 1.0