Jun 29 05:17:21.164187 np0000183428 devstack@neutron-api.service[103371]: DEBUG neutron.api.extensions [None req-9cf9c8b2-6bf3-44a1-9be8-3faeafbe2fde None None] Extended resource: auto-allocated-topology {{(pid=103371) __init__ /opt/stack/neutron/neutron/api/extensions.py:156}}
Jun 29 05:17:21.164327 np0000183428 devstack@neutron-api.service[103374]: DEBUG neutron.api.extensions [None req-28f3e42d-0bb9-428b-bae5-c2c8024cfe4e None None] Ext name="Subnet Allocation" alias="subnet_allocation" description="Enables allocation of subnets from a subnet pool" updated="2015-03-30T10:00:00-00:00" {{(pid=103374) _check_extension /opt/stack/neutron/neutron/api/extensions.py:415}}
Jun 29 05:17:21.164465 np0000183428 devstack@neutron-api.service[103374]: INFO neutron.api.extensions [None req-28f3e42d-0bb9-428b-bae5-c2c8024cfe4e None None] Loaded extension: subnet_allocation
Jun 29 05:17:21.164545 np0000183428 devstack@neutron-api.service[103374]: DEBUG neutron.api.extensions [None req-28f3e42d-0bb9-428b-bae5-c2c8024cfe4e None None] Loading extension file: subnetpool_prefix_ops.py {{(pid=103374) _load_all_extensions_from_path /opt/stack/neutron/neutron/api/extensions.py:449}}
Jun 29 05:17:21.164639 np0000183428 devstack@neutron-api.service[103371]: DEBUG neutron.api.extensions [None req-9cf9c8b2-6bf3-44a1-9be8-3faeafbe2fde None None] Extended resource: availability_zones {{(pid=103371) __init__ /opt/stack/neutron/neutron/api/extensions.py:156}}
Jun 29 05:17:21.164816 np0000183428 devstack@neutron-api.service[103374]: DEBUG neutron.api.extensions [None req-28f3e42d-0bb9-428b-bae5-c2c8024cfe4e None None] Ext name="Subnet Pool Prefix Operations" alias="subnetpool-prefix-ops" description="Provides support for adjusting the prefix list of subnet pools" updated="2019-02-08T10:00:00-00:00" {{(pid=103374) _check_extension /opt/stack/neutron/neutron/api/extensions.py:415}}
Jun 29 05:17:21.164988 np0000183428 devstack@neutron-api.service[103374]: INFO neutron.api.extensions [None req-28f3e42d-0bb9-428b-bae5-c2c8024cfe4e None None] Loaded extension: subnetpool-prefix-ops
Jun 29 05:17:21.165079 np0000183428 devstack@neutron-api.service[103374]: DEBUG neutron.api.extensions [None req-28f3e42d-0bb9-428b-bae5-c2c8024cfe4e None None] Loading extension file: tag_creation.py {{(pid=103374) _load_all_extensions_from_path /opt/stack/neutron/neutron/api/extensions.py:449}}
Jun 29 05:17:21.165136 np0000183428 devstack@neutron-api.service[103371]: DEBUG neutron.api.extensions [None req-9cf9c8b2-6bf3-44a1-9be8-3faeafbe2fde None None] Extended resource: dhcp-networks {{(pid=103371) __init__ /opt/stack/neutron/neutron/api/extensions.py:156}}
Jun 29 05:17:21.165344 np0000183428 devstack@neutron-api.service[103374]: DEBUG neutron.api.extensions [None req-28f3e42d-0bb9-428b-bae5-c2c8024cfe4e None None] Ext name="Tag creation extension" alias="tag-creation" description="Allow to create multiple tags for a resource" updated="2024-23-07T10:00:00-00:00" {{(pid=103374) _check_extension /opt/stack/neutron/neutron/api/extensions.py:415}}
Jun 29 05:17:21.165511 np0000183428 devstack@neutron-api.service[103374]: INFO neutron.api.extensions [None req-28f3e42d-0bb9-428b-bae5-c2c8024cfe4e None None] Loaded extension: tag-creation
Jun 29 05:17:21.165579 np0000183428 devstack@neutron-api.service[103374]: DEBUG neutron.api.extensions [None req-28f3e42d-0bb9-428b-bae5-c2c8024cfe4e None None] Loading extension file: tag_ports_during_bulk_creation.py {{(pid=103374) _load_all_extensions_from_path /opt/stack/neutron/neutron/api/extensions.py:449}}
Jun 29 05:17:21.165801 np0000183428 devstack@neutron-api.service[103374]: DEBUG neutron.api.extensions [None req-28f3e42d-0bb9-428b-bae5-c2c8024cfe4e None None] Ext name="Tag Ports During Bulk Creation" alias="tag-ports-during-bulk-creation" description="Allow to tag ports during bulk creation" updated="2019-12-29T19:00:00-00:00" {{(pid=103374) _check_extension /opt/stack/neutron/neutron/api/extensions.py:415}}
Jun 29 05:17:21.165840 np0000183428 devstack@neutron-api.service[103371]: DEBUG neutron.api.extensions [None req-9cf9c8b2-6bf3-44a1-9be8-3faeafbe2fde None None] Extended resource: dhcp-agents {{(pid=103371) __init__ /opt/stack/neutron/neutron/api/extensions.py:156}}
Jun 29 05:17:21.165969 np0000183428 devstack@neutron-api.service[103374]: INFO neutron.api.extensions [None req-28f3e42d-0bb9-428b-bae5-c2c8024cfe4e None None] Extension tag-ports-during-bulk-creation not supported by any of loaded plugins
Jun 29 05:17:21.166085 np0000183428 devstack@neutron-api.service[103374]: DEBUG neutron.api.extensions [None req-28f3e42d-0bb9-428b-bae5-c2c8024cfe4e None None] Loading extension file: tagging.py {{(pid=103374) _load_all_extensions_from_path /opt/stack/neutron/neutron/api/extensions.py:449}}
Jun 29 05:17:21.166477 np0000183428 devstack@neutron-api.service[103371]: DEBUG neutron.api.extensions [None req-9cf9c8b2-6bf3-44a1-9be8-3faeafbe2fde None None] Extended resource: routers {{(pid=103371) __init__ /opt/stack/neutron/neutron/api/extensions.py:156}}
Jun 29 05:17:21.166962 np0000183428 devstack@neutron-api.service[103374]: DEBUG neutron.api.extensions [None req-28f3e42d-0bb9-428b-bae5-c2c8024cfe4e None None] Ext name="Tag support for resources with standard attribute: port, subnet, subnetpool, network, security_group, router, floatingip, policy, trunk, network_segment_range" alias="standard-attr-tag" description="Enables to set tag on resources with standard attribute." updated="2017-01-01T00:00:00-00:00" {{(pid=103374) _check_extension /opt/stack/neutron/neutron/api/extensions.py:415}}
Jun 29 05:17:21.167142 np0000183428 devstack@neutron-api.service[103374]: INFO neutron.api.extensions [None req-28f3e42d-0bb9-428b-bae5-c2c8024cfe4e None None] Loaded extension: standard-attr-tag
Jun 29 05:17:21.167234 np0000183428 devstack@neutron-api.service[103374]: DEBUG neutron.api.extensions [None req-28f3e42d-0bb9-428b-bae5-c2c8024cfe4e None None] Loading extension file: timestamp.py {{(pid=103374) _load_all_extensions_from_path /opt/stack/neutron/neutron/api/extensions.py:449}}
Jun 29 05:17:21.167445 np0000183428 devstack@neutron-api.service[103371]: DEBUG neutron.api.extensions [None req-9cf9c8b2-6bf3-44a1-9be8-3faeafbe2fde None None] Extended resource: flavors {{(pid=103371) __init__ /opt/stack/neutron/neutron/api/extensions.py:156}}
Jun 29 05:17:21.167489 np0000183428 devstack@neutron-api.service[103374]: DEBUG neutron.api.extensions [None req-28f3e42d-0bb9-428b-bae5-c2c8024cfe4e None None] Ext name="Resource timestamps" alias="standard-attr-timestamp" description="Adds created_at and updated_at fields to all Neutron resources that have Neutron standard attributes." updated="2016-09-12T10:00:00-00:00" {{(pid=103374) _check_extension /opt/stack/neutron/neutron/api/extensions.py:415}}
Jun 29 05:17:21.167750 np0000183428 devstack@neutron-api.service[103374]: INFO neutron.api.extensions [None req-28f3e42d-0bb9-428b-bae5-c2c8024cfe4e None None] Loaded extension: standard-attr-timestamp
Jun 29 05:17:21.167802 np0000183428 devstack@neutron-api.service[103374]: DEBUG neutron.api.extensions [None req-28f3e42d-0bb9-428b-bae5-c2c8024cfe4e None None] Loading extension file: trunk.py {{(pid=103374) _load_all_extensions_from_path /opt/stack/neutron/neutron/api/extensions.py:449}}
Jun 29 05:17:21.168011 np0000183428 devstack@neutron-api.service[103374]: DEBUG neutron.api.extensions [None req-28f3e42d-0bb9-428b-bae5-c2c8024cfe4e None None] Ext name="Trunk Extension" alias="trunk" description="Provides support for trunk ports" updated="2016-01-01T10:00:00-00:00" {{(pid=103374) _check_extension /opt/stack/neutron/neutron/api/extensions.py:415}}
Jun 29 05:17:21.168181 np0000183428 devstack@neutron-api.service[103374]: INFO neutron.api.extensions [None req-28f3e42d-0bb9-428b-bae5-c2c8024cfe4e None None] Extension trunk not supported by any of loaded plugins
Jun 29 05:17:21.168268 np0000183428 devstack@neutron-api.service[103374]: DEBUG neutron.api.extensions [None req-28f3e42d-0bb9-428b-bae5-c2c8024cfe4e None None] Loading extension file: trunk_details.py {{(pid=103374) _load_all_extensions_from_path /opt/stack/neutron/neutron/api/extensions.py:449}}
Jun 29 05:17:21.168466 np0000183428 devstack@neutron-api.service[103371]: DEBUG neutron.api.extensions [None req-9cf9c8b2-6bf3-44a1-9be8-3faeafbe2fde None None] Extended resource: service_profiles {{(pid=103371) __init__ /opt/stack/neutron/neutron/api/extensions.py:156}}
Jun 29 05:17:21.168500 np0000183428 devstack@neutron-api.service[103374]: DEBUG neutron.api.extensions [None req-28f3e42d-0bb9-428b-bae5-c2c8024cfe4e None None] Ext name="Trunk port details" alias="trunk-details" description="Expose trunk port details" updated="2016-01-01T10:00:00-00:00" {{(pid=103374) _check_extension /opt/stack/neutron/neutron/api/extensions.py:415}}
Jun 29 05:17:21.168716 np0000183428 devstack@neutron-api.service[103374]: INFO neutron.api.extensions [None req-28f3e42d-0bb9-428b-bae5-c2c8024cfe4e None None] Extension trunk-details not supported by any of loaded plugins
Jun 29 05:17:21.168784 np0000183428 devstack@neutron-api.service[103374]: DEBUG neutron.api.extensions [None req-28f3e42d-0bb9-428b-bae5-c2c8024cfe4e None None] Loading extension file: uplink_status_propagation.py {{(pid=103374) _load_all_extensions_from_path /opt/stack/neutron/neutron/api/extensions.py:449}}
Jun 29 05:17:21.168988 np0000183428 devstack@neutron-api.service[103371]: DEBUG neutron.api.extensions [None req-9cf9c8b2-6bf3-44a1-9be8-3faeafbe2fde None None] Extended resource: next_providers {{(pid=103371) __init__ /opt/stack/neutron/neutron/api/extensions.py:156}}
Jun 29 05:17:21.169017 np0000183428 devstack@neutron-api.service[103374]: DEBUG neutron.api.extensions [None req-28f3e42d-0bb9-428b-bae5-c2c8024cfe4e None None] Ext name="Uplink status propagation extension" alias="uplink-status-propagation" description="Provides ability to propagate port uplink status." updated="2018-05-31T18:00:00-00:00" {{(pid=103374) _check_extension /opt/stack/neutron/neutron/api/extensions.py:415}}
Jun 29 05:17:21.169157 np0000183428 devstack@neutron-api.service[103374]: INFO neutron.api.extensions [None req-28f3e42d-0bb9-428b-bae5-c2c8024cfe4e None None] Extension uplink-status-propagation not supported by any of loaded plugins
Jun 29 05:17:21.169245 np0000183428 devstack@neutron-api.service[103374]: DEBUG neutron.api.extensions [None req-28f3e42d-0bb9-428b-bae5-c2c8024cfe4e None None] Loading extension file: uplink_status_propagation_updatable.py {{(pid=103374) _load_all_extensions_from_path /opt/stack/neutron/neutron/api/extensions.py:449}}
Jun 29 05:17:21.169478 np0000183428 devstack@neutron-api.service[103374]: DEBUG neutron.api.extensions [None req-28f3e42d-0bb9-428b-bae5-c2c8024cfe4e None None] Ext name="Uplink status propagation updatable extension" alias="uplink-status-propagation-updatable" description="Provides ability to update the port uplink status." updated="2024-09-03T18:00:00-00:00" {{(pid=103374) _check_extension /opt/stack/neutron/neutron/api/extensions.py:415}}
Jun 29 05:17:21.169637 np0000183428 devstack@neutron-api.service[103371]: DEBUG neutron.api.extensions [None req-9cf9c8b2-6bf3-44a1-9be8-3faeafbe2fde None None] Extended resource: service_profiles {{(pid=103371) __init__ /opt/stack/neutron/neutron/api/extensions.py:156}}
Jun 29 05:17:21.169703 np0000183428 devstack@neutron-api.service[103374]: INFO neutron.api.extensions [None req-28f3e42d-0bb9-428b-bae5-c2c8024cfe4e None None] Extension uplink-status-propagation-updatable not supported by any of loaded plugins
Jun 29 05:17:21.169789 np0000183428 devstack@neutron-api.service[103374]: DEBUG neutron.api.extensions [None req-28f3e42d-0bb9-428b-bae5-c2c8024cfe4e None None] Loading extension file: vlantransparent.py {{(pid=103374) _load_all_extensions_from_path /opt/stack/neutron/neutron/api/extensions.py:449}}
Jun 29 05:17:21.170022 np0000183428 devstack@neutron-api.service[103374]: DEBUG neutron.api.extensions [None req-28f3e42d-0bb9-428b-bae5-c2c8024cfe4e None None] Ext name="Vlantransparent" alias="vlan-transparent" description="Provides Vlan Transparent Networks" updated="2015-03-23T09:00:00-00:00" {{(pid=103374) _check_extension /opt/stack/neutron/neutron/api/extensions.py:415}}
Jun 29 05:17:21.170170 np0000183428 devstack@neutron-api.service[103374]: INFO neutron.api.extensions [None req-28f3e42d-0bb9-428b-bae5-c2c8024cfe4e None None] Loaded extension: vlan-transparent
Jun 29 05:17:21.170345 np0000183428 devstack@neutron-api.service[103371]: DEBUG neutron.api.extensions [None req-9cf9c8b2-6bf3-44a1-9be8-3faeafbe2fde None None] Extended resource: floatingip-pools {{(pid=103371) __init__ /opt/stack/neutron/neutron/api/extensions.py:156}}
Jun 29 05:17:21.170866 np0000183428 devstack@neutron-api.service[103371]: DEBUG neutron.api.extensions [None req-9cf9c8b2-6bf3-44a1-9be8-3faeafbe2fde None None] Extended resource: routers {{(pid=103371) __init__ /opt/stack/neutron/neutron/api/extensions.py:156}}
Jun 29 05:17:21.171841 np0000183428 devstack@neutron-api.service[103371]: DEBUG neutron.api.extensions [None req-9cf9c8b2-6bf3-44a1-9be8-3faeafbe2fde None None] Extended resource: floatingips {{(pid=103371) __init__ /opt/stack/neutron/neutron/api/extensions.py:156}}
Jun 29 05:17:21.172037 np0000183428 devstack@neutron-api.service[103374]: INFO neutron.quota.resource_registry [None req-28f3e42d-0bb9-428b-bae5-c2c8024cfe4e None None] Creating instance of TrackedResource for resource:network
Jun 29 05:17:21.172245 np0000183428 devstack@neutron-api.service[103374]: INFO neutron.quota.resource_registry [None req-28f3e42d-0bb9-428b-bae5-c2c8024cfe4e None None] Creating instance of TrackedResource for resource:subnet
Jun 29 05:17:21.172327 np0000183428 devstack@neutron-api.service[103371]: DEBUG neutron.api.extensions [None req-9cf9c8b2-6bf3-44a1-9be8-3faeafbe2fde None None] Extended resource: l3-routers {{(pid=103371) __init__ /opt/stack/neutron/neutron/api/extensions.py:156}}
Jun 29 05:17:21.172362 np0000183428 devstack@neutron-api.service[103374]: INFO neutron.quota.resource_registry [None req-28f3e42d-0bb9-428b-bae5-c2c8024cfe4e None None] Creating instance of TrackedResource for resource:subnetpool
Jun 29 05:17:21.172512 np0000183428 devstack@neutron-api.service[103374]: INFO neutron.quota.resource_registry [None req-28f3e42d-0bb9-428b-bae5-c2c8024cfe4e None None] Creating instance of TrackedResource for resource:port
Jun 29 05:17:21.172944 np0000183428 devstack@neutron-api.service[103371]: DEBUG neutron.api.extensions [None req-9cf9c8b2-6bf3-44a1-9be8-3faeafbe2fde None None] Extended resource: l3-agents {{(pid=103371) __init__ /opt/stack/neutron/neutron/api/extensions.py:156}}
Jun 29 05:17:21.173543 np0000183428 devstack@neutron-api.service[103371]: DEBUG neutron.api.extensions [None req-9cf9c8b2-6bf3-44a1-9be8-3faeafbe2fde None None] Extended resource: network-ip-availabilities {{(pid=103371) __init__ /opt/stack/neutron/neutron/api/extensions.py:156}}
Jun 29 05:17:21.174067 np0000183428 devstack@neutron-api.service[103374]: INFO neutron.quota.resource_registry [None req-28f3e42d-0bb9-428b-bae5-c2c8024cfe4e None None] Creating instance of CountableResource for resource:router_route
Jun 29 05:17:21.174181 np0000183428 devstack@neutron-api.service[103371]: DEBUG neutron.api.extensions [None req-9cf9c8b2-6bf3-44a1-9be8-3faeafbe2fde None None] Extended resource: network-ip-availabilities {{(pid=103371) __init__ /opt/stack/neutron/neutron/api/extensions.py:156}}
Jun 29 05:17:21.174255 np0000183428 devstack@neutron-api.service[103374]: DEBUG neutron.api.v2.resource_helper [None req-28f3e42d-0bb9-428b-bae5-c2c8024cfe4e None None] Service L3_ROUTER_NAT assigned prefix: {{(pid=103374) build_resource_info /opt/stack/neutron/neutron/api/v2/resource_helper.py:77}}
Jun 29 05:17:21.174639 np0000183428 devstack@neutron-api.service[103374]: DEBUG neutron.api.v2.resource_helper [None req-28f3e42d-0bb9-428b-bae5-c2c8024cfe4e None None] Service FLAVORS assigned prefix: {{(pid=103374) build_resource_info /opt/stack/neutron/neutron/api/v2/resource_helper.py:77}}
Jun 29 05:17:21.174694 np0000183428 devstack@neutron-api.service[103371]: DEBUG neutron.api.extensions [None req-9cf9c8b2-6bf3-44a1-9be8-3faeafbe2fde None None] Extended resource: bindings {{(pid=103371) __init__ /opt/stack/neutron/neutron/api/extensions.py:156}}
Jun 29 05:17:21.175459 np0000183428 devstack@neutron-api.service[103371]: DEBUG neutron.api.extensions [None req-9cf9c8b2-6bf3-44a1-9be8-3faeafbe2fde None None] Extended resource: quotas {{(pid=103371) __init__ /opt/stack/neutron/neutron/api/extensions.py:156}}
Jun 29 05:17:21.175610 np0000183428 devstack@neutron-api.service[103374]: DEBUG neutron.api.v2.resource_helper [None req-28f3e42d-0bb9-428b-bae5-c2c8024cfe4e None None] Service L3_ROUTER_NAT assigned prefix: {{(pid=103374) build_resource_info /opt/stack/neutron/neutron/api/v2/resource_helper.py:77}}
Jun 29 05:17:21.175965 np0000183428 devstack@neutron-api.service[103374]: DEBUG neutron.api.v2.resource_helper [None req-28f3e42d-0bb9-428b-bae5-c2c8024cfe4e None None] Service L3_ROUTER_NAT assigned prefix: {{(pid=103374) build_resource_info /opt/stack/neutron/neutron/api/v2/resource_helper.py:77}}
Jun 29 05:17:21.176108 np0000183428 devstack@neutron-api.service[103374]: INFO neutron.quota.resource_registry [None req-28f3e42d-0bb9-428b-bae5-c2c8024cfe4e None None] Creating instance of TrackedResource for resource:router
Jun 29 05:17:21.176177 np0000183428 devstack@neutron-api.service[103371]: DEBUG neutron.api.extensions [None req-9cf9c8b2-6bf3-44a1-9be8-3faeafbe2fde None None] Extended resource: quotas {{(pid=103371) __init__ /opt/stack/neutron/neutron/api/extensions.py:156}}
Jun 29 05:17:21.176480 np0000183428 devstack@neutron-api.service[103374]: INFO neutron.quota.resource_registry [None req-28f3e42d-0bb9-428b-bae5-c2c8024cfe4e None None] Creating instance of TrackedResource for resource:floatingip
Jun 29 05:17:21.176852 np0000183428 devstack@neutron-api.service[103371]: DEBUG neutron.api.extensions [None req-9cf9c8b2-6bf3-44a1-9be8-3faeafbe2fde None None] Extended resource: rbac-policies {{(pid=103371) __init__ /opt/stack/neutron/neutron/api/extensions.py:156}}
Jun 29 05:17:21.177376 np0000183428 devstack@neutron-api.service[103371]: DEBUG neutron.api.extensions [None req-9cf9c8b2-6bf3-44a1-9be8-3faeafbe2fde None None] Extended resource: default-security-group-rules {{(pid=103371) __init__ /opt/stack/neutron/neutron/api/extensions.py:156}}
Jun 29 05:17:21.177652 np0000183428 devstack@neutron-api.service[103374]: INFO neutron.quota.resource_registry [None req-28f3e42d-0bb9-428b-bae5-c2c8024cfe4e None None] Creating instance of CountableResource for resource:rbac_policy
Jun 29 05:17:21.177944 np0000183428 devstack@neutron-api.service[103371]: DEBUG neutron.api.extensions [None req-9cf9c8b2-6bf3-44a1-9be8-3faeafbe2fde None None] Extended resource: security-groups-default-statefulness {{(pid=103371) __init__ /opt/stack/neutron/neutron/api/extensions.py:156}}
Jun 29 05:17:21.178300 np0000183428 devstack@neutron-api.service[103374]: INFO neutron.quota.resource_registry [None req-28f3e42d-0bb9-428b-bae5-c2c8024cfe4e None None] Creating instance of TrackedResource for resource:security_group
Jun 29 05:17:21.178602 np0000183428 devstack@neutron-api.service[103371]: DEBUG neutron.api.extensions [None req-9cf9c8b2-6bf3-44a1-9be8-3faeafbe2fde None None] Extended resource: security-groups {{(pid=103371) __init__ /opt/stack/neutron/neutron/api/extensions.py:156}}
Jun 29 05:17:21.178675 np0000183428 devstack@neutron-api.service[103374]: INFO neutron.quota.resource_registry [None req-28f3e42d-0bb9-428b-bae5-c2c8024cfe4e None None] Creating instance of TrackedResource for resource:security_group_rule
Jun 29 05:17:21.179056 np0000183428 devstack@neutron-api.service[103371]: DEBUG neutron.api.extensions [None req-9cf9c8b2-6bf3-44a1-9be8-3faeafbe2fde None None] Extended resource: security-group-rules {{(pid=103371) __init__ /opt/stack/neutron/neutron/api/extensions.py:156}}
Jun 29 05:17:21.179273 np0000183428 devstack@neutron-api.service[103374]: DEBUG neutron.api.v2.resource_helper [None req-28f3e42d-0bb9-428b-bae5-c2c8024cfe4e None None] Service CORE assigned prefix: {{(pid=103374) build_resource_info /opt/stack/neutron/neutron/api/v2/resource_helper.py:77}}
Jun 29 05:17:21.179416 np0000183428 devstack@neutron-api.service[103374]: INFO neutron.quota.resource_registry [None req-28f3e42d-0bb9-428b-bae5-c2c8024cfe4e None None] Creating instance of TrackedResource for resource:subnetpool
Jun 29 05:17:21.179549 np0000183428 devstack@neutron-api.service[103374]: WARNING neutron.quota.resource_registry [None req-28f3e42d-0bb9-428b-bae5-c2c8024cfe4e None None] subnetpool is already registered
Jun 29 05:17:21.179599 np0000183428 devstack@neutron-api.service[103371]: DEBUG neutron.api.extensions [None req-9cf9c8b2-6bf3-44a1-9be8-3faeafbe2fde None None] Extended resource: service-providers {{(pid=103371) __init__ /opt/stack/neutron/neutron/api/extensions.py:156}}
Jun 29 05:17:21.179992 np0000183428 devstack@neutron-api.service[103373]: DEBUG oslo_concurrency.processutils [None req-4ebc89b3-c439-42db-bc71-84bab6903892 None None] CMD "ovsdb-client transact ssl:199.19.213.103:6641 --timeout 180 -p /opt/stack/data/CA/int-ca/private/devstack-cert.key -c /opt/stack/data/CA/int-ca/devstack-cert.crt -C /opt/stack/data/CA/int-ca/ca-chain.pem ["OVN_Northbound", {"op": "wait", "timeout": 0, "table": "Port_Group", "where": [["name", "==", "neutron_pg_drop"]], "until": "==", "rows": []}, {"op": "insert", "table": "ACL", "row": {"action": "drop", "direction": "to-lport", "match": "outport == @neutron_pg_drop && ip", "priority": 1001}, "uuid-name": "droptoport"}, {"op": "insert", "table": "ACL", "row": {"action": "drop", "direction": "from-lport", "match": "inport == @neutron_pg_drop && ip", "priority": 1001}, "uuid-name": "dropfromport"}, {"op": "insert", "table": "Port_Group", "row": {"name": "neutron_pg_drop", "acls": ["set", [["named-uuid", "droptoport"], ["named-uuid", "dropfromport"]]]}}]" returned: 0 in 0.050s {{(pid=103373) execute /opt/stack/data/venv/lib/python3.12/site-packages/oslo_concurrency/processutils.py:468}}
Jun 29 05:17:21.180094 np0000183428 devstack@neutron-api.service[103374]: DEBUG neutron.api.v2.resource_helper [None req-28f3e42d-0bb9-428b-bae5-c2c8024cfe4e None None] Service CORE assigned prefix: {{(pid=103374) build_resource_info /opt/stack/neutron/neutron/api/v2/resource_helper.py:77}}
Jun 29 05:17:21.180094 np0000183428 devstack@neutron-api.service[103374]: INFO neutron.quota.resource_registry [None req-28f3e42d-0bb9-428b-bae5-c2c8024cfe4e None None] Creating instance of TrackedResource for resource:subnetpool
Jun 29 05:17:21.180301 np0000183428 devstack@neutron-api.service[103371]: DEBUG neutron.api.extensions [None req-9cf9c8b2-6bf3-44a1-9be8-3faeafbe2fde None None] Extended resource: subnetpools {{(pid=103371) __init__ /opt/stack/neutron/neutron/api/extensions.py:156}}
Jun 29 05:17:21.180372 np0000183428 devstack@neutron-api.service[103374]: WARNING neutron.quota.resource_registry [None req-28f3e42d-0bb9-428b-bae5-c2c8024cfe4e None None] subnetpool is already registered
Jun 29 05:17:21.180875 np0000183428 devstack@neutron-api.service[103371]: DEBUG neutron.api.extensions [None req-9cf9c8b2-6bf3-44a1-9be8-3faeafbe2fde None None] Extended resource: subnetpools {{(pid=103371) __init__ /opt/stack/neutron/neutron/api/extensions.py:156}}
Jun 29 05:17:21.181484 np0000183428 devstack@neutron-api.service[103373]: DEBUG neutron_lib.callbacks.manager [None req-4ebc89b3-c439-42db-bc71-84bab6903892 None None] Publish callbacks ['neutron.plugins.ml2.drivers.ovn.mech_driver.mech_driver.OVNMechanismDriver.post_fork_initialize-343545', 'neutron.services.pvlan.drivers.ovn.driver._initialize_pvlan_pg_drop-8755353278354', 'neutron.services.ovn_l3.plugin.OVNL3RouterPlugin._post_fork_initialize-10031'] for process (None), after_init {{(pid=103373) _notify_loop /opt/stack/data/venv/lib/python3.12/site-packages/neutron_lib/callbacks/manager.py:184}}
Jun 29 05:17:21.181643 np0000183428 devstack@neutron-api.service[103371]: DEBUG neutron.api.extensions [None req-9cf9c8b2-6bf3-44a1-9be8-3faeafbe2fde None None] Extended resource: tags {{(pid=103371) __init__ /opt/stack/neutron/neutron/api/extensions.py:156}}
Jun 29 05:17:21.182440 np0000183428 devstack@neutron-api.service[103371]: DEBUG neutron.api.extensions [None req-9cf9c8b2-6bf3-44a1-9be8-3faeafbe2fde None None] Extended resource: tags {{(pid=103371) __init__ /opt/stack/neutron/neutron/api/extensions.py:156}}
Jun 29 05:17:21.182631 np0000183428 devstack@neutron-api.service[103374]: INFO neutron.quota.resource_registry [None req-28f3e42d-0bb9-428b-bae5-c2c8024cfe4e None None] Creating instance of CountableResource for resource:router_route
Jun 29 05:17:21.182734 np0000183428 devstack@neutron-api.service[103374]: WARNING neutron.quota.resource_registry [None req-28f3e42d-0bb9-428b-bae5-c2c8024cfe4e None None] router_route is already registered
Jun 29 05:17:21.182767 np0000183428 devstack@neutron-api.service[103373]: DEBUG oslo_concurrency.lockutils [None req-4ebc89b3-c439-42db-bc71-84bab6903892 None None] Acquiring lock "singleton_lock" {{(pid=103373) lock /opt/stack/data/venv/lib/python3.12/site-packages/oslo_concurrency/lockutils.py:395}}
Jun 29 05:17:21.182862 np0000183428 devstack@neutron-api.service[103374]: DEBUG neutron.api.v2.resource_helper [None req-28f3e42d-0bb9-428b-bae5-c2c8024cfe4e None None] Service L3_ROUTER_NAT assigned prefix: {{(pid=103374) build_resource_info /opt/stack/neutron/neutron/api/v2/resource_helper.py:77}}
Jun 29 05:17:21.183286 np0000183428 devstack@neutron-api.service[103371]: DEBUG neutron.api.extensions [None req-9cf9c8b2-6bf3-44a1-9be8-3faeafbe2fde None None] Extended resource: tags {{(pid=103371) __init__ /opt/stack/neutron/neutron/api/extensions.py:156}}
Jun 29 05:17:21.183323 np0000183428 devstack@neutron-api.service[103374]: DEBUG neutron.api.v2.resource_helper [None req-28f3e42d-0bb9-428b-bae5-c2c8024cfe4e None None] Service FLAVORS assigned prefix: {{(pid=103374) build_resource_info /opt/stack/neutron/neutron/api/v2/resource_helper.py:77}}
Jun 29 05:17:21.183398 np0000183428 devstack@neutron-api.service[103373]: DEBUG oslo_concurrency.lockutils [None req-4ebc89b3-c439-42db-bc71-84bab6903892 None None] Acquired lock "singleton_lock" {{(pid=103373) lock /opt/stack/data/venv/lib/python3.12/site-packages/oslo_concurrency/lockutils.py:398}}
Jun 29 05:17:21.183656 np0000183428 devstack@neutron-api.service[103373]: DEBUG oslo_concurrency.lockutils [None req-4ebc89b3-c439-42db-bc71-84bab6903892 None None] Releasing lock "singleton_lock" {{(pid=103373) lock /opt/stack/data/venv/lib/python3.12/site-packages/oslo_concurrency/lockutils.py:418}}
Jun 29 05:17:21.184155 np0000183428 devstack@neutron-api.service[103371]: DEBUG neutron.api.extensions [None req-9cf9c8b2-6bf3-44a1-9be8-3faeafbe2fde None None] Extended resource: tags {{(pid=103371) __init__ /opt/stack/neutron/neutron/api/extensions.py:156}}
Jun 29 05:17:21.184189 np0000183428 devstack@neutron-api.service[103374]: DEBUG neutron.api.v2.resource_helper [None req-28f3e42d-0bb9-428b-bae5-c2c8024cfe4e None None] Service L3_ROUTER_NAT assigned prefix: {{(pid=103374) build_resource_info /opt/stack/neutron/neutron/api/v2/resource_helper.py:77}}
Jun 29 05:17:21.184635 np0000183428 devstack@neutron-api.service[103374]: DEBUG neutron.api.v2.resource_helper [None req-28f3e42d-0bb9-428b-bae5-c2c8024cfe4e None None] Service L3_ROUTER_NAT assigned prefix: {{(pid=103374) build_resource_info /opt/stack/neutron/neutron/api/v2/resource_helper.py:77}}
Jun 29 05:17:21.184753 np0000183428 devstack@neutron-api.service[103374]: INFO neutron.quota.resource_registry [None req-28f3e42d-0bb9-428b-bae5-c2c8024cfe4e None None] Creating instance of TrackedResource for resource:router
Jun 29 05:17:21.184880 np0000183428 devstack@neutron-api.service[103374]: WARNING neutron.quota.resource_registry [None req-28f3e42d-0bb9-428b-bae5-c2c8024cfe4e None None] router is already registered
Jun 29 05:17:21.184914 np0000183428 devstack@neutron-api.service[103371]: DEBUG neutron.api.extensions [None req-9cf9c8b2-6bf3-44a1-9be8-3faeafbe2fde None None] Extended resource: tags {{(pid=103371) __init__ /opt/stack/neutron/neutron/api/extensions.py:156}}
Jun 29 05:17:21.185314 np0000183428 devstack@neutron-api.service[103373]: DEBUG neutron.plugins.ml2.drivers.ovn.mech_driver.mech_driver [None req-4ebc89b3-c439-42db-bc71-84bab6903892 None None] Hash Ring setup using WSGI start time 2026-06-29 05:17:14+00:00 {{(pid=103373) _init_hash_ring /opt/stack/neutron/neutron/plugins/ml2/drivers/ovn/mech_driver/mech_driver.py:404}}
Jun 29 05:17:21.185382 np0000183428 devstack@neutron-api.service[103374]: INFO neutron.quota.resource_registry [None req-28f3e42d-0bb9-428b-bae5-c2c8024cfe4e None None] Creating instance of TrackedResource for resource:floatingip
Jun 29 05:17:21.185505 np0000183428 devstack@neutron-api.service[103374]: WARNING neutron.quota.resource_registry [None req-28f3e42d-0bb9-428b-bae5-c2c8024cfe4e None None] floatingip is already registered
Jun 29 05:17:21.185762 np0000183428 devstack@neutron-api.service[103371]: DEBUG neutron.api.extensions [None req-9cf9c8b2-6bf3-44a1-9be8-3faeafbe2fde None None] Extended resource: tags {{(pid=103371) __init__ /opt/stack/neutron/neutron/api/extensions.py:156}}
Jun 29 05:17:21.186493 np0000183428 devstack@neutron-api.service[103374]: INFO neutron.quota.resource_registry [None req-28f3e42d-0bb9-428b-bae5-c2c8024cfe4e None None] Creating instance of CountableResource for resource:rbac_policy
Jun 29 05:17:21.186529 np0000183428 devstack@neutron-api.service[103371]: DEBUG neutron.api.extensions [None req-9cf9c8b2-6bf3-44a1-9be8-3faeafbe2fde None None] Extended resource: tags {{(pid=103371) __init__ /opt/stack/neutron/neutron/api/extensions.py:156}}
Jun 29 05:17:21.186600 np0000183428 devstack@neutron-api.service[103374]: WARNING neutron.quota.resource_registry [None req-28f3e42d-0bb9-428b-bae5-c2c8024cfe4e None None] rbac_policy is already registered
Jun 29 05:17:21.187377 np0000183428 devstack@neutron-api.service[103374]: INFO neutron.quota.resource_registry [None req-28f3e42d-0bb9-428b-bae5-c2c8024cfe4e None None] Creating instance of TrackedResource for resource:security_group
Jun 29 05:17:21.187810 np0000183428 devstack@neutron-api.service[103371]: DEBUG neutron.api.extensions [None req-9cf9c8b2-6bf3-44a1-9be8-3faeafbe2fde None None] Extended resource: tags {{(pid=103371) __init__ /opt/stack/neutron/neutron/api/extensions.py:156}}
Jun 29 05:17:21.188149 np0000183428 devstack@neutron-api.service[103374]: WARNING neutron.quota.resource_registry [None req-28f3e42d-0bb9-428b-bae5-c2c8024cfe4e None None] security_group is already registered
Jun 29 05:17:21.188149 np0000183428 devstack@neutron-api.service[103374]: INFO neutron.quota.resource_registry [None req-28f3e42d-0bb9-428b-bae5-c2c8024cfe4e None None] Creating instance of TrackedResource for resource:security_group_rule
Jun 29 05:17:21.188149 np0000183428 devstack@neutron-api.service[103374]: WARNING neutron.quota.resource_registry [None req-28f3e42d-0bb9-428b-bae5-c2c8024cfe4e None None] security_group_rule is already registered
Jun 29 05:17:21.188501 np0000183428 devstack@neutron-api.service[103371]: DEBUG neutron.api.extensions [None req-9cf9c8b2-6bf3-44a1-9be8-3faeafbe2fde None None] Extended resource: tags {{(pid=103371) __init__ /opt/stack/neutron/neutron/api/extensions.py:156}}
Jun 29 05:17:21.188924 np0000183428 devstack@neutron-api.service[103374]: DEBUG neutron.api.v2.resource_helper [None req-28f3e42d-0bb9-428b-bae5-c2c8024cfe4e None None] Service CORE assigned prefix: {{(pid=103374) build_resource_info /opt/stack/neutron/neutron/api/v2/resource_helper.py:77}}
Jun 29 05:17:21.188924 np0000183428 devstack@neutron-api.service[103374]: INFO neutron.quota.resource_registry [None req-28f3e42d-0bb9-428b-bae5-c2c8024cfe4e None None] Creating instance of TrackedResource for resource:subnetpool
Jun 29 05:17:21.188924 np0000183428 devstack@neutron-api.service[103374]: WARNING neutron.quota.resource_registry [None req-28f3e42d-0bb9-428b-bae5-c2c8024cfe4e None None] subnetpool is already registered
Jun 29 05:17:21.189302 np0000183428 devstack@neutron-api.service[103371]: DEBUG neutron.api.extensions [None req-9cf9c8b2-6bf3-44a1-9be8-3faeafbe2fde None None] Extended resource: tags {{(pid=103371) __init__ /opt/stack/neutron/neutron/api/extensions.py:156}}
Jun 29 05:17:21.189674 np0000183428 devstack@neutron-api.service[103374]: DEBUG neutron.api.v2.resource_helper [None req-28f3e42d-0bb9-428b-bae5-c2c8024cfe4e None None] Service CORE assigned prefix: {{(pid=103374) build_resource_info /opt/stack/neutron/neutron/api/v2/resource_helper.py:77}}
Jun 29 05:17:21.189674 np0000183428 devstack@neutron-api.service[103374]: INFO neutron.quota.resource_registry [None req-28f3e42d-0bb9-428b-bae5-c2c8024cfe4e None None] Creating instance of TrackedResource for resource:subnetpool
Jun 29 05:17:21.189674 np0000183428 devstack@neutron-api.service[103374]: WARNING neutron.quota.resource_registry [None req-28f3e42d-0bb9-428b-bae5-c2c8024cfe4e None None] subnetpool is already registered
Jun 29 05:17:21.190083 np0000183428 devstack@neutron-api.service[103374]: DEBUG neutron.api.extensions [None req-28f3e42d-0bb9-428b-bae5-c2c8024cfe4e None None] Extended resource: extensions {{(pid=103374) __init__ /opt/stack/neutron/neutron/api/extensions.py:156}}
Jun 29 05:17:21.190737 np0000183428 devstack@neutron-api.service[103374]: DEBUG neutron.api.extensions [None req-28f3e42d-0bb9-428b-bae5-c2c8024cfe4e None None] Extended resource: address-groups {{(pid=103374) __init__ /opt/stack/neutron/neutron/api/extensions.py:156}}
Jun 29 05:17:21.191330 np0000183428 devstack@neutron-api.service[103374]: DEBUG neutron.api.extensions [None req-28f3e42d-0bb9-428b-bae5-c2c8024cfe4e None None] Extended resource: address-scopes {{(pid=103374) __init__ /opt/stack/neutron/neutron/api/extensions.py:156}}
Jun 29 05:17:21.192265 np0000183428 devstack@neutron-api.service[103374]: DEBUG neutron.api.extensions [None req-28f3e42d-0bb9-428b-bae5-c2c8024cfe4e None None] Extended resource: agents {{(pid=103374) __init__ /opt/stack/neutron/neutron/api/extensions.py:156}}
Jun 29 05:17:21.192825 np0000183428 devstack@neutron-api.service[103374]: DEBUG neutron.api.extensions [None req-28f3e42d-0bb9-428b-bae5-c2c8024cfe4e None None] Extended resource: auto-allocated-topology {{(pid=103374) __init__ /opt/stack/neutron/neutron/api/extensions.py:156}}
Jun 29 05:17:21.193404 np0000183428 devstack@neutron-api.service[103374]: DEBUG neutron.api.extensions [None req-28f3e42d-0bb9-428b-bae5-c2c8024cfe4e None None] Extended resource: availability_zones {{(pid=103374) __init__ /opt/stack/neutron/neutron/api/extensions.py:156}}
Jun 29 05:17:21.193963 np0000183428 devstack@neutron-api.service[103374]: DEBUG neutron.api.extensions [None req-28f3e42d-0bb9-428b-bae5-c2c8024cfe4e None None] Extended resource: dhcp-networks {{(pid=103374) __init__ /opt/stack/neutron/neutron/api/extensions.py:156}}
Jun 29 05:17:21.194624 np0000183428 devstack@neutron-api.service[103374]: DEBUG neutron.api.extensions [None req-28f3e42d-0bb9-428b-bae5-c2c8024cfe4e None None] Extended resource: dhcp-agents {{(pid=103374) __init__ /opt/stack/neutron/neutron/api/extensions.py:156}}
Jun 29 05:17:21.195375 np0000183428 devstack@neutron-api.service[103374]: DEBUG neutron.api.extensions [None req-28f3e42d-0bb9-428b-bae5-c2c8024cfe4e None None] Extended resource: routers {{(pid=103374) __init__ /opt/stack/neutron/neutron/api/extensions.py:156}}
Jun 29 05:17:21.196355 np0000183428 devstack@neutron-api.service[103374]: DEBUG neutron.api.extensions [None req-28f3e42d-0bb9-428b-bae5-c2c8024cfe4e None None] Extended resource: flavors {{(pid=103374) __init__ /opt/stack/neutron/neutron/api/extensions.py:156}}
Jun 29 05:17:21.196744 np0000183428 devstack@neutron-api.service[103374]: DEBUG neutron.api.extensions [None req-28f3e42d-0bb9-428b-bae5-c2c8024cfe4e None None] Extended resource: service_profiles {{(pid=103374) __init__ /opt/stack/neutron/neutron/api/extensions.py:156}}
Jun 29 05:17:21.197261 np0000183428 devstack@neutron-api.service[103374]: DEBUG neutron.api.extensions [None req-28f3e42d-0bb9-428b-bae5-c2c8024cfe4e None None] Extended resource: next_providers {{(pid=103374) __init__ /opt/stack/neutron/neutron/api/extensions.py:156}}
Jun 29 05:17:21.197965 np0000183428 devstack@neutron-api.service[103374]: DEBUG neutron.api.extensions [None req-28f3e42d-0bb9-428b-bae5-c2c8024cfe4e None None] Extended resource: service_profiles {{(pid=103374) __init__ /opt/stack/neutron/neutron/api/extensions.py:156}}
Jun 29 05:17:21.198871 np0000183428 devstack@neutron-api.service[103371]: DEBUG neutron_lib.callbacks.manager [None req-9cf9c8b2-6bf3-44a1-9be8-3faeafbe2fde None None] Publish callbacks ['neutron.plugins.ml2.drivers.ovn.mech_driver.mech_driver.OVNMechanismDriver.pre_fork_initialize-340479'] for process (None), before_spawn {{(pid=103371) _notify_loop /opt/stack/data/venv/lib/python3.12/site-packages/neutron_lib/callbacks/manager.py:184}}
Jun 29 05:17:21.199084 np0000183428 devstack@neutron-api.service[103374]: DEBUG neutron.api.extensions [None req-28f3e42d-0bb9-428b-bae5-c2c8024cfe4e None None] Extended resource: floatingip-pools {{(pid=103374) __init__ /opt/stack/neutron/neutron/api/extensions.py:156}}
Jun 29 05:17:21.199322 np0000183428 devstack@neutron-api.service[103371]: DEBUG oslo_concurrency.processutils [None req-9cf9c8b2-6bf3-44a1-9be8-3faeafbe2fde None None] Running cmd (subprocess): ovsdb-client transact ssl:199.19.213.103:6641 --timeout 180 -p /opt/stack/data/CA/int-ca/private/devstack-cert.key -c /opt/stack/data/CA/int-ca/devstack-cert.crt -C /opt/stack/data/CA/int-ca/ca-chain.pem ["OVN_Northbound", {"op": "wait", "timeout": 0, "table": "Port_Group", "where": [["name", "==", "neutron_pg_drop"]], "until": "==", "rows": []}, {"op": "insert", "table": "ACL", "row": {"action": "drop", "direction": "to-lport", "match": "outport == @neutron_pg_drop && ip", "priority": 1001}, "uuid-name": "droptoport"}, {"op": "insert", "table": "ACL", "row": {"action": "drop", "direction": "from-lport", "match": "inport == @neutron_pg_drop && ip", "priority": 1001}, "uuid-name": "dropfromport"}, {"op": "insert", "table": "Port_Group", "row": {"name": "neutron_pg_drop", "acls": ["set", [["named-uuid", "droptoport"], ["named-uuid", "dropfromport"]]]}}] {{(pid=103371) execute /opt/stack/data/venv/lib/python3.12/site-packages/oslo_concurrency/processutils.py:440}}
Jun 29 05:17:21.199653 np0000183428 devstack@neutron-api.service[103374]: DEBUG neutron.api.extensions [None req-28f3e42d-0bb9-428b-bae5-c2c8024cfe4e None None] Extended resource: routers {{(pid=103374) __init__ /opt/stack/neutron/neutron/api/extensions.py:156}}
Jun 29 05:17:21.200173 np0000183428 devstack@neutron-api.service[103373]: INFO neutron.db.ovn_hash_ring_db [None req-4ebc89b3-c439-42db-bc71-84bab6903892 None None] Nodes from host "np0000183428" and group "mechanism_driver" removed from the Hash Ring created at 2026-06-29 05:17:14+00:00
Jun 29 05:17:21.200549 np0000183428 devstack@neutron-api.service[103374]: DEBUG neutron.api.extensions [None req-28f3e42d-0bb9-428b-bae5-c2c8024cfe4e None None] Extended resource: floatingips {{(pid=103374) __init__ /opt/stack/neutron/neutron/api/extensions.py:156}}
Jun 29 05:17:21.201190 np0000183428 devstack@neutron-api.service[103374]: DEBUG neutron.api.extensions [None req-28f3e42d-0bb9-428b-bae5-c2c8024cfe4e None None] Extended resource: l3-routers {{(pid=103374) __init__ /opt/stack/neutron/neutron/api/extensions.py:156}}
Jun 29 05:17:21.201750 np0000183428 devstack@neutron-api.service[103374]: DEBUG neutron.api.extensions [None req-28f3e42d-0bb9-428b-bae5-c2c8024cfe4e None None] Extended resource: l3-agents {{(pid=103374) __init__ /opt/stack/neutron/neutron/api/extensions.py:156}}
Jun 29 05:17:21.202384 np0000183428 devstack@neutron-api.service[103374]: DEBUG neutron.api.extensions [None req-28f3e42d-0bb9-428b-bae5-c2c8024cfe4e None None] Extended resource: network-ip-availabilities {{(pid=103374) __init__ /opt/stack/neutron/neutron/api/extensions.py:156}}
Jun 29 05:17:21.202795 np0000183428 devstack@neutron-api.service[103373]: INFO neutron.db.ovn_hash_ring_db [None req-4ebc89b3-c439-42db-bc71-84bab6903892 None None] Node 93f49651ee175b5bb591678a4609d854 from host "np0000183428" and group "mechanism_driver" added to the Hash Ring
Jun 29 05:17:21.203028 np0000183428 devstack@neutron-api.service[103374]: DEBUG neutron.api.extensions [None req-28f3e42d-0bb9-428b-bae5-c2c8024cfe4e None None] Extended resource: network-ip-availabilities {{(pid=103374) __init__ /opt/stack/neutron/neutron/api/extensions.py:156}}
Jun 29 05:17:21.203564 np0000183428 devstack@neutron-api.service[103374]: DEBUG neutron.api.extensions [None req-28f3e42d-0bb9-428b-bae5-c2c8024cfe4e None None] Extended resource: bindings {{(pid=103374) __init__ /opt/stack/neutron/neutron/api/extensions.py:156}}
Jun 29 05:17:21.204294 np0000183428 devstack@neutron-api.service[103374]: DEBUG neutron.api.extensions [None req-28f3e42d-0bb9-428b-bae5-c2c8024cfe4e None None] Extended resource: quotas {{(pid=103374) __init__ /opt/stack/neutron/neutron/api/extensions.py:156}}
Jun 29 05:17:21.205068 np0000183428 devstack@neutron-api.service[103374]: DEBUG neutron.api.extensions [None req-28f3e42d-0bb9-428b-bae5-c2c8024cfe4e None None] Extended resource: quotas {{(pid=103374) __init__ /opt/stack/neutron/neutron/api/extensions.py:156}}
Jun 29 05:17:21.205554 np0000183428 devstack@neutron-api.service[103373]: DEBUG neutron.plugins.ml2.drivers.ovn.mech_driver.mech_driver [None req-4ebc89b3-c439-42db-bc71-84bab6903892 None None] Hash Ring setup, this worker has detected 2 OVN hash ring registers in the database {{(pid=103373) _init_hash_ring /opt/stack/neutron/neutron/plugins/ml2/drivers/ovn/mech_driver/mech_driver.py:414}}
Jun 29 05:17:21.205898 np0000183428 devstack@neutron-api.service[103374]: DEBUG neutron.api.extensions [None req-28f3e42d-0bb9-428b-bae5-c2c8024cfe4e None None] Extended resource: rbac-policies {{(pid=103374) __init__ /opt/stack/neutron/neutron/api/extensions.py:156}}
Jun 29 05:17:21.206347 np0000183428 devstack@neutron-api.service[103374]: DEBUG neutron.api.extensions [None req-28f3e42d-0bb9-428b-bae5-c2c8024cfe4e None None] Extended resource: default-security-group-rules {{(pid=103374) __init__ /opt/stack/neutron/neutron/api/extensions.py:156}}
Jun 29 05:17:21.207263 np0000183428 devstack@neutron-api.service[103374]: DEBUG neutron.api.extensions [None req-28f3e42d-0bb9-428b-bae5-c2c8024cfe4e None None] Extended resource: security-groups-default-statefulness {{(pid=103374) __init__ /opt/stack/neutron/neutron/api/extensions.py:156}}
Jun 29 05:17:21.207623 np0000183428 devstack@neutron-api.service[103374]: DEBUG neutron.api.extensions [None req-28f3e42d-0bb9-428b-bae5-c2c8024cfe4e None None] Extended resource: security-groups {{(pid=103374) __init__ /opt/stack/neutron/neutron/api/extensions.py:156}}
Jun 29 05:17:21.208054 np0000183428 devstack@neutron-api.service[103374]: DEBUG neutron.api.extensions [None req-28f3e42d-0bb9-428b-bae5-c2c8024cfe4e None None] Extended resource: security-group-rules {{(pid=103374) __init__ /opt/stack/neutron/neutron/api/extensions.py:156}}
Jun 29 05:17:21.208546 np0000183428 devstack@neutron-api.service[103374]: DEBUG neutron.api.extensions [None req-28f3e42d-0bb9-428b-bae5-c2c8024cfe4e None None] Extended resource: service-providers {{(pid=103374) __init__ /opt/stack/neutron/neutron/api/extensions.py:156}}
Jun 29 05:17:21.209118 np0000183428 devstack@neutron-api.service[103374]: DEBUG neutron.api.extensions [None req-28f3e42d-0bb9-428b-bae5-c2c8024cfe4e None None] Extended resource: subnetpools {{(pid=103374) __init__ /opt/stack/neutron/neutron/api/extensions.py:156}}
Jun 29 05:17:21.209720 np0000183428 devstack@neutron-api.service[103374]: DEBUG neutron.api.extensions [None req-28f3e42d-0bb9-428b-bae5-c2c8024cfe4e None None] Extended resource: subnetpools {{(pid=103374) __init__ /opt/stack/neutron/neutron/api/extensions.py:156}}
Jun 29 05:17:21.210330 np0000183428 devstack@neutron-api.service[103374]: DEBUG neutron.api.extensions [None req-28f3e42d-0bb9-428b-bae5-c2c8024cfe4e None None] Extended resource: tags {{(pid=103374) __init__ /opt/stack/neutron/neutron/api/extensions.py:156}}
Jun 29 05:17:21.211211 np0000183428 devstack@neutron-api.service[103374]: DEBUG neutron.api.extensions [None req-28f3e42d-0bb9-428b-bae5-c2c8024cfe4e None None] Extended resource: tags {{(pid=103374) __init__ /opt/stack/neutron/neutron/api/extensions.py:156}}
Jun 29 05:17:21.212023 np0000183428 devstack@neutron-api.service[103374]: DEBUG neutron.api.extensions [None req-28f3e42d-0bb9-428b-bae5-c2c8024cfe4e None None] Extended resource: tags {{(pid=103374) __init__ /opt/stack/neutron/neutron/api/extensions.py:156}}
Jun 29 05:17:21.212875 np0000183428 devstack@neutron-api.service[103374]: DEBUG neutron.api.extensions [None req-28f3e42d-0bb9-428b-bae5-c2c8024cfe4e None None] Extended resource: tags {{(pid=103374) __init__ /opt/stack/neutron/neutron/api/extensions.py:156}}
Jun 29 05:17:21.213606 np0000183428 devstack@neutron-api.service[103374]: DEBUG neutron.api.extensions [None req-28f3e42d-0bb9-428b-bae5-c2c8024cfe4e None None] Extended resource: tags {{(pid=103374) __init__ /opt/stack/neutron/neutron/api/extensions.py:156}}
Jun 29 05:17:21.213652 np0000183428 devstack@neutron-api.service[103373]: DEBUG neutron.plugins.ml2.drivers.ovn.mech_driver.ovsdb.maintenance [None req-4ebc89b3-c439-42db-bc71-84bab6903892 None None] Periodic task found: HashRingHealthCheckPeriodics.touch_hash_ring_node {{(pid=103373) add_periodics /opt/stack/neutron/neutron/plugins/ml2/drivers/ovn/mech_driver/ovsdb/maintenance.py:146}}
Jun 29 05:17:21.214715 np0000183428 devstack@neutron-api.service[103374]: DEBUG neutron.api.extensions [None req-28f3e42d-0bb9-428b-bae5-c2c8024cfe4e None None] Extended resource: tags {{(pid=103374) __init__ /opt/stack/neutron/neutron/api/extensions.py:156}}
Jun 29 05:17:21.214921 np0000183428 devstack@neutron-api.service[103373]: INFO neutron.plugins.ml2.drivers.ovn.mech_driver.mech_driver [None req-4ebc89b3-c439-42db-bc71-84bab6903892 None None] Hash Ring probing thread for node 93f49651ee175b5bb591678a4609d854 has started
Jun 29 05:17:21.215272 np0000183428 devstack@neutron-api.service[103374]: DEBUG neutron.api.extensions [None req-28f3e42d-0bb9-428b-bae5-c2c8024cfe4e None None] Extended resource: tags {{(pid=103374) __init__ /opt/stack/neutron/neutron/api/extensions.py:156}}
Jun 29 05:17:21.215666 np0000183428 devstack@neutron-api.service[103373]: INFO neutron.plugins.ml2.drivers.ovn.mech_driver.ovsdb.impl_idl_ovn [None req-4ebc89b3-c439-42db-bc71-84bab6903892 None None] Getting OvsdbNbOvnIdl for WorkerService with retry
Jun 29 05:17:21.216109 np0000183428 devstack@neutron-api.service[103374]: DEBUG neutron.api.extensions [None req-28f3e42d-0bb9-428b-bae5-c2c8024cfe4e None None] Extended resource: tags {{(pid=103374) __init__ /opt/stack/neutron/neutron/api/extensions.py:156}}
Jun 29 05:17:21.217575 np0000183428 devstack@neutron-api.service[103374]: DEBUG neutron.api.extensions [None req-28f3e42d-0bb9-428b-bae5-c2c8024cfe4e None None] Extended resource: tags {{(pid=103374) __init__ /opt/stack/neutron/neutron/api/extensions.py:156}}
Jun 29 05:17:21.218364 np0000183428 devstack@neutron-api.service[103374]: DEBUG neutron.api.extensions [None req-28f3e42d-0bb9-428b-bae5-c2c8024cfe4e None None] Extended resource: tags {{(pid=103374) __init__ /opt/stack/neutron/neutron/api/extensions.py:156}}
Jun 29 05:17:21.227775 np0000183428 devstack@neutron-api.service[103374]: DEBUG neutron_lib.callbacks.manager [None req-28f3e42d-0bb9-428b-bae5-c2c8024cfe4e None None] Publish callbacks ['neutron.plugins.ml2.drivers.ovn.mech_driver.mech_driver.OVNMechanismDriver.pre_fork_initialize-349783'] for process (None), before_spawn {{(pid=103374) _notify_loop /opt/stack/data/venv/lib/python3.12/site-packages/neutron_lib/callbacks/manager.py:184}}
Jun 29 05:17:21.228193 np0000183428 devstack@neutron-api.service[103374]: DEBUG oslo_concurrency.processutils [None req-28f3e42d-0bb9-428b-bae5-c2c8024cfe4e None None] Running cmd (subprocess): ovsdb-client transact ssl:199.19.213.103:6641 --timeout 180 -p /opt/stack/data/CA/int-ca/private/devstack-cert.key -c /opt/stack/data/CA/int-ca/devstack-cert.crt -C /opt/stack/data/CA/int-ca/ca-chain.pem ["OVN_Northbound", {"op": "wait", "timeout": 0, "table": "Port_Group", "where": [["name", "==", "neutron_pg_drop"]], "until": "==", "rows": []}, {"op": "insert", "table": "ACL", "row": {"action": "drop", "direction": "to-lport", "match": "outport == @neutron_pg_drop && ip", "priority": 1001}, "uuid-name": "droptoport"}, {"op": "insert", "table": "ACL", "row": {"action": "drop", "direction": "from-lport", "match": "inport == @neutron_pg_drop && ip", "priority": 1001}, "uuid-name": "dropfromport"}, {"op": "insert", "table": "Port_Group", "row": {"name": "neutron_pg_drop", "acls": ["set", [["named-uuid", "droptoport"], ["named-uuid", "dropfromport"]]]}}] {{(pid=103374) execute /opt/stack/data/venv/lib/python3.12/site-packages/oslo_concurrency/processutils.py:440}}
