Jun 18 01:08:32.601211 np0000181739 devstack@n-api-meta.service[112605]: DEBUG nova.api.openstack.wsgi_app [None req-6c9711b0-0281-4c95-9855-d798f4318e48 None None] oslo_messaging_rabbit.amqp_durable_queues = False {{(pid=112605) log_opt_values /opt/stack/data/venv/lib/python3.12/site-packages/oslo_config/cfg.py:3253}}
Jun 18 01:08:32.601343 np0000181739 devstack@n-api-meta.service[112605]: DEBUG nova.api.openstack.wsgi_app [None req-6c9711b0-0281-4c95-9855-d798f4318e48 None None] oslo_messaging_rabbit.conn_pool_min_size = 2 {{(pid=112605) log_opt_values /opt/stack/data/venv/lib/python3.12/site-packages/oslo_config/cfg.py:3253}}
Jun 18 01:08:32.601476 np0000181739 devstack@n-api-meta.service[112605]: DEBUG nova.api.openstack.wsgi_app [None req-6c9711b0-0281-4c95-9855-d798f4318e48 None None] oslo_messaging_rabbit.conn_pool_ttl = 1200 {{(pid=112605) log_opt_values /opt/stack/data/venv/lib/python3.12/site-packages/oslo_config/cfg.py:3253}}
Jun 18 01:08:32.601607 np0000181739 devstack@n-api-meta.service[112605]: DEBUG nova.api.openstack.wsgi_app [None req-6c9711b0-0281-4c95-9855-d798f4318e48 None None] oslo_messaging_rabbit.direct_mandatory_flag = True {{(pid=112605) log_opt_values /opt/stack/data/venv/lib/python3.12/site-packages/oslo_config/cfg.py:3253}}
Jun 18 01:08:32.601849 np0000181739 devstack@n-api-meta.service[112605]: DEBUG nova.api.openstack.wsgi_app [None req-6c9711b0-0281-4c95-9855-d798f4318e48 None None] oslo_messaging_rabbit.enable_cancel_on_failover = False {{(pid=112605) log_opt_values /opt/stack/data/venv/lib/python3.12/site-packages/oslo_config/cfg.py:3253}}
Jun 18 01:08:32.601893 np0000181739 devstack@n-api-meta.service[112605]: DEBUG nova.api.openstack.wsgi_app [None req-6c9711b0-0281-4c95-9855-d798f4318e48 None None] oslo_messaging_rabbit.heartbeat_rate = 3 {{(pid=112605) log_opt_values /opt/stack/data/venv/lib/python3.12/site-packages/oslo_config/cfg.py:3253}}
Jun 18 01:08:32.602033 np0000181739 devstack@n-api-meta.service[112605]: DEBUG nova.api.openstack.wsgi_app [None req-6c9711b0-0281-4c95-9855-d798f4318e48 None None] oslo_messaging_rabbit.heartbeat_timeout_threshold = 60 {{(pid=112605) log_opt_values /opt/stack/data/venv/lib/python3.12/site-packages/oslo_config/cfg.py:3253}}
Jun 18 01:08:32.602218 np0000181739 devstack@n-api-meta.service[112605]: DEBUG nova.api.openstack.wsgi_app [None req-6c9711b0-0281-4c95-9855-d798f4318e48 None None] oslo_messaging_rabbit.hostname = np0000181739 {{(pid=112605) log_opt_values /opt/stack/data/venv/lib/python3.12/site-packages/oslo_config/cfg.py:3253}}
Jun 18 01:08:32.602284 np0000181739 devstack@n-api-meta.service[112605]: DEBUG nova.api.openstack.wsgi_app [None req-6c9711b0-0281-4c95-9855-d798f4318e48 None None] oslo_messaging_rabbit.kombu_compression = None {{(pid=112605) log_opt_values /opt/stack/data/venv/lib/python3.12/site-packages/oslo_config/cfg.py:3253}}
Jun 18 01:08:32.602420 np0000181739 devstack@n-api-meta.service[112605]: DEBUG nova.api.openstack.wsgi_app [None req-6c9711b0-0281-4c95-9855-d798f4318e48 None None] oslo_messaging_rabbit.kombu_failover_strategy = round-robin {{(pid=112605) log_opt_values /opt/stack/data/venv/lib/python3.12/site-packages/oslo_config/cfg.py:3253}}
Jun 18 01:08:32.602552 np0000181739 devstack@n-api-meta.service[112605]: DEBUG nova.api.openstack.wsgi_app [None req-6c9711b0-0281-4c95-9855-d798f4318e48 None None] oslo_messaging_rabbit.kombu_missing_consumer_retry_timeout = 60 {{(pid=112605) log_opt_values /opt/stack/data/venv/lib/python3.12/site-packages/oslo_config/cfg.py:3253}}
Jun 18 01:08:32.602688 np0000181739 devstack@n-api-meta.service[112605]: DEBUG nova.api.openstack.wsgi_app [None req-6c9711b0-0281-4c95-9855-d798f4318e48 None None] oslo_messaging_rabbit.kombu_reconnect_delay = 1.0 {{(pid=112605) log_opt_values /opt/stack/data/venv/lib/python3.12/site-packages/oslo_config/cfg.py:3253}}
Jun 18 01:08:32.602819 np0000181739 devstack@n-api-meta.service[112605]: DEBUG nova.api.openstack.wsgi_app [None req-6c9711b0-0281-4c95-9855-d798f4318e48 None None] oslo_messaging_rabbit.kombu_reconnect_splay = 0.0 {{(pid=112605) log_opt_values /opt/stack/data/venv/lib/python3.12/site-packages/oslo_config/cfg.py:3253}}
Jun 18 01:08:32.603012 np0000181739 devstack@n-api-meta.service[112605]: DEBUG nova.api.openstack.wsgi_app [None req-6c9711b0-0281-4c95-9855-d798f4318e48 None None] oslo_messaging_rabbit.processname = uwsgi {{(pid=112605) log_opt_values /opt/stack/data/venv/lib/python3.12/site-packages/oslo_config/cfg.py:3253}}
Jun 18 01:08:32.603137 np0000181739 devstack@n-api-meta.service[112605]: DEBUG nova.api.openstack.wsgi_app [None req-6c9711b0-0281-4c95-9855-d798f4318e48 None None] oslo_messaging_rabbit.rabbit_ha_queues = False {{(pid=112605) log_opt_values /opt/stack/data/venv/lib/python3.12/site-packages/oslo_config/cfg.py:3253}}
Jun 18 01:08:32.603265 np0000181739 devstack@n-api-meta.service[112605]: DEBUG nova.api.openstack.wsgi_app [None req-6c9711b0-0281-4c95-9855-d798f4318e48 None None] oslo_messaging_rabbit.rabbit_interval_max = 30 {{(pid=112605) log_opt_values /opt/stack/data/venv/lib/python3.12/site-packages/oslo_config/cfg.py:3253}}
Jun 18 01:08:32.603402 np0000181739 devstack@n-api-meta.service[112605]: DEBUG nova.api.openstack.wsgi_app [None req-6c9711b0-0281-4c95-9855-d798f4318e48 None None] oslo_messaging_rabbit.rabbit_login_method = AMQPLAIN {{(pid=112605) log_opt_values /opt/stack/data/venv/lib/python3.12/site-packages/oslo_config/cfg.py:3253}}
Jun 18 01:08:32.603532 np0000181739 devstack@n-api-meta.service[112605]: DEBUG nova.api.openstack.wsgi_app [None req-6c9711b0-0281-4c95-9855-d798f4318e48 None None] oslo_messaging_rabbit.rabbit_qos_prefetch_count = 0 {{(pid=112605) log_opt_values /opt/stack/data/venv/lib/python3.12/site-packages/oslo_config/cfg.py:3253}}
Jun 18 01:08:32.603661 np0000181739 devstack@n-api-meta.service[112605]: DEBUG nova.api.openstack.wsgi_app [None req-6c9711b0-0281-4c95-9855-d798f4318e48 None None] oslo_messaging_rabbit.rabbit_quorum_delivery_limit = 0 {{(pid=112605) log_opt_values /opt/stack/data/venv/lib/python3.12/site-packages/oslo_config/cfg.py:3253}}
Jun 18 01:08:32.603790 np0000181739 devstack@n-api-meta.service[112605]: DEBUG nova.api.openstack.wsgi_app [None req-6c9711b0-0281-4c95-9855-d798f4318e48 None None] oslo_messaging_rabbit.rabbit_quorum_max_memory_bytes = 0 {{(pid=112605) log_opt_values /opt/stack/data/venv/lib/python3.12/site-packages/oslo_config/cfg.py:3253}}
Jun 18 01:08:32.603940 np0000181739 devstack@n-api-meta.service[112605]: DEBUG nova.api.openstack.wsgi_app [None req-6c9711b0-0281-4c95-9855-d798f4318e48 None None] oslo_messaging_rabbit.rabbit_quorum_max_memory_length = 0 {{(pid=112605) log_opt_values /opt/stack/data/venv/lib/python3.12/site-packages/oslo_config/cfg.py:3253}}
Jun 18 01:08:32.604069 np0000181739 devstack@n-api-meta.service[112605]: DEBUG nova.api.openstack.wsgi_app [None req-6c9711b0-0281-4c95-9855-d798f4318e48 None None] oslo_messaging_rabbit.rabbit_quorum_queue = False {{(pid=112605) log_opt_values /opt/stack/data/venv/lib/python3.12/site-packages/oslo_config/cfg.py:3253}}
Jun 18 01:08:32.604199 np0000181739 devstack@n-api-meta.service[112605]: DEBUG nova.api.openstack.wsgi_app [None req-6c9711b0-0281-4c95-9855-d798f4318e48 None None] oslo_messaging_rabbit.rabbit_retry_backoff = 2 {{(pid=112605) log_opt_values /opt/stack/data/venv/lib/python3.12/site-packages/oslo_config/cfg.py:3253}}
Jun 18 01:08:32.604328 np0000181739 devstack@n-api-meta.service[112605]: DEBUG nova.api.openstack.wsgi_app [None req-6c9711b0-0281-4c95-9855-d798f4318e48 None None] oslo_messaging_rabbit.rabbit_retry_interval = 1 {{(pid=112605) log_opt_values /opt/stack/data/venv/lib/python3.12/site-packages/oslo_config/cfg.py:3253}}
Jun 18 01:08:32.604455 np0000181739 devstack@n-api-meta.service[112605]: DEBUG nova.api.openstack.wsgi_app [None req-6c9711b0-0281-4c95-9855-d798f4318e48 None None] oslo_messaging_rabbit.rabbit_stream_fanout = False {{(pid=112605) log_opt_values /opt/stack/data/venv/lib/python3.12/site-packages/oslo_config/cfg.py:3253}}
Jun 18 01:08:32.604583 np0000181739 devstack@n-api-meta.service[112605]: DEBUG nova.api.openstack.wsgi_app [None req-6c9711b0-0281-4c95-9855-d798f4318e48 None None] oslo_messaging_rabbit.rabbit_transient_queues_ttl = 1800 {{(pid=112605) log_opt_values /opt/stack/data/venv/lib/python3.12/site-packages/oslo_config/cfg.py:3253}}
Jun 18 01:08:32.604711 np0000181739 devstack@n-api-meta.service[112605]: DEBUG nova.api.openstack.wsgi_app [None req-6c9711b0-0281-4c95-9855-d798f4318e48 None None] oslo_messaging_rabbit.rabbit_transient_quorum_queue = False {{(pid=112605) log_opt_values /opt/stack/data/venv/lib/python3.12/site-packages/oslo_config/cfg.py:3253}}
Jun 18 01:08:32.604843 np0000181739 devstack@n-api-meta.service[112605]: DEBUG nova.api.openstack.wsgi_app [None req-6c9711b0-0281-4c95-9855-d798f4318e48 None None] oslo_messaging_rabbit.rpc_conn_pool_size = 30 {{(pid=112605) log_opt_values /opt/stack/data/venv/lib/python3.12/site-packages/oslo_config/cfg.py:3253}}
Jun 18 01:08:32.604997 np0000181739 devstack@n-api-meta.service[112605]: DEBUG nova.api.openstack.wsgi_app [None req-6c9711b0-0281-4c95-9855-d798f4318e48 None None] oslo_messaging_rabbit.ssl = False {{(pid=112605) log_opt_values /opt/stack/data/venv/lib/python3.12/site-packages/oslo_config/cfg.py:3253}}
Jun 18 01:08:32.605134 np0000181739 devstack@n-api-meta.service[112605]: DEBUG nova.api.openstack.wsgi_app [None req-6c9711b0-0281-4c95-9855-d798f4318e48 None None] oslo_messaging_rabbit.ssl_ca_file = {{(pid=112605) log_opt_values /opt/stack/data/venv/lib/python3.12/site-packages/oslo_config/cfg.py:3253}}
Jun 18 01:08:32.605271 np0000181739 devstack@n-api-meta.service[112605]: DEBUG nova.api.openstack.wsgi_app [None req-6c9711b0-0281-4c95-9855-d798f4318e48 None None] oslo_messaging_rabbit.ssl_cert_file = {{(pid=112605) log_opt_values /opt/stack/data/venv/lib/python3.12/site-packages/oslo_config/cfg.py:3253}}
Jun 18 01:08:32.605402 np0000181739 devstack@n-api-meta.service[112605]: DEBUG nova.api.openstack.wsgi_app [None req-6c9711b0-0281-4c95-9855-d798f4318e48 None None] oslo_messaging_rabbit.ssl_enforce_fips_mode = False {{(pid=112605) log_opt_values /opt/stack/data/venv/lib/python3.12/site-packages/oslo_config/cfg.py:3253}}
Jun 18 01:08:32.605530 np0000181739 devstack@n-api-meta.service[112605]: DEBUG nova.api.openstack.wsgi_app [None req-6c9711b0-0281-4c95-9855-d798f4318e48 None None] oslo_messaging_rabbit.ssl_enforce_hostname_verification = True {{(pid=112605) log_opt_values /opt/stack/data/venv/lib/python3.12/site-packages/oslo_config/cfg.py:3253}}
Jun 18 01:08:32.605668 np0000181739 devstack@n-api-meta.service[112605]: DEBUG nova.api.openstack.wsgi_app [None req-6c9711b0-0281-4c95-9855-d798f4318e48 None None] oslo_messaging_rabbit.ssl_key_file = {{(pid=112605) log_opt_values /opt/stack/data/venv/lib/python3.12/site-packages/oslo_config/cfg.py:3253}}
Jun 18 01:08:32.605801 np0000181739 devstack@n-api-meta.service[112605]: DEBUG nova.api.openstack.wsgi_app [None req-6c9711b0-0281-4c95-9855-d798f4318e48 None None] oslo_messaging_rabbit.ssl_version = {{(pid=112605) log_opt_values /opt/stack/data/venv/lib/python3.12/site-packages/oslo_config/cfg.py:3253}}
Jun 18 01:08:32.605951 np0000181739 devstack@n-api-meta.service[112605]: DEBUG nova.api.openstack.wsgi_app [None req-6c9711b0-0281-4c95-9855-d798f4318e48 None None] oslo_messaging_rabbit.use_queue_manager = False {{(pid=112605) log_opt_values /opt/stack/data/venv/lib/python3.12/site-packages/oslo_config/cfg.py:3253}}
Jun 18 01:08:32.606133 np0000181739 devstack@n-api-meta.service[112605]: DEBUG nova.api.openstack.wsgi_app [None req-6c9711b0-0281-4c95-9855-d798f4318e48 None None] oslo_messaging_notifications.driver = ['messagingv2'] {{(pid=112605) log_opt_values /opt/stack/data/venv/lib/python3.12/site-packages/oslo_config/cfg.py:3253}}
Jun 18 01:08:32.606257 np0000181739 devstack@n-api-meta.service[112605]: DEBUG nova.api.openstack.wsgi_app [None req-6c9711b0-0281-4c95-9855-d798f4318e48 None None] oslo_messaging_notifications.retry = -1 {{(pid=112605) log_opt_values /opt/stack/data/venv/lib/python3.12/site-packages/oslo_config/cfg.py:3253}}
Jun 18 01:08:32.606404 np0000181739 devstack@n-api-meta.service[112605]: DEBUG nova.api.openstack.wsgi_app [None req-6c9711b0-0281-4c95-9855-d798f4318e48 None None] oslo_messaging_notifications.topics = ['notifications'] {{(pid=112605) log_opt_values /opt/stack/data/venv/lib/python3.12/site-packages/oslo_config/cfg.py:3253}}
Jun 18 01:08:32.606543 np0000181739 devstack@n-api-meta.service[112605]: DEBUG nova.api.openstack.wsgi_app [None req-6c9711b0-0281-4c95-9855-d798f4318e48 None None] oslo_messaging_notifications.transport_url = **** {{(pid=112605) log_opt_values /opt/stack/data/venv/lib/python3.12/site-packages/oslo_config/cfg.py:3253}}
Jun 18 01:08:32.606677 np0000181739 devstack@n-api-meta.service[112605]: DEBUG nova.api.openstack.wsgi_app [None req-6c9711b0-0281-4c95-9855-d798f4318e48 None None] oslo_reports.file_event_handler = None {{(pid=112605) log_opt_values /opt/stack/data/venv/lib/python3.12/site-packages/oslo_config/cfg.py:3253}}
Jun 18 01:08:32.606810 np0000181739 devstack@n-api-meta.service[112605]: DEBUG nova.api.openstack.wsgi_app [None req-6c9711b0-0281-4c95-9855-d798f4318e48 None None] oslo_reports.file_event_handler_interval = 1 {{(pid=112605) log_opt_values /opt/stack/data/venv/lib/python3.12/site-packages/oslo_config/cfg.py:3253}}
Jun 18 01:08:32.606993 np0000181739 devstack@n-api-meta.service[112605]: DEBUG nova.api.openstack.wsgi_app [None req-6c9711b0-0281-4c95-9855-d798f4318e48 None None] oslo_reports.log_dir = None {{(pid=112605) log_opt_values /opt/stack/data/venv/lib/python3.12/site-packages/oslo_config/cfg.py:3253}}
Jun 18 01:08:32.607104 np0000181739 devstack@n-api-meta.service[112605]: DEBUG nova.api.openstack.wsgi_app [None req-6c9711b0-0281-4c95-9855-d798f4318e48 None None] ******************************************************************************** {{(pid=112605) log_opt_values /opt/stack/data/venv/lib/python3.12/site-packages/oslo_config/cfg.py:3260}}
Jun 18 01:08:32.607272 np0000181739 devstack@n-api-meta.service[112605]: WSGI app 0 (mountpoint='') ready in 2 seconds on interpreter 0x75504b0a3668 pid: 112605 (default app)
Jun 18 01:08:42.086023 np0000181739 devstack@n-api-meta.service[112603]: DEBUG dbcounter [-] [112603] Writing DB stats nova_api:SELECT=1 {{(pid=112603) stat_writer /opt/stack/data/venv/lib/python3.12/site-packages/dbcounter.py:115}}
Jun 18 01:08:42.110572 np0000181739 devstack@n-api-meta.service[112602]: DEBUG dbcounter [-] [112602] Writing DB stats nova_api:SELECT=1 {{(pid=112602) stat_writer /opt/stack/data/venv/lib/python3.12/site-packages/dbcounter.py:115}}
Jun 18 01:08:42.122310 np0000181739 devstack@n-api-meta.service[112604]: DEBUG dbcounter [-] [112604] Writing DB stats nova_api:SELECT=1 {{(pid=112604) stat_writer /opt/stack/data/venv/lib/python3.12/site-packages/dbcounter.py:115}}
Jun 18 01:08:42.197589 np0000181739 devstack@n-api-meta.service[112605]: DEBUG dbcounter [-] [112605] Writing DB stats nova_api:SELECT=1 {{(pid=112605) stat_writer /opt/stack/data/venv/lib/python3.12/site-packages/dbcounter.py:115}}
Jun 18 01:08:42.272419 np0000181739 devstack@n-api-meta.service[112603]: DEBUG dbcounter [-] [112603] Writing DB stats nova_cell0:SELECT=1 {{(pid=112603) stat_writer /opt/stack/data/venv/lib/python3.12/site-packages/dbcounter.py:115}}
Jun 18 01:08:42.277797 np0000181739 devstack@n-api-meta.service[112602]: DEBUG dbcounter [-] [112602] Writing DB stats nova_cell0:SELECT=1 {{(pid=112602) stat_writer /opt/stack/data/venv/lib/python3.12/site-packages/dbcounter.py:115}}
Jun 18 01:08:42.280288 np0000181739 devstack@n-api-meta.service[112603]: DEBUG dbcounter [-] [112603] Writing DB stats nova_cell1:SELECT=1 {{(pid=112603) stat_writer /opt/stack/data/venv/lib/python3.12/site-packages/dbcounter.py:115}}
Jun 18 01:08:42.283358 np0000181739 devstack@n-api-meta.service[112602]: DEBUG dbcounter [-] [112602] Writing DB stats nova_cell1:SELECT=1 {{(pid=112602) stat_writer /opt/stack/data/venv/lib/python3.12/site-packages/dbcounter.py:115}}
Jun 18 01:08:42.298504 np0000181739 devstack@n-api-meta.service[112604]: DEBUG dbcounter [-] [112604] Writing DB stats nova_cell1:SELECT=1 {{(pid=112604) stat_writer /opt/stack/data/venv/lib/python3.12/site-packages/dbcounter.py:115}}
Jun 18 01:08:42.305802 np0000181739 devstack@n-api-meta.service[112604]: DEBUG dbcounter [-] [112604] Writing DB stats nova_cell0:SELECT=1 {{(pid=112604) stat_writer /opt/stack/data/venv/lib/python3.12/site-packages/dbcounter.py:115}}
Jun 18 01:08:42.342408 np0000181739 devstack@n-api-meta.service[112603]: DEBUG dbcounter [-] [112603] Writing DB stats nova_cell0:SELECT=2,nova_cell0:INSERT=1 {{(pid=112603) stat_writer /opt/stack/data/venv/lib/python3.12/site-packages/dbcounter.py:115}}
Jun 18 01:08:42.347570 np0000181739 devstack@n-api-meta.service[112602]: DEBUG dbcounter [-] [112602] Writing DB stats nova_cell0:SELECT=2,nova_cell0:INSERT=1 {{(pid=112602) stat_writer /opt/stack/data/venv/lib/python3.12/site-packages/dbcounter.py:115}}
Jun 18 01:08:42.361100 np0000181739 devstack@n-api-meta.service[112604]: DEBUG dbcounter [-] [112604] Writing DB stats nova_cell0:SELECT=1 {{(pid=112604) stat_writer /opt/stack/data/venv/lib/python3.12/site-packages/dbcounter.py:115}}
Jun 18 01:08:42.392589 np0000181739 devstack@n-api-meta.service[112605]: DEBUG dbcounter [-] [112605] Writing DB stats nova_cell1:SELECT=1 {{(pid=112605) stat_writer /opt/stack/data/venv/lib/python3.12/site-packages/dbcounter.py:115}}
Jun 18 01:08:42.394882 np0000181739 devstack@n-api-meta.service[112605]: DEBUG dbcounter [-] [112605] Writing DB stats nova_cell0:SELECT=1 {{(pid=112605) stat_writer /opt/stack/data/venv/lib/python3.12/site-packages/dbcounter.py:115}}
Jun 18 01:08:42.452712 np0000181739 devstack@n-api-meta.service[112605]: DEBUG dbcounter [-] [112605] Writing DB stats nova_cell0:SELECT=1 {{(pid=112605) stat_writer /opt/stack/data/venv/lib/python3.12/site-packages/dbcounter.py:115}}
Jun 18 01:14:04.579529 np0000181739 devstack@n-api-meta.service[112603]: DEBUG nova.api.metadata.handler [None req-8b5dccd2-e775-4835-a593-812f68b50646 None None] Metadata request headers: {'Host': '199.19.213.86:8775', 'User-Agent': 'python-requests/2.34.2', 'Accept-Encoding': 'gzip, deflate', 'Accept': '*/*', 'Connection': 'keep-alive', 'X-Forwarded-For': '192.168.24.242', 'X-Instance-Id': 'e6d075cf-7921-4d59-8e61-cf144130738b', 'X-Tenant-Id': '7c954c3ea00c4e2ab00d4dcacb7f4809', 'X-Instance-Id-Signature': '7a0d03c0c024b0ab289aad13cd7a62e97b4cc262160e0424d0f03f4a69186d02'} {{(pid=112603) __call__ /opt/stack/nova/nova/api/metadata/handler.py:109}}
Jun 18 01:14:04.593701 np0000181739 devstack@n-api-meta.service[112603]: DEBUG oslo_concurrency.lockutils [None req-08af33a4-bebf-4cf4-ab2a-d8eddbe210f3 None None] Acquiring lock "9c6ce699-d4c6-4f53-99d9-8fb2c5422c44" by "nova.context.set_target_cell..get_or_set_cached_cell_and_set_connections" {{(pid=112603) inner /opt/stack/data/venv/lib/python3.12/site-packages/oslo_concurrency/lockutils.py:511}}
Jun 18 01:14:04.593701 np0000181739 devstack@n-api-meta.service[112603]: DEBUG oslo_concurrency.lockutils [None req-08af33a4-bebf-4cf4-ab2a-d8eddbe210f3 None None] Lock "9c6ce699-d4c6-4f53-99d9-8fb2c5422c44" acquired by "nova.context.set_target_cell..get_or_set_cached_cell_and_set_connections" :: waited 0.000s {{(pid=112603) inner /opt/stack/data/venv/lib/python3.12/site-packages/oslo_concurrency/lockutils.py:524}}
Jun 18 01:14:04.594298 np0000181739 devstack@n-api-meta.service[112603]: DEBUG oslo_concurrency.lockutils [None req-08af33a4-bebf-4cf4-ab2a-d8eddbe210f3 None None] Lock "9c6ce699-d4c6-4f53-99d9-8fb2c5422c44" "released" by "nova.context.set_target_cell..get_or_set_cached_cell_and_set_connections" :: held 0.000s {{(pid=112603) inner /opt/stack/data/venv/lib/python3.12/site-packages/oslo_concurrency/lockutils.py:543}}
Jun 18 01:14:04.672881 np0000181739 devstack@n-api-meta.service[112603]: WARNING neutronclient.v2_0.client [None req-08af33a4-bebf-4cf4-ab2a-d8eddbe210f3 None None] The python binding code in neutronclient is deprecated in favor of OpenstackSDK, please use that as this will be removed in a future release.
Jun 18 01:14:05.141660 np0000181739 devstack@n-api-meta.service[112603]: [pid: 112603|app: 0|req: 1/1] 199.19.213.86 () {40 vars in 641 bytes} [Thu Jun 18 01:14:04 2026] GET /openstack => generated 116 bytes in 563 msecs (HTTP/1.1 200) 3 headers in 100 bytes (1 switches on core 0)
Jun 18 01:14:05.155150 np0000181739 devstack@n-api-meta.service[112604]: DEBUG nova.api.metadata.handler [None req-15d75bcd-8aad-474b-935c-4af43f783952 None None] Metadata request headers: {'Host': '199.19.213.86:8775', 'User-Agent': 'python-requests/2.34.2', 'Accept-Encoding': 'gzip, deflate', 'Accept': '*/*', 'Connection': 'keep-alive', 'X-Forwarded-For': '192.168.24.242', 'X-Instance-Id': 'e6d075cf-7921-4d59-8e61-cf144130738b', 'X-Tenant-Id': '7c954c3ea00c4e2ab00d4dcacb7f4809', 'X-Instance-Id-Signature': '7a0d03c0c024b0ab289aad13cd7a62e97b4cc262160e0424d0f03f4a69186d02'} {{(pid=112604) __call__ /opt/stack/nova/nova/api/metadata/handler.py:109}}
Jun 18 01:14:05.160415 np0000181739 devstack@n-api-meta.service[112604]: DEBUG nova.api.metadata.handler [None req-15d75bcd-8aad-474b-935c-4af43f783952 None None] Using cached metadata for instance e6d075cf-7921-4d59-8e61-cf144130738b {{(pid=112604) get_metadata_by_instance_id /opt/stack/nova/nova/api/metadata/handler.py:84}}
Jun 18 01:14:05.160981 np0000181739 devstack@n-api-meta.service[112604]: [pid: 112604|app: 0|req: 1/2] 199.19.213.86 () {40 vars in 641 bytes} [Thu Jun 18 01:14:05 2026] GET /openstack => generated 116 bytes in 7 msecs (HTTP/1.1 200) 3 headers in 100 bytes (1 switches on core 0)
Jun 18 01:14:05.179040 np0000181739 devstack@n-api-meta.service[112602]: DEBUG nova.api.metadata.handler [None req-b5dd427d-1072-4625-9f95-6dcb1dcf0238 None None] Metadata request headers: {'Host': '199.19.213.86:8775', 'User-Agent': 'python-requests/2.34.2', 'Accept-Encoding': 'gzip, deflate', 'Accept': '*/*', 'Connection': 'keep-alive', 'X-Forwarded-For': '192.168.24.242', 'X-Instance-Id': 'e6d075cf-7921-4d59-8e61-cf144130738b', 'X-Tenant-Id': '7c954c3ea00c4e2ab00d4dcacb7f4809', 'X-Instance-Id-Signature': '7a0d03c0c024b0ab289aad13cd7a62e97b4cc262160e0424d0f03f4a69186d02'} {{(pid=112602) __call__ /opt/stack/nova/nova/api/metadata/handler.py:109}}
Jun 18 01:14:05.183555 np0000181739 devstack@n-api-meta.service[112602]: DEBUG nova.api.metadata.handler [None req-b5dd427d-1072-4625-9f95-6dcb1dcf0238 None None] Using cached metadata for instance e6d075cf-7921-4d59-8e61-cf144130738b {{(pid=112602) get_metadata_by_instance_id /opt/stack/nova/nova/api/metadata/handler.py:84}}
Jun 18 01:14:05.184233 np0000181739 devstack@n-api-meta.service[112602]: [pid: 112602|app: 0|req: 1/3] 199.19.213.86 () {40 vars in 693 bytes} [Thu Jun 18 01:14:05 2026] GET /openstack/2018-08-27/meta_data.json => generated 946 bytes in 7 msecs (HTTP/1.1 200) 3 headers in 91 bytes (1 switches on core 0)
Jun 18 01:14:05.196318 np0000181739 devstack@n-api-meta.service[112605]: DEBUG nova.api.metadata.handler [None req-6c9711b0-0281-4c95-9855-d798f4318e48 None None] Metadata request headers: {'Host': '199.19.213.86:8775', 'User-Agent': 'python-requests/2.34.2', 'Accept-Encoding': 'gzip, deflate', 'Accept': '*/*', 'Connection': 'keep-alive', 'X-Forwarded-For': '192.168.24.242', 'X-Instance-Id': 'e6d075cf-7921-4d59-8e61-cf144130738b', 'X-Tenant-Id': '7c954c3ea00c4e2ab00d4dcacb7f4809', 'X-Instance-Id-Signature': '7a0d03c0c024b0ab289aad13cd7a62e97b4cc262160e0424d0f03f4a69186d02'} {{(pid=112605) __call__ /opt/stack/nova/nova/api/metadata/handler.py:109}}
Jun 18 01:14:05.200702 np0000181739 devstack@n-api-meta.service[112605]: DEBUG nova.api.metadata.handler [None req-6c9711b0-0281-4c95-9855-d798f4318e48 None None] Using cached metadata for instance e6d075cf-7921-4d59-8e61-cf144130738b {{(pid=112605) get_metadata_by_instance_id /opt/stack/nova/nova/api/metadata/handler.py:84}}
Jun 18 01:14:05.201196 np0000181739 devstack@n-api-meta.service[112605]: [pid: 112605|app: 0|req: 1/4] 199.19.213.86 () {40 vars in 683 bytes} [Thu Jun 18 01:14:05 2026] GET /openstack/2018-08-27/user_data => generated 26373 bytes in 9 msecs (HTTP/1.1 200) 3 headers in 102 bytes (1 switches on core 0)
Jun 18 01:14:05.213001 np0000181739 devstack@n-api-meta.service[112603]: DEBUG nova.api.metadata.handler [None req-08af33a4-bebf-4cf4-ab2a-d8eddbe210f3 None None] Metadata request headers: {'Host': '199.19.213.86:8775', 'User-Agent': 'python-requests/2.34.2', 'Accept-Encoding': 'gzip, deflate', 'Accept': '*/*', 'Connection': 'keep-alive', 'X-Forwarded-For': '192.168.24.242', 'X-Instance-Id': 'e6d075cf-7921-4d59-8e61-cf144130738b', 'X-Tenant-Id': '7c954c3ea00c4e2ab00d4dcacb7f4809', 'X-Instance-Id-Signature': '7a0d03c0c024b0ab289aad13cd7a62e97b4cc262160e0424d0f03f4a69186d02'} {{(pid=112603) __call__ /opt/stack/nova/nova/api/metadata/handler.py:109}}
Jun 18 01:14:05.214991 np0000181739 devstack@n-api-meta.service[112603]: DEBUG nova.api.metadata.handler [None req-08af33a4-bebf-4cf4-ab2a-d8eddbe210f3 None None] Using cached metadata for instance e6d075cf-7921-4d59-8e61-cf144130738b {{(pid=112603) get_metadata_by_instance_id /opt/stack/nova/nova/api/metadata/handler.py:84}}
Jun 18 01:14:05.215445 np0000181739 devstack@n-api-meta.service[112603]: [pid: 112603|app: 0|req: 2/5] 199.19.213.86 () {40 vars in 697 bytes} [Thu Jun 18 01:14:05 2026] GET /openstack/2018-08-27/vendor_data.json => generated 2 bytes in 3 msecs (HTTP/1.1 200) 3 headers in 89 bytes (1 switches on core 0)
Jun 18 01:14:05.221668 np0000181739 devstack@n-api-meta.service[112604]: DEBUG nova.api.metadata.handler [None req-15d75bcd-8aad-474b-935c-4af43f783952 None None] Metadata request headers: {'Host': '199.19.213.86:8775', 'User-Agent': 'python-requests/2.34.2', 'Accept-Encoding': 'gzip, deflate', 'Accept': '*/*', 'Connection': 'keep-alive', 'X-Forwarded-For': '192.168.24.242', 'X-Instance-Id': 'e6d075cf-7921-4d59-8e61-cf144130738b', 'X-Tenant-Id': '7c954c3ea00c4e2ab00d4dcacb7f4809', 'X-Instance-Id-Signature': '7a0d03c0c024b0ab289aad13cd7a62e97b4cc262160e0424d0f03f4a69186d02'} {{(pid=112604) __call__ /opt/stack/nova/nova/api/metadata/handler.py:109}}
Jun 18 01:14:05.223759 np0000181739 devstack@n-api-meta.service[112604]: DEBUG nova.api.metadata.handler [None req-15d75bcd-8aad-474b-935c-4af43f783952 None None] Using cached metadata for instance e6d075cf-7921-4d59-8e61-cf144130738b {{(pid=112604) get_metadata_by_instance_id /opt/stack/nova/nova/api/metadata/handler.py:84}}
Jun 18 01:14:05.224431 np0000181739 devstack@n-api-meta.service[112604]: [pid: 112604|app: 0|req: 2/6] 199.19.213.86 () {40 vars in 699 bytes} [Thu Jun 18 01:14:05 2026] GET /openstack/2018-08-27/vendor_data2.json => generated 14 bytes in 3 msecs (HTTP/1.1 200) 3 headers in 90 bytes (1 switches on core 0)
Jun 18 01:14:05.232285 np0000181739 devstack@n-api-meta.service[112602]: DEBUG nova.api.metadata.handler [None req-b5dd427d-1072-4625-9f95-6dcb1dcf0238 None None] Metadata request headers: {'Host': '199.19.213.86:8775', 'User-Agent': 'python-requests/2.34.2', 'Accept-Encoding': 'gzip, deflate', 'Accept': '*/*', 'Connection': 'keep-alive', 'X-Forwarded-For': '192.168.24.242', 'X-Instance-Id': 'e6d075cf-7921-4d59-8e61-cf144130738b', 'X-Tenant-Id': '7c954c3ea00c4e2ab00d4dcacb7f4809', 'X-Instance-Id-Signature': '7a0d03c0c024b0ab289aad13cd7a62e97b4cc262160e0424d0f03f4a69186d02'} {{(pid=112602) __call__ /opt/stack/nova/nova/api/metadata/handler.py:109}}
Jun 18 01:14:05.235285 np0000181739 devstack@n-api-meta.service[112602]: DEBUG nova.api.metadata.handler [None req-b5dd427d-1072-4625-9f95-6dcb1dcf0238 None None] Using cached metadata for instance e6d075cf-7921-4d59-8e61-cf144130738b {{(pid=112602) get_metadata_by_instance_id /opt/stack/nova/nova/api/metadata/handler.py:84}}
Jun 18 01:14:05.235965 np0000181739 devstack@n-api-meta.service[112602]: [pid: 112602|app: 0|req: 2/7] 199.19.213.86 () {40 vars in 699 bytes} [Thu Jun 18 01:14:05 2026] GET /openstack/2018-08-27/network_data.json => generated 348 bytes in 4 msecs (HTTP/1.1 200) 3 headers in 100 bytes (1 switches on core 0)
Jun 18 01:14:05.244850 np0000181739 devstack@n-api-meta.service[112605]: DEBUG nova.api.metadata.handler [None req-6c9711b0-0281-4c95-9855-d798f4318e48 None None] Metadata request headers: {'Host': '199.19.213.86:8775', 'User-Agent': 'python-requests/2.34.2', 'Accept-Encoding': 'gzip, deflate', 'Accept': '*/*', 'Connection': 'keep-alive', 'X-Forwarded-For': '192.168.24.242', 'X-Instance-Id': 'e6d075cf-7921-4d59-8e61-cf144130738b', 'X-Tenant-Id': '7c954c3ea00c4e2ab00d4dcacb7f4809', 'X-Instance-Id-Signature': '7a0d03c0c024b0ab289aad13cd7a62e97b4cc262160e0424d0f03f4a69186d02'} {{(pid=112605) __call__ /opt/stack/nova/nova/api/metadata/handler.py:109}}
Jun 18 01:14:05.248231 np0000181739 devstack@n-api-meta.service[112605]: DEBUG nova.api.metadata.handler [None req-6c9711b0-0281-4c95-9855-d798f4318e48 None None] Using cached metadata for instance e6d075cf-7921-4d59-8e61-cf144130738b {{(pid=112605) get_metadata_by_instance_id /opt/stack/nova/nova/api/metadata/handler.py:84}}
Jun 18 01:14:05.249479 np0000181739 devstack@n-api-meta.service[112605]: [pid: 112605|app: 0|req: 2/8] 199.19.213.86 () {40 vars in 657 bytes} [Thu Jun 18 01:14:05 2026] GET /latest/meta-data/ => generated 210 bytes in 5 msecs (HTTP/1.1 200) 3 headers in 100 bytes (1 switches on core 0)
Jun 18 01:14:05.256190 np0000181739 devstack@n-api-meta.service[112603]: DEBUG nova.api.metadata.handler [None req-08af33a4-bebf-4cf4-ab2a-d8eddbe210f3 None None] Metadata request headers: {'Host': '199.19.213.86:8775', 'User-Agent': 'python-requests/2.34.2', 'Accept-Encoding': 'gzip, deflate', 'Accept': '*/*', 'Connection': 'keep-alive', 'X-Forwarded-For': '192.168.24.242', 'X-Instance-Id': 'e6d075cf-7921-4d59-8e61-cf144130738b', 'X-Tenant-Id': '7c954c3ea00c4e2ab00d4dcacb7f4809', 'X-Instance-Id-Signature': '7a0d03c0c024b0ab289aad13cd7a62e97b4cc262160e0424d0f03f4a69186d02'} {{(pid=112603) __call__ /opt/stack/nova/nova/api/metadata/handler.py:109}}
Jun 18 01:14:05.258676 np0000181739 devstack@n-api-meta.service[112603]: DEBUG nova.api.metadata.handler [None req-08af33a4-bebf-4cf4-ab2a-d8eddbe210f3 None None] Using cached metadata for instance e6d075cf-7921-4d59-8e61-cf144130738b {{(pid=112603) get_metadata_by_instance_id /opt/stack/nova/nova/api/metadata/handler.py:84}}
Jun 18 01:14:05.259400 np0000181739 devstack@n-api-meta.service[112603]: [pid: 112603|app: 0|req: 3/9] 199.19.213.86 () {40 vars in 699 bytes} [Thu Jun 18 01:14:05 2026] GET /latest/meta-data/block-device-mapping/ => generated 8 bytes in 4 msecs (HTTP/1.1 200) 3 headers in 98 bytes (1 switches on core 0)
Jun 18 01:14:05.268778 np0000181739 devstack@n-api-meta.service[112604]: DEBUG nova.api.metadata.handler [None req-15d75bcd-8aad-474b-935c-4af43f783952 None None] Metadata request headers: {'Host': '199.19.213.86:8775', 'User-Agent': 'python-requests/2.34.2', 'Accept-Encoding': 'gzip, deflate', 'Accept': '*/*', 'Connection': 'keep-alive', 'X-Forwarded-For': '192.168.24.242', 'X-Instance-Id': 'e6d075cf-7921-4d59-8e61-cf144130738b', 'X-Tenant-Id': '7c954c3ea00c4e2ab00d4dcacb7f4809', 'X-Instance-Id-Signature': '7a0d03c0c024b0ab289aad13cd7a62e97b4cc262160e0424d0f03f4a69186d02'} {{(pid=112604) __call__ /opt/stack/nova/nova/api/metadata/handler.py:109}}
Jun 18 01:14:05.271930 np0000181739 devstack@n-api-meta.service[112604]: DEBUG nova.api.metadata.handler [None req-15d75bcd-8aad-474b-935c-4af43f783952 None None] Using cached metadata for instance e6d075cf-7921-4d59-8e61-cf144130738b {{(pid=112604) get_metadata_by_instance_id /opt/stack/nova/nova/api/metadata/handler.py:84}}
Jun 18 01:14:05.272681 np0000181739 devstack@n-api-meta.service[112604]: [pid: 112604|app: 0|req: 3/10] 199.19.213.86 () {40 vars in 705 bytes} [Thu Jun 18 01:14:05 2026] GET /latest/meta-data/block-device-mapping/ami => generated 3 bytes in 5 msecs (HTTP/1.1 200) 3 headers in 98 bytes (1 switches on core 0)
Jun 18 01:14:05.281090 np0000181739 devstack@n-api-meta.service[112602]: DEBUG nova.api.metadata.handler [None req-b5dd427d-1072-4625-9f95-6dcb1dcf0238 None None] Metadata request headers: {'Host': '199.19.213.86:8775', 'User-Agent': 'python-requests/2.34.2', 'Accept-Encoding': 'gzip, deflate', 'Accept': '*/*', 'Connection': 'keep-alive', 'X-Forwarded-For': '192.168.24.242', 'X-Instance-Id': 'e6d075cf-7921-4d59-8e61-cf144130738b', 'X-Tenant-Id': '7c954c3ea00c4e2ab00d4dcacb7f4809', 'X-Instance-Id-Signature': '7a0d03c0c024b0ab289aad13cd7a62e97b4cc262160e0424d0f03f4a69186d02'} {{(pid=112602) __call__ /opt/stack/nova/nova/api/metadata/handler.py:109}}
Jun 18 01:14:05.283521 np0000181739 devstack@n-api-meta.service[112602]: DEBUG nova.api.metadata.handler [None req-b5dd427d-1072-4625-9f95-6dcb1dcf0238 None None] Using cached metadata for instance e6d075cf-7921-4d59-8e61-cf144130738b {{(pid=112602) get_metadata_by_instance_id /opt/stack/nova/nova/api/metadata/handler.py:84}}
Jun 18 01:14:05.284187 np0000181739 devstack@n-api-meta.service[112602]: [pid: 112602|app: 0|req: 3/11] 199.19.213.86 () {40 vars in 707 bytes} [Thu Jun 18 01:14:05 2026] GET /latest/meta-data/block-device-mapping/root => generated 8 bytes in 3 msecs (HTTP/1.1 200) 3 headers in 98 bytes (1 switches on core 0)
Jun 18 01:14:05.295230 np0000181739 devstack@n-api-meta.service[112605]: DEBUG nova.api.metadata.handler [None req-6c9711b0-0281-4c95-9855-d798f4318e48 None None] Metadata request headers: {'Host': '199.19.213.86:8775', 'User-Agent': 'python-requests/2.34.2', 'Accept-Encoding': 'gzip, deflate', 'Accept': '*/*', 'Connection': 'keep-alive', 'X-Forwarded-For': '192.168.24.242', 'X-Instance-Id': 'e6d075cf-7921-4d59-8e61-cf144130738b', 'X-Tenant-Id': '7c954c3ea00c4e2ab00d4dcacb7f4809', 'X-Instance-Id-Signature': '7a0d03c0c024b0ab289aad13cd7a62e97b4cc262160e0424d0f03f4a69186d02'} {{(pid=112605) __call__ /opt/stack/nova/nova/api/metadata/handler.py:109}}
Jun 18 01:14:05.298432 np0000181739 devstack@n-api-meta.service[112605]: DEBUG nova.api.metadata.handler [None req-6c9711b0-0281-4c95-9855-d798f4318e48 None None] Using cached metadata for instance e6d075cf-7921-4d59-8e61-cf144130738b {{(pid=112605) get_metadata_by_instance_id /opt/stack/nova/nova/api/metadata/handler.py:84}}
Jun 18 01:14:05.299218 np0000181739 devstack@n-api-meta.service[112605]: [pid: 112605|app: 0|req: 3/12] 199.19.213.86 () {40 vars in 677 bytes} [Thu Jun 18 01:14:05 2026] GET /latest/meta-data/placement/ => generated 17 bytes in 4 msecs (HTTP/1.1 200) 3 headers in 99 bytes (1 switches on core 0)
Jun 18 01:14:05.311506 np0000181739 devstack@n-api-meta.service[112603]: DEBUG nova.api.metadata.handler [None req-08af33a4-bebf-4cf4-ab2a-d8eddbe210f3 None None] Metadata request headers: {'Host': '199.19.213.86:8775', 'User-Agent': 'python-requests/2.34.2', 'Accept-Encoding': 'gzip, deflate', 'Accept': '*/*', 'Connection': 'keep-alive', 'X-Forwarded-For': '192.168.24.242', 'X-Instance-Id': 'e6d075cf-7921-4d59-8e61-cf144130738b', 'X-Tenant-Id': '7c954c3ea00c4e2ab00d4dcacb7f4809', 'X-Instance-Id-Signature': '7a0d03c0c024b0ab289aad13cd7a62e97b4cc262160e0424d0f03f4a69186d02'} {{(pid=112603) __call__ /opt/stack/nova/nova/api/metadata/handler.py:109}}
Jun 18 01:14:05.314149 np0000181739 devstack@n-api-meta.service[112603]: DEBUG nova.api.metadata.handler [None req-08af33a4-bebf-4cf4-ab2a-d8eddbe210f3 None None] Using cached metadata for instance e6d075cf-7921-4d59-8e61-cf144130738b {{(pid=112603) get_metadata_by_instance_id /opt/stack/nova/nova/api/metadata/handler.py:84}}
Jun 18 01:14:05.314786 np0000181739 devstack@n-api-meta.service[112603]: [pid: 112603|app: 0|req: 4/13] 199.19.213.86 () {40 vars in 711 bytes} [Thu Jun 18 01:14:05 2026] GET /latest/meta-data/placement/availability-zone => generated 4 bytes in 4 msecs (HTTP/1.1 200) 3 headers in 98 bytes (1 switches on core 0)
Jun 18 01:14:05.321109 np0000181739 devstack@n-api-meta.service[112604]: DEBUG nova.api.metadata.handler [None req-15d75bcd-8aad-474b-935c-4af43f783952 None None] Metadata request headers: {'Host': '199.19.213.86:8775', 'User-Agent': 'python-requests/2.34.2', 'Accept-Encoding': 'gzip, deflate', 'Accept': '*/*', 'Connection': 'keep-alive', 'X-Forwarded-For': '192.168.24.242', 'X-Instance-Id': 'e6d075cf-7921-4d59-8e61-cf144130738b', 'X-Tenant-Id': '7c954c3ea00c4e2ab00d4dcacb7f4809', 'X-Instance-Id-Signature': '7a0d03c0c024b0ab289aad13cd7a62e97b4cc262160e0424d0f03f4a69186d02'} {{(pid=112604) __call__ /opt/stack/nova/nova/api/metadata/handler.py:109}}
Jun 18 01:14:05.324026 np0000181739 devstack@n-api-meta.service[112604]: DEBUG nova.api.metadata.handler [None req-15d75bcd-8aad-474b-935c-4af43f783952 None None] Using cached metadata for instance e6d075cf-7921-4d59-8e61-cf144130738b {{(pid=112604) get_metadata_by_instance_id /opt/stack/nova/nova/api/metadata/handler.py:84}}
Jun 18 01:14:05.324875 np0000181739 devstack@n-api-meta.service[112604]: [pid: 112604|app: 0|req: 4/14] 199.19.213.86 () {40 vars in 669 bytes} [Thu Jun 18 01:14:05 2026] GET /latest/meta-data/ami-id => generated 12 bytes in 4 msecs (HTTP/1.1 200) 3 headers in 99 bytes (1 switches on core 0)
Jun 18 01:14:05.332921 np0000181739 devstack@n-api-meta.service[112602]: DEBUG nova.api.metadata.handler [None req-b5dd427d-1072-4625-9f95-6dcb1dcf0238 None None] Metadata request headers: {'Host': '199.19.213.86:8775', 'User-Agent': 'python-requests/2.34.2', 'Accept-Encoding': 'gzip, deflate', 'Accept': '*/*', 'Connection': 'keep-alive', 'X-Forwarded-For': '192.168.24.242', 'X-Instance-Id': 'e6d075cf-7921-4d59-8e61-cf144130738b', 'X-Tenant-Id': '7c954c3ea00c4e2ab00d4dcacb7f4809', 'X-Instance-Id-Signature': '7a0d03c0c024b0ab289aad13cd7a62e97b4cc262160e0424d0f03f4a69186d02'} {{(pid=112602) __call__ /opt/stack/nova/nova/api/metadata/handler.py:109}}
Jun 18 01:14:05.335431 np0000181739 devstack@n-api-meta.service[112602]: DEBUG nova.api.metadata.handler [None req-b5dd427d-1072-4625-9f95-6dcb1dcf0238 None None] Using cached metadata for instance e6d075cf-7921-4d59-8e61-cf144130738b {{(pid=112602) get_metadata_by_instance_id /opt/stack/nova/nova/api/metadata/handler.py:84}}
Jun 18 01:14:05.336128 np0000181739 devstack@n-api-meta.service[112602]: [pid: 112602|app: 0|req: 4/15] 199.19.213.86 () {40 vars in 689 bytes} [Thu Jun 18 01:14:05 2026] GET /latest/meta-data/ami-launch-index => generated 1 bytes in 4 msecs (HTTP/1.1 200) 3 headers in 98 bytes (1 switches on core 0)
Jun 18 01:14:05.344232 np0000181739 devstack@n-api-meta.service[112605]: DEBUG nova.api.metadata.handler [None req-6c9711b0-0281-4c95-9855-d798f4318e48 None None] Metadata request headers: {'Host': '199.19.213.86:8775', 'User-Agent': 'python-requests/2.34.2', 'Accept-Encoding': 'gzip, deflate', 'Accept': '*/*', 'Connection': 'keep-alive', 'X-Forwarded-For': '192.168.24.242', 'X-Instance-Id': 'e6d075cf-7921-4d59-8e61-cf144130738b', 'X-Tenant-Id': '7c954c3ea00c4e2ab00d4dcacb7f4809', 'X-Instance-Id-Signature': '7a0d03c0c024b0ab289aad13cd7a62e97b4cc262160e0424d0f03f4a69186d02'} {{(pid=112605) __call__ /opt/stack/nova/nova/api/metadata/handler.py:109}}
Jun 18 01:14:05.346042 np0000181739 devstack@n-api-meta.service[112605]: DEBUG nova.api.metadata.handler [None req-6c9711b0-0281-4c95-9855-d798f4318e48 None None] Using cached metadata for instance e6d075cf-7921-4d59-8e61-cf144130738b {{(pid=112605) get_metadata_by_instance_id /opt/stack/nova/nova/api/metadata/handler.py:84}}
Jun 18 01:14:05.346465 np0000181739 devstack@n-api-meta.service[112605]: [pid: 112605|app: 0|req: 4/16] 199.19.213.86 () {40 vars in 691 bytes} [Thu Jun 18 01:14:05 2026] GET /latest/meta-data/ami-manifest-path => generated 5 bytes in 2 msecs (HTTP/1.1 200) 3 headers in 98 bytes (1 switches on core 0)
Jun 18 01:14:05.353378 np0000181739 devstack@n-api-meta.service[112603]: DEBUG nova.api.metadata.handler [None req-08af33a4-bebf-4cf4-ab2a-d8eddbe210f3 None None] Metadata request headers: {'Host': '199.19.213.86:8775', 'User-Agent': 'python-requests/2.34.2', 'Accept-Encoding': 'gzip, deflate', 'Accept': '*/*', 'Connection': 'keep-alive', 'X-Forwarded-For': '192.168.24.242', 'X-Instance-Id': 'e6d075cf-7921-4d59-8e61-cf144130738b', 'X-Tenant-Id': '7c954c3ea00c4e2ab00d4dcacb7f4809', 'X-Instance-Id-Signature': '7a0d03c0c024b0ab289aad13cd7a62e97b4cc262160e0424d0f03f4a69186d02'} {{(pid=112603) __call__ /opt/stack/nova/nova/api/metadata/handler.py:109}}
Jun 18 01:14:05.355989 np0000181739 devstack@n-api-meta.service[112603]: DEBUG nova.api.metadata.handler [None req-08af33a4-bebf-4cf4-ab2a-d8eddbe210f3 None None] Using cached metadata for instance e6d075cf-7921-4d59-8e61-cf144130738b {{(pid=112603) get_metadata_by_instance_id /opt/stack/nova/nova/api/metadata/handler.py:84}}
Jun 18 01:14:05.356545 np0000181739 devstack@n-api-meta.service[112603]: [pid: 112603|app: 0|req: 5/17] 199.19.213.86 () {40 vars in 673 bytes} [Thu Jun 18 01:14:05 2026] GET /latest/meta-data/hostname => generated 32 bytes in 3 msecs (HTTP/1.1 200) 3 headers in 99 bytes (1 switches on core 0)
Jun 18 01:14:05.366124 np0000181739 devstack@n-api-meta.service[112604]: DEBUG nova.api.metadata.handler [None req-15d75bcd-8aad-474b-935c-4af43f783952 None None] Metadata request headers: {'Host': '199.19.213.86:8775', 'User-Agent': 'python-requests/2.34.2', 'Accept-Encoding': 'gzip, deflate', 'Accept': '*/*', 'Connection': 'keep-alive', 'X-Forwarded-For': '192.168.24.242', 'X-Instance-Id': 'e6d075cf-7921-4d59-8e61-cf144130738b', 'X-Tenant-Id': '7c954c3ea00c4e2ab00d4dcacb7f4809', 'X-Instance-Id-Signature': '7a0d03c0c024b0ab289aad13cd7a62e97b4cc262160e0424d0f03f4a69186d02'} {{(pid=112604) __call__ /opt/stack/nova/nova/api/metadata/handler.py:109}}
Jun 18 01:14:05.369176 np0000181739 devstack@n-api-meta.service[112604]: DEBUG nova.api.metadata.handler [None req-15d75bcd-8aad-474b-935c-4af43f783952 None None] Using cached metadata for instance e6d075cf-7921-4d59-8e61-cf144130738b {{(pid=112604) get_metadata_by_instance_id /opt/stack/nova/nova/api/metadata/handler.py:84}}
Jun 18 01:14:05.369977 np0000181739 devstack@n-api-meta.service[112604]: [pid: 112604|app: 0|req: 5/18] 199.19.213.86 () {40 vars in 687 bytes} [Thu Jun 18 01:14:05 2026] GET /latest/meta-data/instance-action => generated 4 bytes in 4 msecs (HTTP/1.1 200) 3 headers in 98 bytes (1 switches on core 0)
Jun 18 01:14:05.377670 np0000181739 devstack@n-api-meta.service[112602]: DEBUG nova.api.metadata.handler [None req-b5dd427d-1072-4625-9f95-6dcb1dcf0238 None None] Metadata request headers: {'Host': '199.19.213.86:8775', 'User-Agent': 'python-requests/2.34.2', 'Accept-Encoding': 'gzip, deflate', 'Accept': '*/*', 'Connection': 'keep-alive', 'X-Forwarded-For': '192.168.24.242', 'X-Instance-Id': 'e6d075cf-7921-4d59-8e61-cf144130738b', 'X-Tenant-Id': '7c954c3ea00c4e2ab00d4dcacb7f4809', 'X-Instance-Id-Signature': '7a0d03c0c024b0ab289aad13cd7a62e97b4cc262160e0424d0f03f4a69186d02'} {{(pid=112602) __call__ /opt/stack/nova/nova/api/metadata/handler.py:109}}
Jun 18 01:14:05.380208 np0000181739 devstack@n-api-meta.service[112602]: DEBUG nova.api.metadata.handler [None req-b5dd427d-1072-4625-9f95-6dcb1dcf0238 None None] Using cached metadata for instance e6d075cf-7921-4d59-8e61-cf144130738b {{(pid=112602) get_metadata_by_instance_id /opt/stack/nova/nova/api/metadata/handler.py:84}}
Jun 18 01:14:05.380791 np0000181739 devstack@n-api-meta.service[112602]: [pid: 112602|app: 0|req: 5/19] 199.19.213.86 () {40 vars in 679 bytes} [Thu Jun 18 01:14:05 2026] GET /latest/meta-data/instance-id => generated 10 bytes in 3 msecs (HTTP/1.1 200) 3 headers in 99 bytes (1 switches on core 0)
Jun 18 01:14:05.387156 np0000181739 devstack@n-api-meta.service[112605]: DEBUG nova.api.metadata.handler [None req-6c9711b0-0281-4c95-9855-d798f4318e48 None None] Metadata request headers: {'Host': '199.19.213.86:8775', 'User-Agent': 'python-requests/2.34.2', 'Accept-Encoding': 'gzip, deflate', 'Accept': '*/*', 'Connection': 'keep-alive', 'X-Forwarded-For': '192.168.24.242', 'X-Instance-Id': 'e6d075cf-7921-4d59-8e61-cf144130738b', 'X-Tenant-Id': '7c954c3ea00c4e2ab00d4dcacb7f4809', 'X-Instance-Id-Signature': '7a0d03c0c024b0ab289aad13cd7a62e97b4cc262160e0424d0f03f4a69186d02'} {{(pid=112605) __call__ /opt/stack/nova/nova/api/metadata/handler.py:109}}
Jun 18 01:14:05.388908 np0000181739 devstack@n-api-meta.service[112605]: DEBUG nova.api.metadata.handler [None req-6c9711b0-0281-4c95-9855-d798f4318e48 None None] Using cached metadata for instance e6d075cf-7921-4d59-8e61-cf144130738b {{(pid=112605) get_metadata_by_instance_id /opt/stack/nova/nova/api/metadata/handler.py:84}}
Jun 18 01:14:05.389534 np0000181739 devstack@n-api-meta.service[112605]: [pid: 112605|app: 0|req: 5/20] 199.19.213.86 () {40 vars in 682 bytes} [Thu Jun 18 01:14:05 2026] GET /latest/meta-data/instance-type => generated 8 bytes in 2 msecs (HTTP/1.1 200) 3 headers in 98 bytes (1 switches on core 0)
Jun 18 01:14:05.399457 np0000181739 devstack@n-api-meta.service[112603]: DEBUG nova.api.metadata.handler [None req-08af33a4-bebf-4cf4-ab2a-d8eddbe210f3 None None] Metadata request headers: {'Host': '199.19.213.86:8775', 'User-Agent': 'python-requests/2.34.2', 'Accept-Encoding': 'gzip, deflate', 'Accept': '*/*', 'Connection': 'keep-alive', 'X-Forwarded-For': '192.168.24.242', 'X-Instance-Id': 'e6d075cf-7921-4d59-8e61-cf144130738b', 'X-Tenant-Id': '7c954c3ea00c4e2ab00d4dcacb7f4809', 'X-Instance-Id-Signature': '7a0d03c0c024b0ab289aad13cd7a62e97b4cc262160e0424d0f03f4a69186d02'} {{(pid=112603) __call__ /opt/stack/nova/nova/api/metadata/handler.py:109}}
Jun 18 01:14:05.402101 np0000181739 devstack@n-api-meta.service[112603]: DEBUG nova.api.metadata.handler [None req-08af33a4-bebf-4cf4-ab2a-d8eddbe210f3 None None] Using cached metadata for instance e6d075cf-7921-4d59-8e61-cf144130738b {{(pid=112603) get_metadata_by_instance_id /opt/stack/nova/nova/api/metadata/handler.py:84}}
Jun 18 01:14:05.402646 np0000181739 devstack@n-api-meta.service[112603]: [pid: 112603|app: 0|req: 6/21] 199.19.213.86 () {40 vars in 684 bytes} [Thu Jun 18 01:14:05 2026] GET /latest/meta-data/local-hostname => generated 32 bytes in 3 msecs (HTTP/1.1 200) 3 headers in 99 bytes (1 switches on core 0)
Jun 18 01:14:05.412579 np0000181739 devstack@n-api-meta.service[112604]: DEBUG nova.api.metadata.handler [None req-15d75bcd-8aad-474b-935c-4af43f783952 None None] Metadata request headers: {'Host': '199.19.213.86:8775', 'User-Agent': 'python-requests/2.34.2', 'Accept-Encoding': 'gzip, deflate', 'Accept': '*/*', 'Connection': 'keep-alive', 'X-Forwarded-For': '192.168.24.242', 'X-Instance-Id': 'e6d075cf-7921-4d59-8e61-cf144130738b', 'X-Tenant-Id': '7c954c3ea00c4e2ab00d4dcacb7f4809', 'X-Instance-Id-Signature': '7a0d03c0c024b0ab289aad13cd7a62e97b4cc262160e0424d0f03f4a69186d02'} {{(pid=112604) __call__ /opt/stack/nova/nova/api/metadata/handler.py:109}}
Jun 18 01:14:05.415479 np0000181739 devstack@n-api-meta.service[112604]: DEBUG nova.api.metadata.handler [None req-15d75bcd-8aad-474b-935c-4af43f783952 None None] Using cached metadata for instance e6d075cf-7921-4d59-8e61-cf144130738b {{(pid=112604) get_metadata_by_instance_id /opt/stack/nova/nova/api/metadata/handler.py:84}}
Jun 18 01:14:05.416449 np0000181739 devstack@n-api-meta.service[112604]: [pid: 112604|app: 0|req: 6/22] 199.19.213.86 () {40 vars in 676 bytes} [Thu Jun 18 01:14:05 2026] GET /latest/meta-data/local-ipv4 => generated 14 bytes in 5 msecs (HTTP/1.1 200) 3 headers in 99 bytes (1 switches on core 0)
Jun 18 01:14:05.427993 np0000181739 devstack@n-api-meta.service[112602]: DEBUG nova.api.metadata.handler [None req-b5dd427d-1072-4625-9f95-6dcb1dcf0238 None None] Metadata request headers: {'Host': '199.19.213.86:8775', 'User-Agent': 'python-requests/2.34.2', 'Accept-Encoding': 'gzip, deflate', 'Accept': '*/*', 'Connection': 'keep-alive', 'X-Forwarded-For': '192.168.24.242', 'X-Instance-Id': 'e6d075cf-7921-4d59-8e61-cf144130738b', 'X-Tenant-Id': '7c954c3ea00c4e2ab00d4dcacb7f4809', 'X-Instance-Id-Signature': '7a0d03c0c024b0ab289aad13cd7a62e97b4cc262160e0424d0f03f4a69186d02'} {{(pid=112602) __call__ /opt/stack/nova/nova/api/metadata/handler.py:109}}
Jun 18 01:14:05.430379 np0000181739 devstack@n-api-meta.service[112602]: DEBUG nova.api.metadata.handler [None req-b5dd427d-1072-4625-9f95-6dcb1dcf0238 None None] Using cached metadata for instance e6d075cf-7921-4d59-8e61-cf144130738b {{(pid=112602) get_metadata_by_instance_id /opt/stack/nova/nova/api/metadata/handler.py:84}}
Jun 18 01:14:05.430977 np0000181739 devstack@n-api-meta.service[112602]: [pid: 112602|app: 0|req: 6/23] 199.19.213.86 () {40 vars in 686 bytes} [Thu Jun 18 01:14:05 2026] GET /latest/meta-data/public-hostname => generated 32 bytes in 3 msecs (HTTP/1.1 200) 3 headers in 99 bytes (1 switches on core 0)
Jun 18 01:14:05.439414 np0000181739 devstack@n-api-meta.service[112605]: DEBUG nova.api.metadata.handler [None req-6c9711b0-0281-4c95-9855-d798f4318e48 None None] Metadata request headers: {'Host': '199.19.213.86:8775', 'User-Agent': 'python-requests/2.34.2', 'Accept-Encoding': 'gzip, deflate', 'Accept': '*/*', 'Connection': 'keep-alive', 'X-Forwarded-For': '192.168.24.242', 'X-Instance-Id': 'e6d075cf-7921-4d59-8e61-cf144130738b', 'X-Tenant-Id': '7c954c3ea00c4e2ab00d4dcacb7f4809', 'X-Instance-Id-Signature': '7a0d03c0c024b0ab289aad13cd7a62e97b4cc262160e0424d0f03f4a69186d02'} {{(pid=112605) __call__ /opt/stack/nova/nova/api/metadata/handler.py:109}}
Jun 18 01:14:05.441702 np0000181739 devstack@n-api-meta.service[112605]: DEBUG nova.api.metadata.handler [None req-6c9711b0-0281-4c95-9855-d798f4318e48 None None] Using cached metadata for instance e6d075cf-7921-4d59-8e61-cf144130738b {{(pid=112605) get_metadata_by_instance_id /opt/stack/nova/nova/api/metadata/handler.py:84}}
