2026-07-02 06:15:21.318 9 INFO neutron.api.wsgi [-] 10.0.0.236 "GET / HTTP/1.1" status: 200 len: 247 time: 0.0019069
2026-07-02 06:15:36.319 9 INFO neutron.api.wsgi [-] 10.0.0.236 "GET / HTTP/1.1" status: 200 len: 247 time: 0.0029125
2026-07-02 06:15:36.320 10 INFO neutron.api.wsgi [-] 10.0.0.236 "GET / HTTP/1.1" status: 200 len: 247 time: 0.0031078
2026-07-02 06:15:44.733 9 INFO neutron.api.wsgi [None req-6cc51011-a387-4167-b745-1eed9b06ef37 a85b1ab8069f438d96fd4430ba1d0bec a334b46b4150443bbb4824a0369c2f4a - - default default] 10.0.0.72 "GET /v2.0/subnets HTTP/1.1" status: 200 len: 1484 time: 0.0593264
2026-07-02 06:15:44.743 9 INFO neutron.api.wsgi [None req-672fba3d-1959-4169-b5b9-79dc8f7c2b1e a85b1ab8069f438d96fd4430ba1d0bec a334b46b4150443bbb4824a0369c2f4a - - default default] 10.0.0.72 "GET /v2.0/subnetpools HTTP/1.1" status: 200 len: 193 time: 0.0085893
2026-07-02 06:15:44.771 9 INFO neutron.api.wsgi [None req-34a4a290-64fa-4e2a-b507-693b1a6babb6 a85b1ab8069f438d96fd4430ba1d0bec a334b46b4150443bbb4824a0369c2f4a - - default default] 10.0.0.72 "GET /v2.0/subnets HTTP/1.1" status: 200 len: 1484 time: 0.0270877
2026-07-02 06:15:44.785 9 INFO neutron.api.wsgi [None req-12745d6f-fcf6-4c2d-aacf-dab8b1fc24eb a85b1ab8069f438d96fd4430ba1d0bec a334b46b4150443bbb4824a0369c2f4a - - default default] 10.0.0.72 "GET /v2.0/network-ip-availabilities HTTP/1.1" status: 200 len: 1280 time: 0.0118306
2026-07-02 06:15:44.803 9 INFO neutron.api.wsgi [None req-d1dded2b-200b-40dd-91fc-cbea3f760009 a85b1ab8069f438d96fd4430ba1d0bec a334b46b4150443bbb4824a0369c2f4a - - default default] 10.0.0.72 "GET /v2.0/routers HTTP/1.1" status: 200 len: 189 time: 0.0171003
2026-07-02 06:15:44.845 9 INFO neutron.api.wsgi [None req-dca0493e-a2a8-4781-9a3f-6edf419a5a81 a85b1ab8069f438d96fd4430ba1d0bec a334b46b4150443bbb4824a0369c2f4a - - default default] 10.0.0.72 "GET /v2.0/agents?binary=ovn-controller HTTP/1.1" status: 200 len: 591 time: 0.0409484
2026-07-02 06:15:44.886 9 INFO neutron.api.wsgi [None req-271c2983-ccc4-499c-a714-ba7317b34125 a85b1ab8069f438d96fd4430ba1d0bec a334b46b4150443bbb4824a0369c2f4a - - default default] 10.0.0.72 "GET /v2.0/security-groups HTTP/1.1" status: 200 len: 17574 time: 0.0402026
2026-07-02 06:15:44.906 9 INFO neutron.api.wsgi [None req-8ef05d52-3347-4889-a131-39a5d7ca11da a85b1ab8069f438d96fd4430ba1d0bec a334b46b4150443bbb4824a0369c2f4a - - default default] 10.0.0.72 "GET /v2.0/agents HTTP/1.1" status: 200 len: 1390 time: 0.0122523
2026-07-02 06:15:44.934 9 INFO neutron.api.wsgi [None req-5c474003-551b-4d0d-a2af-7e7dad2eeedc a85b1ab8069f438d96fd4430ba1d0bec a334b46b4150443bbb4824a0369c2f4a - - default default] 10.0.0.72 "GET /v2.0/floatingips HTTP/1.1" status: 200 len: 193 time: 0.0266132
2026-07-02 06:15:44.980 9 INFO neutron.api.wsgi [None req-bf7e3ba2-20e0-467e-b0bf-2d0513b29998 a85b1ab8069f438d96fd4430ba1d0bec a334b46b4150443bbb4824a0369c2f4a - - default default] 10.0.0.72 "GET /v2.0/networks HTTP/1.1" status: 200 len: 2350 time: 0.0454240
2026-07-02 06:15:45.020 9 INFO neutron.api.wsgi [None req-2f506c11-8e9f-487b-84b2-2297d99eb618 a85b1ab8069f438d96fd4430ba1d0bec a334b46b4150443bbb4824a0369c2f4a - - default default] 10.0.0.72 "GET /v2.0/ports HTTP/1.1" status: 200 len: 5347 time: 0.0377593
2026-07-02 06:15:50.497 10 INFO neutron.api.wsgi [None req-c5d330ab-3a5a-4341-aef3-bcd79f593ed5 a85b1ab8069f438d96fd4430ba1d0bec a334b46b4150443bbb4824a0369c2f4a - - default default] 199.204.45.38,10.0.0.236 "GET /v2.0/networks?name=public HTTP/1.1" status: 200 len: 928 time: 0.0779746
2026-07-02 06:15:51.319 10 INFO neutron.api.wsgi [-] 10.0.0.236 "GET / HTTP/1.1" status: 200 len: 247 time: 0.0031073
2026-07-02 06:15:51.320 9 INFO neutron.api.wsgi [-] 10.0.0.236 "GET / HTTP/1.1" status: 200 len: 247 time: 0.0018444
2026-07-02 06:16:06.318 10 INFO neutron.api.wsgi [-] 10.0.0.236 "GET / HTTP/1.1" status: 200 len: 247 time: 0.0023298
2026-07-02 06:16:06.320 9 INFO neutron.api.wsgi [-] 10.0.0.236 "GET / HTTP/1.1" status: 200 len: 247 time: 0.0037370
2026-07-02 06:16:21.317 10 INFO neutron.api.wsgi [-] 10.0.0.236 "GET / HTTP/1.1" status: 200 len: 247 time: 0.0018873
2026-07-02 06:16:21.319 9 INFO neutron.api.wsgi [-] 10.0.0.236 "GET / HTTP/1.1" status: 200 len: 247 time: 0.0036156
2026-07-02 06:16:28.505 10 INFO neutron.api.wsgi [None req-ce404f44-de2a-4519-b0d3-f80fcd92a6bb a85b1ab8069f438d96fd4430ba1d0bec a334b46b4150443bbb4824a0369c2f4a - - default default] 10.0.0.211 "GET /v2.0/networks HTTP/1.1" status: 200 len: 2369 time: 0.2053015
2026-07-02 06:16:29.563 10 INFO neutron.api.wsgi [None req-159fd0dd-bdc4-4851-a887-e21af7a95354 a85b1ab8069f438d96fd4430ba1d0bec a334b46b4150443bbb4824a0369c2f4a - - default default] 10.0.0.211 "GET /v2.0/floatingips HTTP/1.1" status: 200 len: 212 time: 0.0379517
2026-07-02 06:16:29.588 9 INFO neutron.api.wsgi [None req-089ea7fc-fc0b-4ce2-b0e4-cf12db985c0d a85b1ab8069f438d96fd4430ba1d0bec a334b46b4150443bbb4824a0369c2f4a - - default default] 10.0.0.211 "GET /v2.0/routers HTTP/1.1" status: 200 len: 208 time: 0.0168960
2026-07-02 06:16:29.633 9 INFO neutron.api.wsgi [None req-fda2f684-afe9-4297-8149-dd75dc46d9ac a85b1ab8069f438d96fd4430ba1d0bec a334b46b4150443bbb4824a0369c2f4a - - default default] 10.0.0.211 "GET /v2.0/ports HTTP/1.1" status: 200 len: 5366 time: 0.0405340
2026-07-02 06:16:29.668 9 INFO neutron.api.wsgi [None req-51c4e696-2860-48f6-a12d-b5f8336e44bf a85b1ab8069f438d96fd4430ba1d0bec a334b46b4150443bbb4824a0369c2f4a - - default default] 10.0.0.211 "GET /v2.0/subnets HTTP/1.1" status: 200 len: 1503 time: 0.0296512
2026-07-02 06:16:29.722 9 INFO neutron.api.wsgi [None req-376e8b5e-47d8-4df5-88e9-418796c2e85f a85b1ab8069f438d96fd4430ba1d0bec a334b46b4150443bbb4824a0369c2f4a - - default default] 10.0.0.211 "GET /v2.0/networks HTTP/1.1" status: 200 len: 2369 time: 0.0486193
2026-07-02 06:16:29.768 9 INFO neutron.api.wsgi [None req-cf452966-4e6e-49f7-9079-c32f34862238 a85b1ab8069f438d96fd4430ba1d0bec a334b46b4150443bbb4824a0369c2f4a - - default default] 10.0.0.211 "GET /v2.0/security-groups HTTP/1.1" status: 200 len: 17593 time: 0.0400214
2026-07-02 06:16:29.780 9 INFO neutron.api.wsgi [None req-ba5a46cf-d0cc-45b4-94a5-36625b136aac a85b1ab8069f438d96fd4430ba1d0bec a334b46b4150443bbb4824a0369c2f4a - - default default] 10.0.0.211 "GET /v2.0/subnetpools HTTP/1.1" status: 200 len: 212 time: 0.0072782
2026-07-02 06:16:36.318 10 INFO neutron.api.wsgi [-] 10.0.0.236 "GET / HTTP/1.1" status: 200 len: 247 time: 0.0022132
2026-07-02 06:16:36.319 9 INFO neutron.api.wsgi [-] 10.0.0.236 "GET / HTTP/1.1" status: 200 len: 247 time: 0.0026152
2026-07-02 06:16:40.500 9 INFO neutron.db.ovn_revision_numbers_db [None req-0c3f3bbf-5db2-4e41-aeb8-f446deb1df17 a85b1ab8069f438d96fd4430ba1d0bec a334b46b4150443bbb4824a0369c2f4a - - default default] Successfully bumped revision number for resource dfe23401-6a75-4913-9813-3b954464ad2e (type: security_groups) to 1
2026-07-02 06:16:40.513 9 INFO neutron.db.ovn_revision_numbers_db [None req-0c3f3bbf-5db2-4e41-aeb8-f446deb1df17 a85b1ab8069f438d96fd4430ba1d0bec a334b46b4150443bbb4824a0369c2f4a - - default default] Successfully bumped revision number for resource 36c54641-5e69-46cf-8277-d05052458030 (type: security_group_rules) to 0
2026-07-02 06:16:40.528 9 INFO neutron.db.ovn_revision_numbers_db [None req-0c3f3bbf-5db2-4e41-aeb8-f446deb1df17 a85b1ab8069f438d96fd4430ba1d0bec a334b46b4150443bbb4824a0369c2f4a - - default default] Successfully bumped revision number for resource 4cd0ed7e-ebd4-4094-97e0-3243cb674091 (type: security_group_rules) to 0
2026-07-02 06:16:40.541 9 INFO neutron.db.ovn_revision_numbers_db [None req-0c3f3bbf-5db2-4e41-aeb8-f446deb1df17 a85b1ab8069f438d96fd4430ba1d0bec a334b46b4150443bbb4824a0369c2f4a - - default default] Successfully bumped revision number for resource 5b46cc7e-71cb-4bbe-b02c-ed26d950fc45 (type: security_group_rules) to 0
2026-07-02 06:16:40.570 9 INFO neutron.db.ovn_revision_numbers_db [None req-0c3f3bbf-5db2-4e41-aeb8-f446deb1df17 a85b1ab8069f438d96fd4430ba1d0bec a334b46b4150443bbb4824a0369c2f4a - - default default] Successfully bumped revision number for resource 6473ff3f-de2f-4e3c-86f1-35346ecec58b (type: security_group_rules) to 0
2026-07-02 06:16:40.577 10 INFO neutron.db.ovn_revision_numbers_db [None req-b72f7de9-759b-4a2a-a276-eff544059497 a85b1ab8069f438d96fd4430ba1d0bec a334b46b4150443bbb4824a0369c2f4a - - default default] Successfully bumped revision number for resource 4491de93-d09a-4652-9632-b666b7c36c74 (type: security_groups) to 1
2026-07-02 06:16:40.593 10 INFO neutron.db.ovn_revision_numbers_db [None req-b72f7de9-759b-4a2a-a276-eff544059497 a85b1ab8069f438d96fd4430ba1d0bec a334b46b4150443bbb4824a0369c2f4a - - default default] Successfully bumped revision number for resource 05972c38-48e8-40b9-bb95-d8e9c513e983 (type: security_group_rules) to 0
2026-07-02 06:16:40.604 10 INFO neutron.db.ovn_revision_numbers_db [None req-b4059e47-ff44-48d0-ba01-b8bbd56bc7a9 a85b1ab8069f438d96fd4430ba1d0bec a334b46b4150443bbb4824a0369c2f4a - - default default] Successfully bumped revision number for resource 34668a26-2d1d-4c6a-ad76-6870d15f9005 (type: security_groups) to 1
2026-07-02 06:16:40.607 10 INFO neutron.db.ovn_revision_numbers_db [None req-b72f7de9-759b-4a2a-a276-eff544059497 a85b1ab8069f438d96fd4430ba1d0bec a334b46b4150443bbb4824a0369c2f4a - - default default] Successfully bumped revision number for resource 092106e1-c303-4278-9a5f-7baaf26035a2 (type: security_group_rules) to 0
2026-07-02 06:16:40.621 10 INFO neutron.db.ovn_revision_numbers_db [None req-b4059e47-ff44-48d0-ba01-b8bbd56bc7a9 a85b1ab8069f438d96fd4430ba1d0bec a334b46b4150443bbb4824a0369c2f4a - - default default] Successfully bumped revision number for resource 1487c850-b064-4262-ad51-30f2f1751ef3 (type: security_group_rules) to 0
2026-07-02 06:16:40.631 10 INFO neutron.db.ovn_revision_numbers_db [None req-b72f7de9-759b-4a2a-a276-eff544059497 a85b1ab8069f438d96fd4430ba1d0bec a334b46b4150443bbb4824a0369c2f4a - - default default] Successfully bumped revision number for resource 0ad58b89-a95c-4c23-aab0-cb9482599946 (type: security_group_rules) to 0
2026-07-02 06:16:40.635 10 INFO neutron.db.ovn_revision_numbers_db [None req-b4059e47-ff44-48d0-ba01-b8bbd56bc7a9 a85b1ab8069f438d96fd4430ba1d0bec a334b46b4150443bbb4824a0369c2f4a - - default default] Successfully bumped revision number for resource 64348f6f-0286-4b0b-932a-cd35fc78d92e (type: security_group_rules) to 0
2026-07-02 06:16:40.644 10 INFO neutron.db.ovn_revision_numbers_db [None req-b72f7de9-759b-4a2a-a276-eff544059497 a85b1ab8069f438d96fd4430ba1d0bec a334b46b4150443bbb4824a0369c2f4a - - default default] Successfully bumped revision number for resource df0eea04-3d29-470d-a353-79d1a52f681c (type: security_group_rules) to 0
2026-07-02 06:16:40.647 10 INFO neutron.db.ovn_revision_numbers_db [None req-b4059e47-ff44-48d0-ba01-b8bbd56bc7a9 a85b1ab8069f438d96fd4430ba1d0bec a334b46b4150443bbb4824a0369c2f4a - - default default] Successfully bumped revision number for resource 99fad8fb-f29b-44bc-980d-2c5d1e56d432 (type: security_group_rules) to 0
2026-07-02 06:16:40.681 9 INFO neutron.db.segments_db [None req-0c3f3bbf-5db2-4e41-aeb8-f446deb1df17 a85b1ab8069f438d96fd4430ba1d0bec a334b46b4150443bbb4824a0369c2f4a - - default default] Added segment 787cd1d4-11e8-46f7-9b4a-042c455a8150 of type geneve for network 6c0d387e-7281-4435-aa29-ffdf893b976c
2026-07-02 06:16:40.722 10 INFO neutron.db.ovn_revision_numbers_db [None req-b4059e47-ff44-48d0-ba01-b8bbd56bc7a9 a85b1ab8069f438d96fd4430ba1d0bec a334b46b4150443bbb4824a0369c2f4a - - default default] Successfully bumped revision number for resource 9af17f1a-73e6-4180-8739-7d95c842593b (type: security_group_rules) to 0
2026-07-02 06:16:40.793 9 INFO neutron.db.ovn_revision_numbers_db [None req-0c3f3bbf-5db2-4e41-aeb8-f446deb1df17 a85b1ab8069f438d96fd4430ba1d0bec a334b46b4150443bbb4824a0369c2f4a - - default default] Successfully bumped revision number for resource 6c0d387e-7281-4435-aa29-ffdf893b976c (type: networks) to 1
2026-07-02 06:16:40.797 10 INFO neutron.db.segments_db [None req-b72f7de9-759b-4a2a-a276-eff544059497 a85b1ab8069f438d96fd4430ba1d0bec a334b46b4150443bbb4824a0369c2f4a - - default default] Added segment 715634e8-7e3a-4932-ae5d-885170616b3c of type geneve for network ff9171bf-b9c0-4359-a459-8922f5d5a7b6
2026-07-02 06:16:40.799 10 INFO neutron.db.segments_db [None req-b4059e47-ff44-48d0-ba01-b8bbd56bc7a9 a85b1ab8069f438d96fd4430ba1d0bec a334b46b4150443bbb4824a0369c2f4a - - default default] Added segment 44561c7f-8ae2-482d-8bbf-e55c0803b1f4 of type geneve for network d5fa5c43-294c-4a13-99f6-0ec5c94ac64a
2026-07-02 06:16:40.932 10 INFO neutron.db.ovn_revision_numbers_db [None req-b4059e47-ff44-48d0-ba01-b8bbd56bc7a9 a85b1ab8069f438d96fd4430ba1d0bec a334b46b4150443bbb4824a0369c2f4a - - default default] Successfully bumped revision number for resource d5fa5c43-294c-4a13-99f6-0ec5c94ac64a (type: networks) to 1
2026-07-02 06:16:40.934 10 INFO neutron.db.ovn_revision_numbers_db [None req-b72f7de9-759b-4a2a-a276-eff544059497 a85b1ab8069f438d96fd4430ba1d0bec a334b46b4150443bbb4824a0369c2f4a - - default default] Successfully bumped revision number for resource ff9171bf-b9c0-4359-a459-8922f5d5a7b6 (type: networks) to 1
2026-07-02 06:16:40.957 9 WARNING neutron.scheduler.dhcp_agent_scheduler [None req-0c3f3bbf-5db2-4e41-aeb8-f446deb1df17 a85b1ab8069f438d96fd4430ba1d0bec a334b46b4150443bbb4824a0369c2f4a - - default default] No more DHCP agents
2026-07-02 06:16:40.959 9 WARNING neutron.api.rpc.agentnotifiers.dhcp_rpc_agent_api [None req-0c3f3bbf-5db2-4e41-aeb8-f446deb1df17 a85b1ab8069f438d96fd4430ba1d0bec a334b46b4150443bbb4824a0369c2f4a - - default default] Unable to schedule network 6c0d387e-7281-4435-aa29-ffdf893b976c: no agents available; will retry on subsequent port and subnet creation events.
2026-07-02 06:16:41.031 9 INFO neutron.db.ovn_revision_numbers_db [None req-0c3f3bbf-5db2-4e41-aeb8-f446deb1df17 a85b1ab8069f438d96fd4430ba1d0bec a334b46b4150443bbb4824a0369c2f4a - - default default] Successfully bumped revision number for resource 15d46d2d-bc70-4440-80db-79d3c9b89634 (type: ports) to 1
2026-07-02 06:16:41.046 9 INFO neutron.api.wsgi [None req-0c3f3bbf-5db2-4e41-aeb8-f446deb1df17 a85b1ab8069f438d96fd4430ba1d0bec a334b46b4150443bbb4824a0369c2f4a - - default default] 10.0.0.211 "POST /v2.0/networks HTTP/1.1" status: 201 len: 954 time: 0.9496999
2026-07-02 06:16:41.084 10 WARNING neutron.scheduler.dhcp_agent_scheduler [None req-b4059e47-ff44-48d0-ba01-b8bbd56bc7a9 a85b1ab8069f438d96fd4430ba1d0bec a334b46b4150443bbb4824a0369c2f4a - - default default] No more DHCP agents
2026-07-02 06:16:41.085 10 WARNING neutron.api.rpc.agentnotifiers.dhcp_rpc_agent_api [None req-b4059e47-ff44-48d0-ba01-b8bbd56bc7a9 a85b1ab8069f438d96fd4430ba1d0bec a334b46b4150443bbb4824a0369c2f4a - - default default] Unable to schedule network d5fa5c43-294c-4a13-99f6-0ec5c94ac64a: no agents available; will retry on subsequent port and subnet creation events.
2026-07-02 06:16:41.089 10 WARNING neutron.scheduler.dhcp_agent_scheduler [None req-b72f7de9-759b-4a2a-a276-eff544059497 a85b1ab8069f438d96fd4430ba1d0bec a334b46b4150443bbb4824a0369c2f4a - - default default] No more DHCP agents
2026-07-02 06:16:41.090 10 WARNING neutron.api.rpc.agentnotifiers.dhcp_rpc_agent_api [None req-b72f7de9-759b-4a2a-a276-eff544059497 a85b1ab8069f438d96fd4430ba1d0bec a334b46b4150443bbb4824a0369c2f4a - - default default] Unable to schedule network ff9171bf-b9c0-4359-a459-8922f5d5a7b6: no agents available; will retry on subsequent port and subnet creation events.
2026-07-02 06:16:41.148 10 INFO neutron.db.ovn_revision_numbers_db [None req-b72f7de9-759b-4a2a-a276-eff544059497 a85b1ab8069f438d96fd4430ba1d0bec a334b46b4150443bbb4824a0369c2f4a - - default default] Successfully bumped revision number for resource 30c858e2-222b-48bd-ac5e-f385ec74a143 (type: ports) to 1
2026-07-02 06:16:41.153 10 INFO neutron.db.ovn_revision_numbers_db [None req-b4059e47-ff44-48d0-ba01-b8bbd56bc7a9 a85b1ab8069f438d96fd4430ba1d0bec a334b46b4150443bbb4824a0369c2f4a - - default default] Successfully bumped revision number for resource 217366ae-e985-4d10-a223-67176ffea217 (type: ports) to 1
2026-07-02 06:16:41.172 10 INFO neutron.api.wsgi [None req-b72f7de9-759b-4a2a-a276-eff544059497 a85b1ab8069f438d96fd4430ba1d0bec a334b46b4150443bbb4824a0369c2f4a - - default default] 10.0.0.211 "POST /v2.0/networks HTTP/1.1" status: 201 len: 951 time: 0.8274813
2026-07-02 06:16:41.175 10 INFO neutron.api.wsgi [None req-b4059e47-ff44-48d0-ba01-b8bbd56bc7a9 a85b1ab8069f438d96fd4430ba1d0bec a334b46b4150443bbb4824a0369c2f4a - - default default] 10.0.0.211 "POST /v2.0/networks HTTP/1.1" status: 201 len: 947 time: 0.7891388
2026-07-02 06:16:41.220 9 WARNING neutron.scheduler.dhcp_agent_scheduler [None req-2ec830f9-b7a9-44e4-aff6-79e47b621032 a85b1ab8069f438d96fd4430ba1d0bec a334b46b4150443bbb4824a0369c2f4a - - default default] No more DHCP agents
2026-07-02 06:16:41.222 9 WARNING neutron.api.rpc.agentnotifiers.dhcp_rpc_agent_api [None req-2ec830f9-b7a9-44e4-aff6-79e47b621032 a85b1ab8069f438d96fd4430ba1d0bec a334b46b4150443bbb4824a0369c2f4a - - default default] Unable to schedule network 6c0d387e-7281-4435-aa29-ffdf893b976c: no agents available; will retry on subsequent port and subnet creation events.
2026-07-02 06:16:41.313 10 WARNING neutron.scheduler.dhcp_agent_scheduler [None req-ee3a99b3-6bb1-4cf5-806c-4b622e977270 a85b1ab8069f438d96fd4430ba1d0bec a334b46b4150443bbb4824a0369c2f4a - - default default] No more DHCP agents
2026-07-02 06:16:41.314 10 WARNING neutron.scheduler.dhcp_agent_scheduler [None req-d7a658ed-0e09-4cda-9aa4-22df09b1e642 a85b1ab8069f438d96fd4430ba1d0bec a334b46b4150443bbb4824a0369c2f4a - - default default] No more DHCP agents
2026-07-02 06:16:41.315 10 WARNING neutron.api.rpc.agentnotifiers.dhcp_rpc_agent_api [None req-ee3a99b3-6bb1-4cf5-806c-4b622e977270 a85b1ab8069f438d96fd4430ba1d0bec a334b46b4150443bbb4824a0369c2f4a - - default default] Unable to schedule network ff9171bf-b9c0-4359-a459-8922f5d5a7b6: no agents available; will retry on subsequent port and subnet creation events.
2026-07-02 06:16:41.316 10 WARNING neutron.api.rpc.agentnotifiers.dhcp_rpc_agent_api [None req-d7a658ed-0e09-4cda-9aa4-22df09b1e642 a85b1ab8069f438d96fd4430ba1d0bec a334b46b4150443bbb4824a0369c2f4a - - default default] Unable to schedule network d5fa5c43-294c-4a13-99f6-0ec5c94ac64a: no agents available; will retry on subsequent port and subnet creation events.
2026-07-02 06:16:41.335 9 INFO neutron.db.ovn_revision_numbers_db [None req-33695fcb-c9c8-47e7-a4be-05f950558e77 a85b1ab8069f438d96fd4430ba1d0bec a334b46b4150443bbb4824a0369c2f4a - - default default] Successfully bumped revision number for resource f77c73ae-695f-4800-bd56-487ee94245d8 (type: security_groups) to 1
2026-07-02 06:16:41.352 9 INFO neutron.db.ovn_revision_numbers_db [None req-33695fcb-c9c8-47e7-a4be-05f950558e77 a85b1ab8069f438d96fd4430ba1d0bec a334b46b4150443bbb4824a0369c2f4a - - default default] Successfully bumped revision number for resource 30abb52e-3baa-4546-9d8e-c5262b988963 (type: security_group_rules) to 0
2026-07-02 06:16:41.366 9 INFO neutron.db.ovn_revision_numbers_db [None req-33695fcb-c9c8-47e7-a4be-05f950558e77 a85b1ab8069f438d96fd4430ba1d0bec a334b46b4150443bbb4824a0369c2f4a - - default default] Successfully bumped revision number for resource abe33259-ab3a-48f8-897f-a1527ba2ab74 (type: security_group_rules) to 0
2026-07-02 06:16:41.381 9 INFO neutron.db.ovn_revision_numbers_db [None req-33695fcb-c9c8-47e7-a4be-05f950558e77 a85b1ab8069f438d96fd4430ba1d0bec a334b46b4150443bbb4824a0369c2f4a - - default default] Successfully bumped revision number for resource e23f35f3-be44-4756-b080-c04b57d9553a (type: security_group_rules) to 0
2026-07-02 06:16:41.399 9 INFO neutron.db.ovn_revision_numbers_db [None req-33695fcb-c9c8-47e7-a4be-05f950558e77 a85b1ab8069f438d96fd4430ba1d0bec a334b46b4150443bbb4824a0369c2f4a - - default default] Successfully bumped revision number for resource f1e702b5-4dd5-44eb-9d01-3976f9e7018e (type: security_group_rules) to 0
2026-07-02 06:16:41.449 9 INFO neutron.api.wsgi [None req-33695fcb-c9c8-47e7-a4be-05f950558e77 a85b1ab8069f438d96fd4430ba1d0bec a334b46b4150443bbb4824a0369c2f4a - - default default] 10.0.0.211 "GET /v2.0/security-groups?tenant_id=a34b6ed81d8646c78612d554252a99ad&name=default HTTP/1.1" status: 200 len: 3116 time: 0.3697352
2026-07-02 06:16:41.656 9 INFO neutron.db.ovn_revision_numbers_db [None req-6a119675-d7bb-4bd9-97c4-f7df271338ea - - - - - -] Successfully bumped revision number for resource 15d46d2d-bc70-4440-80db-79d3c9b89634 (type: ports) to 2
2026-07-02 06:16:41.690 9 INFO neutron.db.ovn_revision_numbers_db [None req-6a119675-d7bb-4bd9-97c4-f7df271338ea - - - - - -] Successfully bumped revision number for resource 45607424-65b7-4bc3-a03a-fa55ff0bd776 (type: subnets) to 0
2026-07-02 06:16:41.709 9 INFO neutron.api.wsgi [None req-2ec830f9-b7a9-44e4-aff6-79e47b621032 a85b1ab8069f438d96fd4430ba1d0bec a334b46b4150443bbb4824a0369c2f4a - - default default] 10.0.0.211 "POST /v2.0/subnets HTTP/1.1" status: 201 len: 898 time: 0.6557276
2026-07-02 06:16:41.787 10 INFO neutron.api.wsgi [None req-11b7f8dc-bfdf-4fea-95ba-99857d004ccb a85b1ab8069f438d96fd4430ba1d0bec a334b46b4150443bbb4824a0369c2f4a - - default default] 10.0.0.211 "DELETE /v2.0/security-groups/f77c73ae-695f-4800-bd56-487ee94245d8 HTTP/1.1" status: 204 len: 168 time: 0.3305461
2026-07-02 06:16:41.943 10 INFO neutron.db.ovn_revision_numbers_db [None req-435873aa-973b-4109-881b-0a413eac58f3 - - - - - -] Successfully bumped revision number for resource 30c858e2-222b-48bd-ac5e-f385ec74a143 (type: ports) to 2
2026-07-02 06:16:41.953 10 INFO neutron.db.ovn_revision_numbers_db [None req-1c738e8d-81a8-4b60-8753-c148c819cf54 - - - - - -] Successfully bumped revision number for resource 217366ae-e985-4d10-a223-67176ffea217 (type: ports) to 2
2026-07-02 06:16:42.003 10 INFO neutron.db.ovn_revision_numbers_db [None req-435873aa-973b-4109-881b-0a413eac58f3 - - - - - -] Successfully bumped revision number for resource 6feb4a60-188e-412c-998a-8308c912b29b (type: subnets) to 0
2026-07-02 06:16:42.020 10 INFO neutron.db.ovn_revision_numbers_db [None req-1c738e8d-81a8-4b60-8753-c148c819cf54 - - - - - -] Successfully bumped revision number for resource 39e5ddd6-ef33-4b59-8fc3-01fc9846ada2 (type: subnets) to 0
2026-07-02 06:16:42.026 10 INFO neutron.api.wsgi [None req-ee3a99b3-6bb1-4cf5-806c-4b622e977270 a85b1ab8069f438d96fd4430ba1d0bec a334b46b4150443bbb4824a0369c2f4a - - default default] 10.0.0.211 "POST /v2.0/subnets HTTP/1.1" status: 201 len: 895 time: 0.8496084
2026-07-02 06:16:42.036 10 INFO neutron.api.wsgi [None req-d7a658ed-0e09-4cda-9aa4-22df09b1e642 a85b1ab8069f438d96fd4430ba1d0bec a334b46b4150443bbb4824a0369c2f4a - - default default] 10.0.0.211 "POST /v2.0/subnets HTTP/1.1" status: 201 len: 891 time: 0.8521194
2026-07-02 06:16:42.418 10 WARNING neutron.scheduler.dhcp_agent_scheduler [None req-c6e89631-912e-40b1-a713-afeb4ef88b81 a85b1ab8069f438d96fd4430ba1d0bec a334b46b4150443bbb4824a0369c2f4a - - default default] No more DHCP agents
2026-07-02 06:16:42.419 10 WARNING neutron.api.rpc.agentnotifiers.dhcp_rpc_agent_api [None req-c6e89631-912e-40b1-a713-afeb4ef88b81 a85b1ab8069f438d96fd4430ba1d0bec a334b46b4150443bbb4824a0369c2f4a - - default default] Unable to schedule network e86a7062-e67c-434c-bb27-d2c9de8f3d6e: no agents available; will retry on subsequent port and subnet creation events.
2026-07-02 06:16:42.532 10 INFO neutron.db.ovn_revision_numbers_db [None req-c6e89631-912e-40b1-a713-afeb4ef88b81 a85b1ab8069f438d96fd4430ba1d0bec a334b46b4150443bbb4824a0369c2f4a - - default default] Successfully bumped revision number for resource 0adc86d6-aaa6-4d93-8009-7d6fd31cc155 (type: ports) to 1
2026-07-02 06:16:42.564 10 WARNING neutron.scheduler.dhcp_agent_scheduler [None req-6b017572-5f00-4ae3-a1f0-95f15f65c352 a85b1ab8069f438d96fd4430ba1d0bec a334b46b4150443bbb4824a0369c2f4a - - default default] No more DHCP agents
2026-07-02 06:16:42.565 10 WARNING neutron.api.rpc.agentnotifiers.dhcp_rpc_agent_api [None req-6b017572-5f00-4ae3-a1f0-95f15f65c352 a85b1ab8069f438d96fd4430ba1d0bec a334b46b4150443bbb4824a0369c2f4a - - default default] Unable to schedule network e86a7062-e67c-434c-bb27-d2c9de8f3d6e: no agents available; will retry on subsequent port and subnet creation events.
2026-07-02 06:16:42.705 10 INFO neutron.db.ovn_revision_numbers_db [None req-6b017572-5f00-4ae3-a1f0-95f15f65c352 a85b1ab8069f438d96fd4430ba1d0bec a334b46b4150443bbb4824a0369c2f4a - - default default] Successfully bumped revision number for resource 3957f440-b5b8-459e-81a1-d6c1c9822a5b (type: ports) to 1
2026-07-02 06:16:42.829 10 INFO neutron.plugins.ml2.drivers.ovn.mech_driver.ovsdb.extensions.qos [None req-c6e89631-912e-40b1-a713-afeb4ef88b81 a85b1ab8069f438d96fd4430ba1d0bec a334b46b4150443bbb4824a0369c2f4a - - default default] Starting OVNClientQosExtension
2026-07-02 06:16:43.069 9 WARNING neutron.scheduler.dhcp_agent_scheduler [None req-4dd9beb2-5ea3-4f33-84a1-8a5e50b1cbb8 a85b1ab8069f438d96fd4430ba1d0bec a334b46b4150443bbb4824a0369c2f4a - - default default] No more DHCP agents
2026-07-02 06:16:43.070 9 WARNING neutron.api.rpc.agentnotifiers.dhcp_rpc_agent_api [None req-4dd9beb2-5ea3-4f33-84a1-8a5e50b1cbb8 a85b1ab8069f438d96fd4430ba1d0bec a334b46b4150443bbb4824a0369c2f4a - - default default] Unable to schedule network e86a7062-e67c-434c-bb27-d2c9de8f3d6e: no agents available; will retry on subsequent port and subnet creation events.
2026-07-02 06:16:43.154 9 INFO neutron.db.ovn_revision_numbers_db [None req-4dd9beb2-5ea3-4f33-84a1-8a5e50b1cbb8 a85b1ab8069f438d96fd4430ba1d0bec a334b46b4150443bbb4824a0369c2f4a - - default default] Successfully bumped revision number for resource bb50664a-e5b7-40f4-8f0d-a7bfc1590277 (type: ports) to 1
2026-07-02 06:16:43.270 10 INFO neutron.plugins.ml2.drivers.ovn.mech_driver.ovsdb.commands [None req-6248e6a5-952d-4a5f-ae92-1c18a8be4ea9 - - - - - -] Schedule LRP lrp-0adc86d6-aaa6-4d93-8009-7d6fd31cc155 on gateway 1983e303-f738-44ed-9038-45e2ff220e1e with priority 1
2026-07-02 06:16:43.288 9 INFO neutron.plugins.ml2.drivers.ovn.mech_driver.mech_driver [None req-2b7917ce-dcbb-487c-8046-f16536c9effa - - - - - -] OVN reports status up for port: 0adc86d6-aaa6-4d93-8009-7d6fd31cc155
2026-07-02 06:16:43.304 10 INFO neutron.plugins.ml2.drivers.ovn.mech_driver.ovsdb.ovsdb_monitor [-] Router 1743b574-c674-4af2-9071-277155add58b is bound to host instance
2026-07-02 06:16:43.307 9 INFO neutron.plugins.ml2.plugin [None req-2b7917ce-dcbb-487c-8046-f16536c9effa - - - - - -] Attempt 1 to provision port 0adc86d6-aaa6-4d93-8009-7d6fd31cc155
2026-07-02 06:16:43.350 10 INFO neutron.db.ovn_revision_numbers_db [None req-c6e89631-912e-40b1-a713-afeb4ef88b81 a85b1ab8069f438d96fd4430ba1d0bec a334b46b4150443bbb4824a0369c2f4a - - default default] Successfully bumped revision number for resource 0adc86d6-aaa6-4d93-8009-7d6fd31cc155 (type: router_ports) to 1
2026-07-02 06:16:43.460 10 INFO neutron.db.ovn_revision_numbers_db [None req-c6e89631-912e-40b1-a713-afeb4ef88b81 a85b1ab8069f438d96fd4430ba1d0bec a334b46b4150443bbb4824a0369c2f4a - - default default] Successfully bumped revision number for resource 1743b574-c674-4af2-9071-277155add58b (type: routers) to 2
2026-07-02 06:16:43.490 10 INFO neutron.api.wsgi [None req-c6e89631-912e-40b1-a713-afeb4ef88b81 a85b1ab8069f438d96fd4430ba1d0bec a334b46b4150443bbb4824a0369c2f4a - - default default] 10.0.0.211 "POST /v2.0/routers HTTP/1.1" status: 201 len: 1176 time: 1.7766469
2026-07-02 06:16:43.539 10 INFO neutron.plugins.ml2.drivers.ovn.mech_driver.ovsdb.commands [None req-6248e6a5-952d-4a5f-ae92-1c18a8be4ea9 - - - - - -] Schedule LRP lrp-3957f440-b5b8-459e-81a1-d6c1c9822a5b on gateway 1983e303-f738-44ed-9038-45e2ff220e1e with priority 1
2026-07-02 06:16:43.547 10 INFO neutron.plugins.ml2.drivers.ovn.mech_driver.mech_driver [None req-aa7b951f-3395-4e3d-89f2-73e00ec32a85 - - - - - -] OVN reports status up for port: 3957f440-b5b8-459e-81a1-d6c1c9822a5b
2026-07-02 06:16:43.559 9 INFO neutron.plugins.ml2.drivers.ovn.mech_driver.ovsdb.ovsdb_monitor [-] Router da6e4dfc-8642-4c8e-8d94-ed6df243c77f is bound to host instance
2026-07-02 06:16:43.575 10 INFO neutron.plugins.ml2.plugin [None req-aa7b951f-3395-4e3d-89f2-73e00ec32a85 - - - - - -] Attempt 1 to provision port 3957f440-b5b8-459e-81a1-d6c1c9822a5b
2026-07-02 06:16:43.577 9 INFO neutron.plugins.ml2.drivers.ovn.mech_driver.ovsdb.extensions.qos [None req-4dd9beb2-5ea3-4f33-84a1-8a5e50b1cbb8 a85b1ab8069f438d96fd4430ba1d0bec a334b46b4150443bbb4824a0369c2f4a - - default default] Starting OVNClientQosExtension
2026-07-02 06:16:43.605 10 INFO neutron.db.ovn_revision_numbers_db [None req-6b017572-5f00-4ae3-a1f0-95f15f65c352 a85b1ab8069f438d96fd4430ba1d0bec a334b46b4150443bbb4824a0369c2f4a - - default default] Successfully bumped revision number for resource 3957f440-b5b8-459e-81a1-d6c1c9822a5b (type: router_ports) to 1
2026-07-02 06:16:43.728 10 INFO neutron.db.ovn_revision_numbers_db [None req-6b017572-5f00-4ae3-a1f0-95f15f65c352 a85b1ab8069f438d96fd4430ba1d0bec a334b46b4150443bbb4824a0369c2f4a - - default default] Successfully bumped revision number for resource da6e4dfc-8642-4c8e-8d94-ed6df243c77f (type: routers) to 2
2026-07-02 06:16:43.752 10 INFO neutron.api.wsgi [None req-6b017572-5f00-4ae3-a1f0-95f15f65c352 a85b1ab8069f438d96fd4430ba1d0bec a334b46b4150443bbb4824a0369c2f4a - - default default] 10.0.0.211 "POST /v2.0/routers HTTP/1.1" status: 201 len: 1169 time: 1.7127414
2026-07-02 06:16:43.762 9 INFO neutron.db.ovn_revision_numbers_db [None req-d75e52b4-124f-437c-91a1-f8be40d24922 a85b1ab8069f438d96fd4430ba1d0bec a334b46b4150443bbb4824a0369c2f4a - - default default] Successfully bumped revision number for resource 12f6b989-c598-4ebe-9728-ef81ffe0cb23 (type: security_groups) to 1
2026-07-02 06:16:43.788 9 INFO neutron.db.ovn_revision_numbers_db [None req-d75e52b4-124f-437c-91a1-f8be40d24922 a85b1ab8069f438d96fd4430ba1d0bec a334b46b4150443bbb4824a0369c2f4a - - default default] Successfully bumped revision number for resource 7c1b37fb-ae4f-44f1-a2c4-edd3a52dc788 (type: security_group_rules) to 0
2026-07-02 06:16:43.804 9 INFO neutron.db.ovn_revision_numbers_db [None req-d75e52b4-124f-437c-91a1-f8be40d24922 a85b1ab8069f438d96fd4430ba1d0bec a334b46b4150443bbb4824a0369c2f4a - - default default] Successfully bumped revision number for resource cec39ab4-b6da-46b7-8180-96681c072bfc (type: security_group_rules) to 0
2026-07-02 06:16:43.821 9 INFO neutron.db.ovn_revision_numbers_db [None req-d75e52b4-124f-437c-91a1-f8be40d24922 a85b1ab8069f438d96fd4430ba1d0bec a334b46b4150443bbb4824a0369c2f4a - - default default] Successfully bumped revision number for resource d935a003-1fe6-4cf4-b96e-e8b5738e2b71 (type: security_group_rules) to 0
2026-07-02 06:16:43.836 9 INFO neutron.db.ovn_revision_numbers_db [None req-d75e52b4-124f-437c-91a1-f8be40d24922 a85b1ab8069f438d96fd4430ba1d0bec a334b46b4150443bbb4824a0369c2f4a - - default default] Successfully bumped revision number for resource e3f1be76-7c2a-4307-80dc-7cbae43423c8 (type: security_group_rules) to 0
2026-07-02 06:16:43.945 9 INFO neutron.db.segments_db [None req-d75e52b4-124f-437c-91a1-f8be40d24922 a85b1ab8069f438d96fd4430ba1d0bec a334b46b4150443bbb4824a0369c2f4a - - default default] Added segment f3539371-309b-48ce-af02-343fa18dee74 of type geneve for network 0dfa8ab3-4610-4c6c-9e13-f0e31237710f
2026-07-02 06:16:43.986 10 INFO neutron.db.ovn_revision_numbers_db [None req-0eddddab-aa8c-4981-8e09-9959ca62effc - - - - - -] Successfully bumped revision number for resource 0adc86d6-aaa6-4d93-8009-7d6fd31cc155 (type: ports) to 1
2026-07-02 06:16:44.014 9 INFO neutron.plugins.ml2.drivers.ovn.mech_driver.ovsdb.commands [None req-ab4ddfc8-1ad0-4a6e-8774-a0202603a022 - - - - - -] Schedule LRP lrp-bb50664a-e5b7-40f4-8f0d-a7bfc1590277 on gateway 1983e303-f738-44ed-9038-45e2ff220e1e with priority 1
2026-07-02 06:16:44.066 9 INFO neutron.db.ovn_revision_numbers_db [None req-4dd9beb2-5ea3-4f33-84a1-8a5e50b1cbb8 a85b1ab8069f438d96fd4430ba1d0bec a334b46b4150443bbb4824a0369c2f4a - - default default] Successfully bumped revision number for resource bb50664a-e5b7-40f4-8f0d-a7bfc1590277 (type: router_ports) to 1
2026-07-02 06:16:44.111 9 INFO neutron.db.ovn_revision_numbers_db [None req-d75e52b4-124f-437c-91a1-f8be40d24922 a85b1ab8069f438d96fd4430ba1d0bec a334b46b4150443bbb4824a0369c2f4a - - default default] Successfully bumped revision number for resource 0dfa8ab3-4610-4c6c-9e13-f0e31237710f (type: networks) to 1
2026-07-02 06:16:44.164 9 INFO neutron.db.ovn_revision_numbers_db [None req-4dd9beb2-5ea3-4f33-84a1-8a5e50b1cbb8 a85b1ab8069f438d96fd4430ba1d0bec a334b46b4150443bbb4824a0369c2f4a - - default default] Successfully bumped revision number for resource e1344fb9-a97a-46c5-9df3-31bab7379aec (type: routers) to 2
2026-07-02 06:16:44.183 9 INFO neutron.api.wsgi [None req-4dd9beb2-5ea3-4f33-84a1-8a5e50b1cbb8 a85b1ab8069f438d96fd4430ba1d0bec a334b46b4150443bbb4824a0369c2f4a - - default default] 10.0.0.211 "POST /v2.0/routers HTTP/1.1" status: 201 len: 1173 time: 2.1508486
2026-07-02 06:16:44.207 9 INFO neutron.db.ovn_revision_numbers_db [None req-5979aff2-14b5-42e1-84fe-8a600edea6a3 - - - - - -] Successfully bumped revision number for resource 3957f440-b5b8-459e-81a1-d6c1c9822a5b (type: ports) to 1
2026-07-02 06:16:44.272 10 WARNING neutron.scheduler.dhcp_agent_scheduler [None req-e655ca49-6f88-4a38-b5fe-59188f47b3ef a85b1ab8069f438d96fd4430ba1d0bec a334b46b4150443bbb4824a0369c2f4a - - default default] No more DHCP agents
2026-07-02 06:16:44.276 10 WARNING neutron.api.rpc.agentnotifiers.dhcp_rpc_agent_api [None req-e655ca49-6f88-4a38-b5fe-59188f47b3ef a85b1ab8069f438d96fd4430ba1d0bec a334b46b4150443bbb4824a0369c2f4a - - default default] Unable to schedule network 6c0d387e-7281-4435-aa29-ffdf893b976c: no agents available; will retry on subsequent port and subnet creation events.
2026-07-02 06:16:44.343 9 WARNING neutron.scheduler.dhcp_agent_scheduler [None req-d75e52b4-124f-437c-91a1-f8be40d24922 a85b1ab8069f438d96fd4430ba1d0bec a334b46b4150443bbb4824a0369c2f4a - - default default] No more DHCP agents
2026-07-02 06:16:44.345 9 WARNING neutron.api.rpc.agentnotifiers.dhcp_rpc_agent_api [None req-d75e52b4-124f-437c-91a1-f8be40d24922 a85b1ab8069f438d96fd4430ba1d0bec a334b46b4150443bbb4824a0369c2f4a - - default default] Unable to schedule network 0dfa8ab3-4610-4c6c-9e13-f0e31237710f: no agents available; will retry on subsequent port and subnet creation events.
2026-07-02 06:16:44.426 9 INFO neutron.db.ovn_revision_numbers_db [None req-d75e52b4-124f-437c-91a1-f8be40d24922 a85b1ab8069f438d96fd4430ba1d0bec a334b46b4150443bbb4824a0369c2f4a - - default default] Successfully bumped revision number for resource 75471dbc-0b34-4989-a55f-8299a353ba5a (type: ports) to 1
2026-07-02 06:16:44.447 10 INFO neutron.db.ovn_revision_numbers_db [None req-e655ca49-6f88-4a38-b5fe-59188f47b3ef a85b1ab8069f438d96fd4430ba1d0bec a334b46b4150443bbb4824a0369c2f4a - - default default] Successfully bumped revision number for resource b1dd5787-c2f5-41ef-8cf0-51d652a25b00 (type: ports) to 1
2026-07-02 06:16:44.451 9 INFO neutron.api.wsgi [None req-d75e52b4-124f-437c-91a1-f8be40d24922 a85b1ab8069f438d96fd4430ba1d0bec a334b46b4150443bbb4824a0369c2f4a - - default default] 10.0.0.211 "POST /v2.0/networks HTTP/1.1" status: 201 len: 946 time: 1.0417202
2026-07-02 06:16:44.490 10 WARNING neutron.scheduler.dhcp_agent_scheduler [None req-4351056b-a38b-41a5-b4fb-be67a8a00719 a85b1ab8069f438d96fd4430ba1d0bec a334b46b4150443bbb4824a0369c2f4a - - default default] No more DHCP agents
2026-07-02 06:16:44.494 10 WARNING neutron.api.rpc.agentnotifiers.dhcp_rpc_agent_api [None req-4351056b-a38b-41a5-b4fb-be67a8a00719 a85b1ab8069f438d96fd4430ba1d0bec a334b46b4150443bbb4824a0369c2f4a - - default default] Unable to schedule network d5fa5c43-294c-4a13-99f6-0ec5c94ac64a: no agents available; will retry on subsequent port and subnet creation events.
2026-07-02 06:16:44.597 10 INFO neutron.db.ovn_revision_numbers_db [None req-0eddddab-aa8c-4981-8e09-9959ca62effc - - - - - -] Successfully bumped revision number for resource 0adc86d6-aaa6-4d93-8009-7d6fd31cc155 (type: ports) to 4
2026-07-02 06:16:44.680 10 INFO neutron.db.ovn_revision_numbers_db [None req-4351056b-a38b-41a5-b4fb-be67a8a00719 a85b1ab8069f438d96fd4430ba1d0bec a334b46b4150443bbb4824a0369c2f4a - - default default] Successfully bumped revision number for resource 10e5c3c0-fd66-4d03-85a1-e4ed1c93d3c3 (type: ports) to 1
2026-07-02 06:16:44.808 9 INFO neutron.db.ovn_revision_numbers_db [None req-5979aff2-14b5-42e1-84fe-8a600edea6a3 - - - - - -] Successfully bumped revision number for resource 3957f440-b5b8-459e-81a1-d6c1c9822a5b (type: ports) to 4
2026-07-02 06:16:44.845 9 WARNING neutron.scheduler.dhcp_agent_scheduler [None req-69c7c0c8-f438-4108-996c-790d5b769a6b a85b1ab8069f438d96fd4430ba1d0bec a334b46b4150443bbb4824a0369c2f4a - - default default] No more DHCP agents
2026-07-02 06:16:44.855 9 WARNING neutron.api.rpc.agentnotifiers.dhcp_rpc_agent_api [None req-69c7c0c8-f438-4108-996c-790d5b769a6b a85b1ab8069f438d96fd4430ba1d0bec a334b46b4150443bbb4824a0369c2f4a - - default default] Unable to schedule network 0dfa8ab3-4610-4c6c-9e13-f0e31237710f: no agents available; will retry on subsequent port and subnet creation events.
2026-07-02 06:16:44.894 9 INFO neutron.api.wsgi [None req-0a8ef23f-a34e-41ea-84a7-8276d44335fc a85b1ab8069f438d96fd4430ba1d0bec a334b46b4150443bbb4824a0369c2f4a - - default default] 10.0.0.72 "GET /v2.0/floatingips HTTP/1.1" status: 200 len: 193 time: 0.1059499
2026-07-02 06:16:44.984 9 INFO neutron.api.wsgi [None req-bac2cbd2-b1e2-408f-9b28-201fd90f15d5 a85b1ab8069f438d96fd4430ba1d0bec a334b46b4150443bbb4824a0369c2f4a - - default default] 10.0.0.72 "GET /v2.0/security-groups HTTP/1.1" status: 200 len: 29174 time: 0.0844336
2026-07-02 06:16:45.022 9 WARNING neutron.scheduler.dhcp_agent_scheduler [None req-fa767ee4-c1e4-489d-88e5-f85cef271921 a85b1ab8069f438d96fd4430ba1d0bec a334b46b4150443bbb4824a0369c2f4a - - default default] No more DHCP agents
2026-07-02 06:16:45.028 9 WARNING neutron.api.rpc.agentnotifiers.dhcp_rpc_agent_api [None req-fa767ee4-c1e4-489d-88e5-f85cef271921 a85b1ab8069f438d96fd4430ba1d0bec a334b46b4150443bbb4824a0369c2f4a - - default default] Unable to schedule network ff9171bf-b9c0-4359-a459-8922f5d5a7b6: no agents available; will retry on subsequent port and subnet creation events.
2026-07-02 06:16:45.054 10 INFO neutron.db.ovn_revision_numbers_db [None req-0eddddab-aa8c-4981-8e09-9959ca62effc - - - - - -] Successfully bumped revision number for resource 0adc86d6-aaa6-4d93-8009-7d6fd31cc155 (type: ports) to 5
2026-07-02 06:16:45.073 9 INFO neutron.api.wsgi [None req-984b7bcf-652e-453d-a5bc-4d9bd9f68ede a85b1ab8069f438d96fd4430ba1d0bec a334b46b4150443bbb4824a0369c2f4a - - default default] 10.0.0.72 "GET /v2.0/ports HTTP/1.1" status: 200 len: 15771 time: 0.0756385
2026-07-02 06:16:45.112 9 INFO neutron.api.wsgi [None req-c8726821-442c-4e8b-abdd-9da0db69df4c a85b1ab8069f438d96fd4430ba1d0bec a334b46b4150443bbb4824a0369c2f4a - - default default] 10.0.0.72 "GET /v2.0/network-ip-availabilities HTTP/1.1" status: 200 len: 3220 time: 0.0284393
2026-07-02 06:16:45.220 9 INFO neutron.api.wsgi [None req-5822d2be-ab9a-48f9-b5c4-783e786e9404 a85b1ab8069f438d96fd4430ba1d0bec a334b46b4150443bbb4824a0369c2f4a - - default default] 10.0.0.72 "GET /v2.0/networks HTTP/1.1" status: 200 len: 5408 time: 0.1018910
2026-07-02 06:16:45.268 10 INFO neutron.db.ovn_revision_numbers_db [None req-e655ca49-6f88-4a38-b5fe-59188f47b3ef a85b1ab8069f438d96fd4430ba1d0bec a334b46b4150443bbb4824a0369c2f4a - - default default] Successfully bumped revision number for resource b1dd5787-c2f5-41ef-8cf0-51d652a25b00 (type: ports) to 1
2026-07-02 06:16:45.282 9 INFO neutron.api.wsgi [None req-906abc40-6935-48b7-98c7-1b9afb2dd38b a85b1ab8069f438d96fd4430ba1d0bec a334b46b4150443bbb4824a0369c2f4a - - default default] 10.0.0.72 "GET /v2.0/subnets HTTP/1.1" status: 200 len: 4222 time: 0.0588677
2026-07-02 06:16:45.314 9 INFO neutron.db.ovn_revision_numbers_db [None req-fa767ee4-c1e4-489d-88e5-f85cef271921 a85b1ab8069f438d96fd4430ba1d0bec a334b46b4150443bbb4824a0369c2f4a - - default default] Successfully bumped revision number for resource 3cebeafa-c088-4861-b86e-8972b3009d52 (type: ports) to 1
2026-07-02 06:16:45.329 10 WARNING neutron.scheduler.dhcp_agent_scheduler [None req-e655ca49-6f88-4a38-b5fe-59188f47b3ef a85b1ab8069f438d96fd4430ba1d0bec a334b46b4150443bbb4824a0369c2f4a - - default default] No more DHCP agents
2026-07-02 06:16:45.330 10 WARNING neutron.api.rpc.agentnotifiers.dhcp_rpc_agent_api [None req-e655ca49-6f88-4a38-b5fe-59188f47b3ef a85b1ab8069f438d96fd4430ba1d0bec a334b46b4150443bbb4824a0369c2f4a - - default default] Unable to schedule network 6c0d387e-7281-4435-aa29-ffdf893b976c: no agents available; will retry on subsequent port and subnet creation events.
2026-07-02 06:16:45.462 9 INFO neutron.api.wsgi [None req-e06868a8-290d-47a2-a7d3-38a81724c044 a85b1ab8069f438d96fd4430ba1d0bec a334b46b4150443bbb4824a0369c2f4a - - default default] 10.0.0.72 "GET /v2.0/routers HTTP/1.1" status: 200 len: 3098 time: 0.1765072
2026-07-02 06:16:45.475 10 INFO neutron.db.ovn_revision_numbers_db [None req-4351056b-a38b-41a5-b4fb-be67a8a00719 a85b1ab8069f438d96fd4430ba1d0bec a334b46b4150443bbb4824a0369c2f4a - - default default] Successfully bumped revision number for resource 10e5c3c0-fd66-4d03-85a1-e4ed1c93d3c3 (type: ports) to 1
2026-07-02 06:16:45.481 9 INFO neutron.api.wsgi [None req-8c2be7a0-59cc-4f08-bbf5-bb2fada7cdb1 a85b1ab8069f438d96fd4430ba1d0bec a334b46b4150443bbb4824a0369c2f4a - - default default] 10.0.0.72 "GET /v2.0/agents?binary=ovn-controller HTTP/1.1" status: 200 len: 591 time: 0.0164690
2026-07-02 06:16:45.522 9 INFO neutron.api.wsgi [None req-3c742ba0-8dda-4d9d-a0fe-0ef18d67a7a8 a85b1ab8069f438d96fd4430ba1d0bec a334b46b4150443bbb4824a0369c2f4a - - default default] 10.0.0.72 "GET /v2.0/agents HTTP/1.1" status: 200 len: 1390 time: 0.0392275
2026-07-02 06:16:45.544 10 WARNING neutron.scheduler.dhcp_agent_scheduler [None req-4351056b-a38b-41a5-b4fb-be67a8a00719 a85b1ab8069f438d96fd4430ba1d0bec a334b46b4150443bbb4824a0369c2f4a - - default default] No more DHCP agents
2026-07-02 06:16:45.545 10 WARNING neutron.api.rpc.agentnotifiers.dhcp_rpc_agent_api [None req-4351056b-a38b-41a5-b4fb-be67a8a00719 a85b1ab8069f438d96fd4430ba1d0bec a334b46b4150443bbb4824a0369c2f4a - - default default] Unable to schedule network d5fa5c43-294c-4a13-99f6-0ec5c94ac64a: no agents available; will retry on subsequent port and subnet creation events.
2026-07-02 06:16:45.584 9 INFO neutron.api.wsgi [None req-f2290206-02b9-443b-8458-c370920814f3 a85b1ab8069f438d96fd4430ba1d0bec a334b46b4150443bbb4824a0369c2f4a - - default default] 10.0.0.72 "GET /v2.0/subnets HTTP/1.1" status: 200 len: 4222 time: 0.0582538
2026-07-02 06:16:45.623 9 INFO neutron.api.wsgi [None req-8d631f6d-5cd4-4ea4-9123-a51be8410e70 a85b1ab8069f438d96fd4430ba1d0bec a334b46b4150443bbb4824a0369c2f4a - - default default] 10.0.0.72 "GET /v2.0/subnetpools HTTP/1.1" status: 200 len: 193 time: 0.0337348
2026-07-02 06:16:45.628 9 INFO neutron.db.ovn_revision_numbers_db [None req-5979aff2-14b5-42e1-84fe-8a600edea6a3 - - - - - -] Successfully bumped revision number for resource 3957f440-b5b8-459e-81a1-d6c1c9822a5b (type: ports) to 5
2026-07-02 06:16:45.751 9 INFO neutron.plugins.ml2.drivers.ovn.mech_driver.ovsdb.ovsdb_monitor [None req-5979aff2-14b5-42e1-84fe-8a600edea6a3 - - - - - -] Router e1344fb9-a97a-46c5-9df3-31bab7379aec is bound to host instance
2026-07-02 06:16:45.821 9 INFO neutron.db.ovn_revision_numbers_db [None req-823c375f-3e05-4a3c-b8e5-e7e68138ac73 - - - - - -] Successfully bumped revision number for resource 75471dbc-0b34-4989-a55f-8299a353ba5a (type: ports) to 2
2026-07-02 06:16:45.865 9 INFO neutron.db.ovn_revision_numbers_db [None req-823c375f-3e05-4a3c-b8e5-e7e68138ac73 - - - - - -] Successfully bumped revision number for resource 1de6034d-b265-41f0-af8d-35ed98d58363 (type: subnets) to 0
2026-07-02 06:16:45.886 9 INFO neutron.api.wsgi [None req-69c7c0c8-f438-4108-996c-790d5b769a6b a85b1ab8069f438d96fd4430ba1d0bec a334b46b4150443bbb4824a0369c2f4a - - default default] 10.0.0.211 "POST /v2.0/subnets HTTP/1.1" status: 201 len: 890 time: 1.4274180
2026-07-02 06:16:46.104 10 INFO neutron.db.ovn_revision_numbers_db [None req-e655ca49-6f88-4a38-b5fe-59188f47b3ef a85b1ab8069f438d96fd4430ba1d0bec a334b46b4150443bbb4824a0369c2f4a - - default default] Successfully bumped revision number for resource b1dd5787-c2f5-41ef-8cf0-51d652a25b00 (type: router_ports) to 1
2026-07-02 06:16:46.108 10 INFO neutron.api.wsgi [None req-e655ca49-6f88-4a38-b5fe-59188f47b3ef a85b1ab8069f438d96fd4430ba1d0bec a334b46b4150443bbb4824a0369c2f4a - - default default] 10.0.0.211 "PUT /v2.0/routers/1743b574-c674-4af2-9071-277155add58b/add_router_interface HTTP/1.1" status: 200 len: 503 time: 2.6112392
2026-07-02 06:16:46.207 10 INFO neutron.db.ovn_revision_numbers_db [None req-4351056b-a38b-41a5-b4fb-be67a8a00719 a85b1ab8069f438d96fd4430ba1d0bec a334b46b4150443bbb4824a0369c2f4a - - default default] Successfully bumped revision number for resource 10e5c3c0-fd66-4d03-85a1-e4ed1c93d3c3 (type: router_ports) to 1
2026-07-02 06:16:46.212 10 INFO neutron.api.wsgi [None req-4351056b-a38b-41a5-b4fb-be67a8a00719 a85b1ab8069f438d96fd4430ba1d0bec a334b46b4150443bbb4824a0369c2f4a - - default default] 10.0.0.211 "PUT /v2.0/routers/da6e4dfc-8642-4c8e-8d94-ed6df243c77f/add_router_interface HTTP/1.1" status: 200 len: 503 time: 2.4543180
2026-07-02 06:16:46.371 9 INFO neutron.plugins.ml2.drivers.ovn.mech_driver.mech_driver [None req-2b7917ce-dcbb-487c-8046-f16536c9effa - - - - - -] OVN reports status up for port: bb50664a-e5b7-40f4-8f0d-a7bfc1590277
2026-07-02 06:16:46.397 9 INFO neutron.plugins.ml2.plugin [None req-2b7917ce-dcbb-487c-8046-f16536c9effa - - - - - -] Attempt 1 to provision port bb50664a-e5b7-40f4-8f0d-a7bfc1590277
2026-07-02 06:16:46.481 9 INFO neutron.db.ovn_revision_numbers_db [None req-fa767ee4-c1e4-489d-88e5-f85cef271921 a85b1ab8069f438d96fd4430ba1d0bec a334b46b4150443bbb4824a0369c2f4a - - default default] Successfully bumped revision number for resource 3cebeafa-c088-4861-b86e-8972b3009d52 (type: ports) to 1
2026-07-02 06:16:46.500 9 INFO neutron.plugins.ml2.drivers.ovn.mech_driver.mech_driver [None req-2b7917ce-dcbb-487c-8046-f16536c9effa - - - - - -] OVN reports status up for port: b1dd5787-c2f5-41ef-8cf0-51d652a25b00
2026-07-02 06:16:46.515 9 INFO neutron.plugins.ml2.plugin [None req-2b7917ce-dcbb-487c-8046-f16536c9effa - - - - - -] Attempt 1 to provision port b1dd5787-c2f5-41ef-8cf0-51d652a25b00
2026-07-02 06:16:46.529 9 INFO neutron.db.ovn_revision_numbers_db [None req-30516c09-6ad8-4229-8c7d-3c4e769641c4 - - - - - -] Successfully bumped revision number for resource bb50664a-e5b7-40f4-8f0d-a7bfc1590277 (type: ports) to 1
2026-07-02 06:16:46.601 9 WARNING neutron.scheduler.dhcp_agent_scheduler [None req-fa767ee4-c1e4-489d-88e5-f85cef271921 a85b1ab8069f438d96fd4430ba1d0bec a334b46b4150443bbb4824a0369c2f4a - - default default] No more DHCP agents
2026-07-02 06:16:46.606 9 WARNING neutron.api.rpc.agentnotifiers.dhcp_rpc_agent_api [None req-fa767ee4-c1e4-489d-88e5-f85cef271921 a85b1ab8069f438d96fd4430ba1d0bec a334b46b4150443bbb4824a0369c2f4a - - default default] Unable to schedule network ff9171bf-b9c0-4359-a459-8922f5d5a7b6: no agents available; will retry on subsequent port and subnet creation events.
2026-07-02 06:16:46.667 10 WARNING neutron_lib.context [None req-415fac41-4f99-4ae1-a47b-53a5b739b401 915cc4710e2547b08ecfc9f3a5b05ca4 77ef3a2b18894b50a7469182e5db9071 - - default default] Method 'is_advsvc' is deprecated since 2023.2 release (neutron-lib 3.8.0) and will be removed once support for the old RBAC API policies will be removed from Neutron. Please use method 'is_service_role' instead.
2026-07-02 06:16:46.765 10 INFO neutron.db.ovn_revision_numbers_db [None req-415fac41-4f99-4ae1-a47b-53a5b739b401 915cc4710e2547b08ecfc9f3a5b05ca4 77ef3a2b18894b50a7469182e5db9071 - - default default] Successfully bumped revision number for resource 6a6dfd73-1dcd-4c45-a48c-76a758e68061 (type: security_groups) to 1
2026-07-02 06:16:46.769 9 WARNING neutron.scheduler.dhcp_agent_scheduler [None req-edd805cf-8c0c-47d0-ae51-280b53e7e79a a85b1ab8069f438d96fd4430ba1d0bec a334b46b4150443bbb4824a0369c2f4a - - default default] No more DHCP agents
2026-07-02 06:16:46.775 9 WARNING neutron.api.rpc.agentnotifiers.dhcp_rpc_agent_api [None req-edd805cf-8c0c-47d0-ae51-280b53e7e79a a85b1ab8069f438d96fd4430ba1d0bec a334b46b4150443bbb4824a0369c2f4a - - default default] Unable to schedule network e86a7062-e67c-434c-bb27-d2c9de8f3d6e: no agents available; will retry on subsequent port and subnet creation events.
2026-07-02 06:16:46.776 10 INFO neutron.db.ovn_revision_numbers_db [None req-415fac41-4f99-4ae1-a47b-53a5b739b401 915cc4710e2547b08ecfc9f3a5b05ca4 77ef3a2b18894b50a7469182e5db9071 - - default default] Successfully bumped revision number for resource 0d5f157e-c18c-4a37-9885-0c0c4b83a535 (type: security_group_rules) to 0
2026-07-02 06:16:46.786 10 INFO neutron.db.ovn_revision_numbers_db [None req-415fac41-4f99-4ae1-a47b-53a5b739b401 915cc4710e2547b08ecfc9f3a5b05ca4 77ef3a2b18894b50a7469182e5db9071 - - default default] Successfully bumped revision number for resource b8b345c5-987b-428d-bd6a-b64137530551 (type: security_group_rules) to 0
2026-07-02 06:16:46.816 10 INFO neutron.api.wsgi [None req-415fac41-4f99-4ae1-a47b-53a5b739b401 915cc4710e2547b08ecfc9f3a5b05ca4 77ef3a2b18894b50a7469182e5db9071 - - default default] 10.0.0.211 "POST /v2.0/security-groups HTTP/1.1" status: 201 len: 1861 time: 0.1533401
