2026-07-02 06:18:11.296 10 INFO neutron.db.l3_db [req-dda72273-bb47-4f80-90dc-17b0adf578b1 req-c5b43168-bb07-4d1b-a4c6-f159f29451a4 deb7a785663a4889a5e6d726701aef2d 35a6b7a627e34620a6d45246fb4090f6 - - default default] Floating IP 5d3b88b1-04b1-460e-9ed0-f2556e6701af disassociated. External IP: 10.96.250.217, port: 02ded4ea-c5a3-4c0d-9d88-f9071bd9f5dd.
2026-07-02 06:18:11.424 9 INFO neutron.db.ovn_revision_numbers_db [None req-c7d04b78-1f61-49b6-b1eb-863084b4a44b a85b1ab8069f438d96fd4430ba1d0bec a334b46b4150443bbb4824a0369c2f4a - - default default] Successfully bumped revision number for resource e0d71627-bdef-4bf5-9ba5-ed9944406a4b (type: ports) to 1
2026-07-02 06:18:11.435 10 INFO neutron.services.segments.plugin [-] Segment 6f43c4eb-820c-4bed-8bd3-e3e67d2300cb resource provider aggregate not found
2026-07-02 06:18:11.442 10 INFO neutron.services.segments.plugin [-] Segment 6f43c4eb-820c-4bed-8bd3-e3e67d2300cb resource provider aggregate not found
2026-07-02 06:18:11.450 10 INFO neutron.api.wsgi [req-dda72273-bb47-4f80-90dc-17b0adf578b1 req-c5b43168-bb07-4d1b-a4c6-f159f29451a4 deb7a785663a4889a5e6d726701aef2d 35a6b7a627e34620a6d45246fb4090f6 - - default default] 199.204.45.38 "DELETE /v2.0/ports/02ded4ea-c5a3-4c0d-9d88-f9071bd9f5dd HTTP/1.1" status: 204 len: 173 time: 0.6274745
2026-07-02 06:18:11.454 10 INFO neutron.services.segments.plugin [-] Segment 6f43c4eb-820c-4bed-8bd3-e3e67d2300cb resource provider not found; error: Placement Client Error (4xx): {"errors": [{"status": 404, "title": "Not Found", "detail": "The resource could not be found.\n\n No resource provider with uuid 6f43c4eb-820c-4bed-8bd3-e3e67d2300cb found for delete ", "request_id": "req-de815d4f-67f9-419a-8010-a9f5776be02d"}]}
2026-07-02 06:18:11.470 10 INFO neutron.services.segments.plugin [-] Segment 6f43c4eb-820c-4bed-8bd3-e3e67d2300cb resource provider not found; error: Placement Client Error (4xx): {"errors": [{"status": 404, "title": "Not Found", "detail": "The resource could not be found.\n\n No resource provider with uuid 6f43c4eb-820c-4bed-8bd3-e3e67d2300cb found for delete ", "request_id": "req-ebb3e2e0-c820-4e33-8c7b-20f7a34a0674"}]}
2026-07-02 06:18:11.486 10 INFO neutron.notifiers.nova [-] Nova event matching ['req-055717f2-92f6-4436-873d-91140cbfad15'] response: {'server_uuid': '80191274-c6de-4cfb-8e8a-421fe9d6e0bd', 'name': 'network-vif-deleted', 'tag': '02ded4ea-c5a3-4c0d-9d88-f9071bd9f5dd', 'status': 'completed', 'code': 200}
2026-07-02 06:18:11.537 10 INFO neutron.db.ovn_revision_numbers_db [None req-7454fb55-f7db-4498-87c2-bb31bc74fbe2 bc0e204bb70e470a9dae6a19661b7708 00987951fb9842a399d5e2112693b171 - - default default] Successfully bumped revision number for resource f427da20-e3d3-44c8-80d3-1102b21e604d (type: ports) to 2
2026-07-02 06:18:11.909 10 INFO neutron.db.ovn_revision_numbers_db [None req-7454fb55-f7db-4498-87c2-bb31bc74fbe2 bc0e204bb70e470a9dae6a19661b7708 00987951fb9842a399d5e2112693b171 - - default default] Successfully bumped revision number for resource f427da20-e3d3-44c8-80d3-1102b21e604d (type: ports) to 2
2026-07-02 06:18:11.926 9 INFO neutron.plugins.ml2.drivers.ovn.mech_driver.ovsdb.commands [None req-ab4ddfc8-1ad0-4a6e-8774-a0202603a022 - - - - - -] Schedule LRP lrp-e0d71627-bdef-4bf5-9ba5-ed9944406a4b on gateway 1983e303-f738-44ed-9038-45e2ff220e1e with priority 1
2026-07-02 06:18:11.955 10 INFO neutron.plugins.ml2.drivers.ovn.mech_driver.ovsdb.ovsdb_monitor [None req-44e09814-64de-4480-b55e-8279c9a50758 - - - - - -] Router 8a08c570-3eb3-4e47-8c04-3624f2d1e285 is bound to host instance
2026-07-02 06:18:11.969 9 INFO neutron.db.ovn_revision_numbers_db [None req-c7d04b78-1f61-49b6-b1eb-863084b4a44b a85b1ab8069f438d96fd4430ba1d0bec a334b46b4150443bbb4824a0369c2f4a - - default default] Successfully bumped revision number for resource e0d71627-bdef-4bf5-9ba5-ed9944406a4b (type: router_ports) to 1
2026-07-02 06:18:11.984 10 WARNING neutron.scheduler.dhcp_agent_scheduler [None req-7454fb55-f7db-4498-87c2-bb31bc74fbe2 bc0e204bb70e470a9dae6a19661b7708 00987951fb9842a399d5e2112693b171 - - default default] No more DHCP agents
2026-07-02 06:18:11.986 10 WARNING neutron.api.rpc.agentnotifiers.dhcp_rpc_agent_api [None req-7454fb55-f7db-4498-87c2-bb31bc74fbe2 bc0e204bb70e470a9dae6a19661b7708 00987951fb9842a399d5e2112693b171 - - default default] Unable to schedule network 526d0767-a321-4bda-866a-392872a1c1ef: no agents available; will retry on subsequent port and subnet creation events.
2026-07-02 06:18:12.032 9 INFO neutron.db.ovn_revision_numbers_db [None req-c7d04b78-1f61-49b6-b1eb-863084b4a44b a85b1ab8069f438d96fd4430ba1d0bec a334b46b4150443bbb4824a0369c2f4a - - default default] Successfully bumped revision number for resource 8a08c570-3eb3-4e47-8c04-3624f2d1e285 (type: routers) to 2
2026-07-02 06:18:12.049 9 INFO neutron.api.wsgi [None req-c7d04b78-1f61-49b6-b1eb-863084b4a44b a85b1ab8069f438d96fd4430ba1d0bec a334b46b4150443bbb4824a0369c2f4a - - default default] 10.0.0.211 "POST /v2.0/routers HTTP/1.1" status: 201 len: 1164 time: 1.1383963
2026-07-02 06:18:12.202 10 INFO neutron.db.ovn_revision_numbers_db [None req-7454fb55-f7db-4498-87c2-bb31bc74fbe2 bc0e204bb70e470a9dae6a19661b7708 00987951fb9842a399d5e2112693b171 - - default default] Successfully bumped revision number for resource f427da20-e3d3-44c8-80d3-1102b21e604d (type: router_ports) to 2
2026-07-02 06:18:12.213 10 INFO neutron.api.wsgi [None req-7454fb55-f7db-4498-87c2-bb31bc74fbe2 bc0e204bb70e470a9dae6a19661b7708 00987951fb9842a399d5e2112693b171 - - default default] 10.0.0.211 "PUT /v2.0/routers/bcab64c0-1445-49a5-926f-369ba3f9d943/add_router_interface HTTP/1.1" status: 200 len: 503 time: 1.2435813 /var/lib/openstack/lib/python3.12/site-packages/pycadf/identifier.py:71: UserWarning: Invalid uuid: neutron. To ensure interoperability, identifiers should be a valid uuid. warnings.warn(('Invalid uuid: %s. To ensure interoperability, '
2026-07-02 06:18:12.264 10 INFO neutron.api.wsgi [req-1fb0d4bc-15fa-46b1-a22e-52ccaa6d413a req-eadc185b-b1a8-4a60-8dae-d56d3b65c8ab deb7a785663a4889a5e6d726701aef2d 35a6b7a627e34620a6d45246fb4090f6 - - default default] 10.0.0.201 "GET /v2.0/ports?device_id=80191274-c6de-4cfb-8e8a-421fe9d6e0bd HTTP/1.1" status: 200 len: 210 time: 0.0193131
2026-07-02 06:18:12.273 10 INFO neutron.api.wsgi [None req-904dbcf3-3113-4c66-9114-d0587b44de63 bc0e204bb70e470a9dae6a19661b7708 00987951fb9842a399d5e2112693b171 - - default default] 10.0.0.211 "GET /v2.0/ports/f427da20-e3d3-44c8-80d3-1102b21e604d HTTP/1.1" status: 200 len: 1219 time: 0.0547183
2026-07-02 06:18:12.557 9 WARNING neutron.scheduler.dhcp_agent_scheduler [None req-59a5cce5-5d80-4e88-b4f5-7a1c66172c16 a85b1ab8069f438d96fd4430ba1d0bec a334b46b4150443bbb4824a0369c2f4a - - default default] No more DHCP agents
2026-07-02 06:18:12.558 9 WARNING neutron.api.rpc.agentnotifiers.dhcp_rpc_agent_api [None req-59a5cce5-5d80-4e88-b4f5-7a1c66172c16 a85b1ab8069f438d96fd4430ba1d0bec a334b46b4150443bbb4824a0369c2f4a - - default default] Unable to schedule network a7017af8-425f-4f84-84e4-e34ded1eff8e: no agents available; will retry on subsequent port and subnet creation events.
2026-07-02 06:18:12.661 9 INFO neutron.db.ovn_revision_numbers_db [None req-59a5cce5-5d80-4e88-b4f5-7a1c66172c16 a85b1ab8069f438d96fd4430ba1d0bec a334b46b4150443bbb4824a0369c2f4a - - default default] Successfully bumped revision number for resource ea7386d7-ea87-4597-a5d9-38c44a57bfbf (type: ports) to 1
2026-07-02 06:18:12.737 9 WARNING neutron.plugins.ml2.drivers.ovn.mech_driver.ovsdb.ovn_client [None req-1a1fd3de-3fd4-4804-81c7-d1b13a3c76d4 - - - - - -] No port found with ID 840fd1c2-da5e-45c7-800a-e493b3088966: RuntimeError: No port found with ID 840fd1c2-da5e-45c7-800a-e493b3088966
2026-07-02 06:18:12.750 9 INFO neutron.plugins.ml2.drivers.ovn.mech_driver.mech_driver [None req-1a1fd3de-3fd4-4804-81c7-d1b13a3c76d4 - - - - - -] OVN reports status down for port: 6b738a7e-5d8e-472d-81f9-b9f89e012ec8
2026-07-02 06:18:12.767 9 INFO neutron.plugins.ml2.drivers.ovn.mech_driver.mech_driver [None req-1a1fd3de-3fd4-4804-81c7-d1b13a3c76d4 - - - - - -] OVN reports status down for port: 02ded4ea-c5a3-4c0d-9d88-f9071bd9f5dd
2026-07-02 06:18:12.776 9 INFO neutron.plugins.ml2.drivers.ovn.mech_driver.mech_driver [None req-1a1fd3de-3fd4-4804-81c7-d1b13a3c76d4 - - - - - -] OVN reports status up for port: f427da20-e3d3-44c8-80d3-1102b21e604d
2026-07-02 06:18:12.793 9 INFO neutron.plugins.ml2.plugin [None req-1a1fd3de-3fd4-4804-81c7-d1b13a3c76d4 - - - - - -] Attempt 1 to provision port f427da20-e3d3-44c8-80d3-1102b21e604d
2026-07-02 06:18:12.812 10 INFO neutron.db.ovn_revision_numbers_db [None req-c1126e62-13f4-442e-b0d0-f9fdfedebcec - - - - - -] Successfully bumped revision number for resource e0d71627-bdef-4bf5-9ba5-ed9944406a4b (type: ports) to 1
2026-07-02 06:18:13.119 10 INFO neutron.api.wsgi [None req-ea038331-dfd5-4726-ad5d-b97a43af0339 bc0e204bb70e470a9dae6a19661b7708 00987951fb9842a399d5e2112693b171 - - default default] 10.0.0.211 "PUT /v2.0/routers/bcab64c0-1445-49a5-926f-369ba3f9d943/remove_router_interface HTTP/1.1" status: 200 len: 503 time: 0.8354237
2026-07-02 06:18:13.192 9 INFO neutron.api.v2.resource [None req-07e861c1-010e-4bc2-9686-9f85d1ec7ada bc0e204bb70e470a9dae6a19661b7708 00987951fb9842a399d5e2112693b171 - - default default] remove_router_interface failed (client error): The resource could not be found.
2026-07-02 06:18:13.193 9 INFO neutron.api.wsgi [None req-07e861c1-010e-4bc2-9686-9f85d1ec7ada bc0e204bb70e470a9dae6a19661b7708 00987951fb9842a399d5e2112693b171 - - default default] 10.0.0.211 "PUT /v2.0/routers/bcab64c0-1445-49a5-926f-369ba3f9d943/remove_router_interface HTTP/1.1" status: 404 len: 398 time: 0.0683157 /var/lib/openstack/lib/python3.12/site-packages/pycadf/identifier.py:71: UserWarning: Invalid uuid: neutron. To ensure interoperability, identifiers should be a valid uuid. warnings.warn(('Invalid uuid: %s. To ensure interoperability, '
2026-07-02 06:18:13.219 10 INFO neutron.api.wsgi [None req-279f2e21-8f17-4919-b49c-68e0240904fc bc0e204bb70e470a9dae6a19661b7708 00987951fb9842a399d5e2112693b171 - - default default] 10.0.0.211 "GET /v2.0/ports?device_id=bcab64c0-1445-49a5-926f-369ba3f9d943 HTTP/1.1" status: 200 len: 205 time: 0.0157180
2026-07-02 06:18:13.242 10 INFO neutron.db.ovn_revision_numbers_db [None req-c1126e62-13f4-442e-b0d0-f9fdfedebcec - - - - - -] Successfully bumped revision number for resource e0d71627-bdef-4bf5-9ba5-ed9944406a4b (type: ports) to 4
2026-07-02 06:18:13.260 10 INFO neutron.plugins.ml2.drivers.ovn.mech_driver.mech_driver [None req-42410406-3001-4d78-ab70-d6020ff6773e - - - - - -] OVN reports status up for port: ea7386d7-ea87-4597-a5d9-38c44a57bfbf
2026-07-02 06:18:13.275 10 INFO neutron.plugins.ml2.plugin [None req-42410406-3001-4d78-ab70-d6020ff6773e - - - - - -] Attempt 1 to provision port ea7386d7-ea87-4597-a5d9-38c44a57bfbf
2026-07-02 06:18:13.294 9 INFO neutron.db.ovn_revision_numbers_db [None req-59a5cce5-5d80-4e88-b4f5-7a1c66172c16 a85b1ab8069f438d96fd4430ba1d0bec a334b46b4150443bbb4824a0369c2f4a - - default default] Successfully bumped revision number for resource ea7386d7-ea87-4597-a5d9-38c44a57bfbf (type: ports) to 1
2026-07-02 06:18:13.364 9 INFO neutron.db.ovn_revision_numbers_db [None req-c04c3417-3e5a-4cbc-a93d-a096ff290422 a85b1ab8069f438d96fd4430ba1d0bec a334b46b4150443bbb4824a0369c2f4a - - default default] Successfully bumped revision number for resource 905093da-5403-4a0b-892a-8b43dd04cb20 (type: security_groups) to 1
2026-07-02 06:18:13.365 9 WARNING neutron.scheduler.dhcp_agent_scheduler [None req-59a5cce5-5d80-4e88-b4f5-7a1c66172c16 a85b1ab8069f438d96fd4430ba1d0bec a334b46b4150443bbb4824a0369c2f4a - - default default] No more DHCP agents
2026-07-02 06:18:13.367 9 WARNING neutron.api.rpc.agentnotifiers.dhcp_rpc_agent_api [None req-59a5cce5-5d80-4e88-b4f5-7a1c66172c16 a85b1ab8069f438d96fd4430ba1d0bec a334b46b4150443bbb4824a0369c2f4a - - default default] Unable to schedule network a7017af8-425f-4f84-84e4-e34ded1eff8e: no agents available; will retry on subsequent port and subnet creation events.
2026-07-02 06:18:13.382 10 INFO neutron.api.wsgi [req-8b91e04c-77a9-4278-ade5-ac0e0dae3421 req-795940d0-c946-4481-9c7c-ca7a8b61475d deb7a785663a4889a5e6d726701aef2d 35a6b7a627e34620a6d45246fb4090f6 - - default default] 10.0.0.201 "GET /v2.0/ports?device_id=80191274-c6de-4cfb-8e8a-421fe9d6e0bd HTTP/1.1" status: 200 len: 210 time: 0.0337424
2026-07-02 06:18:13.385 9 INFO neutron.db.ovn_revision_numbers_db [None req-c04c3417-3e5a-4cbc-a93d-a096ff290422 a85b1ab8069f438d96fd4430ba1d0bec a334b46b4150443bbb4824a0369c2f4a - - default default] Successfully bumped revision number for resource 4c96a521-9158-4352-b087-7f9e45403a7e (type: security_group_rules) to 0
2026-07-02 06:18:13.405 9 INFO neutron.db.ovn_revision_numbers_db [None req-c04c3417-3e5a-4cbc-a93d-a096ff290422 a85b1ab8069f438d96fd4430ba1d0bec a334b46b4150443bbb4824a0369c2f4a - - default default] Successfully bumped revision number for resource 53ce4457-9bd1-4b41-b47f-9abebcc45ff8 (type: security_group_rules) to 0
2026-07-02 06:18:13.422 9 INFO neutron.db.ovn_revision_numbers_db [None req-c04c3417-3e5a-4cbc-a93d-a096ff290422 a85b1ab8069f438d96fd4430ba1d0bec a334b46b4150443bbb4824a0369c2f4a - - default default] Successfully bumped revision number for resource 66f8343f-7281-440d-a2a9-d7cb4ac0a68d (type: security_group_rules) to 0
2026-07-02 06:18:13.439 9 INFO neutron.db.ovn_revision_numbers_db [None req-c04c3417-3e5a-4cbc-a93d-a096ff290422 a85b1ab8069f438d96fd4430ba1d0bec a334b46b4150443bbb4824a0369c2f4a - - default default] Successfully bumped revision number for resource e865d51a-87c8-4da3-9f0d-a79769cf7d7d (type: security_group_rules) to 0
2026-07-02 06:18:13.445 9 ERROR ovsdbapp.backend.ovs_idl.command [None req-1a1fd3de-3fd4-4804-81c7-d1b13a3c76d4 - - - - - -] Error executing command (LspGetUpCommand): ovsdbapp.backend.ovs_idl.idlutils.RowNotFound: Cannot find Logical_Switch_Port with name=f427da20-e3d3-44c8-80d3-1102b21e604d
2026-07-02 06:18:13.445 9 ERROR ovsdbapp.backend.ovs_idl.command
Traceback (most recent call last):
2026-07-02 06:18:13.445 9 ERROR ovsdbapp.backend.ovs_idl.command
File "/var/lib/openstack/lib/python3.12/site-packages/ovsdbapp/backend/ovs_idl/command.py", line 47, in execute
2026-07-02 06:18:13.445 9 ERROR ovsdbapp.backend.ovs_idl.command self.run_idl(None)
2026-07-02 06:18:13.445 9 ERROR ovsdbapp.backend.ovs_idl.command
File "/var/lib/openstack/lib/python3.12/site-packages/ovsdbapp/schema/ovn_northbound/commands.py", line 679, in run_idl
2026-07-02 06:18:13.445 9 ERROR ovsdbapp.backend.ovs_idl.command lsp = self.api.lookup('Logical_Switch_Port', self.port)
2026-07-02 06:18:13.445 9 ERROR ovsdbapp.backend.ovs_idl.command ^^^^^^^^^^^^^^^^^^^^^^^^^^^^^^^^^^^^^^^^^^^^^^^^^
2026-07-02 06:18:13.445 9 ERROR ovsdbapp.backend.ovs_idl.command
File "/var/lib/openstack/lib/python3.12/site-packages/ovsdbapp/backend/ovs_idl/__init__.py", line 184, in lookup
2026-07-02 06:18:13.445 9 ERROR ovsdbapp.backend.ovs_idl.command return self._lookup(table, record)
2026-07-02 06:18:13.445 9 ERROR ovsdbapp.backend.ovs_idl.command ^^^^^^^^^^^^^^^^^^^^^^^^^^^
2026-07-02 06:18:13.445 9 ERROR ovsdbapp.backend.ovs_idl.command
File "/var/lib/openstack/lib/python3.12/site-packages/ovsdbapp/backend/ovs_idl/__init__.py", line 235, in _lookup
2026-07-02 06:18:13.445 9 ERROR ovsdbapp.backend.ovs_idl.command row = idlutils.row_by_value(self, rl.table, rl.column, record)
2026-07-02 06:18:13.445 9 ERROR ovsdbapp.backend.ovs_idl.command ^^^^^^^^^^^^^^^^^^^^^^^^^^^^^^^^^^^^^^^^^^^^^^^^^^^^^^^^
2026-07-02 06:18:13.445 9 ERROR ovsdbapp.backend.ovs_idl.command
File "/var/lib/openstack/lib/python3.12/site-packages/ovsdbapp/backend/ovs_idl/idlutils.py", line 114, in row_by_value
2026-07-02 06:18:13.445 9 ERROR ovsdbapp.backend.ovs_idl.command raise RowNotFound(table=table, col=column, match=match)
2026-07-02 06:18:13.445 9 ERROR ovsdbapp.backend.ovs_idl.command ovsdbapp.backend.ovs_idl.idlutils.RowNotFound: Cannot find Logical_Switch_Port with name=f427da20-e3d3-44c8-80d3-1102b21e604d
2026-07-02 06:18:13.445 9 ERROR ovsdbapp.backend.ovs_idl.command
2026-07-02 06:18:13.446 9 ERROR ovsdbapp.event [None req-1a1fd3de-3fd4-4804-81c7-d1b13a3c76d4 - - - - - -] Unexpected exception in notify_loop: ovsdbapp.backend.ovs_idl.idlutils.RowNotFound: Cannot find Logical_Switch_Port with name=f427da20-e3d3-44c8-80d3-1102b21e604d
2026-07-02 06:18:13.446 9 ERROR ovsdbapp.event
Traceback (most recent call last):
2026-07-02 06:18:13.446 9 ERROR ovsdbapp.event
File "/var/lib/openstack/lib/python3.12/site-packages/ovsdbapp/event.py", line 177, in notify_loop
2026-07-02 06:18:13.446 9 ERROR ovsdbapp.event match.run(event, row, updates)
2026-07-02 06:18:13.446 9 ERROR ovsdbapp.event
File "/var/lib/openstack/lib/python3.12/site-packages/neutron/plugins/ml2/drivers/ovn/mech_driver/ovsdb/ovsdb_monitor.py", line 511, in run
2026-07-02 06:18:13.446 9 ERROR ovsdbapp.event self.driver.set_port_status_up(row.name)
2026-07-02 06:18:13.446 9 ERROR ovsdbapp.event
File "/var/lib/openstack/lib/python3.12/site-packages/neutron/plugins/ml2/drivers/ovn/mech_driver/mech_driver.py", line 1286, in set_port_status_up
2026-07-02 06:18:13.446 9 ERROR ovsdbapp.event self._ovn_client.update_lsp_host_info(admin_context, db_port)
2026-07-02 06:18:13.446 9 ERROR ovsdbapp.event
File "/var/lib/openstack/lib/python3.12/site-packages/neutron/plugins/ml2/drivers/ovn/mech_driver/ovsdb/ovn_client.py", line 314, in update_lsp_host_info
2026-07-02 06:18:13.446 9 ERROR ovsdbapp.event port_up = self._nb_idl.lsp_get_up(db_port.id).execute(
2026-07-02 06:18:13.446 9 ERROR ovsdbapp.event ^^^^^^^^^^^^^^^^^^^^^^^^^^^^^^^^^^^^^^^^^^^^
2026-07-02 06:18:13.446 9 ERROR ovsdbapp.event
File "/var/lib/openstack/lib/python3.12/site-packages/ovsdbapp/backend/ovs_idl/command.py", line 47, in execute
2026-07-02 06:18:13.446 9 ERROR ovsdbapp.event self.run_idl(None)
2026-07-02 06:18:13.446 9 ERROR ovsdbapp.event
File "/var/lib/openstack/lib/python3.12/site-packages/ovsdbapp/schema/ovn_northbound/commands.py", line 679, in run_idl
2026-07-02 06:18:13.446 9 ERROR ovsdbapp.event lsp = self.api.lookup('Logical_Switch_Port', self.port)
2026-07-02 06:18:13.446 9 ERROR ovsdbapp.event ^^^^^^^^^^^^^^^^^^^^^^^^^^^^^^^^^^^^^^^^^^^^^^^^^
2026-07-02 06:18:13.446 9 ERROR ovsdbapp.event
File "/var/lib/openstack/lib/python3.12/site-packages/ovsdbapp/backend/ovs_idl/__init__.py", line 184, in lookup
2026-07-02 06:18:13.446 9 ERROR ovsdbapp.event return self._lookup(table, record)
2026-07-02 06:18:13.446 9 ERROR ovsdbapp.event ^^^^^^^^^^^^^^^^^^^^^^^^^^^
2026-07-02 06:18:13.446 9 ERROR ovsdbapp.event
File "/var/lib/openstack/lib/python3.12/site-packages/ovsdbapp/backend/ovs_idl/__init__.py", line 235, in _lookup
2026-07-02 06:18:13.446 9 ERROR ovsdbapp.event row = idlutils.row_by_value(self, rl.table, rl.column, record)
2026-07-02 06:18:13.446 9 ERROR ovsdbapp.event ^^^^^^^^^^^^^^^^^^^^^^^^^^^^^^^^^^^^^^^^^^^^^^^^^^^^^^^^
2026-07-02 06:18:13.446 9 ERROR ovsdbapp.event
File "/var/lib/openstack/lib/python3.12/site-packages/ovsdbapp/backend/ovs_idl/idlutils.py", line 114, in row_by_value
2026-07-02 06:18:13.446 9 ERROR ovsdbapp.event raise RowNotFound(table=table, col=column, match=match)
2026-07-02 06:18:13.446 9 ERROR ovsdbapp.event ovsdbapp.backend.ovs_idl.idlutils.RowNotFound: Cannot find Logical_Switch_Port with name=f427da20-e3d3-44c8-80d3-1102b21e604d
2026-07-02 06:18:13.446 9 ERROR ovsdbapp.event
2026-07-02 06:18:13.448 9 INFO neutron.plugins.ml2.drivers.ovn.mech_driver.mech_driver [None req-1a1fd3de-3fd4-4804-81c7-d1b13a3c76d4 - - - - - -] OVN reports status up for port: e0d71627-bdef-4bf5-9ba5-ed9944406a4b
2026-07-02 06:18:13.470 9 INFO neutron.plugins.ml2.plugin [None req-1a1fd3de-3fd4-4804-81c7-d1b13a3c76d4 - - - - - -] Attempt 1 to provision port e0d71627-bdef-4bf5-9ba5-ed9944406a4b
2026-07-02 06:18:13.484 10 INFO neutron.api.wsgi [None req-97b7ee25-8fa1-4927-9db0-f5d2c240aeec bc0e204bb70e470a9dae6a19661b7708 00987951fb9842a399d5e2112693b171 - - default default] 10.0.0.211 "DELETE /v2.0/routers/bcab64c0-1445-49a5-926f-369ba3f9d943 HTTP/1.1" status: 204 len: 168 time: 0.2579136
2026-07-02 06:18:13.496 9 INFO neutron.api.wsgi [None req-c04c3417-3e5a-4cbc-a93d-a096ff290422 a85b1ab8069f438d96fd4430ba1d0bec a334b46b4150443bbb4824a0369c2f4a - - default default] 10.0.0.211 "GET /v2.0/security-groups?tenant_id=c54b6735d6264039820753a1f10b70b8&name=default HTTP/1.1" status: 200 len: 3120 time: 0.3975625
2026-07-02 06:18:13.687 10 INFO neutron.api.wsgi [None req-c3065fd7-097c-4cd9-9d43-a134f89cf1b1 bc0e204bb70e470a9dae6a19661b7708 00987951fb9842a399d5e2112693b171 - - default default] 10.0.0.211 "DELETE /v2.0/subnets/7f2ac3fa-be30-44c5-9007-65a062901f2f HTTP/1.1" status: 204 len: 168 time: 0.1961930
2026-07-02 06:18:13.696 10 INFO neutron.db.ovn_revision_numbers_db [None req-c1126e62-13f4-442e-b0d0-f9fdfedebcec - - - - - -] Successfully bumped revision number for resource e0d71627-bdef-4bf5-9ba5-ed9944406a4b (type: ports) to 5
2026-07-02 06:18:13.752 9 INFO neutron.api.wsgi [None req-10e0dff6-a2cc-4f2a-9029-bf5e05cbcdd8 a85b1ab8069f438d96fd4430ba1d0bec a334b46b4150443bbb4824a0369c2f4a - - default default] 10.0.0.211 "DELETE /v2.0/security-groups/905093da-5403-4a0b-892a-8b43dd04cb20 HTTP/1.1" status: 204 len: 168 time: 0.2513089
2026-07-02 06:18:13.770 10 INFO neutron.db.ovn_revision_numbers_db [None req-42410406-3001-4d78-ab70-d6020ff6773e - - - - - -] Successfully bumped revision number for resource ea7386d7-ea87-4597-a5d9-38c44a57bfbf (type: ports) to 2
2026-07-02 06:18:13.919 9 INFO neutron.db.ovn_revision_numbers_db [None req-59a5cce5-5d80-4e88-b4f5-7a1c66172c16 a85b1ab8069f438d96fd4430ba1d0bec a334b46b4150443bbb4824a0369c2f4a - - default default] Successfully bumped revision number for resource ea7386d7-ea87-4597-a5d9-38c44a57bfbf (type: router_ports) to 1
2026-07-02 06:18:13.924 9 INFO neutron.api.wsgi [None req-59a5cce5-5d80-4e88-b4f5-7a1c66172c16 a85b1ab8069f438d96fd4430ba1d0bec a334b46b4150443bbb4824a0369c2f4a - - default default] 10.0.0.211 "PUT /v2.0/routers/8a08c570-3eb3-4e47-8c04-3624f2d1e285/add_router_interface HTTP/1.1" status: 200 len: 503 time: 1.8695214
2026-07-02 06:18:14.023 10 INFO neutron.services.segments.plugin [-] Segment e3f2c5f8-6a94-47f5-9256-7a971a69f0d1 resource provider aggregate not found
2026-07-02 06:18:14.027 10 INFO neutron.services.segments.plugin [-] Segment e3f2c5f8-6a94-47f5-9256-7a971a69f0d1 resource provider aggregate not found
2026-07-02 06:18:14.038 10 INFO neutron.services.segments.plugin [-] Segment e3f2c5f8-6a94-47f5-9256-7a971a69f0d1 resource provider not found; error: Placement Client Error (4xx): {"errors": [{"status": 404, "title": "Not Found", "detail": "The resource could not be found.\n\n No resource provider with uuid e3f2c5f8-6a94-47f5-9256-7a971a69f0d1 found for delete ", "request_id": "req-6ce20c36-ffd7-4f1e-8ee9-acb4086eb1b9"}]}
2026-07-02 06:18:14.039 10 INFO neutron.services.segments.plugin [-] Segment e3f2c5f8-6a94-47f5-9256-7a971a69f0d1 resource provider not found; error: Placement Client Error (4xx): {"errors": [{"status": 404, "title": "Not Found", "detail": "The resource could not be found.\n\n No resource provider with uuid e3f2c5f8-6a94-47f5-9256-7a971a69f0d1 found for delete ", "request_id": "req-f6e00875-8b3a-4c25-8b83-1bc38efe2d17"}]}
2026-07-02 06:18:14.055 10 INFO neutron.api.wsgi [None req-0ac7ba35-bccb-4e3e-9eb6-b26f975b4130 bc0e204bb70e470a9dae6a19661b7708 00987951fb9842a399d5e2112693b171 - - default default] 10.0.0.211 "DELETE /v2.0/networks/526d0767-a321-4bda-866a-392872a1c1ef HTTP/1.1" status: 204 len: 168 time: 0.3634050
2026-07-02 06:18:14.069 10 WARNING neutron_lib.context [None req-06088748-f3d8-44a0-bacf-9579166b2a54 bc0e204bb70e470a9dae6a19661b7708 00987951fb9842a399d5e2112693b171 - - default default] Method 'is_advsvc' is deprecated since 2023.2 release (neutron-lib 3.8.0) and will be removed once support for the old RBAC API policies will be removed from Neutron. Please use method 'is_service_role' instead.
2026-07-02 06:18:14.142 10 INFO neutron.db.segments_db [None req-06088748-f3d8-44a0-bacf-9579166b2a54 bc0e204bb70e470a9dae6a19661b7708 00987951fb9842a399d5e2112693b171 - - default default] Added segment 9f2bf8df-aaee-4add-b30a-4a69dc54cd4e of type geneve for network 66aaaf3e-032c-4707-b7f3-92f3067101f9
2026-07-02 06:18:14.264 10 INFO neutron.db.ovn_revision_numbers_db [None req-06088748-f3d8-44a0-bacf-9579166b2a54 bc0e204bb70e470a9dae6a19661b7708 00987951fb9842a399d5e2112693b171 - - default default] Successfully bumped revision number for resource 66aaaf3e-032c-4707-b7f3-92f3067101f9 (type: networks) to 1
2026-07-02 06:18:14.465 10 INFO neutron.api.wsgi [req-7b428e1b-8591-4a09-94d9-e5ec0f51c628 req-9d844db1-4ef3-4f18-8b8e-549f35a884f0 deb7a785663a4889a5e6d726701aef2d 35a6b7a627e34620a6d45246fb4090f6 - - default default] 10.0.0.201 "GET /v2.0/ports?device_id=80191274-c6de-4cfb-8e8a-421fe9d6e0bd HTTP/1.1" status: 200 len: 210 time: 0.0171924
2026-07-02 06:18:14.469 10 WARNING neutron.scheduler.dhcp_agent_scheduler [None req-06088748-f3d8-44a0-bacf-9579166b2a54 bc0e204bb70e470a9dae6a19661b7708 00987951fb9842a399d5e2112693b171 - - default default] No more DHCP agents
2026-07-02 06:18:14.470 10 WARNING neutron.api.rpc.agentnotifiers.dhcp_rpc_agent_api [None req-06088748-f3d8-44a0-bacf-9579166b2a54 bc0e204bb70e470a9dae6a19661b7708 00987951fb9842a399d5e2112693b171 - - default default] Unable to schedule network 66aaaf3e-032c-4707-b7f3-92f3067101f9: no agents available; will retry on subsequent port and subnet creation events.
2026-07-02 06:18:14.527 10 INFO neutron.db.ovn_revision_numbers_db [None req-06088748-f3d8-44a0-bacf-9579166b2a54 bc0e204bb70e470a9dae6a19661b7708 00987951fb9842a399d5e2112693b171 - - default default] Successfully bumped revision number for resource 927d9c56-f0be-4489-90b5-4493ad0e2f20 (type: ports) to 1
2026-07-02 06:18:14.548 10 INFO neutron.api.wsgi [None req-06088748-f3d8-44a0-bacf-9579166b2a54 bc0e204bb70e470a9dae6a19661b7708 00987951fb9842a399d5e2112693b171 - - default default] 10.0.0.211 "POST /v2.0/networks HTTP/1.1" status: 201 len: 832 time: 0.4845405
2026-07-02 06:18:14.558 10 WARNING neutron_lib.context [None req-687d5b09-a41a-4777-96dd-9f1bb77ebe9e bc0e204bb70e470a9dae6a19661b7708 00987951fb9842a399d5e2112693b171 - - default default] Method 'is_advsvc' is deprecated since 2023.2 release (neutron-lib 3.8.0) and will be removed once support for the old RBAC API policies will be removed from Neutron. Please use method 'is_service_role' instead.
2026-07-02 06:18:14.768 10 WARNING neutron.scheduler.dhcp_agent_scheduler [None req-687d5b09-a41a-4777-96dd-9f1bb77ebe9e bc0e204bb70e470a9dae6a19661b7708 00987951fb9842a399d5e2112693b171 - - default default] No more DHCP agents
2026-07-02 06:18:14.770 10 WARNING neutron.api.rpc.agentnotifiers.dhcp_rpc_agent_api [None req-687d5b09-a41a-4777-96dd-9f1bb77ebe9e bc0e204bb70e470a9dae6a19661b7708 00987951fb9842a399d5e2112693b171 - - default default] Unable to schedule network 66aaaf3e-032c-4707-b7f3-92f3067101f9: no agents available; will retry on subsequent port and subnet creation events.
2026-07-02 06:18:14.809 10 INFO neutron.db.ovn_revision_numbers_db [None req-687d5b09-a41a-4777-96dd-9f1bb77ebe9e bc0e204bb70e470a9dae6a19661b7708 00987951fb9842a399d5e2112693b171 - - default default] Successfully bumped revision number for resource 3a67ec6a-cb1f-4776-8445-f9f537f5383b (type: subnets) to 0
2026-07-02 06:18:14.826 10 INFO neutron.api.wsgi [None req-687d5b09-a41a-4777-96dd-9f1bb77ebe9e bc0e204bb70e470a9dae6a19661b7708 00987951fb9842a399d5e2112693b171 - - default default] 10.0.0.211 "POST /v2.0/subnets HTTP/1.1" status: 201 len: 845 time: 0.2728086
2026-07-02 06:18:14.838 10 WARNING neutron_lib.context [None req-0c47f591-c4a4-40c4-a74f-110ffedc30b3 bc0e204bb70e470a9dae6a19661b7708 00987951fb9842a399d5e2112693b171 - - default default] Method 'is_advsvc' is deprecated since 2023.2 release (neutron-lib 3.8.0) and will be removed once support for the old RBAC API policies will be removed from Neutron. Please use method 'is_service_role' instead.
2026-07-02 06:18:14.933 10 INFO neutron.db.ovn_revision_numbers_db [None req-0c47f591-c4a4-40c4-a74f-110ffedc30b3 bc0e204bb70e470a9dae6a19661b7708 00987951fb9842a399d5e2112693b171 - - default default] Successfully bumped revision number for resource 8999df4f-8a9f-4c69-ad27-1c3b13e6a27e (type: routers) to 1
2026-07-02 06:18:14.947 10 INFO neutron.api.wsgi [None req-0c47f591-c4a4-40c4-a74f-110ffedc30b3 bc0e204bb70e470a9dae6a19661b7708 00987951fb9842a399d5e2112693b171 - - default default] 10.0.0.211 "POST /v2.0/routers HTTP/1.1" status: 201 len: 805 time: 0.1137135
2026-07-02 06:18:15.147 9 INFO neutron.db.ovn_revision_numbers_db [None req-1380188f-cc92-4f12-ab0e-4b68e78432d3 a85b1ab8069f438d96fd4430ba1d0bec a334b46b4150443bbb4824a0369c2f4a - - default default] Successfully bumped revision number for resource fc3155f0-66d4-4c67-bf2b-c0c4e526a256 (type: security_groups) to 1
2026-07-02 06:18:15.164 9 INFO neutron.db.ovn_revision_numbers_db [None req-1380188f-cc92-4f12-ab0e-4b68e78432d3 a85b1ab8069f438d96fd4430ba1d0bec a334b46b4150443bbb4824a0369c2f4a - - default default] Successfully bumped revision number for resource 3ea152c5-9b03-4973-8334-9a3543492570 (type: security_group_rules) to 0
2026-07-02 06:18:15.177 9 INFO neutron.db.ovn_revision_numbers_db [None req-1380188f-cc92-4f12-ab0e-4b68e78432d3 a85b1ab8069f438d96fd4430ba1d0bec a334b46b4150443bbb4824a0369c2f4a - - default default] Successfully bumped revision number for resource 889e0648-fbc1-4262-977b-1737620913a8 (type: security_group_rules) to 0
2026-07-02 06:18:15.190 9 INFO neutron.db.ovn_revision_numbers_db [None req-1380188f-cc92-4f12-ab0e-4b68e78432d3 a85b1ab8069f438d96fd4430ba1d0bec a334b46b4150443bbb4824a0369c2f4a - - default default] Successfully bumped revision number for resource cc82507c-24d5-45bb-ba37-7bc30d9b9fbf (type: security_group_rules) to 0
2026-07-02 06:18:15.202 9 INFO neutron.db.ovn_revision_numbers_db [None req-1380188f-cc92-4f12-ab0e-4b68e78432d3 a85b1ab8069f438d96fd4430ba1d0bec a334b46b4150443bbb4824a0369c2f4a - - default default] Successfully bumped revision number for resource f5e8de22-7d99-42be-a273-e8d808159105 (type: security_group_rules) to 0
2026-07-02 06:18:15.290 9 INFO neutron.db.segments_db [None req-1380188f-cc92-4f12-ab0e-4b68e78432d3 a85b1ab8069f438d96fd4430ba1d0bec a334b46b4150443bbb4824a0369c2f4a - - default default] Added segment 39ee1389-6efb-4ea0-b4a3-69bfa18afb40 of type geneve for network 8cf5ef15-6f1b-489a-b0a9-2198ed84dca8
2026-07-02 06:18:15.289 10 WARNING neutron.scheduler.dhcp_agent_scheduler [None req-6c9aeac9-c2bf-4c23-8132-0051f5d2c6be bc0e204bb70e470a9dae6a19661b7708 00987951fb9842a399d5e2112693b171 - - default default] No more DHCP agents
2026-07-02 06:18:15.291 10 WARNING neutron.api.rpc.agentnotifiers.dhcp_rpc_agent_api [None req-6c9aeac9-c2bf-4c23-8132-0051f5d2c6be bc0e204bb70e470a9dae6a19661b7708 00987951fb9842a399d5e2112693b171 - - default default] Unable to schedule network 66aaaf3e-032c-4707-b7f3-92f3067101f9: no agents available; will retry on subsequent port and subnet creation events.
2026-07-02 06:18:15.389 10 INFO neutron.db.ovn_revision_numbers_db [None req-6c9aeac9-c2bf-4c23-8132-0051f5d2c6be bc0e204bb70e470a9dae6a19661b7708 00987951fb9842a399d5e2112693b171 - - default default] Successfully bumped revision number for resource dc3f309b-55fe-4c5e-b214-c6aa80ded8cc (type: ports) to 1
2026-07-02 06:18:15.451 9 INFO neutron.db.ovn_revision_numbers_db [None req-1380188f-cc92-4f12-ab0e-4b68e78432d3 a85b1ab8069f438d96fd4430ba1d0bec a334b46b4150443bbb4824a0369c2f4a - - default default] Successfully bumped revision number for resource 8cf5ef15-6f1b-489a-b0a9-2198ed84dca8 (type: networks) to 1
2026-07-02 06:18:15.603 9 WARNING neutron.scheduler.dhcp_agent_scheduler [None req-1380188f-cc92-4f12-ab0e-4b68e78432d3 a85b1ab8069f438d96fd4430ba1d0bec a334b46b4150443bbb4824a0369c2f4a - - default default] No more DHCP agents
2026-07-02 06:18:15.604 9 WARNING neutron.api.rpc.agentnotifiers.dhcp_rpc_agent_api [None req-1380188f-cc92-4f12-ab0e-4b68e78432d3 a85b1ab8069f438d96fd4430ba1d0bec a334b46b4150443bbb4824a0369c2f4a - - default default] Unable to schedule network 8cf5ef15-6f1b-489a-b0a9-2198ed84dca8: no agents available; will retry on subsequent port and subnet creation events.
2026-07-02 06:18:15.659 9 INFO neutron.db.ovn_revision_numbers_db [None req-1380188f-cc92-4f12-ab0e-4b68e78432d3 a85b1ab8069f438d96fd4430ba1d0bec a334b46b4150443bbb4824a0369c2f4a - - default default] Successfully bumped revision number for resource b698eade-3d25-42b2-b0b0-9d3b75b0f865 (type: ports) to 1
2026-07-02 06:18:15.697 9 INFO neutron.api.wsgi [None req-1380188f-cc92-4f12-ab0e-4b68e78432d3 a85b1ab8069f438d96fd4430ba1d0bec a334b46b4150443bbb4824a0369c2f4a - - default default] 10.0.0.211 "POST /v2.0/networks HTTP/1.1" status: 201 len: 943 time: 0.6817317
2026-07-02 06:18:15.713 10 INFO neutron.api.wsgi [None req-7369b739-47f4-4868-979b-75df37116a38 deb7a785663a4889a5e6d726701aef2d 35a6b7a627e34620a6d45246fb4090f6 - - default default] 10.0.0.211 "DELETE /v2.0/security-groups/062e6d44-1bf5-4584-8418-1a71b0eee174 HTTP/1.1" status: 204 len: 168 time: 0.1631117
2026-07-02 06:18:15.730 10 INFO neutron.api.v2.resource [None req-1b168aa2-f16c-4193-972e-5a02317e9ae8 deb7a785663a4889a5e6d726701aef2d 35a6b7a627e34620a6d45246fb4090f6 - - default default] show failed (client error): The resource could not be found.
2026-07-02 06:18:15.732 10 INFO neutron.api.wsgi [None req-1b168aa2-f16c-4193-972e-5a02317e9ae8 deb7a785663a4889a5e6d726701aef2d 35a6b7a627e34620a6d45246fb4090f6 - - default default] 10.0.0.211 "GET /v2.0/security-groups/062e6d44-1bf5-4584-8418-1a71b0eee174 HTTP/1.1" status: 404 len: 347 time: 0.0134118
2026-07-02 06:18:15.839 10 INFO neutron.db.ovn_revision_numbers_db [None req-6c9aeac9-c2bf-4c23-8132-0051f5d2c6be bc0e204bb70e470a9dae6a19661b7708 00987951fb9842a399d5e2112693b171 - - default default] Successfully bumped revision number for resource dc3f309b-55fe-4c5e-b214-c6aa80ded8cc (type: ports) to 1
2026-07-02 06:18:15.886 10 WARNING neutron.scheduler.dhcp_agent_scheduler [None req-6c9aeac9-c2bf-4c23-8132-0051f5d2c6be bc0e204bb70e470a9dae6a19661b7708 00987951fb9842a399d5e2112693b171 - - default default] No more DHCP agents
2026-07-02 06:18:15.887 10 WARNING neutron.api.rpc.agentnotifiers.dhcp_rpc_agent_api [None req-6c9aeac9-c2bf-4c23-8132-0051f5d2c6be bc0e204bb70e470a9dae6a19661b7708 00987951fb9842a399d5e2112693b171 - - default default] Unable to schedule network 66aaaf3e-032c-4707-b7f3-92f3067101f9: no agents available; will retry on subsequent port and subnet creation events.
2026-07-02 06:18:16.033 9 INFO neutron.plugins.ml2.drivers.ovn.mech_driver.mech_driver [None req-1a1fd3de-3fd4-4804-81c7-d1b13a3c76d4 - - - - - -] OVN reports status up for port: dc3f309b-55fe-4c5e-b214-c6aa80ded8cc
2026-07-02 06:18:16.043 10 INFO neutron.db.ovn_revision_numbers_db [None req-6c9aeac9-c2bf-4c23-8132-0051f5d2c6be bc0e204bb70e470a9dae6a19661b7708 00987951fb9842a399d5e2112693b171 - - default default] Successfully bumped revision number for resource dc3f309b-55fe-4c5e-b214-c6aa80ded8cc (type: router_ports) to 1
2026-07-02 06:18:16.048 10 INFO neutron.api.wsgi [None req-6c9aeac9-c2bf-4c23-8132-0051f5d2c6be bc0e204bb70e470a9dae6a19661b7708 00987951fb9842a399d5e2112693b171 - - default default] 10.0.0.211 "PUT /v2.0/routers/8999df4f-8a9f-4c69-ad27-1c3b13e6a27e/add_router_interface HTTP/1.1" status: 200 len: 503 time: 1.0958943
2026-07-02 06:18:16.081 10 INFO neutron.api.wsgi [None req-6463b742-fb2f-490a-abb3-99d19e779746 bc0e204bb70e470a9dae6a19661b7708 00987951fb9842a399d5e2112693b171 - - default default] 10.0.0.211 "GET /v2.0/ports/dc3f309b-55fe-4c5e-b214-c6aa80ded8cc HTTP/1.1" status: 200 len: 1139 time: 0.0295155
2026-07-02 06:18:16.116 9 INFO neutron.plugins.ml2.plugin [None req-1a1fd3de-3fd4-4804-81c7-d1b13a3c76d4 - - - - - -] Attempt 1 to provision port dc3f309b-55fe-4c5e-b214-c6aa80ded8cc
2026-07-02 06:18:16.121 10 INFO neutron.api.wsgi [None req-08e151b2-3aef-436e-8364-991be4fded94 bc0e204bb70e470a9dae6a19661b7708 00987951fb9842a399d5e2112693b171 - - default default] 10.0.0.211 "GET /v2.0/ports/dc3f309b-55fe-4c5e-b214-c6aa80ded8cc HTTP/1.1" status: 200 len: 1139 time: 0.0348480
2026-07-02 06:18:16.221 9 WARNING neutron.scheduler.dhcp_agent_scheduler [None req-4aa075e9-5c88-4082-be6c-2adaceb5f981 a85b1ab8069f438d96fd4430ba1d0bec a334b46b4150443bbb4824a0369c2f4a - - default default] No more DHCP agents
2026-07-02 06:18:16.226 9 WARNING neutron.api.rpc.agentnotifiers.dhcp_rpc_agent_api [None req-4aa075e9-5c88-4082-be6c-2adaceb5f981 a85b1ab8069f438d96fd4430ba1d0bec a334b46b4150443bbb4824a0369c2f4a - - default default] Unable to schedule network 8cf5ef15-6f1b-489a-b0a9-2198ed84dca8: no agents available; will retry on subsequent port and subnet creation events.
2026-07-02 06:18:16.514 9 INFO neutron.api.wsgi [None req-a43e3da8-768b-491c-abb2-61c53162ae32 deb7a785663a4889a5e6d726701aef2d 35a6b7a627e34620a6d45246fb4090f6 - - default default] 10.0.0.211 "DELETE /v2.0/floatingips/5d3b88b1-04b1-460e-9ed0-f2556e6701af HTTP/1.1" status: 204 len: 168 time: 0.7783659
2026-07-02 06:18:16.624 9 INFO neutron.db.ovn_revision_numbers_db [None req-1a1fd3de-3fd4-4804-81c7-d1b13a3c76d4 - - - - - -] Successfully bumped revision number for resource dc3f309b-55fe-4c5e-b214-c6aa80ded8cc (type: ports) to 2
2026-07-02 06:18:16.759 9 INFO neutron.db.ovn_revision_numbers_db [None req-57deace4-b73c-4964-888b-e0e9fd217b18 - - - - - -] Successfully bumped revision number for resource b698eade-3d25-42b2-b0b0-9d3b75b0f865 (type: ports) to 2
2026-07-02 06:18:16.789 9 INFO neutron.db.ovn_revision_numbers_db [None req-57deace4-b73c-4964-888b-e0e9fd217b18 - - - - - -] Successfully bumped revision number for resource 15933380-3802-40cb-882f-04266ecc0c03 (type: subnets) to 0
2026-07-02 06:18:16.803 9 INFO neutron.api.wsgi [None req-4aa075e9-5c88-4082-be6c-2adaceb5f981 a85b1ab8069f438d96fd4430ba1d0bec a334b46b4150443bbb4824a0369c2f4a - - default default] 10.0.0.211 "POST /v2.0/subnets HTTP/1.1" status: 201 len: 887 time: 1.1009150
2026-07-02 06:18:17.223 9 WARNING neutron.scheduler.dhcp_agent_scheduler [None req-20473f64-83f5-4c56-a78c-87b094747145 a85b1ab8069f438d96fd4430ba1d0bec a334b46b4150443bbb4824a0369c2f4a - - default default] No more DHCP agents
2026-07-02 06:18:17.227 9 INFO neutron.api.wsgi [None req-3fda1622-490b-417b-833f-8548cb0d9b6d bc0e204bb70e470a9dae6a19661b7708 00987951fb9842a399d5e2112693b171 - - default default] 10.0.0.211 "GET /v2.0/ports/dc3f309b-55fe-4c5e-b214-c6aa80ded8cc HTTP/1.1" status: 200 len: 1141 time: 0.1008589
2026-07-02 06:18:17.228 9 WARNING neutron.api.rpc.agentnotifiers.dhcp_rpc_agent_api [None req-20473f64-83f5-4c56-a78c-87b094747145 a85b1ab8069f438d96fd4430ba1d0bec a334b46b4150443bbb4824a0369c2f4a - - default default] Unable to schedule network e86a7062-e67c-434c-bb27-d2c9de8f3d6e: no agents available; will retry on subsequent port and subnet creation events.
2026-07-02 06:18:17.283 9 INFO neutron.db.ovn_revision_numbers_db [None req-5547a13d-0911-4305-964d-0578e4a7b7bb a85b1ab8069f438d96fd4430ba1d0bec a334b46b4150443bbb4824a0369c2f4a - - default default] Successfully bumped revision number for resource 769d5633-dce6-4c66-89cf-d04cbb9870fe (type: security_groups) to 1
2026-07-02 06:18:17.300 9 INFO neutron.db.ovn_revision_numbers_db [None req-5547a13d-0911-4305-964d-0578e4a7b7bb a85b1ab8069f438d96fd4430ba1d0bec a334b46b4150443bbb4824a0369c2f4a - - default default] Successfully bumped revision number for resource 1c26daff-b4e1-4d9d-a2ab-ba7a45b1d817 (type: security_group_rules) to 0
2026-07-02 06:18:17.319 9 INFO neutron.db.ovn_revision_numbers_db [None req-5547a13d-0911-4305-964d-0578e4a7b7bb a85b1ab8069f438d96fd4430ba1d0bec a334b46b4150443bbb4824a0369c2f4a - - default default] Successfully bumped revision number for resource 29269f30-241f-48e2-97d8-8294e2e8a8f7 (type: security_group_rules) to 0
2026-07-02 06:18:17.334 9 INFO neutron.db.ovn_revision_numbers_db [None req-5547a13d-0911-4305-964d-0578e4a7b7bb a85b1ab8069f438d96fd4430ba1d0bec a334b46b4150443bbb4824a0369c2f4a - - default default] Successfully bumped revision number for resource f2575df3-1fb2-42c6-8502-fa2630066f36 (type: security_group_rules) to 0
2026-07-02 06:18:17.344 9 INFO neutron.db.ovn_revision_numbers_db [None req-20473f64-83f5-4c56-a78c-87b094747145 a85b1ab8069f438d96fd4430ba1d0bec a334b46b4150443bbb4824a0369c2f4a - - default default] Successfully bumped revision number for resource 19eb8f3c-3c08-40b3-a990-3748131249de (type: ports) to 1
2026-07-02 06:18:17.345 9 INFO neutron.db.ovn_revision_numbers_db [None req-5547a13d-0911-4305-964d-0578e4a7b7bb a85b1ab8069f438d96fd4430ba1d0bec a334b46b4150443bbb4824a0369c2f4a - - default default] Successfully bumped revision number for resource fdcafa63-571e-4faa-b8c6-1a41e7c36d49 (type: security_group_rules) to 0
2026-07-02 06:18:17.396 9 INFO neutron.api.wsgi [None req-5547a13d-0911-4305-964d-0578e4a7b7bb a85b1ab8069f438d96fd4430ba1d0bec a334b46b4150443bbb4824a0369c2f4a - - default default] 10.0.0.211 "GET /v2.0/security-groups?tenant_id=79980ff7a7064203a906082ca9ddbfb2&name=default HTTP/1.1" status: 200 len: 3120 time: 0.3891058
2026-07-02 06:18:17.422 10 INFO neutron.api.wsgi [None req-31b6baa3-4d43-4589-9f4c-77daec289776 a85b1ab8069f438d96fd4430ba1d0bec a334b46b4150443bbb4824a0369c2f4a - - default default] 10.0.0.211 "PUT /v2.0/routers/a12aefa8-72a0-42f4-adaa-e9b2fa13be8c/remove_router_interface HTTP/1.1" status: 200 len: 503 time: 0.9020448
2026-07-02 06:18:17.751 9 INFO neutron.api.wsgi [None req-076952d9-b83b-4df6-ac20-9c27b823e1ef a85b1ab8069f438d96fd4430ba1d0bec a334b46b4150443bbb4824a0369c2f4a - - default default] 10.0.0.211 "DELETE /v2.0/security-groups/769d5633-dce6-4c66-89cf-d04cbb9870fe HTTP/1.1" status: 204 len: 168 time: 0.3505952
2026-07-02 06:18:17.787 10 INFO neutron.api.wsgi [None req-540d3ebe-8f3b-41d7-afa8-657543fc2b2f bc0e204bb70e470a9dae6a19661b7708 00987951fb9842a399d5e2112693b171 - - default default] 10.0.0.211 "PUT /v2.0/routers/8999df4f-8a9f-4c69-ad27-1c3b13e6a27e/remove_router_interface HTTP/1.1" status: 200 len: 503 time: 0.5541847 /var/lib/openstack/lib/python3.12/site-packages/pycadf/identifier.py:71: UserWarning: Invalid uuid: neutron. To ensure interoperability, identifiers should be a valid uuid. warnings.warn(('Invalid uuid: %s. To ensure interoperability, '
2026-07-02 06:18:17.810 10 INFO neutron.api.wsgi [None req-15fb13e2-1cf9-48db-b343-e402a82a4e5e bc0e204bb70e470a9dae6a19661b7708 00987951fb9842a399d5e2112693b171 - - default default] 10.0.0.211 "GET /v2.0/ports?device_id=8999df4f-8a9f-4c69-ad27-1c3b13e6a27e HTTP/1.1" status: 200 len: 205 time: 0.0179501
2026-07-02 06:18:17.990 10 INFO neutron.api.wsgi [None req-ba3f4e4f-7ad3-4d52-abbc-a92b1ee1ae5d bc0e204bb70e470a9dae6a19661b7708 00987951fb9842a399d5e2112693b171 - - default default] 10.0.0.211 "DELETE /v2.0/routers/8999df4f-8a9f-4c69-ad27-1c3b13e6a27e HTTP/1.1" status: 204 len: 168 time: 0.1744328
2026-07-02 06:18:18.019 9 INFO neutron.plugins.ml2.drivers.ovn.mech_driver.ovsdb.commands [None req-ab4ddfc8-1ad0-4a6e-8774-a0202603a022 - - - - - -] Schedule LRP lrp-19eb8f3c-3c08-40b3-a990-3748131249de on gateway 1983e303-f738-44ed-9038-45e2ff220e1e with priority 1
2026-07-02 06:18:18.039 10 INFO neutron.plugins.ml2.drivers.ovn.mech_driver.ovsdb.ovsdb_monitor [None req-c1126e62-13f4-442e-b0d0-f9fdfedebcec - - - - - -] Router b31cfc6b-0fdf-4083-ab14-f9438f107296 is bound to host instance
2026-07-02 06:18:18.056 9 INFO neutron.db.ovn_revision_numbers_db [None req-20473f64-83f5-4c56-a78c-87b094747145 a85b1ab8069f438d96fd4430ba1d0bec a334b46b4150443bbb4824a0369c2f4a - - default default] Successfully bumped revision number for resource 19eb8f3c-3c08-40b3-a990-3748131249de (type: router_ports) to 1
2026-07-02 06:18:18.159 9 INFO neutron.db.ovn_revision_numbers_db [None req-20473f64-83f5-4c56-a78c-87b094747145 a85b1ab8069f438d96fd4430ba1d0bec a334b46b4150443bbb4824a0369c2f4a - - default default] Successfully bumped revision number for resource b31cfc6b-0fdf-4083-ab14-f9438f107296 (type: routers) to 2
2026-07-02 06:18:18.176 10 INFO neutron.api.wsgi [None req-691e605d-1c9d-4bc2-919b-1f6d3a182108 bc0e204bb70e470a9dae6a19661b7708 00987951fb9842a399d5e2112693b171 - - default default] 10.0.0.211 "DELETE /v2.0/subnets/3a67ec6a-cb1f-4776-8445-f9f537f5383b HTTP/1.1" status: 204 len: 168 time: 0.1768951
2026-07-02 06:18:18.195 9 INFO neutron.api.wsgi [None req-20473f64-83f5-4c56-a78c-87b094747145 a85b1ab8069f438d96fd4430ba1d0bec a334b46b4150443bbb4824a0369c2f4a - - default default] 10.0.0.211 "POST /v2.0/routers HTTP/1.1" status: 201 len: 1165 time: 1.3858058
2026-07-02 06:18:18.209 10 WARNING neutron.plugins.ml2.drivers.ovn.mech_driver.ovsdb.ovn_client [None req-fbe8bb2c-c1b8-40a0-a033-38b2fc925b41 - - - - - -] No hosting information found for port ea7386d7-ea87-4597-a5d9-38c44a57bfbf: RuntimeError: No hosting information found for port ea7386d7-ea87-4597-a5d9-38c44a57bfbf
2026-07-02 06:18:18.262 9 INFO neutron.api.wsgi [None req-5cff2def-ed23-477d-8cb7-b4400e31e3e2 a85b1ab8069f438d96fd4430ba1d0bec a334b46b4150443bbb4824a0369c2f4a - - default default] 10.0.0.211 "DELETE /v2.0/routers/a12aefa8-72a0-42f4-adaa-e9b2fa13be8c HTTP/1.1" status: 204 len: 168 time: 0.8335950
2026-07-02 06:18:18.360 10 INFO neutron.db.ovn_revision_numbers_db [None req-fbe8bb2c-c1b8-40a0-a033-38b2fc925b41 - - - - - -] Successfully bumped revision number for resource ea7386d7-ea87-4597-a5d9-38c44a57bfbf (type: router_ports) to 2
2026-07-02 06:18:18.361 10 INFO neutron.plugins.ml2.drivers.ovn.mech_driver.mech_driver [None req-fbe8bb2c-c1b8-40a0-a033-38b2fc925b41 - - - - - -] OVN reports status up for port: 19eb8f3c-3c08-40b3-a990-3748131249de
2026-07-02 06:18:18.377 10 INFO neutron.plugins.ml2.plugin [None req-fbe8bb2c-c1b8-40a0-a033-38b2fc925b41 - - - - - -] Attempt 1 to provision port 19eb8f3c-3c08-40b3-a990-3748131249de
2026-07-02 06:18:18.466 9 INFO neutron.api.wsgi [None req-0f8d0561-4625-4b48-aa62-5e983fdd3074 a85b1ab8069f438d96fd4430ba1d0bec a334b46b4150443bbb4824a0369c2f4a - - default default] 10.0.0.211 "DELETE /v2.0/subnets/f076d0d1-d05c-4fa9-85f4-77d67b0969f5 HTTP/1.1" status: 204 len: 168 time: 0.1997738
2026-07-02 06:18:18.609 10 INFO neutron.db.ovn_revision_numbers_db [None req-dfb1280a-1bde-4438-84fc-3de7518bf629 - - - - - -] Successfully bumped revision number for resource 19eb8f3c-3c08-40b3-a990-3748131249de (type: ports) to 1
2026-07-02 06:18:18.619 10 INFO neutron.services.segments.plugin [-] Segment 9f2bf8df-aaee-4add-b30a-4a69dc54cd4e resource provider aggregate not found
2026-07-02 06:18:18.624 10 INFO neutron.services.segments.plugin [-] Segment 9f2bf8df-aaee-4add-b30a-4a69dc54cd4e resource provider aggregate not found
2026-07-02 06:18:18.636 10 INFO neutron.services.segments.plugin [-] Segment 9f2bf8df-aaee-4add-b30a-4a69dc54cd4e resource provider not found; error: Placement Client Error (4xx): {"errors": [{"status": 404, "title": "Not Found", "detail": "The resource could not be found.\n\n No resource provider with uuid 9f2bf8df-aaee-4add-b30a-4a69dc54cd4e found for delete ", "request_id": "req-77decfa4-04c0-4985-8258-f5a65e607331"}]}
2026-07-02 06:18:18.638 10 INFO neutron.services.segments.plugin [-] Segment 9f2bf8df-aaee-4add-b30a-4a69dc54cd4e resource provider not found; error: Placement Client Error (4xx): {"errors": [{"status": 404, "title": "Not Found", "detail": "The resource could not be found.\n\n No resource provider with uuid 9f2bf8df-aaee-4add-b30a-4a69dc54cd4e found for delete ", "request_id": "req-18af6cc2-db94-4d4d-8da0-13587ca52463"}]}
2026-07-02 06:18:18.662 9 WARNING neutron.scheduler.dhcp_agent_scheduler [None req-dede5b5c-839f-4fce-9c0b-2362fbf4d827 a85b1ab8069f438d96fd4430ba1d0bec a334b46b4150443bbb4824a0369c2f4a - - default default] No more DHCP agents
2026-07-02 06:18:18.664 9 WARNING neutron.api.rpc.agentnotifiers.dhcp_rpc_agent_api [None req-dede5b5c-839f-4fce-9c0b-2362fbf4d827 a85b1ab8069f438d96fd4430ba1d0bec a334b46b4150443bbb4824a0369c2f4a - - default default] Unable to schedule network 8cf5ef15-6f1b-489a-b0a9-2198ed84dca8: no agents available; will retry on subsequent port and subnet creation events.
2026-07-02 06:18:18.675 10 INFO neutron.api.wsgi [None req-8f0cb39e-326d-40a7-96a6-e871f8af99df bc0e204bb70e470a9dae6a19661b7708 00987951fb9842a399d5e2112693b171 - - default default] 10.0.0.211 "DELETE /v2.0/networks/66aaaf3e-032c-4707-b7f3-92f3067101f9 HTTP/1.1" status: 204 len: 168 time: 0.4933844
2026-07-02 06:18:18.690 9 WARNING neutron_lib.context [None req-86d6378a-e7f5-4183-9012-e2ce9e8ea560 bc0e204bb70e470a9dae6a19661b7708 00987951fb9842a399d5e2112693b171 - - default default] Method 'is_advsvc' is deprecated since 2023.2 release (neutron-lib 3.8.0) and will be removed once support for the old RBAC API policies will be removed from Neutron. Please use method 'is_service_role' instead.
2026-07-02 06:18:18.816 9 INFO neutron.db.ovn_revision_numbers_db [None req-dede5b5c-839f-4fce-9c0b-2362fbf4d827 a85b1ab8069f438d96fd4430ba1d0bec a334b46b4150443bbb4824a0369c2f4a - - default default] Successfully bumped revision number for resource 2240b040-9022-433b-833a-8cb51972fc24 (type: ports) to 1
2026-07-02 06:18:18.905 10 INFO neutron.api.wsgi [None req-c1a879c0-3b36-4e55-9337-b711ebf5e812 a85b1ab8069f438d96fd4430ba1d0bec a334b46b4150443bbb4824a0369c2f4a - - default default] 10.0.0.211 "DELETE /v2.0/networks/7b30f0d5-ed68-4706-a874-2b1121c14548 HTTP/1.1" status: 204 len: 168 time: 0.4341054
2026-07-02 06:18:18.968 10 INFO neutron.db.ovn_revision_numbers_db [None req-dfb1280a-1bde-4438-84fc-3de7518bf629 - - - - - -] Successfully bumped revision number for resource 19eb8f3c-3c08-40b3-a990-3748131249de (type: ports) to 4
