2026-07-02 06:18:19.041 9 INFO neutron.api.wsgi [None req-978f84fb-bf29-4e0a-bbb0-be01d1a4297a a85b1ab8069f438d96fd4430ba1d0bec a334b46b4150443bbb4824a0369c2f4a - - default default] 10.0.0.211 "GET /v2.0/security-groups?tenant_id=35a6b7a627e34620a6d45246fb4090f6&name=default HTTP/1.1" status: 200 len: 3120 time: 0.0517070
2026-07-02 06:18:19.116 9 WARNING neutron.scheduler.dhcp_agent_scheduler [None req-86d6378a-e7f5-4183-9012-e2ce9e8ea560 bc0e204bb70e470a9dae6a19661b7708 00987951fb9842a399d5e2112693b171 - - default default] No more DHCP agents
2026-07-02 06:18:19.117 9 WARNING neutron.api.rpc.agentnotifiers.dhcp_rpc_agent_api [None req-86d6378a-e7f5-4183-9012-e2ce9e8ea560 bc0e204bb70e470a9dae6a19661b7708 00987951fb9842a399d5e2112693b171 - - default default] Unable to schedule network e86a7062-e67c-434c-bb27-d2c9de8f3d6e: no agents available; will retry on subsequent port and subnet creation events.
2026-07-02 06:18:19.247 9 INFO neutron.db.ovn_revision_numbers_db [None req-86d6378a-e7f5-4183-9012-e2ce9e8ea560 bc0e204bb70e470a9dae6a19661b7708 00987951fb9842a399d5e2112693b171 - - default default] Successfully bumped revision number for resource 3f4216c4-610f-4fe3-be96-8d5024183ded (type: ports) to 1
2026-07-02 06:18:19.260 10 INFO neutron.api.wsgi [None req-820b663f-b0e7-4b4a-aa91-98de09d222a5 a85b1ab8069f438d96fd4430ba1d0bec a334b46b4150443bbb4824a0369c2f4a - - default default] 10.0.0.211 "DELETE /v2.0/security-groups/5b48b87a-abc7-45c5-b9f0-91add8d06340 HTTP/1.1" status: 204 len: 168 time: 0.2138720
2026-07-02 06:18:19.523 10 INFO neutron.db.ovn_revision_numbers_db [None req-dfb1280a-1bde-4438-84fc-3de7518bf629 - - - - - -] Successfully bumped revision number for resource 19eb8f3c-3c08-40b3-a990-3748131249de (type: ports) to 5
2026-07-02 06:18:19.602 10 INFO neutron.plugins.ml2.drivers.ovn.mech_driver.mech_driver [None req-fbe8bb2c-c1b8-40a0-a033-38b2fc925b41 - - - - - -] OVN reports status up for port: 2240b040-9022-433b-833a-8cb51972fc24
2026-07-02 06:18:19.610 10 INFO neutron.plugins.ml2.plugin [None req-fbe8bb2c-c1b8-40a0-a033-38b2fc925b41 - - - - - -] Attempt 1 to provision port 2240b040-9022-433b-833a-8cb51972fc24
2026-07-02 06:18:19.622 9 INFO neutron.db.ovn_revision_numbers_db [None req-dede5b5c-839f-4fce-9c0b-2362fbf4d827 a85b1ab8069f438d96fd4430ba1d0bec a334b46b4150443bbb4824a0369c2f4a - - default default] Successfully bumped revision number for resource 2240b040-9022-433b-833a-8cb51972fc24 (type: ports) to 1
2026-07-02 06:18:19.683 9 WARNING neutron.scheduler.dhcp_agent_scheduler [None req-dede5b5c-839f-4fce-9c0b-2362fbf4d827 a85b1ab8069f438d96fd4430ba1d0bec a334b46b4150443bbb4824a0369c2f4a - - default default] No more DHCP agents
2026-07-02 06:18:19.684 9 WARNING neutron.api.rpc.agentnotifiers.dhcp_rpc_agent_api [None req-dede5b5c-839f-4fce-9c0b-2362fbf4d827 a85b1ab8069f438d96fd4430ba1d0bec a334b46b4150443bbb4824a0369c2f4a - - default default] Unable to schedule network 8cf5ef15-6f1b-489a-b0a9-2198ed84dca8: no agents available; will retry on subsequent port and subnet creation events.
2026-07-02 06:18:19.910 10 INFO neutron.db.ovn_revision_numbers_db [None req-fbe8bb2c-c1b8-40a0-a033-38b2fc925b41 - - - - - -] Successfully bumped revision number for resource 2240b040-9022-433b-833a-8cb51972fc24 (type: ports) to 2
2026-07-02 06:18:20.074 9 INFO neutron.plugins.ml2.drivers.ovn.mech_driver.ovsdb.commands [None req-ab4ddfc8-1ad0-4a6e-8774-a0202603a022 - - - - - -] Schedule LRP lrp-3f4216c4-610f-4fe3-be96-8d5024183ded on gateway 1983e303-f738-44ed-9038-45e2ff220e1e with priority 1
2026-07-02 06:18:20.117 9 INFO neutron.db.ovn_revision_numbers_db [None req-86d6378a-e7f5-4183-9012-e2ce9e8ea560 bc0e204bb70e470a9dae6a19661b7708 00987951fb9842a399d5e2112693b171 - - default default] Successfully bumped revision number for resource 3f4216c4-610f-4fe3-be96-8d5024183ded (type: router_ports) to 1
2026-07-02 06:18:20.186 9 INFO neutron.db.ovn_revision_numbers_db [None req-86d6378a-e7f5-4183-9012-e2ce9e8ea560 bc0e204bb70e470a9dae6a19661b7708 00987951fb9842a399d5e2112693b171 - - default default] Successfully bumped revision number for resource 1294045b-1a11-4357-8501-ddcad40f7406 (type: routers) to 2
2026-07-02 06:18:20.203 9 INFO neutron.api.wsgi [None req-86d6378a-e7f5-4183-9012-e2ce9e8ea560 bc0e204bb70e470a9dae6a19661b7708 00987951fb9842a399d5e2112693b171 - - default default] 10.0.0.211 "POST /v2.0/routers HTTP/1.1" status: 201 len: 1151 time: 1.5209684
2026-07-02 06:18:20.275 9 INFO neutron.api.wsgi [None req-3b3d25bd-8b32-40cd-9777-1fe2c1e013aa bc0e204bb70e470a9dae6a19661b7708 00987951fb9842a399d5e2112693b171 - - default default] 10.0.0.211 "GET /v2.0/routers/1294045b-1a11-4357-8501-ddcad40f7406 HTTP/1.1" status: 200 len: 1152 time: 0.0673361
2026-07-02 06:18:20.381 9 INFO neutron.api.wsgi [None req-7cf18654-b41a-481a-8a17-2f6cbfe428ae bc0e204bb70e470a9dae6a19661b7708 00987951fb9842a399d5e2112693b171 - - default default] 10.0.0.211 "GET /v2.0/routers HTTP/1.1" status: 200 len: 1155 time: 0.0996330
2026-07-02 06:18:20.415 9 INFO neutron.db.ovn_revision_numbers_db [None req-dede5b5c-839f-4fce-9c0b-2362fbf4d827 a85b1ab8069f438d96fd4430ba1d0bec a334b46b4150443bbb4824a0369c2f4a - - default default] Successfully bumped revision number for resource 2240b040-9022-433b-833a-8cb51972fc24 (type: router_ports) to 1
2026-07-02 06:18:20.420 9 INFO neutron.api.wsgi [None req-dede5b5c-839f-4fce-9c0b-2362fbf4d827 a85b1ab8069f438d96fd4430ba1d0bec a334b46b4150443bbb4824a0369c2f4a - - default default] 10.0.0.211 "PUT /v2.0/routers/b31cfc6b-0fdf-4083-ab14-f9438f107296/add_router_interface HTTP/1.1" status: 200 len: 503 time: 2.2194161
2026-07-02 06:18:20.659 10 INFO neutron.services.segments.plugin [-] Segment 3873ba77-7d11-459f-800c-d9d12128d2ef resource provider aggregate not found
2026-07-02 06:18:20.666 10 INFO neutron.services.segments.plugin [-] Segment 3873ba77-7d11-459f-800c-d9d12128d2ef resource provider aggregate not found
2026-07-02 06:18:20.672 10 INFO neutron.services.segments.plugin [-] Segment 3873ba77-7d11-459f-800c-d9d12128d2ef resource provider not found; error: Placement Client Error (4xx): {"errors": [{"status": 404, "title": "Not Found", "detail": "The resource could not be found.\n\n No resource provider with uuid 3873ba77-7d11-459f-800c-d9d12128d2ef found for delete ", "request_id": "req-54c04479-b485-4e6a-bc97-4b3c6d1698bc"}]}
2026-07-02 06:18:20.684 10 INFO neutron.services.segments.plugin [-] Segment 3873ba77-7d11-459f-800c-d9d12128d2ef resource provider not found; error: Placement Client Error (4xx): {"errors": [{"status": 404, "title": "Not Found", "detail": "The resource could not be found.\n\n No resource provider with uuid 3873ba77-7d11-459f-800c-d9d12128d2ef found for delete ", "request_id": "req-c44ff41f-16a4-48f8-9e49-0dc560a84c90"}]}
2026-07-02 06:18:20.774 9 INFO neutron.db.ovn_revision_numbers_db [None req-95957afb-d3df-4b10-926e-d32fafe72a43 bc0e204bb70e470a9dae6a19661b7708 00987951fb9842a399d5e2112693b171 - - default default] Successfully bumped revision number for resource 1294045b-1a11-4357-8501-ddcad40f7406 (type: routers) to 3
2026-07-02 06:18:20.779 9 INFO neutron.api.wsgi [None req-95957afb-d3df-4b10-926e-d32fafe72a43 bc0e204bb70e470a9dae6a19661b7708 00987951fb9842a399d5e2112693b171 - - default default] 10.0.0.211 "PUT /v2.0/routers/1294045b-1a11-4357-8501-ddcad40f7406 HTTP/1.1" status: 200 len: 1159 time: 0.3930047
2026-07-02 06:18:20.848 9 INFO neutron.api.wsgi [None req-2ee365cb-bc95-4bfe-ab1f-67ad5b65db48 bc0e204bb70e470a9dae6a19661b7708 00987951fb9842a399d5e2112693b171 - - default default] 10.0.0.211 "GET /v2.0/routers/1294045b-1a11-4357-8501-ddcad40f7406 HTTP/1.1" status: 200 len: 1159 time: 0.0637336
2026-07-02 06:18:20.883 9 INFO neutron.api.wsgi [None req-bb8f31fc-555c-4e01-92ba-269b2ff74147 bc0e204bb70e470a9dae6a19661b7708 00987951fb9842a399d5e2112693b171 - - default default] 10.0.0.211 "GET /v2.0/ports?device_id=1294045b-1a11-4357-8501-ddcad40f7406 HTTP/1.1" status: 200 len: 205 time: 0.0272176
2026-07-02 06:18:21.034 10 WARNING neutron_lib.context [None req-115adb4c-ed24-43c8-b0a9-6a7ac9b19f57 afc700f133974743b0eaefd3e5407e39 02fa82a0faa04f1e8640600351dc5081 - - default default] Method 'is_advsvc' is deprecated since 2023.2 release (neutron-lib 3.8.0) and will be removed once support for the old RBAC API policies will be removed from Neutron. Please use method 'is_service_role' instead.
2026-07-02 06:18:21.152 10 INFO neutron.db.ovn_revision_numbers_db [None req-115adb4c-ed24-43c8-b0a9-6a7ac9b19f57 afc700f133974743b0eaefd3e5407e39 02fa82a0faa04f1e8640600351dc5081 - - default default] Successfully bumped revision number for resource 8e57f4c0-778b-46ba-9509-6031eaf57b38 (type: security_groups) to 1
2026-07-02 06:18:21.166 10 INFO neutron.db.ovn_revision_numbers_db [None req-115adb4c-ed24-43c8-b0a9-6a7ac9b19f57 afc700f133974743b0eaefd3e5407e39 02fa82a0faa04f1e8640600351dc5081 - - default default] Successfully bumped revision number for resource 123a9b43-b781-4ed5-9b7c-6a92e2d943aa (type: security_group_rules) to 0
2026-07-02 06:18:21.167 9 INFO neutron.db.ovn_revision_numbers_db [None req-6b0fce6b-0be5-44bd-bdb5-bf42fae5632b a85b1ab8069f438d96fd4430ba1d0bec a334b46b4150443bbb4824a0369c2f4a - - default default] Successfully bumped revision number for resource 612eca45-03d3-4f05-b14e-28e8c03922b5 (type: security_groups) to 1
2026-07-02 06:18:21.177 10 INFO neutron.db.ovn_revision_numbers_db [None req-115adb4c-ed24-43c8-b0a9-6a7ac9b19f57 afc700f133974743b0eaefd3e5407e39 02fa82a0faa04f1e8640600351dc5081 - - default default] Successfully bumped revision number for resource b5265cdb-184d-4116-a26f-e9c648b18b1c (type: security_group_rules) to 0
2026-07-02 06:18:21.180 9 INFO neutron.db.ovn_revision_numbers_db [None req-6b0fce6b-0be5-44bd-bdb5-bf42fae5632b a85b1ab8069f438d96fd4430ba1d0bec a334b46b4150443bbb4824a0369c2f4a - - default default] Successfully bumped revision number for resource 465fe676-7da0-4bd1-b0dd-d85197cd0cd5 (type: security_group_rules) to 0
2026-07-02 06:18:21.194 9 INFO neutron.db.ovn_revision_numbers_db [None req-6b0fce6b-0be5-44bd-bdb5-bf42fae5632b a85b1ab8069f438d96fd4430ba1d0bec a334b46b4150443bbb4824a0369c2f4a - - default default] Successfully bumped revision number for resource a40cf520-2fa5-4093-afab-cdbef70013e6 (type: security_group_rules) to 0
2026-07-02 06:18:21.209 9 INFO neutron.db.ovn_revision_numbers_db [None req-6b0fce6b-0be5-44bd-bdb5-bf42fae5632b a85b1ab8069f438d96fd4430ba1d0bec a334b46b4150443bbb4824a0369c2f4a - - default default] Successfully bumped revision number for resource bb2b88e7-2240-4572-bafe-874b57126ad4 (type: security_group_rules) to 0
2026-07-02 06:18:21.213 10 INFO neutron.api.wsgi [None req-115adb4c-ed24-43c8-b0a9-6a7ac9b19f57 afc700f133974743b0eaefd3e5407e39 02fa82a0faa04f1e8640600351dc5081 - - default default] 10.0.0.211 "POST /v2.0/security-groups HTTP/1.1" status: 201 len: 1873 time: 0.1907516
2026-07-02 06:18:21.220 10 WARNING neutron_lib.context [None req-d31069f8-ed4c-4082-9f1c-7b0e34c67467 afc700f133974743b0eaefd3e5407e39 02fa82a0faa04f1e8640600351dc5081 - - default default] Method 'is_advsvc' is deprecated since 2023.2 release (neutron-lib 3.8.0) and will be removed once support for the old RBAC API policies will be removed from Neutron. Please use method 'is_service_role' instead.
2026-07-02 06:18:21.226 9 INFO neutron.db.ovn_revision_numbers_db [None req-6b0fce6b-0be5-44bd-bdb5-bf42fae5632b a85b1ab8069f438d96fd4430ba1d0bec a334b46b4150443bbb4824a0369c2f4a - - default default] Successfully bumped revision number for resource e6889ecd-d33b-4462-a449-01cfcfecf937 (type: security_group_rules) to 0
2026-07-02 06:18:21.319 9 INFO neutron.api.wsgi [-] 10.0.0.236 "GET / HTTP/1.1" status: 200 len: 247 time: 0.0031905
2026-07-02 06:18:21.323 9 INFO neutron.api.wsgi [-] 10.0.0.236 "GET / HTTP/1.1" status: 200 len: 247 time: 0.0017831
2026-07-02 06:18:21.334 9 INFO neutron.db.segments_db [None req-6b0fce6b-0be5-44bd-bdb5-bf42fae5632b a85b1ab8069f438d96fd4430ba1d0bec a334b46b4150443bbb4824a0369c2f4a - - default default] Added segment 9a7a84f4-874e-42bd-a59a-c37d7f6bdbf9 of type geneve for network d66aa402-d55f-4e6a-b909-cb9f0bb41672
2026-07-02 06:18:21.386 10 INFO neutron.db.ovn_revision_numbers_db [None req-d31069f8-ed4c-4082-9f1c-7b0e34c67467 afc700f133974743b0eaefd3e5407e39 02fa82a0faa04f1e8640600351dc5081 - - default default] Successfully bumped revision number for resource 6425fed6-375e-49fd-b65e-0ca6974c1bf0 (type: security_group_rules) to 0
2026-07-02 06:18:21.418 10 INFO neutron.api.wsgi [None req-d31069f8-ed4c-4082-9f1c-7b0e34c67467 afc700f133974743b0eaefd3e5407e39 02fa82a0faa04f1e8640600351dc5081 - - default default] 10.0.0.211 "POST /v2.0/security-group-rules HTTP/1.1" status: 201 len: 796 time: 0.2008266
2026-07-02 06:18:21.429 9 WARNING neutron_lib.context [None req-12bd7783-8b57-4aad-a5ae-05aafa266129 afc700f133974743b0eaefd3e5407e39 02fa82a0faa04f1e8640600351dc5081 - - default default] Method 'is_advsvc' is deprecated since 2023.2 release (neutron-lib 3.8.0) and will be removed once support for the old RBAC API policies will be removed from Neutron. Please use method 'is_service_role' instead.
2026-07-02 06:18:21.447 9 INFO neutron.db.ovn_revision_numbers_db [None req-6b0fce6b-0be5-44bd-bdb5-bf42fae5632b a85b1ab8069f438d96fd4430ba1d0bec a334b46b4150443bbb4824a0369c2f4a - - default default] Successfully bumped revision number for resource d66aa402-d55f-4e6a-b909-cb9f0bb41672 (type: networks) to 1
2026-07-02 06:18:21.559 10 INFO neutron.api.wsgi [None req-fd5d8277-3283-4182-8f7b-87daea9d2512 bc0e204bb70e470a9dae6a19661b7708 00987951fb9842a399d5e2112693b171 - - default default] 10.0.0.211 "DELETE /v2.0/routers/1294045b-1a11-4357-8501-ddcad40f7406 HTTP/1.1" status: 204 len: 168 time: 0.6688106
2026-07-02 06:18:21.562 9 INFO neutron.db.ovn_revision_numbers_db [None req-12bd7783-8b57-4aad-a5ae-05aafa266129 afc700f133974743b0eaefd3e5407e39 02fa82a0faa04f1e8640600351dc5081 - - default default] Successfully bumped revision number for resource fe6c6ddf-408b-49ed-b6be-8fd6d05f9382 (type: security_group_rules) to 0
2026-07-02 06:18:21.581 10 INFO neutron.api.wsgi [None req-6cf453ce-49ab-466e-a658-57d6066b4228 bc0e204bb70e470a9dae6a19661b7708 00987951fb9842a399d5e2112693b171 - - default default] 10.0.0.211 "GET /v2.0/ports?device_id=1294045b-1a11-4357-8501-ddcad40f7406 HTTP/1.1" status: 200 len: 205 time: 0.0169322
2026-07-02 06:18:21.587 9 WARNING neutron.scheduler.dhcp_agent_scheduler [None req-6b0fce6b-0be5-44bd-bdb5-bf42fae5632b a85b1ab8069f438d96fd4430ba1d0bec a334b46b4150443bbb4824a0369c2f4a - - default default] No more DHCP agents
2026-07-02 06:18:21.588 9 WARNING neutron.api.rpc.agentnotifiers.dhcp_rpc_agent_api [None req-6b0fce6b-0be5-44bd-bdb5-bf42fae5632b a85b1ab8069f438d96fd4430ba1d0bec a334b46b4150443bbb4824a0369c2f4a - - default default] Unable to schedule network d66aa402-d55f-4e6a-b909-cb9f0bb41672: no agents available; will retry on subsequent port and subnet creation events.
2026-07-02 06:18:21.592 9 INFO neutron.api.wsgi [None req-12bd7783-8b57-4aad-a5ae-05aafa266129 afc700f133974743b0eaefd3e5407e39 02fa82a0faa04f1e8640600351dc5081 - - default default] 10.0.0.211 "POST /v2.0/security-group-rules HTTP/1.1" status: 201 len: 795 time: 0.1683636
2026-07-02 06:18:21.599 10 INFO neutron.api.v2.resource [None req-168cd33f-f216-460c-86d4-5a8aa04db93f bc0e204bb70e470a9dae6a19661b7708 00987951fb9842a399d5e2112693b171 - - default default] delete failed (client error): The resource could not be found.
2026-07-02 06:18:21.601 10 INFO neutron.api.wsgi [None req-168cd33f-f216-460c-86d4-5a8aa04db93f bc0e204bb70e470a9dae6a19661b7708 00987951fb9842a399d5e2112693b171 - - default default] 10.0.0.211 "DELETE /v2.0/routers/1294045b-1a11-4357-8501-ddcad40f7406 HTTP/1.1" status: 404 len: 336 time: 0.0143764
2026-07-02 06:18:21.602 9 WARNING neutron_lib.context [None req-dca73c30-8652-46fe-9ec4-1787a845d2e1 afc700f133974743b0eaefd3e5407e39 02fa82a0faa04f1e8640600351dc5081 - - default default] Method 'is_advsvc' is deprecated since 2023.2 release (neutron-lib 3.8.0) and will be removed once support for the old RBAC API policies will be removed from Neutron. Please use method 'is_service_role' instead.
2026-07-02 06:18:21.618 10 INFO neutron.api.wsgi [None req-31f731c7-d05c-4278-bc47-685a4f00ccc7 bc0e204bb70e470a9dae6a19661b7708 00987951fb9842a399d5e2112693b171 - - default default] 10.0.0.211 "GET /v2.0/ports?device_id=8999df4f-8a9f-4c69-ad27-1c3b13e6a27e HTTP/1.1" status: 200 len: 205 time: 0.0123365
2026-07-02 06:18:21.638 10 INFO neutron.api.v2.resource [None req-872f588d-4b6c-436b-8156-ed060eb7b5f9 bc0e204bb70e470a9dae6a19661b7708 00987951fb9842a399d5e2112693b171 - - default default] delete failed (client error): The resource could not be found.
2026-07-02 06:18:21.639 10 INFO neutron.api.wsgi [None req-872f588d-4b6c-436b-8156-ed060eb7b5f9 bc0e204bb70e470a9dae6a19661b7708 00987951fb9842a399d5e2112693b171 - - default default] 10.0.0.211 "DELETE /v2.0/routers/8999df4f-8a9f-4c69-ad27-1c3b13e6a27e HTTP/1.1" status: 404 len: 336 time: 0.0139554
2026-07-02 06:18:21.639 9 WARNING neutron.plugins.ml2.drivers.ovn.mech_driver.ovsdb.ovn_client [None req-6436b09b-d951-45d0-b8f2-c66a59da65b5 - - - - - -] No port found with ID dc3f309b-55fe-4c5e-b214-c6aa80ded8cc: RuntimeError: No port found with ID dc3f309b-55fe-4c5e-b214-c6aa80ded8cc
2026-07-02 06:18:21.652 10 INFO neutron.pecan_wsgi.hooks.translation [None req-0cd6e88a-f286-4861-9f40-6b8322cc7968 bc0e204bb70e470a9dae6a19661b7708 00987951fb9842a399d5e2112693b171 - - default default] DELETE failed (client error): The resource could not be found.
2026-07-02 06:18:21.654 10 INFO neutron.api.wsgi [None req-0cd6e88a-f286-4861-9f40-6b8322cc7968 bc0e204bb70e470a9dae6a19661b7708 00987951fb9842a399d5e2112693b171 - - default default] 10.0.0.211 "DELETE /v2.0/subnets/3a67ec6a-cb1f-4776-8445-f9f537f5383b HTTP/1.1" status: 404 len: 337 time: 0.0116327
2026-07-02 06:18:21.659 9 INFO neutron.plugins.ml2.drivers.ovn.mech_driver.mech_driver [None req-6436b09b-d951-45d0-b8f2-c66a59da65b5 - - - - - -] OVN reports status up for port: 3f4216c4-610f-4fe3-be96-8d5024183ded
2026-07-02 06:18:21.664 9 INFO neutron.db.ovn_revision_numbers_db [None req-6b0fce6b-0be5-44bd-bdb5-bf42fae5632b a85b1ab8069f438d96fd4430ba1d0bec a334b46b4150443bbb4824a0369c2f4a - - default default] Successfully bumped revision number for resource fa7869b7-4393-4189-b104-32986ebdef33 (type: ports) to 1
2026-07-02 06:18:21.672 10 INFO neutron.api.wsgi [None req-a10e50cf-f8a3-47be-9e3e-baf8e5fc77d2 bc0e204bb70e470a9dae6a19661b7708 00987951fb9842a399d5e2112693b171 - - default default] 10.0.0.211 "GET /v2.0/ports?device_id=bcab64c0-1445-49a5-926f-369ba3f9d943 HTTP/1.1" status: 200 len: 205 time: 0.0127072
2026-07-02 06:18:21.689 9 INFO neutron.api.wsgi [None req-6b0fce6b-0be5-44bd-bdb5-bf42fae5632b a85b1ab8069f438d96fd4430ba1d0bec a334b46b4150443bbb4824a0369c2f4a - - default default] 10.0.0.211 "POST /v2.0/networks HTTP/1.1" status: 201 len: 945 time: 0.7485442
2026-07-02 06:18:21.691 10 INFO neutron.api.v2.resource [None req-e8555342-751e-472e-a19e-eb2f1ce600bd bc0e204bb70e470a9dae6a19661b7708 00987951fb9842a399d5e2112693b171 - - default default] delete failed (client error): The resource could not be found.
2026-07-02 06:18:21.692 10 INFO neutron.api.wsgi [None req-e8555342-751e-472e-a19e-eb2f1ce600bd bc0e204bb70e470a9dae6a19661b7708 00987951fb9842a399d5e2112693b171 - - default default] 10.0.0.211 "DELETE /v2.0/routers/bcab64c0-1445-49a5-926f-369ba3f9d943 HTTP/1.1" status: 404 len: 336 time: 0.0159552
2026-07-02 06:18:21.707 9 INFO neutron.pecan_wsgi.hooks.translation [None req-edb8ac95-47b5-4252-ae62-1bca1fb3c307 bc0e204bb70e470a9dae6a19661b7708 00987951fb9842a399d5e2112693b171 - - default default] DELETE failed (client error): The resource could not be found.
2026-07-02 06:18:21.709 9 INFO neutron.api.wsgi [None req-edb8ac95-47b5-4252-ae62-1bca1fb3c307 bc0e204bb70e470a9dae6a19661b7708 00987951fb9842a399d5e2112693b171 - - default default] 10.0.0.211 "DELETE /v2.0/subnets/7f2ac3fa-be30-44c5-9007-65a062901f2f HTTP/1.1" status: 404 len: 337 time: 0.0126278
2026-07-02 06:18:21.730 10 INFO neutron.api.wsgi [None req-8a1cadd4-0927-43a1-8f2a-d5076acfa3b6 bc0e204bb70e470a9dae6a19661b7708 00987951fb9842a399d5e2112693b171 - - default default] 10.0.0.211 "GET /v2.0/ports?device_id=52fde22d-a8d3-484d-8026-42806651f321 HTTP/1.1" status: 200 len: 205 time: 0.0150819
2026-07-02 06:18:21.743 9 INFO neutron.db.ovn_revision_numbers_db [None req-dca73c30-8652-46fe-9ec4-1787a845d2e1 afc700f133974743b0eaefd3e5407e39 02fa82a0faa04f1e8640600351dc5081 - - default default] Successfully bumped revision number for resource d28d3406-8b51-42de-9af3-fbf214d971a7 (type: security_group_rules) to 0
2026-07-02 06:18:21.747 10 INFO neutron.api.v2.resource [None req-c87fdd11-d7dc-4609-a556-42dac629e7ff bc0e204bb70e470a9dae6a19661b7708 00987951fb9842a399d5e2112693b171 - - default default] delete failed (client error): The resource could not be found.
2026-07-02 06:18:21.748 10 INFO neutron.api.wsgi [None req-c87fdd11-d7dc-4609-a556-42dac629e7ff bc0e204bb70e470a9dae6a19661b7708 00987951fb9842a399d5e2112693b171 - - default default] 10.0.0.211 "DELETE /v2.0/routers/52fde22d-a8d3-484d-8026-42806651f321 HTTP/1.1" status: 404 len: 336 time: 0.0134838
2026-07-02 06:18:21.764 9 INFO neutron.pecan_wsgi.hooks.translation [None req-f5379207-d760-4e6e-9f0a-1e0d5b7c3d63 bc0e204bb70e470a9dae6a19661b7708 00987951fb9842a399d5e2112693b171 - - default default] DELETE failed (client error): The resource could not be found.
2026-07-02 06:18:21.766 9 INFO neutron.api.wsgi [None req-f5379207-d760-4e6e-9f0a-1e0d5b7c3d63 bc0e204bb70e470a9dae6a19661b7708 00987951fb9842a399d5e2112693b171 - - default default] 10.0.0.211 "DELETE /v2.0/subnets/a49bb108-a5d3-44ab-bf27-81b04fe0e950 HTTP/1.1" status: 404 len: 337 time: 0.0130312
2026-07-02 06:18:21.778 9 INFO neutron.pecan_wsgi.hooks.translation [None req-6953a48d-1ceb-4cda-8eaf-ed17a3ae65a1 bc0e204bb70e470a9dae6a19661b7708 00987951fb9842a399d5e2112693b171 - - default default] DELETE failed (client error): The resource could not be found.
2026-07-02 06:18:21.781 9 INFO neutron.api.wsgi [None req-6953a48d-1ceb-4cda-8eaf-ed17a3ae65a1 bc0e204bb70e470a9dae6a19661b7708 00987951fb9842a399d5e2112693b171 - - default default] 10.0.0.211 "DELETE /v2.0/subnets/796c9f53-de1d-400f-9a55-eca3bed8d288 HTTP/1.1" status: 404 len: 337 time: 0.0105813
2026-07-02 06:18:21.784 9 INFO neutron.api.wsgi [None req-dca73c30-8652-46fe-9ec4-1787a845d2e1 afc700f133974743b0eaefd3e5407e39 02fa82a0faa04f1e8640600351dc5081 - - default default] 10.0.0.211 "POST /v2.0/security-group-rules HTTP/1.1" status: 201 len: 801 time: 0.1862216
2026-07-02 06:18:21.791 9 WARNING neutron_lib.context [None req-d104d9ad-e2d8-4bf6-81da-5ef827c53cdd afc700f133974743b0eaefd3e5407e39 02fa82a0faa04f1e8640600351dc5081 - - default default] Method 'is_advsvc' is deprecated since 2023.2 release (neutron-lib 3.8.0) and will be removed once support for the old RBAC API policies will be removed from Neutron. Please use method 'is_service_role' instead.
2026-07-02 06:18:21.835 10 WARNING neutron.scheduler.dhcp_agent_scheduler [None req-2326394d-f3ee-476a-9e5a-12e793240e38 a85b1ab8069f438d96fd4430ba1d0bec a334b46b4150443bbb4824a0369c2f4a - - default default] No more DHCP agents
2026-07-02 06:18:21.836 10 WARNING neutron.api.rpc.agentnotifiers.dhcp_rpc_agent_api [None req-2326394d-f3ee-476a-9e5a-12e793240e38 a85b1ab8069f438d96fd4430ba1d0bec a334b46b4150443bbb4824a0369c2f4a - - default default] Unable to schedule network d66aa402-d55f-4e6a-b909-cb9f0bb41672: no agents available; will retry on subsequent port and subnet creation events.
2026-07-02 06:18:21.914 9 INFO neutron.db.ovn_revision_numbers_db [None req-d104d9ad-e2d8-4bf6-81da-5ef827c53cdd afc700f133974743b0eaefd3e5407e39 02fa82a0faa04f1e8640600351dc5081 - - default default] Successfully bumped revision number for resource ab75f557-60b8-4a39-ac9f-aa1c1c75bfab (type: security_group_rules) to 0
2026-07-02 06:18:21.941 9 INFO neutron.api.wsgi [None req-d104d9ad-e2d8-4bf6-81da-5ef827c53cdd afc700f133974743b0eaefd3e5407e39 02fa82a0faa04f1e8640600351dc5081 - - default default] 10.0.0.211 "POST /v2.0/security-group-rules HTTP/1.1" status: 201 len: 800 time: 0.1530952
2026-07-02 06:18:21.951 9 WARNING neutron_lib.context [None req-cce382e9-1320-4441-a56c-83bf6aba4e9c afc700f133974743b0eaefd3e5407e39 02fa82a0faa04f1e8640600351dc5081 - - default default] Method 'is_advsvc' is deprecated since 2023.2 release (neutron-lib 3.8.0) and will be removed once support for the old RBAC API policies will be removed from Neutron. Please use method 'is_service_role' instead.
2026-07-02 06:18:21.985 9 INFO neutron.db.securitygroups_db [None req-cce382e9-1320-4441-a56c-83bf6aba4e9c afc700f133974743b0eaefd3e5407e39 02fa82a0faa04f1e8640600351dc5081 - - default default] Project 02fa82a0faa04f1e8640600351dc5081 added a security group rule with legacy IPv6 ICMP protocol name icmp, ipv6-icmp should be used instead. It was automatically converted.
2026-07-02 06:18:22.074 9 INFO neutron.db.ovn_revision_numbers_db [None req-cce382e9-1320-4441-a56c-83bf6aba4e9c afc700f133974743b0eaefd3e5407e39 02fa82a0faa04f1e8640600351dc5081 - - default default] Successfully bumped revision number for resource 34002024-ac75-4ae4-85a0-fb096d735fdd (type: security_group_rules) to 0
2026-07-02 06:18:22.109 9 INFO neutron.api.wsgi [None req-cce382e9-1320-4441-a56c-83bf6aba4e9c afc700f133974743b0eaefd3e5407e39 02fa82a0faa04f1e8640600351dc5081 - - default default] 10.0.0.211 "POST /v2.0/security-group-rules HTTP/1.1" status: 201 len: 806 time: 0.1626945
2026-07-02 06:18:22.119 10 WARNING neutron_lib.context [None req-6c5f7b39-76e7-439b-a5a6-e20bde853424 afc700f133974743b0eaefd3e5407e39 02fa82a0faa04f1e8640600351dc5081 - - default default] Method 'is_advsvc' is deprecated since 2023.2 release (neutron-lib 3.8.0) and will be removed once support for the old RBAC API policies will be removed from Neutron. Please use method 'is_service_role' instead.
2026-07-02 06:18:22.150 10 INFO neutron.db.securitygroups_db [None req-6c5f7b39-76e7-439b-a5a6-e20bde853424 afc700f133974743b0eaefd3e5407e39 02fa82a0faa04f1e8640600351dc5081 - - default default] Project 02fa82a0faa04f1e8640600351dc5081 added a security group rule with legacy IPv6 ICMP protocol name icmp, ipv6-icmp should be used instead. It was automatically converted.
2026-07-02 06:18:22.251 10 INFO neutron.db.ovn_revision_numbers_db [None req-0573bd22-5038-46ce-abf8-fb9740905573 - - - - - -] Successfully bumped revision number for resource fa7869b7-4393-4189-b104-32986ebdef33 (type: ports) to 2
2026-07-02 06:18:22.258 10 INFO neutron.db.ovn_revision_numbers_db [None req-6c5f7b39-76e7-439b-a5a6-e20bde853424 afc700f133974743b0eaefd3e5407e39 02fa82a0faa04f1e8640600351dc5081 - - default default] Successfully bumped revision number for resource 1aa473ff-cf91-412b-8ffe-31152fe1a13c (type: security_group_rules) to 0
2026-07-02 06:18:22.283 10 INFO neutron.db.ovn_revision_numbers_db [None req-0573bd22-5038-46ce-abf8-fb9740905573 - - - - - -] Successfully bumped revision number for resource a93cc818-f626-4c98-b75b-e4cd0c97867d (type: subnets) to 0
2026-07-02 06:18:22.299 10 INFO neutron.api.wsgi [None req-2326394d-f3ee-476a-9e5a-12e793240e38 a85b1ab8069f438d96fd4430ba1d0bec a334b46b4150443bbb4824a0369c2f4a - - default default] 10.0.0.211 "POST /v2.0/subnets HTTP/1.1" status: 201 len: 889 time: 0.6056089
2026-07-02 06:18:22.302 10 INFO neutron.api.wsgi [None req-6c5f7b39-76e7-439b-a5a6-e20bde853424 afc700f133974743b0eaefd3e5407e39 02fa82a0faa04f1e8640600351dc5081 - - default default] 10.0.0.211 "POST /v2.0/security-group-rules HTTP/1.1" status: 201 len: 805 time: 0.1877124
2026-07-02 06:18:22.366 9 INFO neutron.api.wsgi [None req-70f1a7e2-fb29-4d3f-a67e-488833ed2e1b a85b1ab8069f438d96fd4430ba1d0bec a334b46b4150443bbb4824a0369c2f4a - - default default] 10.0.0.211 "GET /v2.0/security-groups?tenant_id=00987951fb9842a399d5e2112693b171&name=default HTTP/1.1" status: 200 len: 3120 time: 0.1550438
2026-07-02 06:18:22.619 10 INFO neutron.api.wsgi [None req-3f618140-cdf7-4b01-9282-e278e1c213f3 a85b1ab8069f438d96fd4430ba1d0bec a334b46b4150443bbb4824a0369c2f4a - - default default] 10.0.0.211 "DELETE /v2.0/security-groups/2dec7ae3-3706-48b2-84d4-8a353b31d2e0 HTTP/1.1" status: 204 len: 168 time: 0.2479730
2026-07-02 06:18:22.744 9 WARNING neutron_lib.context [None req-76a700b6-f48a-4de2-9e38-e12ba1ad38e3 afc700f133974743b0eaefd3e5407e39 02fa82a0faa04f1e8640600351dc5081 - - default default] Method 'is_advsvc' is deprecated since 2023.2 release (neutron-lib 3.8.0) and will be removed once support for the old RBAC API policies will be removed from Neutron. Please use method 'is_service_role' instead.
2026-07-02 06:18:22.765 9 WARNING neutron.scheduler.dhcp_agent_scheduler [None req-f3f8baed-f482-42b3-8d98-fb975d42d057 a85b1ab8069f438d96fd4430ba1d0bec a334b46b4150443bbb4824a0369c2f4a - - default default] No more DHCP agents
2026-07-02 06:18:22.767 9 WARNING neutron.api.rpc.agentnotifiers.dhcp_rpc_agent_api [None req-f3f8baed-f482-42b3-8d98-fb975d42d057 a85b1ab8069f438d96fd4430ba1d0bec a334b46b4150443bbb4824a0369c2f4a - - default default] Unable to schedule network e86a7062-e67c-434c-bb27-d2c9de8f3d6e: no agents available; will retry on subsequent port and subnet creation events.
2026-07-02 06:18:22.856 9 INFO neutron.db.ovn_revision_numbers_db [None req-76a700b6-f48a-4de2-9e38-e12ba1ad38e3 afc700f133974743b0eaefd3e5407e39 02fa82a0faa04f1e8640600351dc5081 - - default default] Successfully bumped revision number for resource 5b394f91-e03e-4481-a75f-8bfd7219c899 (type: security_groups) to 1
2026-07-02 06:18:22.871 9 INFO neutron.db.ovn_revision_numbers_db [None req-76a700b6-f48a-4de2-9e38-e12ba1ad38e3 afc700f133974743b0eaefd3e5407e39 02fa82a0faa04f1e8640600351dc5081 - - default default] Successfully bumped revision number for resource 4a721b67-cc30-438b-a583-d4a11bcf39e8 (type: security_group_rules) to 0
2026-07-02 06:18:22.886 9 INFO neutron.db.ovn_revision_numbers_db [None req-76a700b6-f48a-4de2-9e38-e12ba1ad38e3 afc700f133974743b0eaefd3e5407e39 02fa82a0faa04f1e8640600351dc5081 - - default default] Successfully bumped revision number for resource c79d5509-660d-43c7-a736-05a89503fa67 (type: security_group_rules) to 0
2026-07-02 06:18:22.909 9 INFO neutron.db.ovn_revision_numbers_db [None req-f3f8baed-f482-42b3-8d98-fb975d42d057 a85b1ab8069f438d96fd4430ba1d0bec a334b46b4150443bbb4824a0369c2f4a - - default default] Successfully bumped revision number for resource 82913033-8f38-4ede-8944-be662e4696b4 (type: ports) to 1
2026-07-02 06:18:22.916 9 INFO neutron.api.wsgi [None req-76a700b6-f48a-4de2-9e38-e12ba1ad38e3 afc700f133974743b0eaefd3e5407e39 02fa82a0faa04f1e8640600351dc5081 - - default default] 10.0.0.211 "POST /v2.0/security-groups HTTP/1.1" status: 201 len: 1860 time: 0.1751959
2026-07-02 06:18:22.927 10 WARNING neutron_lib.context [None req-61cee3b6-35bb-4a6d-b86d-b3f9e6168ff0 afc700f133974743b0eaefd3e5407e39 02fa82a0faa04f1e8640600351dc5081 - - default default] Method 'is_advsvc' is deprecated since 2023.2 release (neutron-lib 3.8.0) and will be removed once support for the old RBAC API policies will be removed from Neutron. Please use method 'is_service_role' instead.
2026-07-02 06:18:23.031 10 INFO neutron.db.ovn_revision_numbers_db [None req-61cee3b6-35bb-4a6d-b86d-b3f9e6168ff0 afc700f133974743b0eaefd3e5407e39 02fa82a0faa04f1e8640600351dc5081 - - default default] Successfully bumped revision number for resource 238161cc-13a4-4fda-be51-caf1f52a5a1e (type: security_group_rules) to 0
2026-07-02 06:18:23.054 10 INFO neutron.api.wsgi [None req-61cee3b6-35bb-4a6d-b86d-b3f9e6168ff0 afc700f133974743b0eaefd3e5407e39 02fa82a0faa04f1e8640600351dc5081 - - default default] 10.0.0.211 "POST /v2.0/security-group-rules HTTP/1.1" status: 201 len: 796 time: 0.1332104
2026-07-02 06:18:23.063 9 WARNING neutron_lib.context [None req-9d50a97a-3218-4bc8-b63f-d19c8287b0cd afc700f133974743b0eaefd3e5407e39 02fa82a0faa04f1e8640600351dc5081 - - default default] Method 'is_advsvc' is deprecated since 2023.2 release (neutron-lib 3.8.0) and will be removed once support for the old RBAC API policies will be removed from Neutron. Please use method 'is_service_role' instead.
2026-07-02 06:18:23.246 9 INFO neutron.db.ovn_revision_numbers_db [None req-9d50a97a-3218-4bc8-b63f-d19c8287b0cd afc700f133974743b0eaefd3e5407e39 02fa82a0faa04f1e8640600351dc5081 - - default default] Successfully bumped revision number for resource e8c5a439-c16b-4623-92b2-8391111905b3 (type: security_group_rules) to 0
2026-07-02 06:18:23.295 9 INFO neutron.api.wsgi [None req-9d50a97a-3218-4bc8-b63f-d19c8287b0cd afc700f133974743b0eaefd3e5407e39 02fa82a0faa04f1e8640600351dc5081 - - default default] 10.0.0.211 "POST /v2.0/security-group-rules HTTP/1.1" status: 201 len: 801 time: 0.2372267
2026-07-02 06:18:23.305 10 WARNING neutron_lib.context [None req-4644cfba-2465-4b35-a510-fdae04bf4099 afc700f133974743b0eaefd3e5407e39 02fa82a0faa04f1e8640600351dc5081 - - default default] Method 'is_advsvc' is deprecated since 2023.2 release (neutron-lib 3.8.0) and will be removed once support for the old RBAC API policies will be removed from Neutron. Please use method 'is_service_role' instead.
2026-07-02 06:18:23.496 10 WARNING neutron.scheduler.dhcp_agent_scheduler [None req-4644cfba-2465-4b35-a510-fdae04bf4099 afc700f133974743b0eaefd3e5407e39 02fa82a0faa04f1e8640600351dc5081 - - default default] No more DHCP agents
2026-07-02 06:18:23.497 10 WARNING neutron.api.rpc.agentnotifiers.dhcp_rpc_agent_api [None req-4644cfba-2465-4b35-a510-fdae04bf4099 afc700f133974743b0eaefd3e5407e39 02fa82a0faa04f1e8640600351dc5081 - - default default] Unable to schedule network e86a7062-e67c-434c-bb27-d2c9de8f3d6e: no agents available; will retry on subsequent port and subnet creation events.
2026-07-02 06:18:23.507 9 INFO neutron.plugins.ml2.drivers.ovn.mech_driver.ovsdb.commands [None req-ab4ddfc8-1ad0-4a6e-8774-a0202603a022 - - - - - -] Schedule LRP lrp-82913033-8f38-4ede-8944-be662e4696b4 on gateway 1983e303-f738-44ed-9038-45e2ff220e1e with priority 1
2026-07-02 06:18:23.528 10 INFO neutron.plugins.ml2.drivers.ovn.mech_driver.ovsdb.ovsdb_monitor [None req-dfb1280a-1bde-4438-84fc-3de7518bf629 - - - - - -] Router 2b2334eb-7b10-473d-8157-167d477ce283 is bound to host instance
2026-07-02 06:18:23.564 9 INFO neutron.db.ovn_revision_numbers_db [None req-f3f8baed-f482-42b3-8d98-fb975d42d057 a85b1ab8069f438d96fd4430ba1d0bec a334b46b4150443bbb4824a0369c2f4a - - default default] Successfully bumped revision number for resource 82913033-8f38-4ede-8944-be662e4696b4 (type: router_ports) to 1
2026-07-02 06:18:23.625 9 INFO neutron.db.ovn_revision_numbers_db [None req-f3f8baed-f482-42b3-8d98-fb975d42d057 a85b1ab8069f438d96fd4430ba1d0bec a334b46b4150443bbb4824a0369c2f4a - - default default] Successfully bumped revision number for resource 2b2334eb-7b10-473d-8157-167d477ce283 (type: routers) to 2
2026-07-02 06:18:23.648 9 INFO neutron.api.wsgi [None req-f3f8baed-f482-42b3-8d98-fb975d42d057 a85b1ab8069f438d96fd4430ba1d0bec a334b46b4150443bbb4824a0369c2f4a - - default default] 10.0.0.211 "POST /v2.0/routers HTTP/1.1" status: 201 len: 1167 time: 1.3452110
2026-07-02 06:18:23.826 10 INFO neutron.api.wsgi [None req-4644cfba-2465-4b35-a510-fdae04bf4099 afc700f133974743b0eaefd3e5407e39 02fa82a0faa04f1e8640600351dc5081 - - default default] 10.0.0.211 "POST /v2.0/floatingips HTTP/1.1" status: 201 len: 751 time: 0.5258915
2026-07-02 06:18:23.955 10 INFO neutron.api.wsgi [req-548e498e-8fd6-4162-9d84-c4722dc69436 req-791d7d39-6aa6-4615-a729-a168a63e4338 afc700f133974743b0eaefd3e5407e39 02fa82a0faa04f1e8640600351dc5081 - - default default] 10.0.0.201 "GET /v2.0/security-groups?name=tempest-securitygroup--327648720&fields=id&tenant_id=02fa82a0faa04f1e8640600351dc5081 HTTP/1.1" status: 200 len: 267 time: 0.0467250
2026-07-02 06:18:24.005 10 INFO neutron.api.wsgi [req-548e498e-8fd6-4162-9d84-c4722dc69436 req-77a563f6-946a-48fc-8f3a-240f255eaf79 afc700f133974743b0eaefd3e5407e39 02fa82a0faa04f1e8640600351dc5081 - - default default] 10.0.0.201 "GET /v2.0/security-groups?name=tempest-secgroup-smoke-973860048&fields=id&tenant_id=02fa82a0faa04f1e8640600351dc5081 HTTP/1.1" status: 200 len: 267 time: 0.0406516
2026-07-02 06:18:24.023 10 INFO neutron.db.ovn_revision_numbers_db [None req-90c1d56a-38a4-4a39-b798-d2698ac15a5f - - - - - -] Successfully bumped revision number for resource 82913033-8f38-4ede-8944-be662e4696b4 (type: ports) to 1
2026-07-02 06:18:24.057 10 INFO neutron.api.wsgi [req-548e498e-8fd6-4162-9d84-c4722dc69436 req-814813fb-3cd9-4c04-8a61-87048b39681a afc700f133974743b0eaefd3e5407e39 02fa82a0faa04f1e8640600351dc5081 - - default default] 10.0.0.201 "GET /v2.0/networks?id=a7017af8-425f-4f84-84e4-e34ded1eff8e HTTP/1.1" status: 200 len: 871 time: 0.0453057
2026-07-02 06:18:24.073 10 INFO neutron.api.wsgi [req-548e498e-8fd6-4162-9d84-c4722dc69436 req-73749972-bcbc-467d-9ecb-c38491a01541 afc700f133974743b0eaefd3e5407e39 02fa82a0faa04f1e8640600351dc5081 - - default default] 10.0.0.201 "GET /v2.0/quotas/02fa82a0faa04f1e8640600351dc5081 HTTP/1.1" status: 200 len: 491 time: 0.0100348
2026-07-02 06:18:24.120 9 WARNING neutron.scheduler.dhcp_agent_scheduler [None req-b26243d8-cf96-49ea-a211-c6d7ae08404a a85b1ab8069f438d96fd4430ba1d0bec a334b46b4150443bbb4824a0369c2f4a - - default default] No more DHCP agents
2026-07-02 06:18:24.121 9 WARNING neutron.api.rpc.agentnotifiers.dhcp_rpc_agent_api [None req-b26243d8-cf96-49ea-a211-c6d7ae08404a a85b1ab8069f438d96fd4430ba1d0bec a334b46b4150443bbb4824a0369c2f4a - - default default] Unable to schedule network d66aa402-d55f-4e6a-b909-cb9f0bb41672: no agents available; will retry on subsequent port and subnet creation events.
2026-07-02 06:18:24.161 10 INFO neutron.api.wsgi [req-548e498e-8fd6-4162-9d84-c4722dc69436 req-04cc9167-6713-4ada-92e3-7a6b4f1d5061 afc700f133974743b0eaefd3e5407e39 02fa82a0faa04f1e8640600351dc5081 - - default default] 10.0.0.201 "GET /v2.0/ports?tenant_id=02fa82a0faa04f1e8640600351dc5081&fields=id HTTP/1.1" status: 200 len: 302 time: 0.0816927
2026-07-02 06:18:24.224 10 INFO neutron.api.wsgi [req-548e498e-8fd6-4162-9d84-c4722dc69436 req-6ae06fcd-ac9e-4375-a17d-d78fc67240bf 987bf3f81c5e436287d411cdb03f728f fb897881291a4803b1f0c8b3be766f50 - - 30437e507504463ea29d431b15a7394d 30437e507504463ea29d431b15a7394d] 10.0.0.201 "GET /v2.0/networks/a7017af8-425f-4f84-84e4-e34ded1eff8e?fields=segments HTTP/1.1" status: 200 len: 212 time: 0.0494256
2026-07-02 06:18:24.239 9 INFO neutron.db.ovn_revision_numbers_db [None req-b26243d8-cf96-49ea-a211-c6d7ae08404a a85b1ab8069f438d96fd4430ba1d0bec a334b46b4150443bbb4824a0369c2f4a - - default default] Successfully bumped revision number for resource 63f7519b-831a-499c-aff6-0561a9a870da (type: ports) to 1
2026-07-02 06:18:24.270 10 INFO neutron.api.wsgi [req-548e498e-8fd6-4162-9d84-c4722dc69436 req-d657b910-d5f6-4e4f-8ed8-43ab7d440a99 987bf3f81c5e436287d411cdb03f728f fb897881291a4803b1f0c8b3be766f50 - - 30437e507504463ea29d431b15a7394d 30437e507504463ea29d431b15a7394d] 10.0.0.201 "GET /v2.0/networks/a7017af8-425f-4f84-84e4-e34ded1eff8e?fields=provider%3Aphysical_network&fields=provider%3Anetwork_type HTTP/1.1" status: 200 len: 277 time: 0.0404406
2026-07-02 06:18:24.359 9 WARNING neutron_lib.context [None req-fa6326a3-48c0-48cc-a070-9a866af9c2f7 45b5ad1dee2a4c02aaf0d32a7e3c72bf de687092d4914688bddc7755bdbefaf4 - - default default] Method 'is_advsvc' is deprecated since 2023.2 release (neutron-lib 3.8.0) and will be removed once support for the old RBAC API policies will be removed from Neutron. Please use method 'is_service_role' instead.
2026-07-02 06:18:24.368 10 INFO neutron.db.ovn_revision_numbers_db [None req-90c1d56a-38a4-4a39-b798-d2698ac15a5f - - - - - -] Successfully bumped revision number for resource 82913033-8f38-4ede-8944-be662e4696b4 (type: ports) to 4
2026-07-02 06:18:24.435 10 INFO neutron.api.wsgi [req-07908122-c94f-4999-a755-044bfb6c13e3 req-a974a519-4c6e-49dc-af2f-ecf660fefe13 afc700f133974743b0eaefd3e5407e39 02fa82a0faa04f1e8640600351dc5081 - - default default] 10.0.0.201 "GET /v2.0/ports?device_id=da16c8c2-a113-4ee9-82b4-db6a2eb19370 HTTP/1.1" status: 200 len: 210 time: 0.0183957
2026-07-02 06:18:24.522 9 INFO neutron.db.ovn_revision_numbers_db [None req-fa6326a3-48c0-48cc-a070-9a866af9c2f7 45b5ad1dee2a4c02aaf0d32a7e3c72bf de687092d4914688bddc7755bdbefaf4 - - default default] Successfully bumped revision number for resource a744ddb9-1777-4891-880a-f6d1c532f279 (type: security_groups) to 1
2026-07-02 06:18:24.538 9 INFO neutron.db.ovn_revision_numbers_db [None req-fa6326a3-48c0-48cc-a070-9a866af9c2f7 45b5ad1dee2a4c02aaf0d32a7e3c72bf de687092d4914688bddc7755bdbefaf4 - - default default] Successfully bumped revision number for resource 0598ea50-d971-415d-a2dd-aa33ba33352d (type: security_group_rules) to 0
2026-07-02 06:18:24.564 9 INFO neutron.db.ovn_revision_numbers_db [None req-fa6326a3-48c0-48cc-a070-9a866af9c2f7 45b5ad1dee2a4c02aaf0d32a7e3c72bf de687092d4914688bddc7755bdbefaf4 - - default default] Successfully bumped revision number for resource 6baf20ff-51f4-4156-ac60-cc84a97f0058 (type: security_group_rules) to 0
2026-07-02 06:18:24.585 9 INFO neutron.db.ovn_revision_numbers_db [None req-fa6326a3-48c0-48cc-a070-9a866af9c2f7 45b5ad1dee2a4c02aaf0d32a7e3c72bf de687092d4914688bddc7755bdbefaf4 - - default default] Successfully bumped revision number for resource 7f1d7dc6-32b9-4fb5-b3a3-1a6bca72c6c6 (type: security_group_rules) to 0
2026-07-02 06:18:24.613 9 INFO neutron.db.ovn_revision_numbers_db [None req-fa6326a3-48c0-48cc-a070-9a866af9c2f7 45b5ad1dee2a4c02aaf0d32a7e3c72bf de687092d4914688bddc7755bdbefaf4 - - default default] Successfully bumped revision number for resource aff6e6a7-bd56-4bca-a352-306ecd1be5d9 (type: security_group_rules) to 0
2026-07-02 06:18:24.683 10 INFO neutron.db.ovn_revision_numbers_db [None req-90c1d56a-38a4-4a39-b798-d2698ac15a5f - - - - - -] Successfully bumped revision number for resource 82913033-8f38-4ede-8944-be662e4696b4 (type: ports) to 5
2026-07-02 06:18:24.726 9 INFO neutron.db.ovn_revision_numbers_db [None req-fa6326a3-48c0-48cc-a070-9a866af9c2f7 45b5ad1dee2a4c02aaf0d32a7e3c72bf de687092d4914688bddc7755bdbefaf4 - - default default] Successfully bumped revision number for resource bf08b5c0-ad97-4224-8bb3-5a05452f004a (type: security_groups) to 1
2026-07-02 06:18:24.744 9 INFO neutron.db.ovn_revision_numbers_db [None req-fa6326a3-48c0-48cc-a070-9a866af9c2f7 45b5ad1dee2a4c02aaf0d32a7e3c72bf de687092d4914688bddc7755bdbefaf4 - - default default] Successfully bumped revision number for resource 1ba2699d-0274-4268-99f8-e79d7b563a1d (type: security_group_rules) to 0
2026-07-02 06:18:24.760 9 INFO neutron.db.ovn_revision_numbers_db [None req-fa6326a3-48c0-48cc-a070-9a866af9c2f7 45b5ad1dee2a4c02aaf0d32a7e3c72bf de687092d4914688bddc7755bdbefaf4 - - default default] Successfully bumped revision number for resource f75ebfce-8129-4c86-9451-55421b7b7db9 (type: security_group_rules) to 0
2026-07-02 06:18:24.802 9 INFO neutron.api.wsgi [None req-fa6326a3-48c0-48cc-a070-9a866af9c2f7 45b5ad1dee2a4c02aaf0d32a7e3c72bf de687092d4914688bddc7755bdbefaf4 - - default default] 10.0.0.211 "POST /v2.0/security-groups HTTP/1.1" status: 201 len: 1824 time: 0.6076825
2026-07-02 06:18:24.850 10 INFO neutron.api.wsgi [None req-58faa3ff-5ec9-481f-8429-91bf713b52ba 45b5ad1dee2a4c02aaf0d32a7e3c72bf de687092d4914688bddc7755bdbefaf4 - - default default] 10.0.0.211 "GET /v2.0/security-groups HTTP/1.1" status: 200 len: 4724 time: 0.0422585
2026-07-02 06:18:24.856 9 INFO neutron.db.ovn_revision_numbers_db [None req-b26243d8-cf96-49ea-a211-c6d7ae08404a a85b1ab8069f438d96fd4430ba1d0bec a334b46b4150443bbb4824a0369c2f4a - - default default] Successfully bumped revision number for resource 63f7519b-831a-499c-aff6-0561a9a870da (type: ports) to 1
2026-07-02 06:18:24.904 9 WARNING neutron.scheduler.dhcp_agent_scheduler [None req-b26243d8-cf96-49ea-a211-c6d7ae08404a a85b1ab8069f438d96fd4430ba1d0bec a334b46b4150443bbb4824a0369c2f4a - - default default] No more DHCP agents
2026-07-02 06:18:24.905 9 WARNING neutron.api.rpc.agentnotifiers.dhcp_rpc_agent_api [None req-b26243d8-cf96-49ea-a211-c6d7ae08404a a85b1ab8069f438d96fd4430ba1d0bec a334b46b4150443bbb4824a0369c2f4a - - default default] Unable to schedule network d66aa402-d55f-4e6a-b909-cb9f0bb41672: no agents available; will retry on subsequent port and subnet creation events.
2026-07-02 06:18:24.940 10 INFO neutron.db.ovn_revision_numbers_db [None req-6c40dcf5-09ee-4d5e-9ffa-f5f24b14749b 45b5ad1dee2a4c02aaf0d32a7e3c72bf de687092d4914688bddc7755bdbefaf4 - - default default] Successfully bumped revision number for resource bf08b5c0-ad97-4224-8bb3-5a05452f004a (type: security_groups) to 2
2026-07-02 06:18:24.971 10 INFO neutron.api.wsgi [None req-6c40dcf5-09ee-4d5e-9ffa-f5f24b14749b 45b5ad1dee2a4c02aaf0d32a7e3c72bf de687092d4914688bddc7755bdbefaf4 - - default default] 10.0.0.211 "PUT /v2.0/security-groups/bf08b5c0-ad97-4224-8bb3-5a05452f004a HTTP/1.1" status: 200 len: 1858 time: 0.1148114
2026-07-02 06:18:24.996 10 INFO neutron.api.wsgi [None req-19b7ab26-7e32-42b8-88be-af338775dc62 45b5ad1dee2a4c02aaf0d32a7e3c72bf de687092d4914688bddc7755bdbefaf4 - - default default] 10.0.0.211 "GET /v2.0/security-groups/bf08b5c0-ad97-4224-8bb3-5a05452f004a HTTP/1.1" status: 200 len: 1858 time: 0.0211093
2026-07-02 06:18:25.112 9 INFO neutron.api.wsgi [None req-b3ac7b2e-0660-47db-988d-1db54d7992c7 45b5ad1dee2a4c02aaf0d32a7e3c72bf de687092d4914688bddc7755bdbefaf4 - - default default] 10.0.0.211 "DELETE /v2.0/security-groups/bf08b5c0-ad97-4224-8bb3-5a05452f004a HTTP/1.1" status: 204 len: 168 time: 0.1110549
2026-07-02 06:18:25.148 10 INFO neutron.api.wsgi [None req-7107aeb5-fd76-4567-a8e7-e9ae4068c33d 45b5ad1dee2a4c02aaf0d32a7e3c72bf de687092d4914688bddc7755bdbefaf4 - - default default] 10.0.0.211 "GET /v2.0/security-groups HTTP/1.1" status: 200 len: 3120 time: 0.0308177
2026-07-02 06:18:25.162 10 INFO neutron.api.v2.resource [None req-056945a7-8508-46aa-b64a-fb47523ba13b 45b5ad1dee2a4c02aaf0d32a7e3c72bf de687092d4914688bddc7755bdbefaf4 - - default default] delete failed (client error): The resource could not be found.
2026-07-02 06:18:25.163 10 INFO neutron.api.wsgi [None req-056945a7-8508-46aa-b64a-fb47523ba13b 45b5ad1dee2a4c02aaf0d32a7e3c72bf de687092d4914688bddc7755bdbefaf4 - - default default] 10.0.0.211 "DELETE /v2.0/security-groups/bf08b5c0-ad97-4224-8bb3-5a05452f004a HTTP/1.1" status: 404 len: 347 time: 0.0105431
2026-07-02 06:18:25.173 10 WARNING neutron_lib.context [None req-f0b8c3bb-c8db-4a9a-9550-ed41f58246d9 45b5ad1dee2a4c02aaf0d32a7e3c72bf de687092d4914688bddc7755bdbefaf4 - - default default] Method 'is_advsvc' is deprecated since 2023.2 release (neutron-lib 3.8.0) and will be removed once support for the old RBAC API policies will be removed from Neutron. Please use method 'is_service_role' instead.
2026-07-02 06:18:25.285 10 INFO neutron.db.ovn_revision_numbers_db [None req-f0b8c3bb-c8db-4a9a-9550-ed41f58246d9 45b5ad1dee2a4c02aaf0d32a7e3c72bf de687092d4914688bddc7755bdbefaf4 - - default default] Successfully bumped revision number for resource 7f5e27c9-4b36-4066-b3c3-b71bdf1f3df2 (type: security_groups) to 1
2026-07-02 06:18:25.298 10 INFO neutron.db.ovn_revision_numbers_db [None req-f0b8c3bb-c8db-4a9a-9550-ed41f58246d9 45b5ad1dee2a4c02aaf0d32a7e3c72bf de687092d4914688bddc7755bdbefaf4 - - default default] Successfully bumped revision number for resource 080b586c-fff2-4e96-881a-cdb67791884c (type: security_group_rules) to 0
2026-07-02 06:18:25.316 10 INFO neutron.db.ovn_revision_numbers_db [None req-f0b8c3bb-c8db-4a9a-9550-ed41f58246d9 45b5ad1dee2a4c02aaf0d32a7e3c72bf de687092d4914688bddc7755bdbefaf4 - - default default] Successfully bumped revision number for resource 08d201b8-8d00-4dcc-b476-2c435b2951b9 (type: security_group_rules) to 0
2026-07-02 06:18:25.347 10 INFO neutron.api.wsgi [None req-f0b8c3bb-c8db-4a9a-9550-ed41f58246d9 45b5ad1dee2a4c02aaf0d32a7e3c72bf de687092d4914688bddc7755bdbefaf4 - - default default] 10.0.0.211 "POST /v2.0/security-groups HTTP/1.1" status: 201 len: 1823 time: 0.1777751
2026-07-02 06:18:25.356 10 WARNING neutron_lib.context [None req-b3f24175-8cd2-47ea-9614-a39131d999ad 45b5ad1dee2a4c02aaf0d32a7e3c72bf de687092d4914688bddc7755bdbefaf4 - - default default] Method 'is_advsvc' is deprecated since 2023.2 release (neutron-lib 3.8.0) and will be removed once support for the old RBAC API policies will be removed from Neutron. Please use method 'is_service_role' instead.
2026-07-02 06:18:25.472 10 INFO neutron.db.ovn_revision_numbers_db [None req-b3f24175-8cd2-47ea-9614-a39131d999ad 45b5ad1dee2a4c02aaf0d32a7e3c72bf de687092d4914688bddc7755bdbefaf4 - - default default] Successfully bumped revision number for resource d83bb433-6026-4536-812d-857ecc75feb0 (type: security_group_rules) to 0
2026-07-02 06:18:25.506 10 INFO neutron.api.wsgi [None req-b3f24175-8cd2-47ea-9614-a39131d999ad 45b5ad1dee2a4c02aaf0d32a7e3c72bf de687092d4914688bddc7755bdbefaf4 - - default default] 10.0.0.211 "POST /v2.0/security-group-rules HTTP/1.1" status: 201 len: 800 time: 0.1535244
2026-07-02 06:18:25.512 10 INFO neutron.api.wsgi [req-ac4504d7-9d72-4c35-8ab2-a3754b87429e req-a2d78b0d-4a9a-4edd-a087-cd5efd20caa6 afc700f133974743b0eaefd3e5407e39 02fa82a0faa04f1e8640600351dc5081 - - default default] 10.0.0.201 "GET /v2.0/ports?device_id=da16c8c2-a113-4ee9-82b4-db6a2eb19370 HTTP/1.1" status: 200 len: 210 time: 0.0171306
2026-07-02 06:18:25.549 9 INFO neutron.db.ovn_revision_numbers_db [None req-b26243d8-cf96-49ea-a211-c6d7ae08404a a85b1ab8069f438d96fd4430ba1d0bec a334b46b4150443bbb4824a0369c2f4a - - default default] Successfully bumped revision number for resource 63f7519b-831a-499c-aff6-0561a9a870da (type: router_ports) to 1
