2026-07-02 06:17:58.400 10 INFO neutron.api.wsgi [req-fa9ca164-5e40-4aa1-a3cd-7485b0a947e9 req-9ca6738f-7bcd-49da-a0dc-bc6c36f1cd98 987bf3f81c5e436287d411cdb03f728f fb897881291a4803b1f0c8b3be766f50 - - 30437e507504463ea29d431b15a7394d 30437e507504463ea29d431b15a7394d] 199.204.45.38 "GET /v2.0/networks?shared=True HTTP/1.1" status: 200 len: 952 time: 0.0519409
2026-07-02 06:17:58.512 9 INFO neutron.db.ovn_revision_numbers_db [None req-6825dadf-31a5-4e55-90e2-891f8e4abbd1 - - - - - -] Successfully bumped revision number for resource c88ad560-d286-4e67-87c5-966f8237f70b (type: ports) to 2
2026-07-02 06:17:58.544 9 INFO neutron.db.ovn_revision_numbers_db [None req-6825dadf-31a5-4e55-90e2-891f8e4abbd1 - - - - - -] Successfully bumped revision number for resource 389890af-7c2d-4dd0-bc3b-f4d9d0332c5e (type: subnets) to 1
2026-07-02 06:17:58.549 9 INFO neutron.api.wsgi [None req-01fdfadf-d52e-470b-9f26-e5c6ad2d720f e9f8acd949d8498fa9f1aa12575daff1 3fdcaf5fee7344378c1ec93f452be98d - - default default] 10.0.0.211 "PUT /v2.0/subnets/389890af-7c2d-4dd0-bc3b-f4d9d0332c5e HTTP/1.1" status: 200 len: 850 time: 0.5613408
2026-07-02 06:17:58.674 10 INFO neutron.api.wsgi [None req-ca52dfe1-62f6-43bf-962c-08eaada056c1 a85b1ab8069f438d96fd4430ba1d0bec a334b46b4150443bbb4824a0369c2f4a - - default default] 10.0.0.211 "GET /v2.0/security-groups?tenant_id=02d63f4fd5094f0ca79059d5e297ca36&name=default HTTP/1.1" status: 200 len: 3120 time: 0.1102180
2026-07-02 06:17:58.841 10 INFO neutron.api.wsgi [req-e65b5ea2-55e9-4945-9807-20331ebcedc1 req-02b3242b-7006-43e9-a59f-8b4108095252 deb7a785663a4889a5e6d726701aef2d 35a6b7a627e34620a6d45246fb4090f6 - - default default] 10.0.0.201 "GET /v2.0/ports?device_id=80191274-c6de-4cfb-8e8a-421fe9d6e0bd HTTP/1.1" status: 200 len: 1168 time: 0.0366700
2026-07-02 06:17:58.872 10 INFO neutron.api.wsgi [req-e65b5ea2-55e9-4945-9807-20331ebcedc1 req-e3a6649f-2cb9-4733-9a34-58c8cfed6362 deb7a785663a4889a5e6d726701aef2d 35a6b7a627e34620a6d45246fb4090f6 - - default default] 10.0.0.201 "GET /v2.0/security-groups?id=062e6d44-1bf5-4584-8418-1a71b0eee174&fields=id&fields=name HTTP/1.1" status: 200 len: 313 time: 0.0263877
2026-07-02 06:17:58.893 10 INFO neutron.api.wsgi [None req-b72c29d2-8794-4f5d-86a6-4b52fae9ac87 a85b1ab8069f438d96fd4430ba1d0bec a334b46b4150443bbb4824a0369c2f4a - - default default] 10.0.0.211 "DELETE /v2.0/security-groups/380c98ba-bfef-4b5a-8817-50f6f2cde849 HTTP/1.1" status: 204 len: 168 time: 0.2155099
2026-07-02 06:17:58.921 9 INFO neutron.api.wsgi [None req-c0a9b8e9-ed4b-4381-af27-c50e6fd193f8 e9f8acd949d8498fa9f1aa12575daff1 3fdcaf5fee7344378c1ec93f452be98d - - default default] 10.0.0.211 "DELETE /v2.0/networks/2112e754-d1be-4f52-9a3c-2d24e1795cd2 HTTP/1.1" status: 204 len: 168 time: 0.3664589
2026-07-02 06:17:58.937 9 INFO neutron.pecan_wsgi.hooks.translation [None req-99734aa8-ff49-4805-88f7-f47514fee9dc e9f8acd949d8498fa9f1aa12575daff1 3fdcaf5fee7344378c1ec93f452be98d - - default default] DELETE failed (client error): The resource could not be found.
2026-07-02 06:17:58.940 9 INFO neutron.api.wsgi [None req-99734aa8-ff49-4805-88f7-f47514fee9dc e9f8acd949d8498fa9f1aa12575daff1 3fdcaf5fee7344378c1ec93f452be98d - - default default] 10.0.0.211 "DELETE /v2.0/networks/2112e754-d1be-4f52-9a3c-2d24e1795cd2 HTTP/1.1" status: 404 len: 339 time: 0.0117993
2026-07-02 06:17:58.987 9 INFO neutron.api.wsgi [None req-630fb61e-7897-4884-83a8-42074f379c20 e9f8acd949d8498fa9f1aa12575daff1 3fdcaf5fee7344378c1ec93f452be98d - - default default] 10.0.0.211 "GET /v2.0/networks?router%3Aexternal=True HTTP/1.1" status: 200 len: 845 time: 0.0387809
2026-07-02 06:17:59.013 9 INFO neutron.api.wsgi [None req-aa9f676b-bc0e-430b-8fc2-0ccfc0bbb254 e9f8acd949d8498fa9f1aa12575daff1 3fdcaf5fee7344378c1ec93f452be98d - - default default] 10.0.0.211 "GET /v2.0/subnets?network_id=e86a7062-e67c-434c-bb27-d2c9de8f3d6e HTTP/1.1" status: 200 len: 843 time: 0.0207565
2026-07-02 06:17:59.022 9 INFO neutron.api.wsgi [None req-e90aa104-2892-4cf0-b28c-58aa3abd3b50 e9f8acd949d8498fa9f1aa12575daff1 3fdcaf5fee7344378c1ec93f452be98d - - default default] 10.0.0.211 "GET /v2.0/extensions HTTP/1.1" status: 200 len: 19293 time: 0.0049429
2026-07-02 06:17:59.046 9 INFO neutron.services.segments.plugin [-] Segment 29668440-9d15-402d-9da9-888616cf8cc6 resource provider aggregate not found
2026-07-02 06:17:59.049 9 INFO neutron.services.segments.plugin [-] Segment 29668440-9d15-402d-9da9-888616cf8cc6 resource provider aggregate not found
2026-07-02 06:17:59.058 9 INFO neutron.services.segments.plugin [-] Segment 29668440-9d15-402d-9da9-888616cf8cc6 resource provider not found; error: Placement Client Error (4xx): {"errors": [{"status": 404, "title": "Not Found", "detail": "The resource could not be found.\n\n No resource provider with uuid 29668440-9d15-402d-9da9-888616cf8cc6 found for delete ", "request_id": "req-af078fa6-c542-475b-8761-31e855b6d8b5"}]}
2026-07-02 06:17:59.067 9 INFO neutron.services.segments.plugin [-] Segment 29668440-9d15-402d-9da9-888616cf8cc6 resource provider not found; error: Placement Client Error (4xx): {"errors": [{"status": 404, "title": "Not Found", "detail": "The resource could not be found.\n\n No resource provider with uuid 29668440-9d15-402d-9da9-888616cf8cc6 found for delete ", "request_id": "req-023464ab-b1eb-4cda-ab2a-bf820793b47d"}]}
2026-07-02 06:17:59.105 10 INFO neutron.api.wsgi [None req-c0ef7f1b-47c0-4e6e-ad4f-7d628d08d98d e9f8acd949d8498fa9f1aa12575daff1 3fdcaf5fee7344378c1ec93f452be98d - - default default] 10.0.0.211 "GET /v2.0/networks HTTP/1.1" status: 200 len: 1508 time: 0.0757768
2026-07-02 06:17:59.143 10 INFO neutron.api.wsgi [None req-4bdd929c-3b2f-44d0-bd18-d9cedd92677a e9f8acd949d8498fa9f1aa12575daff1 3fdcaf5fee7344378c1ec93f452be98d - - default default] 10.0.0.211 "GET /v2.0/subnets HTTP/1.1" status: 200 len: 1507 time: 0.0292408
2026-07-02 06:17:59.185 10 INFO neutron.api.wsgi [None req-2379a98b-c30b-4f73-b6d6-4c4867a30f72 e9f8acd949d8498fa9f1aa12575daff1 3fdcaf5fee7344378c1ec93f452be98d - - default default] 10.0.0.211 "GET /v2.0/networks/e918de66-f6a7-4202-9783-5f2f8d1a9796 HTTP/1.1" status: 200 len: 867 time: 0.0357513
2026-07-02 06:17:59.222 9 INFO neutron.api.wsgi [None req-3f321233-db9a-475b-8884-4f539125f281 e9f8acd949d8498fa9f1aa12575daff1 3fdcaf5fee7344378c1ec93f452be98d - - default default] 10.0.0.211 "GET /v2.0/subnets/13826df0-d081-4e68-8574-9c6751b03f7f HTTP/1.1" status: 200 len: 867 time: 0.0253749
2026-07-02 06:17:59.246 9 INFO neutron.pecan_wsgi.hooks.translation [None req-75646371-ae88-4325-9694-92b0d4e9a1e3 e9f8acd949d8498fa9f1aa12575daff1 3fdcaf5fee7344378c1ec93f452be98d - - default default] DELETE failed (client error): The resource could not be found.
2026-07-02 06:17:59.249 9 INFO neutron.api.wsgi [None req-75646371-ae88-4325-9694-92b0d4e9a1e3 e9f8acd949d8498fa9f1aa12575daff1 3fdcaf5fee7344378c1ec93f452be98d - - default default] 10.0.0.211 "DELETE /v2.0/subnets/389890af-7c2d-4dd0-bc3b-f4d9d0332c5e HTTP/1.1" status: 404 len: 337 time: 0.0152056
2026-07-02 06:17:59.266 10 INFO neutron.pecan_wsgi.hooks.translation [None req-f546916b-272d-4e59-80cc-eb3f55d77df1 e9f8acd949d8498fa9f1aa12575daff1 3fdcaf5fee7344378c1ec93f452be98d - - default default] DELETE failed (client error): The resource could not be found.
2026-07-02 06:17:59.269 10 INFO neutron.api.wsgi [None req-f546916b-272d-4e59-80cc-eb3f55d77df1 e9f8acd949d8498fa9f1aa12575daff1 3fdcaf5fee7344378c1ec93f452be98d - - default default] 10.0.0.211 "DELETE /v2.0/networks/2112e754-d1be-4f52-9a3c-2d24e1795cd2 HTTP/1.1" status: 404 len: 339 time: 0.0135052
2026-07-02 06:17:59.438 10 INFO neutron.services.segments.plugin [-] Segment 925860c5-7ee4-4642-ba1c-5bd8ca35724c resource provider aggregate not found
2026-07-02 06:17:59.443 10 INFO neutron.services.segments.plugin [-] Segment 925860c5-7ee4-4642-ba1c-5bd8ca35724c resource provider aggregate not found
2026-07-02 06:17:59.451 10 INFO neutron.services.segments.plugin [-] Segment 925860c5-7ee4-4642-ba1c-5bd8ca35724c resource provider not found; error: Placement Client Error (4xx): {"errors": [{"status": 404, "title": "Not Found", "detail": "The resource could not be found.\n\n No resource provider with uuid 925860c5-7ee4-4642-ba1c-5bd8ca35724c found for delete ", "request_id": "req-13425e31-47ec-47e3-8cc7-b05016c7adc0"}]}
2026-07-02 06:17:59.453 10 INFO neutron.db.ovn_revision_numbers_db [None req-dd14e4d4-fc74-422f-aead-a2ac32199476 a85b1ab8069f438d96fd4430ba1d0bec a334b46b4150443bbb4824a0369c2f4a - - default default] Successfully bumped revision number for resource 79f4ebe4-7ea9-42af-90a9-4b8b135d8d16 (type: security_groups) to 1
2026-07-02 06:17:59.456 10 INFO neutron.services.segments.plugin [-] Segment 925860c5-7ee4-4642-ba1c-5bd8ca35724c resource provider not found; error: Placement Client Error (4xx): {"errors": [{"status": 404, "title": "Not Found", "detail": "The resource could not be found.\n\n No resource provider with uuid 925860c5-7ee4-4642-ba1c-5bd8ca35724c found for delete ", "request_id": "req-cd7ba549-207e-4674-8c53-41a11c74f71b"}]}
2026-07-02 06:17:59.465 10 INFO neutron.services.segments.plugin [-] Segment 078205c2-0804-44a8-99a6-1a2cf678a038 resource provider aggregate not found
2026-07-02 06:17:59.469 10 INFO neutron.services.segments.plugin [-] Segment 078205c2-0804-44a8-99a6-1a2cf678a038 resource provider aggregate not found
2026-07-02 06:17:59.475 10 INFO neutron.api.wsgi [req-4513fe6f-f710-4248-8e5c-7f20625c53db req-cc214416-a297-4b9c-a68d-414731b61797 987bf3f81c5e436287d411cdb03f728f fb897881291a4803b1f0c8b3be766f50 - - 30437e507504463ea29d431b15a7394d 30437e507504463ea29d431b15a7394d] 199.204.45.38 "GET /v2.0/ports?tenant_id=35a6b7a627e34620a6d45246fb4090f6&device_id=80191274-c6de-4cfb-8e8a-421fe9d6e0bd HTTP/1.1" status: 200 len: 1407 time: 0.0575900
2026-07-02 06:17:59.477 10 INFO neutron.services.segments.plugin [-] Segment 078205c2-0804-44a8-99a6-1a2cf678a038 resource provider not found; error: Placement Client Error (4xx): {"errors": [{"status": 404, "title": "Not Found", "detail": "The resource could not be found.\n\n No resource provider with uuid 078205c2-0804-44a8-99a6-1a2cf678a038 found for delete ", "request_id": "req-aa2ed5a3-83ba-4c19-b39f-624bcf3d8a5a"}]}
2026-07-02 06:17:59.481 10 INFO neutron.api.wsgi [None req-cc95df82-3e7a-470d-ab9d-2f8264a7d113 e9f8acd949d8498fa9f1aa12575daff1 3fdcaf5fee7344378c1ec93f452be98d - - default default] 10.0.0.211 "DELETE /v2.0/subnets/13826df0-d081-4e68-8574-9c6751b03f7f HTTP/1.1" status: 204 len: 168 time: 0.2075951
2026-07-02 06:17:59.481 10 INFO neutron.db.ovn_revision_numbers_db [None req-dd14e4d4-fc74-422f-aead-a2ac32199476 a85b1ab8069f438d96fd4430ba1d0bec a334b46b4150443bbb4824a0369c2f4a - - default default] Successfully bumped revision number for resource 0bcd17ac-6a6b-4764-bdb1-a7a4be33502c (type: security_group_rules) to 0
2026-07-02 06:17:59.485 10 INFO neutron.services.segments.plugin [-] Segment 078205c2-0804-44a8-99a6-1a2cf678a038 resource provider not found; error: Placement Client Error (4xx): {"errors": [{"status": 404, "title": "Not Found", "detail": "The resource could not be found.\n\n No resource provider with uuid 078205c2-0804-44a8-99a6-1a2cf678a038 found for delete ", "request_id": "req-2532bb7a-2dc4-4222-9169-affa6b4fe9ce"}]}
2026-07-02 06:17:59.505 10 INFO neutron.api.wsgi [req-4513fe6f-f710-4248-8e5c-7f20625c53db req-11cdee69-36d4-4f4f-861e-9441737e00c5 987bf3f81c5e436287d411cdb03f728f fb897881291a4803b1f0c8b3be766f50 - - 30437e507504463ea29d431b15a7394d 30437e507504463ea29d431b15a7394d] 199.204.45.38 "GET /v2.0/floatingips?fixed_ip_address=10.100.0.3&port_id=02ded4ea-c5a3-4c0d-9d88-f9071bd9f5dd HTTP/1.1" status: 200 len: 217 time: 0.0227256
2026-07-02 06:17:59.507 10 INFO neutron.db.ovn_revision_numbers_db [None req-dd14e4d4-fc74-422f-aead-a2ac32199476 a85b1ab8069f438d96fd4430ba1d0bec a334b46b4150443bbb4824a0369c2f4a - - default default] Successfully bumped revision number for resource 3b5580aa-1bed-49f5-9adb-74b89a8e3578 (type: security_group_rules) to 0
2026-07-02 06:17:59.528 10 INFO neutron.db.ovn_revision_numbers_db [None req-dd14e4d4-fc74-422f-aead-a2ac32199476 a85b1ab8069f438d96fd4430ba1d0bec a334b46b4150443bbb4824a0369c2f4a - - default default] Successfully bumped revision number for resource 489e857a-1842-4f16-9c63-1758ad954494 (type: security_group_rules) to 0
2026-07-02 06:17:59.541 10 INFO neutron.api.wsgi [req-4513fe6f-f710-4248-8e5c-7f20625c53db req-586dc42f-0048-48d1-ba97-c3ebbf036f5e 987bf3f81c5e436287d411cdb03f728f fb897881291a4803b1f0c8b3be766f50 - - 30437e507504463ea29d431b15a7394d 30437e507504463ea29d431b15a7394d] 199.204.45.38 "GET /v2.0/subnets?id=f076d0d1-d05c-4fa9-85f4-77d67b0969f5 HTTP/1.1" status: 200 len: 897 time: 0.0273314
2026-07-02 06:17:59.552 10 INFO neutron.db.ovn_revision_numbers_db [None req-dd14e4d4-fc74-422f-aead-a2ac32199476 a85b1ab8069f438d96fd4430ba1d0bec a334b46b4150443bbb4824a0369c2f4a - - default default] Successfully bumped revision number for resource cf91b8be-7b38-434f-bbd8-2a9f913515d1 (type: security_group_rules) to 0
2026-07-02 06:17:59.569 10 INFO neutron.api.wsgi [req-4513fe6f-f710-4248-8e5c-7f20625c53db req-dd788585-af05-4b89-a049-81c850a6b4a3 987bf3f81c5e436287d411cdb03f728f fb897881291a4803b1f0c8b3be766f50 - - 30437e507504463ea29d431b15a7394d 30437e507504463ea29d431b15a7394d] 199.204.45.38 "GET /v2.0/ports?network_id=7b30f0d5-ed68-4706-a874-2b1121c14548&device_owner=network%3Adhcp HTTP/1.1" status: 200 len: 210 time: 0.0196691
2026-07-02 06:17:59.612 10 INFO neutron.api.wsgi [None req-dd14e4d4-fc74-422f-aead-a2ac32199476 a85b1ab8069f438d96fd4430ba1d0bec a334b46b4150443bbb4824a0369c2f4a - - default default] 10.0.0.211 "GET /v2.0/security-groups?tenant_id=25cd4147b37747dcbe3d8bde39018c06&name=default HTTP/1.1" status: 200 len: 3120 time: 0.5020730
2026-07-02 06:17:59.631 10 INFO neutron.api.wsgi [req-4513fe6f-f710-4248-8e5c-7f20625c53db req-4b769163-bd39-4f24-9cc8-257b21831cb7 987bf3f81c5e436287d411cdb03f728f fb897881291a4803b1f0c8b3be766f50 - - 30437e507504463ea29d431b15a7394d 30437e507504463ea29d431b15a7394d] 199.204.45.38 "GET /v2.0/networks/7b30f0d5-ed68-4706-a874-2b1121c14548?fields=segments HTTP/1.1" status: 200 len: 212 time: 0.0543077
2026-07-02 06:17:59.687 10 INFO neutron.api.wsgi [req-4513fe6f-f710-4248-8e5c-7f20625c53db req-6e9af4e0-4329-48de-b2ed-d31d25209fdc 987bf3f81c5e436287d411cdb03f728f fb897881291a4803b1f0c8b3be766f50 - - 30437e507504463ea29d431b15a7394d 30437e507504463ea29d431b15a7394d] 199.204.45.38 "GET /v2.0/networks/7b30f0d5-ed68-4706-a874-2b1121c14548?fields=provider%3Aphysical_network&fields=provider%3Anetwork_type HTTP/1.1" status: 200 len: 277 time: 0.0511737
2026-07-02 06:17:59.843 10 INFO neutron.api.wsgi [None req-d310d97e-7639-4d6d-9140-9f0bc4878846 e9f8acd949d8498fa9f1aa12575daff1 3fdcaf5fee7344378c1ec93f452be98d - - default default] 10.0.0.211 "DELETE /v2.0/networks/e918de66-f6a7-4202-9783-5f2f8d1a9796 HTTP/1.1" status: 204 len: 168 time: 0.3529992
2026-07-02 06:17:59.874 9 INFO neutron.api.wsgi [None req-6d182e06-5d39-452a-b5e6-bebb41845854 a85b1ab8069f438d96fd4430ba1d0bec a334b46b4150443bbb4824a0369c2f4a - - default default] 10.0.0.211 "DELETE /v2.0/security-groups/79f4ebe4-7ea9-42af-90a9-4b8b135d8d16 HTTP/1.1" status: 204 len: 168 time: 0.2565413
2026-07-02 06:17:59.966 10 INFO neutron.api.wsgi [req-0dcea0c8-5231-4e9b-a906-199c4ff7fe7b req-a32f02d6-b486-4ab4-b284-8a924a2b604e deb7a785663a4889a5e6d726701aef2d 35a6b7a627e34620a6d45246fb4090f6 - - default default] 10.0.0.201 "GET /v2.0/ports?device_id=80191274-c6de-4cfb-8e8a-421fe9d6e0bd HTTP/1.1" status: 200 len: 1168 time: 0.0391128
2026-07-02 06:18:00.050 10 INFO neutron.api.wsgi [req-0dcea0c8-5231-4e9b-a906-199c4ff7fe7b req-b120c97b-ca9d-4efa-9fa2-efb7c8dc8c6c deb7a785663a4889a5e6d726701aef2d 35a6b7a627e34620a6d45246fb4090f6 - - default default] 10.0.0.201 "GET /v2.0/security-groups?id=062e6d44-1bf5-4584-8418-1a71b0eee174&fields=id&fields=name HTTP/1.1" status: 200 len: 313 time: 0.0750120
2026-07-02 06:18:00.488 10 INFO neutron.api.wsgi [None req-9f666973-f64f-489d-a31c-3b516b0d38f8 a85b1ab8069f438d96fd4430ba1d0bec a334b46b4150443bbb4824a0369c2f4a - - default default] 10.0.0.211 "GET /v2.0/security-groups?tenant_id=3fdcaf5fee7344378c1ec93f452be98d&name=default HTTP/1.1" status: 200 len: 3120 time: 0.2035551
2026-07-02 06:18:00.678 10 INFO neutron.api.wsgi [None req-a5cd2223-cd0c-4b34-8542-f667b92d511b a85b1ab8069f438d96fd4430ba1d0bec a334b46b4150443bbb4824a0369c2f4a - - default default] 10.0.0.211 "DELETE /v2.0/security-groups/d63df770-05b1-4273-bc91-f2dbdae5485d HTTP/1.1" status: 204 len: 168 time: 0.1818414
2026-07-02 06:18:00.787 9 WARNING neutron_lib.context [None req-20f47110-6699-4ec5-a545-1f2ea9f172f1 46b2c469991142edbb9840e874fb713b 999894784f844194bd1de1bb217aa42f - - default default] Method 'is_advsvc' is deprecated since 2023.2 release (neutron-lib 3.8.0) and will be removed once support for the old RBAC API policies will be removed from Neutron. Please use method 'is_service_role' instead.
2026-07-02 06:18:00.924 9 INFO neutron.db.ovn_revision_numbers_db [None req-20f47110-6699-4ec5-a545-1f2ea9f172f1 46b2c469991142edbb9840e874fb713b 999894784f844194bd1de1bb217aa42f - - default default] Successfully bumped revision number for resource 414e3950-1fe3-453a-8d06-6a9600587455 (type: security_groups) to 1
2026-07-02 06:18:00.934 9 INFO neutron.db.ovn_revision_numbers_db [None req-20f47110-6699-4ec5-a545-1f2ea9f172f1 46b2c469991142edbb9840e874fb713b 999894784f844194bd1de1bb217aa42f - - default default] Successfully bumped revision number for resource 3449ad5d-a56b-4309-bcf2-2c542552fbf6 (type: security_group_rules) to 0
2026-07-02 06:18:00.949 9 INFO neutron.db.ovn_revision_numbers_db [None req-20f47110-6699-4ec5-a545-1f2ea9f172f1 46b2c469991142edbb9840e874fb713b 999894784f844194bd1de1bb217aa42f - - default default] Successfully bumped revision number for resource 73df0797-866a-4b60-b5eb-cca0404bf444 (type: security_group_rules) to 0
2026-07-02 06:18:00.962 9 INFO neutron.db.ovn_revision_numbers_db [None req-20f47110-6699-4ec5-a545-1f2ea9f172f1 46b2c469991142edbb9840e874fb713b 999894784f844194bd1de1bb217aa42f - - default default] Successfully bumped revision number for resource 8bc5ae58-627c-4b87-9f6a-40f08f5daccd (type: security_group_rules) to 0
2026-07-02 06:18:00.975 9 INFO neutron.db.ovn_revision_numbers_db [None req-20f47110-6699-4ec5-a545-1f2ea9f172f1 46b2c469991142edbb9840e874fb713b 999894784f844194bd1de1bb217aa42f - - default default] Successfully bumped revision number for resource bb7029f0-3534-4c4b-b477-ae4764e7d7d1 (type: security_group_rules) to 0
2026-07-02 06:18:01.044 9 INFO neutron.db.segments_db [None req-20f47110-6699-4ec5-a545-1f2ea9f172f1 46b2c469991142edbb9840e874fb713b 999894784f844194bd1de1bb217aa42f - - default default] Added segment c9a85f54-88be-422b-ba45-123e9502c52c of type geneve for network 1cd74fd9-00db-45b3-a00e-ebd9ffa7b3ed
2026-07-02 06:18:01.150 10 INFO neutron.api.wsgi [req-d0cd072e-febc-4d90-85e0-dd11a946a916 req-6f316d82-568f-422b-a3dd-a83ff0870d6f deb7a785663a4889a5e6d726701aef2d 35a6b7a627e34620a6d45246fb4090f6 - - default default] 10.0.0.201 "GET /v2.0/ports?device_id=80191274-c6de-4cfb-8e8a-421fe9d6e0bd HTTP/1.1" status: 200 len: 1168 time: 0.0334368
2026-07-02 06:18:01.173 9 INFO neutron.db.ovn_revision_numbers_db [None req-20f47110-6699-4ec5-a545-1f2ea9f172f1 46b2c469991142edbb9840e874fb713b 999894784f844194bd1de1bb217aa42f - - default default] Successfully bumped revision number for resource 1cd74fd9-00db-45b3-a00e-ebd9ffa7b3ed (type: networks) to 1
2026-07-02 06:18:01.190 10 INFO neutron.api.wsgi [req-d0cd072e-febc-4d90-85e0-dd11a946a916 req-3b6cccca-8f66-40df-9cd4-c0ff0f7c7e55 deb7a785663a4889a5e6d726701aef2d 35a6b7a627e34620a6d45246fb4090f6 - - default default] 10.0.0.201 "GET /v2.0/security-groups?id=062e6d44-1bf5-4584-8418-1a71b0eee174&fields=id&fields=name HTTP/1.1" status: 200 len: 313 time: 0.0318317
2026-07-02 06:18:01.362 9 WARNING neutron.scheduler.dhcp_agent_scheduler [None req-20f47110-6699-4ec5-a545-1f2ea9f172f1 46b2c469991142edbb9840e874fb713b 999894784f844194bd1de1bb217aa42f - - default default] No more DHCP agents
2026-07-02 06:18:01.364 9 WARNING neutron.api.rpc.agentnotifiers.dhcp_rpc_agent_api [None req-20f47110-6699-4ec5-a545-1f2ea9f172f1 46b2c469991142edbb9840e874fb713b 999894784f844194bd1de1bb217aa42f - - default default] Unable to schedule network 1cd74fd9-00db-45b3-a00e-ebd9ffa7b3ed: no agents available; will retry on subsequent port and subnet creation events.
2026-07-02 06:18:01.417 9 INFO neutron.db.ovn_revision_numbers_db [None req-20f47110-6699-4ec5-a545-1f2ea9f172f1 46b2c469991142edbb9840e874fb713b 999894784f844194bd1de1bb217aa42f - - default default] Successfully bumped revision number for resource 267ae81c-2347-4743-a524-b6cf67ed9628 (type: ports) to 1
2026-07-02 06:18:01.438 9 INFO neutron.api.wsgi [None req-20f47110-6699-4ec5-a545-1f2ea9f172f1 46b2c469991142edbb9840e874fb713b 999894784f844194bd1de1bb217aa42f - - default default] 10.0.0.211 "POST /v2.0/networks HTTP/1.1" status: 201 len: 844 time: 0.7842364
2026-07-02 06:18:01.447 9 WARNING neutron_lib.context [None req-e48e8278-cb8a-4073-91a8-6f2d72fc37c5 46b2c469991142edbb9840e874fb713b 999894784f844194bd1de1bb217aa42f - - default default] Method 'is_advsvc' is deprecated since 2023.2 release (neutron-lib 3.8.0) and will be removed once support for the old RBAC API policies will be removed from Neutron. Please use method 'is_service_role' instead.
2026-07-02 06:18:01.496 10 INFO neutron.services.segments.plugin [-] Segment c4e93f9f-b3d6-4efc-b994-9ae01283b50f resource provider aggregate not found
2026-07-02 06:18:01.500 10 INFO neutron.services.segments.plugin [-] Segment c4e93f9f-b3d6-4efc-b994-9ae01283b50f resource provider aggregate not found
2026-07-02 06:18:01.506 10 INFO neutron.services.segments.plugin [-] Segment c4e93f9f-b3d6-4efc-b994-9ae01283b50f resource provider not found; error: Placement Client Error (4xx): {"errors": [{"status": 404, "title": "Not Found", "detail": "The resource could not be found.\n\n No resource provider with uuid c4e93f9f-b3d6-4efc-b994-9ae01283b50f found for delete ", "request_id": "req-2f6bca77-db88-412e-9a03-ce8b058cec02"}]}
2026-07-02 06:18:01.514 10 INFO neutron.services.segments.plugin [-] Segment c4e93f9f-b3d6-4efc-b994-9ae01283b50f resource provider not found; error: Placement Client Error (4xx): {"errors": [{"status": 404, "title": "Not Found", "detail": "The resource could not be found.\n\n No resource provider with uuid c4e93f9f-b3d6-4efc-b994-9ae01283b50f found for delete ", "request_id": "req-f35d3ed2-e5f5-458b-98b7-783462d36dfa"}]}
2026-07-02 06:18:01.649 9 WARNING neutron.scheduler.dhcp_agent_scheduler [None req-e48e8278-cb8a-4073-91a8-6f2d72fc37c5 46b2c469991142edbb9840e874fb713b 999894784f844194bd1de1bb217aa42f - - default default] No more DHCP agents
2026-07-02 06:18:01.651 9 WARNING neutron.api.rpc.agentnotifiers.dhcp_rpc_agent_api [None req-e48e8278-cb8a-4073-91a8-6f2d72fc37c5 46b2c469991142edbb9840e874fb713b 999894784f844194bd1de1bb217aa42f - - default default] Unable to schedule network 1cd74fd9-00db-45b3-a00e-ebd9ffa7b3ed: no agents available; will retry on subsequent port and subnet creation events.
2026-07-02 06:18:01.744 9 INFO neutron.db.ovn_revision_numbers_db [None req-e48e8278-cb8a-4073-91a8-6f2d72fc37c5 46b2c469991142edbb9840e874fb713b 999894784f844194bd1de1bb217aa42f - - default default] Successfully bumped revision number for resource cbc62599-fd86-4a3f-a497-7e9c7ac58785 (type: ports) to 1
2026-07-02 06:18:01.767 9 INFO neutron.api.wsgi [None req-e48e8278-cb8a-4073-91a8-6f2d72fc37c5 46b2c469991142edbb9840e874fb713b 999894784f844194bd1de1bb217aa42f - - default default] 10.0.0.211 "POST /v2.0/ports HTTP/1.1" status: 201 len: 973 time: 0.3247201 /var/lib/openstack/lib/python3.12/site-packages/pycadf/identifier.py:71: UserWarning: Invalid uuid: neutron. To ensure interoperability, identifiers should be a valid uuid. warnings.warn(('Invalid uuid: %s. To ensure interoperability, '
2026-07-02 06:18:01.780 9 WARNING neutron_lib.context [None req-64ff1bb0-7d5a-49aa-9cfc-412d3a647833 46b2c469991142edbb9840e874fb713b 999894784f844194bd1de1bb217aa42f - - default default] Method 'is_advsvc' is deprecated since 2023.2 release (neutron-lib 3.8.0) and will be removed once support for the old RBAC API policies will be removed from Neutron. Please use method 'is_service_role' instead.
2026-07-02 06:18:01.864 9 INFO neutron.db.segments_db [None req-64ff1bb0-7d5a-49aa-9cfc-412d3a647833 46b2c469991142edbb9840e874fb713b 999894784f844194bd1de1bb217aa42f - - default default] Added segment a908adda-bb45-40a0-87a2-ca1e19ed54e5 of type geneve for network b26bd738-3e92-4917-acf4-555325b7e24c
2026-07-02 06:18:01.952 9 INFO neutron.db.ovn_revision_numbers_db [None req-64ff1bb0-7d5a-49aa-9cfc-412d3a647833 46b2c469991142edbb9840e874fb713b 999894784f844194bd1de1bb217aa42f - - default default] Successfully bumped revision number for resource b26bd738-3e92-4917-acf4-555325b7e24c (type: networks) to 1
2026-07-02 06:18:02.093 9 WARNING neutron.scheduler.dhcp_agent_scheduler [None req-64ff1bb0-7d5a-49aa-9cfc-412d3a647833 46b2c469991142edbb9840e874fb713b 999894784f844194bd1de1bb217aa42f - - default default] No more DHCP agents
2026-07-02 06:18:02.094 9 WARNING neutron.api.rpc.agentnotifiers.dhcp_rpc_agent_api [None req-64ff1bb0-7d5a-49aa-9cfc-412d3a647833 46b2c469991142edbb9840e874fb713b 999894784f844194bd1de1bb217aa42f - - default default] Unable to schedule network b26bd738-3e92-4917-acf4-555325b7e24c: no agents available; will retry on subsequent port and subnet creation events.
2026-07-02 06:18:02.167 9 INFO neutron.db.ovn_revision_numbers_db [None req-64ff1bb0-7d5a-49aa-9cfc-412d3a647833 46b2c469991142edbb9840e874fb713b 999894784f844194bd1de1bb217aa42f - - default default] Successfully bumped revision number for resource 7c84eb57-e78a-406d-8ed0-8acc2d2ab885 (type: ports) to 1
2026-07-02 06:18:02.188 9 INFO neutron.api.wsgi [None req-64ff1bb0-7d5a-49aa-9cfc-412d3a647833 46b2c469991142edbb9840e874fb713b 999894784f844194bd1de1bb217aa42f - - default default] 10.0.0.211 "POST /v2.0/networks HTTP/1.1" status: 201 len: 831 time: 0.4127212
2026-07-02 06:18:02.198 9 WARNING neutron_lib.context [None req-ce9bffda-45c4-43f1-857c-5950b1740050 46b2c469991142edbb9840e874fb713b 999894784f844194bd1de1bb217aa42f - - default default] Method 'is_advsvc' is deprecated since 2023.2 release (neutron-lib 3.8.0) and will be removed once support for the old RBAC API policies will be removed from Neutron. Please use method 'is_service_role' instead.
2026-07-02 06:18:02.311 10 INFO neutron.api.wsgi [req-c44ee89d-8645-4f68-aa51-81194e8f7de8 req-3149f7e5-9b64-4d09-9548-4149d1105894 deb7a785663a4889a5e6d726701aef2d 35a6b7a627e34620a6d45246fb4090f6 - - default default] 10.0.0.201 "GET /v2.0/ports?device_id=80191274-c6de-4cfb-8e8a-421fe9d6e0bd HTTP/1.1" status: 200 len: 1168 time: 0.0464978
2026-07-02 06:18:02.367 10 INFO neutron.api.wsgi [req-c44ee89d-8645-4f68-aa51-81194e8f7de8 req-b12a34b3-8ca9-42f8-9adc-2eac8a8bcded deb7a785663a4889a5e6d726701aef2d 35a6b7a627e34620a6d45246fb4090f6 - - default default] 10.0.0.201 "GET /v2.0/security-groups?id=062e6d44-1bf5-4584-8418-1a71b0eee174&fields=id&fields=name HTTP/1.1" status: 200 len: 313 time: 0.0516665
2026-07-02 06:18:02.370 9 WARNING neutron.scheduler.dhcp_agent_scheduler [None req-ce9bffda-45c4-43f1-857c-5950b1740050 46b2c469991142edbb9840e874fb713b 999894784f844194bd1de1bb217aa42f - - default default] No more DHCP agents
2026-07-02 06:18:02.371 9 WARNING neutron.api.rpc.agentnotifiers.dhcp_rpc_agent_api [None req-ce9bffda-45c4-43f1-857c-5950b1740050 46b2c469991142edbb9840e874fb713b 999894784f844194bd1de1bb217aa42f - - default default] Unable to schedule network b26bd738-3e92-4917-acf4-555325b7e24c: no agents available; will retry on subsequent port and subnet creation events.
2026-07-02 06:18:02.395 10 WARNING neutron_lib.context [None req-fe4f63d7-2772-47b6-8b53-25e4ac9ca5b4 bc0e204bb70e470a9dae6a19661b7708 00987951fb9842a399d5e2112693b171 - - default default] Method 'is_advsvc' is deprecated since 2023.2 release (neutron-lib 3.8.0) and will be removed once support for the old RBAC API policies will be removed from Neutron. Please use method 'is_service_role' instead.
2026-07-02 06:18:02.532 10 INFO neutron.db.ovn_revision_numbers_db [None req-fe4f63d7-2772-47b6-8b53-25e4ac9ca5b4 bc0e204bb70e470a9dae6a19661b7708 00987951fb9842a399d5e2112693b171 - - default default] Successfully bumped revision number for resource 2dec7ae3-3706-48b2-84d4-8a353b31d2e0 (type: security_groups) to 1
2026-07-02 06:18:02.551 10 INFO neutron.db.ovn_revision_numbers_db [None req-fe4f63d7-2772-47b6-8b53-25e4ac9ca5b4 bc0e204bb70e470a9dae6a19661b7708 00987951fb9842a399d5e2112693b171 - - default default] Successfully bumped revision number for resource 31a9cc13-eab6-4ec8-b6b0-8201b82557fa (type: security_group_rules) to 0
2026-07-02 06:18:02.565 10 INFO neutron.db.ovn_revision_numbers_db [None req-fe4f63d7-2772-47b6-8b53-25e4ac9ca5b4 bc0e204bb70e470a9dae6a19661b7708 00987951fb9842a399d5e2112693b171 - - default default] Successfully bumped revision number for resource 5bf72128-54c5-4ece-9828-38cd9ec40e2b (type: security_group_rules) to 0
2026-07-02 06:18:02.578 10 INFO neutron.db.ovn_revision_numbers_db [None req-fe4f63d7-2772-47b6-8b53-25e4ac9ca5b4 bc0e204bb70e470a9dae6a19661b7708 00987951fb9842a399d5e2112693b171 - - default default] Successfully bumped revision number for resource bd374c18-72ab-48b1-b0f1-21b15a90480f (type: security_group_rules) to 0
2026-07-02 06:18:02.590 10 INFO neutron.db.ovn_revision_numbers_db [None req-fe4f63d7-2772-47b6-8b53-25e4ac9ca5b4 bc0e204bb70e470a9dae6a19661b7708 00987951fb9842a399d5e2112693b171 - - default default] Successfully bumped revision number for resource db4acc6b-bd49-4e69-a69a-d5a2b6c24ec5 (type: security_group_rules) to 0
2026-07-02 06:18:02.675 10 INFO neutron.db.segments_db [None req-fe4f63d7-2772-47b6-8b53-25e4ac9ca5b4 bc0e204bb70e470a9dae6a19661b7708 00987951fb9842a399d5e2112693b171 - - default default] Added segment 6f43c4eb-820c-4bed-8bd3-e3e67d2300cb of type geneve for network 1db5e907-9cd1-47de-875c-e658df1f02dd
2026-07-02 06:18:02.794 9 INFO neutron.db.ovn_revision_numbers_db [None req-82c64986-8e9d-426a-904b-b0a8793ec5ba - - - - - -] Successfully bumped revision number for resource 7c84eb57-e78a-406d-8ed0-8acc2d2ab885 (type: ports) to 2
2026-07-02 06:18:02.828 9 INFO neutron.db.ovn_revision_numbers_db [None req-82c64986-8e9d-426a-904b-b0a8793ec5ba - - - - - -] Successfully bumped revision number for resource bd089e0a-8366-43d3-98a0-f791af294879 (type: subnets) to 0
2026-07-02 06:18:02.832 10 INFO neutron.db.ovn_revision_numbers_db [None req-fe4f63d7-2772-47b6-8b53-25e4ac9ca5b4 bc0e204bb70e470a9dae6a19661b7708 00987951fb9842a399d5e2112693b171 - - default default] Successfully bumped revision number for resource 1db5e907-9cd1-47de-875c-e658df1f02dd (type: networks) to 1
2026-07-02 06:18:02.842 9 INFO neutron.api.wsgi [None req-ce9bffda-45c4-43f1-857c-5950b1740050 46b2c469991142edbb9840e874fb713b 999894784f844194bd1de1bb217aa42f - - default default] 10.0.0.211 "POST /v2.0/subnets HTTP/1.1" status: 201 len: 825 time: 0.6476481
2026-07-02 06:18:02.855 10 WARNING neutron_lib.context [None req-29f288f4-2fd1-4f2b-ad64-2f86376f9039 46b2c469991142edbb9840e874fb713b 999894784f844194bd1de1bb217aa42f - - default default] Method 'is_advsvc' is deprecated since 2023.2 release (neutron-lib 3.8.0) and will be removed once support for the old RBAC API policies will be removed from Neutron. Please use method 'is_service_role' instead.
2026-07-02 06:18:02.967 9 INFO neutron.api.wsgi [None req-b41561ca-c2ad-4643-9b3d-83a02f426539 f1e10f8f47204d62b59ac3a75a78d154 b09deb1978a1467aa0f020a833e771ef - - default default] 10.0.0.203 "GET /v2.0/extensions HTTP/1.1" status: 200 len: 19298 time: 0.0432160
2026-07-02 06:18:03.012 10 WARNING neutron.scheduler.dhcp_agent_scheduler [None req-fe4f63d7-2772-47b6-8b53-25e4ac9ca5b4 bc0e204bb70e470a9dae6a19661b7708 00987951fb9842a399d5e2112693b171 - - default default] No more DHCP agents
2026-07-02 06:18:03.015 10 WARNING neutron.api.rpc.agentnotifiers.dhcp_rpc_agent_api [None req-fe4f63d7-2772-47b6-8b53-25e4ac9ca5b4 bc0e204bb70e470a9dae6a19661b7708 00987951fb9842a399d5e2112693b171 - - default default] Unable to schedule network 1db5e907-9cd1-47de-875c-e658df1f02dd: no agents available; will retry on subsequent port and subnet creation events.
2026-07-02 06:18:03.111 10 INFO neutron.db.ovn_revision_numbers_db [None req-fe4f63d7-2772-47b6-8b53-25e4ac9ca5b4 bc0e204bb70e470a9dae6a19661b7708 00987951fb9842a399d5e2112693b171 - - default default] Successfully bumped revision number for resource 711650a6-8399-4263-ab4e-1f2e5a17f7a9 (type: ports) to 1
2026-07-02 06:18:03.138 10 INFO neutron.api.wsgi [None req-fe4f63d7-2772-47b6-8b53-25e4ac9ca5b4 bc0e204bb70e470a9dae6a19661b7708 00987951fb9842a399d5e2112693b171 - - default default] 10.0.0.211 "POST /v2.0/networks HTTP/1.1" status: 201 len: 831 time: 0.8431318 /var/lib/openstack/lib/python3.12/site-packages/pycadf/identifier.py:71: UserWarning: Invalid uuid: neutron. To ensure interoperability, identifiers should be a valid uuid. warnings.warn(('Invalid uuid: %s. To ensure interoperability, '
2026-07-02 06:18:03.145 10 WARNING neutron_lib.context [None req-2fd49132-e08c-49e2-b6a1-f8b533616c2a bc0e204bb70e470a9dae6a19661b7708 00987951fb9842a399d5e2112693b171 - - default default] Method 'is_advsvc' is deprecated since 2023.2 release (neutron-lib 3.8.0) and will be removed once support for the old RBAC API policies will be removed from Neutron. Please use method 'is_service_role' instead.
2026-07-02 06:18:03.187 10 INFO neutron.api.wsgi [None req-0734f92f-5f9e-4a36-9022-02ef0217bda5 f1e10f8f47204d62b59ac3a75a78d154 b09deb1978a1467aa0f020a833e771ef - - default default] 10.0.0.203 "GET /v2.0/quotas/b09deb1978a1467aa0f020a833e771ef/details HTTP/1.1" status: 200 len: 1046 time: 0.2044046
2026-07-02 06:18:03.195 10 WARNING neutron.scheduler.dhcp_agent_scheduler [None req-29f288f4-2fd1-4f2b-ad64-2f86376f9039 46b2c469991142edbb9840e874fb713b 999894784f844194bd1de1bb217aa42f - - default default] No more DHCP agents
2026-07-02 06:18:03.196 10 WARNING neutron.api.rpc.agentnotifiers.dhcp_rpc_agent_api [None req-29f288f4-2fd1-4f2b-ad64-2f86376f9039 46b2c469991142edbb9840e874fb713b 999894784f844194bd1de1bb217aa42f - - default default] Unable to schedule network b26bd738-3e92-4917-acf4-555325b7e24c: no agents available; will retry on subsequent port and subnet creation events.
2026-07-02 06:18:03.251 10 INFO neutron.db.segments_db [None req-2fd49132-e08c-49e2-b6a1-f8b533616c2a bc0e204bb70e470a9dae6a19661b7708 00987951fb9842a399d5e2112693b171 - - default default] Added segment 4a111c64-ed7a-4f88-a55c-9f7c0a30b65f of type geneve for network 84f034ef-4daf-40b5-8a0e-1d6d9d09cf44
2026-07-02 06:18:03.364 10 INFO neutron.db.ovn_revision_numbers_db [None req-29f288f4-2fd1-4f2b-ad64-2f86376f9039 46b2c469991142edbb9840e874fb713b 999894784f844194bd1de1bb217aa42f - - default default] Successfully bumped revision number for resource 3e8d8140-f4ff-4c94-ade2-2be259250e8f (type: ports) to 1
2026-07-02 06:18:03.387 10 INFO neutron.api.wsgi [None req-29f288f4-2fd1-4f2b-ad64-2f86376f9039 46b2c469991142edbb9840e874fb713b 999894784f844194bd1de1bb217aa42f - - default default] 10.0.0.211 "POST /v2.0/ports HTTP/1.1" status: 201 len: 1152 time: 0.5389333
2026-07-02 06:18:03.389 10 INFO neutron.db.ovn_revision_numbers_db [None req-2fd49132-e08c-49e2-b6a1-f8b533616c2a bc0e204bb70e470a9dae6a19661b7708 00987951fb9842a399d5e2112693b171 - - default default] Successfully bumped revision number for resource 84f034ef-4daf-40b5-8a0e-1d6d9d09cf44 (type: networks) to 1 /var/lib/openstack/lib/python3.12/site-packages/pycadf/identifier.py:71: UserWarning: Invalid uuid: neutron. To ensure interoperability, identifiers should be a valid uuid. warnings.warn(('Invalid uuid: %s. To ensure interoperability, '
2026-07-02 06:18:03.524 10 INFO neutron.api.wsgi [req-78c55313-c844-47ac-9922-2aa5de44e9e2 req-1a467848-8120-42c8-9e35-b64e5cc0060f deb7a785663a4889a5e6d726701aef2d 35a6b7a627e34620a6d45246fb4090f6 - - default default] 10.0.0.201 "GET /v2.0/ports?device_id=80191274-c6de-4cfb-8e8a-421fe9d6e0bd HTTP/1.1" status: 200 len: 1168 time: 0.1007724
2026-07-02 06:18:03.574 10 INFO neutron.api.wsgi [req-78c55313-c844-47ac-9922-2aa5de44e9e2 req-993f4081-1b7d-4aff-967b-b9442861bd79 deb7a785663a4889a5e6d726701aef2d 35a6b7a627e34620a6d45246fb4090f6 - - default default] 10.0.0.201 "GET /v2.0/security-groups?id=062e6d44-1bf5-4584-8418-1a71b0eee174&fields=id&fields=name HTTP/1.1" status: 200 len: 313 time: 0.0433545
2026-07-02 06:18:03.600 10 WARNING neutron.scheduler.dhcp_agent_scheduler [None req-2fd49132-e08c-49e2-b6a1-f8b533616c2a bc0e204bb70e470a9dae6a19661b7708 00987951fb9842a399d5e2112693b171 - - default default] No more DHCP agents
2026-07-02 06:18:03.602 10 WARNING neutron.api.rpc.agentnotifiers.dhcp_rpc_agent_api [None req-2fd49132-e08c-49e2-b6a1-f8b533616c2a bc0e204bb70e470a9dae6a19661b7708 00987951fb9842a399d5e2112693b171 - - default default] Unable to schedule network 84f034ef-4daf-40b5-8a0e-1d6d9d09cf44: no agents available; will retry on subsequent port and subnet creation events.
2026-07-02 06:18:03.662 10 INFO neutron.db.ovn_revision_numbers_db [None req-2fd49132-e08c-49e2-b6a1-f8b533616c2a bc0e204bb70e470a9dae6a19661b7708 00987951fb9842a399d5e2112693b171 - - default default] Successfully bumped revision number for resource c897bc8e-12c3-4848-ae50-d9f12b447ae5 (type: ports) to 1
2026-07-02 06:18:03.685 10 INFO neutron.api.wsgi [None req-2fd49132-e08c-49e2-b6a1-f8b533616c2a bc0e204bb70e470a9dae6a19661b7708 00987951fb9842a399d5e2112693b171 - - default default] 10.0.0.211 "POST /v2.0/networks HTTP/1.1" status: 201 len: 833 time: 0.5432227
2026-07-02 06:18:03.695 10 WARNING neutron_lib.context [None req-99965e1a-467d-46a6-9e85-511b7ddee8e2 bc0e204bb70e470a9dae6a19661b7708 00987951fb9842a399d5e2112693b171 - - default default] Method 'is_advsvc' is deprecated since 2023.2 release (neutron-lib 3.8.0) and will be removed once support for the old RBAC API policies will be removed from Neutron. Please use method 'is_service_role' instead.
2026-07-02 06:18:03.755 10 INFO neutron.api.wsgi [None req-2b6cd0a6-641b-4270-a520-bb7a3199be30 46b2c469991142edbb9840e874fb713b 999894784f844194bd1de1bb217aa42f - - default default] 10.0.0.211 "DELETE /v2.0/ports/3e8d8140-f4ff-4c94-ade2-2be259250e8f HTTP/1.1" status: 204 len: 168 time: 0.3641460
2026-07-02 06:18:03.777 9 INFO neutron.pecan_wsgi.hooks.translation [None req-51d7b654-bc04-41d6-95ef-1ca945e34865 46b2c469991142edbb9840e874fb713b 999894784f844194bd1de1bb217aa42f - - default default] DELETE failed (client error): The resource could not be found.
2026-07-02 06:18:03.779 9 INFO neutron.api.wsgi [None req-51d7b654-bc04-41d6-95ef-1ca945e34865 46b2c469991142edbb9840e874fb713b 999894784f844194bd1de1bb217aa42f - - default default] 10.0.0.211 "DELETE /v2.0/ports/3e8d8140-f4ff-4c94-ade2-2be259250e8f HTTP/1.1" status: 404 len: 333 time: 0.0199721
2026-07-02 06:18:03.797 9 INFO neutron.pecan_wsgi.hooks.translation [None req-20d7c417-ec37-4eff-92ca-b9f872d064ad 46b2c469991142edbb9840e874fb713b 999894784f844194bd1de1bb217aa42f - - default default] GET failed (client error): The resource could not be found.
2026-07-02 06:18:03.798 9 INFO neutron.api.wsgi [None req-20d7c417-ec37-4eff-92ca-b9f872d064ad 46b2c469991142edbb9840e874fb713b 999894784f844194bd1de1bb217aa42f - - default default] 10.0.0.211 "GET /v2.0/ports/3e8d8140-f4ff-4c94-ade2-2be259250e8f HTTP/1.1" status: 404 len: 333 time: 0.0141606
2026-07-02 06:18:03.897 10 WARNING neutron.scheduler.dhcp_agent_scheduler [None req-99965e1a-467d-46a6-9e85-511b7ddee8e2 bc0e204bb70e470a9dae6a19661b7708 00987951fb9842a399d5e2112693b171 - - default default] No more DHCP agents
2026-07-02 06:18:03.898 10 WARNING neutron.api.rpc.agentnotifiers.dhcp_rpc_agent_api [None req-99965e1a-467d-46a6-9e85-511b7ddee8e2 bc0e204bb70e470a9dae6a19661b7708 00987951fb9842a399d5e2112693b171 - - default default] Unable to schedule network 1db5e907-9cd1-47de-875c-e658df1f02dd: no agents available; will retry on subsequent port and subnet creation events.
2026-07-02 06:18:03.924 10 INFO neutron.db.ovn_revision_numbers_db [None req-99965e1a-467d-46a6-9e85-511b7ddee8e2 bc0e204bb70e470a9dae6a19661b7708 00987951fb9842a399d5e2112693b171 - - default default] Successfully bumped revision number for resource 796c9f53-de1d-400f-9a55-eca3bed8d288 (type: subnets) to 0
2026-07-02 06:18:03.936 10 INFO neutron.api.wsgi [None req-99965e1a-467d-46a6-9e85-511b7ddee8e2 bc0e204bb70e470a9dae6a19661b7708 00987951fb9842a399d5e2112693b171 - - default default] 10.0.0.211 "POST /v2.0/subnets HTTP/1.1" status: 201 len: 845 time: 0.2456014
2026-07-02 06:18:03.939 9 INFO neutron.api.wsgi [None req-1f19a244-8c88-4cf0-b484-ed5e7ef46a37 46b2c469991142edbb9840e874fb713b 999894784f844194bd1de1bb217aa42f - - default default] 10.0.0.211 "DELETE /v2.0/subnets/bd089e0a-8366-43d3-98a0-f791af294879 HTTP/1.1" status: 204 len: 168 time: 0.1357062
2026-07-02 06:18:03.945 9 WARNING neutron_lib.context [None req-7cd2d0a2-114a-470d-8da9-3cb8ff71d839 bc0e204bb70e470a9dae6a19661b7708 00987951fb9842a399d5e2112693b171 - - default default] Method 'is_advsvc' is deprecated since 2023.2 release (neutron-lib 3.8.0) and will be removed once support for the old RBAC API policies will be removed from Neutron. Please use method 'is_service_role' instead.
2026-07-02 06:18:04.113 9 WARNING neutron.scheduler.dhcp_agent_scheduler [None req-7cd2d0a2-114a-470d-8da9-3cb8ff71d839 bc0e204bb70e470a9dae6a19661b7708 00987951fb9842a399d5e2112693b171 - - default default] No more DHCP agents
2026-07-02 06:18:04.114 9 WARNING neutron.api.rpc.agentnotifiers.dhcp_rpc_agent_api [None req-7cd2d0a2-114a-470d-8da9-3cb8ff71d839 bc0e204bb70e470a9dae6a19661b7708 00987951fb9842a399d5e2112693b171 - - default default] Unable to schedule network 84f034ef-4daf-40b5-8a0e-1d6d9d09cf44: no agents available; will retry on subsequent port and subnet creation events.
2026-07-02 06:18:04.137 9 INFO neutron.db.ovn_revision_numbers_db [None req-7cd2d0a2-114a-470d-8da9-3cb8ff71d839 bc0e204bb70e470a9dae6a19661b7708 00987951fb9842a399d5e2112693b171 - - default default] Successfully bumped revision number for resource a49bb108-a5d3-44ab-bf27-81b04fe0e950 (type: subnets) to 0
2026-07-02 06:18:04.149 9 INFO neutron.api.wsgi [None req-7cd2d0a2-114a-470d-8da9-3cb8ff71d839 bc0e204bb70e470a9dae6a19661b7708 00987951fb9842a399d5e2112693b171 - - default default] 10.0.0.211 "POST /v2.0/subnets HTTP/1.1" status: 201 len: 854 time: 0.2071967
2026-07-02 06:18:04.159 9 WARNING neutron_lib.context [None req-8132e9ab-e09f-430a-85da-5c9a6e2ef7fc bc0e204bb70e470a9dae6a19661b7708 00987951fb9842a399d5e2112693b171 - - default default] Method 'is_advsvc' is deprecated since 2023.2 release (neutron-lib 3.8.0) and will be removed once support for the old RBAC API policies will be removed from Neutron. Please use method 'is_service_role' instead.
2026-07-02 06:18:04.185 10 INFO neutron.services.segments.plugin [-] Segment a908adda-bb45-40a0-87a2-ca1e19ed54e5 resource provider aggregate not found
2026-07-02 06:18:04.199 10 INFO neutron.services.segments.plugin [-] Segment a908adda-bb45-40a0-87a2-ca1e19ed54e5 resource provider aggregate not found
2026-07-02 06:18:04.212 10 INFO neutron.services.segments.plugin [-] Segment a908adda-bb45-40a0-87a2-ca1e19ed54e5 resource provider not found; error: Placement Client Error (4xx): {"errors": [{"status": 404, "title": "Not Found", "detail": "The resource could not be found.\n\n No resource provider with uuid a908adda-bb45-40a0-87a2-ca1e19ed54e5 found for delete ", "request_id": "req-6052a1d0-0a82-4fac-b163-a34896297d97"}]}
2026-07-02 06:18:04.213 10 INFO neutron.services.segments.plugin [-] Segment a908adda-bb45-40a0-87a2-ca1e19ed54e5 resource provider not found; error: Placement Client Error (4xx): {"errors": [{"status": 404, "title": "Not Found", "detail": "The resource could not be found.\n\n No resource provider with uuid a908adda-bb45-40a0-87a2-ca1e19ed54e5 found for delete ", "request_id": "req-f2f4482e-1e24-48c3-b30e-ff25eb8b8725"}]}
2026-07-02 06:18:04.227 10 INFO neutron.api.wsgi [None req-f85cf395-7f45-4f44-82e9-17b91fff38ed 46b2c469991142edbb9840e874fb713b 999894784f844194bd1de1bb217aa42f - - default default] 10.0.0.211 "DELETE /v2.0/networks/b26bd738-3e92-4917-acf4-555325b7e24c HTTP/1.1" status: 204 len: 168 time: 0.2839322
2026-07-02 06:18:04.239 10 WARNING neutron_lib.context [None req-6066eb13-2111-47c5-8853-7deff2c69ad3 46b2c469991142edbb9840e874fb713b 999894784f844194bd1de1bb217aa42f - - default default] Method 'is_advsvc' is deprecated since 2023.2 release (neutron-lib 3.8.0) and will be removed once support for the old RBAC API policies will be removed from Neutron. Please use method 'is_service_role' instead.
2026-07-02 06:18:04.278 9 INFO neutron.db.ovn_revision_numbers_db [None req-8132e9ab-e09f-430a-85da-5c9a6e2ef7fc bc0e204bb70e470a9dae6a19661b7708 00987951fb9842a399d5e2112693b171 - - default default] Successfully bumped revision number for resource 52fde22d-a8d3-484d-8026-42806651f321 (type: routers) to 1
2026-07-02 06:18:04.298 9 INFO neutron.api.wsgi [None req-8132e9ab-e09f-430a-85da-5c9a6e2ef7fc bc0e204bb70e470a9dae6a19661b7708 00987951fb9842a399d5e2112693b171 - - default default] 10.0.0.211 "POST /v2.0/routers HTTP/1.1" status: 201 len: 806 time: 0.1437829
2026-07-02 06:18:04.339 10 INFO neutron.db.segments_db [None req-6066eb13-2111-47c5-8853-7deff2c69ad3 46b2c469991142edbb9840e874fb713b 999894784f844194bd1de1bb217aa42f - - default default] Added segment 8e93a0b0-708d-49c6-91c4-fdd184e766c4 of type geneve for network fc44d58a-77ea-4ff7-b8f1-2ece9e1ae6f9
2026-07-02 06:18:04.475 10 INFO neutron.db.ovn_revision_numbers_db [None req-6066eb13-2111-47c5-8853-7deff2c69ad3 46b2c469991142edbb9840e874fb713b 999894784f844194bd1de1bb217aa42f - - default default] Successfully bumped revision number for resource fc44d58a-77ea-4ff7-b8f1-2ece9e1ae6f9 (type: networks) to 1
2026-07-02 06:18:04.716 10 INFO neutron.api.wsgi [req-0315c9cd-3897-4bf0-8316-268ec18192f5 req-0a0f4efb-a016-491a-a7fb-b137ed20476f deb7a785663a4889a5e6d726701aef2d 35a6b7a627e34620a6d45246fb4090f6 - - default default] 10.0.0.201 "GET /v2.0/ports?device_id=80191274-c6de-4cfb-8e8a-421fe9d6e0bd HTTP/1.1" status: 200 len: 1168 time: 0.0727003
2026-07-02 06:18:04.747 10 WARNING neutron.scheduler.dhcp_agent_scheduler [None req-6066eb13-2111-47c5-8853-7deff2c69ad3 46b2c469991142edbb9840e874fb713b 999894784f844194bd1de1bb217aa42f - - default default] No more DHCP agents
2026-07-02 06:18:04.753 10 WARNING neutron.api.rpc.agentnotifiers.dhcp_rpc_agent_api [None req-6066eb13-2111-47c5-8853-7deff2c69ad3 46b2c469991142edbb9840e874fb713b 999894784f844194bd1de1bb217aa42f - - default default] Unable to schedule network fc44d58a-77ea-4ff7-b8f1-2ece9e1ae6f9: no agents available; will retry on subsequent port and subnet creation events.
2026-07-02 06:18:04.760 9 INFO neutron.plugins.ml2.drivers.ovn.mech_driver.mech_driver [None req-0db51804-1134-4c68-b453-9491bdad1b9f - - - - - -] OVN reports status up for port: 02ded4ea-c5a3-4c0d-9d88-f9071bd9f5dd
2026-07-02 06:18:04.779 9 INFO neutron.plugins.ml2.plugin [None req-0db51804-1134-4c68-b453-9491bdad1b9f - - - - - -] Attempt 1 to provision port 02ded4ea-c5a3-4c0d-9d88-f9071bd9f5dd
2026-07-02 06:18:04.802 10 WARNING neutron.scheduler.dhcp_agent_scheduler [None req-e9e2af7d-f5dc-45dc-b11f-4e00e3b88d89 bc0e204bb70e470a9dae6a19661b7708 00987951fb9842a399d5e2112693b171 - - default default] No more DHCP agents
2026-07-02 06:18:04.811 10 INFO neutron.api.wsgi [req-0315c9cd-3897-4bf0-8316-268ec18192f5 req-daf91d80-a55e-4f5d-8670-61919d2744ae deb7a785663a4889a5e6d726701aef2d 35a6b7a627e34620a6d45246fb4090f6 - - default default] 10.0.0.201 "GET /v2.0/security-groups?id=062e6d44-1bf5-4584-8418-1a71b0eee174&fields=id&fields=name HTTP/1.1" status: 200 len: 313 time: 0.0861194
2026-07-02 06:18:04.811 10 WARNING neutron.api.rpc.agentnotifiers.dhcp_rpc_agent_api [None req-e9e2af7d-f5dc-45dc-b11f-4e00e3b88d89 bc0e204bb70e470a9dae6a19661b7708 00987951fb9842a399d5e2112693b171 - - default default] Unable to schedule network 1db5e907-9cd1-47de-875c-e658df1f02dd: no agents available; will retry on subsequent port and subnet creation events.
2026-07-02 06:18:04.867 10 INFO neutron.db.ovn_revision_numbers_db [None req-6066eb13-2111-47c5-8853-7deff2c69ad3 46b2c469991142edbb9840e874fb713b 999894784f844194bd1de1bb217aa42f - - default default] Successfully bumped revision number for resource 8da3271b-c96e-4c74-b3ac-de767c3640f7 (type: ports) to 1
2026-07-02 06:18:04.910 10 INFO neutron.api.wsgi [None req-6066eb13-2111-47c5-8853-7deff2c69ad3 46b2c469991142edbb9840e874fb713b 999894784f844194bd1de1bb217aa42f - - default default] 10.0.0.211 "POST /v2.0/networks HTTP/1.1" status: 201 len: 831 time: 0.6749310
2026-07-02 06:18:04.913 9 INFO neutron.notifiers.nova [-] Nova event matching ['req-13c005d1-c92b-4133-a5e6-d437865c9ce6'] response: {'server_uuid': '80191274-c6de-4cfb-8e8a-421fe9d6e0bd', 'name': 'network-vif-plugged', 'status': 'completed', 'tag': '02ded4ea-c5a3-4c0d-9d88-f9071bd9f5dd', 'code': 200}
2026-07-02 06:18:04.919 9 WARNING neutron_lib.context [None req-1ab38ba5-1138-4005-b627-44583d736fa9 46b2c469991142edbb9840e874fb713b 999894784f844194bd1de1bb217aa42f - - default default] Method 'is_advsvc' is deprecated since 2023.2 release (neutron-lib 3.8.0) and will be removed once support for the old RBAC API policies will be removed from Neutron. Please use method 'is_service_role' instead.
2026-07-02 06:18:04.947 10 INFO neutron.db.ovn_revision_numbers_db [None req-e9e2af7d-f5dc-45dc-b11f-4e00e3b88d89 bc0e204bb70e470a9dae6a19661b7708 00987951fb9842a399d5e2112693b171 - - default default] Successfully bumped revision number for resource 895abaa0-8901-4f6b-bc17-e767e43a870e (type: ports) to 1
