2026-07-02 06:20:38.401 9 INFO neutron.api.wsgi [None req-cc288db8-fec3-4895-85b0-79ba7ca30ff4 3e847fe9d8d6406cab9f7f23c766dddb 067a5925b0fe49e48288fbd79f29747b - - default default] 10.0.0.211 "GET /v2.0/ports?device_id=a97475ee-3f07-425b-be4e-53f396f01274 HTTP/1.1" status: 200 len: 205 time: 0.0172725 /var/lib/openstack/lib/python3.12/site-packages/pycadf/identifier.py:71: UserWarning: Invalid uuid: neutron. To ensure interoperability, identifiers should be a valid uuid. warnings.warn(('Invalid uuid: %s. To ensure interoperability, '
2026-07-02 06:20:38.411 9 INFO neutron.db.ovn_revision_numbers_db [None req-946fddca-74dd-4728-95f0-5a6aa29cdfb5 9f1edfbeb6c340ac926ba2c676816109 b265bdd668de4522a1f680f2338dcc67 - - default default] Successfully bumped revision number for resource f51a9ead-b414-4908-9e46-b8d98bb7f7b8 (type: ports) to 1
2026-07-02 06:20:38.431 9 INFO neutron.api.wsgi [None req-946fddca-74dd-4728-95f0-5a6aa29cdfb5 9f1edfbeb6c340ac926ba2c676816109 b265bdd668de4522a1f680f2338dcc67 - - default default] 10.0.0.211 "POST /v2.0/networks HTTP/1.1" status: 201 len: 831 time: 0.4950650
2026-07-02 06:20:38.438 9 WARNING neutron_lib.context [None req-be3352b9-fbf7-4cd9-adc5-d4b759b53c80 9f1edfbeb6c340ac926ba2c676816109 b265bdd668de4522a1f680f2338dcc67 - - default default] Method 'is_advsvc' is deprecated since 2023.2 release (neutron-lib 3.8.0) and will be removed once support for the old RBAC API policies will be removed from Neutron. Please use method 'is_service_role' instead.
2026-07-02 06:20:38.513 9 INFO neutron.db.segments_db [None req-be3352b9-fbf7-4cd9-adc5-d4b759b53c80 9f1edfbeb6c340ac926ba2c676816109 b265bdd668de4522a1f680f2338dcc67 - - default default] Added segment 043b47ae-d7b2-4a2e-a5d6-fe167d171d7f of type geneve for network 1b563f8d-b902-47fd-9326-22c782cc324b
2026-07-02 06:20:38.565 10 INFO neutron.api.wsgi [None req-0134bcec-4a62-4361-88b4-199191165445 3e847fe9d8d6406cab9f7f23c766dddb 067a5925b0fe49e48288fbd79f29747b - - default default] 10.0.0.211 "DELETE /v2.0/routers/a97475ee-3f07-425b-be4e-53f396f01274 HTTP/1.1" status: 204 len: 168 time: 0.1590862
2026-07-02 06:20:38.632 9 INFO neutron.db.ovn_revision_numbers_db [None req-be3352b9-fbf7-4cd9-adc5-d4b759b53c80 9f1edfbeb6c340ac926ba2c676816109 b265bdd668de4522a1f680f2338dcc67 - - default default] Successfully bumped revision number for resource 1b563f8d-b902-47fd-9326-22c782cc324b (type: networks) to 1
2026-07-02 06:20:38.766 9 INFO neutron.api.wsgi [None req-5062a94c-d537-4beb-9406-fb93e3534aa1 3e847fe9d8d6406cab9f7f23c766dddb 067a5925b0fe49e48288fbd79f29747b - - default default] 10.0.0.211 "DELETE /v2.0/subnets/617750ee-1c92-489f-98d0-8f82c22e2596 HTTP/1.1" status: 204 len: 168 time: 0.1964111
2026-07-02 06:20:38.807 9 WARNING neutron.scheduler.dhcp_agent_scheduler [None req-be3352b9-fbf7-4cd9-adc5-d4b759b53c80 9f1edfbeb6c340ac926ba2c676816109 b265bdd668de4522a1f680f2338dcc67 - - default default] No more DHCP agents
2026-07-02 06:20:38.809 9 WARNING neutron.api.rpc.agentnotifiers.dhcp_rpc_agent_api [None req-be3352b9-fbf7-4cd9-adc5-d4b759b53c80 9f1edfbeb6c340ac926ba2c676816109 b265bdd668de4522a1f680f2338dcc67 - - default default] Unable to schedule network 1b563f8d-b902-47fd-9326-22c782cc324b: no agents available; will retry on subsequent port and subnet creation events.
2026-07-02 06:20:38.873 9 INFO neutron.db.ovn_revision_numbers_db [None req-be3352b9-fbf7-4cd9-adc5-d4b759b53c80 9f1edfbeb6c340ac926ba2c676816109 b265bdd668de4522a1f680f2338dcc67 - - default default] Successfully bumped revision number for resource 6bc20dda-ad2b-4674-bfac-77381ef2daf0 (type: ports) to 1
2026-07-02 06:20:38.893 9 INFO neutron.api.wsgi [None req-be3352b9-fbf7-4cd9-adc5-d4b759b53c80 9f1edfbeb6c340ac926ba2c676816109 b265bdd668de4522a1f680f2338dcc67 - - default default] 10.0.0.211 "POST /v2.0/networks HTTP/1.1" status: 201 len: 830 time: 0.4594262
2026-07-02 06:20:38.933 10 INFO neutron.api.wsgi [None req-db1b9319-5685-4894-b06a-66ffaea184eb 9f1edfbeb6c340ac926ba2c676816109 b265bdd668de4522a1f680f2338dcc67 - - default default] 10.0.0.211 "PUT /v2.0/networks/e5a43621-5382-4de8-951d-c72272d56fdf/tags HTTP/1.1" status: 200 len: 210 time: 0.0358629
2026-07-02 06:20:38.976 9 INFO neutron.api.wsgi [None req-e7849920-05b0-4610-b93e-d87164a2ddd9 9f1edfbeb6c340ac926ba2c676816109 b265bdd668de4522a1f680f2338dcc67 - - default default] 10.0.0.211 "PUT /v2.0/networks/e55a2e1d-9a56-4968-8575-07aa0a28deb9/tags HTTP/1.1" status: 200 len: 218 time: 0.0379114
2026-07-02 06:20:39.017 10 INFO neutron.api.wsgi [None req-e039afdd-4046-4cc3-9d4c-b043fd089153 9f1edfbeb6c340ac926ba2c676816109 b265bdd668de4522a1f680f2338dcc67 - - default default] 10.0.0.211 "PUT /v2.0/networks/c5316ac1-9e5c-4fab-bdbe-2f05cba20992/tags HTTP/1.1" status: 200 len: 227 time: 0.0371068
2026-07-02 06:20:39.044 9 INFO neutron.services.segments.plugin [-] Segment f3e86ac4-4529-44f8-afd5-a72efaa1d1a1 resource provider aggregate not found
2026-07-02 06:20:39.047 9 INFO neutron.services.segments.plugin [-] Segment f3e86ac4-4529-44f8-afd5-a72efaa1d1a1 resource provider aggregate not found
2026-07-02 06:20:39.057 9 INFO neutron.services.segments.plugin [-] Segment f3e86ac4-4529-44f8-afd5-a72efaa1d1a1 resource provider not found; error: Placement Client Error (4xx): {"errors": [{"status": 404, "title": "Not Found", "detail": "The resource could not be found.\n\n No resource provider with uuid f3e86ac4-4529-44f8-afd5-a72efaa1d1a1 found for delete ", "request_id": "req-64581c13-8800-43a5-8dcb-da44139a6e49"}]}
2026-07-02 06:20:39.063 9 INFO neutron.api.wsgi [None req-74f6ea73-d9d4-4ddc-8655-f17a61298441 9f1edfbeb6c340ac926ba2c676816109 b265bdd668de4522a1f680f2338dcc67 - - default default] 10.0.0.211 "PUT /v2.0/networks/6121711d-068c-4e0b-878a-1ed608c345f1/tags HTTP/1.1" status: 200 len: 212 time: 0.0414107
2026-07-02 06:20:39.064 9 INFO neutron.services.segments.plugin [-] Segment f3e86ac4-4529-44f8-afd5-a72efaa1d1a1 resource provider not found; error: Placement Client Error (4xx): {"errors": [{"status": 404, "title": "Not Found", "detail": "The resource could not be found.\n\n No resource provider with uuid f3e86ac4-4529-44f8-afd5-a72efaa1d1a1 found for delete ", "request_id": "req-42b5d31c-fd28-4cea-b503-69b732fb3c44"}]}
2026-07-02 06:20:39.088 9 INFO neutron.api.wsgi [None req-4486dc11-cfb8-4723-bd81-cb1d45351346 3e847fe9d8d6406cab9f7f23c766dddb 067a5925b0fe49e48288fbd79f29747b - - default default] 10.0.0.211 "DELETE /v2.0/networks/ed2245fb-eb1d-4557-bc27-01ebe320afb5 HTTP/1.1" status: 204 len: 168 time: 0.3171887
2026-07-02 06:20:39.104 10 WARNING neutron_lib.context [None req-031d2fc8-5b47-4956-925c-f2b43e8a45ac 3e847fe9d8d6406cab9f7f23c766dddb 067a5925b0fe49e48288fbd79f29747b - - default default] Method 'is_advsvc' is deprecated since 2023.2 release (neutron-lib 3.8.0) and will be removed once support for the old RBAC API policies will be removed from Neutron. Please use method 'is_service_role' instead.
2026-07-02 06:20:39.115 9 INFO neutron.api.wsgi [None req-32855711-ac53-4581-8dbc-0ba9f52dff7b 9f1edfbeb6c340ac926ba2c676816109 b265bdd668de4522a1f680f2338dcc67 - - default default] 10.0.0.211 "GET /v2.0/networks?tags=red HTTP/1.1" status: 200 len: 2068 time: 0.0475090
2026-07-02 06:20:39.157 9 INFO neutron.api.wsgi [None req-724f67f6-d219-48be-8830-eaf3790c5be1 9f1edfbeb6c340ac926ba2c676816109 b265bdd668de4522a1f680f2338dcc67 - - default default] 10.0.0.211 "GET /v2.0/networks?tags=red%2Cblue HTTP/1.1" status: 200 len: 1456 time: 0.0367506
2026-07-02 06:20:39.225 10 INFO neutron.api.wsgi [None req-6c535c2e-60a2-48b7-9b51-f57d702b7af0 9f1edfbeb6c340ac926ba2c676816109 b265bdd668de4522a1f680f2338dcc67 - - default default] 10.0.0.211 "GET /v2.0/networks?tags-any=blue HTTP/1.1" status: 200 len: 1456 time: 0.0627553
2026-07-02 06:20:39.281 9 INFO neutron.api.wsgi [None req-f530809b-fae7-442c-8a38-af32a94d2d73 9f1edfbeb6c340ac926ba2c676816109 b265bdd668de4522a1f680f2338dcc67 - - default default] 10.0.0.211 "GET /v2.0/networks?tags-any=red%2Cblue HTTP/1.1" status: 200 len: 2068 time: 0.0482144
2026-07-02 06:20:39.344 9 INFO neutron.api.wsgi [None req-9c4bcf0b-0df0-488a-ab79-a545f2fa7051 9f1edfbeb6c340ac926ba2c676816109 b265bdd668de4522a1f680f2338dcc67 - - default default] 10.0.0.211 "GET /v2.0/networks?not-tags=red HTTP/1.1" status: 200 len: 2068 time: 0.0560355
2026-07-02 06:20:39.398 9 INFO neutron.api.wsgi [None req-9ecb881c-7632-46e9-b486-7e93d190dde6 9f1edfbeb6c340ac926ba2c676816109 b265bdd668de4522a1f680f2338dcc67 - - default default] 10.0.0.211 "GET /v2.0/networks?not-tags=red%2Cblue HTTP/1.1" status: 200 len: 2680 time: 0.0496793
2026-07-02 06:20:39.450 9 INFO neutron.api.wsgi [None req-1229c8f4-6871-430f-9090-5a01af91fc06 9f1edfbeb6c340ac926ba2c676816109 b265bdd668de4522a1f680f2338dcc67 - - default default] 10.0.0.211 "GET /v2.0/networks?not-tags-any=blue HTTP/1.1" status: 200 len: 2680 time: 0.0471563
2026-07-02 06:20:39.488 9 INFO neutron.api.wsgi [None req-8ace7d54-c4e0-4364-8cf2-b284a18b33f8 9f1edfbeb6c340ac926ba2c676816109 b265bdd668de4522a1f680f2338dcc67 - - default default] 10.0.0.211 "GET /v2.0/networks?not-tags-any=red%2Cblue HTTP/1.1" status: 200 len: 2068 time: 0.0329540
2026-07-02 06:20:39.522 10 WARNING neutron.scheduler.dhcp_agent_scheduler [None req-031d2fc8-5b47-4956-925c-f2b43e8a45ac 3e847fe9d8d6406cab9f7f23c766dddb 067a5925b0fe49e48288fbd79f29747b - - default default] No more DHCP agents
2026-07-02 06:20:39.523 10 WARNING neutron.api.rpc.agentnotifiers.dhcp_rpc_agent_api [None req-031d2fc8-5b47-4956-925c-f2b43e8a45ac 3e847fe9d8d6406cab9f7f23c766dddb 067a5925b0fe49e48288fbd79f29747b - - default default] Unable to schedule network e86a7062-e67c-434c-bb27-d2c9de8f3d6e: no agents available; will retry on subsequent port and subnet creation events.
2026-07-02 06:20:39.634 10 INFO neutron.db.ovn_revision_numbers_db [None req-031d2fc8-5b47-4956-925c-f2b43e8a45ac 3e847fe9d8d6406cab9f7f23c766dddb 067a5925b0fe49e48288fbd79f29747b - - default default] Successfully bumped revision number for resource 94c116b3-610c-4dde-a00e-0deb19068e16 (type: ports) to 1
2026-07-02 06:20:39.777 9 INFO neutron.api.wsgi [None req-b628b23b-d352-4c5c-8fce-b1f5f70f759c 9f1edfbeb6c340ac926ba2c676816109 b265bdd668de4522a1f680f2338dcc67 - - default default] 10.0.0.211 "DELETE /v2.0/networks/e5a43621-5382-4de8-951d-c72272d56fdf HTTP/1.1" status: 204 len: 168 time: 0.2808342
2026-07-02 06:20:40.070 9 INFO neutron.api.wsgi [None req-2d4fefc0-105f-4dc8-a171-951a0dbaa138 9f1edfbeb6c340ac926ba2c676816109 b265bdd668de4522a1f680f2338dcc67 - - default default] 10.0.0.211 "DELETE /v2.0/networks/e55a2e1d-9a56-4968-8575-07aa0a28deb9 HTTP/1.1" status: 204 len: 168 time: 0.2887588
2026-07-02 06:20:40.168 10 INFO neutron.plugins.ml2.drivers.ovn.mech_driver.ovsdb.commands [None req-6248e6a5-952d-4a5f-ae92-1c18a8be4ea9 - - - - - -] Schedule LRP lrp-94c116b3-610c-4dde-a00e-0deb19068e16 on gateway 1983e303-f738-44ed-9038-45e2ff220e1e with priority 1
2026-07-02 06:20:40.203 10 INFO neutron.db.ovn_revision_numbers_db [None req-031d2fc8-5b47-4956-925c-f2b43e8a45ac 3e847fe9d8d6406cab9f7f23c766dddb 067a5925b0fe49e48288fbd79f29747b - - default default] Successfully bumped revision number for resource 94c116b3-610c-4dde-a00e-0deb19068e16 (type: router_ports) to 1
2026-07-02 06:20:40.282 10 INFO neutron.db.ovn_revision_numbers_db [None req-031d2fc8-5b47-4956-925c-f2b43e8a45ac 3e847fe9d8d6406cab9f7f23c766dddb 067a5925b0fe49e48288fbd79f29747b - - default default] Successfully bumped revision number for resource 83e88b8c-a1dd-4c17-a118-41f33da386fe (type: routers) to 2
2026-07-02 06:20:40.303 10 INFO neutron.api.wsgi [None req-031d2fc8-5b47-4956-925c-f2b43e8a45ac 3e847fe9d8d6406cab9f7f23c766dddb 067a5925b0fe49e48288fbd79f29747b - - default default] 10.0.0.211 "POST /v2.0/routers HTTP/1.1" status: 201 len: 1147 time: 1.2063360
2026-07-02 06:20:40.382 10 INFO neutron.api.wsgi [None req-74abc336-cc99-4a4f-94b2-6fd0c3f78493 3e847fe9d8d6406cab9f7f23c766dddb 067a5925b0fe49e48288fbd79f29747b - - default default] 10.0.0.211 "GET /v2.0/routers/83e88b8c-a1dd-4c17-a118-41f33da386fe HTTP/1.1" status: 200 len: 1148 time: 0.0733025
2026-07-02 06:20:40.385 9 INFO neutron.api.wsgi [None req-38ad6ce1-08f9-41de-bb39-443241b7949e 9f1edfbeb6c340ac926ba2c676816109 b265bdd668de4522a1f680f2338dcc67 - - default default] 10.0.0.211 "DELETE /v2.0/networks/c5316ac1-9e5c-4fab-bdbe-2f05cba20992 HTTP/1.1" status: 204 len: 168 time: 0.3093684
2026-07-02 06:20:40.460 10 INFO neutron.api.wsgi [None req-8a72d95c-3a4d-4680-981a-9f1e42931764 3e847fe9d8d6406cab9f7f23c766dddb 067a5925b0fe49e48288fbd79f29747b - - default default] 10.0.0.211 "GET /v2.0/routers HTTP/1.1" status: 200 len: 1151 time: 0.0747991
2026-07-02 06:20:40.738 9 INFO neutron.api.wsgi [None req-3a4a5a57-1978-41d7-8948-faddf2488bfa 9f1edfbeb6c340ac926ba2c676816109 b265bdd668de4522a1f680f2338dcc67 - - default default] 10.0.0.211 "DELETE /v2.0/networks/6121711d-068c-4e0b-878a-1ed608c345f1 HTTP/1.1" status: 204 len: 168 time: 0.3487709
2026-07-02 06:20:40.854 9 INFO neutron.db.ovn_revision_numbers_db [None req-e84fbfe4-df3f-4f6d-a358-c2099625e7aa 3e847fe9d8d6406cab9f7f23c766dddb 067a5925b0fe49e48288fbd79f29747b - - default default] Successfully bumped revision number for resource 83e88b8c-a1dd-4c17-a118-41f33da386fe (type: routers) to 3
2026-07-02 06:20:40.860 9 INFO neutron.api.wsgi [None req-e84fbfe4-df3f-4f6d-a358-c2099625e7aa 3e847fe9d8d6406cab9f7f23c766dddb 067a5925b0fe49e48288fbd79f29747b - - default default] 10.0.0.211 "PUT /v2.0/routers/83e88b8c-a1dd-4c17-a118-41f33da386fe HTTP/1.1" status: 200 len: 1155 time: 0.3960464
2026-07-02 06:20:40.918 9 INFO neutron.api.wsgi [None req-68ef195c-e5da-45be-a3d6-2f5b33afa83c 3e847fe9d8d6406cab9f7f23c766dddb 067a5925b0fe49e48288fbd79f29747b - - default default] 10.0.0.211 "GET /v2.0/routers/83e88b8c-a1dd-4c17-a118-41f33da386fe HTTP/1.1" status: 200 len: 1155 time: 0.0539031
2026-07-02 06:20:40.944 9 INFO neutron.api.wsgi [None req-31ff47b7-29c2-43b9-a976-849b34381e27 3e847fe9d8d6406cab9f7f23c766dddb 067a5925b0fe49e48288fbd79f29747b - - default default] 10.0.0.211 "GET /v2.0/ports?device_id=83e88b8c-a1dd-4c17-a118-41f33da386fe HTTP/1.1" status: 200 len: 205 time: 0.0199671
2026-07-02 06:20:41.009 10 INFO neutron.services.segments.plugin [-] Segment 043b47ae-d7b2-4a2e-a5d6-fe167d171d7f resource provider aggregate not found
2026-07-02 06:20:41.012 10 INFO neutron.services.segments.plugin [-] Segment 043b47ae-d7b2-4a2e-a5d6-fe167d171d7f resource provider aggregate not found
2026-07-02 06:20:41.021 10 INFO neutron.services.segments.plugin [-] Segment 043b47ae-d7b2-4a2e-a5d6-fe167d171d7f resource provider not found; error: Placement Client Error (4xx): {"errors": [{"status": 404, "title": "Not Found", "detail": "The resource could not be found.\n\n No resource provider with uuid 043b47ae-d7b2-4a2e-a5d6-fe167d171d7f found for delete ", "request_id": "req-7f1d0acb-5271-495f-9afc-124a44cbde78"}]}
2026-07-02 06:20:41.023 10 INFO neutron.services.segments.plugin [-] Segment 043b47ae-d7b2-4a2e-a5d6-fe167d171d7f resource provider not found; error: Placement Client Error (4xx): {"errors": [{"status": 404, "title": "Not Found", "detail": "The resource could not be found.\n\n No resource provider with uuid 043b47ae-d7b2-4a2e-a5d6-fe167d171d7f found for delete ", "request_id": "req-a114ee84-1eb1-48ce-b14a-d8c34285eca7"}]}
2026-07-02 06:20:41.032 10 INFO neutron.api.wsgi [None req-aa068fc1-cdc5-4b85-8cc4-e556710ff214 9f1edfbeb6c340ac926ba2c676816109 b265bdd668de4522a1f680f2338dcc67 - - default default] 10.0.0.211 "DELETE /v2.0/networks/1b563f8d-b902-47fd-9326-22c782cc324b HTTP/1.1" status: 204 len: 168 time: 0.2886183
2026-07-02 06:20:41.082 9 INFO neutron.services.segments.plugin [-] Segment 2148c4e2-3c2d-403d-891f-88919d50b54b resource provider aggregate not found
2026-07-02 06:20:41.085 9 INFO neutron.services.segments.plugin [-] Segment 2148c4e2-3c2d-403d-891f-88919d50b54b resource provider aggregate not found
2026-07-02 06:20:41.098 9 INFO neutron.services.segments.plugin [-] Segment 2148c4e2-3c2d-403d-891f-88919d50b54b resource provider not found; error: Placement Client Error (4xx): {"errors": [{"status": 404, "title": "Not Found", "detail": "The resource could not be found.\n\n No resource provider with uuid 2148c4e2-3c2d-403d-891f-88919d50b54b found for delete ", "request_id": "req-fddaaf4b-1ae0-48ca-b07d-964c75e5a3d8"}]}
2026-07-02 06:20:41.101 9 INFO neutron.services.segments.plugin [-] Segment 2148c4e2-3c2d-403d-891f-88919d50b54b resource provider not found; error: Placement Client Error (4xx): {"errors": [{"status": 404, "title": "Not Found", "detail": "The resource could not be found.\n\n No resource provider with uuid 2148c4e2-3c2d-403d-891f-88919d50b54b found for delete ", "request_id": "req-2dde0529-1e91-4093-9e1e-f901658d802c"}]}
2026-07-02 06:20:41.114 9 INFO neutron.services.segments.plugin [-] Segment 0a8ef705-8831-4e27-9fcc-18c13f57b322 resource provider aggregate not found
2026-07-02 06:20:41.117 9 INFO neutron.services.segments.plugin [-] Segment 0a8ef705-8831-4e27-9fcc-18c13f57b322 resource provider aggregate not found
2026-07-02 06:20:41.126 9 INFO neutron.services.segments.plugin [-] Segment 0a8ef705-8831-4e27-9fcc-18c13f57b322 resource provider not found; error: Placement Client Error (4xx): {"errors": [{"status": 404, "title": "Not Found", "detail": "The resource could not be found.\n\n No resource provider with uuid 0a8ef705-8831-4e27-9fcc-18c13f57b322 found for delete ", "request_id": "req-62b5115a-8718-4c5b-9965-b877a05633cd"}]}
2026-07-02 06:20:41.133 9 INFO neutron.services.segments.plugin [-] Segment 0a8ef705-8831-4e27-9fcc-18c13f57b322 resource provider not found; error: Placement Client Error (4xx): {"errors": [{"status": 404, "title": "Not Found", "detail": "The resource could not be found.\n\n No resource provider with uuid 0a8ef705-8831-4e27-9fcc-18c13f57b322 found for delete ", "request_id": "req-dca6134d-d8c5-4aff-a3f6-7bdacafb15b0"}]}
2026-07-02 06:20:41.142 9 INFO neutron.services.segments.plugin [-] Segment dbcf62f4-1217-446b-baae-008eec3bdc45 resource provider aggregate not found
2026-07-02 06:20:41.147 9 INFO neutron.services.segments.plugin [-] Segment dbcf62f4-1217-446b-baae-008eec3bdc45 resource provider aggregate not found
2026-07-02 06:20:41.161 9 INFO neutron.services.segments.plugin [-] Segment dbcf62f4-1217-446b-baae-008eec3bdc45 resource provider not found; error: Placement Client Error (4xx): {"errors": [{"status": 404, "title": "Not Found", "detail": "The resource could not be found.\n\n No resource provider with uuid dbcf62f4-1217-446b-baae-008eec3bdc45 found for delete ", "request_id": "req-face6536-63f5-40b2-aa3c-16cec33cb959"}]}
2026-07-02 06:20:41.167 9 INFO neutron.services.segments.plugin [-] Segment dbcf62f4-1217-446b-baae-008eec3bdc45 resource provider not found; error: Placement Client Error (4xx): {"errors": [{"status": 404, "title": "Not Found", "detail": "The resource could not be found.\n\n No resource provider with uuid dbcf62f4-1217-446b-baae-008eec3bdc45 found for delete ", "request_id": "req-c2ca5f06-5662-473b-9392-5cfdaa162cf9"}]}
2026-07-02 06:20:41.175 9 INFO neutron.services.segments.plugin [-] Segment 9ac8dce7-2199-409f-b1b3-b2ce6c185b67 resource provider aggregate not found
2026-07-02 06:20:41.181 9 INFO neutron.services.segments.plugin [-] Segment 9ac8dce7-2199-409f-b1b3-b2ce6c185b67 resource provider aggregate not found
2026-07-02 06:20:41.184 9 INFO neutron.services.segments.plugin [-] Segment 9ac8dce7-2199-409f-b1b3-b2ce6c185b67 resource provider not found; error: Placement Client Error (4xx): {"errors": [{"status": 404, "title": "Not Found", "detail": "The resource could not be found.\n\n No resource provider with uuid 9ac8dce7-2199-409f-b1b3-b2ce6c185b67 found for delete ", "request_id": "req-67aa2f0e-bddd-480d-a470-077d0fc4d044"}]}
2026-07-02 06:20:41.191 9 INFO neutron.services.segments.plugin [-] Segment 9ac8dce7-2199-409f-b1b3-b2ce6c185b67 resource provider not found; error: Placement Client Error (4xx): {"errors": [{"status": 404, "title": "Not Found", "detail": "The resource could not be found.\n\n No resource provider with uuid 9ac8dce7-2199-409f-b1b3-b2ce6c185b67 found for delete ", "request_id": "req-b13949ac-0919-4f72-af1b-57ff563c7de9"}]}
2026-07-02 06:20:41.592 9 INFO neutron.api.wsgi [None req-8b062698-7c29-4db8-9720-3fc7dd7be13e 3e847fe9d8d6406cab9f7f23c766dddb 067a5925b0fe49e48288fbd79f29747b - - default default] 10.0.0.211 "DELETE /v2.0/routers/83e88b8c-a1dd-4c17-a118-41f33da386fe HTTP/1.1" status: 204 len: 168 time: 0.6444643
2026-07-02 06:20:41.613 9 INFO neutron.api.wsgi [None req-2f903db4-29ce-44aa-8139-c19eccb2e294 3e847fe9d8d6406cab9f7f23c766dddb 067a5925b0fe49e48288fbd79f29747b - - default default] 10.0.0.211 "GET /v2.0/ports?device_id=83e88b8c-a1dd-4c17-a118-41f33da386fe HTTP/1.1" status: 200 len: 205 time: 0.0121856
2026-07-02 06:20:41.627 9 INFO neutron.api.v2.resource [None req-12f41ebe-7ead-4e61-97b9-f86d3de3ffb9 3e847fe9d8d6406cab9f7f23c766dddb 067a5925b0fe49e48288fbd79f29747b - - default default] delete failed (client error): The resource could not be found.
2026-07-02 06:20:41.628 9 INFO neutron.api.wsgi [None req-12f41ebe-7ead-4e61-97b9-f86d3de3ffb9 3e847fe9d8d6406cab9f7f23c766dddb 067a5925b0fe49e48288fbd79f29747b - - default default] 10.0.0.211 "DELETE /v2.0/routers/83e88b8c-a1dd-4c17-a118-41f33da386fe HTTP/1.1" status: 404 len: 336 time: 0.0113075
2026-07-02 06:20:41.644 9 INFO neutron.api.wsgi [None req-d292f103-39a0-44c3-8183-2934de601dea 3e847fe9d8d6406cab9f7f23c766dddb 067a5925b0fe49e48288fbd79f29747b - - default default] 10.0.0.211 "GET /v2.0/ports?device_id=a97475ee-3f07-425b-be4e-53f396f01274 HTTP/1.1" status: 200 len: 205 time: 0.0115862
2026-07-02 06:20:41.658 9 INFO neutron.api.v2.resource [None req-a4adc92c-ae99-4c35-93a0-ee531b92abec 3e847fe9d8d6406cab9f7f23c766dddb 067a5925b0fe49e48288fbd79f29747b - - default default] delete failed (client error): The resource could not be found.
2026-07-02 06:20:41.659 9 INFO neutron.api.wsgi [None req-a4adc92c-ae99-4c35-93a0-ee531b92abec 3e847fe9d8d6406cab9f7f23c766dddb 067a5925b0fe49e48288fbd79f29747b - - default default] 10.0.0.211 "DELETE /v2.0/routers/a97475ee-3f07-425b-be4e-53f396f01274 HTTP/1.1" status: 404 len: 336 time: 0.0110781
2026-07-02 06:20:41.670 9 INFO neutron.pecan_wsgi.hooks.translation [None req-e1f612e5-f9fd-421e-8af3-5927dc73113d 3e847fe9d8d6406cab9f7f23c766dddb 067a5925b0fe49e48288fbd79f29747b - - default default] DELETE failed (client error): The resource could not be found.
2026-07-02 06:20:41.672 9 INFO neutron.api.wsgi [None req-e1f612e5-f9fd-421e-8af3-5927dc73113d 3e847fe9d8d6406cab9f7f23c766dddb 067a5925b0fe49e48288fbd79f29747b - - default default] 10.0.0.211 "DELETE /v2.0/subnets/617750ee-1c92-489f-98d0-8f82c22e2596 HTTP/1.1" status: 404 len: 337 time: 0.0098159
2026-07-02 06:20:41.690 9 INFO neutron.api.wsgi [None req-d1980f47-aed3-4f68-9fe3-adaaa4ead1e8 3e847fe9d8d6406cab9f7f23c766dddb 067a5925b0fe49e48288fbd79f29747b - - default default] 10.0.0.211 "GET /v2.0/ports?device_id=ea131a9a-e8da-4b99-9f1f-b864703851f9 HTTP/1.1" status: 200 len: 205 time: 0.0142922
2026-07-02 06:20:41.708 9 INFO neutron.api.v2.resource [None req-ffd4c6d7-f266-4a5e-83e7-daa73d42a02a 3e847fe9d8d6406cab9f7f23c766dddb 067a5925b0fe49e48288fbd79f29747b - - default default] delete failed (client error): The resource could not be found.
2026-07-02 06:20:41.709 9 INFO neutron.api.wsgi [None req-ffd4c6d7-f266-4a5e-83e7-daa73d42a02a 3e847fe9d8d6406cab9f7f23c766dddb 067a5925b0fe49e48288fbd79f29747b - - default default] 10.0.0.211 "DELETE /v2.0/routers/ea131a9a-e8da-4b99-9f1f-b864703851f9 HTTP/1.1" status: 404 len: 336 time: 0.0143387
2026-07-02 06:20:41.723 9 INFO neutron.pecan_wsgi.hooks.translation [None req-9e901635-6dc9-4ee8-9b2e-ba0e8168b417 3e847fe9d8d6406cab9f7f23c766dddb 067a5925b0fe49e48288fbd79f29747b - - default default] DELETE failed (client error): The resource could not be found.
2026-07-02 06:20:41.725 9 INFO neutron.api.wsgi [None req-9e901635-6dc9-4ee8-9b2e-ba0e8168b417 3e847fe9d8d6406cab9f7f23c766dddb 067a5925b0fe49e48288fbd79f29747b - - default default] 10.0.0.211 "DELETE /v2.0/subnets/216b0089-e81b-4f91-9b03-2d281d8da17c HTTP/1.1" status: 404 len: 337 time: 0.0112119
2026-07-02 06:20:41.743 9 INFO neutron.api.wsgi [None req-98d89e47-3b18-4f69-bb78-c04156f35c26 3e847fe9d8d6406cab9f7f23c766dddb 067a5925b0fe49e48288fbd79f29747b - - default default] 10.0.0.211 "GET /v2.0/ports?device_id=334fc163-9b8f-4a70-ad5b-93279e90856a HTTP/1.1" status: 200 len: 205 time: 0.0142927
2026-07-02 06:20:41.764 9 INFO neutron.api.v2.resource [None req-959d8e79-ad3b-497f-af29-07cdb5cf81d3 3e847fe9d8d6406cab9f7f23c766dddb 067a5925b0fe49e48288fbd79f29747b - - default default] delete failed (client error): The resource could not be found.
2026-07-02 06:20:41.765 9 INFO neutron.api.wsgi [None req-959d8e79-ad3b-497f-af29-07cdb5cf81d3 3e847fe9d8d6406cab9f7f23c766dddb 067a5925b0fe49e48288fbd79f29747b - - default default] 10.0.0.211 "DELETE /v2.0/routers/334fc163-9b8f-4a70-ad5b-93279e90856a HTTP/1.1" status: 404 len: 336 time: 0.0169928
2026-07-02 06:20:41.783 9 INFO neutron.pecan_wsgi.hooks.translation [None req-6a939c2e-213f-44f2-9429-694a60582127 3e847fe9d8d6406cab9f7f23c766dddb 067a5925b0fe49e48288fbd79f29747b - - default default] DELETE failed (client error): The resource could not be found.
2026-07-02 06:20:41.785 9 INFO neutron.api.wsgi [None req-6a939c2e-213f-44f2-9429-694a60582127 3e847fe9d8d6406cab9f7f23c766dddb 067a5925b0fe49e48288fbd79f29747b - - default default] 10.0.0.211 "DELETE /v2.0/subnets/98d3e3df-c9bb-4ad3-9c44-8d5b72256b3f HTTP/1.1" status: 404 len: 337 time: 0.0163190
2026-07-02 06:20:41.799 9 INFO neutron.pecan_wsgi.hooks.translation [None req-0a18487d-8443-4a8b-8b94-dbe36df27b67 3e847fe9d8d6406cab9f7f23c766dddb 067a5925b0fe49e48288fbd79f29747b - - default default] DELETE failed (client error): The resource could not be found.
2026-07-02 06:20:41.802 9 INFO neutron.api.wsgi [None req-0a18487d-8443-4a8b-8b94-dbe36df27b67 3e847fe9d8d6406cab9f7f23c766dddb 067a5925b0fe49e48288fbd79f29747b - - default default] 10.0.0.211 "DELETE /v2.0/subnets/8ea60258-707a-4ef7-ab7e-9d8c0df0b272 HTTP/1.1" status: 404 len: 337 time: 0.0124946
2026-07-02 06:20:41.926 10 INFO neutron.api.wsgi [None req-17adc89c-8d4b-42fd-b084-f101a763822f a85b1ab8069f438d96fd4430ba1d0bec a334b46b4150443bbb4824a0369c2f4a - - default default] 10.0.0.211 "GET /v2.0/security-groups?tenant_id=b265bdd668de4522a1f680f2338dcc67&name=default HTTP/1.1" status: 200 len: 3120 time: 0.1627934
2026-07-02 06:20:42.145 10 INFO neutron.api.wsgi [None req-7ee2d712-040c-47d2-939b-92c38e6bac0a a85b1ab8069f438d96fd4430ba1d0bec a334b46b4150443bbb4824a0369c2f4a - - default default] 10.0.0.211 "DELETE /v2.0/security-groups/aa75a539-94c8-442f-b3de-a60954674cc2 HTTP/1.1" status: 204 len: 168 time: 0.2147362
2026-07-02 06:20:42.389 10 INFO neutron.db.ovn_revision_numbers_db [None req-d021ee11-8fe1-461d-9f03-568edc77a031 a85b1ab8069f438d96fd4430ba1d0bec a334b46b4150443bbb4824a0369c2f4a - - default default] Successfully bumped revision number for resource 93bf0949-94e3-45ed-888a-021fc72150c2 (type: security_groups) to 1
2026-07-02 06:20:42.399 10 INFO neutron.db.ovn_revision_numbers_db [None req-d021ee11-8fe1-461d-9f03-568edc77a031 a85b1ab8069f438d96fd4430ba1d0bec a334b46b4150443bbb4824a0369c2f4a - - default default] Successfully bumped revision number for resource 3c9d10a0-b13e-4b51-88f9-16c6fab71981 (type: security_group_rules) to 0
2026-07-02 06:20:42.411 10 INFO neutron.db.ovn_revision_numbers_db [None req-d021ee11-8fe1-461d-9f03-568edc77a031 a85b1ab8069f438d96fd4430ba1d0bec a334b46b4150443bbb4824a0369c2f4a - - default default] Successfully bumped revision number for resource 4169ed5e-0ca1-4e0c-a5b5-8e30e1d1fb37 (type: security_group_rules) to 0
2026-07-02 06:20:42.419 10 INFO neutron.db.ovn_revision_numbers_db [None req-d021ee11-8fe1-461d-9f03-568edc77a031 a85b1ab8069f438d96fd4430ba1d0bec a334b46b4150443bbb4824a0369c2f4a - - default default] Successfully bumped revision number for resource d6b3e121-2f4f-4433-9813-b0ef1396a369 (type: security_group_rules) to 0
2026-07-02 06:20:42.430 10 INFO neutron.db.ovn_revision_numbers_db [None req-d021ee11-8fe1-461d-9f03-568edc77a031 a85b1ab8069f438d96fd4430ba1d0bec a334b46b4150443bbb4824a0369c2f4a - - default default] Successfully bumped revision number for resource e8dba8c5-60a2-42e3-b28a-6b391c1f6c58 (type: security_group_rules) to 0
2026-07-02 06:20:42.436 9 INFO neutron.api.wsgi [None req-86ab27a9-ffbb-4d37-a48e-1494e54a2ddd a85b1ab8069f438d96fd4430ba1d0bec a334b46b4150443bbb4824a0369c2f4a - - default default] 10.0.0.211 "GET /v2.0/security-groups?tenant_id=067a5925b0fe49e48288fbd79f29747b&name=default HTTP/1.1" status: 200 len: 3120 time: 0.1913106
2026-07-02 06:20:42.458 9 WARNING neutron.plugins.ml2.drivers.ovn.mech_driver.ovsdb.ovn_client [None req-b079e21a-3441-4cc4-b67c-4c446e849a6a - - - - - -] No port found with ID 33228674-e072-48e4-9fd3-c04b511e7005: RuntimeError: No port found with ID 33228674-e072-48e4-9fd3-c04b511e7005
2026-07-02 06:20:42.466 10 INFO neutron.api.wsgi [None req-d021ee11-8fe1-461d-9f03-568edc77a031 a85b1ab8069f438d96fd4430ba1d0bec a334b46b4150443bbb4824a0369c2f4a - - default default] 10.0.0.211 "GET /v2.0/security-groups?tenant_id=efced25af10b49a8bfb6f699afb9cf36&name=default HTTP/1.1" status: 200 len: 3120 time: 0.1745522
2026-07-02 06:20:42.481 9 INFO neutron.plugins.ml2.drivers.ovn.mech_driver.mech_driver [None req-b079e21a-3441-4cc4-b67c-4c446e849a6a - - - - - -] OVN reports status up for port: 94c116b3-610c-4dde-a00e-0deb19068e16
2026-07-02 06:20:42.644 10 INFO neutron.api.wsgi [None req-48018965-cd58-4725-9067-ffe4a79601b6 a85b1ab8069f438d96fd4430ba1d0bec a334b46b4150443bbb4824a0369c2f4a - - default default] 10.0.0.211 "DELETE /v2.0/security-groups/93bf0949-94e3-45ed-888a-021fc72150c2 HTTP/1.1" status: 204 len: 168 time: 0.1739867
2026-07-02 06:20:42.648 9 INFO neutron.api.wsgi [None req-c7ce706c-faf7-4857-be3b-94c39a7106a7 a85b1ab8069f438d96fd4430ba1d0bec a334b46b4150443bbb4824a0369c2f4a - - default default] 10.0.0.211 "DELETE /v2.0/security-groups/ab215750-a51d-4c47-ad48-b10b8f79ef5b HTTP/1.1" status: 204 len: 168 time: 0.2069130
2026-07-02 06:20:42.811 10 INFO neutron.db.ovn_revision_numbers_db [None req-39762db9-a3c4-4ad6-b216-56487e0fe854 a85b1ab8069f438d96fd4430ba1d0bec a334b46b4150443bbb4824a0369c2f4a - - default default] Successfully bumped revision number for resource 844ffce6-a262-4643-8dbd-188f2b9cd6f4 (type: security_groups) to 1
2026-07-02 06:20:42.825 10 INFO neutron.db.ovn_revision_numbers_db [None req-39762db9-a3c4-4ad6-b216-56487e0fe854 a85b1ab8069f438d96fd4430ba1d0bec a334b46b4150443bbb4824a0369c2f4a - - default default] Successfully bumped revision number for resource 4205b811-ce22-4739-ae28-a46520d20716 (type: security_group_rules) to 0
2026-07-02 06:20:42.836 10 INFO neutron.db.ovn_revision_numbers_db [None req-39762db9-a3c4-4ad6-b216-56487e0fe854 a85b1ab8069f438d96fd4430ba1d0bec a334b46b4150443bbb4824a0369c2f4a - - default default] Successfully bumped revision number for resource 510781b3-57bc-47e5-b826-ae9d3524f596 (type: security_group_rules) to 0
2026-07-02 06:20:42.847 10 INFO neutron.db.ovn_revision_numbers_db [None req-39762db9-a3c4-4ad6-b216-56487e0fe854 a85b1ab8069f438d96fd4430ba1d0bec a334b46b4150443bbb4824a0369c2f4a - - default default] Successfully bumped revision number for resource d68090a2-931c-4109-b6c8-099924428677 (type: security_group_rules) to 0
2026-07-02 06:20:42.859 10 INFO neutron.db.ovn_revision_numbers_db [None req-39762db9-a3c4-4ad6-b216-56487e0fe854 a85b1ab8069f438d96fd4430ba1d0bec a334b46b4150443bbb4824a0369c2f4a - - default default] Successfully bumped revision number for resource f27c2b7e-777f-45c6-900d-b3f1c8130e6f (type: security_group_rules) to 0
2026-07-02 06:20:42.890 10 INFO neutron.api.wsgi [None req-39762db9-a3c4-4ad6-b216-56487e0fe854 a85b1ab8069f438d96fd4430ba1d0bec a334b46b4150443bbb4824a0369c2f4a - - default default] 10.0.0.211 "GET /v2.0/security-groups?tenant_id=14b97c74f9a249e088cb2b8e13377352&name=default HTTP/1.1" status: 200 len: 3120 time: 0.1787205
2026-07-02 06:20:43.083 10 INFO neutron.api.wsgi [None req-7b0500f8-6d96-46b8-8bd2-125e02c84283 a85b1ab8069f438d96fd4430ba1d0bec a334b46b4150443bbb4824a0369c2f4a - - default default] 10.0.0.211 "DELETE /v2.0/security-groups/844ffce6-a262-4643-8dbd-188f2b9cd6f4 HTTP/1.1" status: 204 len: 168 time: 0.1873710
2026-07-02 06:20:44.396 9 INFO neutron.db.ovn_revision_numbers_db [None req-30a776ff-e22b-494c-afbc-7dd40bdfd5af a85b1ab8069f438d96fd4430ba1d0bec a334b46b4150443bbb4824a0369c2f4a - - default default] Successfully bumped revision number for resource c99b40a9-5a4a-4c73-9076-6af66830f2ac (type: security_groups) to 1
2026-07-02 06:20:44.407 9 INFO neutron.db.ovn_revision_numbers_db [None req-30a776ff-e22b-494c-afbc-7dd40bdfd5af a85b1ab8069f438d96fd4430ba1d0bec a334b46b4150443bbb4824a0369c2f4a - - default default] Successfully bumped revision number for resource 3191a4c4-2835-44c9-89f9-5dc53c958513 (type: security_group_rules) to 0
2026-07-02 06:20:44.434 9 INFO neutron.db.ovn_revision_numbers_db [None req-30a776ff-e22b-494c-afbc-7dd40bdfd5af a85b1ab8069f438d96fd4430ba1d0bec a334b46b4150443bbb4824a0369c2f4a - - default default] Successfully bumped revision number for resource 5c197287-7155-4544-ac65-818ebe00174f (type: security_group_rules) to 0
2026-07-02 06:20:44.446 9 INFO neutron.db.ovn_revision_numbers_db [None req-30a776ff-e22b-494c-afbc-7dd40bdfd5af a85b1ab8069f438d96fd4430ba1d0bec a334b46b4150443bbb4824a0369c2f4a - - default default] Successfully bumped revision number for resource caf7bacb-fdab-4b42-99c0-225e5c09750a (type: security_group_rules) to 0
2026-07-02 06:20:44.458 9 INFO neutron.db.ovn_revision_numbers_db [None req-30a776ff-e22b-494c-afbc-7dd40bdfd5af a85b1ab8069f438d96fd4430ba1d0bec a334b46b4150443bbb4824a0369c2f4a - - default default] Successfully bumped revision number for resource f57ef372-cff7-46f1-bb7f-a4a396e55d00 (type: security_group_rules) to 0
2026-07-02 06:20:44.526 9 INFO neutron.db.segments_db [None req-30a776ff-e22b-494c-afbc-7dd40bdfd5af a85b1ab8069f438d96fd4430ba1d0bec a334b46b4150443bbb4824a0369c2f4a - - default default] Added segment bd79090c-ca1b-441a-aeec-5fcc88d93025 of type geneve for network 2469d675-2214-4bc8-84ee-830bcf749142
2026-07-02 06:20:44.628 9 INFO neutron.db.ovn_revision_numbers_db [None req-30a776ff-e22b-494c-afbc-7dd40bdfd5af a85b1ab8069f438d96fd4430ba1d0bec a334b46b4150443bbb4824a0369c2f4a - - default default] Successfully bumped revision number for resource 2469d675-2214-4bc8-84ee-830bcf749142 (type: networks) to 1
2026-07-02 06:20:44.777 9 WARNING neutron.scheduler.dhcp_agent_scheduler [None req-30a776ff-e22b-494c-afbc-7dd40bdfd5af a85b1ab8069f438d96fd4430ba1d0bec a334b46b4150443bbb4824a0369c2f4a - - default default] No more DHCP agents
2026-07-02 06:20:44.778 9 WARNING neutron.api.rpc.agentnotifiers.dhcp_rpc_agent_api [None req-30a776ff-e22b-494c-afbc-7dd40bdfd5af a85b1ab8069f438d96fd4430ba1d0bec a334b46b4150443bbb4824a0369c2f4a - - default default] Unable to schedule network 2469d675-2214-4bc8-84ee-830bcf749142: no agents available; will retry on subsequent port and subnet creation events.
2026-07-02 06:20:44.835 9 INFO neutron.db.ovn_revision_numbers_db [None req-30a776ff-e22b-494c-afbc-7dd40bdfd5af a85b1ab8069f438d96fd4430ba1d0bec a334b46b4150443bbb4824a0369c2f4a - - default default] Successfully bumped revision number for resource fba53b7f-61c3-41f0-aaa5-1c438a37e2e5 (type: ports) to 1
2026-07-02 06:20:44.851 9 INFO neutron.api.wsgi [None req-30a776ff-e22b-494c-afbc-7dd40bdfd5af a85b1ab8069f438d96fd4430ba1d0bec a334b46b4150443bbb4824a0369c2f4a - - default default] 10.0.0.211 "POST /v2.0/networks HTTP/1.1" status: 201 len: 943 time: 0.6963491
2026-07-02 06:20:44.983 9 INFO neutron.api.wsgi [None req-bef90784-47a8-4cb4-a296-9738b84bb071 a85b1ab8069f438d96fd4430ba1d0bec a334b46b4150443bbb4824a0369c2f4a - - default default] 10.0.0.72 "GET /v2.0/subnets HTTP/1.1" status: 200 len: 2162 time: 0.2677803
2026-07-02 06:20:45.003 9 INFO neutron.api.wsgi [None req-cb8eba44-4cf9-45b3-9ddc-57d90991970b a85b1ab8069f438d96fd4430ba1d0bec a334b46b4150443bbb4824a0369c2f4a - - default default] 10.0.0.72 "GET /v2.0/subnetpools HTTP/1.1" status: 200 len: 193 time: 0.0187740
2026-07-02 06:20:45.009 10 WARNING neutron.scheduler.dhcp_agent_scheduler [None req-1765f774-e47d-4f25-a123-d1df4c156a8d a85b1ab8069f438d96fd4430ba1d0bec a334b46b4150443bbb4824a0369c2f4a - - default default] No more DHCP agents
2026-07-02 06:20:45.010 10 WARNING neutron.api.rpc.agentnotifiers.dhcp_rpc_agent_api [None req-1765f774-e47d-4f25-a123-d1df4c156a8d a85b1ab8069f438d96fd4430ba1d0bec a334b46b4150443bbb4824a0369c2f4a - - default default] Unable to schedule network 2469d675-2214-4bc8-84ee-830bcf749142: no agents available; will retry on subsequent port and subnet creation events.
2026-07-02 06:20:45.045 9 INFO neutron.api.wsgi [None req-fcacf93b-8172-466f-b127-7253535ab648 a85b1ab8069f438d96fd4430ba1d0bec a334b46b4150443bbb4824a0369c2f4a - - default default] 10.0.0.72 "GET /v2.0/security-groups HTTP/1.1" status: 200 len: 20478 time: 0.0415487
2026-07-02 06:20:45.126 9 INFO neutron.api.wsgi [None req-eac65242-aa23-4de9-9c37-a50df816790c a85b1ab8069f438d96fd4430ba1d0bec a334b46b4150443bbb4824a0369c2f4a - - default default] 10.0.0.72 "GET /v2.0/networks HTTP/1.1" status: 200 len: 3108 time: 0.0757525
2026-07-02 06:20:45.158 9 INFO neutron.api.wsgi [None req-ffd83fd7-7400-4740-8082-a81a57df98b0 a85b1ab8069f438d96fd4430ba1d0bec a334b46b4150443bbb4824a0369c2f4a - - default default] 10.0.0.72 "GET /v2.0/subnets HTTP/1.1" status: 200 len: 2162 time: 0.0299351
2026-07-02 06:20:45.210 9 INFO neutron.api.wsgi [None req-9e1d59c5-7491-41f4-8f4f-f7519439cc75 a85b1ab8069f438d96fd4430ba1d0bec a334b46b4150443bbb4824a0369c2f4a - - default default] 10.0.0.72 "GET /v2.0/ports HTTP/1.1" status: 200 len: 6223 time: 0.0499775
2026-07-02 06:20:45.462 10 INFO neutron.db.ovn_revision_numbers_db [None req-747a2c09-d138-4915-b5fe-e4052f01a800 - - - - - -] Successfully bumped revision number for resource fba53b7f-61c3-41f0-aaa5-1c438a37e2e5 (type: ports) to 2
2026-07-02 06:20:45.471 9 INFO neutron.api.wsgi [None req-c4d09c67-3e93-4019-b147-1da616ec5d07 a85b1ab8069f438d96fd4430ba1d0bec a334b46b4150443bbb4824a0369c2f4a - - default default] 10.0.0.72 "GET /v2.0/routers HTTP/1.1" status: 200 len: 189 time: 0.2522900
2026-07-02 06:20:45.484 9 INFO neutron.api.wsgi [None req-4ddc7f30-dfd6-41e7-93f5-33fe0572872c a85b1ab8069f438d96fd4430ba1d0bec a334b46b4150443bbb4824a0369c2f4a - - default default] 10.0.0.72 "GET /v2.0/agents?binary=ovn-controller HTTP/1.1" status: 200 len: 591 time: 0.0099800
2026-07-02 06:20:45.490 10 INFO neutron.db.ovn_revision_numbers_db [None req-747a2c09-d138-4915-b5fe-e4052f01a800 - - - - - -] Successfully bumped revision number for resource 067743f7-7aac-477b-b719-bae5ab5db537 (type: subnets) to 0
2026-07-02 06:20:45.494 9 INFO neutron.api.wsgi [None req-5ff721e0-608a-49bd-9af1-22bea43d7d5e a85b1ab8069f438d96fd4430ba1d0bec a334b46b4150443bbb4824a0369c2f4a - - default default] 10.0.0.72 "GET /v2.0/agents HTTP/1.1" status: 200 len: 1390 time: 0.0090318
2026-07-02 06:20:45.504 9 INFO neutron.api.wsgi [None req-71be7946-21a3-4473-a10c-e9c62932ef28 a85b1ab8069f438d96fd4430ba1d0bec a334b46b4150443bbb4824a0369c2f4a - - default default] 10.0.0.72 "GET /v2.0/network-ip-availabilities HTTP/1.1" status: 200 len: 1752 time: 0.0091596
2026-07-02 06:20:45.504 10 INFO neutron.api.wsgi [None req-1765f774-e47d-4f25-a123-d1df4c156a8d a85b1ab8069f438d96fd4430ba1d0bec a334b46b4150443bbb4824a0369c2f4a - - default default] 10.0.0.211 "POST /v2.0/subnets HTTP/1.1" status: 201 len: 887 time: 0.6474831
2026-07-02 06:20:45.529 9 INFO neutron.api.wsgi [None req-2628d6a1-4610-434c-9d44-4258a9c79acb a85b1ab8069f438d96fd4430ba1d0bec a334b46b4150443bbb4824a0369c2f4a - - default default] 10.0.0.72 "GET /v2.0/floatingips HTTP/1.1" status: 200 len: 193 time: 0.0238709
2026-07-02 06:20:45.862 10 WARNING neutron.scheduler.dhcp_agent_scheduler [None req-14622c13-a0bc-48bf-aec7-1c86a2e7ce5b a85b1ab8069f438d96fd4430ba1d0bec a334b46b4150443bbb4824a0369c2f4a - - default default] No more DHCP agents
2026-07-02 06:20:45.864 10 WARNING neutron.api.rpc.agentnotifiers.dhcp_rpc_agent_api [None req-14622c13-a0bc-48bf-aec7-1c86a2e7ce5b a85b1ab8069f438d96fd4430ba1d0bec a334b46b4150443bbb4824a0369c2f4a - - default default] Unable to schedule network e86a7062-e67c-434c-bb27-d2c9de8f3d6e: no agents available; will retry on subsequent port and subnet creation events.
2026-07-02 06:20:45.964 10 INFO neutron.db.ovn_revision_numbers_db [None req-14622c13-a0bc-48bf-aec7-1c86a2e7ce5b a85b1ab8069f438d96fd4430ba1d0bec a334b46b4150443bbb4824a0369c2f4a - - default default] Successfully bumped revision number for resource 677e3359-b71a-48c7-afa5-c0b6e2768bc8 (type: ports) to 1
2026-07-02 06:20:46.568 10 INFO neutron.plugins.ml2.drivers.ovn.mech_driver.ovsdb.commands [None req-6248e6a5-952d-4a5f-ae92-1c18a8be4ea9 - - - - - -] Schedule LRP lrp-677e3359-b71a-48c7-afa5-c0b6e2768bc8 on gateway 1983e303-f738-44ed-9038-45e2ff220e1e with priority 1
2026-07-02 06:20:46.576 10 INFO neutron.plugins.ml2.drivers.ovn.mech_driver.mech_driver [None req-d13bfd17-9347-4c22-970c-1603af8c2fa0 - - - - - -] OVN reports status up for port: 677e3359-b71a-48c7-afa5-c0b6e2768bc8
2026-07-02 06:20:46.588 9 INFO neutron.plugins.ml2.drivers.ovn.mech_driver.ovsdb.ovsdb_monitor [None req-daf65e24-f6b9-4ec9-a909-c8e5fc0deaed - - - - - -] Router 1799206f-a1bc-4c42-945a-223bc9338faf is bound to host instance
2026-07-02 06:20:46.592 10 INFO neutron.plugins.ml2.plugin [None req-d13bfd17-9347-4c22-970c-1603af8c2fa0 - - - - - -] Attempt 1 to provision port 677e3359-b71a-48c7-afa5-c0b6e2768bc8
2026-07-02 06:20:46.612 10 INFO neutron.db.ovn_revision_numbers_db [None req-14622c13-a0bc-48bf-aec7-1c86a2e7ce5b a85b1ab8069f438d96fd4430ba1d0bec a334b46b4150443bbb4824a0369c2f4a - - default default] Successfully bumped revision number for resource 677e3359-b71a-48c7-afa5-c0b6e2768bc8 (type: router_ports) to 1
2026-07-02 06:20:46.674 10 INFO neutron.db.ovn_revision_numbers_db [None req-14622c13-a0bc-48bf-aec7-1c86a2e7ce5b a85b1ab8069f438d96fd4430ba1d0bec a334b46b4150443bbb4824a0369c2f4a - - default default] Successfully bumped revision number for resource 1799206f-a1bc-4c42-945a-223bc9338faf (type: routers) to 2
2026-07-02 06:20:46.689 10 INFO neutron.api.wsgi [None req-14622c13-a0bc-48bf-aec7-1c86a2e7ce5b a85b1ab8069f438d96fd4430ba1d0bec a334b46b4150443bbb4824a0369c2f4a - - default default] 10.0.0.211 "POST /v2.0/routers HTTP/1.1" status: 201 len: 1165 time: 1.1800215
2026-07-02 06:20:47.002 9 INFO neutron.db.ovn_revision_numbers_db [None req-ca227a32-d394-4ec9-9d16-7234ad93bec1 - - - - - -] Successfully bumped revision number for resource 677e3359-b71a-48c7-afa5-c0b6e2768bc8 (type: ports) to 1
2026-07-02 06:20:47.083 10 WARNING neutron.scheduler.dhcp_agent_scheduler [None req-146d276a-05d8-40fa-9659-ed46e116dccf a85b1ab8069f438d96fd4430ba1d0bec a334b46b4150443bbb4824a0369c2f4a - - default default] No more DHCP agents
2026-07-02 06:20:47.085 10 WARNING neutron.api.rpc.agentnotifiers.dhcp_rpc_agent_api [None req-146d276a-05d8-40fa-9659-ed46e116dccf a85b1ab8069f438d96fd4430ba1d0bec a334b46b4150443bbb4824a0369c2f4a - - default default] Unable to schedule network 2469d675-2214-4bc8-84ee-830bcf749142: no agents available; will retry on subsequent port and subnet creation events.
2026-07-02 06:20:47.224 10 INFO neutron.db.ovn_revision_numbers_db [None req-146d276a-05d8-40fa-9659-ed46e116dccf a85b1ab8069f438d96fd4430ba1d0bec a334b46b4150443bbb4824a0369c2f4a - - default default] Successfully bumped revision number for resource d41a18bf-18ac-45b1-bba0-a367f623bb49 (type: ports) to 1
2026-07-02 06:20:47.285 9 INFO neutron.db.ovn_revision_numbers_db [None req-ca227a32-d394-4ec9-9d16-7234ad93bec1 - - - - - -] Successfully bumped revision number for resource 677e3359-b71a-48c7-afa5-c0b6e2768bc8 (type: ports) to 4
2026-07-02 06:20:47.554 10 WARNING neutron_lib.context [None req-3926727c-aaf0-4cfe-9fac-e52ff4ea1eca 08fb0fea2cf541408af919df5d88388d d3753dce94ae49659a924da8f39f1b10 - - default default] Method 'is_advsvc' is deprecated since 2023.2 release (neutron-lib 3.8.0) and will be removed once support for the old RBAC API policies will be removed from Neutron. Please use method 'is_service_role' instead.
2026-07-02 06:20:47.566 9 INFO neutron.db.ovn_revision_numbers_db [None req-ca227a32-d394-4ec9-9d16-7234ad93bec1 - - - - - -] Successfully bumped revision number for resource 677e3359-b71a-48c7-afa5-c0b6e2768bc8 (type: ports) to 5
2026-07-02 06:20:47.914 10 INFO neutron.db.ovn_revision_numbers_db [None req-3926727c-aaf0-4cfe-9fac-e52ff4ea1eca 08fb0fea2cf541408af919df5d88388d d3753dce94ae49659a924da8f39f1b10 - - default default] Successfully bumped revision number for resource 826dc7a7-a096-4f37-93e9-bb90b3ea7dac (type: security_groups) to 1
2026-07-02 06:20:47.929 10 INFO neutron.db.ovn_revision_numbers_db [None req-3926727c-aaf0-4cfe-9fac-e52ff4ea1eca 08fb0fea2cf541408af919df5d88388d d3753dce94ae49659a924da8f39f1b10 - - default default] Successfully bumped revision number for resource 458aa2e9-22bb-471a-889a-62dbe3427e83 (type: security_group_rules) to 0
2026-07-02 06:20:47.946 10 INFO neutron.db.ovn_revision_numbers_db [None req-3926727c-aaf0-4cfe-9fac-e52ff4ea1eca 08fb0fea2cf541408af919df5d88388d d3753dce94ae49659a924da8f39f1b10 - - default default] Successfully bumped revision number for resource 46c0da38-de11-47a9-9ad9-8329c98297d4 (type: security_group_rules) to 0
2026-07-02 06:20:47.968 10 INFO neutron.db.ovn_revision_numbers_db [None req-3926727c-aaf0-4cfe-9fac-e52ff4ea1eca 08fb0fea2cf541408af919df5d88388d d3753dce94ae49659a924da8f39f1b10 - - default default] Successfully bumped revision number for resource 55aac4a6-c17e-40a1-9390-32f756921045 (type: security_group_rules) to 0
2026-07-02 06:20:47.982 10 INFO neutron.db.ovn_revision_numbers_db [None req-3926727c-aaf0-4cfe-9fac-e52ff4ea1eca 08fb0fea2cf541408af919df5d88388d d3753dce94ae49659a924da8f39f1b10 - - default default] Successfully bumped revision number for resource e64f3f5d-bb04-4225-a064-9aedc3b6a06e (type: security_group_rules) to 0
2026-07-02 06:20:48.035 10 INFO neutron.db.ovn_revision_numbers_db [None req-146d276a-05d8-40fa-9659-ed46e116dccf a85b1ab8069f438d96fd4430ba1d0bec a334b46b4150443bbb4824a0369c2f4a - - default default] Successfully bumped revision number for resource d41a18bf-18ac-45b1-bba0-a367f623bb49 (type: ports) to 1
2026-07-02 06:20:48.092 10 INFO neutron.db.ovn_revision_numbers_db [None req-3926727c-aaf0-4cfe-9fac-e52ff4ea1eca 08fb0fea2cf541408af919df5d88388d d3753dce94ae49659a924da8f39f1b10 - - default default] Successfully bumped revision number for resource cd48f997-083b-4bbb-82b0-0bdb84f08d30 (type: security_groups) to 1
2026-07-02 06:20:48.093 10 WARNING neutron.scheduler.dhcp_agent_scheduler [None req-146d276a-05d8-40fa-9659-ed46e116dccf a85b1ab8069f438d96fd4430ba1d0bec a334b46b4150443bbb4824a0369c2f4a - - default default] No more DHCP agents
2026-07-02 06:20:48.094 10 WARNING neutron.api.rpc.agentnotifiers.dhcp_rpc_agent_api [None req-146d276a-05d8-40fa-9659-ed46e116dccf a85b1ab8069f438d96fd4430ba1d0bec a334b46b4150443bbb4824a0369c2f4a - - default default] Unable to schedule network 2469d675-2214-4bc8-84ee-830bcf749142: no agents available; will retry on subsequent port and subnet creation events.
2026-07-02 06:20:48.109 10 INFO neutron.db.ovn_revision_numbers_db [None req-3926727c-aaf0-4cfe-9fac-e52ff4ea1eca 08fb0fea2cf541408af919df5d88388d d3753dce94ae49659a924da8f39f1b10 - - default default] Successfully bumped revision number for resource c6e6eb7b-43e5-446e-85bf-92bc26e08d58 (type: security_group_rules) to 0
2026-07-02 06:20:48.130 10 INFO neutron.db.ovn_revision_numbers_db [None req-3926727c-aaf0-4cfe-9fac-e52ff4ea1eca 08fb0fea2cf541408af919df5d88388d d3753dce94ae49659a924da8f39f1b10 - - default default] Successfully bumped revision number for resource eabe78c1-eedd-47dc-b6b4-63e23d579955 (type: security_group_rules) to 0
2026-07-02 06:20:48.170 10 INFO neutron.api.wsgi [None req-3926727c-aaf0-4cfe-9fac-e52ff4ea1eca 08fb0fea2cf541408af919df5d88388d d3753dce94ae49659a924da8f39f1b10 - - default default] 10.0.0.211 "POST /v2.0/security-groups HTTP/1.1" status: 201 len: 1801 time: 0.7562330
2026-07-02 06:20:48.179 10 WARNING neutron_lib.context [None req-be363d8b-6c04-4039-b30b-f0a6a09db33b 08fb0fea2cf541408af919df5d88388d d3753dce94ae49659a924da8f39f1b10 - - default default] Method 'is_advsvc' is deprecated since 2023.2 release (neutron-lib 3.8.0) and will be removed once support for the old RBAC API policies will be removed from Neutron. Please use method 'is_service_role' instead.
2026-07-02 06:20:48.320 10 INFO neutron.db.ovn_revision_numbers_db [None req-be363d8b-6c04-4039-b30b-f0a6a09db33b 08fb0fea2cf541408af919df5d88388d d3753dce94ae49659a924da8f39f1b10 - - default default] Successfully bumped revision number for resource fbc86d18-1817-40fe-97d8-0b81492b1ed1 (type: security_groups) to 1
2026-07-02 06:20:48.338 10 INFO neutron.db.ovn_revision_numbers_db [None req-be363d8b-6c04-4039-b30b-f0a6a09db33b 08fb0fea2cf541408af919df5d88388d d3753dce94ae49659a924da8f39f1b10 - - default default] Successfully bumped revision number for resource 73fbb7fb-8e43-47e1-a847-f737698009b6 (type: security_group_rules) to 0
2026-07-02 06:20:48.357 10 INFO neutron.db.ovn_revision_numbers_db [None req-be363d8b-6c04-4039-b30b-f0a6a09db33b 08fb0fea2cf541408af919df5d88388d d3753dce94ae49659a924da8f39f1b10 - - default default] Successfully bumped revision number for resource 74dfe0f2-ff48-463f-a946-15ed164c55a0 (type: security_group_rules) to 0
