2026-07-02 06:20:16.771 10 INFO neutron.api.wsgi [None req-1fc5edab-ac7b-441d-ac36-405059cd4cf2 87e0e179c0fd4e1eaa39bb08b3321347 266e43900f7d4a13a6ed0f31373a9388 - - default default] 10.0.0.211 "POST /v2.0/networks HTTP/1.1" status: 201 len: 834 time: 0.4219818
2026-07-02 06:20:16.781 10 WARNING neutron_lib.context [None req-e0d78448-e3b2-408e-bb80-db56eb59c814 87e0e179c0fd4e1eaa39bb08b3321347 266e43900f7d4a13a6ed0f31373a9388 - - default default] Method 'is_advsvc' is deprecated since 2023.2 release (neutron-lib 3.8.0) and will be removed once support for the old RBAC API policies will be removed from Neutron. Please use method 'is_service_role' instead.
2026-07-02 06:20:16.953 9 INFO neutron.db.ovn_revision_numbers_db [None req-55ed204f-8aa7-4ebf-8cd3-d899dad1294d - - - - - -] Successfully bumped revision number for resource db936cf3-21a0-468b-85d0-a77915b6ce02 (type: ports) to 2
2026-07-02 06:20:16.953 10 WARNING neutron.scheduler.dhcp_agent_scheduler [None req-e0d78448-e3b2-408e-bb80-db56eb59c814 87e0e179c0fd4e1eaa39bb08b3321347 266e43900f7d4a13a6ed0f31373a9388 - - default default] No more DHCP agents
2026-07-02 06:20:16.955 10 WARNING neutron.api.rpc.agentnotifiers.dhcp_rpc_agent_api [None req-e0d78448-e3b2-408e-bb80-db56eb59c814 87e0e179c0fd4e1eaa39bb08b3321347 266e43900f7d4a13a6ed0f31373a9388 - - default default] Unable to schedule network dfe4c8fe-f0e8-4508-aaca-fc4b5fa85753: no agents available; will retry on subsequent port and subnet creation events.
2026-07-02 06:20:16.980 10 INFO neutron.db.ovn_revision_numbers_db [None req-e0d78448-e3b2-408e-bb80-db56eb59c814 87e0e179c0fd4e1eaa39bb08b3321347 266e43900f7d4a13a6ed0f31373a9388 - - default default] Successfully bumped revision number for resource ef4a6bbf-fc36-4a20-9b2b-62bb31685b29 (type: subnets) to 0
2026-07-02 06:20:16.982 9 INFO neutron.db.ovn_revision_numbers_db [None req-55ed204f-8aa7-4ebf-8cd3-d899dad1294d - - - - - -] Successfully bumped revision number for resource 37ed97d6-33da-4707-a4c0-470e785365f8 (type: subnets) to 0
2026-07-02 06:20:16.993 10 INFO neutron.api.wsgi [None req-e0d78448-e3b2-408e-bb80-db56eb59c814 87e0e179c0fd4e1eaa39bb08b3321347 266e43900f7d4a13a6ed0f31373a9388 - - default default] 10.0.0.211 "POST /v2.0/subnets HTTP/1.1" status: 201 len: 845 time: 0.2163522
2026-07-02 06:20:16.996 9 INFO neutron.api.wsgi [None req-07713b72-5ccb-4a98-8f10-701eb0de5127 e613c217fe904e058e928755ddb01722 9617e365fa96431fa1513b22ffc8c16b - - default default] 10.0.0.211 "POST /v2.0/subnets HTTP/1.1" status: 201 len: 846 time: 0.5388834
2026-07-02 06:20:17.003 10 WARNING neutron_lib.context [None req-d25cbaac-bb0a-4e29-9d4a-fb2e7731e1b2 87e0e179c0fd4e1eaa39bb08b3321347 266e43900f7d4a13a6ed0f31373a9388 - - default default] Method 'is_advsvc' is deprecated since 2023.2 release (neutron-lib 3.8.0) and will be removed once support for the old RBAC API policies will be removed from Neutron. Please use method 'is_service_role' instead.
2026-07-02 06:20:17.218 9 INFO neutron.api.wsgi [None req-04893824-0b54-45bf-afd2-67cb5a399496 e613c217fe904e058e928755ddb01722 9617e365fa96431fa1513b22ffc8c16b - - default default] 10.0.0.211 "POST /v2.0/rbac-policies HTTP/1.1" status: 201 len: 523 time: 0.2176023
2026-07-02 06:20:17.266 10 WARNING neutron.scheduler.dhcp_agent_scheduler [None req-d25cbaac-bb0a-4e29-9d4a-fb2e7731e1b2 87e0e179c0fd4e1eaa39bb08b3321347 266e43900f7d4a13a6ed0f31373a9388 - - default default] No more DHCP agents
2026-07-02 06:20:17.273 10 WARNING neutron.api.rpc.agentnotifiers.dhcp_rpc_agent_api [None req-d25cbaac-bb0a-4e29-9d4a-fb2e7731e1b2 87e0e179c0fd4e1eaa39bb08b3321347 266e43900f7d4a13a6ed0f31373a9388 - - default default] Unable to schedule network dfe4c8fe-f0e8-4508-aaca-fc4b5fa85753: no agents available; will retry on subsequent port and subnet creation events.
2026-07-02 06:20:17.345 10 INFO neutron.db.ovn_revision_numbers_db [None req-d25cbaac-bb0a-4e29-9d4a-fb2e7731e1b2 87e0e179c0fd4e1eaa39bb08b3321347 266e43900f7d4a13a6ed0f31373a9388 - - default default] Successfully bumped revision number for resource f4754061-55df-447b-bf12-20795b450107 (type: ports) to 1
2026-07-02 06:20:17.364 10 INFO neutron.api.wsgi [None req-d25cbaac-bb0a-4e29-9d4a-fb2e7731e1b2 87e0e179c0fd4e1eaa39bb08b3321347 266e43900f7d4a13a6ed0f31373a9388 - - default default] 10.0.0.211 "POST /v2.0/ports HTTP/1.1" status: 201 len: 1127 time: 0.3650298
2026-07-02 06:20:17.569 10 INFO neutron.api.wsgi [None req-2de7122e-ddf1-4c36-84aa-6b236f7ae0fe 87e0e179c0fd4e1eaa39bb08b3321347 266e43900f7d4a13a6ed0f31373a9388 - - default default] 10.0.0.211 "DELETE /v2.0/ports/f4754061-55df-447b-bf12-20795b450107 HTTP/1.1" status: 204 len: 168 time: 0.2000587
2026-07-02 06:20:17.591 10 INFO neutron.pecan_wsgi.hooks.translation [None req-73e27996-c51c-4f42-a33a-f47114263f65 87e0e179c0fd4e1eaa39bb08b3321347 266e43900f7d4a13a6ed0f31373a9388 - - default default] GET failed (client error): The resource could not be found.
2026-07-02 06:20:17.593 10 INFO neutron.api.wsgi [None req-73e27996-c51c-4f42-a33a-f47114263f65 87e0e179c0fd4e1eaa39bb08b3321347 266e43900f7d4a13a6ed0f31373a9388 - - default default] 10.0.0.211 "GET /v2.0/ports/f4754061-55df-447b-bf12-20795b450107 HTTP/1.1" status: 404 len: 333 time: 0.0188479
2026-07-02 06:20:17.724 9 INFO neutron.api.wsgi [None req-20b26731-30cb-470b-b316-43ef20639952 6377e55c59834b4896c57c1416c75a68 84733b8bbe9348fd9b88c3bbb448a7b6 - - default default] 10.0.0.211 "GET /v2.0/networks/06883da6-625a-4145-87e8-bf09a66472c0 HTTP/1.1" status: 200 len: 848 time: 0.1582584
2026-07-02 06:20:17.725 10 INFO neutron.api.wsgi [None req-c620bcbb-bd12-433a-a897-987c4a4424cc 87e0e179c0fd4e1eaa39bb08b3321347 266e43900f7d4a13a6ed0f31373a9388 - - default default] 10.0.0.211 "DELETE /v2.0/subnets/ef4a6bbf-fc36-4a20-9b2b-62bb31685b29 HTTP/1.1" status: 204 len: 168 time: 0.1288569
2026-07-02 06:20:17.987 10 INFO neutron.services.segments.plugin [-] Segment 9b6716e8-9071-4c72-b4e2-0bd7ef5091e7 resource provider aggregate not found
2026-07-02 06:20:17.998 10 INFO neutron.services.segments.plugin [-] Segment 9b6716e8-9071-4c72-b4e2-0bd7ef5091e7 resource provider aggregate not found
2026-07-02 06:20:18.002 10 INFO neutron.services.segments.plugin [-] Segment 9b6716e8-9071-4c72-b4e2-0bd7ef5091e7 resource provider not found; error: Placement Client Error (4xx): {"errors": [{"status": 404, "title": "Not Found", "detail": "The resource could not be found.\n\n No resource provider with uuid 9b6716e8-9071-4c72-b4e2-0bd7ef5091e7 found for delete ", "request_id": "req-2b609c51-3e36-4c0f-85b2-4485d4bfd130"}]}
2026-07-02 06:20:18.015 10 INFO neutron.services.segments.plugin [-] Segment 9b6716e8-9071-4c72-b4e2-0bd7ef5091e7 resource provider not found; error: Placement Client Error (4xx): {"errors": [{"status": 404, "title": "Not Found", "detail": "The resource could not be found.\n\n No resource provider with uuid 9b6716e8-9071-4c72-b4e2-0bd7ef5091e7 found for delete ", "request_id": "req-be12a235-bdb6-4829-a0f0-536cb6b40c0a"}]}
2026-07-02 06:20:18.054 10 INFO neutron.api.wsgi [None req-7702f60c-501a-4db0-89c5-e54e91f1aa23 87e0e179c0fd4e1eaa39bb08b3321347 266e43900f7d4a13a6ed0f31373a9388 - - default default] 10.0.0.211 "DELETE /v2.0/networks/dfe4c8fe-f0e8-4508-aaca-fc4b5fa85753 HTTP/1.1" status: 204 len: 168 time: 0.3230412
2026-07-02 06:20:18.065 10 WARNING neutron_lib.context [None req-e0bec6f4-92b1-419c-8481-db945473bcf9 87e0e179c0fd4e1eaa39bb08b3321347 266e43900f7d4a13a6ed0f31373a9388 - - default default] Method 'is_advsvc' is deprecated since 2023.2 release (neutron-lib 3.8.0) and will be removed once support for the old RBAC API policies will be removed from Neutron. Please use method 'is_service_role' instead.
2026-07-02 06:20:18.130 9 INFO neutron.pecan_wsgi.hooks.translation [None req-8ccbc935-3330-4035-9437-d52cd59ac710 64c5bbb4cf8a4c73991dd75bb1e4bd39 53fd1d52d0b34f4d9cba3fcd65f74b2d - - default default] GET failed (client error): The resource could not be found.
2026-07-02 06:20:18.132 9 INFO neutron.api.wsgi [None req-8ccbc935-3330-4035-9437-d52cd59ac710 64c5bbb4cf8a4c73991dd75bb1e4bd39 53fd1d52d0b34f4d9cba3fcd65f74b2d - - default default] 10.0.0.211 "GET /v2.0/networks/06883da6-625a-4145-87e8-bf09a66472c0 HTTP/1.1" status: 404 len: 339 time: 0.0516107
2026-07-02 06:20:18.311 10 WARNING neutron.scheduler.dhcp_agent_scheduler [None req-e0bec6f4-92b1-419c-8481-db945473bcf9 87e0e179c0fd4e1eaa39bb08b3321347 266e43900f7d4a13a6ed0f31373a9388 - - default default] No more DHCP agents
2026-07-02 06:20:18.313 10 WARNING neutron.api.rpc.agentnotifiers.dhcp_rpc_agent_api [None req-e0bec6f4-92b1-419c-8481-db945473bcf9 87e0e179c0fd4e1eaa39bb08b3321347 266e43900f7d4a13a6ed0f31373a9388 - - default default] Unable to schedule network bb2217c4-09f4-4b1e-b938-c7eeebdd5fca: no agents available; will retry on subsequent port and subnet creation events.
2026-07-02 06:20:18.396 10 INFO neutron.db.ovn_revision_numbers_db [None req-e0bec6f4-92b1-419c-8481-db945473bcf9 87e0e179c0fd4e1eaa39bb08b3321347 266e43900f7d4a13a6ed0f31373a9388 - - default default] Successfully bumped revision number for resource c5a24603-03d6-45db-8570-2646dce184d0 (type: ports) to 1
2026-07-02 06:20:18.419 10 INFO neutron.api.wsgi [None req-e0bec6f4-92b1-419c-8481-db945473bcf9 87e0e179c0fd4e1eaa39bb08b3321347 266e43900f7d4a13a6ed0f31373a9388 - - default default] 10.0.0.211 "POST /v2.0/ports HTTP/1.1" status: 201 len: 977 time: 0.3579741
2026-07-02 06:20:18.631 10 INFO neutron.plugins.ml2.drivers.ovn.mech_driver.mech_driver [None req-182b8272-f2f4-4ad9-9066-4e00960d75cf - - - - - -] OVN reports status down for port: c5a24603-03d6-45db-8570-2646dce184d0
2026-07-02 06:20:18.637 10 INFO neutron.api.wsgi [None req-ada5a29f-4642-4ca8-8b7b-5af793dbf103 e613c217fe904e058e928755ddb01722 9617e365fa96431fa1513b22ffc8c16b - - default default] 10.0.0.211 "DELETE /v2.0/networks/06883da6-625a-4145-87e8-bf09a66472c0 HTTP/1.1" status: 204 len: 168 time: 0.4996929 /var/lib/openstack/lib/python3.12/site-packages/pycadf/identifier.py:71: UserWarning: Invalid uuid: neutron. To ensure interoperability, identifiers should be a valid uuid. warnings.warn(('Invalid uuid: %s. To ensure interoperability, '
2026-07-02 06:20:18.652 10 INFO neutron.pecan_wsgi.hooks.translation [None req-6dfadce7-83b8-4b35-8fe5-7c2d10a50ecf e613c217fe904e058e928755ddb01722 9617e365fa96431fa1513b22ffc8c16b - - default default] DELETE failed (client error): The resource could not be found.
2026-07-02 06:20:18.654 10 INFO neutron.api.wsgi [None req-6dfadce7-83b8-4b35-8fe5-7c2d10a50ecf e613c217fe904e058e928755ddb01722 9617e365fa96431fa1513b22ffc8c16b - - default default] 10.0.0.211 "DELETE /v2.0/subnets/b0fd5def-13e4-4d68-8cef-ea15265ecbc0 HTTP/1.1" status: 404 len: 337 time: 0.0102432
2026-07-02 06:20:18.656 9 INFO neutron.db.ovn_revision_numbers_db [None req-c3090f00-316c-4f18-9c01-359402812ea5 87e0e179c0fd4e1eaa39bb08b3321347 266e43900f7d4a13a6ed0f31373a9388 - - default default] Successfully bumped revision number for resource c5a24603-03d6-45db-8570-2646dce184d0 (type: ports) to 2
2026-07-02 06:20:18.665 9 INFO neutron.api.wsgi [None req-c3090f00-316c-4f18-9c01-359402812ea5 87e0e179c0fd4e1eaa39bb08b3321347 266e43900f7d4a13a6ed0f31373a9388 - - default default] 10.0.0.211 "PUT /v2.0/ports/c5a24603-03d6-45db-8570-2646dce184d0 HTTP/1.1" status: 200 len: 946 time: 0.2405052
2026-07-02 06:20:18.666 10 INFO neutron.pecan_wsgi.hooks.translation [None req-45f6e61d-0768-44a1-95e1-0b8f4b28090d e613c217fe904e058e928755ddb01722 9617e365fa96431fa1513b22ffc8c16b - - default default] DELETE failed (client error): The resource could not be found.
2026-07-02 06:20:18.668 10 INFO neutron.api.wsgi [None req-45f6e61d-0768-44a1-95e1-0b8f4b28090d e613c217fe904e058e928755ddb01722 9617e365fa96431fa1513b22ffc8c16b - - default default] 10.0.0.211 "DELETE /v2.0/subnets/b5664924-0137-4f64-ab4b-077f72ce5e68 HTTP/1.1" status: 404 len: 337 time: 0.0097632 /var/lib/openstack/lib/python3.12/site-packages/pycadf/identifier.py:71: UserWarning: Invalid uuid: neutron. To ensure interoperability, identifiers should be a valid uuid. warnings.warn(('Invalid uuid: %s. To ensure interoperability, '
2026-07-02 06:20:18.679 10 INFO neutron.pecan_wsgi.hooks.translation [None req-2a81040b-d14c-463f-afef-320f8e4c05f2 e613c217fe904e058e928755ddb01722 9617e365fa96431fa1513b22ffc8c16b - - default default] DELETE failed (client error): The resource could not be found.
2026-07-02 06:20:18.681 10 INFO neutron.api.wsgi [None req-2a81040b-d14c-463f-afef-320f8e4c05f2 e613c217fe904e058e928755ddb01722 9617e365fa96431fa1513b22ffc8c16b - - default default] 10.0.0.211 "DELETE /v2.0/subnets/37ed97d6-33da-4707-a4c0-470e785365f8 HTTP/1.1" status: 404 len: 337 time: 0.0093868
2026-07-02 06:20:18.892 9 INFO neutron.api.wsgi [None req-f986466a-5182-43e9-8cb9-8eb850ad7eea 87e0e179c0fd4e1eaa39bb08b3321347 266e43900f7d4a13a6ed0f31373a9388 - - default default] 10.0.0.211 "DELETE /v2.0/ports/c5a24603-03d6-45db-8570-2646dce184d0 HTTP/1.1" status: 204 len: 168 time: 0.2224150
2026-07-02 06:20:18.945 9 INFO neutron.api.wsgi [None req-845538f3-4570-454b-8a17-7d1465b431cf 87e0e179c0fd4e1eaa39bb08b3321347 266e43900f7d4a13a6ed0f31373a9388 - - default default] 10.0.0.211 "GET /v2.0/ports HTTP/1.1" status: 200 len: 1732 time: 0.0494244
2026-07-02 06:20:18.962 9 INFO neutron.pecan_wsgi.hooks.translation [None req-52969737-73dc-41ae-8719-f92fea197eab 87e0e179c0fd4e1eaa39bb08b3321347 266e43900f7d4a13a6ed0f31373a9388 - - default default] GET failed (client error): The resource could not be found.
2026-07-02 06:20:18.964 9 INFO neutron.api.wsgi [None req-52969737-73dc-41ae-8719-f92fea197eab 87e0e179c0fd4e1eaa39bb08b3321347 266e43900f7d4a13a6ed0f31373a9388 - - default default] 10.0.0.211 "GET /v2.0/ports/c5a24603-03d6-45db-8570-2646dce184d0 HTTP/1.1" status: 404 len: 333 time: 0.0134609
2026-07-02 06:20:18.997 9 INFO neutron.api.wsgi [None req-08d5bd3a-118e-4994-ad2b-eccc3b9bb2f2 87e0e179c0fd4e1eaa39bb08b3321347 266e43900f7d4a13a6ed0f31373a9388 - - default default] 10.0.0.211 "GET /v2.0/ports HTTP/1.1" status: 200 len: 1732 time: 0.0288835
2026-07-02 06:20:19.028 9 INFO neutron.api.wsgi [None req-0c0e393f-2e33-4f11-8576-83e7bb4e4cdb 87e0e179c0fd4e1eaa39bb08b3321347 266e43900f7d4a13a6ed0f31373a9388 - - default default] 10.0.0.211 "GET /v2.0/ports/cf750656-3c60-43b1-9c09-2198b74bcd18 HTTP/1.1" status: 200 len: 972 time: 0.0252564
2026-07-02 06:20:19.047 9 INFO neutron.pecan_wsgi.hooks.translation [None req-cb9926f8-d36e-479e-b543-c5f43e3a13ac 87e0e179c0fd4e1eaa39bb08b3321347 266e43900f7d4a13a6ed0f31373a9388 - - default default] DELETE failed (client error): The resource could not be found.
2026-07-02 06:20:19.050 9 INFO neutron.api.wsgi [None req-cb9926f8-d36e-479e-b543-c5f43e3a13ac 87e0e179c0fd4e1eaa39bb08b3321347 266e43900f7d4a13a6ed0f31373a9388 - - default default] 10.0.0.211 "DELETE /v2.0/ports/f4754061-55df-447b-bf12-20795b450107 HTTP/1.1" status: 404 len: 333 time: 0.0148542
2026-07-02 06:20:19.064 9 INFO neutron.pecan_wsgi.hooks.translation [None req-121847b9-2473-4357-94e4-1478e44a8b57 87e0e179c0fd4e1eaa39bb08b3321347 266e43900f7d4a13a6ed0f31373a9388 - - default default] DELETE failed (client error): The resource could not be found.
2026-07-02 06:20:19.067 9 INFO neutron.api.wsgi [None req-121847b9-2473-4357-94e4-1478e44a8b57 87e0e179c0fd4e1eaa39bb08b3321347 266e43900f7d4a13a6ed0f31373a9388 - - default default] 10.0.0.211 "DELETE /v2.0/subnets/ef4a6bbf-fc36-4a20-9b2b-62bb31685b29 HTTP/1.1" status: 404 len: 337 time: 0.0118585
2026-07-02 06:20:19.080 9 INFO neutron.pecan_wsgi.hooks.translation [None req-6c88c8b3-793c-4aa4-a4bb-d92b94a4855e 87e0e179c0fd4e1eaa39bb08b3321347 266e43900f7d4a13a6ed0f31373a9388 - - default default] DELETE failed (client error): The resource could not be found.
2026-07-02 06:20:19.082 9 INFO neutron.api.wsgi [None req-6c88c8b3-793c-4aa4-a4bb-d92b94a4855e 87e0e179c0fd4e1eaa39bb08b3321347 266e43900f7d4a13a6ed0f31373a9388 - - default default] 10.0.0.211 "DELETE /v2.0/subnets/4dd75eea-06a9-4d81-a203-ad5384a9b87e HTTP/1.1" status: 404 len: 337 time: 0.0119953
2026-07-02 06:20:19.323 10 INFO neutron.api.wsgi [None req-2eb89976-186d-4738-9255-fd6305de83b2 87e0e179c0fd4e1eaa39bb08b3321347 266e43900f7d4a13a6ed0f31373a9388 - - default default] 10.0.0.211 "DELETE /v2.0/ports/cf750656-3c60-43b1-9c09-2198b74bcd18 HTTP/1.1" status: 204 len: 168 time: 0.2350049
2026-07-02 06:20:19.591 10 INFO neutron.api.wsgi [None req-ba834179-321b-4aee-9923-792ced59ab3c a85b1ab8069f438d96fd4430ba1d0bec a334b46b4150443bbb4824a0369c2f4a - - default default] 10.0.0.211 "GET /v2.0/security-groups?tenant_id=9617e365fa96431fa1513b22ffc8c16b&name=default HTTP/1.1" status: 200 len: 3120 time: 0.1615136
2026-07-02 06:20:19.623 10 INFO neutron.api.wsgi [None req-d9c979bc-3ad9-4c5f-b244-37ec55cbe847 87e0e179c0fd4e1eaa39bb08b3321347 266e43900f7d4a13a6ed0f31373a9388 - - default default] 10.0.0.211 "DELETE /v2.0/networks/bb2217c4-09f4-4b1e-b938-c7eeebdd5fca HTTP/1.1" status: 204 len: 168 time: 0.2920892
2026-07-02 06:20:19.803 9 INFO neutron.api.wsgi [None req-34095821-d52d-4f34-af7a-1bdb1b310ff6 a85b1ab8069f438d96fd4430ba1d0bec a334b46b4150443bbb4824a0369c2f4a - - default default] 10.0.0.211 "DELETE /v2.0/security-groups/625c97d2-ce75-4653-8066-98556f1e0606 HTTP/1.1" status: 204 len: 168 time: 0.2068496
2026-07-02 06:20:20.019 10 INFO neutron.services.segments.plugin [-] Segment 2b53cedd-30bb-45a8-8aa3-b39de329e506 resource provider aggregate not found
2026-07-02 06:20:20.030 10 INFO neutron.services.segments.plugin [-] Segment 2b53cedd-30bb-45a8-8aa3-b39de329e506 resource provider aggregate not found
2026-07-02 06:20:20.038 10 INFO neutron.services.segments.plugin [-] Segment 2b53cedd-30bb-45a8-8aa3-b39de329e506 resource provider not found; error: Placement Client Error (4xx): {"errors": [{"status": 404, "title": "Not Found", "detail": "The resource could not be found.\n\n No resource provider with uuid 2b53cedd-30bb-45a8-8aa3-b39de329e506 found for delete ", "request_id": "req-2702bb74-3882-41b9-bc3b-09586bbfdd3a"}]}
2026-07-02 06:20:20.045 10 INFO neutron.services.segments.plugin [-] Segment 2b53cedd-30bb-45a8-8aa3-b39de329e506 resource provider not found; error: Placement Client Error (4xx): {"errors": [{"status": 404, "title": "Not Found", "detail": "The resource could not be found.\n\n No resource provider with uuid 2b53cedd-30bb-45a8-8aa3-b39de329e506 found for delete ", "request_id": "req-bdc8cb86-963e-407a-b15b-5b6b512fda0c"}]}
2026-07-02 06:20:20.049 10 INFO neutron.services.segments.plugin [-] Segment 2ee35b2b-ced8-4454-88eb-e7a306336743 resource provider aggregate not found
2026-07-02 06:20:20.055 10 INFO neutron.services.segments.plugin [-] Segment 2ee35b2b-ced8-4454-88eb-e7a306336743 resource provider aggregate not found
2026-07-02 06:20:20.060 10 INFO neutron.services.segments.plugin [-] Segment 2ee35b2b-ced8-4454-88eb-e7a306336743 resource provider not found; error: Placement Client Error (4xx): {"errors": [{"status": 404, "title": "Not Found", "detail": "The resource could not be found.\n\n No resource provider with uuid 2ee35b2b-ced8-4454-88eb-e7a306336743 found for delete ", "request_id": "req-8c6e2572-e51d-4acf-89d7-ca6876e1973a"}]}
2026-07-02 06:20:20.063 10 INFO neutron.db.ovn_revision_numbers_db [None req-59146677-feff-4dd1-8c76-292eb3979c57 a85b1ab8069f438d96fd4430ba1d0bec a334b46b4150443bbb4824a0369c2f4a - - default default] Successfully bumped revision number for resource bc57817f-00ba-4e27-80dd-968d1babddf4 (type: security_groups) to 1
2026-07-02 06:20:20.065 10 INFO neutron.services.segments.plugin [-] Segment 2ee35b2b-ced8-4454-88eb-e7a306336743 resource provider not found; error: Placement Client Error (4xx): {"errors": [{"status": 404, "title": "Not Found", "detail": "The resource could not be found.\n\n No resource provider with uuid 2ee35b2b-ced8-4454-88eb-e7a306336743 found for delete ", "request_id": "req-81e6f80a-900d-4e2b-a87a-5b4c0bb5b0ad"}]}
2026-07-02 06:20:20.071 10 INFO neutron.services.segments.plugin [-] Segment a6240967-ef1d-46bb-9522-e5929d9df336 resource provider aggregate not found
2026-07-02 06:20:20.075 10 INFO neutron.services.segments.plugin [-] Segment a6240967-ef1d-46bb-9522-e5929d9df336 resource provider aggregate not found
2026-07-02 06:20:20.081 10 INFO neutron.services.segments.plugin [-] Segment a6240967-ef1d-46bb-9522-e5929d9df336 resource provider not found; error: Placement Client Error (4xx): {"errors": [{"status": 404, "title": "Not Found", "detail": "The resource could not be found.\n\n No resource provider with uuid a6240967-ef1d-46bb-9522-e5929d9df336 found for delete ", "request_id": "req-52758e18-2158-40df-b129-948b856f1873"}]}
2026-07-02 06:20:20.081 10 INFO neutron.db.ovn_revision_numbers_db [None req-59146677-feff-4dd1-8c76-292eb3979c57 a85b1ab8069f438d96fd4430ba1d0bec a334b46b4150443bbb4824a0369c2f4a - - default default] Successfully bumped revision number for resource 8cd488e8-92a3-411c-b922-3ada886f1e39 (type: security_group_rules) to 0
2026-07-02 06:20:20.086 10 INFO neutron.services.segments.plugin [-] Segment a6240967-ef1d-46bb-9522-e5929d9df336 resource provider not found; error: Placement Client Error (4xx): {"errors": [{"status": 404, "title": "Not Found", "detail": "The resource could not be found.\n\n No resource provider with uuid a6240967-ef1d-46bb-9522-e5929d9df336 found for delete ", "request_id": "req-e261958c-3ce1-4a1f-9e2d-ac5e1654aa74"}]}
2026-07-02 06:20:20.094 10 INFO neutron.db.ovn_revision_numbers_db [None req-59146677-feff-4dd1-8c76-292eb3979c57 a85b1ab8069f438d96fd4430ba1d0bec a334b46b4150443bbb4824a0369c2f4a - - default default] Successfully bumped revision number for resource bd4b588f-12bd-415e-be55-436e01343661 (type: security_group_rules) to 0
2026-07-02 06:20:20.105 10 INFO neutron.db.ovn_revision_numbers_db [None req-59146677-feff-4dd1-8c76-292eb3979c57 a85b1ab8069f438d96fd4430ba1d0bec a334b46b4150443bbb4824a0369c2f4a - - default default] Successfully bumped revision number for resource d345caac-a453-4c5e-89e5-9b7ef6e78f13 (type: security_group_rules) to 0
2026-07-02 06:20:20.117 10 INFO neutron.db.ovn_revision_numbers_db [None req-59146677-feff-4dd1-8c76-292eb3979c57 a85b1ab8069f438d96fd4430ba1d0bec a334b46b4150443bbb4824a0369c2f4a - - default default] Successfully bumped revision number for resource f93c6c18-08ac-47dc-84d7-91cdb78075cc (type: security_group_rules) to 0
2026-07-02 06:20:20.163 10 INFO neutron.api.wsgi [None req-59146677-feff-4dd1-8c76-292eb3979c57 a85b1ab8069f438d96fd4430ba1d0bec a334b46b4150443bbb4824a0369c2f4a - - default default] 10.0.0.211 "GET /v2.0/security-groups?tenant_id=84733b8bbe9348fd9b88c3bbb448a7b6&name=default HTTP/1.1" status: 200 len: 3120 time: 0.2318633
2026-07-02 06:20:20.175 9 INFO neutron.api.wsgi [None req-1e7658f5-5a45-410b-8026-acf3875f8823 a85b1ab8069f438d96fd4430ba1d0bec a334b46b4150443bbb4824a0369c2f4a - - default default] 10.0.0.211 "GET /v2.0/security-groups?tenant_id=266e43900f7d4a13a6ed0f31373a9388&name=default HTTP/1.1" status: 200 len: 3120 time: 0.1123257
2026-07-02 06:20:20.388 10 INFO neutron.api.wsgi [None req-698e7508-a6f6-4d36-8345-5d5fd2c327dd a85b1ab8069f438d96fd4430ba1d0bec a334b46b4150443bbb4824a0369c2f4a - - default default] 10.0.0.211 "DELETE /v2.0/security-groups/bc57817f-00ba-4e27-80dd-968d1babddf4 HTTP/1.1" status: 204 len: 168 time: 0.2188621
2026-07-02 06:20:20.392 9 INFO neutron.api.wsgi [None req-189edc5c-966d-49c7-b597-2f894548adfc a85b1ab8069f438d96fd4430ba1d0bec a334b46b4150443bbb4824a0369c2f4a - - default default] 10.0.0.211 "DELETE /v2.0/security-groups/37d2f642-d784-4084-abe2-653b468b4abd HTTP/1.1" status: 204 len: 168 time: 0.2137389
2026-07-02 06:20:20.567 10 INFO neutron.db.ovn_revision_numbers_db [None req-f4636f62-bb68-414d-a1df-53e84b8894a0 a85b1ab8069f438d96fd4430ba1d0bec a334b46b4150443bbb4824a0369c2f4a - - default default] Successfully bumped revision number for resource d78adb31-61df-4a23-bb46-db53ef87e3ae (type: security_groups) to 1
2026-07-02 06:20:20.579 10 INFO neutron.db.ovn_revision_numbers_db [None req-f4636f62-bb68-414d-a1df-53e84b8894a0 a85b1ab8069f438d96fd4430ba1d0bec a334b46b4150443bbb4824a0369c2f4a - - default default] Successfully bumped revision number for resource 54adfa2a-3e34-4e2d-b728-b5271bed2d7d (type: security_group_rules) to 0
2026-07-02 06:20:20.591 10 INFO neutron.db.ovn_revision_numbers_db [None req-f4636f62-bb68-414d-a1df-53e84b8894a0 a85b1ab8069f438d96fd4430ba1d0bec a334b46b4150443bbb4824a0369c2f4a - - default default] Successfully bumped revision number for resource 56dfa633-e1ce-4fa6-9e9e-6c90aedabf72 (type: security_group_rules) to 0
2026-07-02 06:20:20.602 10 INFO neutron.db.ovn_revision_numbers_db [None req-f4636f62-bb68-414d-a1df-53e84b8894a0 a85b1ab8069f438d96fd4430ba1d0bec a334b46b4150443bbb4824a0369c2f4a - - default default] Successfully bumped revision number for resource ac23c529-b89d-485f-8374-f0d859b82bbc (type: security_group_rules) to 0
2026-07-02 06:20:20.615 10 INFO neutron.db.ovn_revision_numbers_db [None req-f4636f62-bb68-414d-a1df-53e84b8894a0 a85b1ab8069f438d96fd4430ba1d0bec a334b46b4150443bbb4824a0369c2f4a - - default default] Successfully bumped revision number for resource c36293c5-793e-4437-9c50-54234f2666dc (type: security_group_rules) to 0
2026-07-02 06:20:20.647 10 INFO neutron.api.wsgi [None req-f4636f62-bb68-414d-a1df-53e84b8894a0 a85b1ab8069f438d96fd4430ba1d0bec a334b46b4150443bbb4824a0369c2f4a - - default default] 10.0.0.211 "GET /v2.0/security-groups?tenant_id=53fd1d52d0b34f4d9cba3fcd65f74b2d&name=default HTTP/1.1" status: 200 len: 3120 time: 0.1830578
2026-07-02 06:20:20.840 10 INFO neutron.api.wsgi [None req-b6d34b8c-b910-4ea7-aa48-4ce6641479b0 a85b1ab8069f438d96fd4430ba1d0bec a334b46b4150443bbb4824a0369c2f4a - - default default] 10.0.0.211 "DELETE /v2.0/security-groups/d78adb31-61df-4a23-bb46-db53ef87e3ae HTTP/1.1" status: 204 len: 168 time: 0.1873639
2026-07-02 06:20:21.317 10 INFO neutron.api.wsgi [-] 10.0.0.236 "GET / HTTP/1.1" status: 200 len: 247 time: 0.0019076
2026-07-02 06:20:21.319 10 INFO neutron.api.wsgi [-] 10.0.0.236 "GET / HTTP/1.1" status: 200 len: 247 time: 0.0013969
2026-07-02 06:20:22.316 10 WARNING neutron_lib.context [None req-7c40fa44-70b5-421f-aa16-3a759324948c 3e847fe9d8d6406cab9f7f23c766dddb 067a5925b0fe49e48288fbd79f29747b - - default default] Method 'is_advsvc' is deprecated since 2023.2 release (neutron-lib 3.8.0) and will be removed once support for the old RBAC API policies will be removed from Neutron. Please use method 'is_service_role' instead.
2026-07-02 06:20:22.475 10 INFO neutron.db.ovn_revision_numbers_db [None req-7c40fa44-70b5-421f-aa16-3a759324948c 3e847fe9d8d6406cab9f7f23c766dddb 067a5925b0fe49e48288fbd79f29747b - - default default] Successfully bumped revision number for resource ab215750-a51d-4c47-ad48-b10b8f79ef5b (type: security_groups) to 1
2026-07-02 06:20:22.487 10 INFO neutron.db.ovn_revision_numbers_db [None req-7c40fa44-70b5-421f-aa16-3a759324948c 3e847fe9d8d6406cab9f7f23c766dddb 067a5925b0fe49e48288fbd79f29747b - - default default] Successfully bumped revision number for resource 43d4d11a-4b9d-4150-87d2-d8d92b1a590e (type: security_group_rules) to 0
2026-07-02 06:20:22.500 10 INFO neutron.db.ovn_revision_numbers_db [None req-7c40fa44-70b5-421f-aa16-3a759324948c 3e847fe9d8d6406cab9f7f23c766dddb 067a5925b0fe49e48288fbd79f29747b - - default default] Successfully bumped revision number for resource d56d7b1f-41d1-4631-a4d0-ecfd317ddd8e (type: security_group_rules) to 0
2026-07-02 06:20:22.512 10 INFO neutron.db.ovn_revision_numbers_db [None req-7c40fa44-70b5-421f-aa16-3a759324948c 3e847fe9d8d6406cab9f7f23c766dddb 067a5925b0fe49e48288fbd79f29747b - - default default] Successfully bumped revision number for resource e9275388-a3c2-48b1-aa44-72d76d9ed618 (type: security_group_rules) to 0
2026-07-02 06:20:22.524 10 INFO neutron.db.ovn_revision_numbers_db [None req-7c40fa44-70b5-421f-aa16-3a759324948c 3e847fe9d8d6406cab9f7f23c766dddb 067a5925b0fe49e48288fbd79f29747b - - default default] Successfully bumped revision number for resource f31af5bb-f46b-48a7-94ff-b848c19690a3 (type: security_group_rules) to 0
2026-07-02 06:20:22.593 10 INFO neutron.db.segments_db [None req-7c40fa44-70b5-421f-aa16-3a759324948c 3e847fe9d8d6406cab9f7f23c766dddb 067a5925b0fe49e48288fbd79f29747b - - default default] Added segment beb15e0b-6f27-4644-8bc2-6afcd8fae110 of type geneve for network 3b4c3af4-3ac1-44fb-8e99-c069df855005
2026-07-02 06:20:22.740 10 INFO neutron.db.ovn_revision_numbers_db [None req-7c40fa44-70b5-421f-aa16-3a759324948c 3e847fe9d8d6406cab9f7f23c766dddb 067a5925b0fe49e48288fbd79f29747b - - default default] Successfully bumped revision number for resource 3b4c3af4-3ac1-44fb-8e99-c069df855005 (type: networks) to 1
2026-07-02 06:20:22.963 10 WARNING neutron.scheduler.dhcp_agent_scheduler [None req-7c40fa44-70b5-421f-aa16-3a759324948c 3e847fe9d8d6406cab9f7f23c766dddb 067a5925b0fe49e48288fbd79f29747b - - default default] No more DHCP agents
2026-07-02 06:20:22.963 10 WARNING neutron.api.rpc.agentnotifiers.dhcp_rpc_agent_api [None req-7c40fa44-70b5-421f-aa16-3a759324948c 3e847fe9d8d6406cab9f7f23c766dddb 067a5925b0fe49e48288fbd79f29747b - - default default] Unable to schedule network 3b4c3af4-3ac1-44fb-8e99-c069df855005: no agents available; will retry on subsequent port and subnet creation events.
2026-07-02 06:20:23.027 10 INFO neutron.db.ovn_revision_numbers_db [None req-7c40fa44-70b5-421f-aa16-3a759324948c 3e847fe9d8d6406cab9f7f23c766dddb 067a5925b0fe49e48288fbd79f29747b - - default default] Successfully bumped revision number for resource dd2a79cf-7176-4d05-871b-0901526e8f98 (type: ports) to 1
2026-07-02 06:20:23.047 10 INFO neutron.api.wsgi [None req-7c40fa44-70b5-421f-aa16-3a759324948c 3e847fe9d8d6406cab9f7f23c766dddb 067a5925b0fe49e48288fbd79f29747b - - default default] 10.0.0.211 "POST /v2.0/networks HTTP/1.1" status: 201 len: 828 time: 0.9462652
2026-07-02 06:20:23.057 10 WARNING neutron_lib.context [None req-c84eaa4a-d271-4779-a97e-2e66ad48a182 3e847fe9d8d6406cab9f7f23c766dddb 067a5925b0fe49e48288fbd79f29747b - - default default] Method 'is_advsvc' is deprecated since 2023.2 release (neutron-lib 3.8.0) and will be removed once support for the old RBAC API policies will be removed from Neutron. Please use method 'is_service_role' instead.
2026-07-02 06:20:23.137 10 INFO neutron.db.segments_db [None req-c84eaa4a-d271-4779-a97e-2e66ad48a182 3e847fe9d8d6406cab9f7f23c766dddb 067a5925b0fe49e48288fbd79f29747b - - default default] Added segment af3fe00f-75fa-40ed-b83e-cbad8ebdd4d8 of type geneve for network f694c6f7-34b6-463f-8dc3-e8dd97ea4b14
2026-07-02 06:20:23.266 10 INFO neutron.db.ovn_revision_numbers_db [None req-c84eaa4a-d271-4779-a97e-2e66ad48a182 3e847fe9d8d6406cab9f7f23c766dddb 067a5925b0fe49e48288fbd79f29747b - - default default] Successfully bumped revision number for resource f694c6f7-34b6-463f-8dc3-e8dd97ea4b14 (type: networks) to 1
2026-07-02 06:20:23.435 10 WARNING neutron.scheduler.dhcp_agent_scheduler [None req-c84eaa4a-d271-4779-a97e-2e66ad48a182 3e847fe9d8d6406cab9f7f23c766dddb 067a5925b0fe49e48288fbd79f29747b - - default default] No more DHCP agents
2026-07-02 06:20:23.436 10 WARNING neutron.api.rpc.agentnotifiers.dhcp_rpc_agent_api [None req-c84eaa4a-d271-4779-a97e-2e66ad48a182 3e847fe9d8d6406cab9f7f23c766dddb 067a5925b0fe49e48288fbd79f29747b - - default default] Unable to schedule network f694c6f7-34b6-463f-8dc3-e8dd97ea4b14: no agents available; will retry on subsequent port and subnet creation events.
2026-07-02 06:20:23.491 10 INFO neutron.db.ovn_revision_numbers_db [None req-c84eaa4a-d271-4779-a97e-2e66ad48a182 3e847fe9d8d6406cab9f7f23c766dddb 067a5925b0fe49e48288fbd79f29747b - - default default] Successfully bumped revision number for resource b63eedb3-2bc7-41c7-ac83-88c0fe86df2e (type: ports) to 1
2026-07-02 06:20:23.510 10 INFO neutron.api.wsgi [None req-c84eaa4a-d271-4779-a97e-2e66ad48a182 3e847fe9d8d6406cab9f7f23c766dddb 067a5925b0fe49e48288fbd79f29747b - - default default] 10.0.0.211 "POST /v2.0/networks HTTP/1.1" status: 201 len: 826 time: 0.4583287
2026-07-02 06:20:23.520 10 WARNING neutron_lib.context [None req-7bb5b145-4764-4e0d-a341-79d3d9d0fbc4 3e847fe9d8d6406cab9f7f23c766dddb 067a5925b0fe49e48288fbd79f29747b - - default default] Method 'is_advsvc' is deprecated since 2023.2 release (neutron-lib 3.8.0) and will be removed once support for the old RBAC API policies will be removed from Neutron. Please use method 'is_service_role' instead.
2026-07-02 06:20:23.681 10 WARNING neutron.scheduler.dhcp_agent_scheduler [None req-7bb5b145-4764-4e0d-a341-79d3d9d0fbc4 3e847fe9d8d6406cab9f7f23c766dddb 067a5925b0fe49e48288fbd79f29747b - - default default] No more DHCP agents
2026-07-02 06:20:23.682 10 WARNING neutron.api.rpc.agentnotifiers.dhcp_rpc_agent_api [None req-7bb5b145-4764-4e0d-a341-79d3d9d0fbc4 3e847fe9d8d6406cab9f7f23c766dddb 067a5925b0fe49e48288fbd79f29747b - - default default] Unable to schedule network 3b4c3af4-3ac1-44fb-8e99-c069df855005: no agents available; will retry on subsequent port and subnet creation events.
2026-07-02 06:20:24.086 10 INFO neutron.db.ovn_revision_numbers_db [None req-f52d89a9-e75c-4a02-9ee6-41985b95cf1f - - - - - -] Successfully bumped revision number for resource dd2a79cf-7176-4d05-871b-0901526e8f98 (type: ports) to 2
2026-07-02 06:20:24.119 10 INFO neutron.db.ovn_revision_numbers_db [None req-f52d89a9-e75c-4a02-9ee6-41985b95cf1f - - - - - -] Successfully bumped revision number for resource 8ea60258-707a-4ef7-ab7e-9d8c0df0b272 (type: subnets) to 0
2026-07-02 06:20:24.134 10 INFO neutron.api.wsgi [None req-7bb5b145-4764-4e0d-a341-79d3d9d0fbc4 3e847fe9d8d6406cab9f7f23c766dddb 067a5925b0fe49e48288fbd79f29747b - - default default] 10.0.0.211 "POST /v2.0/subnets HTTP/1.1" status: 201 len: 825 time: 0.6182272
2026-07-02 06:20:24.144 10 WARNING neutron_lib.context [None req-a6cb38c8-b115-48f0-a04f-544a0176502f 3e847fe9d8d6406cab9f7f23c766dddb 067a5925b0fe49e48288fbd79f29747b - - default default] Method 'is_advsvc' is deprecated since 2023.2 release (neutron-lib 3.8.0) and will be removed once support for the old RBAC API policies will be removed from Neutron. Please use method 'is_service_role' instead.
2026-07-02 06:20:24.374 10 WARNING neutron.scheduler.dhcp_agent_scheduler [None req-a6cb38c8-b115-48f0-a04f-544a0176502f 3e847fe9d8d6406cab9f7f23c766dddb 067a5925b0fe49e48288fbd79f29747b - - default default] No more DHCP agents
2026-07-02 06:20:24.375 10 WARNING neutron.api.rpc.agentnotifiers.dhcp_rpc_agent_api [None req-a6cb38c8-b115-48f0-a04f-544a0176502f 3e847fe9d8d6406cab9f7f23c766dddb 067a5925b0fe49e48288fbd79f29747b - - default default] Unable to schedule network f694c6f7-34b6-463f-8dc3-e8dd97ea4b14: no agents available; will retry on subsequent port and subnet creation events.
2026-07-02 06:20:24.854 9 WARNING neutron_lib.context [None req-528e561a-a782-4c46-8a97-f78432dc1cab 0a5544fd502a4f488dab66f8e44fa196 d8f254380fad4bcba5462e5a849e8f94 - - default default] Method 'is_advsvc' is deprecated since 2023.2 release (neutron-lib 3.8.0) and will be removed once support for the old RBAC API policies will be removed from Neutron. Please use method 'is_service_role' instead.
2026-07-02 06:20:25.042 10 INFO neutron.db.ovn_revision_numbers_db [None req-fa5a08cf-5111-468f-9c5c-5b3798bff747 - - - - - -] Successfully bumped revision number for resource b63eedb3-2bc7-41c7-ac83-88c0fe86df2e (type: ports) to 2
2026-07-02 06:20:25.051 9 WARNING neutron.scheduler.dhcp_agent_scheduler [None req-528e561a-a782-4c46-8a97-f78432dc1cab 0a5544fd502a4f488dab66f8e44fa196 d8f254380fad4bcba5462e5a849e8f94 - - default default] No more DHCP agents
2026-07-02 06:20:25.053 9 WARNING neutron.api.rpc.agentnotifiers.dhcp_rpc_agent_api [None req-528e561a-a782-4c46-8a97-f78432dc1cab 0a5544fd502a4f488dab66f8e44fa196 d8f254380fad4bcba5462e5a849e8f94 - - default default] Unable to schedule network e86a7062-e67c-434c-bb27-d2c9de8f3d6e: no agents available; will retry on subsequent port and subnet creation events.
2026-07-02 06:20:25.065 10 INFO neutron.db.ovn_revision_numbers_db [None req-fa5a08cf-5111-468f-9c5c-5b3798bff747 - - - - - -] Successfully bumped revision number for resource 98d3e3df-c9bb-4ad3-9c44-8d5b72256b3f (type: subnets) to 0
2026-07-02 06:20:25.078 10 INFO neutron.api.wsgi [None req-a6cb38c8-b115-48f0-a04f-544a0176502f 3e847fe9d8d6406cab9f7f23c766dddb 067a5925b0fe49e48288fbd79f29747b - - default default] 10.0.0.211 "POST /v2.0/subnets HTTP/1.1" status: 201 len: 825 time: 0.9393470
2026-07-02 06:20:25.085 10 WARNING neutron_lib.context [None req-9610e810-1f54-4d59-9fa0-409ec2d70c5a 3e847fe9d8d6406cab9f7f23c766dddb 067a5925b0fe49e48288fbd79f29747b - - default default] Method 'is_advsvc' is deprecated since 2023.2 release (neutron-lib 3.8.0) and will be removed once support for the old RBAC API policies will be removed from Neutron. Please use method 'is_service_role' instead.
2026-07-02 06:20:25.172 10 INFO neutron.db.ovn_revision_numbers_db [None req-9610e810-1f54-4d59-9fa0-409ec2d70c5a 3e847fe9d8d6406cab9f7f23c766dddb 067a5925b0fe49e48288fbd79f29747b - - default default] Successfully bumped revision number for resource 334fc163-9b8f-4a70-ad5b-93279e90856a (type: routers) to 1
2026-07-02 06:20:25.187 10 INFO neutron.api.wsgi [None req-9610e810-1f54-4d59-9fa0-409ec2d70c5a 3e847fe9d8d6406cab9f7f23c766dddb 067a5925b0fe49e48288fbd79f29747b - - default default] 10.0.0.211 "POST /v2.0/routers HTTP/1.1" status: 201 len: 802 time: 0.1046274
2026-07-02 06:20:25.524 10 WARNING neutron.scheduler.dhcp_agent_scheduler [None req-af6c1d87-dbd1-4d32-a5e7-ec907722a685 3e847fe9d8d6406cab9f7f23c766dddb 067a5925b0fe49e48288fbd79f29747b - - default default] No more DHCP agents
2026-07-02 06:20:25.526 10 WARNING neutron.api.rpc.agentnotifiers.dhcp_rpc_agent_api [None req-af6c1d87-dbd1-4d32-a5e7-ec907722a685 3e847fe9d8d6406cab9f7f23c766dddb 067a5925b0fe49e48288fbd79f29747b - - default default] Unable to schedule network 3b4c3af4-3ac1-44fb-8e99-c069df855005: no agents available; will retry on subsequent port and subnet creation events.
2026-07-02 06:20:25.641 10 INFO neutron.db.ovn_revision_numbers_db [None req-af6c1d87-dbd1-4d32-a5e7-ec907722a685 3e847fe9d8d6406cab9f7f23c766dddb 067a5925b0fe49e48288fbd79f29747b - - default default] Successfully bumped revision number for resource 99df6aec-cfc3-49ba-83ca-d7c182266b65 (type: ports) to 1
2026-07-02 06:20:25.656 9 INFO neutron.api.wsgi [None req-528e561a-a782-4c46-8a97-f78432dc1cab 0a5544fd502a4f488dab66f8e44fa196 d8f254380fad4bcba5462e5a849e8f94 - - default default] 10.0.0.211 "POST /v2.0/floatingips HTTP/1.1" status: 201 len: 751 time: 0.9693897
2026-07-02 06:20:25.666 9 WARNING neutron_lib.context [None req-de0b1580-c819-486b-913a-2219acbc94a8 0a5544fd502a4f488dab66f8e44fa196 d8f254380fad4bcba5462e5a849e8f94 - - default default] Method 'is_advsvc' is deprecated since 2023.2 release (neutron-lib 3.8.0) and will be removed once support for the old RBAC API policies will be removed from Neutron. Please use method 'is_service_role' instead.
2026-07-02 06:20:25.877 9 WARNING neutron.scheduler.dhcp_agent_scheduler [None req-de0b1580-c819-486b-913a-2219acbc94a8 0a5544fd502a4f488dab66f8e44fa196 d8f254380fad4bcba5462e5a849e8f94 - - default default] No more DHCP agents
2026-07-02 06:20:25.879 9 WARNING neutron.api.rpc.agentnotifiers.dhcp_rpc_agent_api [None req-de0b1580-c819-486b-913a-2219acbc94a8 0a5544fd502a4f488dab66f8e44fa196 d8f254380fad4bcba5462e5a849e8f94 - - default default] Unable to schedule network e86a7062-e67c-434c-bb27-d2c9de8f3d6e: no agents available; will retry on subsequent port and subnet creation events.
2026-07-02 06:20:26.084 10 INFO neutron.plugins.ml2.drivers.ovn.mech_driver.mech_driver [None req-182b8272-f2f4-4ad9-9066-4e00960d75cf - - - - - -] OVN reports status up for port: 99df6aec-cfc3-49ba-83ca-d7c182266b65
2026-07-02 06:20:26.094 10 INFO neutron.plugins.ml2.plugin [None req-182b8272-f2f4-4ad9-9066-4e00960d75cf - - - - - -] Attempt 1 to provision port 99df6aec-cfc3-49ba-83ca-d7c182266b65
2026-07-02 06:20:26.107 10 INFO neutron.db.ovn_revision_numbers_db [None req-af6c1d87-dbd1-4d32-a5e7-ec907722a685 3e847fe9d8d6406cab9f7f23c766dddb 067a5925b0fe49e48288fbd79f29747b - - default default] Successfully bumped revision number for resource 99df6aec-cfc3-49ba-83ca-d7c182266b65 (type: ports) to 1
2026-07-02 06:20:26.155 9 INFO neutron.api.wsgi [None req-de0b1580-c819-486b-913a-2219acbc94a8 0a5544fd502a4f488dab66f8e44fa196 d8f254380fad4bcba5462e5a849e8f94 - - default default] 10.0.0.211 "POST /v2.0/floatingips HTTP/1.1" status: 201 len: 751 time: 0.4935596
2026-07-02 06:20:26.156 10 WARNING neutron.scheduler.dhcp_agent_scheduler [None req-af6c1d87-dbd1-4d32-a5e7-ec907722a685 3e847fe9d8d6406cab9f7f23c766dddb 067a5925b0fe49e48288fbd79f29747b - - default default] No more DHCP agents
2026-07-02 06:20:26.158 10 WARNING neutron.api.rpc.agentnotifiers.dhcp_rpc_agent_api [None req-af6c1d87-dbd1-4d32-a5e7-ec907722a685 3e847fe9d8d6406cab9f7f23c766dddb 067a5925b0fe49e48288fbd79f29747b - - default default] Unable to schedule network 3b4c3af4-3ac1-44fb-8e99-c069df855005: no agents available; will retry on subsequent port and subnet creation events.
2026-07-02 06:20:26.164 9 WARNING neutron_lib.context [None req-cbdc8907-cee4-484a-980f-611b1500c588 0a5544fd502a4f488dab66f8e44fa196 d8f254380fad4bcba5462e5a849e8f94 - - default default] Method 'is_advsvc' is deprecated since 2023.2 release (neutron-lib 3.8.0) and will be removed once support for the old RBAC API policies will be removed from Neutron. Please use method 'is_service_role' instead.
2026-07-02 06:20:26.394 10 INFO neutron.db.ovn_revision_numbers_db [None req-af6c1d87-dbd1-4d32-a5e7-ec907722a685 3e847fe9d8d6406cab9f7f23c766dddb 067a5925b0fe49e48288fbd79f29747b - - default default] Successfully bumped revision number for resource 99df6aec-cfc3-49ba-83ca-d7c182266b65 (type: router_ports) to 1
2026-07-02 06:20:26.399 10 INFO neutron.api.wsgi [None req-af6c1d87-dbd1-4d32-a5e7-ec907722a685 3e847fe9d8d6406cab9f7f23c766dddb 067a5925b0fe49e48288fbd79f29747b - - default default] 10.0.0.211 "PUT /v2.0/routers/334fc163-9b8f-4a70-ad5b-93279e90856a/add_router_interface HTTP/1.1" status: 200 len: 503 time: 1.2066689
2026-07-02 06:20:26.415 9 WARNING neutron.scheduler.dhcp_agent_scheduler [None req-cbdc8907-cee4-484a-980f-611b1500c588 0a5544fd502a4f488dab66f8e44fa196 d8f254380fad4bcba5462e5a849e8f94 - - default default] No more DHCP agents
2026-07-02 06:20:26.417 9 WARNING neutron.api.rpc.agentnotifiers.dhcp_rpc_agent_api [None req-cbdc8907-cee4-484a-980f-611b1500c588 0a5544fd502a4f488dab66f8e44fa196 d8f254380fad4bcba5462e5a849e8f94 - - default default] Unable to schedule network e86a7062-e67c-434c-bb27-d2c9de8f3d6e: no agents available; will retry on subsequent port and subnet creation events.
2026-07-02 06:20:26.470 9 INFO neutron.api.wsgi [None req-28f60b95-838b-4b3f-9f6f-106e8a343b86 3e847fe9d8d6406cab9f7f23c766dddb 067a5925b0fe49e48288fbd79f29747b - - default default] 10.0.0.211 "GET /v2.0/ports/99df6aec-cfc3-49ba-83ca-d7c182266b65 HTTP/1.1" status: 200 len: 1137 time: 0.0661688
2026-07-02 06:20:26.509 10 INFO neutron.db.ovn_revision_numbers_db [None req-182b8272-f2f4-4ad9-9066-4e00960d75cf - - - - - -] Successfully bumped revision number for resource 99df6aec-cfc3-49ba-83ca-d7c182266b65 (type: ports) to 2
2026-07-02 06:20:26.653 9 INFO neutron.api.wsgi [None req-cbdc8907-cee4-484a-980f-611b1500c588 0a5544fd502a4f488dab66f8e44fa196 d8f254380fad4bcba5462e5a849e8f94 - - default default] 10.0.0.211 "POST /v2.0/floatingips HTTP/1.1" status: 201 len: 751 time: 0.4928877
2026-07-02 06:20:26.666 9 WARNING neutron_lib.context [None req-5fe2a410-0955-4cb8-8fbb-0a48d120e3c8 0a5544fd502a4f488dab66f8e44fa196 d8f254380fad4bcba5462e5a849e8f94 - - default default] Method 'is_advsvc' is deprecated since 2023.2 release (neutron-lib 3.8.0) and will be removed once support for the old RBAC API policies will be removed from Neutron. Please use method 'is_service_role' instead.
2026-07-02 06:20:26.872 9 WARNING neutron.scheduler.dhcp_agent_scheduler [None req-5fe2a410-0955-4cb8-8fbb-0a48d120e3c8 0a5544fd502a4f488dab66f8e44fa196 d8f254380fad4bcba5462e5a849e8f94 - - default default] No more DHCP agents
2026-07-02 06:20:26.874 9 WARNING neutron.api.rpc.agentnotifiers.dhcp_rpc_agent_api [None req-5fe2a410-0955-4cb8-8fbb-0a48d120e3c8 0a5544fd502a4f488dab66f8e44fa196 d8f254380fad4bcba5462e5a849e8f94 - - default default] Unable to schedule network e86a7062-e67c-434c-bb27-d2c9de8f3d6e: no agents available; will retry on subsequent port and subnet creation events.
2026-07-02 06:20:26.878 10 WARNING neutron.scheduler.dhcp_agent_scheduler [None req-59d9abcd-0c36-4ef9-9685-13c7bd0cea74 3e847fe9d8d6406cab9f7f23c766dddb 067a5925b0fe49e48288fbd79f29747b - - default default] No more DHCP agents
2026-07-02 06:20:26.879 10 WARNING neutron.api.rpc.agentnotifiers.dhcp_rpc_agent_api [None req-59d9abcd-0c36-4ef9-9685-13c7bd0cea74 3e847fe9d8d6406cab9f7f23c766dddb 067a5925b0fe49e48288fbd79f29747b - - default default] Unable to schedule network f694c6f7-34b6-463f-8dc3-e8dd97ea4b14: no agents available; will retry on subsequent port and subnet creation events.
2026-07-02 06:20:27.019 10 INFO neutron.db.ovn_revision_numbers_db [None req-59d9abcd-0c36-4ef9-9685-13c7bd0cea74 3e847fe9d8d6406cab9f7f23c766dddb 067a5925b0fe49e48288fbd79f29747b - - default default] Successfully bumped revision number for resource 0af8660d-9768-47c3-8066-5ee2802e3821 (type: ports) to 1
2026-07-02 06:20:27.147 9 INFO neutron.api.wsgi [None req-5fe2a410-0955-4cb8-8fbb-0a48d120e3c8 0a5544fd502a4f488dab66f8e44fa196 d8f254380fad4bcba5462e5a849e8f94 - - default default] 10.0.0.211 "POST /v2.0/floatingips HTTP/1.1" status: 201 len: 751 time: 0.4868841
2026-07-02 06:20:27.156 9 WARNING neutron_lib.context [None req-3d494adc-7ce8-4648-8d53-a8164227bb58 0a5544fd502a4f488dab66f8e44fa196 d8f254380fad4bcba5462e5a849e8f94 - - default default] Method 'is_advsvc' is deprecated since 2023.2 release (neutron-lib 3.8.0) and will be removed once support for the old RBAC API policies will be removed from Neutron. Please use method 'is_service_role' instead.
2026-07-02 06:20:27.403 9 WARNING neutron.scheduler.dhcp_agent_scheduler [None req-3d494adc-7ce8-4648-8d53-a8164227bb58 0a5544fd502a4f488dab66f8e44fa196 d8f254380fad4bcba5462e5a849e8f94 - - default default] No more DHCP agents
2026-07-02 06:20:27.405 9 WARNING neutron.api.rpc.agentnotifiers.dhcp_rpc_agent_api [None req-3d494adc-7ce8-4648-8d53-a8164227bb58 0a5544fd502a4f488dab66f8e44fa196 d8f254380fad4bcba5462e5a849e8f94 - - default default] Unable to schedule network e86a7062-e67c-434c-bb27-d2c9de8f3d6e: no agents available; will retry on subsequent port and subnet creation events.
2026-07-02 06:20:27.553 9 INFO neutron.plugins.ml2.drivers.ovn.mech_driver.mech_driver [None req-0e384a2b-ef81-4ca7-8904-1064dbc24320 - - - - - -] OVN reports status up for port: 0af8660d-9768-47c3-8066-5ee2802e3821
2026-07-02 06:20:27.562 9 INFO neutron.plugins.ml2.plugin [None req-0e384a2b-ef81-4ca7-8904-1064dbc24320 - - - - - -] Attempt 1 to provision port 0af8660d-9768-47c3-8066-5ee2802e3821
2026-07-02 06:20:27.568 10 INFO neutron.db.ovn_revision_numbers_db [None req-59d9abcd-0c36-4ef9-9685-13c7bd0cea74 3e847fe9d8d6406cab9f7f23c766dddb 067a5925b0fe49e48288fbd79f29747b - - default default] Successfully bumped revision number for resource 0af8660d-9768-47c3-8066-5ee2802e3821 (type: ports) to 1
2026-07-02 06:20:27.617 10 WARNING neutron.scheduler.dhcp_agent_scheduler [None req-59d9abcd-0c36-4ef9-9685-13c7bd0cea74 3e847fe9d8d6406cab9f7f23c766dddb 067a5925b0fe49e48288fbd79f29747b - - default default] No more DHCP agents
2026-07-02 06:20:27.618 10 WARNING neutron.api.rpc.agentnotifiers.dhcp_rpc_agent_api [None req-59d9abcd-0c36-4ef9-9685-13c7bd0cea74 3e847fe9d8d6406cab9f7f23c766dddb 067a5925b0fe49e48288fbd79f29747b - - default default] Unable to schedule network f694c6f7-34b6-463f-8dc3-e8dd97ea4b14: no agents available; will retry on subsequent port and subnet creation events.
2026-07-02 06:20:27.681 9 INFO neutron.api.wsgi [None req-3d494adc-7ce8-4648-8d53-a8164227bb58 0a5544fd502a4f488dab66f8e44fa196 d8f254380fad4bcba5462e5a849e8f94 - - default default] 10.0.0.211 "POST /v2.0/floatingips HTTP/1.1" status: 201 len: 751 time: 0.5296028
2026-07-02 06:20:27.737 9 INFO neutron.api.wsgi [None req-00c6a3f3-f5c7-4b99-8a7c-34aa66a03606 0a5544fd502a4f488dab66f8e44fa196 d8f254380fad4bcba5462e5a849e8f94 - - default default] 10.0.0.211 "PUT /v2.0/floatingips/ca161b90-ac72-4192-bb87-8a17f2160571/tags HTTP/1.1" status: 200 len: 210 time: 0.0500481
2026-07-02 06:20:27.793 10 INFO neutron.db.ovn_revision_numbers_db [None req-59d9abcd-0c36-4ef9-9685-13c7bd0cea74 3e847fe9d8d6406cab9f7f23c766dddb 067a5925b0fe49e48288fbd79f29747b - - default default] Successfully bumped revision number for resource 0af8660d-9768-47c3-8066-5ee2802e3821 (type: router_ports) to 1
2026-07-02 06:20:27.796 10 INFO neutron.api.wsgi [None req-1e180af4-f7d6-4573-a9c7-de31109ef343 0a5544fd502a4f488dab66f8e44fa196 d8f254380fad4bcba5462e5a849e8f94 - - default default] 10.0.0.211 "PUT /v2.0/floatingips/71ec63e6-f096-461f-a2c5-cdcdd39812c3/tags HTTP/1.1" status: 200 len: 218 time: 0.0512848
2026-07-02 06:20:27.800 10 INFO neutron.api.wsgi [None req-59d9abcd-0c36-4ef9-9685-13c7bd0cea74 3e847fe9d8d6406cab9f7f23c766dddb 067a5925b0fe49e48288fbd79f29747b - - default default] 10.0.0.211 "PUT /v2.0/routers/334fc163-9b8f-4a70-ad5b-93279e90856a/add_router_interface HTTP/1.1" status: 200 len: 503 time: 1.3255379
2026-07-02 06:20:27.838 10 INFO neutron.api.wsgi [None req-5826cbc5-734a-4f80-b90b-4cec3c265bec 3e847fe9d8d6406cab9f7f23c766dddb 067a5925b0fe49e48288fbd79f29747b - - default default] 10.0.0.211 "GET /v2.0/ports/0af8660d-9768-47c3-8066-5ee2802e3821 HTTP/1.1" status: 200 len: 1137 time: 0.0325861
