2026-07-02 06:17:50.522 10 WARNING neutron.api.rpc.agentnotifiers.dhcp_rpc_agent_api [None req-789900be-9e49-41df-af4d-6d38e9dbc678 2358fa69e6e84b4aa4267c631074e53e 02d63f4fd5094f0ca79059d5e297ca36 - - default default] Unable to schedule network 5812e406-ceda-4cbd-9313-4c5dd3333006: no agents available; will retry on subsequent port and subnet creation events.
2026-07-02 06:17:50.592 10 INFO neutron.db.ovn_revision_numbers_db [None req-789900be-9e49-41df-af4d-6d38e9dbc678 2358fa69e6e84b4aa4267c631074e53e 02d63f4fd5094f0ca79059d5e297ca36 - - default default] Successfully bumped revision number for resource 5f120bb6-6e7f-431e-be48-92242592a394 (type: ports) to 1
2026-07-02 06:17:50.615 10 INFO neutron.api.wsgi [None req-789900be-9e49-41df-af4d-6d38e9dbc678 2358fa69e6e84b4aa4267c631074e53e 02d63f4fd5094f0ca79059d5e297ca36 - - default default] 10.0.0.211 "POST /v2.0/networks HTTP/1.1" status: 201 len: 1445 time: 1.4165342
2026-07-02 06:17:50.662 10 INFO neutron.api.wsgi [None req-fdd7e423-5d48-457e-8d03-d4cd2bd6459a 68d39b9af74344cc9e2def1f12f3d928 c7ffb0e1be04413f8e27db44da1a1cf4 - - default default] 10.0.0.211 "DELETE /v2.0/ports/3ec3cfb3-4f68-485e-8e82-a656222a58b3 HTTP/1.1" status: 204 len: 168 time: 0.2944338
2026-07-02 06:17:50.668 9 INFO neutron.api.wsgi [None req-8c00fa3d-2769-4be9-a2f9-a3e136722263 2358fa69e6e84b4aa4267c631074e53e 02d63f4fd5094f0ca79059d5e297ca36 - - default default] 10.0.0.211 "GET /v2.0/networks HTTP/1.1" status: 200 len: 2051 time: 0.0475016
2026-07-02 06:17:50.697 10 INFO neutron.api.wsgi [None req-2388bd35-2af0-4b21-9251-994b17415d47 68d39b9af74344cc9e2def1f12f3d928 c7ffb0e1be04413f8e27db44da1a1cf4 - - default default] 10.0.0.211 "GET /v2.0/ports?device_id=b8d44ae2-4952-4642-ae0d-1ad67c8db50d HTTP/1.1" status: 200 len: 1140 time: 0.0309033
2026-07-02 06:17:50.990 9 INFO neutron.services.segments.plugin [-] Segment 58f98b46-75ac-4e93-85f2-9b2bfa0be112 resource provider aggregate not found
2026-07-02 06:17:50.994 9 INFO neutron.services.segments.plugin [-] Segment 58f98b46-75ac-4e93-85f2-9b2bfa0be112 resource provider aggregate not found
2026-07-02 06:17:51.001 9 INFO neutron.services.segments.plugin [-] Segment 58f98b46-75ac-4e93-85f2-9b2bfa0be112 resource provider not found; error: Placement Client Error (4xx): {"errors": [{"status": 404, "title": "Not Found", "detail": "The resource could not be found.\n\n No resource provider with uuid 58f98b46-75ac-4e93-85f2-9b2bfa0be112 found for delete ", "request_id": "req-ceeb1f05-17e1-4b78-ac1c-2622c0725c91"}]}
2026-07-02 06:17:51.009 9 INFO neutron.services.segments.plugin [-] Segment 58f98b46-75ac-4e93-85f2-9b2bfa0be112 resource provider not found; error: Placement Client Error (4xx): {"errors": [{"status": 404, "title": "Not Found", "detail": "The resource could not be found.\n\n No resource provider with uuid 58f98b46-75ac-4e93-85f2-9b2bfa0be112 found for delete ", "request_id": "req-b4d3f5da-7010-406e-88e9-dbf6b8b74dc1"}]}
2026-07-02 06:17:51.023 9 INFO neutron.api.wsgi [None req-6098d7d4-1a6d-4a4b-99b9-6273b0d610a2 2358fa69e6e84b4aa4267c631074e53e 02d63f4fd5094f0ca79059d5e297ca36 - - default default] 10.0.0.211 "DELETE /v2.0/networks/98f3fcaf-4891-438f-84c4-ecabd9a6e0da HTTP/1.1" status: 204 len: 168 time: 0.3507566
2026-07-02 06:17:51.317 10 INFO neutron.api.wsgi [-] 10.0.0.236 "GET / HTTP/1.1" status: 200 len: 247 time: 0.0018098
2026-07-02 06:17:51.319 10 INFO neutron.api.wsgi [-] 10.0.0.236 "GET / HTTP/1.1" status: 200 len: 247 time: 0.0009565
2026-07-02 06:17:51.432 9 INFO neutron.api.wsgi [None req-31db890d-29f6-447e-ad2e-422fd1d416f3 2358fa69e6e84b4aa4267c631074e53e 02d63f4fd5094f0ca79059d5e297ca36 - - default default] 10.0.0.211 "DELETE /v2.0/networks/5812e406-ceda-4cbd-9313-4c5dd3333006 HTTP/1.1" status: 204 len: 168 time: 0.4024858
2026-07-02 06:17:51.489 10 INFO neutron.api.wsgi [None req-dc027b8f-d78b-4dec-bab8-e7b0939abf4a 2358fa69e6e84b4aa4267c631074e53e 02d63f4fd5094f0ca79059d5e297ca36 - - default default] 10.0.0.211 "GET /v2.0/networks HTTP/1.1" status: 200 len: 845 time: 0.0524955
2026-07-02 06:17:51.496 10 WARNING neutron_lib.context [None req-c8c4d810-d8e5-44d1-87b0-8275352ae222 2358fa69e6e84b4aa4267c631074e53e 02d63f4fd5094f0ca79059d5e297ca36 - - default default] Method 'is_advsvc' is deprecated since 2023.2 release (neutron-lib 3.8.0) and will be removed once support for the old RBAC API policies will be removed from Neutron. Please use method 'is_service_role' instead.
2026-07-02 06:17:51.530 9 INFO neutron.api.wsgi [None req-4d0d1406-cd65-4c2b-896e-862f71dbefc8 68d39b9af74344cc9e2def1f12f3d928 c7ffb0e1be04413f8e27db44da1a1cf4 - - default default] 10.0.0.211 "PUT /v2.0/routers/b8d44ae2-4952-4642-ae0d-1ad67c8db50d/remove_router_interface HTTP/1.1" status: 200 len: 503 time: 0.8272359 /var/lib/openstack/lib/python3.12/site-packages/pycadf/identifier.py:71: UserWarning: Invalid uuid: neutron. To ensure interoperability, identifiers should be a valid uuid. warnings.warn(('Invalid uuid: %s. To ensure interoperability, '
2026-07-02 06:17:51.577 10 INFO neutron.db.segments_db [None req-c8c4d810-d8e5-44d1-87b0-8275352ae222 2358fa69e6e84b4aa4267c631074e53e 02d63f4fd5094f0ca79059d5e297ca36 - - default default] Added segment 078205c2-0804-44a8-99a6-1a2cf678a038 of type geneve for network 51933475-2c84-44d1-a61a-698ecb73d2d4
2026-07-02 06:17:51.689 10 INFO neutron.api.wsgi [req-4513fe6f-f710-4248-8e5c-7f20625c53db req-4616af1f-160c-4cc0-a676-3d8cdf437275 deb7a785663a4889a5e6d726701aef2d 35a6b7a627e34620a6d45246fb4090f6 - - default default] 10.0.0.201 "GET /v2.0/security-groups?name=tempest-securitygroup--1397034013&fields=id&tenant_id=35a6b7a627e34620a6d45246fb4090f6 HTTP/1.1" status: 200 len: 267 time: 0.0467725
2026-07-02 06:17:51.694 10 INFO neutron.db.ovn_revision_numbers_db [None req-c8c4d810-d8e5-44d1-87b0-8275352ae222 2358fa69e6e84b4aa4267c631074e53e 02d63f4fd5094f0ca79059d5e297ca36 - - default default] Successfully bumped revision number for resource 51933475-2c84-44d1-a61a-698ecb73d2d4 (type: networks) to 1
2026-07-02 06:17:51.745 10 INFO neutron.api.wsgi [req-4513fe6f-f710-4248-8e5c-7f20625c53db req-5eaa52aa-630c-4fa9-bbd6-c060d3a0a0f6 deb7a785663a4889a5e6d726701aef2d 35a6b7a627e34620a6d45246fb4090f6 - - default default] 10.0.0.201 "GET /v2.0/networks?id=7b30f0d5-ed68-4706-a874-2b1121c14548 HTTP/1.1" status: 200 len: 879 time: 0.0490713
2026-07-02 06:17:51.765 10 INFO neutron.api.wsgi [req-4513fe6f-f710-4248-8e5c-7f20625c53db req-afa0c59e-42f8-4661-95b3-07708f46fed9 deb7a785663a4889a5e6d726701aef2d 35a6b7a627e34620a6d45246fb4090f6 - - default default] 10.0.0.201 "GET /v2.0/quotas/35a6b7a627e34620a6d45246fb4090f6 HTTP/1.1" status: 200 len: 491 time: 0.0131059
2026-07-02 06:17:51.853 10 INFO neutron.api.wsgi [req-4513fe6f-f710-4248-8e5c-7f20625c53db req-2dc4bdc2-e109-4c1b-810e-efb646e33ca2 deb7a785663a4889a5e6d726701aef2d 35a6b7a627e34620a6d45246fb4090f6 - - default default] 10.0.0.201 "GET /v2.0/ports?tenant_id=35a6b7a627e34620a6d45246fb4090f6&fields=id HTTP/1.1" status: 200 len: 302 time: 0.0806236
2026-07-02 06:17:51.879 10 WARNING neutron.scheduler.dhcp_agent_scheduler [None req-c8c4d810-d8e5-44d1-87b0-8275352ae222 2358fa69e6e84b4aa4267c631074e53e 02d63f4fd5094f0ca79059d5e297ca36 - - default default] No more DHCP agents
2026-07-02 06:17:51.881 10 WARNING neutron.api.rpc.agentnotifiers.dhcp_rpc_agent_api [None req-c8c4d810-d8e5-44d1-87b0-8275352ae222 2358fa69e6e84b4aa4267c631074e53e 02d63f4fd5094f0ca79059d5e297ca36 - - default default] Unable to schedule network 51933475-2c84-44d1-a61a-698ecb73d2d4: no agents available; will retry on subsequent port and subnet creation events.
2026-07-02 06:17:51.908 10 INFO neutron.api.wsgi [req-4513fe6f-f710-4248-8e5c-7f20625c53db req-1d5b689b-d8ee-4025-9a70-f0294edead34 987bf3f81c5e436287d411cdb03f728f fb897881291a4803b1f0c8b3be766f50 - - 30437e507504463ea29d431b15a7394d 30437e507504463ea29d431b15a7394d] 10.0.0.201 "GET /v2.0/networks/7b30f0d5-ed68-4706-a874-2b1121c14548?fields=segments HTTP/1.1" status: 200 len: 212 time: 0.0408762
2026-07-02 06:17:51.945 10 INFO neutron.db.ovn_revision_numbers_db [None req-c8c4d810-d8e5-44d1-87b0-8275352ae222 2358fa69e6e84b4aa4267c631074e53e 02d63f4fd5094f0ca79059d5e297ca36 - - default default] Successfully bumped revision number for resource b7eafa63-e7f2-4c5f-ae1d-c8591d279009 (type: ports) to 1
2026-07-02 06:17:51.960 10 INFO neutron.api.wsgi [req-4513fe6f-f710-4248-8e5c-7f20625c53db req-37637b14-9051-4532-a640-c5f3307609c9 987bf3f81c5e436287d411cdb03f728f fb897881291a4803b1f0c8b3be766f50 - - 30437e507504463ea29d431b15a7394d 30437e507504463ea29d431b15a7394d] 10.0.0.201 "GET /v2.0/networks/7b30f0d5-ed68-4706-a874-2b1121c14548?fields=provider%3Aphysical_network&fields=provider%3Anetwork_type HTTP/1.1" status: 200 len: 277 time: 0.0431385
2026-07-02 06:17:51.966 10 INFO neutron.api.wsgi [None req-c8c4d810-d8e5-44d1-87b0-8275352ae222 2358fa69e6e84b4aa4267c631074e53e 02d63f4fd5094f0ca79059d5e297ca36 - - default default] 10.0.0.211 "POST /v2.0/networks HTTP/1.1" status: 201 len: 848 time: 0.4721653
2026-07-02 06:17:51.978 10 WARNING neutron_lib.context [None req-f3defbb3-301d-467a-a50b-2614d8a2de1b 2358fa69e6e84b4aa4267c631074e53e 02d63f4fd5094f0ca79059d5e297ca36 - - default default] Method 'is_advsvc' is deprecated since 2023.2 release (neutron-lib 3.8.0) and will be removed once support for the old RBAC API policies will be removed from Neutron. Please use method 'is_service_role' instead.
2026-07-02 06:17:52.049 10 INFO neutron.db.segments_db [None req-f3defbb3-301d-467a-a50b-2614d8a2de1b 2358fa69e6e84b4aa4267c631074e53e 02d63f4fd5094f0ca79059d5e297ca36 - - default default] Added segment 925860c5-7ee4-4642-ba1c-5bd8ca35724c of type geneve for network b960c81f-fe1e-4490-b887-b5a3b4b6d821
2026-07-02 06:17:52.136 9 INFO neutron.api.wsgi [None req-873133c2-d8c5-4d33-a242-4284267d767b 68d39b9af74344cc9e2def1f12f3d928 c7ffb0e1be04413f8e27db44da1a1cf4 - - default default] 10.0.0.211 "DELETE /v2.0/routers/b8d44ae2-4952-4642-ae0d-1ad67c8db50d HTTP/1.1" status: 204 len: 168 time: 0.6022696
2026-07-02 06:17:52.173 10 INFO neutron.db.ovn_revision_numbers_db [None req-f3defbb3-301d-467a-a50b-2614d8a2de1b 2358fa69e6e84b4aa4267c631074e53e 02d63f4fd5094f0ca79059d5e297ca36 - - default default] Successfully bumped revision number for resource b960c81f-fe1e-4490-b887-b5a3b4b6d821 (type: networks) to 1
2026-07-02 06:17:52.235 10 INFO neutron.api.wsgi [req-a7bc07a4-4465-4d36-a19f-c299f1db002d req-cfe15ded-40d8-4052-90e2-f2f29a21241d deb7a785663a4889a5e6d726701aef2d 35a6b7a627e34620a6d45246fb4090f6 - - default default] 10.0.0.201 "GET /v2.0/ports?device_id=80191274-c6de-4cfb-8e8a-421fe9d6e0bd HTTP/1.1" status: 200 len: 210 time: 0.0272722
2026-07-02 06:17:52.299 9 INFO neutron.api.wsgi [None req-c520a53d-df32-4979-95cd-e1f80de90064 68d39b9af74344cc9e2def1f12f3d928 c7ffb0e1be04413f8e27db44da1a1cf4 - - default default] 10.0.0.211 "DELETE /v2.0/subnets/0c0ea46b-52d7-40b5-b187-c1ec4c5292ed HTTP/1.1" status: 204 len: 168 time: 0.1520953
2026-07-02 06:17:52.393 10 WARNING neutron.scheduler.dhcp_agent_scheduler [None req-f3defbb3-301d-467a-a50b-2614d8a2de1b 2358fa69e6e84b4aa4267c631074e53e 02d63f4fd5094f0ca79059d5e297ca36 - - default default] No more DHCP agents
2026-07-02 06:17:52.395 10 WARNING neutron.api.rpc.agentnotifiers.dhcp_rpc_agent_api [None req-f3defbb3-301d-467a-a50b-2614d8a2de1b 2358fa69e6e84b4aa4267c631074e53e 02d63f4fd5094f0ca79059d5e297ca36 - - default default] Unable to schedule network b960c81f-fe1e-4490-b887-b5a3b4b6d821: no agents available; will retry on subsequent port and subnet creation events.
2026-07-02 06:17:52.464 10 INFO neutron.db.ovn_revision_numbers_db [None req-f3defbb3-301d-467a-a50b-2614d8a2de1b 2358fa69e6e84b4aa4267c631074e53e 02d63f4fd5094f0ca79059d5e297ca36 - - default default] Successfully bumped revision number for resource 656a72d4-a8dc-4955-b5cd-54007e35eee4 (type: ports) to 1
2026-07-02 06:17:52.483 10 INFO neutron.api.wsgi [None req-f3defbb3-301d-467a-a50b-2614d8a2de1b 2358fa69e6e84b4aa4267c631074e53e 02d63f4fd5094f0ca79059d5e297ca36 - - default default] 10.0.0.211 "POST /v2.0/networks HTTP/1.1" status: 201 len: 848 time: 0.5101535
2026-07-02 06:17:52.496 9 WARNING neutron_lib.context [None req-ef5ca2f4-2be5-41c2-b8cb-faaee6cd56bc 2358fa69e6e84b4aa4267c631074e53e 02d63f4fd5094f0ca79059d5e297ca36 - - default default] Method 'is_advsvc' is deprecated since 2023.2 release (neutron-lib 3.8.0) and will be removed once support for the old RBAC API policies will be removed from Neutron. Please use method 'is_service_role' instead.
2026-07-02 06:17:52.524 9 WARNING neutron_lib.context [None req-ef5ca2f4-2be5-41c2-b8cb-faaee6cd56bc 2358fa69e6e84b4aa4267c631074e53e 02d63f4fd5094f0ca79059d5e297ca36 - - default default] Method 'is_advsvc' is deprecated since 2023.2 release (neutron-lib 3.8.0) and will be removed once support for the old RBAC API policies will be removed from Neutron. Please use method 'is_service_role' instead.
2026-07-02 06:17:52.665 9 INFO neutron.api.wsgi [None req-03694b26-be3c-47c1-adde-569efa9ab922 68d39b9af74344cc9e2def1f12f3d928 c7ffb0e1be04413f8e27db44da1a1cf4 - - default default] 10.0.0.211 "DELETE /v2.0/networks/df2de734-a4b7-4422-988b-12129ff8342b HTTP/1.1" status: 204 len: 168 time: 0.3585410
2026-07-02 06:17:52.947 9 WARNING neutron.scheduler.dhcp_agent_scheduler [None req-ef5ca2f4-2be5-41c2-b8cb-faaee6cd56bc 2358fa69e6e84b4aa4267c631074e53e 02d63f4fd5094f0ca79059d5e297ca36 - - default default] No more DHCP agents
2026-07-02 06:17:52.949 9 WARNING neutron.api.rpc.agentnotifiers.dhcp_rpc_agent_api [None req-ef5ca2f4-2be5-41c2-b8cb-faaee6cd56bc 2358fa69e6e84b4aa4267c631074e53e 02d63f4fd5094f0ca79059d5e297ca36 - - default default] Unable to schedule network 51933475-2c84-44d1-a61a-698ecb73d2d4: no agents available; will retry on subsequent port and subnet creation events.
2026-07-02 06:17:53.020 9 INFO neutron.services.segments.plugin [-] Segment e529e504-8617-467d-8bc4-8d8ea0eab842 resource provider aggregate not found
2026-07-02 06:17:53.027 9 INFO neutron.services.segments.plugin [-] Segment e529e504-8617-467d-8bc4-8d8ea0eab842 resource provider aggregate not found
2026-07-02 06:17:53.032 9 INFO neutron.services.segments.plugin [-] Segment e529e504-8617-467d-8bc4-8d8ea0eab842 resource provider not found; error: Placement Client Error (4xx): {"errors": [{"status": 404, "title": "Not Found", "detail": "The resource could not be found.\n\n No resource provider with uuid e529e504-8617-467d-8bc4-8d8ea0eab842 found for delete ", "request_id": "req-62d2c2eb-bb1f-4c12-9ad9-98ec76448442"}]}
2026-07-02 06:17:53.040 9 INFO neutron.services.segments.plugin [-] Segment 4485636e-3c01-49ba-a09d-3c0b213c9d30 resource provider aggregate not found
2026-07-02 06:17:53.043 9 INFO neutron.services.segments.plugin [-] Segment e529e504-8617-467d-8bc4-8d8ea0eab842 resource provider not found; error: Placement Client Error (4xx): {"errors": [{"status": 404, "title": "Not Found", "detail": "The resource could not be found.\n\n No resource provider with uuid e529e504-8617-467d-8bc4-8d8ea0eab842 found for delete ", "request_id": "req-b3424d09-998b-454c-bbbf-2bf00182b4a1"}]}
2026-07-02 06:17:53.045 9 INFO neutron.db.ovn_revision_numbers_db [None req-ef5ca2f4-2be5-41c2-b8cb-faaee6cd56bc 2358fa69e6e84b4aa4267c631074e53e 02d63f4fd5094f0ca79059d5e297ca36 - - default default] Successfully bumped revision number for resource 707540f4-d3b3-42d3-9f72-108e98f3759d (type: ports) to 1
2026-07-02 06:17:53.048 9 INFO neutron.services.segments.plugin [-] Segment 4485636e-3c01-49ba-a09d-3c0b213c9d30 resource provider not found; error: Placement Client Error (4xx): {"errors": [{"status": 404, "title": "Not Found", "detail": "The resource could not be found.\n\n No resource provider with uuid 4485636e-3c01-49ba-a09d-3c0b213c9d30 found for delete ", "request_id": "req-1ec41079-ff75-45df-91b2-86fe40f1264c"}]}
2026-07-02 06:17:53.052 9 INFO neutron.services.segments.plugin [-] Segment 4485636e-3c01-49ba-a09d-3c0b213c9d30 resource provider aggregate not found
2026-07-02 06:17:53.063 9 INFO neutron.services.segments.plugin [-] Segment 4485636e-3c01-49ba-a09d-3c0b213c9d30 resource provider not found; error: Placement Client Error (4xx): {"errors": [{"status": 404, "title": "Not Found", "detail": "The resource could not be found.\n\n No resource provider with uuid 4485636e-3c01-49ba-a09d-3c0b213c9d30 found for delete ", "request_id": "req-e2d8b0ac-b208-4c7f-b391-3a41cb55b805"}]}
2026-07-02 06:17:53.087 9 WARNING neutron.scheduler.dhcp_agent_scheduler [None req-ef5ca2f4-2be5-41c2-b8cb-faaee6cd56bc 2358fa69e6e84b4aa4267c631074e53e 02d63f4fd5094f0ca79059d5e297ca36 - - default default] No more DHCP agents
2026-07-02 06:17:53.088 9 WARNING neutron.api.rpc.agentnotifiers.dhcp_rpc_agent_api [None req-ef5ca2f4-2be5-41c2-b8cb-faaee6cd56bc 2358fa69e6e84b4aa4267c631074e53e 02d63f4fd5094f0ca79059d5e297ca36 - - default default] Unable to schedule network b960c81f-fe1e-4490-b887-b5a3b4b6d821: no agents available; will retry on subsequent port and subnet creation events.
2026-07-02 06:17:53.151 9 INFO neutron.db.ovn_revision_numbers_db [None req-ef5ca2f4-2be5-41c2-b8cb-faaee6cd56bc 2358fa69e6e84b4aa4267c631074e53e 02d63f4fd5094f0ca79059d5e297ca36 - - default default] Successfully bumped revision number for resource e4b04aca-fcbd-46fc-91cf-aa8e447b8101 (type: ports) to 1
2026-07-02 06:17:53.174 9 INFO neutron.api.wsgi [None req-ef5ca2f4-2be5-41c2-b8cb-faaee6cd56bc 2358fa69e6e84b4aa4267c631074e53e 02d63f4fd5094f0ca79059d5e297ca36 - - default default] 10.0.0.211 "POST /v2.0/ports HTTP/1.1" status: 201 len: 1705 time: 0.6849806 /var/lib/openstack/lib/python3.12/site-packages/pycadf/identifier.py:71: UserWarning: Invalid uuid: neutron. To ensure interoperability, identifiers should be a valid uuid. warnings.warn(('Invalid uuid: %s. To ensure interoperability, '
2026-07-02 06:17:53.274 9 INFO neutron.api.wsgi [None req-2932ff23-13a1-4d77-acc2-08031ed44d88 2358fa69e6e84b4aa4267c631074e53e 02d63f4fd5094f0ca79059d5e297ca36 - - default default] 10.0.0.211 "GET /v2.0/ports HTTP/1.1" status: 200 len: 3212 time: 0.0954549
2026-07-02 06:17:53.318 10 INFO neutron.api.wsgi [req-94d7f4af-c9ab-4069-a43c-4ebd52f81d88 req-5baca387-0a54-4a4e-8e2a-cc64013aa88c deb7a785663a4889a5e6d726701aef2d 35a6b7a627e34620a6d45246fb4090f6 - - default default] 10.0.0.201 "GET /v2.0/ports?device_id=80191274-c6de-4cfb-8e8a-421fe9d6e0bd HTTP/1.1" status: 200 len: 210 time: 0.0146596
2026-07-02 06:17:53.394 9 INFO neutron.api.wsgi [None req-c0b94781-6499-4ba4-b397-f0cc5c1a8812 a85b1ab8069f438d96fd4430ba1d0bec a334b46b4150443bbb4824a0369c2f4a - - default default] 10.0.0.211 "GET /v2.0/security-groups?tenant_id=c7ffb0e1be04413f8e27db44da1a1cf4&name=default HTTP/1.1" status: 200 len: 3120 time: 0.2059042
2026-07-02 06:17:53.472 9 INFO neutron.api.wsgi [None req-8536a22e-c5c6-494b-9142-469c7141e0d3 2358fa69e6e84b4aa4267c631074e53e 02d63f4fd5094f0ca79059d5e297ca36 - - default default] 10.0.0.211 "DELETE /v2.0/ports/707540f4-d3b3-42d3-9f72-108e98f3759d HTTP/1.1" status: 204 len: 168 time: 0.1931586
2026-07-02 06:17:53.677 9 INFO neutron.api.wsgi [None req-6a4e69e4-bca9-4c69-a4cc-0a537806767d 2358fa69e6e84b4aa4267c631074e53e 02d63f4fd5094f0ca79059d5e297ca36 - - default default] 10.0.0.211 "DELETE /v2.0/ports/e4b04aca-fcbd-46fc-91cf-aa8e447b8101 HTTP/1.1" status: 204 len: 168 time: 0.1944768
2026-07-02 06:17:53.765 10 INFO neutron.api.wsgi [None req-a31835c4-fcef-4812-b8f6-579053e3f8ed 2358fa69e6e84b4aa4267c631074e53e 02d63f4fd5094f0ca79059d5e297ca36 - - default default] 10.0.0.211 "GET /v2.0/ports HTTP/1.1" status: 200 len: 1718 time: 0.0839324
2026-07-02 06:17:53.780 10 WARNING neutron_lib.context [None req-8dfb7018-f20d-4666-b8d3-d20fbfc8de67 2358fa69e6e84b4aa4267c631074e53e 02d63f4fd5094f0ca79059d5e297ca36 - - default default] Method 'is_advsvc' is deprecated since 2023.2 release (neutron-lib 3.8.0) and will be removed once support for the old RBAC API policies will be removed from Neutron. Please use method 'is_service_role' instead.
2026-07-02 06:17:53.820 10 INFO neutron.api.wsgi [None req-18091e7d-be97-4712-82d5-8b9078ae7519 a85b1ab8069f438d96fd4430ba1d0bec a334b46b4150443bbb4824a0369c2f4a - - default default] 10.0.0.211 "DELETE /v2.0/security-groups/afcda5e8-0cf8-4922-9f4b-e40f59d7fdca HTTP/1.1" status: 204 len: 168 time: 0.4197834
2026-07-02 06:17:53.873 10 INFO neutron.db.segments_db [None req-8dfb7018-f20d-4666-b8d3-d20fbfc8de67 2358fa69e6e84b4aa4267c631074e53e 02d63f4fd5094f0ca79059d5e297ca36 - - default default] Added segment 90e96627-7520-4a5e-a380-1fa137ad7769 of type geneve for network b86de79c-db09-475a-92d4-14f714d686a7
2026-07-02 06:17:53.979 10 INFO neutron.db.ovn_revision_numbers_db [None req-8dfb7018-f20d-4666-b8d3-d20fbfc8de67 2358fa69e6e84b4aa4267c631074e53e 02d63f4fd5094f0ca79059d5e297ca36 - - default default] Successfully bumped revision number for resource b86de79c-db09-475a-92d4-14f714d686a7 (type: networks) to 1
2026-07-02 06:17:54.161 10 WARNING neutron.scheduler.dhcp_agent_scheduler [None req-8dfb7018-f20d-4666-b8d3-d20fbfc8de67 2358fa69e6e84b4aa4267c631074e53e 02d63f4fd5094f0ca79059d5e297ca36 - - default default] No more DHCP agents
2026-07-02 06:17:54.163 10 WARNING neutron.api.rpc.agentnotifiers.dhcp_rpc_agent_api [None req-8dfb7018-f20d-4666-b8d3-d20fbfc8de67 2358fa69e6e84b4aa4267c631074e53e 02d63f4fd5094f0ca79059d5e297ca36 - - default default] Unable to schedule network b86de79c-db09-475a-92d4-14f714d686a7: no agents available; will retry on subsequent port and subnet creation events.
2026-07-02 06:17:54.217 10 INFO neutron.db.ovn_revision_numbers_db [None req-8dfb7018-f20d-4666-b8d3-d20fbfc8de67 2358fa69e6e84b4aa4267c631074e53e 02d63f4fd5094f0ca79059d5e297ca36 - - default default] Successfully bumped revision number for resource e12bc65f-11e1-45f5-b453-97bf364f0c7c (type: ports) to 1
2026-07-02 06:17:54.246 10 INFO neutron.api.wsgi [None req-8dfb7018-f20d-4666-b8d3-d20fbfc8de67 2358fa69e6e84b4aa4267c631074e53e 02d63f4fd5094f0ca79059d5e297ca36 - - default default] 10.0.0.211 "POST /v2.0/networks HTTP/1.1" status: 201 len: 848 time: 0.4731913
2026-07-02 06:17:54.256 10 WARNING neutron_lib.context [None req-52612c7a-819d-495d-9aa3-8f45d212a569 2358fa69e6e84b4aa4267c631074e53e 02d63f4fd5094f0ca79059d5e297ca36 - - default default] Method 'is_advsvc' is deprecated since 2023.2 release (neutron-lib 3.8.0) and will be removed once support for the old RBAC API policies will be removed from Neutron. Please use method 'is_service_role' instead.
2026-07-02 06:17:54.367 10 INFO neutron.db.segments_db [None req-52612c7a-819d-495d-9aa3-8f45d212a569 2358fa69e6e84b4aa4267c631074e53e 02d63f4fd5094f0ca79059d5e297ca36 - - default default] Added segment e51489f8-a20f-41da-a79f-06018475a5dd of type geneve for network 73c5de61-7825-484e-bc1b-ef71559c29a9
2026-07-02 06:17:54.408 10 INFO neutron.api.wsgi [req-7f17b54a-0ea5-4201-b604-f0144d042258 req-1cad584d-7c42-48ea-9fdf-5ab62239b34d deb7a785663a4889a5e6d726701aef2d 35a6b7a627e34620a6d45246fb4090f6 - - default default] 10.0.0.201 "GET /v2.0/ports?device_id=80191274-c6de-4cfb-8e8a-421fe9d6e0bd HTTP/1.1" status: 200 len: 210 time: 0.0205727
2026-07-02 06:17:54.527 10 INFO neutron.db.ovn_revision_numbers_db [None req-52612c7a-819d-495d-9aa3-8f45d212a569 2358fa69e6e84b4aa4267c631074e53e 02d63f4fd5094f0ca79059d5e297ca36 - - default default] Successfully bumped revision number for resource 73c5de61-7825-484e-bc1b-ef71559c29a9 (type: networks) to 1
2026-07-02 06:17:54.739 10 WARNING neutron.scheduler.dhcp_agent_scheduler [None req-52612c7a-819d-495d-9aa3-8f45d212a569 2358fa69e6e84b4aa4267c631074e53e 02d63f4fd5094f0ca79059d5e297ca36 - - default default] No more DHCP agents
2026-07-02 06:17:54.741 10 WARNING neutron.api.rpc.agentnotifiers.dhcp_rpc_agent_api [None req-52612c7a-819d-495d-9aa3-8f45d212a569 2358fa69e6e84b4aa4267c631074e53e 02d63f4fd5094f0ca79059d5e297ca36 - - default default] Unable to schedule network 73c5de61-7825-484e-bc1b-ef71559c29a9: no agents available; will retry on subsequent port and subnet creation events.
2026-07-02 06:17:54.828 10 INFO neutron.db.ovn_revision_numbers_db [None req-52612c7a-819d-495d-9aa3-8f45d212a569 2358fa69e6e84b4aa4267c631074e53e 02d63f4fd5094f0ca79059d5e297ca36 - - default default] Successfully bumped revision number for resource e5a9a413-eebc-4961-a476-b3721d93cf73 (type: ports) to 1
2026-07-02 06:17:54.848 10 INFO neutron.api.wsgi [None req-52612c7a-819d-495d-9aa3-8f45d212a569 2358fa69e6e84b4aa4267c631074e53e 02d63f4fd5094f0ca79059d5e297ca36 - - default default] 10.0.0.211 "POST /v2.0/networks HTTP/1.1" status: 201 len: 848 time: 0.5973890
2026-07-02 06:17:54.884 9 WARNING neutron_lib.context [None req-e1d2f0d5-950f-447a-92f1-011f547a3700 2358fa69e6e84b4aa4267c631074e53e 02d63f4fd5094f0ca79059d5e297ca36 - - default default] Method 'is_advsvc' is deprecated since 2023.2 release (neutron-lib 3.8.0) and will be removed once support for the old RBAC API policies will be removed from Neutron. Please use method 'is_service_role' instead.
2026-07-02 06:17:54.909 9 WARNING neutron_lib.context [None req-e1d2f0d5-950f-447a-92f1-011f547a3700 2358fa69e6e84b4aa4267c631074e53e 02d63f4fd5094f0ca79059d5e297ca36 - - default default] Method 'is_advsvc' is deprecated since 2023.2 release (neutron-lib 3.8.0) and will be removed once support for the old RBAC API policies will be removed from Neutron. Please use method 'is_service_role' instead.
2026-07-02 06:17:55.248 9 WARNING neutron.scheduler.dhcp_agent_scheduler [None req-e1d2f0d5-950f-447a-92f1-011f547a3700 2358fa69e6e84b4aa4267c631074e53e 02d63f4fd5094f0ca79059d5e297ca36 - - default default] No more DHCP agents
2026-07-02 06:17:55.249 9 WARNING neutron.api.rpc.agentnotifiers.dhcp_rpc_agent_api [None req-e1d2f0d5-950f-447a-92f1-011f547a3700 2358fa69e6e84b4aa4267c631074e53e 02d63f4fd5094f0ca79059d5e297ca36 - - default default] Unable to schedule network b86de79c-db09-475a-92d4-14f714d686a7: no agents available; will retry on subsequent port and subnet creation events.
2026-07-02 06:17:55.495 10 INFO neutron.api.wsgi [req-bf6da58d-3b4d-4b66-b562-4a74c8fbbe44 req-87094569-5dc1-4148-97ce-0e363b3c4a23 deb7a785663a4889a5e6d726701aef2d 35a6b7a627e34620a6d45246fb4090f6 - - default default] 10.0.0.201 "GET /v2.0/ports?device_id=80191274-c6de-4cfb-8e8a-421fe9d6e0bd HTTP/1.1" status: 200 len: 210 time: 0.0171127
2026-07-02 06:17:55.651 9 INFO neutron.db.ovn_revision_numbers_db [None req-1ed569fb-5c37-4e62-a37e-b56babe9ddf6 - - - - - -] Successfully bumped revision number for resource e12bc65f-11e1-45f5-b453-97bf364f0c7c (type: ports) to 2
2026-07-02 06:17:55.679 9 INFO neutron.db.ovn_revision_numbers_db [None req-1ed569fb-5c37-4e62-a37e-b56babe9ddf6 - - - - - -] Successfully bumped revision number for resource 64875cc2-dcf1-49c0-9b3c-1fea706acc43 (type: subnets) to 0
2026-07-02 06:17:55.706 9 WARNING neutron.scheduler.dhcp_agent_scheduler [None req-e1d2f0d5-950f-447a-92f1-011f547a3700 2358fa69e6e84b4aa4267c631074e53e 02d63f4fd5094f0ca79059d5e297ca36 - - default default] No more DHCP agents
2026-07-02 06:17:55.707 9 WARNING neutron.api.rpc.agentnotifiers.dhcp_rpc_agent_api [None req-e1d2f0d5-950f-447a-92f1-011f547a3700 2358fa69e6e84b4aa4267c631074e53e 02d63f4fd5094f0ca79059d5e297ca36 - - default default] Unable to schedule network 73c5de61-7825-484e-bc1b-ef71559c29a9: no agents available; will retry on subsequent port and subnet creation events.
2026-07-02 06:17:55.745 10 WARNING neutron_lib.context [None req-e60a9495-4606-40ac-9403-0f7970e74e08 e9f8acd949d8498fa9f1aa12575daff1 3fdcaf5fee7344378c1ec93f452be98d - - default default] Method 'is_advsvc' is deprecated since 2023.2 release (neutron-lib 3.8.0) and will be removed once support for the old RBAC API policies will be removed from Neutron. Please use method 'is_service_role' instead.
2026-07-02 06:17:55.876 10 INFO neutron.db.ovn_revision_numbers_db [None req-e60a9495-4606-40ac-9403-0f7970e74e08 e9f8acd949d8498fa9f1aa12575daff1 3fdcaf5fee7344378c1ec93f452be98d - - default default] Successfully bumped revision number for resource d63df770-05b1-4273-bc91-f2dbdae5485d (type: security_groups) to 1
2026-07-02 06:17:55.888 10 INFO neutron.db.ovn_revision_numbers_db [None req-e60a9495-4606-40ac-9403-0f7970e74e08 e9f8acd949d8498fa9f1aa12575daff1 3fdcaf5fee7344378c1ec93f452be98d - - default default] Successfully bumped revision number for resource 80407c69-6d01-4d52-829e-deefe8a02905 (type: security_group_rules) to 0
2026-07-02 06:17:55.902 10 INFO neutron.db.ovn_revision_numbers_db [None req-e60a9495-4606-40ac-9403-0f7970e74e08 e9f8acd949d8498fa9f1aa12575daff1 3fdcaf5fee7344378c1ec93f452be98d - - default default] Successfully bumped revision number for resource af20feaa-dd69-4bda-866f-83ac59b5e8d1 (type: security_group_rules) to 0
2026-07-02 06:17:55.917 10 INFO neutron.db.ovn_revision_numbers_db [None req-e60a9495-4606-40ac-9403-0f7970e74e08 e9f8acd949d8498fa9f1aa12575daff1 3fdcaf5fee7344378c1ec93f452be98d - - default default] Successfully bumped revision number for resource bd39f2f7-0771-44d8-9ed6-f167e29bded1 (type: security_group_rules) to 0
2026-07-02 06:17:55.946 10 INFO neutron.db.ovn_revision_numbers_db [None req-e60a9495-4606-40ac-9403-0f7970e74e08 e9f8acd949d8498fa9f1aa12575daff1 3fdcaf5fee7344378c1ec93f452be98d - - default default] Successfully bumped revision number for resource cad760b2-d241-4866-87f9-457ad9934252 (type: security_group_rules) to 0
2026-07-02 06:17:55.977 9 WARNING neutron.plugins.ml2.drivers.ovn.mech_driver.ovsdb.ovn_client [None req-0db51804-1134-4c68-b453-9491bdad1b9f - - - - - -] No hosting information found for port 55a1da8e-0b53-4b1c-ba64-0851082480d5: RuntimeError: No hosting information found for port 55a1da8e-0b53-4b1c-ba64-0851082480d5
2026-07-02 06:17:56.004 10 INFO neutron.db.segments_db [None req-e60a9495-4606-40ac-9403-0f7970e74e08 e9f8acd949d8498fa9f1aa12575daff1 3fdcaf5fee7344378c1ec93f452be98d - - default default] Added segment c4e93f9f-b3d6-4efc-b994-9ae01283b50f of type geneve for network e918de66-f6a7-4202-9783-5f2f8d1a9796
2026-07-02 06:17:56.063 9 INFO neutron.db.ovn_revision_numbers_db [None req-0db51804-1134-4c68-b453-9491bdad1b9f - - - - - -] Successfully bumped revision number for resource 55a1da8e-0b53-4b1c-ba64-0851082480d5 (type: router_ports) to 2
2026-07-02 06:17:56.097 10 INFO neutron.db.ovn_revision_numbers_db [None req-e60a9495-4606-40ac-9403-0f7970e74e08 e9f8acd949d8498fa9f1aa12575daff1 3fdcaf5fee7344378c1ec93f452be98d - - default default] Successfully bumped revision number for resource e918de66-f6a7-4202-9783-5f2f8d1a9796 (type: networks) to 1
2026-07-02 06:17:56.249 9 INFO neutron.db.ovn_revision_numbers_db [None req-8a2877bc-dbfb-4334-a8d1-9bdf1548ffdf - - - - - -] Successfully bumped revision number for resource e5a9a413-eebc-4961-a476-b3721d93cf73 (type: ports) to 2
2026-07-02 06:17:56.259 10 WARNING neutron.scheduler.dhcp_agent_scheduler [None req-e60a9495-4606-40ac-9403-0f7970e74e08 e9f8acd949d8498fa9f1aa12575daff1 3fdcaf5fee7344378c1ec93f452be98d - - default default] No more DHCP agents
2026-07-02 06:17:56.261 10 WARNING neutron.api.rpc.agentnotifiers.dhcp_rpc_agent_api [None req-e60a9495-4606-40ac-9403-0f7970e74e08 e9f8acd949d8498fa9f1aa12575daff1 3fdcaf5fee7344378c1ec93f452be98d - - default default] Unable to schedule network e918de66-f6a7-4202-9783-5f2f8d1a9796: no agents available; will retry on subsequent port and subnet creation events.
2026-07-02 06:17:56.294 9 INFO neutron.db.ovn_revision_numbers_db [None req-8a2877bc-dbfb-4334-a8d1-9bdf1548ffdf - - - - - -] Successfully bumped revision number for resource b08c086a-8d0d-416a-8eb2-2b7ba4de705d (type: subnets) to 0
2026-07-02 06:17:56.316 9 INFO neutron.api.wsgi [None req-e1d2f0d5-950f-447a-92f1-011f547a3700 2358fa69e6e84b4aa4267c631074e53e 02d63f4fd5094f0ca79059d5e297ca36 - - default default] 10.0.0.211 "POST /v2.0/subnets HTTP/1.1" status: 201 len: 1473 time: 1.4361346 /var/lib/openstack/lib/python3.12/site-packages/pycadf/identifier.py:71: UserWarning: Invalid uuid: neutron. To ensure interoperability, identifiers should be a valid uuid. warnings.warn(('Invalid uuid: %s. To ensure interoperability, '
2026-07-02 06:17:56.329 10 INFO neutron.db.ovn_revision_numbers_db [None req-e60a9495-4606-40ac-9403-0f7970e74e08 e9f8acd949d8498fa9f1aa12575daff1 3fdcaf5fee7344378c1ec93f452be98d - - default default] Successfully bumped revision number for resource 894a630e-f37a-4a9f-9585-1277479750f0 (type: ports) to 1
2026-07-02 06:17:56.349 9 INFO neutron.api.wsgi [None req-faed8313-854a-43af-91c3-1a6a6c4b5aaf 2358fa69e6e84b4aa4267c631074e53e 02d63f4fd5094f0ca79059d5e297ca36 - - default default] 10.0.0.211 "GET /v2.0/subnets HTTP/1.1" status: 200 len: 2104 time: 0.0278902
2026-07-02 06:17:56.354 10 INFO neutron.api.wsgi [None req-e60a9495-4606-40ac-9403-0f7970e74e08 e9f8acd949d8498fa9f1aa12575daff1 3fdcaf5fee7344378c1ec93f452be98d - - default default] 10.0.0.211 "POST /v2.0/networks HTTP/1.1" status: 201 len: 847 time: 0.7613630
2026-07-02 06:17:56.496 9 INFO neutron.api.wsgi [None req-bd76bb13-5ac3-444a-88d6-137f529a0fcd 2358fa69e6e84b4aa4267c631074e53e 02d63f4fd5094f0ca79059d5e297ca36 - - default default] 10.0.0.211 "DELETE /v2.0/subnets/64875cc2-dcf1-49c0-9b3c-1fea706acc43 HTTP/1.1" status: 204 len: 168 time: 0.1419837
2026-07-02 06:17:56.569 10 INFO neutron.api.wsgi [req-2ee3ad77-4a43-456c-8dce-2f1d8e863dad req-ad12246d-4c2e-4545-bf84-37299e724997 deb7a785663a4889a5e6d726701aef2d 35a6b7a627e34620a6d45246fb4090f6 - - default default] 10.0.0.201 "GET /v2.0/ports?device_id=80191274-c6de-4cfb-8e8a-421fe9d6e0bd HTTP/1.1" status: 200 len: 210 time: 0.0196416
2026-07-02 06:17:56.576 10 INFO neutron.api.wsgi [req-4513fe6f-f710-4248-8e5c-7f20625c53db req-47259a6e-0eec-4551-926c-22ffec65f928 deb7a785663a4889a5e6d726701aef2d 35a6b7a627e34620a6d45246fb4090f6 - - default default] 199.204.45.38 "GET /v2.0/networks?id=7b30f0d5-ed68-4706-a874-2b1121c14548 HTTP/1.1" status: 200 len: 879 time: 0.0545328
2026-07-02 06:17:56.617 10 INFO neutron.api.wsgi [req-4513fe6f-f710-4248-8e5c-7f20625c53db req-561ed7a1-dd57-4b31-ad34-a678f76ebcae deb7a785663a4889a5e6d726701aef2d 35a6b7a627e34620a6d45246fb4090f6 - - default default] 199.204.45.38 "GET /v2.0/security-groups?fields=id&fields=name&tenant_id=35a6b7a627e34620a6d45246fb4090f6 HTTP/1.1" status: 200 len: 380 time: 0.0376918
2026-07-02 06:17:56.627 10 WARNING neutron_lib.context [req-4513fe6f-f710-4248-8e5c-7f20625c53db req-c296e157-7d3a-410b-8c08-bba0b6845fc8 deb7a785663a4889a5e6d726701aef2d 35a6b7a627e34620a6d45246fb4090f6 - - default default] Method 'is_advsvc' is deprecated since 2023.2 release (neutron-lib 3.8.0) and will be removed once support for the old RBAC API policies will be removed from Neutron. Please use method 'is_service_role' instead.
2026-07-02 06:17:56.672 9 INFO neutron.api.wsgi [None req-0f7d8716-29d7-4f6c-87b0-4abc0c10a3a6 2358fa69e6e84b4aa4267c631074e53e 02d63f4fd5094f0ca79059d5e297ca36 - - default default] 10.0.0.211 "DELETE /v2.0/subnets/b08c086a-8d0d-416a-8eb2-2b7ba4de705d HTTP/1.1" status: 204 len: 168 time: 0.1699479
2026-07-02 06:17:56.702 9 INFO neutron.api.wsgi [None req-d78ef398-4b60-46b1-8dfc-97c3c50cadf4 2358fa69e6e84b4aa4267c631074e53e 02d63f4fd5094f0ca79059d5e297ca36 - - default default] 10.0.0.211 "GET /v2.0/subnets HTTP/1.1" status: 200 len: 843 time: 0.0232165 /var/lib/openstack/lib/python3.12/site-packages/pycadf/identifier.py:71: UserWarning: Invalid uuid: neutron. To ensure interoperability, identifiers should be a valid uuid. warnings.warn(('Invalid uuid: %s. To ensure interoperability, '
2026-07-02 06:17:56.835 10 WARNING neutron_lib.context [None req-0cf2ad62-6358-436a-90cc-460425abe931 e9f8acd949d8498fa9f1aa12575daff1 3fdcaf5fee7344378c1ec93f452be98d - - default default] Method 'is_advsvc' is deprecated since 2023.2 release (neutron-lib 3.8.0) and will be removed once support for the old RBAC API policies will be removed from Neutron. Please use method 'is_service_role' instead.
2026-07-02 06:17:56.876 10 WARNING neutron.scheduler.dhcp_agent_scheduler [req-4513fe6f-f710-4248-8e5c-7f20625c53db req-c296e157-7d3a-410b-8c08-bba0b6845fc8 deb7a785663a4889a5e6d726701aef2d 35a6b7a627e34620a6d45246fb4090f6 - - default default] No more DHCP agents
2026-07-02 06:17:56.876 10 WARNING neutron.api.rpc.agentnotifiers.dhcp_rpc_agent_api [req-4513fe6f-f710-4248-8e5c-7f20625c53db req-c296e157-7d3a-410b-8c08-bba0b6845fc8 deb7a785663a4889a5e6d726701aef2d 35a6b7a627e34620a6d45246fb4090f6 - - default default] Unable to schedule network 7b30f0d5-ed68-4706-a874-2b1121c14548: no agents available; will retry on subsequent port and subnet creation events.
2026-07-02 06:17:57.008 9 INFO neutron.services.segments.plugin [-] Segment e51489f8-a20f-41da-a79f-06018475a5dd resource provider aggregate not found
2026-07-02 06:17:57.017 9 INFO neutron.services.segments.plugin [-] Segment e51489f8-a20f-41da-a79f-06018475a5dd resource provider aggregate not found
2026-07-02 06:17:57.021 10 INFO neutron.db.ovn_revision_numbers_db [req-4513fe6f-f710-4248-8e5c-7f20625c53db req-c296e157-7d3a-410b-8c08-bba0b6845fc8 deb7a785663a4889a5e6d726701aef2d 35a6b7a627e34620a6d45246fb4090f6 - - default default] Successfully bumped revision number for resource 02ded4ea-c5a3-4c0d-9d88-f9071bd9f5dd (type: ports) to 1
2026-07-02 06:17:57.025 9 INFO neutron.services.segments.plugin [-] Segment e51489f8-a20f-41da-a79f-06018475a5dd resource provider not found; error: Placement Client Error (4xx): {"errors": [{"status": 404, "title": "Not Found", "detail": "The resource could not be found.\n\n No resource provider with uuid e51489f8-a20f-41da-a79f-06018475a5dd found for delete ", "request_id": "req-ce32ab90-1d19-4e31-b6d6-8b235963e256"}]}
2026-07-02 06:17:57.034 9 INFO neutron.services.segments.plugin [-] Segment e51489f8-a20f-41da-a79f-06018475a5dd resource provider not found; error: Placement Client Error (4xx): {"errors": [{"status": 404, "title": "Not Found", "detail": "The resource could not be found.\n\n No resource provider with uuid e51489f8-a20f-41da-a79f-06018475a5dd found for delete ", "request_id": "req-4a2af45d-181c-4b97-8982-655f1bb97a5c"}]}
2026-07-02 06:17:57.039 9 INFO neutron.api.wsgi [None req-79b64023-b8eb-4d72-8bb6-27b54b160d93 2358fa69e6e84b4aa4267c631074e53e 02d63f4fd5094f0ca79059d5e297ca36 - - default default] 10.0.0.211 "DELETE /v2.0/networks/73c5de61-7825-484e-bc1b-ef71559c29a9 HTTP/1.1" status: 204 len: 168 time: 0.3291366 /var/lib/openstack/lib/python3.12/site-packages/pycadf/identifier.py:71: UserWarning: Invalid uuid: neutron. To ensure interoperability, identifiers should be a valid uuid. warnings.warn(('Invalid uuid: %s. To ensure interoperability, '
2026-07-02 06:17:57.049 10 INFO neutron.api.wsgi [req-4513fe6f-f710-4248-8e5c-7f20625c53db req-c296e157-7d3a-410b-8c08-bba0b6845fc8 deb7a785663a4889a5e6d726701aef2d 35a6b7a627e34620a6d45246fb4090f6 - - default default] 199.204.45.38 "POST /v2.0/ports HTTP/1.1" status: 201 len: 1158 time: 0.4271836
2026-07-02 06:17:57.055 10 WARNING neutron.scheduler.dhcp_agent_scheduler [None req-0cf2ad62-6358-436a-90cc-460425abe931 e9f8acd949d8498fa9f1aa12575daff1 3fdcaf5fee7344378c1ec93f452be98d - - default default] No more DHCP agents
2026-07-02 06:17:57.062 10 WARNING neutron.api.rpc.agentnotifiers.dhcp_rpc_agent_api [None req-0cf2ad62-6358-436a-90cc-460425abe931 e9f8acd949d8498fa9f1aa12575daff1 3fdcaf5fee7344378c1ec93f452be98d - - default default] Unable to schedule network e918de66-f6a7-4202-9783-5f2f8d1a9796: no agents available; will retry on subsequent port and subnet creation events.
2026-07-02 06:17:57.103 10 INFO neutron.db.ovn_revision_numbers_db [None req-0cf2ad62-6358-436a-90cc-460425abe931 e9f8acd949d8498fa9f1aa12575daff1 3fdcaf5fee7344378c1ec93f452be98d - - default default] Successfully bumped revision number for resource 13826df0-d081-4e68-8574-9c6751b03f7f (type: subnets) to 0
2026-07-02 06:17:57.121 10 INFO neutron.api.wsgi [None req-0cf2ad62-6358-436a-90cc-460425abe931 e9f8acd949d8498fa9f1aa12575daff1 3fdcaf5fee7344378c1ec93f452be98d - - default default] 10.0.0.211 "POST /v2.0/subnets HTTP/1.1" status: 201 len: 872 time: 0.2898676
2026-07-02 06:17:57.132 9 WARNING neutron_lib.context [None req-dfef2fee-fe3c-4a35-8ce1-4484b12e2101 e9f8acd949d8498fa9f1aa12575daff1 3fdcaf5fee7344378c1ec93f452be98d - - default default] Method 'is_advsvc' is deprecated since 2023.2 release (neutron-lib 3.8.0) and will be removed once support for the old RBAC API policies will be removed from Neutron. Please use method 'is_service_role' instead.
2026-07-02 06:17:57.221 9 INFO neutron.db.segments_db [None req-dfef2fee-fe3c-4a35-8ce1-4484b12e2101 e9f8acd949d8498fa9f1aa12575daff1 3fdcaf5fee7344378c1ec93f452be98d - - default default] Added segment 29668440-9d15-402d-9da9-888616cf8cc6 of type geneve for network 2112e754-d1be-4f52-9a3c-2d24e1795cd2
2026-07-02 06:17:57.341 9 INFO neutron.db.ovn_revision_numbers_db [None req-dfef2fee-fe3c-4a35-8ce1-4484b12e2101 e9f8acd949d8498fa9f1aa12575daff1 3fdcaf5fee7344378c1ec93f452be98d - - default default] Successfully bumped revision number for resource 2112e754-d1be-4f52-9a3c-2d24e1795cd2 (type: networks) to 1
2026-07-02 06:17:57.405 10 INFO neutron.services.segments.plugin [-] Segment 90e96627-7520-4a5e-a380-1fa137ad7769 resource provider aggregate not found
2026-07-02 06:17:57.408 10 INFO neutron.services.segments.plugin [-] Segment 90e96627-7520-4a5e-a380-1fa137ad7769 resource provider aggregate not found
2026-07-02 06:17:57.421 10 INFO neutron.services.segments.plugin [-] Segment 90e96627-7520-4a5e-a380-1fa137ad7769 resource provider not found; error: Placement Client Error (4xx): {"errors": [{"status": 404, "title": "Not Found", "detail": "The resource could not be found.\n\n No resource provider with uuid 90e96627-7520-4a5e-a380-1fa137ad7769 found for delete ", "request_id": "req-52cb48d1-2c72-4b03-81d0-3702f7335314"}]}
2026-07-02 06:17:57.425 10 INFO neutron.services.segments.plugin [-] Segment 90e96627-7520-4a5e-a380-1fa137ad7769 resource provider not found; error: Placement Client Error (4xx): {"errors": [{"status": 404, "title": "Not Found", "detail": "The resource could not be found.\n\n No resource provider with uuid 90e96627-7520-4a5e-a380-1fa137ad7769 found for delete ", "request_id": "req-93766667-b52c-4fa9-9b1a-df1d1e28d374"}]}
2026-07-02 06:17:57.432 10 INFO neutron.api.wsgi [None req-be3f9f54-a27a-4c54-867b-7eef894c3c42 2358fa69e6e84b4aa4267c631074e53e 02d63f4fd5094f0ca79059d5e297ca36 - - default default] 10.0.0.211 "DELETE /v2.0/networks/b86de79c-db09-475a-92d4-14f714d686a7 HTTP/1.1" status: 204 len: 168 time: 0.3895917 /var/lib/openstack/lib/python3.12/site-packages/pycadf/identifier.py:71: UserWarning: Invalid uuid: neutron. To ensure interoperability, identifiers should be a valid uuid. warnings.warn(('Invalid uuid: %s. To ensure interoperability, '
2026-07-02 06:17:57.449 10 INFO neutron.db.ovn_revision_numbers_db [req-4513fe6f-f710-4248-8e5c-7f20625c53db req-dba01f7a-820e-48d7-9d45-3dc6154ba2ba 987bf3f81c5e436287d411cdb03f728f fb897881291a4803b1f0c8b3be766f50 - - 30437e507504463ea29d431b15a7394d 30437e507504463ea29d431b15a7394d] Successfully bumped revision number for resource 02ded4ea-c5a3-4c0d-9d88-f9071bd9f5dd (type: ports) to 2
2026-07-02 06:17:57.485 9 WARNING neutron.scheduler.dhcp_agent_scheduler [None req-dfef2fee-fe3c-4a35-8ce1-4484b12e2101 e9f8acd949d8498fa9f1aa12575daff1 3fdcaf5fee7344378c1ec93f452be98d - - default default] No more DHCP agents
2026-07-02 06:17:57.486 9 WARNING neutron.api.rpc.agentnotifiers.dhcp_rpc_agent_api [None req-dfef2fee-fe3c-4a35-8ce1-4484b12e2101 e9f8acd949d8498fa9f1aa12575daff1 3fdcaf5fee7344378c1ec93f452be98d - - default default] Unable to schedule network 2112e754-d1be-4f52-9a3c-2d24e1795cd2: no agents available; will retry on subsequent port and subnet creation events.
2026-07-02 06:17:57.558 9 INFO neutron.db.ovn_revision_numbers_db [None req-dfef2fee-fe3c-4a35-8ce1-4484b12e2101 e9f8acd949d8498fa9f1aa12575daff1 3fdcaf5fee7344378c1ec93f452be98d - - default default] Successfully bumped revision number for resource c88ad560-d286-4e67-87c5-966f8237f70b (type: ports) to 1
2026-07-02 06:17:57.579 9 INFO neutron.api.wsgi [None req-dfef2fee-fe3c-4a35-8ce1-4484b12e2101 e9f8acd949d8498fa9f1aa12575daff1 3fdcaf5fee7344378c1ec93f452be98d - - default default] 10.0.0.211 "POST /v2.0/networks HTTP/1.1" status: 201 len: 847 time: 0.4537289 /var/lib/openstack/lib/python3.12/site-packages/pycadf/identifier.py:71: UserWarning: Invalid uuid: neutron. To ensure interoperability, identifiers should be a valid uuid. warnings.warn(('Invalid uuid: %s. To ensure interoperability, '
2026-07-02 06:17:57.684 10 INFO neutron.db.ovn_revision_numbers_db [req-4513fe6f-f710-4248-8e5c-7f20625c53db req-dba01f7a-820e-48d7-9d45-3dc6154ba2ba 987bf3f81c5e436287d411cdb03f728f fb897881291a4803b1f0c8b3be766f50 - - 30437e507504463ea29d431b15a7394d 30437e507504463ea29d431b15a7394d] Successfully bumped revision number for resource 02ded4ea-c5a3-4c0d-9d88-f9071bd9f5dd (type: ports) to 4
2026-07-02 06:17:57.697 10 INFO neutron.api.wsgi [req-41fd7ddd-eb2e-4966-9692-d0dcd83d809f req-0328a00a-3e98-46ce-89ab-5d481fb55d1e deb7a785663a4889a5e6d726701aef2d 35a6b7a627e34620a6d45246fb4090f6 - - default default] 10.0.0.201 "GET /v2.0/ports?device_id=80191274-c6de-4cfb-8e8a-421fe9d6e0bd HTTP/1.1" status: 200 len: 1168 time: 0.0795329
2026-07-02 06:17:57.716 10 INFO neutron.api.wsgi [req-4513fe6f-f710-4248-8e5c-7f20625c53db req-dba01f7a-820e-48d7-9d45-3dc6154ba2ba 987bf3f81c5e436287d411cdb03f728f fb897881291a4803b1f0c8b3be766f50 - - 30437e507504463ea29d431b15a7394d 30437e507504463ea29d431b15a7394d] 199.204.45.38 "PUT /v2.0/ports/02ded4ea-c5a3-4c0d-9d88-f9071bd9f5dd HTTP/1.1" status: 200 len: 1404 time: 0.6613083
2026-07-02 06:17:57.733 9 INFO neutron.db.ovn_revision_numbers_db [None req-592f1947-e22a-43ac-a7fc-b4408ca3ea57 e9f8acd949d8498fa9f1aa12575daff1 3fdcaf5fee7344378c1ec93f452be98d - - default default] Successfully bumped revision number for resource 2112e754-d1be-4f52-9a3c-2d24e1795cd2 (type: networks) to 2
2026-07-02 06:17:57.737 9 INFO neutron.api.wsgi [None req-592f1947-e22a-43ac-a7fc-b4408ca3ea57 e9f8acd949d8498fa9f1aa12575daff1 3fdcaf5fee7344378c1ec93f452be98d - - default default] 10.0.0.211 "PUT /v2.0/networks/2112e754-d1be-4f52-9a3c-2d24e1795cd2 HTTP/1.1" status: 200 len: 792 time: 0.1525455
2026-07-02 06:17:57.745 10 INFO neutron.notifiers.nova [-] Nova event matching ['req-fe877167-882f-4db6-b128-c28d247e6cb7'] response: {'name': 'network-changed', 'server_uuid': '80191274-c6de-4cfb-8e8a-421fe9d6e0bd', 'tag': '02ded4ea-c5a3-4c0d-9d88-f9071bd9f5dd', 'status': 'completed', 'code': 200}
2026-07-02 06:17:57.746 9 WARNING neutron_lib.context [None req-3ee4041c-16a4-4e98-ba35-9677604045b3 e9f8acd949d8498fa9f1aa12575daff1 3fdcaf5fee7344378c1ec93f452be98d - - default default] Method 'is_advsvc' is deprecated since 2023.2 release (neutron-lib 3.8.0) and will be removed once support for the old RBAC API policies will be removed from Neutron. Please use method 'is_service_role' instead.
2026-07-02 06:17:57.747 10 INFO neutron.api.wsgi [req-41fd7ddd-eb2e-4966-9692-d0dcd83d809f req-7379b55f-f305-4114-9cba-4d1125e860e6 deb7a785663a4889a5e6d726701aef2d 35a6b7a627e34620a6d45246fb4090f6 - - default default] 10.0.0.201 "GET /v2.0/security-groups?id=062e6d44-1bf5-4584-8418-1a71b0eee174&fields=id&fields=name HTTP/1.1" status: 200 len: 313 time: 0.0435061
2026-07-02 06:17:57.786 10 INFO neutron.api.wsgi [None req-78ed6940-c135-43c7-8c22-3a146f063d95 2358fa69e6e84b4aa4267c631074e53e 02d63f4fd5094f0ca79059d5e297ca36 - - default default] 10.0.0.211 "DELETE /v2.0/networks/b960c81f-fe1e-4490-b887-b5a3b4b6d821 HTTP/1.1" status: 204 len: 168 time: 0.3507943
2026-07-02 06:17:57.941 9 WARNING neutron.scheduler.dhcp_agent_scheduler [None req-3ee4041c-16a4-4e98-ba35-9677604045b3 e9f8acd949d8498fa9f1aa12575daff1 3fdcaf5fee7344378c1ec93f452be98d - - default default] No more DHCP agents
2026-07-02 06:17:57.943 9 WARNING neutron.api.rpc.agentnotifiers.dhcp_rpc_agent_api [None req-3ee4041c-16a4-4e98-ba35-9677604045b3 e9f8acd949d8498fa9f1aa12575daff1 3fdcaf5fee7344378c1ec93f452be98d - - default default] Unable to schedule network 2112e754-d1be-4f52-9a3c-2d24e1795cd2: no agents available; will retry on subsequent port and subnet creation events.
2026-07-02 06:17:57.970 9 INFO neutron.db.ovn_revision_numbers_db [None req-3ee4041c-16a4-4e98-ba35-9677604045b3 e9f8acd949d8498fa9f1aa12575daff1 3fdcaf5fee7344378c1ec93f452be98d - - default default] Successfully bumped revision number for resource 389890af-7c2d-4dd0-bc3b-f4d9d0332c5e (type: subnets) to 0
2026-07-02 06:17:57.984 9 INFO neutron.api.wsgi [None req-3ee4041c-16a4-4e98-ba35-9677604045b3 e9f8acd949d8498fa9f1aa12575daff1 3fdcaf5fee7344378c1ec93f452be98d - - default default] 10.0.0.211 "POST /v2.0/subnets HTTP/1.1" status: 201 len: 845 time: 0.2424686
2026-07-02 06:17:58.076 10 INFO neutron.api.wsgi [None req-132f59bc-1e99-40e9-9047-5ed19691ed7b 2358fa69e6e84b4aa4267c631074e53e 02d63f4fd5094f0ca79059d5e297ca36 - - default default] 10.0.0.211 "DELETE /v2.0/networks/51933475-2c84-44d1-a61a-698ecb73d2d4 HTTP/1.1" status: 204 len: 168 time: 0.2846017
2026-07-02 06:17:58.287 10 INFO neutron.api.wsgi [req-fa9ca164-5e40-4aa1-a3cd-7485b0a947e9 req-2a33b66b-2566-450d-936b-f14618a9fb1d 987bf3f81c5e436287d411cdb03f728f fb897881291a4803b1f0c8b3be766f50 - - 30437e507504463ea29d431b15a7394d 30437e507504463ea29d431b15a7394d] 199.204.45.38 "GET /v2.0/ports?tenant_id=35a6b7a627e34620a6d45246fb4090f6&device_id=80191274-c6de-4cfb-8e8a-421fe9d6e0bd HTTP/1.1" status: 200 len: 1407 time: 0.0349326
2026-07-02 06:17:58.343 10 INFO neutron.api.wsgi [req-fa9ca164-5e40-4aa1-a3cd-7485b0a947e9 req-5dabfd9d-121f-4e7e-9e85-f3430a24c868 987bf3f81c5e436287d411cdb03f728f fb897881291a4803b1f0c8b3be766f50 - - 30437e507504463ea29d431b15a7394d 30437e507504463ea29d431b15a7394d] 199.204.45.38 "GET /v2.0/networks?tenant_id=35a6b7a627e34620a6d45246fb4090f6&shared=False HTTP/1.1" status: 200 len: 978 time: 0.0514755
