2026-07-02 06:20:27.840 10 INFO neutron.api.wsgi [None req-b887bfed-64f3-4430-a01f-82314a192291 0a5544fd502a4f488dab66f8e44fa196 d8f254380fad4bcba5462e5a849e8f94 - - default default] 10.0.0.211 "PUT /v2.0/floatingips/a98382fc-144d-4855-b0c2-5277f2cdbb25/tags HTTP/1.1" status: 200 len: 227 time: 0.0387082
2026-07-02 06:20:27.875 10 INFO neutron.api.wsgi [None req-f49f0263-7879-4f56-9b7a-3b6977613085 3e847fe9d8d6406cab9f7f23c766dddb 067a5925b0fe49e48288fbd79f29747b - - default default] 10.0.0.211 "GET /v2.0/ports/0af8660d-9768-47c3-8066-5ee2802e3821 HTTP/1.1" status: 200 len: 1137 time: 0.0320666
2026-07-02 06:20:27.888 9 INFO neutron.api.wsgi [None req-58e054ad-fe24-44b2-b02f-93184011f51f 0a5544fd502a4f488dab66f8e44fa196 d8f254380fad4bcba5462e5a849e8f94 - - default default] 10.0.0.211 "PUT /v2.0/floatingips/5fe3f139-6b2a-48e1-ac72-ca7b085a5ce1/tags HTTP/1.1" status: 200 len: 212 time: 0.0418866
2026-07-02 06:20:27.932 9 INFO neutron.api.wsgi [None req-9c6d5645-449c-4ffe-9046-9b9cf9158b0b 0a5544fd502a4f488dab66f8e44fa196 d8f254380fad4bcba5462e5a849e8f94 - - default default] 10.0.0.211 "GET /v2.0/floatingips?tags=red HTTP/1.1" status: 200 len: 1866 time: 0.0382690
2026-07-02 06:20:27.966 9 INFO neutron.db.ovn_revision_numbers_db [None req-0e384a2b-ef81-4ca7-8904-1064dbc24320 - - - - - -] Successfully bumped revision number for resource 0af8660d-9768-47c3-8066-5ee2802e3821 (type: ports) to 2
2026-07-02 06:20:27.976 9 INFO neutron.api.wsgi [None req-42c764ed-804f-4ac7-89cc-9c625f4298ef 0a5544fd502a4f488dab66f8e44fa196 d8f254380fad4bcba5462e5a849e8f94 - - default default] 10.0.0.211 "GET /v2.0/floatingips?tags=red%2Cblue HTTP/1.1" status: 200 len: 1323 time: 0.0397022
2026-07-02 06:20:28.022 10 INFO neutron.api.wsgi [None req-bb835707-f705-4bfe-8ce1-357c0def1829 0a5544fd502a4f488dab66f8e44fa196 d8f254380fad4bcba5462e5a849e8f94 - - default default] 10.0.0.211 "GET /v2.0/floatingips?tags-any=blue HTTP/1.1" status: 200 len: 1323 time: 0.0403113
2026-07-02 06:20:28.049 10 INFO neutron.api.wsgi [None req-a4d7dc3a-0a30-4038-81b8-3f19bae903ee 0a5544fd502a4f488dab66f8e44fa196 d8f254380fad4bcba5462e5a849e8f94 - - default default] 10.0.0.211 "GET /v2.0/floatingips?tags-any=red%2Cblue HTTP/1.1" status: 200 len: 1866 time: 0.0224242
2026-07-02 06:20:28.090 10 INFO neutron.api.wsgi [None req-a629a8f7-194e-4d88-a563-ab67f2a6397f 0a5544fd502a4f488dab66f8e44fa196 d8f254380fad4bcba5462e5a849e8f94 - - default default] 10.0.0.211 "GET /v2.0/floatingips?not-tags=red HTTP/1.1" status: 200 len: 1295 time: 0.0348856
2026-07-02 06:20:28.140 10 INFO neutron.api.wsgi [None req-584c0747-f92d-455b-955d-a54da24e183a 0a5544fd502a4f488dab66f8e44fa196 d8f254380fad4bcba5462e5a849e8f94 - - default default] 10.0.0.211 "GET /v2.0/floatingips?not-tags=red%2Cblue HTTP/1.1" status: 200 len: 1838 time: 0.0458107
2026-07-02 06:20:28.194 9 INFO neutron.api.wsgi [None req-d82b5f41-63f8-4451-b420-2797cb3c52b1 0a5544fd502a4f488dab66f8e44fa196 d8f254380fad4bcba5462e5a849e8f94 - - default default] 10.0.0.211 "GET /v2.0/floatingips?not-tags-any=blue HTTP/1.1" status: 200 len: 1838 time: 0.0484030
2026-07-02 06:20:28.230 9 INFO neutron.api.wsgi [None req-6eeb5910-fd9b-41ca-b7da-2df1e321cf24 0a5544fd502a4f488dab66f8e44fa196 d8f254380fad4bcba5462e5a849e8f94 - - default default] 10.0.0.211 "GET /v2.0/floatingips?not-tags-any=red%2Cblue HTTP/1.1" status: 200 len: 1295 time: 0.0311723
2026-07-02 06:20:28.517 10 INFO neutron.api.wsgi [None req-f5c2bc64-9e06-4f7d-aa96-7d5c5995d024 3e847fe9d8d6406cab9f7f23c766dddb 067a5925b0fe49e48288fbd79f29747b - - default default] 10.0.0.211 "PUT /v2.0/routers/334fc163-9b8f-4a70-ad5b-93279e90856a/remove_router_interface HTTP/1.1" status: 200 len: 503 time: 0.6375747 /var/lib/openstack/lib/python3.12/site-packages/pycadf/identifier.py:71: UserWarning: Invalid uuid: neutron. To ensure interoperability, identifiers should be a valid uuid. warnings.warn(('Invalid uuid: %s. To ensure interoperability, '
2026-07-02 06:20:28.549 9 INFO neutron.api.wsgi [None req-9efe26ce-1ae4-4c28-96c9-d081df46436d 0a5544fd502a4f488dab66f8e44fa196 d8f254380fad4bcba5462e5a849e8f94 - - default default] 10.0.0.211 "DELETE /v2.0/floatingips/ca161b90-ac72-4192-bb87-8a17f2160571 HTTP/1.1" status: 204 len: 168 time: 0.3096828
2026-07-02 06:20:28.553 10 INFO neutron.api.wsgi [None req-5e003297-1f2b-4212-933b-0055b0364832 3e847fe9d8d6406cab9f7f23c766dddb 067a5925b0fe49e48288fbd79f29747b - - default default] 10.0.0.211 "GET /v2.0/ports/99df6aec-cfc3-49ba-83ca-d7c182266b65 HTTP/1.1" status: 200 len: 1137 time: 0.0311239
2026-07-02 06:20:28.792 10 INFO neutron.api.wsgi [None req-e3116ee9-d5ac-48f3-a27b-d2af5e1618ef 0a5544fd502a4f488dab66f8e44fa196 d8f254380fad4bcba5462e5a849e8f94 - - default default] 10.0.0.211 "DELETE /v2.0/floatingips/71ec63e6-f096-461f-a2c5-cdcdd39812c3 HTTP/1.1" status: 204 len: 168 time: 0.2381639
2026-07-02 06:20:29.152 9 INFO neutron.api.wsgi [None req-093608a8-cd7e-4653-b9bb-ba6f05cb5a81 3e847fe9d8d6406cab9f7f23c766dddb 067a5925b0fe49e48288fbd79f29747b - - default default] 10.0.0.211 "PUT /v2.0/routers/334fc163-9b8f-4a70-ad5b-93279e90856a/remove_router_interface HTTP/1.1" status: 200 len: 503 time: 0.5941710
2026-07-02 06:20:29.167 9 INFO neutron.api.wsgi [None req-07b9f917-2884-447b-91f6-857341998f59 0a5544fd502a4f488dab66f8e44fa196 d8f254380fad4bcba5462e5a849e8f94 - - default default] 10.0.0.211 "DELETE /v2.0/floatingips/a98382fc-144d-4855-b0c2-5277f2cdbb25 HTTP/1.1" status: 204 len: 168 time: 0.3706412
2026-07-02 06:20:29.174 10 INFO neutron.api.wsgi [None req-c830393b-29ac-42a3-bd7c-f83b89455cdd 3e847fe9d8d6406cab9f7f23c766dddb 067a5925b0fe49e48288fbd79f29747b - - default default] 10.0.0.211 "GET /v2.0/ports?device_id=334fc163-9b8f-4a70-ad5b-93279e90856a HTTP/1.1" status: 200 len: 205 time: 0.0167472 /var/lib/openstack/lib/python3.12/site-packages/pycadf/identifier.py:71: UserWarning: Invalid uuid: neutron. To ensure interoperability, identifiers should be a valid uuid. warnings.warn(('Invalid uuid: %s. To ensure interoperability, '
2026-07-02 06:20:29.369 10 INFO neutron.api.wsgi [None req-7da5cf26-9fbc-4df6-a2f5-b18a0fadd561 3e847fe9d8d6406cab9f7f23c766dddb 067a5925b0fe49e48288fbd79f29747b - - default default] 10.0.0.211 "DELETE /v2.0/routers/334fc163-9b8f-4a70-ad5b-93279e90856a HTTP/1.1" status: 204 len: 168 time: 0.1897991
2026-07-02 06:20:29.500 9 INFO neutron.api.wsgi [None req-fce5d44a-987c-468f-baed-ba41f877370f 0a5544fd502a4f488dab66f8e44fa196 d8f254380fad4bcba5462e5a849e8f94 - - default default] 10.0.0.211 "DELETE /v2.0/floatingips/5fe3f139-6b2a-48e1-ac72-ca7b085a5ce1 HTTP/1.1" status: 204 len: 168 time: 0.3267961
2026-07-02 06:20:29.548 10 INFO neutron.api.wsgi [None req-35e4fb95-9f64-456b-a499-77d958ba71af 3e847fe9d8d6406cab9f7f23c766dddb 067a5925b0fe49e48288fbd79f29747b - - default default] 10.0.0.211 "DELETE /v2.0/subnets/98d3e3df-c9bb-4ad3-9c44-8d5b72256b3f HTTP/1.1" status: 204 len: 168 time: 0.1733193
2026-07-02 06:20:29.717 10 INFO neutron.api.wsgi [None req-f12f67e1-18e1-4bfe-9d55-e7052a923cf8 3e847fe9d8d6406cab9f7f23c766dddb 067a5925b0fe49e48288fbd79f29747b - - default default] 10.0.0.211 "DELETE /v2.0/subnets/8ea60258-707a-4ef7-ab7e-9d8c0df0b272 HTTP/1.1" status: 204 len: 168 time: 0.1645050
2026-07-02 06:20:29.768 9 INFO neutron.api.wsgi [None req-6b99945f-8321-4ef1-be20-aa708bdc94c1 0a5544fd502a4f488dab66f8e44fa196 d8f254380fad4bcba5462e5a849e8f94 - - default default] 10.0.0.211 "DELETE /v2.0/floatingips/7d95d38a-cd79-44ba-ba86-5dfdee9791ba HTTP/1.1" status: 204 len: 168 time: 0.2615414
2026-07-02 06:20:29.992 10 INFO neutron.services.segments.plugin [-] Segment af3fe00f-75fa-40ed-b83e-cbad8ebdd4d8 resource provider aggregate not found
2026-07-02 06:20:30.000 10 INFO neutron.services.segments.plugin [-] Segment af3fe00f-75fa-40ed-b83e-cbad8ebdd4d8 resource provider aggregate not found
2026-07-02 06:20:30.005 10 INFO neutron.services.segments.plugin [-] Segment af3fe00f-75fa-40ed-b83e-cbad8ebdd4d8 resource provider not found; error: Placement Client Error (4xx): {"errors": [{"status": 404, "title": "Not Found", "detail": "The resource could not be found.\n\n No resource provider with uuid af3fe00f-75fa-40ed-b83e-cbad8ebdd4d8 found for delete ", "request_id": "req-677d6272-b9a8-47dc-93f9-40a395793acb"}]}
2026-07-02 06:20:30.013 10 INFO neutron.services.segments.plugin [-] Segment af3fe00f-75fa-40ed-b83e-cbad8ebdd4d8 resource provider not found; error: Placement Client Error (4xx): {"errors": [{"status": 404, "title": "Not Found", "detail": "The resource could not be found.\n\n No resource provider with uuid af3fe00f-75fa-40ed-b83e-cbad8ebdd4d8 found for delete ", "request_id": "req-ad7ae1ee-f218-4d2a-b0e2-b55054a41347"}]}
2026-07-02 06:20:30.025 10 INFO neutron.api.wsgi [None req-787b7834-501b-4ef6-a6d5-1113b25622b6 3e847fe9d8d6406cab9f7f23c766dddb 067a5925b0fe49e48288fbd79f29747b - - default default] 10.0.0.211 "DELETE /v2.0/networks/f694c6f7-34b6-463f-8dc3-e8dd97ea4b14 HTTP/1.1" status: 204 len: 168 time: 0.3027031
2026-07-02 06:20:30.347 10 INFO neutron.api.wsgi [None req-bc42eedd-0ed5-493b-83e0-1917d7467a98 3e847fe9d8d6406cab9f7f23c766dddb 067a5925b0fe49e48288fbd79f29747b - - default default] 10.0.0.211 "DELETE /v2.0/networks/3b4c3af4-3ac1-44fb-8e99-c069df855005 HTTP/1.1" status: 204 len: 168 time: 0.3174639
2026-07-02 06:20:30.357 10 WARNING neutron_lib.context [None req-bb9cbb75-ed93-444c-af69-e196b440be35 3e847fe9d8d6406cab9f7f23c766dddb 067a5925b0fe49e48288fbd79f29747b - - default default] Method 'is_advsvc' is deprecated since 2023.2 release (neutron-lib 3.8.0) and will be removed once support for the old RBAC API policies will be removed from Neutron. Please use method 'is_service_role' instead.
2026-07-02 06:20:30.441 10 INFO neutron.db.segments_db [None req-bb9cbb75-ed93-444c-af69-e196b440be35 3e847fe9d8d6406cab9f7f23c766dddb 067a5925b0fe49e48288fbd79f29747b - - default default] Added segment 5bdf5665-9038-42f6-8dd6-ca21123fe6c4 of type geneve for network 7e4932b7-c67f-471c-9c7e-3e7d0cd48511
2026-07-02 06:20:30.547 10 INFO neutron.db.ovn_revision_numbers_db [None req-bb9cbb75-ed93-444c-af69-e196b440be35 3e847fe9d8d6406cab9f7f23c766dddb 067a5925b0fe49e48288fbd79f29747b - - default default] Successfully bumped revision number for resource 7e4932b7-c67f-471c-9c7e-3e7d0cd48511 (type: networks) to 1
2026-07-02 06:20:30.690 10 WARNING neutron.scheduler.dhcp_agent_scheduler [None req-bb9cbb75-ed93-444c-af69-e196b440be35 3e847fe9d8d6406cab9f7f23c766dddb 067a5925b0fe49e48288fbd79f29747b - - default default] No more DHCP agents
2026-07-02 06:20:30.691 10 WARNING neutron.api.rpc.agentnotifiers.dhcp_rpc_agent_api [None req-bb9cbb75-ed93-444c-af69-e196b440be35 3e847fe9d8d6406cab9f7f23c766dddb 067a5925b0fe49e48288fbd79f29747b - - default default] Unable to schedule network 7e4932b7-c67f-471c-9c7e-3e7d0cd48511: no agents available; will retry on subsequent port and subnet creation events.
2026-07-02 06:20:30.755 10 INFO neutron.db.ovn_revision_numbers_db [None req-bb9cbb75-ed93-444c-af69-e196b440be35 3e847fe9d8d6406cab9f7f23c766dddb 067a5925b0fe49e48288fbd79f29747b - - default default] Successfully bumped revision number for resource c5ca1673-cf61-4817-bfab-cb50cd31592f (type: ports) to 1
2026-07-02 06:20:30.783 10 INFO neutron.api.wsgi [None req-bb9cbb75-ed93-444c-af69-e196b440be35 3e847fe9d8d6406cab9f7f23c766dddb 067a5925b0fe49e48288fbd79f29747b - - default default] 10.0.0.211 "POST /v2.0/networks HTTP/1.1" status: 201 len: 829 time: 0.4292440
2026-07-02 06:20:30.791 9 WARNING neutron_lib.context [None req-c0eb9300-8740-4f7a-98cc-6a26e8640fb4 3e847fe9d8d6406cab9f7f23c766dddb 067a5925b0fe49e48288fbd79f29747b - - default default] Method 'is_advsvc' is deprecated since 2023.2 release (neutron-lib 3.8.0) and will be removed once support for the old RBAC API policies will be removed from Neutron. Please use method 'is_service_role' instead.
2026-07-02 06:20:30.797 9 INFO neutron.db.ovn_revision_numbers_db [None req-f7ec7582-b7ea-49c2-86fa-5d056ec8e34f a85b1ab8069f438d96fd4430ba1d0bec a334b46b4150443bbb4824a0369c2f4a - - default default] Successfully bumped revision number for resource b0f05018-bff0-4567-8b06-b413dc7cd0b2 (type: security_groups) to 1
2026-07-02 06:20:30.814 9 INFO neutron.db.ovn_revision_numbers_db [None req-f7ec7582-b7ea-49c2-86fa-5d056ec8e34f a85b1ab8069f438d96fd4430ba1d0bec a334b46b4150443bbb4824a0369c2f4a - - default default] Successfully bumped revision number for resource 5444bddf-969d-4565-812b-e224b70a6491 (type: security_group_rules) to 0
2026-07-02 06:20:30.826 9 INFO neutron.db.ovn_revision_numbers_db [None req-f7ec7582-b7ea-49c2-86fa-5d056ec8e34f a85b1ab8069f438d96fd4430ba1d0bec a334b46b4150443bbb4824a0369c2f4a - - default default] Successfully bumped revision number for resource 6607295f-caa3-43ed-b9c2-651b242e26cb (type: security_group_rules) to 0
2026-07-02 06:20:30.848 9 INFO neutron.db.ovn_revision_numbers_db [None req-f7ec7582-b7ea-49c2-86fa-5d056ec8e34f a85b1ab8069f438d96fd4430ba1d0bec a334b46b4150443bbb4824a0369c2f4a - - default default] Successfully bumped revision number for resource 9737702b-7a31-4023-90c3-1387f260c6c8 (type: security_group_rules) to 0
2026-07-02 06:20:30.868 9 INFO neutron.db.ovn_revision_numbers_db [None req-f7ec7582-b7ea-49c2-86fa-5d056ec8e34f a85b1ab8069f438d96fd4430ba1d0bec a334b46b4150443bbb4824a0369c2f4a - - default default] Successfully bumped revision number for resource bfe72a3d-804f-4c4d-8b94-547d66045cf6 (type: security_group_rules) to 0
2026-07-02 06:20:30.906 9 INFO neutron.api.wsgi [None req-f7ec7582-b7ea-49c2-86fa-5d056ec8e34f a85b1ab8069f438d96fd4430ba1d0bec a334b46b4150443bbb4824a0369c2f4a - - default default] 10.0.0.211 "GET /v2.0/security-groups?tenant_id=962a1637f37d4d1bbebd4d70b502a486&name=default HTTP/1.1" status: 200 len: 3120 time: 0.3797092
2026-07-02 06:20:31.029 9 WARNING neutron.scheduler.dhcp_agent_scheduler [None req-c0eb9300-8740-4f7a-98cc-6a26e8640fb4 3e847fe9d8d6406cab9f7f23c766dddb 067a5925b0fe49e48288fbd79f29747b - - default default] No more DHCP agents
2026-07-02 06:20:31.030 9 WARNING neutron.api.rpc.agentnotifiers.dhcp_rpc_agent_api [None req-c0eb9300-8740-4f7a-98cc-6a26e8640fb4 3e847fe9d8d6406cab9f7f23c766dddb 067a5925b0fe49e48288fbd79f29747b - - default default] Unable to schedule network 7e4932b7-c67f-471c-9c7e-3e7d0cd48511: no agents available; will retry on subsequent port and subnet creation events.
2026-07-02 06:20:31.106 10 INFO neutron.api.wsgi [None req-761c2981-1397-4acd-ba98-c583cc85f2dc a85b1ab8069f438d96fd4430ba1d0bec a334b46b4150443bbb4824a0369c2f4a - - default default] 10.0.0.211 "DELETE /v2.0/security-groups/b0f05018-bff0-4567-8b06-b413dc7cd0b2 HTTP/1.1" status: 204 len: 168 time: 0.1945140
2026-07-02 06:20:31.324 10 INFO neutron.db.ovn_revision_numbers_db [None req-4e8216d6-8a78-424a-8f94-9789623eaac1 a85b1ab8069f438d96fd4430ba1d0bec a334b46b4150443bbb4824a0369c2f4a - - default default] Successfully bumped revision number for resource c6014e5e-df40-4548-9ca7-4be891da77a7 (type: security_groups) to 1
2026-07-02 06:20:31.341 10 INFO neutron.db.ovn_revision_numbers_db [None req-4e8216d6-8a78-424a-8f94-9789623eaac1 a85b1ab8069f438d96fd4430ba1d0bec a334b46b4150443bbb4824a0369c2f4a - - default default] Successfully bumped revision number for resource 45149d90-86bb-427d-aa9e-3b7565574e47 (type: security_group_rules) to 0
2026-07-02 06:20:31.356 10 INFO neutron.db.ovn_revision_numbers_db [None req-4e8216d6-8a78-424a-8f94-9789623eaac1 a85b1ab8069f438d96fd4430ba1d0bec a334b46b4150443bbb4824a0369c2f4a - - default default] Successfully bumped revision number for resource 7a4747d4-aa69-4a16-84f1-c119558bb4a1 (type: security_group_rules) to 0
2026-07-02 06:20:31.367 10 INFO neutron.db.ovn_revision_numbers_db [None req-4e8216d6-8a78-424a-8f94-9789623eaac1 a85b1ab8069f438d96fd4430ba1d0bec a334b46b4150443bbb4824a0369c2f4a - - default default] Successfully bumped revision number for resource 9bcaf4ff-3db2-4c52-8b38-f171043a3a02 (type: security_group_rules) to 0
2026-07-02 06:20:31.381 10 INFO neutron.db.ovn_revision_numbers_db [None req-4e8216d6-8a78-424a-8f94-9789623eaac1 a85b1ab8069f438d96fd4430ba1d0bec a334b46b4150443bbb4824a0369c2f4a - - default default] Successfully bumped revision number for resource ecd59d44-3504-4b7f-a309-840d7a52288d (type: security_group_rules) to 0
2026-07-02 06:20:31.416 10 INFO neutron.api.wsgi [None req-4e8216d6-8a78-424a-8f94-9789623eaac1 a85b1ab8069f438d96fd4430ba1d0bec a334b46b4150443bbb4824a0369c2f4a - - default default] 10.0.0.211 "GET /v2.0/security-groups?tenant_id=d8f254380fad4bcba5462e5a849e8f94&name=default HTTP/1.1" status: 200 len: 3120 time: 0.2184377
2026-07-02 06:20:31.479 9 INFO neutron.db.ovn_revision_numbers_db [None req-cf6fc296-db6b-4c22-8e13-209d5af3bca2 - - - - - -] Successfully bumped revision number for resource c5ca1673-cf61-4817-bfab-cb50cd31592f (type: ports) to 2
2026-07-02 06:20:31.510 9 INFO neutron.db.ovn_revision_numbers_db [None req-cf6fc296-db6b-4c22-8e13-209d5af3bca2 - - - - - -] Successfully bumped revision number for resource 216b0089-e81b-4f91-9b03-2d281d8da17c (type: subnets) to 0
2026-07-02 06:20:31.527 9 INFO neutron.api.wsgi [None req-c0eb9300-8740-4f7a-98cc-6a26e8640fb4 3e847fe9d8d6406cab9f7f23c766dddb 067a5925b0fe49e48288fbd79f29747b - - default default] 10.0.0.211 "POST /v2.0/subnets HTTP/1.1" status: 201 len: 825 time: 0.7400756
2026-07-02 06:20:31.537 10 WARNING neutron_lib.context [None req-6be96e89-8e49-42d9-8d3d-fafe53869d11 3e847fe9d8d6406cab9f7f23c766dddb 067a5925b0fe49e48288fbd79f29747b - - default default] Method 'is_advsvc' is deprecated since 2023.2 release (neutron-lib 3.8.0) and will be removed once support for the old RBAC API policies will be removed from Neutron. Please use method 'is_service_role' instead.
2026-07-02 06:20:31.635 10 INFO neutron.db.ovn_revision_numbers_db [None req-6be96e89-8e49-42d9-8d3d-fafe53869d11 3e847fe9d8d6406cab9f7f23c766dddb 067a5925b0fe49e48288fbd79f29747b - - default default] Successfully bumped revision number for resource ea131a9a-e8da-4b99-9f1f-b864703851f9 (type: routers) to 1
2026-07-02 06:20:31.647 10 INFO neutron.api.wsgi [None req-6be96e89-8e49-42d9-8d3d-fafe53869d11 3e847fe9d8d6406cab9f7f23c766dddb 067a5925b0fe49e48288fbd79f29747b - - default default] 10.0.0.211 "POST /v2.0/routers HTTP/1.1" status: 201 len: 802 time: 0.1146007
2026-07-02 06:20:31.650 10 INFO neutron.api.wsgi [None req-685f5749-5e75-4630-96d5-0358b21db3d2 a85b1ab8069f438d96fd4430ba1d0bec a334b46b4150443bbb4824a0369c2f4a - - default default] 10.0.0.211 "DELETE /v2.0/security-groups/c6014e5e-df40-4548-9ca7-4be891da77a7 HTTP/1.1" status: 204 len: 168 time: 0.2303412
2026-07-02 06:20:31.656 10 WARNING neutron_lib.context [None req-ea395e79-abd0-4d52-ac08-6692845aacf8 3e847fe9d8d6406cab9f7f23c766dddb 067a5925b0fe49e48288fbd79f29747b - - default default] Method 'is_advsvc' is deprecated since 2023.2 release (neutron-lib 3.8.0) and will be removed once support for the old RBAC API policies will be removed from Neutron. Please use method 'is_service_role' instead.
2026-07-02 06:20:31.895 9 INFO neutron.db.ovn_revision_numbers_db [None req-9aa21564-0bbd-4e0f-b88c-a536f0f0780b a85b1ab8069f438d96fd4430ba1d0bec a334b46b4150443bbb4824a0369c2f4a - - default default] Successfully bumped revision number for resource 163de35c-319e-4d13-8f23-93b12e2d1c2e (type: security_groups) to 1
2026-07-02 06:20:31.907 9 INFO neutron.db.ovn_revision_numbers_db [None req-9aa21564-0bbd-4e0f-b88c-a536f0f0780b a85b1ab8069f438d96fd4430ba1d0bec a334b46b4150443bbb4824a0369c2f4a - - default default] Successfully bumped revision number for resource 00eb064a-ddda-41db-b965-3018597b7230 (type: security_group_rules) to 0
2026-07-02 06:20:31.919 9 INFO neutron.db.ovn_revision_numbers_db [None req-9aa21564-0bbd-4e0f-b88c-a536f0f0780b a85b1ab8069f438d96fd4430ba1d0bec a334b46b4150443bbb4824a0369c2f4a - - default default] Successfully bumped revision number for resource 613dc740-7c03-4431-9cfa-92bdadf5ee84 (type: security_group_rules) to 0
2026-07-02 06:20:31.932 9 INFO neutron.db.ovn_revision_numbers_db [None req-9aa21564-0bbd-4e0f-b88c-a536f0f0780b a85b1ab8069f438d96fd4430ba1d0bec a334b46b4150443bbb4824a0369c2f4a - - default default] Successfully bumped revision number for resource 89b67788-8915-4683-ab4e-58299e15d289 (type: security_group_rules) to 0
2026-07-02 06:20:31.945 9 INFO neutron.db.ovn_revision_numbers_db [None req-9aa21564-0bbd-4e0f-b88c-a536f0f0780b a85b1ab8069f438d96fd4430ba1d0bec a334b46b4150443bbb4824a0369c2f4a - - default default] Successfully bumped revision number for resource b06c596c-315b-4ecd-9157-66443980648a (type: security_group_rules) to 0
2026-07-02 06:20:31.980 9 INFO neutron.api.wsgi [None req-9aa21564-0bbd-4e0f-b88c-a536f0f0780b a85b1ab8069f438d96fd4430ba1d0bec a334b46b4150443bbb4824a0369c2f4a - - default default] 10.0.0.211 "GET /v2.0/security-groups?tenant_id=4d4a9fd35e0e455fbe5987c9ee72684d&name=default HTTP/1.1" status: 200 len: 3120 time: 0.1963482
2026-07-02 06:20:32.151 10 INFO neutron.services.segments.plugin [-] Segment beb15e0b-6f27-4644-8bc2-6afcd8fae110 resource provider aggregate not found
2026-07-02 06:20:32.154 10 INFO neutron.services.segments.plugin [-] Segment beb15e0b-6f27-4644-8bc2-6afcd8fae110 resource provider aggregate not found
2026-07-02 06:20:32.171 10 INFO neutron.services.segments.plugin [-] Segment beb15e0b-6f27-4644-8bc2-6afcd8fae110 resource provider not found; error: Placement Client Error (4xx): {"errors": [{"status": 404, "title": "Not Found", "detail": "The resource could not be found.\n\n No resource provider with uuid beb15e0b-6f27-4644-8bc2-6afcd8fae110 found for delete ", "request_id": "req-b323018d-2e11-4e1e-b218-7177c7c13e56"}]}
2026-07-02 06:20:32.173 10 INFO neutron.services.segments.plugin [-] Segment beb15e0b-6f27-4644-8bc2-6afcd8fae110 resource provider not found; error: Placement Client Error (4xx): {"errors": [{"status": 404, "title": "Not Found", "detail": "The resource could not be found.\n\n No resource provider with uuid beb15e0b-6f27-4644-8bc2-6afcd8fae110 found for delete ", "request_id": "req-3d5b0fee-9d99-45e9-83f4-92478c6d1870"}]}
2026-07-02 06:20:32.190 10 WARNING neutron.scheduler.dhcp_agent_scheduler [None req-ea395e79-abd0-4d52-ac08-6692845aacf8 3e847fe9d8d6406cab9f7f23c766dddb 067a5925b0fe49e48288fbd79f29747b - - default default] No more DHCP agents
2026-07-02 06:20:32.191 10 WARNING neutron.api.rpc.agentnotifiers.dhcp_rpc_agent_api [None req-ea395e79-abd0-4d52-ac08-6692845aacf8 3e847fe9d8d6406cab9f7f23c766dddb 067a5925b0fe49e48288fbd79f29747b - - default default] Unable to schedule network 7e4932b7-c67f-471c-9c7e-3e7d0cd48511: no agents available; will retry on subsequent port and subnet creation events.
2026-07-02 06:20:32.216 9 INFO neutron.api.wsgi [None req-b31b9954-bb68-4674-9346-432dc13cb00e a85b1ab8069f438d96fd4430ba1d0bec a334b46b4150443bbb4824a0369c2f4a - - default default] 10.0.0.211 "DELETE /v2.0/security-groups/163de35c-319e-4d13-8f23-93b12e2d1c2e HTTP/1.1" status: 204 len: 168 time: 0.2305152
2026-07-02 06:20:32.323 10 WARNING neutron.plugins.ml2.drivers.ovn.mech_driver.ovsdb.ovn_client [None req-d7adcd7e-261c-4ff3-a10d-a1c6cc901fc1 - - - - - -] No port found with ID 99df6aec-cfc3-49ba-83ca-d7c182266b65: RuntimeError: No port found with ID 99df6aec-cfc3-49ba-83ca-d7c182266b65
2026-07-02 06:20:32.352 10 INFO neutron.db.ovn_revision_numbers_db [None req-ea395e79-abd0-4d52-ac08-6692845aacf8 3e847fe9d8d6406cab9f7f23c766dddb 067a5925b0fe49e48288fbd79f29747b - - default default] Successfully bumped revision number for resource 1afa8912-8804-4786-83f2-f9d9a0c9f23d (type: ports) to 1
2026-07-02 06:20:32.379 10 INFO neutron.api.wsgi [None req-ea395e79-abd0-4d52-ac08-6692845aacf8 3e847fe9d8d6406cab9f7f23c766dddb 067a5925b0fe49e48288fbd79f29747b - - default default] 10.0.0.211 "POST /v2.0/ports HTTP/1.1" status: 201 len: 1151 time: 0.7264185
2026-07-02 06:20:32.687 9 WARNING neutron.plugins.ml2.drivers.ovn.mech_driver.ovsdb.ovn_client [None req-3d13fa2b-658f-4fbd-be65-344a825a03c3 - - - - - -] No port found with ID 0af8660d-9768-47c3-8066-5ee2802e3821: RuntimeError: No port found with ID 0af8660d-9768-47c3-8066-5ee2802e3821
2026-07-02 06:20:32.826 10 INFO neutron.plugins.ml2.drivers.ovn.mech_driver.mech_driver [None req-d7adcd7e-261c-4ff3-a10d-a1c6cc901fc1 - - - - - -] OVN reports status up for port: 1afa8912-8804-4786-83f2-f9d9a0c9f23d
2026-07-02 06:20:32.834 10 INFO neutron.plugins.ml2.plugin [None req-d7adcd7e-261c-4ff3-a10d-a1c6cc901fc1 - - - - - -] Attempt 1 to provision port 1afa8912-8804-4786-83f2-f9d9a0c9f23d
2026-07-02 06:20:32.865 9 INFO neutron.db.ovn_revision_numbers_db [None req-5f3dbfcc-2190-4a03-8ec0-07a2943c6da9 3e847fe9d8d6406cab9f7f23c766dddb 067a5925b0fe49e48288fbd79f29747b - - default default] Successfully bumped revision number for resource 1afa8912-8804-4786-83f2-f9d9a0c9f23d (type: ports) to 2
2026-07-02 06:20:33.130 10 INFO neutron.db.ovn_revision_numbers_db [None req-d7adcd7e-261c-4ff3-a10d-a1c6cc901fc1 - - - - - -] Successfully bumped revision number for resource 1afa8912-8804-4786-83f2-f9d9a0c9f23d (type: ports) to 3
2026-07-02 06:20:33.469 9 INFO neutron.db.ovn_revision_numbers_db [None req-5f3dbfcc-2190-4a03-8ec0-07a2943c6da9 3e847fe9d8d6406cab9f7f23c766dddb 067a5925b0fe49e48288fbd79f29747b - - default default] Successfully bumped revision number for resource 1afa8912-8804-4786-83f2-f9d9a0c9f23d (type: ports) to 3
2026-07-02 06:20:33.518 9 WARNING neutron.scheduler.dhcp_agent_scheduler [None req-5f3dbfcc-2190-4a03-8ec0-07a2943c6da9 3e847fe9d8d6406cab9f7f23c766dddb 067a5925b0fe49e48288fbd79f29747b - - default default] No more DHCP agents
2026-07-02 06:20:33.519 9 WARNING neutron.api.rpc.agentnotifiers.dhcp_rpc_agent_api [None req-5f3dbfcc-2190-4a03-8ec0-07a2943c6da9 3e847fe9d8d6406cab9f7f23c766dddb 067a5925b0fe49e48288fbd79f29747b - - default default] Unable to schedule network 7e4932b7-c67f-471c-9c7e-3e7d0cd48511: no agents available; will retry on subsequent port and subnet creation events.
2026-07-02 06:20:33.693 9 INFO neutron.db.ovn_revision_numbers_db [None req-5f3dbfcc-2190-4a03-8ec0-07a2943c6da9 3e847fe9d8d6406cab9f7f23c766dddb 067a5925b0fe49e48288fbd79f29747b - - default default] Successfully bumped revision number for resource 1afa8912-8804-4786-83f2-f9d9a0c9f23d (type: router_ports) to 3
2026-07-02 06:20:33.698 9 INFO neutron.api.wsgi [None req-5f3dbfcc-2190-4a03-8ec0-07a2943c6da9 3e847fe9d8d6406cab9f7f23c766dddb 067a5925b0fe49e48288fbd79f29747b - - default default] 10.0.0.211 "PUT /v2.0/routers/ea131a9a-e8da-4b99-9f1f-b864703851f9/add_router_interface HTTP/1.1" status: 200 len: 503 time: 1.3124275 /var/lib/openstack/lib/python3.12/site-packages/pycadf/identifier.py:71: UserWarning: Invalid uuid: neutron. To ensure interoperability, identifiers should be a valid uuid. warnings.warn(('Invalid uuid: %s. To ensure interoperability, '
2026-07-02 06:20:33.744 9 INFO neutron.api.wsgi [None req-25a6807c-17af-4c77-9c37-634a3abc4cc3 3e847fe9d8d6406cab9f7f23c766dddb 067a5925b0fe49e48288fbd79f29747b - - default default] 10.0.0.211 "GET /v2.0/ports/1afa8912-8804-4786-83f2-f9d9a0c9f23d HTTP/1.1" status: 200 len: 1209 time: 0.0394719
2026-07-02 06:20:34.489 9 INFO neutron.api.wsgi [None req-93e53e89-d709-4d8c-99a8-1067ec256622 3e847fe9d8d6406cab9f7f23c766dddb 067a5925b0fe49e48288fbd79f29747b - - default default] 10.0.0.211 "PUT /v2.0/routers/ea131a9a-e8da-4b99-9f1f-b864703851f9/remove_router_interface HTTP/1.1" status: 200 len: 503 time: 0.7413244 /var/lib/openstack/lib/python3.12/site-packages/pycadf/identifier.py:71: UserWarning: Invalid uuid: neutron. To ensure interoperability, identifiers should be a valid uuid. warnings.warn(('Invalid uuid: %s. To ensure interoperability, '
2026-07-02 06:20:34.535 9 INFO neutron.api.v2.resource [None req-62e1632a-1d4f-4bcc-abe2-7b4e38e68927 3e847fe9d8d6406cab9f7f23c766dddb 067a5925b0fe49e48288fbd79f29747b - - default default] remove_router_interface failed (client error): The resource could not be found.
2026-07-02 06:20:34.537 9 INFO neutron.api.wsgi [None req-62e1632a-1d4f-4bcc-abe2-7b4e38e68927 3e847fe9d8d6406cab9f7f23c766dddb 067a5925b0fe49e48288fbd79f29747b - - default default] 10.0.0.211 "PUT /v2.0/routers/ea131a9a-e8da-4b99-9f1f-b864703851f9/remove_router_interface HTTP/1.1" status: 404 len: 398 time: 0.0425649
2026-07-02 06:20:34.570 9 INFO neutron.api.wsgi [None req-a45f4e52-8a84-4199-abcc-2f11716dc122 3e847fe9d8d6406cab9f7f23c766dddb 067a5925b0fe49e48288fbd79f29747b - - default default] 10.0.0.211 "GET /v2.0/ports?device_id=ea131a9a-e8da-4b99-9f1f-b864703851f9 HTTP/1.1" status: 200 len: 205 time: 0.0303144
2026-07-02 06:20:34.735 9 INFO neutron.api.wsgi [None req-b18fe322-2c12-41ea-9f95-ab45d70b716a 3e847fe9d8d6406cab9f7f23c766dddb 067a5925b0fe49e48288fbd79f29747b - - default default] 10.0.0.211 "DELETE /v2.0/routers/ea131a9a-e8da-4b99-9f1f-b864703851f9 HTTP/1.1" status: 204 len: 168 time: 0.1594715
2026-07-02 06:20:34.899 9 INFO neutron.api.wsgi [None req-fbd96826-e7ee-4b86-956a-bde091647ca0 3e847fe9d8d6406cab9f7f23c766dddb 067a5925b0fe49e48288fbd79f29747b - - default default] 10.0.0.211 "DELETE /v2.0/subnets/216b0089-e81b-4f91-9b03-2d281d8da17c HTTP/1.1" status: 204 len: 168 time: 0.1589463
2026-07-02 06:20:35.198 9 INFO neutron.services.segments.plugin [-] Segment 5bdf5665-9038-42f6-8dd6-ca21123fe6c4 resource provider aggregate not found
2026-07-02 06:20:35.202 9 INFO neutron.services.segments.plugin [-] Segment 5bdf5665-9038-42f6-8dd6-ca21123fe6c4 resource provider aggregate not found
2026-07-02 06:20:35.214 9 INFO neutron.services.segments.plugin [-] Segment 5bdf5665-9038-42f6-8dd6-ca21123fe6c4 resource provider not found; error: Placement Client Error (4xx): {"errors": [{"status": 404, "title": "Not Found", "detail": "The resource could not be found.\n\n No resource provider with uuid 5bdf5665-9038-42f6-8dd6-ca21123fe6c4 found for delete ", "request_id": "req-8f75a682-57f4-4cab-8fc4-b28929be5148"}]}
2026-07-02 06:20:35.222 9 INFO neutron.services.segments.plugin [-] Segment 5bdf5665-9038-42f6-8dd6-ca21123fe6c4 resource provider not found; error: Placement Client Error (4xx): {"errors": [{"status": 404, "title": "Not Found", "detail": "The resource could not be found.\n\n No resource provider with uuid 5bdf5665-9038-42f6-8dd6-ca21123fe6c4 found for delete ", "request_id": "req-cdb272b6-14ba-40bd-9d0d-2f88ba112e29"}]}
2026-07-02 06:20:35.243 9 INFO neutron.api.wsgi [None req-ec2a6097-e99e-4adc-ab56-4be971e39162 3e847fe9d8d6406cab9f7f23c766dddb 067a5925b0fe49e48288fbd79f29747b - - default default] 10.0.0.211 "DELETE /v2.0/networks/7e4932b7-c67f-471c-9c7e-3e7d0cd48511 HTTP/1.1" status: 204 len: 168 time: 0.3385460
2026-07-02 06:20:35.255 9 WARNING neutron_lib.context [None req-ddf9cb53-99d5-43ba-b466-20899242e6c5 3e847fe9d8d6406cab9f7f23c766dddb 067a5925b0fe49e48288fbd79f29747b - - default default] Method 'is_advsvc' is deprecated since 2023.2 release (neutron-lib 3.8.0) and will be removed once support for the old RBAC API policies will be removed from Neutron. Please use method 'is_service_role' instead.
2026-07-02 06:20:35.354 9 INFO neutron.db.segments_db [None req-ddf9cb53-99d5-43ba-b466-20899242e6c5 3e847fe9d8d6406cab9f7f23c766dddb 067a5925b0fe49e48288fbd79f29747b - - default default] Added segment f3e86ac4-4529-44f8-afd5-a72efaa1d1a1 of type geneve for network ed2245fb-eb1d-4557-bc27-01ebe320afb5
2026-07-02 06:20:35.459 9 INFO neutron.db.ovn_revision_numbers_db [None req-ddf9cb53-99d5-43ba-b466-20899242e6c5 3e847fe9d8d6406cab9f7f23c766dddb 067a5925b0fe49e48288fbd79f29747b - - default default] Successfully bumped revision number for resource ed2245fb-eb1d-4557-bc27-01ebe320afb5 (type: networks) to 1
2026-07-02 06:20:35.600 9 WARNING neutron.scheduler.dhcp_agent_scheduler [None req-ddf9cb53-99d5-43ba-b466-20899242e6c5 3e847fe9d8d6406cab9f7f23c766dddb 067a5925b0fe49e48288fbd79f29747b - - default default] No more DHCP agents
2026-07-02 06:20:35.601 9 WARNING neutron.api.rpc.agentnotifiers.dhcp_rpc_agent_api [None req-ddf9cb53-99d5-43ba-b466-20899242e6c5 3e847fe9d8d6406cab9f7f23c766dddb 067a5925b0fe49e48288fbd79f29747b - - default default] Unable to schedule network ed2245fb-eb1d-4557-bc27-01ebe320afb5: no agents available; will retry on subsequent port and subnet creation events.
2026-07-02 06:20:35.659 9 INFO neutron.db.ovn_revision_numbers_db [None req-ddf9cb53-99d5-43ba-b466-20899242e6c5 3e847fe9d8d6406cab9f7f23c766dddb 067a5925b0fe49e48288fbd79f29747b - - default default] Successfully bumped revision number for resource 7ef1757b-5f07-4d19-b954-af514013d0f1 (type: ports) to 1
2026-07-02 06:20:35.677 9 INFO neutron.api.wsgi [None req-ddf9cb53-99d5-43ba-b466-20899242e6c5 3e847fe9d8d6406cab9f7f23c766dddb 067a5925b0fe49e48288fbd79f29747b - - default default] 10.0.0.211 "POST /v2.0/networks HTTP/1.1" status: 201 len: 829 time: 0.4272053
2026-07-02 06:20:35.686 9 WARNING neutron_lib.context [None req-bde68015-3b00-4d1a-95c3-79cbfd88cee4 3e847fe9d8d6406cab9f7f23c766dddb 067a5925b0fe49e48288fbd79f29747b - - default default] Method 'is_advsvc' is deprecated since 2023.2 release (neutron-lib 3.8.0) and will be removed once support for the old RBAC API policies will be removed from Neutron. Please use method 'is_service_role' instead.
2026-07-02 06:20:35.840 9 WARNING neutron.scheduler.dhcp_agent_scheduler [None req-bde68015-3b00-4d1a-95c3-79cbfd88cee4 3e847fe9d8d6406cab9f7f23c766dddb 067a5925b0fe49e48288fbd79f29747b - - default default] No more DHCP agents
2026-07-02 06:20:35.841 9 WARNING neutron.api.rpc.agentnotifiers.dhcp_rpc_agent_api [None req-bde68015-3b00-4d1a-95c3-79cbfd88cee4 3e847fe9d8d6406cab9f7f23c766dddb 067a5925b0fe49e48288fbd79f29747b - - default default] Unable to schedule network ed2245fb-eb1d-4557-bc27-01ebe320afb5: no agents available; will retry on subsequent port and subnet creation events.
2026-07-02 06:20:36.256 9 INFO neutron.db.ovn_revision_numbers_db [None req-d5381e14-659f-4857-a396-2b8532bc6877 - - - - - -] Successfully bumped revision number for resource 7ef1757b-5f07-4d19-b954-af514013d0f1 (type: ports) to 2 /var/lib/openstack/lib/python3.12/site-packages/pycadf/identifier.py:71: UserWarning: Invalid uuid: neutron. To ensure interoperability, identifiers should be a valid uuid. warnings.warn(('Invalid uuid: %s. To ensure interoperability, '
2026-07-02 06:20:36.275 10 WARNING neutron_lib.context [None req-ced0c1f4-a427-40c1-918d-7b059e36455b 9f1edfbeb6c340ac926ba2c676816109 b265bdd668de4522a1f680f2338dcc67 - - default default] Method 'is_advsvc' is deprecated since 2023.2 release (neutron-lib 3.8.0) and will be removed once support for the old RBAC API policies will be removed from Neutron. Please use method 'is_service_role' instead.
2026-07-02 06:20:36.295 9 INFO neutron.db.ovn_revision_numbers_db [None req-d5381e14-659f-4857-a396-2b8532bc6877 - - - - - -] Successfully bumped revision number for resource 617750ee-1c92-489f-98d0-8f82c22e2596 (type: subnets) to 0
2026-07-02 06:20:36.310 9 INFO neutron.api.wsgi [None req-bde68015-3b00-4d1a-95c3-79cbfd88cee4 3e847fe9d8d6406cab9f7f23c766dddb 067a5925b0fe49e48288fbd79f29747b - - default default] 10.0.0.211 "POST /v2.0/subnets HTTP/1.1" status: 201 len: 825 time: 0.6269610
2026-07-02 06:20:36.318 9 WARNING neutron_lib.context [None req-85b49ed1-6280-4364-8143-b86f7ca0aff1 3e847fe9d8d6406cab9f7f23c766dddb 067a5925b0fe49e48288fbd79f29747b - - default default] Method 'is_advsvc' is deprecated since 2023.2 release (neutron-lib 3.8.0) and will be removed once support for the old RBAC API policies will be removed from Neutron. Please use method 'is_service_role' instead.
2026-07-02 06:20:36.322 10 INFO neutron.api.wsgi [-] 10.0.0.236 "GET / HTTP/1.1" status: 200 len: 247 time: 0.0032115
2026-07-02 06:20:36.324 10 INFO neutron.api.wsgi [-] 10.0.0.236 "GET / HTTP/1.1" status: 200 len: 247 time: 0.0014019
2026-07-02 06:20:36.409 10 INFO neutron.db.ovn_revision_numbers_db [None req-ced0c1f4-a427-40c1-918d-7b059e36455b 9f1edfbeb6c340ac926ba2c676816109 b265bdd668de4522a1f680f2338dcc67 - - default default] Successfully bumped revision number for resource aa75a539-94c8-442f-b3de-a60954674cc2 (type: security_groups) to 1
2026-07-02 06:20:36.421 10 INFO neutron.db.ovn_revision_numbers_db [None req-ced0c1f4-a427-40c1-918d-7b059e36455b 9f1edfbeb6c340ac926ba2c676816109 b265bdd668de4522a1f680f2338dcc67 - - default default] Successfully bumped revision number for resource 1a9b2f69-7595-42bc-99af-6b878d5e2239 (type: security_group_rules) to 0
2026-07-02 06:20:36.433 10 INFO neutron.db.ovn_revision_numbers_db [None req-ced0c1f4-a427-40c1-918d-7b059e36455b 9f1edfbeb6c340ac926ba2c676816109 b265bdd668de4522a1f680f2338dcc67 - - default default] Successfully bumped revision number for resource 556888f3-35f0-4f93-a7ab-d76cc8b08ab5 (type: security_group_rules) to 0
2026-07-02 06:20:36.435 9 INFO neutron.db.ovn_revision_numbers_db [None req-85b49ed1-6280-4364-8143-b86f7ca0aff1 3e847fe9d8d6406cab9f7f23c766dddb 067a5925b0fe49e48288fbd79f29747b - - default default] Successfully bumped revision number for resource a97475ee-3f07-425b-be4e-53f396f01274 (type: routers) to 1
2026-07-02 06:20:36.444 10 INFO neutron.db.ovn_revision_numbers_db [None req-ced0c1f4-a427-40c1-918d-7b059e36455b 9f1edfbeb6c340ac926ba2c676816109 b265bdd668de4522a1f680f2338dcc67 - - default default] Successfully bumped revision number for resource 5c46f7a8-2ed7-4bc6-9ae0-06b290696982 (type: security_group_rules) to 0
2026-07-02 06:20:36.448 9 INFO neutron.api.wsgi [None req-85b49ed1-6280-4364-8143-b86f7ca0aff1 3e847fe9d8d6406cab9f7f23c766dddb 067a5925b0fe49e48288fbd79f29747b - - default default] 10.0.0.211 "POST /v2.0/routers HTTP/1.1" status: 201 len: 802 time: 0.1344121
2026-07-02 06:20:36.458 10 INFO neutron.db.ovn_revision_numbers_db [None req-ced0c1f4-a427-40c1-918d-7b059e36455b 9f1edfbeb6c340ac926ba2c676816109 b265bdd668de4522a1f680f2338dcc67 - - default default] Successfully bumped revision number for resource e0bf296d-fbb3-4d26-a93c-04175bca2e15 (type: security_group_rules) to 0
2026-07-02 06:20:36.546 10 INFO neutron.db.segments_db [None req-ced0c1f4-a427-40c1-918d-7b059e36455b 9f1edfbeb6c340ac926ba2c676816109 b265bdd668de4522a1f680f2338dcc67 - - default default] Added segment 2148c4e2-3c2d-403d-891f-88919d50b54b of type geneve for network e5a43621-5382-4de8-951d-c72272d56fdf
2026-07-02 06:20:36.677 10 INFO neutron.db.ovn_revision_numbers_db [None req-ced0c1f4-a427-40c1-918d-7b059e36455b 9f1edfbeb6c340ac926ba2c676816109 b265bdd668de4522a1f680f2338dcc67 - - default default] Successfully bumped revision number for resource e5a43621-5382-4de8-951d-c72272d56fdf (type: networks) to 1
2026-07-02 06:20:36.799 10 WARNING neutron.scheduler.dhcp_agent_scheduler [None req-1712870d-9f2f-4fa8-ae59-af02f04de720 3e847fe9d8d6406cab9f7f23c766dddb 067a5925b0fe49e48288fbd79f29747b - - default default] No more DHCP agents
2026-07-02 06:20:36.800 10 WARNING neutron.api.rpc.agentnotifiers.dhcp_rpc_agent_api [None req-1712870d-9f2f-4fa8-ae59-af02f04de720 3e847fe9d8d6406cab9f7f23c766dddb 067a5925b0fe49e48288fbd79f29747b - - default default] Unable to schedule network ed2245fb-eb1d-4557-bc27-01ebe320afb5: no agents available; will retry on subsequent port and subnet creation events.
2026-07-02 06:20:36.844 10 WARNING neutron.scheduler.dhcp_agent_scheduler [None req-ced0c1f4-a427-40c1-918d-7b059e36455b 9f1edfbeb6c340ac926ba2c676816109 b265bdd668de4522a1f680f2338dcc67 - - default default] No more DHCP agents
2026-07-02 06:20:36.846 10 WARNING neutron.api.rpc.agentnotifiers.dhcp_rpc_agent_api [None req-ced0c1f4-a427-40c1-918d-7b059e36455b 9f1edfbeb6c340ac926ba2c676816109 b265bdd668de4522a1f680f2338dcc67 - - default default] Unable to schedule network e5a43621-5382-4de8-951d-c72272d56fdf: no agents available; will retry on subsequent port and subnet creation events.
2026-07-02 06:20:36.916 10 INFO neutron.db.ovn_revision_numbers_db [None req-ced0c1f4-a427-40c1-918d-7b059e36455b 9f1edfbeb6c340ac926ba2c676816109 b265bdd668de4522a1f680f2338dcc67 - - default default] Successfully bumped revision number for resource 84a4d298-e0cf-4bc6-8d74-e8bfad7dbd9d (type: ports) to 1
2026-07-02 06:20:36.931 10 INFO neutron.db.ovn_revision_numbers_db [None req-1712870d-9f2f-4fa8-ae59-af02f04de720 3e847fe9d8d6406cab9f7f23c766dddb 067a5925b0fe49e48288fbd79f29747b - - default default] Successfully bumped revision number for resource 33228674-e072-48e4-9fd3-c04b511e7005 (type: ports) to 1
2026-07-02 06:20:36.935 10 INFO neutron.api.wsgi [None req-ced0c1f4-a427-40c1-918d-7b059e36455b 9f1edfbeb6c340ac926ba2c676816109 b265bdd668de4522a1f680f2338dcc67 - - default default] 10.0.0.211 "POST /v2.0/networks HTTP/1.1" status: 201 len: 830 time: 0.8168273
2026-07-02 06:20:36.949 9 WARNING neutron_lib.context [None req-5eb1882a-2307-40d8-9e83-3640a5be4c08 9f1edfbeb6c340ac926ba2c676816109 b265bdd668de4522a1f680f2338dcc67 - - default default] Method 'is_advsvc' is deprecated since 2023.2 release (neutron-lib 3.8.0) and will be removed once support for the old RBAC API policies will be removed from Neutron. Please use method 'is_service_role' instead.
2026-07-02 06:20:37.030 9 INFO neutron.db.segments_db [None req-5eb1882a-2307-40d8-9e83-3640a5be4c08 9f1edfbeb6c340ac926ba2c676816109 b265bdd668de4522a1f680f2338dcc67 - - default default] Added segment 0a8ef705-8831-4e27-9fcc-18c13f57b322 of type geneve for network e55a2e1d-9a56-4968-8575-07aa0a28deb9
2026-07-02 06:20:37.131 9 INFO neutron.db.ovn_revision_numbers_db [None req-5eb1882a-2307-40d8-9e83-3640a5be4c08 9f1edfbeb6c340ac926ba2c676816109 b265bdd668de4522a1f680f2338dcc67 - - default default] Successfully bumped revision number for resource e55a2e1d-9a56-4968-8575-07aa0a28deb9 (type: networks) to 1
2026-07-02 06:20:37.321 9 WARNING neutron.scheduler.dhcp_agent_scheduler [None req-5eb1882a-2307-40d8-9e83-3640a5be4c08 9f1edfbeb6c340ac926ba2c676816109 b265bdd668de4522a1f680f2338dcc67 - - default default] No more DHCP agents
2026-07-02 06:20:37.322 9 WARNING neutron.api.rpc.agentnotifiers.dhcp_rpc_agent_api [None req-5eb1882a-2307-40d8-9e83-3640a5be4c08 9f1edfbeb6c340ac926ba2c676816109 b265bdd668de4522a1f680f2338dcc67 - - default default] Unable to schedule network e55a2e1d-9a56-4968-8575-07aa0a28deb9: no agents available; will retry on subsequent port and subnet creation events.
2026-07-02 06:20:37.371 9 INFO neutron.plugins.ml2.drivers.ovn.mech_driver.mech_driver [None req-3d13fa2b-658f-4fbd-be65-344a825a03c3 - - - - - -] OVN reports status up for port: 33228674-e072-48e4-9fd3-c04b511e7005
2026-07-02 06:20:37.380 9 INFO neutron.plugins.ml2.plugin [None req-3d13fa2b-658f-4fbd-be65-344a825a03c3 - - - - - -] Attempt 1 to provision port 33228674-e072-48e4-9fd3-c04b511e7005
2026-07-02 06:20:37.386 9 INFO neutron.db.ovn_revision_numbers_db [None req-5eb1882a-2307-40d8-9e83-3640a5be4c08 9f1edfbeb6c340ac926ba2c676816109 b265bdd668de4522a1f680f2338dcc67 - - default default] Successfully bumped revision number for resource 1863e9be-fe7f-412e-aa7d-f6e56bff0f5c (type: ports) to 1
2026-07-02 06:20:37.391 10 INFO neutron.db.ovn_revision_numbers_db [None req-1712870d-9f2f-4fa8-ae59-af02f04de720 3e847fe9d8d6406cab9f7f23c766dddb 067a5925b0fe49e48288fbd79f29747b - - default default] Successfully bumped revision number for resource 33228674-e072-48e4-9fd3-c04b511e7005 (type: ports) to 1
2026-07-02 06:20:37.408 9 INFO neutron.api.wsgi [None req-5eb1882a-2307-40d8-9e83-3640a5be4c08 9f1edfbeb6c340ac926ba2c676816109 b265bdd668de4522a1f680f2338dcc67 - - default default] 10.0.0.211 "POST /v2.0/networks HTTP/1.1" status: 201 len: 831 time: 0.4675431
2026-07-02 06:20:37.418 10 WARNING neutron_lib.context [None req-f909ea3e-f511-4904-8d89-c1252eabe501 9f1edfbeb6c340ac926ba2c676816109 b265bdd668de4522a1f680f2338dcc67 - - default default] Method 'is_advsvc' is deprecated since 2023.2 release (neutron-lib 3.8.0) and will be removed once support for the old RBAC API policies will be removed from Neutron. Please use method 'is_service_role' instead.
2026-07-02 06:20:37.450 10 WARNING neutron.scheduler.dhcp_agent_scheduler [None req-1712870d-9f2f-4fa8-ae59-af02f04de720 3e847fe9d8d6406cab9f7f23c766dddb 067a5925b0fe49e48288fbd79f29747b - - default default] No more DHCP agents
2026-07-02 06:20:37.451 10 WARNING neutron.api.rpc.agentnotifiers.dhcp_rpc_agent_api [None req-1712870d-9f2f-4fa8-ae59-af02f04de720 3e847fe9d8d6406cab9f7f23c766dddb 067a5925b0fe49e48288fbd79f29747b - - default default] Unable to schedule network ed2245fb-eb1d-4557-bc27-01ebe320afb5: no agents available; will retry on subsequent port and subnet creation events.
2026-07-02 06:20:37.507 10 WARNING neutron.plugins.ml2.drivers.ovn.mech_driver.ovsdb.ovn_client [None req-d13bfd17-9347-4c22-970c-1603af8c2fa0 - - - - - -] No port found with ID 1afa8912-8804-4786-83f2-f9d9a0c9f23d: RuntimeError: No port found with ID 1afa8912-8804-4786-83f2-f9d9a0c9f23d
2026-07-02 06:20:37.511 10 INFO neutron.db.segments_db [None req-f909ea3e-f511-4904-8d89-c1252eabe501 9f1edfbeb6c340ac926ba2c676816109 b265bdd668de4522a1f680f2338dcc67 - - default default] Added segment dbcf62f4-1217-446b-baae-008eec3bdc45 of type geneve for network c5316ac1-9e5c-4fab-bdbe-2f05cba20992
2026-07-02 06:20:37.647 10 INFO neutron.db.ovn_revision_numbers_db [None req-1712870d-9f2f-4fa8-ae59-af02f04de720 3e847fe9d8d6406cab9f7f23c766dddb 067a5925b0fe49e48288fbd79f29747b - - default default] Successfully bumped revision number for resource 33228674-e072-48e4-9fd3-c04b511e7005 (type: router_ports) to 1
2026-07-02 06:20:37.648 10 INFO neutron.db.ovn_revision_numbers_db [None req-f909ea3e-f511-4904-8d89-c1252eabe501 9f1edfbeb6c340ac926ba2c676816109 b265bdd668de4522a1f680f2338dcc67 - - default default] Successfully bumped revision number for resource c5316ac1-9e5c-4fab-bdbe-2f05cba20992 (type: networks) to 1
2026-07-02 06:20:37.653 10 INFO neutron.api.wsgi [None req-1712870d-9f2f-4fa8-ae59-af02f04de720 3e847fe9d8d6406cab9f7f23c766dddb 067a5925b0fe49e48288fbd79f29747b - - default default] 10.0.0.211 "PUT /v2.0/routers/a97475ee-3f07-425b-be4e-53f396f01274/add_router_interface HTTP/1.1" status: 200 len: 503 time: 1.1992080
2026-07-02 06:20:37.696 9 INFO neutron.api.wsgi [None req-1e552ba5-9060-4eb4-9a05-6b5fb358571d 3e847fe9d8d6406cab9f7f23c766dddb 067a5925b0fe49e48288fbd79f29747b - - default default] 10.0.0.211 "GET /v2.0/ports/33228674-e072-48e4-9fd3-c04b511e7005 HTTP/1.1" status: 200 len: 1137 time: 0.0372074
2026-07-02 06:20:37.748 9 INFO neutron.db.ovn_revision_numbers_db [None req-3d13fa2b-658f-4fbd-be65-344a825a03c3 - - - - - -] Successfully bumped revision number for resource 33228674-e072-48e4-9fd3-c04b511e7005 (type: ports) to 2
2026-07-02 06:20:37.778 10 INFO neutron.api.wsgi [None req-2b3532ff-3205-473e-a62e-4485919b8f20 3e847fe9d8d6406cab9f7f23c766dddb 067a5925b0fe49e48288fbd79f29747b - - default default] 10.0.0.211 "GET /v2.0/ports/33228674-e072-48e4-9fd3-c04b511e7005 HTTP/1.1" status: 200 len: 1137 time: 0.0776124
2026-07-02 06:20:37.835 10 WARNING neutron.scheduler.dhcp_agent_scheduler [None req-f909ea3e-f511-4904-8d89-c1252eabe501 9f1edfbeb6c340ac926ba2c676816109 b265bdd668de4522a1f680f2338dcc67 - - default default] No more DHCP agents
2026-07-02 06:20:37.837 10 WARNING neutron.api.rpc.agentnotifiers.dhcp_rpc_agent_api [None req-f909ea3e-f511-4904-8d89-c1252eabe501 9f1edfbeb6c340ac926ba2c676816109 b265bdd668de4522a1f680f2338dcc67 - - default default] Unable to schedule network c5316ac1-9e5c-4fab-bdbe-2f05cba20992: no agents available; will retry on subsequent port and subnet creation events.
2026-07-02 06:20:37.904 10 INFO neutron.db.ovn_revision_numbers_db [None req-f909ea3e-f511-4904-8d89-c1252eabe501 9f1edfbeb6c340ac926ba2c676816109 b265bdd668de4522a1f680f2338dcc67 - - default default] Successfully bumped revision number for resource b18bd328-ea7d-4328-a929-c651c787c73f (type: ports) to 1
2026-07-02 06:20:37.927 10 INFO neutron.api.wsgi [None req-f909ea3e-f511-4904-8d89-c1252eabe501 9f1edfbeb6c340ac926ba2c676816109 b265bdd668de4522a1f680f2338dcc67 - - default default] 10.0.0.211 "POST /v2.0/networks HTTP/1.1" status: 201 len: 830 time: 0.5143881
2026-07-02 06:20:37.942 9 WARNING neutron_lib.context [None req-946fddca-74dd-4728-95f0-5a6aa29cdfb5 9f1edfbeb6c340ac926ba2c676816109 b265bdd668de4522a1f680f2338dcc67 - - default default] Method 'is_advsvc' is deprecated since 2023.2 release (neutron-lib 3.8.0) and will be removed once support for the old RBAC API policies will be removed from Neutron. Please use method 'is_service_role' instead.
2026-07-02 06:20:38.019 9 INFO neutron.db.segments_db [None req-946fddca-74dd-4728-95f0-5a6aa29cdfb5 9f1edfbeb6c340ac926ba2c676816109 b265bdd668de4522a1f680f2338dcc67 - - default default] Added segment 9ac8dce7-2199-409f-b1b3-b2ce6c185b67 of type geneve for network 6121711d-068c-4e0b-878a-1ed608c345f1
2026-07-02 06:20:38.119 9 INFO neutron.db.ovn_revision_numbers_db [None req-946fddca-74dd-4728-95f0-5a6aa29cdfb5 9f1edfbeb6c340ac926ba2c676816109 b265bdd668de4522a1f680f2338dcc67 - - default default] Successfully bumped revision number for resource 6121711d-068c-4e0b-878a-1ed608c345f1 (type: networks) to 1
2026-07-02 06:20:38.333 9 WARNING neutron.scheduler.dhcp_agent_scheduler [None req-946fddca-74dd-4728-95f0-5a6aa29cdfb5 9f1edfbeb6c340ac926ba2c676816109 b265bdd668de4522a1f680f2338dcc67 - - default default] No more DHCP agents
2026-07-02 06:20:38.335 9 WARNING neutron.api.rpc.agentnotifiers.dhcp_rpc_agent_api [None req-946fddca-74dd-4728-95f0-5a6aa29cdfb5 9f1edfbeb6c340ac926ba2c676816109 b265bdd668de4522a1f680f2338dcc67 - - default default] Unable to schedule network 6121711d-068c-4e0b-878a-1ed608c345f1: no agents available; will retry on subsequent port and subnet creation events.
2026-07-02 06:20:38.378 10 INFO neutron.api.wsgi [None req-a1b1d066-4f3b-42b6-af25-6c6ca10073c0 3e847fe9d8d6406cab9f7f23c766dddb 067a5925b0fe49e48288fbd79f29747b - - default default] 10.0.0.211 "PUT /v2.0/routers/a97475ee-3f07-425b-be4e-53f396f01274/remove_router_interface HTTP/1.1" status: 200 len: 503 time: 0.5965636
