2026-07-02 06:18:05.020 9 INFO neutron.api.wsgi [None req-7c111fcd-c482-4ff3-946b-4aba371c9d8f f1e10f8f47204d62b59ac3a75a78d154 b09deb1978a1467aa0f020a833e771ef - - default default] 10.0.0.203 "GET /v2.0/extensions HTTP/1.1" status: 200 len: 19298 time: 0.0047064
2026-07-02 06:18:05.028 9 INFO neutron.db.ovn_revision_numbers_db [None req-0db51804-1134-4c68-b453-9491bdad1b9f - - - - - -] Successfully bumped revision number for resource 02ded4ea-c5a3-4c0d-9d88-f9071bd9f5dd (type: ports) to 5
2026-07-02 06:18:05.163 9 INFO neutron.api.wsgi [None req-3b7ba99a-b676-4c11-830d-55ec7c140642 f1e10f8f47204d62b59ac3a75a78d154 b09deb1978a1467aa0f020a833e771ef - - default default] 10.0.0.203 "GET /v2.0/quotas/b09deb1978a1467aa0f020a833e771ef/details HTTP/1.1" status: 200 len: 1046 time: 0.1314800
2026-07-02 06:18:05.163 9 WARNING neutron.scheduler.dhcp_agent_scheduler [None req-1ab38ba5-1138-4005-b627-44583d736fa9 46b2c469991142edbb9840e874fb713b 999894784f844194bd1de1bb217aa42f - - default default] No more DHCP agents
2026-07-02 06:18:05.164 9 WARNING neutron.api.rpc.agentnotifiers.dhcp_rpc_agent_api [None req-1ab38ba5-1138-4005-b627-44583d736fa9 46b2c469991142edbb9840e874fb713b 999894784f844194bd1de1bb217aa42f - - default default] Unable to schedule network fc44d58a-77ea-4ff7-b8f1-2ece9e1ae6f9: no agents available; will retry on subsequent port and subnet creation events.
2026-07-02 06:18:05.310 10 INFO neutron.plugins.ml2.drivers.ovn.mech_driver.mech_driver [None req-e9f8ceca-e57b-4985-ae9c-1fb94fd04f0b - - - - - -] OVN reports status up for port: 895abaa0-8901-4f6b-bc17-e767e43a870e
2026-07-02 06:18:05.315 10 INFO neutron.plugins.ml2.plugin [None req-e9f8ceca-e57b-4985-ae9c-1fb94fd04f0b - - - - - -] Attempt 1 to provision port 895abaa0-8901-4f6b-bc17-e767e43a870e
2026-07-02 06:18:05.336 10 INFO neutron.db.ovn_revision_numbers_db [None req-e9e2af7d-f5dc-45dc-b11f-4e00e3b88d89 bc0e204bb70e470a9dae6a19661b7708 00987951fb9842a399d5e2112693b171 - - default default] Successfully bumped revision number for resource 895abaa0-8901-4f6b-bc17-e767e43a870e (type: ports) to 1
2026-07-02 06:18:05.403 10 WARNING neutron.scheduler.dhcp_agent_scheduler [None req-e9e2af7d-f5dc-45dc-b11f-4e00e3b88d89 bc0e204bb70e470a9dae6a19661b7708 00987951fb9842a399d5e2112693b171 - - default default] No more DHCP agents
2026-07-02 06:18:05.408 10 WARNING neutron.api.rpc.agentnotifiers.dhcp_rpc_agent_api [None req-e9e2af7d-f5dc-45dc-b11f-4e00e3b88d89 bc0e204bb70e470a9dae6a19661b7708 00987951fb9842a399d5e2112693b171 - - default default] Unable to schedule network 1db5e907-9cd1-47de-875c-e658df1f02dd: no agents available; will retry on subsequent port and subnet creation events.
2026-07-02 06:18:05.583 9 INFO neutron.db.ovn_revision_numbers_db [None req-7438ac8f-9c69-4914-b6c1-f30505aa3586 - - - - - -] Successfully bumped revision number for resource 8da3271b-c96e-4c74-b3ac-de767c3640f7 (type: ports) to 2
2026-07-02 06:18:05.604 9 INFO neutron.db.ovn_revision_numbers_db [None req-7438ac8f-9c69-4914-b6c1-f30505aa3586 - - - - - -] Successfully bumped revision number for resource 45b0965b-61a2-4a44-88e7-b7a1c6b3cbff (type: subnets) to 0
2026-07-02 06:18:05.616 9 INFO neutron.api.wsgi [None req-1ab38ba5-1138-4005-b627-44583d736fa9 46b2c469991142edbb9840e874fb713b 999894784f844194bd1de1bb217aa42f - - default default] 10.0.0.211 "POST /v2.0/subnets HTTP/1.1" status: 201 len: 825 time: 0.7008193 /var/lib/openstack/lib/python3.12/site-packages/pycadf/identifier.py:71: UserWarning: Invalid uuid: neutron. To ensure interoperability, identifiers should be a valid uuid. warnings.warn(('Invalid uuid: %s. To ensure interoperability, '
2026-07-02 06:18:05.625 9 WARNING neutron_lib.context [None req-2e3d974f-4831-40e8-b76a-41e8a045bb72 46b2c469991142edbb9840e874fb713b 999894784f844194bd1de1bb217aa42f - - default default] Method 'is_advsvc' is deprecated since 2023.2 release (neutron-lib 3.8.0) and will be removed once support for the old RBAC API policies will be removed from Neutron. Please use method 'is_service_role' instead.
2026-07-02 06:18:05.662 10 INFO neutron.db.ovn_revision_numbers_db [None req-e9e2af7d-f5dc-45dc-b11f-4e00e3b88d89 bc0e204bb70e470a9dae6a19661b7708 00987951fb9842a399d5e2112693b171 - - default default] Successfully bumped revision number for resource 895abaa0-8901-4f6b-bc17-e767e43a870e (type: router_ports) to 1
2026-07-02 06:18:05.667 10 INFO neutron.api.wsgi [None req-e9e2af7d-f5dc-45dc-b11f-4e00e3b88d89 bc0e204bb70e470a9dae6a19661b7708 00987951fb9842a399d5e2112693b171 - - default default] 10.0.0.211 "PUT /v2.0/routers/52fde22d-a8d3-484d-8026-42806651f321/add_router_interface HTTP/1.1" status: 200 len: 503 time: 1.3627465
2026-07-02 06:18:05.702 10 INFO neutron.api.wsgi [None req-76d3b38a-531c-45d0-8ff4-120e49344956 bc0e204bb70e470a9dae6a19661b7708 00987951fb9842a399d5e2112693b171 - - default default] 10.0.0.211 "GET /v2.0/ports/895abaa0-8901-4f6b-bc17-e767e43a870e HTTP/1.1" status: 200 len: 1141 time: 0.0295696
2026-07-02 06:18:05.709 10 INFO neutron.db.ovn_revision_numbers_db [None req-e9f8ceca-e57b-4985-ae9c-1fb94fd04f0b - - - - - -] Successfully bumped revision number for resource 895abaa0-8901-4f6b-bc17-e767e43a870e (type: ports) to 2
2026-07-02 06:18:05.907 10 INFO neutron.api.wsgi [req-0bd080bc-7954-4c26-98e7-498de4889e6b req-ed55d8ef-d529-4139-b8df-e23a48fc032c deb7a785663a4889a5e6d726701aef2d 35a6b7a627e34620a6d45246fb4090f6 - - default default] 10.0.0.201 "GET /v2.0/ports?device_id=80191274-c6de-4cfb-8e8a-421fe9d6e0bd HTTP/1.1" status: 200 len: 1170 time: 0.0351634
2026-07-02 06:18:05.908 9 WARNING neutron.scheduler.dhcp_agent_scheduler [None req-2e3d974f-4831-40e8-b76a-41e8a045bb72 46b2c469991142edbb9840e874fb713b 999894784f844194bd1de1bb217aa42f - - default default] No more DHCP agents
2026-07-02 06:18:05.911 9 WARNING neutron.api.rpc.agentnotifiers.dhcp_rpc_agent_api [None req-2e3d974f-4831-40e8-b76a-41e8a045bb72 46b2c469991142edbb9840e874fb713b 999894784f844194bd1de1bb217aa42f - - default default] Unable to schedule network fc44d58a-77ea-4ff7-b8f1-2ece9e1ae6f9: no agents available; will retry on subsequent port and subnet creation events.
2026-07-02 06:18:05.966 10 INFO neutron.api.wsgi [req-0bd080bc-7954-4c26-98e7-498de4889e6b req-fe23bc68-be49-4f7a-9af4-aacc22550034 deb7a785663a4889a5e6d726701aef2d 35a6b7a627e34620a6d45246fb4090f6 - - default default] 10.0.0.201 "GET /v2.0/security-groups?id=062e6d44-1bf5-4584-8418-1a71b0eee174&fields=id&fields=name HTTP/1.1" status: 200 len: 313 time: 0.0489349
2026-07-02 06:18:06.037 9 INFO neutron.db.ovn_revision_numbers_db [None req-2e3d974f-4831-40e8-b76a-41e8a045bb72 46b2c469991142edbb9840e874fb713b 999894784f844194bd1de1bb217aa42f - - default default] Successfully bumped revision number for resource 567fb412-3c38-45ef-bf60-449862aeebb4 (type: ports) to 1
2026-07-02 06:18:06.066 9 INFO neutron.api.wsgi [None req-2e3d974f-4831-40e8-b76a-41e8a045bb72 46b2c469991142edbb9840e874fb713b 999894784f844194bd1de1bb217aa42f - - default default] 10.0.0.211 "POST /v2.0/ports HTTP/1.1" status: 201 len: 1114 time: 0.4430854
2026-07-02 06:18:06.133 10 WARNING neutron.scheduler.dhcp_agent_scheduler [None req-ecc8977c-fdf1-4420-8ff3-b3820322c552 bc0e204bb70e470a9dae6a19661b7708 00987951fb9842a399d5e2112693b171 - - default default] No more DHCP agents
2026-07-02 06:18:06.134 10 WARNING neutron.api.rpc.agentnotifiers.dhcp_rpc_agent_api [None req-ecc8977c-fdf1-4420-8ff3-b3820322c552 bc0e204bb70e470a9dae6a19661b7708 00987951fb9842a399d5e2112693b171 - - default default] Unable to schedule network 84f034ef-4daf-40b5-8a0e-1d6d9d09cf44: no agents available; will retry on subsequent port and subnet creation events.
2026-07-02 06:18:06.213 10 INFO neutron.db.ovn_revision_numbers_db [None req-ecc8977c-fdf1-4420-8ff3-b3820322c552 bc0e204bb70e470a9dae6a19661b7708 00987951fb9842a399d5e2112693b171 - - default default] Successfully bumped revision number for resource 840fd1c2-da5e-45c7-800a-e493b3088966 (type: ports) to 1
2026-07-02 06:18:06.317 9 INFO neutron.api.wsgi [-] 10.0.0.236 "GET / HTTP/1.1" status: 200 len: 247 time: 0.0014594
2026-07-02 06:18:06.319 9 INFO neutron.api.wsgi [-] 10.0.0.236 "GET / HTTP/1.1" status: 200 len: 247 time: 0.0008483
2026-07-02 06:18:06.367 9 INFO neutron.api.wsgi [None req-76ae87a6-f66f-43a2-9e32-05086b7611dc 46b2c469991142edbb9840e874fb713b 999894784f844194bd1de1bb217aa42f - - default default] 10.0.0.211 "DELETE /v2.0/ports/567fb412-3c38-45ef-bf60-449862aeebb4 HTTP/1.1" status: 204 len: 168 time: 0.2984574
2026-07-02 06:18:06.382 9 INFO neutron.pecan_wsgi.hooks.translation [None req-5623a69c-168d-4204-a881-ad73c8c3f143 46b2c469991142edbb9840e874fb713b 999894784f844194bd1de1bb217aa42f - - default default] GET failed (client error): The resource could not be found.
2026-07-02 06:18:06.384 9 INFO neutron.api.wsgi [None req-5623a69c-168d-4204-a881-ad73c8c3f143 46b2c469991142edbb9840e874fb713b 999894784f844194bd1de1bb217aa42f - - default default] 10.0.0.211 "GET /v2.0/ports/567fb412-3c38-45ef-bf60-449862aeebb4 HTTP/1.1" status: 404 len: 333 time: 0.0133522
2026-07-02 06:18:06.549 9 INFO neutron.api.wsgi [None req-5c517e0f-2c7d-4e13-bff0-0ce7162a04c7 46b2c469991142edbb9840e874fb713b 999894784f844194bd1de1bb217aa42f - - default default] 10.0.0.211 "DELETE /v2.0/subnets/45b0965b-61a2-4a44-88e7-b7a1c6b3cbff HTTP/1.1" status: 204 len: 168 time: 0.1607745
2026-07-02 06:18:06.927 10 INFO neutron.db.ovn_revision_numbers_db [None req-ecc8977c-fdf1-4420-8ff3-b3820322c552 bc0e204bb70e470a9dae6a19661b7708 00987951fb9842a399d5e2112693b171 - - default default] Successfully bumped revision number for resource 840fd1c2-da5e-45c7-800a-e493b3088966 (type: ports) to 1
2026-07-02 06:18:06.987 10 WARNING neutron.scheduler.dhcp_agent_scheduler [None req-ecc8977c-fdf1-4420-8ff3-b3820322c552 bc0e204bb70e470a9dae6a19661b7708 00987951fb9842a399d5e2112693b171 - - default default] No more DHCP agents
2026-07-02 06:18:06.987 10 WARNING neutron.api.rpc.agentnotifiers.dhcp_rpc_agent_api [None req-ecc8977c-fdf1-4420-8ff3-b3820322c552 bc0e204bb70e470a9dae6a19661b7708 00987951fb9842a399d5e2112693b171 - - default default] Unable to schedule network 84f034ef-4daf-40b5-8a0e-1d6d9d09cf44: no agents available; will retry on subsequent port and subnet creation events.
2026-07-02 06:18:07.039 9 INFO neutron.plugins.ml2.drivers.ovn.mech_driver.mech_driver [None req-4dbac506-32cd-4abb-bd1d-6c46b44ee46f - - - - - -] OVN reports status up for port: 840fd1c2-da5e-45c7-800a-e493b3088966
2026-07-02 06:18:07.041 9 INFO neutron.services.segments.plugin [-] Segment 8e93a0b0-708d-49c6-91c4-fdd184e766c4 resource provider aggregate not found
2026-07-02 06:18:07.048 9 INFO neutron.services.segments.plugin [-] Segment 8e93a0b0-708d-49c6-91c4-fdd184e766c4 resource provider aggregate not found
2026-07-02 06:18:07.059 9 INFO neutron.notifiers.nova [-] Nova event matching ['req-035eec7b-2e0d-4e34-a47a-ac95e1d25b58'] response: {'server_uuid': '80191274-c6de-4cfb-8e8a-421fe9d6e0bd', 'name': 'network-vif-plugged', 'status': 'completed', 'tag': '02ded4ea-c5a3-4c0d-9d88-f9071bd9f5dd', 'code': 200}
2026-07-02 06:18:07.062 9 INFO neutron.plugins.ml2.plugin [None req-4dbac506-32cd-4abb-bd1d-6c46b44ee46f - - - - - -] Attempt 1 to provision port 840fd1c2-da5e-45c7-800a-e493b3088966
2026-07-02 06:18:07.064 10 INFO neutron.api.wsgi [req-5144969c-0995-46a5-ae0d-a2ad4c48e9b0 req-deef8d02-bf0d-4215-bfce-dfca2751df20 deb7a785663a4889a5e6d726701aef2d 35a6b7a627e34620a6d45246fb4090f6 - - default default] 10.0.0.201 "GET /v2.0/ports?device_id=80191274-c6de-4cfb-8e8a-421fe9d6e0bd HTTP/1.1" status: 200 len: 1170 time: 0.0443168
2026-07-02 06:18:07.065 9 INFO neutron.services.segments.plugin [-] Segment 8e93a0b0-708d-49c6-91c4-fdd184e766c4 resource provider not found; error: Placement Client Error (4xx): {"errors": [{"status": 404, "title": "Not Found", "detail": "The resource could not be found.\n\n No resource provider with uuid 8e93a0b0-708d-49c6-91c4-fdd184e766c4 found for delete ", "request_id": "req-d76f67e2-c947-4f13-8afb-0f0b22ff5fd0"}]}
2026-07-02 06:18:07.065 9 INFO neutron.services.segments.plugin [-] Segment 8e93a0b0-708d-49c6-91c4-fdd184e766c4 resource provider not found; error: Placement Client Error (4xx): {"errors": [{"status": 404, "title": "Not Found", "detail": "The resource could not be found.\n\n No resource provider with uuid 8e93a0b0-708d-49c6-91c4-fdd184e766c4 found for delete ", "request_id": "req-8c7d1ca0-4d49-4d5e-ad67-8d8a4d4c7f57"}]}
2026-07-02 06:18:07.101 9 INFO neutron.api.wsgi [None req-f6878642-d0a8-4805-9550-0ccddae48a12 46b2c469991142edbb9840e874fb713b 999894784f844194bd1de1bb217aa42f - - default default] 10.0.0.211 "DELETE /v2.0/networks/fc44d58a-77ea-4ff7-b8f1-2ece9e1ae6f9 HTTP/1.1" status: 204 len: 168 time: 0.5448265
2026-07-02 06:18:07.111 9 WARNING neutron_lib.context [None req-3f73487e-0d0f-4feb-bfbe-35ff06551762 46b2c469991142edbb9840e874fb713b 999894784f844194bd1de1bb217aa42f - - default default] Method 'is_advsvc' is deprecated since 2023.2 release (neutron-lib 3.8.0) and will be removed once support for the old RBAC API policies will be removed from Neutron. Please use method 'is_service_role' instead.
2026-07-02 06:18:07.115 10 INFO neutron.api.wsgi [req-5144969c-0995-46a5-ae0d-a2ad4c48e9b0 req-7bbf9e6b-36ba-4ecd-9959-deff6a57efc6 deb7a785663a4889a5e6d726701aef2d 35a6b7a627e34620a6d45246fb4090f6 - - default default] 10.0.0.201 "GET /v2.0/security-groups?id=062e6d44-1bf5-4584-8418-1a71b0eee174&fields=id&fields=name HTTP/1.1" status: 200 len: 313 time: 0.0455155
2026-07-02 06:18:07.205 10 INFO neutron.api.wsgi [req-690e27fa-f89d-443b-a75b-0a660299065c req-80bdff52-fcf6-450e-8c17-67cd6201f236 deb7a785663a4889a5e6d726701aef2d 35a6b7a627e34620a6d45246fb4090f6 - - default default] 10.0.0.201 "GET /v2.0/ports?device_id=80191274-c6de-4cfb-8e8a-421fe9d6e0bd HTTP/1.1" status: 200 len: 1170 time: 0.0426397
2026-07-02 06:18:07.206 10 INFO neutron.db.ovn_revision_numbers_db [None req-ecc8977c-fdf1-4420-8ff3-b3820322c552 bc0e204bb70e470a9dae6a19661b7708 00987951fb9842a399d5e2112693b171 - - default default] Successfully bumped revision number for resource 840fd1c2-da5e-45c7-800a-e493b3088966 (type: router_ports) to 1
2026-07-02 06:18:07.210 10 INFO neutron.api.wsgi [None req-ecc8977c-fdf1-4420-8ff3-b3820322c552 bc0e204bb70e470a9dae6a19661b7708 00987951fb9842a399d5e2112693b171 - - default default] 10.0.0.211 "PUT /v2.0/routers/52fde22d-a8d3-484d-8026-42806651f321/add_router_interface HTTP/1.1" status: 200 len: 503 time: 1.5044589
2026-07-02 06:18:07.319 10 INFO neutron.api.wsgi [None req-7957aada-d7e9-4fb1-904d-ebd2f9336252 bc0e204bb70e470a9dae6a19661b7708 00987951fb9842a399d5e2112693b171 - - default default] 10.0.0.211 "GET /v2.0/ports/840fd1c2-da5e-45c7-800a-e493b3088966 HTTP/1.1" status: 200 len: 1147 time: 0.1052244
2026-07-02 06:18:07.368 10 INFO neutron.api.wsgi [None req-80ac4e5c-46f1-4c16-a23e-111c92ba5181 bc0e204bb70e470a9dae6a19661b7708 00987951fb9842a399d5e2112693b171 - - default default] 10.0.0.211 "GET /v2.0/ports/840fd1c2-da5e-45c7-800a-e493b3088966 HTTP/1.1" status: 200 len: 1149 time: 0.0443218 /var/lib/openstack/lib/python3.12/site-packages/pycadf/identifier.py:71: UserWarning: Invalid uuid: neutron. To ensure interoperability, identifiers should be a valid uuid. warnings.warn(('Invalid uuid: %s. To ensure interoperability, '
2026-07-02 06:18:07.431 9 WARNING neutron.scheduler.dhcp_agent_scheduler [None req-3f73487e-0d0f-4feb-bfbe-35ff06551762 46b2c469991142edbb9840e874fb713b 999894784f844194bd1de1bb217aa42f - - default default] No more DHCP agents
2026-07-02 06:18:07.434 9 WARNING neutron.api.rpc.agentnotifiers.dhcp_rpc_agent_api [None req-3f73487e-0d0f-4feb-bfbe-35ff06551762 46b2c469991142edbb9840e874fb713b 999894784f844194bd1de1bb217aa42f - - default default] Unable to schedule network 1cd74fd9-00db-45b3-a00e-ebd9ffa7b3ed: no agents available; will retry on subsequent port and subnet creation events.
2026-07-02 06:18:07.504 10 INFO neutron.db.ovn_revision_numbers_db [None req-e544ce72-617a-4c1a-a5ce-a7753117208f a85b1ab8069f438d96fd4430ba1d0bec a334b46b4150443bbb4824a0369c2f4a - - default default] Successfully bumped revision number for resource 65ef7b06-13d5-4908-a616-d6c898001c25 (type: security_groups) to 1
2026-07-02 06:18:07.517 10 INFO neutron.db.ovn_revision_numbers_db [None req-e544ce72-617a-4c1a-a5ce-a7753117208f a85b1ab8069f438d96fd4430ba1d0bec a334b46b4150443bbb4824a0369c2f4a - - default default] Successfully bumped revision number for resource 12279698-86bd-4449-8393-c43a32818438 (type: security_group_rules) to 0
2026-07-02 06:18:07.536 10 INFO neutron.db.ovn_revision_numbers_db [None req-e544ce72-617a-4c1a-a5ce-a7753117208f a85b1ab8069f438d96fd4430ba1d0bec a334b46b4150443bbb4824a0369c2f4a - - default default] Successfully bumped revision number for resource 4173b9e0-30ea-45c8-a11d-05b49c890733 (type: security_group_rules) to 0
2026-07-02 06:18:07.547 9 INFO neutron.db.ovn_revision_numbers_db [None req-4dbac506-32cd-4abb-bd1d-6c46b44ee46f - - - - - -] Successfully bumped revision number for resource 840fd1c2-da5e-45c7-800a-e493b3088966 (type: ports) to 2
2026-07-02 06:18:07.550 10 INFO neutron.db.ovn_revision_numbers_db [None req-e544ce72-617a-4c1a-a5ce-a7753117208f a85b1ab8069f438d96fd4430ba1d0bec a334b46b4150443bbb4824a0369c2f4a - - default default] Successfully bumped revision number for resource 5f3a57fd-3171-4414-8b97-e46024990cb2 (type: security_group_rules) to 0
2026-07-02 06:18:07.566 10 INFO neutron.db.ovn_revision_numbers_db [None req-e544ce72-617a-4c1a-a5ce-a7753117208f a85b1ab8069f438d96fd4430ba1d0bec a334b46b4150443bbb4824a0369c2f4a - - default default] Successfully bumped revision number for resource a4d8a933-d968-42ff-b3b2-d6c5d2f17775 (type: security_group_rules) to 0
2026-07-02 06:18:07.577 9 INFO neutron.db.ovn_revision_numbers_db [None req-3f73487e-0d0f-4feb-bfbe-35ff06551762 46b2c469991142edbb9840e874fb713b 999894784f844194bd1de1bb217aa42f - - default default] Successfully bumped revision number for resource 6b738a7e-5d8e-472d-81f9-b9f89e012ec8 (type: ports) to 1
2026-07-02 06:18:07.611 10 INFO neutron.api.wsgi [None req-e544ce72-617a-4c1a-a5ce-a7753117208f a85b1ab8069f438d96fd4430ba1d0bec a334b46b4150443bbb4824a0369c2f4a - - default default] 10.0.0.211 "GET /v2.0/security-groups?tenant_id=b09deb1978a1467aa0f020a833e771ef&name=default HTTP/1.1" status: 200 len: 3120 time: 0.3280878
2026-07-02 06:18:07.612 9 INFO neutron.api.wsgi [None req-3f73487e-0d0f-4feb-bfbe-35ff06551762 46b2c469991142edbb9840e874fb713b 999894784f844194bd1de1bb217aa42f - - default default] 10.0.0.211 "POST /v2.0/ports HTTP/1.1" status: 201 len: 974 time: 0.5048823
2026-07-02 06:18:07.752 10 INFO neutron.db.ovn_revision_numbers_db [None req-0b785cf7-b6eb-43ba-8918-dab76ecfeaec deb7a785663a4889a5e6d726701aef2d 35a6b7a627e34620a6d45246fb4090f6 - - default default] Successfully bumped revision number for resource 5d3b88b1-04b1-460e-9ed0-f2556e6701af (type: floatingips) to 1
2026-07-02 06:18:07.904 10 INFO neutron.db.ovn_revision_numbers_db [None req-0b785cf7-b6eb-43ba-8918-dab76ecfeaec deb7a785663a4889a5e6d726701aef2d 35a6b7a627e34620a6d45246fb4090f6 - - default default] Successfully bumped revision number for resource 5d3b88b1-04b1-460e-9ed0-f2556e6701af (type: floatingips) to 2
2026-07-02 06:18:07.904 10 INFO neutron.db.l3_db [None req-0b785cf7-b6eb-43ba-8918-dab76ecfeaec deb7a785663a4889a5e6d726701aef2d 35a6b7a627e34620a6d45246fb4090f6 - - default default] Floating IP 5d3b88b1-04b1-460e-9ed0-f2556e6701af associated. External IP: 10.96.250.217, port: 02ded4ea-c5a3-4c0d-9d88-f9071bd9f5dd.
2026-07-02 06:18:07.919 9 INFO neutron.api.wsgi [None req-dee21a60-6f4c-4e4c-b951-81a6addfaad5 bc0e204bb70e470a9dae6a19661b7708 00987951fb9842a399d5e2112693b171 - - default default] 10.0.0.211 "PUT /v2.0/routers/52fde22d-a8d3-484d-8026-42806651f321/remove_router_interface HTTP/1.1" status: 200 len: 503 time: 0.5428598 /var/lib/openstack/lib/python3.12/site-packages/pycadf/identifier.py:71: UserWarning: Invalid uuid: neutron. To ensure interoperability, identifiers should be a valid uuid. warnings.warn(('Invalid uuid: %s. To ensure interoperability, '
2026-07-02 06:18:07.936 10 INFO neutron.api.wsgi [None req-0b785cf7-b6eb-43ba-8918-dab76ecfeaec deb7a785663a4889a5e6d726701aef2d 35a6b7a627e34620a6d45246fb4090f6 - - default default] 10.0.0.211 "PUT /v2.0/floatingips/5d3b88b1-04b1-460e-9ed0-f2556e6701af HTTP/1.1" status: 200 len: 1049 time: 0.7215536
2026-07-02 06:18:07.965 10 INFO neutron.api.wsgi [None req-4704a424-137c-4c68-acca-5017691e6379 a85b1ab8069f438d96fd4430ba1d0bec a334b46b4150443bbb4824a0369c2f4a - - default default] 10.0.0.211 "DELETE /v2.0/security-groups/65ef7b06-13d5-4908-a616-d6c898001c25 HTTP/1.1" status: 204 len: 168 time: 0.3493981
2026-07-02 06:18:07.970 10 INFO neutron.notifiers.nova [-] Nova event matching ['req-374fecb5-a1af-44ee-acf1-b3ed089ce0e7'] response: {'name': 'network-changed', 'server_uuid': '80191274-c6de-4cfb-8e8a-421fe9d6e0bd', 'tag': '02ded4ea-c5a3-4c0d-9d88-f9071bd9f5dd', 'status': 'completed', 'code': 200}
2026-07-02 06:18:07.976 9 INFO neutron.api.wsgi [None req-6d7fa6c8-7940-4f75-81b0-59d42a209e35 bc0e204bb70e470a9dae6a19661b7708 00987951fb9842a399d5e2112693b171 - - default default] 10.0.0.211 "GET /v2.0/ports/895abaa0-8901-4f6b-bc17-e767e43a870e HTTP/1.1" status: 200 len: 1141 time: 0.0538654
2026-07-02 06:18:07.980 10 INFO neutron.db.ovn_revision_numbers_db [None req-88fdca64-169b-497c-a1b2-cb0601164f09 46b2c469991142edbb9840e874fb713b 999894784f844194bd1de1bb217aa42f - - default default] Successfully bumped revision number for resource 6b738a7e-5d8e-472d-81f9-b9f89e012ec8 (type: ports) to 2 /var/lib/openstack/lib/python3.12/site-packages/pycadf/identifier.py:71: UserWarning: Invalid uuid: neutron. To ensure interoperability, identifiers should be a valid uuid. warnings.warn(('Invalid uuid: %s. To ensure interoperability, '
2026-07-02 06:18:08.000 10 INFO neutron.api.wsgi [None req-88fdca64-169b-497c-a1b2-cb0601164f09 46b2c469991142edbb9840e874fb713b 999894784f844194bd1de1bb217aa42f - - default default] 10.0.0.211 "PUT /v2.0/ports/6b738a7e-5d8e-472d-81f9-b9f89e012ec8 HTTP/1.1" status: 200 len: 946 time: 0.3792784
2026-07-02 06:18:08.015 10 INFO neutron.api.wsgi [req-2b82ead6-0a78-499d-b20a-78a0ac351fef req-abcbbdd8-c594-43cc-b102-624a32cb66d9 deb7a785663a4889a5e6d726701aef2d 35a6b7a627e34620a6d45246fb4090f6 - - default default] 10.0.0.201 "GET /v2.0/ports?device_id=80191274-c6de-4cfb-8e8a-421fe9d6e0bd HTTP/1.1" status: 200 len: 1170 time: 0.0307937
2026-07-02 06:18:08.053 10 INFO neutron.api.wsgi [req-2b82ead6-0a78-499d-b20a-78a0ac351fef req-f5ea05b7-1a86-4905-aee3-1cd4457c145a deb7a785663a4889a5e6d726701aef2d 35a6b7a627e34620a6d45246fb4090f6 - - default default] 10.0.0.201 "GET /v2.0/security-groups?id=062e6d44-1bf5-4584-8418-1a71b0eee174&fields=id&fields=name HTTP/1.1" status: 200 len: 313 time: 0.0320039
2026-07-02 06:18:08.286 9 INFO neutron.api.wsgi [None req-ff489fbc-b145-4d17-99b4-4cb9b7c1f94b 46b2c469991142edbb9840e874fb713b 999894784f844194bd1de1bb217aa42f - - default default] 10.0.0.211 "DELETE /v2.0/ports/6b738a7e-5d8e-472d-81f9-b9f89e012ec8 HTTP/1.1" status: 204 len: 168 time: 0.2806847
2026-07-02 06:18:08.366 10 INFO neutron.api.wsgi [None req-660c1b4d-5957-4953-8bc1-10f93103d2d1 46b2c469991142edbb9840e874fb713b 999894784f844194bd1de1bb217aa42f - - default default] 10.0.0.211 "GET /v2.0/ports HTTP/1.1" status: 200 len: 1728 time: 0.0735731
2026-07-02 06:18:08.387 10 INFO neutron.pecan_wsgi.hooks.translation [None req-4bea9c7c-e375-4c86-a59c-124e3411d188 46b2c469991142edbb9840e874fb713b 999894784f844194bd1de1bb217aa42f - - default default] GET failed (client error): The resource could not be found.
2026-07-02 06:18:08.388 10 INFO neutron.api.wsgi [None req-4bea9c7c-e375-4c86-a59c-124e3411d188 46b2c469991142edbb9840e874fb713b 999894784f844194bd1de1bb217aa42f - - default default] 10.0.0.211 "GET /v2.0/ports/6b738a7e-5d8e-472d-81f9-b9f89e012ec8 HTTP/1.1" status: 404 len: 333 time: 0.0185635
2026-07-02 06:18:08.423 10 INFO neutron.api.wsgi [None req-a918f9b2-5965-4a7d-a298-cf56f8cfb310 46b2c469991142edbb9840e874fb713b 999894784f844194bd1de1bb217aa42f - - default default] 10.0.0.211 "GET /v2.0/ports HTTP/1.1" status: 200 len: 1728 time: 0.0291739
2026-07-02 06:18:08.452 10 INFO neutron.api.wsgi [None req-cbb48992-7208-4e7e-857e-fe054930fa16 46b2c469991142edbb9840e874fb713b 999894784f844194bd1de1bb217aa42f - - default default] 10.0.0.211 "GET /v2.0/ports/cbc62599-fd86-4a3f-a497-7e9c7ac58785 HTTP/1.1" status: 200 len: 968 time: 0.0217049
2026-07-02 06:18:08.465 10 INFO neutron.pecan_wsgi.hooks.translation [None req-29418868-c349-46b9-b14e-343f2304c282 46b2c469991142edbb9840e874fb713b 999894784f844194bd1de1bb217aa42f - - default default] DELETE failed (client error): The resource could not be found.
2026-07-02 06:18:08.467 10 INFO neutron.api.wsgi [None req-29418868-c349-46b9-b14e-343f2304c282 46b2c469991142edbb9840e874fb713b 999894784f844194bd1de1bb217aa42f - - default default] 10.0.0.211 "DELETE /v2.0/ports/567fb412-3c38-45ef-bf60-449862aeebb4 HTTP/1.1" status: 404 len: 333 time: 0.0104604
2026-07-02 06:18:08.495 10 INFO neutron.pecan_wsgi.hooks.translation [None req-e53d06ce-9f35-43d5-b5b2-4f9aedca2f9e 46b2c469991142edbb9840e874fb713b 999894784f844194bd1de1bb217aa42f - - default default] DELETE failed (client error): The resource could not be found.
2026-07-02 06:18:08.497 10 INFO neutron.api.wsgi [None req-e53d06ce-9f35-43d5-b5b2-4f9aedca2f9e 46b2c469991142edbb9840e874fb713b 999894784f844194bd1de1bb217aa42f - - default default] 10.0.0.211 "DELETE /v2.0/subnets/45b0965b-61a2-4a44-88e7-b7a1c6b3cbff HTTP/1.1" status: 404 len: 337 time: 0.0259814
2026-07-02 06:18:08.515 10 INFO neutron.api.wsgi [req-56d03d67-70ee-419c-a77c-12f8a00c818e req-726c5792-57b7-464d-84ef-c541c75c985f 987bf3f81c5e436287d411cdb03f728f fb897881291a4803b1f0c8b3be766f50 - - 30437e507504463ea29d431b15a7394d 30437e507504463ea29d431b15a7394d] 199.204.45.38 "GET /v2.0/ports?tenant_id=35a6b7a627e34620a6d45246fb4090f6&device_id=80191274-c6de-4cfb-8e8a-421fe9d6e0bd HTTP/1.1" status: 200 len: 1409 time: 0.0311179
2026-07-02 06:18:08.516 9 INFO neutron.pecan_wsgi.hooks.translation [None req-0a5569ba-b93c-459e-a25e-b7dcebd17bb1 46b2c469991142edbb9840e874fb713b 999894784f844194bd1de1bb217aa42f - - default default] DELETE failed (client error): The resource could not be found.
2026-07-02 06:18:08.518 9 INFO neutron.api.wsgi [None req-0a5569ba-b93c-459e-a25e-b7dcebd17bb1 46b2c469991142edbb9840e874fb713b 999894784f844194bd1de1bb217aa42f - - default default] 10.0.0.211 "DELETE /v2.0/subnets/bd089e0a-8366-43d3-98a0-f791af294879 HTTP/1.1" status: 404 len: 337 time: 0.0154979
2026-07-02 06:18:08.563 10 INFO neutron.api.wsgi [req-56d03d67-70ee-419c-a77c-12f8a00c818e req-ed9bade2-ef37-410c-aa7a-2f4d8096fd1f 987bf3f81c5e436287d411cdb03f728f fb897881291a4803b1f0c8b3be766f50 - - 30437e507504463ea29d431b15a7394d 30437e507504463ea29d431b15a7394d] 199.204.45.38 "GET /v2.0/networks?id=7b30f0d5-ed68-4706-a874-2b1121c14548 HTTP/1.1" status: 200 len: 978 time: 0.0445697
2026-07-02 06:18:08.591 9 INFO neutron.api.wsgi [None req-893d9874-7ffb-4bd9-a604-e00df39c15dc bc0e204bb70e470a9dae6a19661b7708 00987951fb9842a399d5e2112693b171 - - default default] 10.0.0.211 "PUT /v2.0/routers/52fde22d-a8d3-484d-8026-42806651f321/remove_router_interface HTTP/1.1" status: 200 len: 503 time: 0.6097002
2026-07-02 06:18:08.610 10 INFO neutron.api.wsgi [None req-dbadf77d-fa85-4bfb-82cc-751564b23d10 bc0e204bb70e470a9dae6a19661b7708 00987951fb9842a399d5e2112693b171 - - default default] 10.0.0.211 "GET /v2.0/ports?device_id=52fde22d-a8d3-484d-8026-42806651f321 HTTP/1.1" status: 200 len: 205 time: 0.0146489
2026-07-02 06:18:08.621 10 INFO neutron.api.wsgi [req-56d03d67-70ee-419c-a77c-12f8a00c818e req-7c3b4682-577e-40cd-8d09-e064c00ef8f7 987bf3f81c5e436287d411cdb03f728f fb897881291a4803b1f0c8b3be766f50 - - 30437e507504463ea29d431b15a7394d 30437e507504463ea29d431b15a7394d] 199.204.45.38 "GET /v2.0/floatingips?fixed_ip_address=10.100.0.3&port_id=02ded4ea-c5a3-4c0d-9d88-f9071bd9f5dd HTTP/1.1" status: 200 len: 1059 time: 0.0529022
2026-07-02 06:18:08.664 10 INFO neutron.api.wsgi [req-56d03d67-70ee-419c-a77c-12f8a00c818e req-2c248692-8de3-4e3b-9178-5c1a17985534 987bf3f81c5e436287d411cdb03f728f fb897881291a4803b1f0c8b3be766f50 - - 30437e507504463ea29d431b15a7394d 30437e507504463ea29d431b15a7394d] 199.204.45.38 "GET /v2.0/subnets?id=f076d0d1-d05c-4fa9-85f4-77d67b0969f5 HTTP/1.1" status: 200 len: 897 time: 0.0374389
2026-07-02 06:18:08.683 10 INFO neutron.api.wsgi [req-56d03d67-70ee-419c-a77c-12f8a00c818e req-81a809b5-5fee-4a0e-b45b-3ede8e9b37ad 987bf3f81c5e436287d411cdb03f728f fb897881291a4803b1f0c8b3be766f50 - - 30437e507504463ea29d431b15a7394d 30437e507504463ea29d431b15a7394d] 199.204.45.38 "GET /v2.0/ports?network_id=7b30f0d5-ed68-4706-a874-2b1121c14548&device_owner=network%3Adhcp HTTP/1.1" status: 200 len: 210 time: 0.0123632
2026-07-02 06:18:08.781 10 INFO neutron.api.wsgi [req-56d03d67-70ee-419c-a77c-12f8a00c818e req-e9c9c372-d43c-49b7-b293-e30f44d990a6 987bf3f81c5e436287d411cdb03f728f fb897881291a4803b1f0c8b3be766f50 - - 30437e507504463ea29d431b15a7394d 30437e507504463ea29d431b15a7394d] 199.204.45.38 "GET /v2.0/networks/7b30f0d5-ed68-4706-a874-2b1121c14548?fields=segments HTTP/1.1" status: 200 len: 212 time: 0.0897379
2026-07-02 06:18:08.788 9 INFO neutron.api.wsgi [None req-95d96935-920d-4a23-915c-0ffa5803cc54 46b2c469991142edbb9840e874fb713b 999894784f844194bd1de1bb217aa42f - - default default] 10.0.0.211 "DELETE /v2.0/ports/cbc62599-fd86-4a3f-a497-7e9c7ac58785 HTTP/1.1" status: 204 len: 168 time: 0.2654254 /var/lib/openstack/lib/python3.12/site-packages/pycadf/identifier.py:71: UserWarning: Invalid uuid: neutron. To ensure interoperability, identifiers should be a valid uuid. warnings.warn(('Invalid uuid: %s. To ensure interoperability, '
2026-07-02 06:18:08.834 10 INFO neutron.api.wsgi [req-be41c0b9-e89d-4594-809a-b559edbe212c req-a39d1e9c-7395-48ec-9ac2-e10bd68c384e deb7a785663a4889a5e6d726701aef2d 35a6b7a627e34620a6d45246fb4090f6 - - default default] 10.0.0.201 "GET /v2.0/ports?device_id=80191274-c6de-4cfb-8e8a-421fe9d6e0bd HTTP/1.1" status: 200 len: 1170 time: 0.1435316
2026-07-02 06:18:08.839 10 INFO neutron.api.wsgi [None req-b17831a1-be30-4b5d-beec-a591ef434676 bc0e204bb70e470a9dae6a19661b7708 00987951fb9842a399d5e2112693b171 - - default default] 10.0.0.211 "DELETE /v2.0/routers/52fde22d-a8d3-484d-8026-42806651f321 HTTP/1.1" status: 204 len: 168 time: 0.2250314
2026-07-02 06:18:08.857 10 INFO neutron.api.wsgi [req-56d03d67-70ee-419c-a77c-12f8a00c818e req-5f3f21e9-5770-46cc-be32-de59df694a1d 987bf3f81c5e436287d411cdb03f728f fb897881291a4803b1f0c8b3be766f50 - - 30437e507504463ea29d431b15a7394d 30437e507504463ea29d431b15a7394d] 199.204.45.38 "GET /v2.0/networks/7b30f0d5-ed68-4706-a874-2b1121c14548?fields=provider%3Aphysical_network&fields=provider%3Anetwork_type HTTP/1.1" status: 200 len: 277 time: 0.0708978
2026-07-02 06:18:08.871 10 INFO neutron.api.wsgi [req-be41c0b9-e89d-4594-809a-b559edbe212c req-18c592c7-c567-4db1-886e-91788cac97c6 deb7a785663a4889a5e6d726701aef2d 35a6b7a627e34620a6d45246fb4090f6 - - default default] 10.0.0.201 "GET /v2.0/security-groups?id=062e6d44-1bf5-4584-8418-1a71b0eee174&fields=id&fields=name HTTP/1.1" status: 200 len: 313 time: 0.0305080
2026-07-02 06:18:08.980 9 INFO neutron.api.wsgi [None req-a610f9b0-9203-4f8c-8a02-03509646ea3e bc0e204bb70e470a9dae6a19661b7708 00987951fb9842a399d5e2112693b171 - - default default] 10.0.0.211 "DELETE /v2.0/subnets/a49bb108-a5d3-44ab-bf27-81b04fe0e950 HTTP/1.1" status: 204 len: 168 time: 0.1351516
2026-07-02 06:18:09.091 9 INFO neutron.services.segments.plugin [-] Segment c9a85f54-88be-422b-ba45-123e9502c52c resource provider aggregate not found
2026-07-02 06:18:09.094 9 INFO neutron.services.segments.plugin [-] Segment c9a85f54-88be-422b-ba45-123e9502c52c resource provider aggregate not found
2026-07-02 06:18:09.108 9 INFO neutron.services.segments.plugin [-] Segment c9a85f54-88be-422b-ba45-123e9502c52c resource provider not found; error: Placement Client Error (4xx): {"errors": [{"status": 404, "title": "Not Found", "detail": "The resource could not be found.\n\n No resource provider with uuid c9a85f54-88be-422b-ba45-123e9502c52c found for delete ", "request_id": "req-7ce194a9-521e-415d-a230-7c4a9c09d206"}]}
2026-07-02 06:18:09.112 9 INFO neutron.services.segments.plugin [-] Segment c9a85f54-88be-422b-ba45-123e9502c52c resource provider not found; error: Placement Client Error (4xx): {"errors": [{"status": 404, "title": "Not Found", "detail": "The resource could not be found.\n\n No resource provider with uuid c9a85f54-88be-422b-ba45-123e9502c52c found for delete ", "request_id": "req-d7672362-5e97-4f96-b08d-76522c06a956"}]}
2026-07-02 06:18:09.126 9 INFO neutron.api.wsgi [None req-b48d6a00-516b-43fd-8c8a-eeaf480d722a 46b2c469991142edbb9840e874fb713b 999894784f844194bd1de1bb217aa42f - - default default] 10.0.0.211 "DELETE /v2.0/networks/1cd74fd9-00db-45b3-a00e-ebd9ffa7b3ed HTTP/1.1" status: 204 len: 168 time: 0.3336332
2026-07-02 06:18:09.141 9 INFO neutron.api.wsgi [None req-3291cc59-2435-4106-981d-fe423224f57a bc0e204bb70e470a9dae6a19661b7708 00987951fb9842a399d5e2112693b171 - - default default] 10.0.0.211 "DELETE /v2.0/subnets/796c9f53-de1d-400f-9a55-eca3bed8d288 HTTP/1.1" status: 204 len: 168 time: 0.1555984
2026-07-02 06:18:09.406 10 INFO neutron.services.segments.plugin [-] Segment 4a111c64-ed7a-4f88-a55c-9f7c0a30b65f resource provider aggregate not found
2026-07-02 06:18:09.410 10 INFO neutron.services.segments.plugin [-] Segment 4a111c64-ed7a-4f88-a55c-9f7c0a30b65f resource provider aggregate not found
2026-07-02 06:18:09.417 10 INFO neutron.services.segments.plugin [-] Segment 4a111c64-ed7a-4f88-a55c-9f7c0a30b65f resource provider not found; error: Placement Client Error (4xx): {"errors": [{"status": 404, "title": "Not Found", "detail": "The resource could not be found.\n\n No resource provider with uuid 4a111c64-ed7a-4f88-a55c-9f7c0a30b65f found for delete ", "request_id": "req-087b1daf-ba3c-4f83-89f3-655bf2e2b9ee"}]}
2026-07-02 06:18:09.422 10 INFO neutron.services.segments.plugin [-] Segment 4a111c64-ed7a-4f88-a55c-9f7c0a30b65f resource provider not found; error: Placement Client Error (4xx): {"errors": [{"status": 404, "title": "Not Found", "detail": "The resource could not be found.\n\n No resource provider with uuid 4a111c64-ed7a-4f88-a55c-9f7c0a30b65f found for delete ", "request_id": "req-a1077ecf-9790-4e33-a653-ab7129110a45"}]}
2026-07-02 06:18:09.442 10 INFO neutron.api.wsgi [None req-9ead5aac-194d-48ba-a95d-33e661d1e4be bc0e204bb70e470a9dae6a19661b7708 00987951fb9842a399d5e2112693b171 - - default default] 10.0.0.211 "DELETE /v2.0/networks/84f034ef-4daf-40b5-8a0e-1d6d9d09cf44 HTTP/1.1" status: 204 len: 168 time: 0.2956614
2026-07-02 06:18:09.767 9 INFO neutron.api.wsgi [None req-0a895a45-f2a0-49be-a26a-f4c96dd45c23 a85b1ab8069f438d96fd4430ba1d0bec a334b46b4150443bbb4824a0369c2f4a - - default default] 10.0.0.211 "GET /v2.0/security-groups?tenant_id=999894784f844194bd1de1bb217aa42f&name=default HTTP/1.1" status: 200 len: 3120 time: 0.2111983
2026-07-02 06:18:09.779 10 INFO neutron.api.wsgi [None req-a966b2e4-9189-454c-aaae-27ab55944fb0 bc0e204bb70e470a9dae6a19661b7708 00987951fb9842a399d5e2112693b171 - - default default] 10.0.0.211 "DELETE /v2.0/networks/1db5e907-9cd1-47de-875c-e658df1f02dd HTTP/1.1" status: 204 len: 168 time: 0.3318100
2026-07-02 06:18:09.787 10 WARNING neutron_lib.context [None req-840bb1c5-77ce-4edb-9d2b-6680c3ea6537 bc0e204bb70e470a9dae6a19661b7708 00987951fb9842a399d5e2112693b171 - - default default] Method 'is_advsvc' is deprecated since 2023.2 release (neutron-lib 3.8.0) and will be removed once support for the old RBAC API policies will be removed from Neutron. Please use method 'is_service_role' instead.
2026-07-02 06:18:09.860 10 INFO neutron.db.segments_db [None req-840bb1c5-77ce-4edb-9d2b-6680c3ea6537 bc0e204bb70e470a9dae6a19661b7708 00987951fb9842a399d5e2112693b171 - - default default] Added segment e3f2c5f8-6a94-47f5-9256-7a971a69f0d1 of type geneve for network 526d0767-a321-4bda-866a-392872a1c1ef
2026-07-02 06:18:09.904 9 INFO neutron.db.ovn_revision_numbers_db [None req-ea20d23f-043f-4e18-b7b3-ec5d5abb1756 a85b1ab8069f438d96fd4430ba1d0bec a334b46b4150443bbb4824a0369c2f4a - - default default] Successfully bumped revision number for resource 364f0cfa-3652-4975-9216-e5c12089cf4c (type: security_groups) to 1
2026-07-02 06:18:09.916 9 INFO neutron.db.ovn_revision_numbers_db [None req-ea20d23f-043f-4e18-b7b3-ec5d5abb1756 a85b1ab8069f438d96fd4430ba1d0bec a334b46b4150443bbb4824a0369c2f4a - - default default] Successfully bumped revision number for resource 6121d118-5339-4cb6-b416-9dd093bd08c1 (type: security_group_rules) to 0
2026-07-02 06:18:09.931 9 INFO neutron.db.ovn_revision_numbers_db [None req-ea20d23f-043f-4e18-b7b3-ec5d5abb1756 a85b1ab8069f438d96fd4430ba1d0bec a334b46b4150443bbb4824a0369c2f4a - - default default] Successfully bumped revision number for resource 7b4702b2-3608-46a3-a584-821cd343917c (type: security_group_rules) to 0
2026-07-02 06:18:09.940 9 INFO neutron.db.ovn_revision_numbers_db [None req-ea20d23f-043f-4e18-b7b3-ec5d5abb1756 a85b1ab8069f438d96fd4430ba1d0bec a334b46b4150443bbb4824a0369c2f4a - - default default] Successfully bumped revision number for resource 814e7bb8-7c30-4fde-be08-31945dd5c70f (type: security_group_rules) to 0
2026-07-02 06:18:09.954 9 INFO neutron.db.ovn_revision_numbers_db [None req-ea20d23f-043f-4e18-b7b3-ec5d5abb1756 a85b1ab8069f438d96fd4430ba1d0bec a334b46b4150443bbb4824a0369c2f4a - - default default] Successfully bumped revision number for resource e495d416-3b61-4c71-8e36-e3e9b5275c13 (type: security_group_rules) to 0
2026-07-02 06:18:09.960 10 INFO neutron.api.wsgi [req-03b6ead0-e478-479b-bc86-3ba9815ead01 req-117b4298-a6eb-450e-991b-0950af439059 deb7a785663a4889a5e6d726701aef2d 35a6b7a627e34620a6d45246fb4090f6 - - default default] 10.0.0.201 "GET /v2.0/ports?device_id=80191274-c6de-4cfb-8e8a-421fe9d6e0bd HTTP/1.1" status: 200 len: 1170 time: 0.0365899
2026-07-02 06:18:09.972 9 INFO neutron.api.wsgi [None req-6f942fd2-67e9-4f90-953a-1e48c58fc6d5 a85b1ab8069f438d96fd4430ba1d0bec a334b46b4150443bbb4824a0369c2f4a - - default default] 10.0.0.211 "DELETE /v2.0/security-groups/414e3950-1fe3-453a-8d06-6a9600587455 HTTP/1.1" status: 204 len: 168 time: 0.1998580
2026-07-02 06:18:09.996 10 INFO neutron.db.ovn_revision_numbers_db [None req-840bb1c5-77ce-4edb-9d2b-6680c3ea6537 bc0e204bb70e470a9dae6a19661b7708 00987951fb9842a399d5e2112693b171 - - default default] Successfully bumped revision number for resource 526d0767-a321-4bda-866a-392872a1c1ef (type: networks) to 1
2026-07-02 06:18:10.000 10 INFO neutron.api.wsgi [req-03b6ead0-e478-479b-bc86-3ba9815ead01 req-ed0833ab-d8cc-487a-8ef7-92f23e48ce1c deb7a785663a4889a5e6d726701aef2d 35a6b7a627e34620a6d45246fb4090f6 - - default default] 10.0.0.201 "GET /v2.0/security-groups?id=062e6d44-1bf5-4584-8418-1a71b0eee174&fields=id&fields=name HTTP/1.1" status: 200 len: 313 time: 0.0341048
2026-07-02 06:18:10.020 9 INFO neutron.db.segments_db [None req-ea20d23f-043f-4e18-b7b3-ec5d5abb1756 a85b1ab8069f438d96fd4430ba1d0bec a334b46b4150443bbb4824a0369c2f4a - - default default] Added segment c560f3ac-bc28-42b9-b3bb-8d17a3123578 of type geneve for network a7017af8-425f-4f84-84e4-e34ded1eff8e
2026-07-02 06:18:10.123 9 INFO neutron.db.ovn_revision_numbers_db [None req-ea20d23f-043f-4e18-b7b3-ec5d5abb1756 a85b1ab8069f438d96fd4430ba1d0bec a334b46b4150443bbb4824a0369c2f4a - - default default] Successfully bumped revision number for resource a7017af8-425f-4f84-84e4-e34ded1eff8e (type: networks) to 1
2026-07-02 06:18:10.130 10 WARNING neutron.scheduler.dhcp_agent_scheduler [None req-840bb1c5-77ce-4edb-9d2b-6680c3ea6537 bc0e204bb70e470a9dae6a19661b7708 00987951fb9842a399d5e2112693b171 - - default default] No more DHCP agents
2026-07-02 06:18:10.131 10 WARNING neutron.api.rpc.agentnotifiers.dhcp_rpc_agent_api [None req-840bb1c5-77ce-4edb-9d2b-6680c3ea6537 bc0e204bb70e470a9dae6a19661b7708 00987951fb9842a399d5e2112693b171 - - default default] Unable to schedule network 526d0767-a321-4bda-866a-392872a1c1ef: no agents available; will retry on subsequent port and subnet creation events.
2026-07-02 06:18:10.174 10 INFO neutron.db.ovn_revision_numbers_db [None req-840bb1c5-77ce-4edb-9d2b-6680c3ea6537 bc0e204bb70e470a9dae6a19661b7708 00987951fb9842a399d5e2112693b171 - - default default] Successfully bumped revision number for resource be3b134a-7620-4b50-bc6c-9996d253d524 (type: ports) to 1
2026-07-02 06:18:10.189 10 INFO neutron.api.wsgi [None req-840bb1c5-77ce-4edb-9d2b-6680c3ea6537 bc0e204bb70e470a9dae6a19661b7708 00987951fb9842a399d5e2112693b171 - - default default] 10.0.0.211 "POST /v2.0/networks HTTP/1.1" status: 201 len: 833 time: 0.4048026
2026-07-02 06:18:10.197 10 WARNING neutron_lib.context [None req-73475ebb-67b1-43c6-9495-0c3b0703ccbc bc0e204bb70e470a9dae6a19661b7708 00987951fb9842a399d5e2112693b171 - - default default] Method 'is_advsvc' is deprecated since 2023.2 release (neutron-lib 3.8.0) and will be removed once support for the old RBAC API policies will be removed from Neutron. Please use method 'is_service_role' instead.
2026-07-02 06:18:10.277 9 WARNING neutron.scheduler.dhcp_agent_scheduler [None req-ea20d23f-043f-4e18-b7b3-ec5d5abb1756 a85b1ab8069f438d96fd4430ba1d0bec a334b46b4150443bbb4824a0369c2f4a - - default default] No more DHCP agents
2026-07-02 06:18:10.279 9 WARNING neutron.api.rpc.agentnotifiers.dhcp_rpc_agent_api [None req-ea20d23f-043f-4e18-b7b3-ec5d5abb1756 a85b1ab8069f438d96fd4430ba1d0bec a334b46b4150443bbb4824a0369c2f4a - - default default] Unable to schedule network a7017af8-425f-4f84-84e4-e34ded1eff8e: no agents available; will retry on subsequent port and subnet creation events.
2026-07-02 06:18:10.335 9 INFO neutron.db.ovn_revision_numbers_db [None req-ea20d23f-043f-4e18-b7b3-ec5d5abb1756 a85b1ab8069f438d96fd4430ba1d0bec a334b46b4150443bbb4824a0369c2f4a - - default default] Successfully bumped revision number for resource cf01cfb2-e1f0-4dd7-97f3-0beb23088280 (type: ports) to 1
2026-07-02 06:18:10.356 9 INFO neutron.api.wsgi [None req-ea20d23f-043f-4e18-b7b3-ec5d5abb1756 a85b1ab8069f438d96fd4430ba1d0bec a334b46b4150443bbb4824a0369c2f4a - - default default] 10.0.0.211 "POST /v2.0/networks HTTP/1.1" status: 201 len: 942 time: 0.7147887
2026-07-02 06:18:10.389 10 WARNING neutron.scheduler.dhcp_agent_scheduler [None req-73475ebb-67b1-43c6-9495-0c3b0703ccbc bc0e204bb70e470a9dae6a19661b7708 00987951fb9842a399d5e2112693b171 - - default default] No more DHCP agents
2026-07-02 06:18:10.390 10 WARNING neutron.api.rpc.agentnotifiers.dhcp_rpc_agent_api [None req-73475ebb-67b1-43c6-9495-0c3b0703ccbc bc0e204bb70e470a9dae6a19661b7708 00987951fb9842a399d5e2112693b171 - - default default] Unable to schedule network 526d0767-a321-4bda-866a-392872a1c1ef: no agents available; will retry on subsequent port and subnet creation events.
2026-07-02 06:18:10.413 10 INFO neutron.db.ovn_revision_numbers_db [None req-73475ebb-67b1-43c6-9495-0c3b0703ccbc bc0e204bb70e470a9dae6a19661b7708 00987951fb9842a399d5e2112693b171 - - default default] Successfully bumped revision number for resource 7f2ac3fa-be30-44c5-9007-65a062901f2f (type: subnets) to 0
2026-07-02 06:18:10.426 10 INFO neutron.api.wsgi [None req-73475ebb-67b1-43c6-9495-0c3b0703ccbc bc0e204bb70e470a9dae6a19661b7708 00987951fb9842a399d5e2112693b171 - - default default] 10.0.0.211 "POST /v2.0/subnets HTTP/1.1" status: 201 len: 845 time: 0.2322240
2026-07-02 06:18:10.434 10 WARNING neutron_lib.context [None req-2af55532-37de-4450-bbbd-545047927f15 bc0e204bb70e470a9dae6a19661b7708 00987951fb9842a399d5e2112693b171 - - default default] Method 'is_advsvc' is deprecated since 2023.2 release (neutron-lib 3.8.0) and will be removed once support for the old RBAC API policies will be removed from Neutron. Please use method 'is_service_role' instead.
2026-07-02 06:18:10.478 9 WARNING neutron.scheduler.dhcp_agent_scheduler [None req-ed9253ad-8acf-4b07-9633-ea75ce0d8e07 a85b1ab8069f438d96fd4430ba1d0bec a334b46b4150443bbb4824a0369c2f4a - - default default] No more DHCP agents
2026-07-02 06:18:10.480 9 WARNING neutron.api.rpc.agentnotifiers.dhcp_rpc_agent_api [None req-ed9253ad-8acf-4b07-9633-ea75ce0d8e07 a85b1ab8069f438d96fd4430ba1d0bec a334b46b4150443bbb4824a0369c2f4a - - default default] Unable to schedule network a7017af8-425f-4f84-84e4-e34ded1eff8e: no agents available; will retry on subsequent port and subnet creation events.
2026-07-02 06:18:10.525 10 INFO neutron.db.ovn_revision_numbers_db [None req-2af55532-37de-4450-bbbd-545047927f15 bc0e204bb70e470a9dae6a19661b7708 00987951fb9842a399d5e2112693b171 - - default default] Successfully bumped revision number for resource bcab64c0-1445-49a5-926f-369ba3f9d943 (type: routers) to 1
2026-07-02 06:18:10.538 10 INFO neutron.api.wsgi [None req-2af55532-37de-4450-bbbd-545047927f15 bc0e204bb70e470a9dae6a19661b7708 00987951fb9842a399d5e2112693b171 - - default default] 10.0.0.211 "POST /v2.0/routers HTTP/1.1" status: 201 len: 805 time: 0.1078300
2026-07-02 06:18:10.550 10 WARNING neutron_lib.context [None req-500d171a-7e42-45c0-a223-de537bc9b5f6 bc0e204bb70e470a9dae6a19661b7708 00987951fb9842a399d5e2112693b171 - - default default] Method 'is_advsvc' is deprecated since 2023.2 release (neutron-lib 3.8.0) and will be removed once support for the old RBAC API policies will be removed from Neutron. Please use method 'is_service_role' instead. /var/lib/openstack/lib/python3.12/site-packages/pycadf/identifier.py:71: UserWarning: Invalid uuid: neutron. To ensure interoperability, identifiers should be a valid uuid. warnings.warn(('Invalid uuid: %s. To ensure interoperability, '
2026-07-02 06:18:10.819 10 INFO neutron.api.wsgi [req-dda72273-bb47-4f80-90dc-17b0adf578b1 req-be6be490-dda2-4c2e-81f1-d433645f490b deb7a785663a4889a5e6d726701aef2d 35a6b7a627e34620a6d45246fb4090f6 - - default default] 199.204.45.38 "GET /v2.0/ports?device_id=80191274-c6de-4cfb-8e8a-421fe9d6e0bd HTTP/1.1" status: 200 len: 1170 time: 0.0339253
2026-07-02 06:18:10.823 10 WARNING neutron.scheduler.dhcp_agent_scheduler [None req-500d171a-7e42-45c0-a223-de537bc9b5f6 bc0e204bb70e470a9dae6a19661b7708 00987951fb9842a399d5e2112693b171 - - default default] No more DHCP agents /var/lib/openstack/lib/python3.12/site-packages/pycadf/identifier.py:71: UserWarning: Invalid uuid: neutron. To ensure interoperability, identifiers should be a valid uuid. warnings.warn(('Invalid uuid: %s. To ensure interoperability, '
2026-07-02 06:18:10.829 10 WARNING neutron.api.rpc.agentnotifiers.dhcp_rpc_agent_api [None req-500d171a-7e42-45c0-a223-de537bc9b5f6 bc0e204bb70e470a9dae6a19661b7708 00987951fb9842a399d5e2112693b171 - - default default] Unable to schedule network 526d0767-a321-4bda-866a-392872a1c1ef: no agents available; will retry on subsequent port and subnet creation events.
2026-07-02 06:18:10.863 9 INFO neutron.db.ovn_revision_numbers_db [None req-a8a33df0-219e-4ca5-99d1-a58937567ae1 - - - - - -] Successfully bumped revision number for resource cf01cfb2-e1f0-4dd7-97f3-0beb23088280 (type: ports) to 2
2026-07-02 06:18:10.888 9 INFO neutron.db.ovn_revision_numbers_db [None req-a8a33df0-219e-4ca5-99d1-a58937567ae1 - - - - - -] Successfully bumped revision number for resource 555cb104-fa8d-43e5-9026-e57a1b8305d4 (type: subnets) to 0
2026-07-02 06:18:10.901 9 INFO neutron.api.wsgi [None req-ed9253ad-8acf-4b07-9633-ea75ce0d8e07 a85b1ab8069f438d96fd4430ba1d0bec a334b46b4150443bbb4824a0369c2f4a - - default default] 10.0.0.211 "POST /v2.0/subnets HTTP/1.1" status: 201 len: 886 time: 0.5400422
2026-07-02 06:18:10.941 10 INFO neutron.db.ovn_revision_numbers_db [None req-500d171a-7e42-45c0-a223-de537bc9b5f6 bc0e204bb70e470a9dae6a19661b7708 00987951fb9842a399d5e2112693b171 - - default default] Successfully bumped revision number for resource f427da20-e3d3-44c8-80d3-1102b21e604d (type: ports) to 1
2026-07-02 06:18:10.964 10 INFO neutron.api.wsgi [None req-500d171a-7e42-45c0-a223-de537bc9b5f6 bc0e204bb70e470a9dae6a19661b7708 00987951fb9842a399d5e2112693b171 - - default default] 10.0.0.211 "POST /v2.0/ports HTTP/1.1" status: 201 len: 1163 time: 0.4189847
2026-07-02 06:18:11.095 10 INFO neutron.api.wsgi [req-60e87cbe-e6a8-42ce-9d09-d69dca7fecc6 req-c155c012-a53b-44aa-be5d-1544700e1188 deb7a785663a4889a5e6d726701aef2d 35a6b7a627e34620a6d45246fb4090f6 - - default default] 10.0.0.201 "GET /v2.0/ports?device_id=80191274-c6de-4cfb-8e8a-421fe9d6e0bd HTTP/1.1" status: 200 len: 1170 time: 0.0420890
2026-07-02 06:18:11.158 10 WARNING neutron.plugins.ml2.drivers.ovn.mech_driver.ovsdb.ovn_client [None req-42410406-3001-4d78-ab70-d6020ff6773e - - - - - -] No port found with ID 895abaa0-8901-4f6b-bc17-e767e43a870e: RuntimeError: No port found with ID 895abaa0-8901-4f6b-bc17-e767e43a870e
2026-07-02 06:18:11.161 10 INFO neutron.api.wsgi [req-60e87cbe-e6a8-42ce-9d09-d69dca7fecc6 req-ab9b2503-8bc4-4c0a-9cad-21fcd514df25 deb7a785663a4889a5e6d726701aef2d 35a6b7a627e34620a6d45246fb4090f6 - - default default] 10.0.0.201 "GET /v2.0/security-groups?id=062e6d44-1bf5-4584-8418-1a71b0eee174&fields=id&fields=name HTTP/1.1" status: 200 len: 313 time: 0.0588689
2026-07-02 06:18:11.294 9 WARNING neutron.scheduler.dhcp_agent_scheduler [None req-c7d04b78-1f61-49b6-b1eb-863084b4a44b a85b1ab8069f438d96fd4430ba1d0bec a334b46b4150443bbb4824a0369c2f4a - - default default] No more DHCP agents
2026-07-02 06:18:11.295 9 WARNING neutron.api.rpc.agentnotifiers.dhcp_rpc_agent_api [None req-c7d04b78-1f61-49b6-b1eb-863084b4a44b a85b1ab8069f438d96fd4430ba1d0bec a334b46b4150443bbb4824a0369c2f4a - - default default] Unable to schedule network e86a7062-e67c-434c-bb27-d2c9de8f3d6e: no agents available; will retry on subsequent port and subnet creation events.
