Mar 05 16:42:19.334819 np0000157916 systemd[1]: Starting devstack@n-api-meta.service - Devstack devstack@n-api-meta.service...
Mar 05 16:42:19.341680 np0000157916 devstack@n-api-meta.service[108552]: [uWSGI] getting INI configuration from /etc/nova/nova-metadata-uwsgi.ini
Mar 05 16:42:19.342266 np0000157916 devstack@n-api-meta.service[108552]: open("./http_plugin.so"): No such file or directory [core/utils.c line 3709]
Mar 05 16:42:19.342266 np0000157916 devstack@n-api-meta.service[108552]: !!! UNABLE to load uWSGI plugin: ./http_plugin.so: cannot open shared object file: No such file or directory !!!
Mar 05 16:42:19.342266 np0000157916 devstack@n-api-meta.service[108552]: open("./python3_plugin.so"): No such file or directory [core/utils.c line 3709]
Mar 05 16:42:19.342266 np0000157916 devstack@n-api-meta.service[108552]: !!! UNABLE to load uWSGI plugin: ./python3_plugin.so: cannot open shared object file: No such file or directory !!!
Mar 05 16:42:19.342266 np0000157916 devstack@n-api-meta.service[108552]: *** Starting uWSGI 2.0.31 (64bit) on [Thu Mar 5 16:42:19 2026] ***
Mar 05 16:42:19.342266 np0000157916 devstack@n-api-meta.service[108552]: compiled with version: 13.3.0 on 05 March 2026 16:32:38
Mar 05 16:42:19.342266 np0000157916 devstack@n-api-meta.service[108552]: os: Linux-6.8.0-101-generic #101-Ubuntu SMP PREEMPT_DYNAMIC Mon Feb 9 10:15:05 UTC 2026
Mar 05 16:42:19.342266 np0000157916 devstack@n-api-meta.service[108552]: nodename: np0000157916
Mar 05 16:42:19.342266 np0000157916 devstack@n-api-meta.service[108552]: machine: x86_64
Mar 05 16:42:19.342266 np0000157916 devstack@n-api-meta.service[108552]: clock source: unix
Mar 05 16:42:19.342266 np0000157916 devstack@n-api-meta.service[108552]: pcre jit disabled
Mar 05 16:42:19.342266 np0000157916 devstack@n-api-meta.service[108552]: detected number of CPU cores: 16
Mar 05 16:42:19.342266 np0000157916 devstack@n-api-meta.service[108552]: current working directory: /
Mar 05 16:42:19.342266 np0000157916 devstack@n-api-meta.service[108552]: detected binary path: /opt/stack/data/venv/bin/uwsgi
Mar 05 16:42:19.342266 np0000157916 devstack@n-api-meta.service[108552]: your processes number limit is 256917
Mar 05 16:42:19.342266 np0000157916 devstack@n-api-meta.service[108552]: your memory page size is 4096 bytes
Mar 05 16:42:19.342266 np0000157916 devstack@n-api-meta.service[108552]: detected max file descriptor number: 2048
Mar 05 16:42:19.342266 np0000157916 devstack@n-api-meta.service[108552]: lock engine: pthread robust mutexes
Mar 05 16:42:19.342266 np0000157916 devstack@n-api-meta.service[108552]: thunder lock: enabled
Mar 05 16:42:19.342266 np0000157916 devstack@n-api-meta.service[108552]: uWSGI http bound on 0.0.0.0:8775 fd 5
Mar 05 16:42:19.342266 np0000157916 devstack@n-api-meta.service[108552]: uwsgi socket 0 bound to TCP address 127.0.0.1:39857 (port auto-assigned) fd 4
Mar 05 16:42:19.343462 np0000157916 devstack@n-api-meta.service[108552]: Python version: 3.12.3 (main, Jan 22 2026, 20:57:42) [GCC 13.3.0]
Mar 05 16:42:19.343462 np0000157916 devstack@n-api-meta.service[108552]: PEP 405 virtualenv detected: /opt/stack/data/venv
Mar 05 16:42:19.343462 np0000157916 devstack@n-api-meta.service[108552]: Set PythonHome to /opt/stack/data/venv
Mar 05 16:42:19.376105 np0000157916 devstack@n-api-meta.service[108552]: Python main interpreter initialized at 0x7feb996a3668
Mar 05 16:42:19.376105 np0000157916 devstack@n-api-meta.service[108552]: python threads support enabled
Mar 05 16:42:19.376105 np0000157916 devstack@n-api-meta.service[108552]: your server socket listen backlog is limited to 100 connections
Mar 05 16:42:19.376105 np0000157916 devstack@n-api-meta.service[108552]: your mercy for graceful operations on workers is 80 seconds
Mar 05 16:42:19.376606 np0000157916 devstack@n-api-meta.service[108552]: mapped 671795 bytes (656 KB) for 4 cores
Mar 05 16:42:19.376753 np0000157916 devstack@n-api-meta.service[108552]: *** Operational MODE: preforking ***
Mar 05 16:42:19.376977 np0000157916 devstack@n-api-meta.service[108552]: *** uWSGI is running in multiple interpreter mode ***
Mar 05 16:42:19.376977 np0000157916 devstack@n-api-meta.service[108552]: spawned uWSGI master process (pid: 108552)
Mar 05 16:42:19.377101 np0000157916 systemd[1]: Started devstack@n-api-meta.service - Devstack devstack@n-api-meta.service.
Mar 05 16:42:19.377626 np0000157916 devstack@n-api-meta.service[108552]: spawned uWSGI worker 1 (pid: 108553, cores: 1)
Mar 05 16:42:19.378085 np0000157916 devstack@n-api-meta.service[108552]: spawned uWSGI worker 2 (pid: 108554, cores: 1)
Mar 05 16:42:19.378550 np0000157916 devstack@n-api-meta.service[108552]: spawned uWSGI worker 3 (pid: 108555, cores: 1)
Mar 05 16:42:19.378979 np0000157916 devstack@n-api-meta.service[108552]: spawned uWSGI worker 4 (pid: 108556, cores: 1)
Mar 05 16:42:19.379442 np0000157916 devstack@n-api-meta.service[108552]: spawned uWSGI http 1 (pid: 108557)
Mar 05 16:42:19.379442 np0000157916 devstack@n-api-meta.service[108552]: running "unix_signal:15 gracefully_kill_them_all" (master-start)...
Mar 05 16:42:19.712818 np0000157916 devstack@n-api-meta.service[108554]: Service is starting with native threading. This is currently experimental. Do not use it in production without first testing it in pre-production.
Mar 05 16:42:19.732093 np0000157916 devstack@n-api-meta.service[108553]: Service is starting with native threading. This is currently experimental. Do not use it in production without first testing it in pre-production.
Mar 05 16:42:19.736506 np0000157916 devstack@n-api-meta.service[108556]: Service is starting with native threading. This is currently experimental. Do not use it in production without first testing it in pre-production.
Mar 05 16:42:19.773989 np0000157916 devstack@n-api-meta.service[108555]: Service is starting with native threading. This is currently experimental. Do not use it in production without first testing it in pre-production.
Mar 05 16:42:21.079809 np0000157916 devstack@n-api-meta.service[108554]: INFO dbcounter [None req-cd6e5441-426e-4580-a4bc-7ef6db01045b None None] Registered counter for database nova_api
Mar 05 16:42:21.091461 np0000157916 devstack@n-api-meta.service[108555]: INFO dbcounter [None req-5ddeb364-d97b-4ac8-9bbb-e11a04a83b03 None None] Registered counter for database nova_api
Mar 05 16:42:21.094418 np0000157916 devstack@n-api-meta.service[108554]: DEBUG oslo_db.sqlalchemy.engines [None req-cd6e5441-426e-4580-a4bc-7ef6db01045b None None] MySQL server mode set to STRICT_TRANS_TABLES,STRICT_ALL_TABLES,NO_ZERO_IN_DATE,NO_ZERO_DATE,ERROR_FOR_DIVISION_BY_ZERO,TRADITIONAL,NO_ENGINE_SUBSTITUTION {{(pid=108554) _check_effective_sql_mode /opt/stack/data/venv/lib/python3.12/site-packages/oslo_db/sqlalchemy/engines.py:325}}
Mar 05 16:42:21.105249 np0000157916 devstack@n-api-meta.service[108555]: DEBUG oslo_db.sqlalchemy.engines [None req-5ddeb364-d97b-4ac8-9bbb-e11a04a83b03 None None] MySQL server mode set to STRICT_TRANS_TABLES,STRICT_ALL_TABLES,NO_ZERO_IN_DATE,NO_ZERO_DATE,ERROR_FOR_DIVISION_BY_ZERO,TRADITIONAL,NO_ENGINE_SUBSTITUTION {{(pid=108555) _check_effective_sql_mode /opt/stack/data/venv/lib/python3.12/site-packages/oslo_db/sqlalchemy/engines.py:325}}
Mar 05 16:42:21.123086 np0000157916 devstack@n-api-meta.service[108553]: INFO dbcounter [None req-7467dda7-7be6-43a1-82b1-3b328bf53c2e None None] Registered counter for database nova_api
Mar 05 16:42:21.128484 np0000157916 devstack@n-api-meta.service[108554]: DEBUG dbcounter [-] [108554] Writer thread running {{(pid=108554) stat_writer /opt/stack/data/venv/lib/python3.12/site-packages/dbcounter.py:102}}
Mar 05 16:42:21.130593 np0000157916 devstack@n-api-meta.service[108554]: DEBUG nova.context [None req-cd6e5441-426e-4580-a4bc-7ef6db01045b None None] Found 2 cells: 00000000-0000-0000-0000-000000000000(cell0),5ee7c39c-4943-45d7-8c0e-3df3752ed880(cell1) {{(pid=108554) load_cells /opt/stack/nova/nova/context.py:509}}
Mar 05 16:42:21.130683 np0000157916 devstack@n-api-meta.service[108554]: INFO nova.utils [None req-cd6e5441-426e-4580-a4bc-7ef6db01045b None None] The cell worker thread pool MainProcess.cell_worker is initialized
Mar 05 16:42:21.133571 np0000157916 devstack@n-api-meta.service[108554]: DEBUG oslo_concurrency.lockutils [None req-cd6e5441-426e-4580-a4bc-7ef6db01045b None None] Acquiring lock "00000000-0000-0000-0000-000000000000" by "nova.context.set_target_cell..get_or_set_cached_cell_and_set_connections" {{(pid=108554) inner /opt/stack/data/venv/lib/python3.12/site-packages/oslo_concurrency/lockutils.py:506}}
Mar 05 16:42:21.133571 np0000157916 devstack@n-api-meta.service[108554]: DEBUG oslo_concurrency.lockutils [None req-cd6e5441-426e-4580-a4bc-7ef6db01045b None None] Lock "00000000-0000-0000-0000-000000000000" acquired by "nova.context.set_target_cell..get_or_set_cached_cell_and_set_connections" :: waited 0.000s {{(pid=108554) inner /opt/stack/data/venv/lib/python3.12/site-packages/oslo_concurrency/lockutils.py:519}}
Mar 05 16:42:21.133571 np0000157916 devstack@n-api-meta.service[108554]: DEBUG oslo_concurrency.lockutils [None req-cd6e5441-426e-4580-a4bc-7ef6db01045b None None] Lock "00000000-0000-0000-0000-000000000000" "released" by "nova.context.set_target_cell..get_or_set_cached_cell_and_set_connections" :: held 0.000s {{(pid=108554) inner /opt/stack/data/venv/lib/python3.12/site-packages/oslo_concurrency/lockutils.py:538}}
Mar 05 16:42:21.133845 np0000157916 devstack@n-api-meta.service[108554]: DEBUG oslo_concurrency.lockutils [None req-cd6e5441-426e-4580-a4bc-7ef6db01045b None None] Acquiring lock "5ee7c39c-4943-45d7-8c0e-3df3752ed880" by "nova.context.set_target_cell..get_or_set_cached_cell_and_set_connections" {{(pid=108554) inner /opt/stack/data/venv/lib/python3.12/site-packages/oslo_concurrency/lockutils.py:506}}
Mar 05 16:42:21.134009 np0000157916 devstack@n-api-meta.service[108554]: DEBUG oslo_concurrency.lockutils [None req-cd6e5441-426e-4580-a4bc-7ef6db01045b None None] Lock "5ee7c39c-4943-45d7-8c0e-3df3752ed880" acquired by "nova.context.set_target_cell..get_or_set_cached_cell_and_set_connections" :: waited 0.000s {{(pid=108554) inner /opt/stack/data/venv/lib/python3.12/site-packages/oslo_concurrency/lockutils.py:519}}
Mar 05 16:42:21.134862 np0000157916 devstack@n-api-meta.service[108554]: DEBUG oslo_concurrency.lockutils [None req-cd6e5441-426e-4580-a4bc-7ef6db01045b None None] Lock "5ee7c39c-4943-45d7-8c0e-3df3752ed880" "released" by "nova.context.set_target_cell..get_or_set_cached_cell_and_set_connections" :: held 0.001s {{(pid=108554) inner /opt/stack/data/venv/lib/python3.12/site-packages/oslo_concurrency/lockutils.py:538}}
Mar 05 16:42:21.137363 np0000157916 devstack@n-api-meta.service[108554]: INFO dbcounter [None req-cd6e5441-426e-4580-a4bc-7ef6db01045b None None] Registered counter for database nova_cell0
Mar 05 16:42:21.137865 np0000157916 devstack@n-api-meta.service[108555]: DEBUG dbcounter [-] [108555] Writer thread running {{(pid=108555) stat_writer /opt/stack/data/venv/lib/python3.12/site-packages/dbcounter.py:102}}
Mar 05 16:42:21.137997 np0000157916 devstack@n-api-meta.service[108553]: DEBUG oslo_db.sqlalchemy.engines [None req-7467dda7-7be6-43a1-82b1-3b328bf53c2e None None] MySQL server mode set to STRICT_TRANS_TABLES,STRICT_ALL_TABLES,NO_ZERO_IN_DATE,NO_ZERO_DATE,ERROR_FOR_DIVISION_BY_ZERO,TRADITIONAL,NO_ENGINE_SUBSTITUTION {{(pid=108553) _check_effective_sql_mode /opt/stack/data/venv/lib/python3.12/site-packages/oslo_db/sqlalchemy/engines.py:325}}
Mar 05 16:42:21.139939 np0000157916 devstack@n-api-meta.service[108555]: DEBUG nova.context [None req-5ddeb364-d97b-4ac8-9bbb-e11a04a83b03 None None] Found 2 cells: 00000000-0000-0000-0000-000000000000(cell0),5ee7c39c-4943-45d7-8c0e-3df3752ed880(cell1) {{(pid=108555) load_cells /opt/stack/nova/nova/context.py:509}}
Mar 05 16:42:21.140158 np0000157916 devstack@n-api-meta.service[108555]: INFO nova.utils [None req-5ddeb364-d97b-4ac8-9bbb-e11a04a83b03 None None] The cell worker thread pool MainProcess.cell_worker is initialized
Mar 05 16:42:21.141056 np0000157916 devstack@n-api-meta.service[108554]: INFO dbcounter [None req-cd6e5441-426e-4580-a4bc-7ef6db01045b None None] Registered counter for database nova_cell1
Mar 05 16:42:21.141881 np0000157916 devstack@n-api-meta.service[108555]: DEBUG oslo_concurrency.lockutils [None req-5ddeb364-d97b-4ac8-9bbb-e11a04a83b03 None None] Acquiring lock "00000000-0000-0000-0000-000000000000" by "nova.context.set_target_cell..get_or_set_cached_cell_and_set_connections" {{(pid=108555) inner /opt/stack/data/venv/lib/python3.12/site-packages/oslo_concurrency/lockutils.py:506}}
Mar 05 16:42:21.141941 np0000157916 devstack@n-api-meta.service[108556]: INFO dbcounter [None req-682204b8-e70b-4473-9fd7-1b727bc3243a None None] Registered counter for database nova_api
Mar 05 16:42:21.142234 np0000157916 devstack@n-api-meta.service[108555]: DEBUG oslo_concurrency.lockutils [None req-5ddeb364-d97b-4ac8-9bbb-e11a04a83b03 None None] Lock "00000000-0000-0000-0000-000000000000" acquired by "nova.context.set_target_cell..get_or_set_cached_cell_and_set_connections" :: waited 0.000s {{(pid=108555) inner /opt/stack/data/venv/lib/python3.12/site-packages/oslo_concurrency/lockutils.py:519}}
Mar 05 16:42:21.145922 np0000157916 devstack@n-api-meta.service[108555]: DEBUG oslo_concurrency.lockutils [None req-5ddeb364-d97b-4ac8-9bbb-e11a04a83b03 None None] Lock "00000000-0000-0000-0000-000000000000" "released" by "nova.context.set_target_cell..get_or_set_cached_cell_and_set_connections" :: held 0.000s {{(pid=108555) inner /opt/stack/data/venv/lib/python3.12/site-packages/oslo_concurrency/lockutils.py:538}}
Mar 05 16:42:21.145922 np0000157916 devstack@n-api-meta.service[108555]: DEBUG oslo_concurrency.lockutils [None req-5ddeb364-d97b-4ac8-9bbb-e11a04a83b03 None None] Acquiring lock "5ee7c39c-4943-45d7-8c0e-3df3752ed880" by "nova.context.set_target_cell..get_or_set_cached_cell_and_set_connections" {{(pid=108555) inner /opt/stack/data/venv/lib/python3.12/site-packages/oslo_concurrency/lockutils.py:506}}
Mar 05 16:42:21.145922 np0000157916 devstack@n-api-meta.service[108555]: DEBUG oslo_concurrency.lockutils [None req-5ddeb364-d97b-4ac8-9bbb-e11a04a83b03 None None] Lock "5ee7c39c-4943-45d7-8c0e-3df3752ed880" acquired by "nova.context.set_target_cell..get_or_set_cached_cell_and_set_connections" :: waited 0.000s {{(pid=108555) inner /opt/stack/data/venv/lib/python3.12/site-packages/oslo_concurrency/lockutils.py:519}}
Mar 05 16:42:21.145922 np0000157916 devstack@n-api-meta.service[108555]: DEBUG oslo_concurrency.lockutils [None req-5ddeb364-d97b-4ac8-9bbb-e11a04a83b03 None None] Lock "5ee7c39c-4943-45d7-8c0e-3df3752ed880" "released" by "nova.context.set_target_cell..get_or_set_cached_cell_and_set_connections" :: held 0.001s {{(pid=108555) inner /opt/stack/data/venv/lib/python3.12/site-packages/oslo_concurrency/lockutils.py:538}}
Mar 05 16:42:21.146845 np0000157916 devstack@n-api-meta.service[108555]: INFO dbcounter [None req-5ddeb364-d97b-4ac8-9bbb-e11a04a83b03 None None] Registered counter for database nova_cell0
Mar 05 16:42:21.149649 np0000157916 devstack@n-api-meta.service[108554]: DEBUG oslo_db.sqlalchemy.engines [None req-cd6e5441-426e-4580-a4bc-7ef6db01045b None None] MySQL server mode set to STRICT_TRANS_TABLES,STRICT_ALL_TABLES,NO_ZERO_IN_DATE,NO_ZERO_DATE,ERROR_FOR_DIVISION_BY_ZERO,TRADITIONAL,NO_ENGINE_SUBSTITUTION {{(pid=108554) _check_effective_sql_mode /opt/stack/data/venv/lib/python3.12/site-packages/oslo_db/sqlalchemy/engines.py:325}}
Mar 05 16:42:21.154157 np0000157916 devstack@n-api-meta.service[108555]: INFO dbcounter [None req-5ddeb364-d97b-4ac8-9bbb-e11a04a83b03 None None] Registered counter for database nova_cell1
Mar 05 16:42:21.161014 np0000157916 devstack@n-api-meta.service[108556]: DEBUG oslo_db.sqlalchemy.engines [None req-682204b8-e70b-4473-9fd7-1b727bc3243a None None] MySQL server mode set to STRICT_TRANS_TABLES,STRICT_ALL_TABLES,NO_ZERO_IN_DATE,NO_ZERO_DATE,ERROR_FOR_DIVISION_BY_ZERO,TRADITIONAL,NO_ENGINE_SUBSTITUTION {{(pid=108556) _check_effective_sql_mode /opt/stack/data/venv/lib/python3.12/site-packages/oslo_db/sqlalchemy/engines.py:325}}
Mar 05 16:42:21.165436 np0000157916 devstack@n-api-meta.service[108555]: DEBUG oslo_db.sqlalchemy.engines [None req-5ddeb364-d97b-4ac8-9bbb-e11a04a83b03 None None] MySQL server mode set to STRICT_TRANS_TABLES,STRICT_ALL_TABLES,NO_ZERO_IN_DATE,NO_ZERO_DATE,ERROR_FOR_DIVISION_BY_ZERO,TRADITIONAL,NO_ENGINE_SUBSTITUTION {{(pid=108555) _check_effective_sql_mode /opt/stack/data/venv/lib/python3.12/site-packages/oslo_db/sqlalchemy/engines.py:325}}
Mar 05 16:42:21.166367 np0000157916 devstack@n-api-meta.service[108553]: DEBUG dbcounter [-] [108553] Writer thread running {{(pid=108553) stat_writer /opt/stack/data/venv/lib/python3.12/site-packages/dbcounter.py:102}}
Mar 05 16:42:21.167742 np0000157916 devstack@n-api-meta.service[108554]: DEBUG oslo_db.sqlalchemy.engines [None req-cd6e5441-426e-4580-a4bc-7ef6db01045b None None] MySQL server mode set to STRICT_TRANS_TABLES,STRICT_ALL_TABLES,NO_ZERO_IN_DATE,NO_ZERO_DATE,ERROR_FOR_DIVISION_BY_ZERO,TRADITIONAL,NO_ENGINE_SUBSTITUTION {{(pid=108554) _check_effective_sql_mode /opt/stack/data/venv/lib/python3.12/site-packages/oslo_db/sqlalchemy/engines.py:325}}
Mar 05 16:42:21.169069 np0000157916 devstack@n-api-meta.service[108553]: DEBUG nova.context [None req-7467dda7-7be6-43a1-82b1-3b328bf53c2e None None] Found 2 cells: 00000000-0000-0000-0000-000000000000(cell0),5ee7c39c-4943-45d7-8c0e-3df3752ed880(cell1) {{(pid=108553) load_cells /opt/stack/nova/nova/context.py:509}}
Mar 05 16:42:21.169069 np0000157916 devstack@n-api-meta.service[108553]: INFO nova.utils [None req-7467dda7-7be6-43a1-82b1-3b328bf53c2e None None] The cell worker thread pool MainProcess.cell_worker is initialized
Mar 05 16:42:21.170302 np0000157916 devstack@n-api-meta.service[108553]: DEBUG oslo_concurrency.lockutils [None req-7467dda7-7be6-43a1-82b1-3b328bf53c2e None None] Acquiring lock "00000000-0000-0000-0000-000000000000" by "nova.context.set_target_cell..get_or_set_cached_cell_and_set_connections" {{(pid=108553) inner /opt/stack/data/venv/lib/python3.12/site-packages/oslo_concurrency/lockutils.py:506}}
Mar 05 16:42:21.170302 np0000157916 devstack@n-api-meta.service[108553]: DEBUG oslo_concurrency.lockutils [None req-7467dda7-7be6-43a1-82b1-3b328bf53c2e None None] Lock "00000000-0000-0000-0000-000000000000" acquired by "nova.context.set_target_cell..get_or_set_cached_cell_and_set_connections" :: waited 0.000s {{(pid=108553) inner /opt/stack/data/venv/lib/python3.12/site-packages/oslo_concurrency/lockutils.py:519}}
Mar 05 16:42:21.170627 np0000157916 devstack@n-api-meta.service[108553]: DEBUG oslo_concurrency.lockutils [None req-7467dda7-7be6-43a1-82b1-3b328bf53c2e None None] Lock "00000000-0000-0000-0000-000000000000" "released" by "nova.context.set_target_cell..get_or_set_cached_cell_and_set_connections" :: held 0.000s {{(pid=108553) inner /opt/stack/data/venv/lib/python3.12/site-packages/oslo_concurrency/lockutils.py:538}}
Mar 05 16:42:21.171248 np0000157916 devstack@n-api-meta.service[108553]: DEBUG oslo_concurrency.lockutils [None req-7467dda7-7be6-43a1-82b1-3b328bf53c2e None None] Acquiring lock "5ee7c39c-4943-45d7-8c0e-3df3752ed880" by "nova.context.set_target_cell..get_or_set_cached_cell_and_set_connections" {{(pid=108553) inner /opt/stack/data/venv/lib/python3.12/site-packages/oslo_concurrency/lockutils.py:506}}
Mar 05 16:42:21.171415 np0000157916 devstack@n-api-meta.service[108553]: DEBUG oslo_concurrency.lockutils [None req-7467dda7-7be6-43a1-82b1-3b328bf53c2e None None] Lock "5ee7c39c-4943-45d7-8c0e-3df3752ed880" acquired by "nova.context.set_target_cell..get_or_set_cached_cell_and_set_connections" :: waited 0.000s {{(pid=108553) inner /opt/stack/data/venv/lib/python3.12/site-packages/oslo_concurrency/lockutils.py:519}}
Mar 05 16:42:21.172160 np0000157916 devstack@n-api-meta.service[108553]: DEBUG oslo_concurrency.lockutils [None req-7467dda7-7be6-43a1-82b1-3b328bf53c2e None None] Lock "5ee7c39c-4943-45d7-8c0e-3df3752ed880" "released" by "nova.context.set_target_cell..get_or_set_cached_cell_and_set_connections" :: held 0.001s {{(pid=108553) inner /opt/stack/data/venv/lib/python3.12/site-packages/oslo_concurrency/lockutils.py:538}}
Mar 05 16:42:21.174254 np0000157916 devstack@n-api-meta.service[108553]: INFO dbcounter [None req-7467dda7-7be6-43a1-82b1-3b328bf53c2e None None] Registered counter for database nova_cell0
Mar 05 16:42:21.177472 np0000157916 devstack@n-api-meta.service[108555]: DEBUG oslo_db.sqlalchemy.engines [None req-5ddeb364-d97b-4ac8-9bbb-e11a04a83b03 None None] MySQL server mode set to STRICT_TRANS_TABLES,STRICT_ALL_TABLES,NO_ZERO_IN_DATE,NO_ZERO_DATE,ERROR_FOR_DIVISION_BY_ZERO,TRADITIONAL,NO_ENGINE_SUBSTITUTION {{(pid=108555) _check_effective_sql_mode /opt/stack/data/venv/lib/python3.12/site-packages/oslo_db/sqlalchemy/engines.py:325}}
Mar 05 16:42:21.177793 np0000157916 devstack@n-api-meta.service[108553]: INFO dbcounter [None req-7467dda7-7be6-43a1-82b1-3b328bf53c2e None None] Registered counter for database nova_cell1
Mar 05 16:42:21.187529 np0000157916 devstack@n-api-meta.service[108553]: DEBUG oslo_db.sqlalchemy.engines [None req-7467dda7-7be6-43a1-82b1-3b328bf53c2e None None] MySQL server mode set to STRICT_TRANS_TABLES,STRICT_ALL_TABLES,NO_ZERO_IN_DATE,NO_ZERO_DATE,ERROR_FOR_DIVISION_BY_ZERO,TRADITIONAL,NO_ENGINE_SUBSTITUTION {{(pid=108553) _check_effective_sql_mode /opt/stack/data/venv/lib/python3.12/site-packages/oslo_db/sqlalchemy/engines.py:325}}
Mar 05 16:42:21.191633 np0000157916 devstack@n-api-meta.service[108553]: DEBUG oslo_db.sqlalchemy.engines [None req-7467dda7-7be6-43a1-82b1-3b328bf53c2e None None] MySQL server mode set to STRICT_TRANS_TABLES,STRICT_ALL_TABLES,NO_ZERO_IN_DATE,NO_ZERO_DATE,ERROR_FOR_DIVISION_BY_ZERO,TRADITIONAL,NO_ENGINE_SUBSTITUTION {{(pid=108553) _check_effective_sql_mode /opt/stack/data/venv/lib/python3.12/site-packages/oslo_db/sqlalchemy/engines.py:325}}
Mar 05 16:42:21.208809 np0000157916 devstack@n-api-meta.service[108556]: DEBUG dbcounter [-] [108556] Writer thread running {{(pid=108556) stat_writer /opt/stack/data/venv/lib/python3.12/site-packages/dbcounter.py:102}}
Mar 05 16:42:21.211940 np0000157916 devstack@n-api-meta.service[108556]: DEBUG nova.context [None req-682204b8-e70b-4473-9fd7-1b727bc3243a None None] Found 2 cells: 00000000-0000-0000-0000-000000000000(cell0),5ee7c39c-4943-45d7-8c0e-3df3752ed880(cell1) {{(pid=108556) load_cells /opt/stack/nova/nova/context.py:509}}
Mar 05 16:42:21.212260 np0000157916 devstack@n-api-meta.service[108556]: INFO nova.utils [None req-682204b8-e70b-4473-9fd7-1b727bc3243a None None] The cell worker thread pool MainProcess.cell_worker is initialized
Mar 05 16:42:21.214839 np0000157916 devstack@n-api-meta.service[108556]: DEBUG oslo_concurrency.lockutils [None req-682204b8-e70b-4473-9fd7-1b727bc3243a None None] Acquiring lock "00000000-0000-0000-0000-000000000000" by "nova.context.set_target_cell..get_or_set_cached_cell_and_set_connections" {{(pid=108556) inner /opt/stack/data/venv/lib/python3.12/site-packages/oslo_concurrency/lockutils.py:506}}
Mar 05 16:42:21.215072 np0000157916 devstack@n-api-meta.service[108556]: DEBUG oslo_concurrency.lockutils [None req-682204b8-e70b-4473-9fd7-1b727bc3243a None None] Lock "00000000-0000-0000-0000-000000000000" acquired by "nova.context.set_target_cell..get_or_set_cached_cell_and_set_connections" :: waited 0.000s {{(pid=108556) inner /opt/stack/data/venv/lib/python3.12/site-packages/oslo_concurrency/lockutils.py:519}}
Mar 05 16:42:21.215635 np0000157916 devstack@n-api-meta.service[108556]: DEBUG oslo_concurrency.lockutils [None req-682204b8-e70b-4473-9fd7-1b727bc3243a None None] Lock "00000000-0000-0000-0000-000000000000" "released" by "nova.context.set_target_cell..get_or_set_cached_cell_and_set_connections" :: held 0.001s {{(pid=108556) inner /opt/stack/data/venv/lib/python3.12/site-packages/oslo_concurrency/lockutils.py:538}}
Mar 05 16:42:21.216488 np0000157916 devstack@n-api-meta.service[108556]: DEBUG oslo_concurrency.lockutils [None req-682204b8-e70b-4473-9fd7-1b727bc3243a None None] Acquiring lock "5ee7c39c-4943-45d7-8c0e-3df3752ed880" by "nova.context.set_target_cell..get_or_set_cached_cell_and_set_connections" {{(pid=108556) inner /opt/stack/data/venv/lib/python3.12/site-packages/oslo_concurrency/lockutils.py:506}}
Mar 05 16:42:21.216674 np0000157916 devstack@n-api-meta.service[108556]: DEBUG oslo_concurrency.lockutils [None req-682204b8-e70b-4473-9fd7-1b727bc3243a None None] Lock "5ee7c39c-4943-45d7-8c0e-3df3752ed880" acquired by "nova.context.set_target_cell..get_or_set_cached_cell_and_set_connections" :: waited 0.000s {{(pid=108556) inner /opt/stack/data/venv/lib/python3.12/site-packages/oslo_concurrency/lockutils.py:519}}
Mar 05 16:42:21.217942 np0000157916 devstack@n-api-meta.service[108556]: DEBUG oslo_concurrency.lockutils [None req-682204b8-e70b-4473-9fd7-1b727bc3243a None None] Lock "5ee7c39c-4943-45d7-8c0e-3df3752ed880" "released" by "nova.context.set_target_cell..get_or_set_cached_cell_and_set_connections" :: held 0.001s {{(pid=108556) inner /opt/stack/data/venv/lib/python3.12/site-packages/oslo_concurrency/lockutils.py:538}}
Mar 05 16:42:21.219933 np0000157916 devstack@n-api-meta.service[108556]: INFO dbcounter [None req-682204b8-e70b-4473-9fd7-1b727bc3243a None None] Registered counter for database nova_cell0
Mar 05 16:42:21.225356 np0000157916 devstack@n-api-meta.service[108556]: INFO dbcounter [None req-682204b8-e70b-4473-9fd7-1b727bc3243a None None] Registered counter for database nova_cell1
Mar 05 16:42:21.232629 np0000157916 devstack@n-api-meta.service[108556]: DEBUG oslo_db.sqlalchemy.engines [None req-682204b8-e70b-4473-9fd7-1b727bc3243a None None] MySQL server mode set to STRICT_TRANS_TABLES,STRICT_ALL_TABLES,NO_ZERO_IN_DATE,NO_ZERO_DATE,ERROR_FOR_DIVISION_BY_ZERO,TRADITIONAL,NO_ENGINE_SUBSTITUTION {{(pid=108556) _check_effective_sql_mode /opt/stack/data/venv/lib/python3.12/site-packages/oslo_db/sqlalchemy/engines.py:325}}
Mar 05 16:42:21.239218 np0000157916 devstack@n-api-meta.service[108556]: DEBUG oslo_db.sqlalchemy.engines [None req-682204b8-e70b-4473-9fd7-1b727bc3243a None None] MySQL server mode set to STRICT_TRANS_TABLES,STRICT_ALL_TABLES,NO_ZERO_IN_DATE,NO_ZERO_DATE,ERROR_FOR_DIVISION_BY_ZERO,TRADITIONAL,NO_ENGINE_SUBSTITUTION {{(pid=108556) _check_effective_sql_mode /opt/stack/data/venv/lib/python3.12/site-packages/oslo_db/sqlalchemy/engines.py:325}}
Mar 05 16:42:21.266309 np0000157916 devstack@n-api-meta.service[108554]: DEBUG dbcounter [-] [108554] Writer thread running {{(pid=108554) stat_writer /opt/stack/data/venv/lib/python3.12/site-packages/dbcounter.py:102}}
Mar 05 16:42:21.272248 np0000157916 devstack@n-api-meta.service[108554]: DEBUG dbcounter [-] [108554] Writer thread running {{(pid=108554) stat_writer /opt/stack/data/venv/lib/python3.12/site-packages/dbcounter.py:102}}
Mar 05 16:42:21.272963 np0000157916 devstack@n-api-meta.service[108555]: DEBUG dbcounter [-] [108555] Writer thread running {{(pid=108555) stat_writer /opt/stack/data/venv/lib/python3.12/site-packages/dbcounter.py:102}}
Mar 05 16:42:21.276564 np0000157916 devstack@n-api-meta.service[108555]: DEBUG dbcounter [-] [108555] Writer thread running {{(pid=108555) stat_writer /opt/stack/data/venv/lib/python3.12/site-packages/dbcounter.py:102}}
Mar 05 16:42:21.277410 np0000157916 devstack@n-api-meta.service[108554]: INFO dbcounter [None req-cd6e5441-426e-4580-a4bc-7ef6db01045b None None] Registered counter for database nova_cell0
Mar 05 16:42:21.280215 np0000157916 devstack@n-api-meta.service[108555]: INFO dbcounter [None req-5ddeb364-d97b-4ac8-9bbb-e11a04a83b03 None None] Registered counter for database nova_cell0
Mar 05 16:42:21.287877 np0000157916 devstack@n-api-meta.service[108554]: DEBUG oslo_db.sqlalchemy.engines [None req-cd6e5441-426e-4580-a4bc-7ef6db01045b None None] MySQL server mode set to STRICT_TRANS_TABLES,STRICT_ALL_TABLES,NO_ZERO_IN_DATE,NO_ZERO_DATE,ERROR_FOR_DIVISION_BY_ZERO,TRADITIONAL,NO_ENGINE_SUBSTITUTION {{(pid=108554) _check_effective_sql_mode /opt/stack/data/venv/lib/python3.12/site-packages/oslo_db/sqlalchemy/engines.py:325}}
Mar 05 16:42:21.295020 np0000157916 devstack@n-api-meta.service[108555]: DEBUG oslo_db.sqlalchemy.engines [None req-5ddeb364-d97b-4ac8-9bbb-e11a04a83b03 None None] MySQL server mode set to STRICT_TRANS_TABLES,STRICT_ALL_TABLES,NO_ZERO_IN_DATE,NO_ZERO_DATE,ERROR_FOR_DIVISION_BY_ZERO,TRADITIONAL,NO_ENGINE_SUBSTITUTION {{(pid=108555) _check_effective_sql_mode /opt/stack/data/venv/lib/python3.12/site-packages/oslo_db/sqlalchemy/engines.py:325}}
Mar 05 16:42:21.297448 np0000157916 devstack@n-api-meta.service[108554]: DEBUG dbcounter [-] [108554] Writer thread running {{(pid=108554) stat_writer /opt/stack/data/venv/lib/python3.12/site-packages/dbcounter.py:102}}
Mar 05 16:42:21.304667 np0000157916 devstack@n-api-meta.service[108555]: DEBUG dbcounter [-] [108555] Writer thread running {{(pid=108555) stat_writer /opt/stack/data/venv/lib/python3.12/site-packages/dbcounter.py:102}}
Mar 05 16:42:21.305140 np0000157916 devstack@n-api-meta.service[108553]: DEBUG dbcounter [-] [108553] Writer thread running {{(pid=108553) stat_writer /opt/stack/data/venv/lib/python3.12/site-packages/dbcounter.py:102}}
Mar 05 16:42:21.306131 np0000157916 devstack@n-api-meta.service[108553]: DEBUG dbcounter [-] [108553] Writer thread running {{(pid=108553) stat_writer /opt/stack/data/venv/lib/python3.12/site-packages/dbcounter.py:102}}
Mar 05 16:42:21.311357 np0000157916 devstack@n-api-meta.service[108553]: INFO dbcounter [None req-7467dda7-7be6-43a1-82b1-3b328bf53c2e None None] Registered counter for database nova_cell0
Mar 05 16:42:21.320367 np0000157916 devstack@n-api-meta.service[108553]: DEBUG oslo_db.sqlalchemy.engines [None req-7467dda7-7be6-43a1-82b1-3b328bf53c2e None None] MySQL server mode set to STRICT_TRANS_TABLES,STRICT_ALL_TABLES,NO_ZERO_IN_DATE,NO_ZERO_DATE,ERROR_FOR_DIVISION_BY_ZERO,TRADITIONAL,NO_ENGINE_SUBSTITUTION {{(pid=108553) _check_effective_sql_mode /opt/stack/data/venv/lib/python3.12/site-packages/oslo_db/sqlalchemy/engines.py:325}}
Mar 05 16:42:21.331376 np0000157916 devstack@n-api-meta.service[108553]: DEBUG dbcounter [-] [108553] Writer thread running {{(pid=108553) stat_writer /opt/stack/data/venv/lib/python3.12/site-packages/dbcounter.py:102}}
Mar 05 16:42:21.331751 np0000157916 devstack@n-api-meta.service[108556]: DEBUG dbcounter [-] [108556] Writer thread running {{(pid=108556) stat_writer /opt/stack/data/venv/lib/python3.12/site-packages/dbcounter.py:102}}
Mar 05 16:42:21.334269 np0000157916 devstack@n-api-meta.service[108556]: DEBUG dbcounter [-] [108556] Writer thread running {{(pid=108556) stat_writer /opt/stack/data/venv/lib/python3.12/site-packages/dbcounter.py:102}}
Mar 05 16:42:21.339019 np0000157916 devstack@n-api-meta.service[108556]: INFO dbcounter [None req-682204b8-e70b-4473-9fd7-1b727bc3243a None None] Registered counter for database nova_cell0
Mar 05 16:42:21.342286 np0000157916 devstack@n-api-meta.service[108554]: WARNING nova.api.metadata.handler [None req-cd6e5441-426e-4580-a4bc-7ef6db01045b None None] metadata_proxy_shared_secret is not configured, the metadata information returned by the proxy cannot be trusted
Mar 05 16:42:21.344781 np0000157916 devstack@n-api-meta.service[108554]: DEBUG nova.api.openstack.wsgi_app [None req-cd6e5441-426e-4580-a4bc-7ef6db01045b None None] ******************************************************************************** {{(pid=108554) log_opt_values /opt/stack/data/venv/lib/python3.12/site-packages/oslo_config/cfg.py:2979}}
Mar 05 16:42:21.344905 np0000157916 devstack@n-api-meta.service[108554]: DEBUG nova.api.openstack.wsgi_app [None req-cd6e5441-426e-4580-a4bc-7ef6db01045b None None] Configuration options gathered from: {{(pid=108554) log_opt_values /opt/stack/data/venv/lib/python3.12/site-packages/oslo_config/cfg.py:2980}}
Mar 05 16:42:21.345017 np0000157916 devstack@n-api-meta.service[108554]: DEBUG nova.api.openstack.wsgi_app [None req-cd6e5441-426e-4580-a4bc-7ef6db01045b None None] command line args: [] {{(pid=108554) log_opt_values /opt/stack/data/venv/lib/python3.12/site-packages/oslo_config/cfg.py:2981}}
Mar 05 16:42:21.345164 np0000157916 devstack@n-api-meta.service[108554]: DEBUG nova.api.openstack.wsgi_app [None req-cd6e5441-426e-4580-a4bc-7ef6db01045b None None] config files: ['/etc/nova/api-paste.ini', '/etc/nova/nova.conf'] {{(pid=108554) log_opt_values /opt/stack/data/venv/lib/python3.12/site-packages/oslo_config/cfg.py:2982}}
Mar 05 16:42:21.345261 np0000157916 devstack@n-api-meta.service[108554]: DEBUG nova.api.openstack.wsgi_app [None req-cd6e5441-426e-4580-a4bc-7ef6db01045b None None] ================================================================================ {{(pid=108554) log_opt_values /opt/stack/data/venv/lib/python3.12/site-packages/oslo_config/cfg.py:2987}}
Mar 05 16:42:21.345554 np0000157916 devstack@n-api-meta.service[108554]: DEBUG nova.api.openstack.wsgi_app [None req-cd6e5441-426e-4580-a4bc-7ef6db01045b None None] allow_resize_to_same_host = True {{(pid=108554) log_opt_values /opt/stack/data/venv/lib/python3.12/site-packages/oslo_config/cfg.py:2995}}
Mar 05 16:42:21.345692 np0000157916 devstack@n-api-meta.service[108554]: DEBUG nova.api.openstack.wsgi_app [None req-cd6e5441-426e-4580-a4bc-7ef6db01045b None None] arq_binding_timeout = 300 {{(pid=108554) log_opt_values /opt/stack/data/venv/lib/python3.12/site-packages/oslo_config/cfg.py:2995}}
Mar 05 16:42:21.345816 np0000157916 devstack@n-api-meta.service[108554]: DEBUG nova.api.openstack.wsgi_app [None req-cd6e5441-426e-4580-a4bc-7ef6db01045b None None] block_device_allocate_retries = 60 {{(pid=108554) log_opt_values /opt/stack/data/venv/lib/python3.12/site-packages/oslo_config/cfg.py:2995}}
Mar 05 16:42:21.345978 np0000157916 devstack@n-api-meta.service[108554]: DEBUG nova.api.openstack.wsgi_app [None req-cd6e5441-426e-4580-a4bc-7ef6db01045b None None] block_device_allocate_retries_interval = 3 {{(pid=108554) log_opt_values /opt/stack/data/venv/lib/python3.12/site-packages/oslo_config/cfg.py:2995}}
Mar 05 16:42:21.346084 np0000157916 devstack@n-api-meta.service[108554]: DEBUG nova.api.openstack.wsgi_app [None req-cd6e5441-426e-4580-a4bc-7ef6db01045b None None] cell_worker_thread_pool_size = 5 {{(pid=108554) log_opt_values /opt/stack/data/venv/lib/python3.12/site-packages/oslo_config/cfg.py:2995}}
Mar 05 16:42:21.346220 np0000157916 devstack@n-api-meta.service[108554]: DEBUG nova.api.openstack.wsgi_app [None req-cd6e5441-426e-4580-a4bc-7ef6db01045b None None] cert = self.pem {{(pid=108554) log_opt_values /opt/stack/data/venv/lib/python3.12/site-packages/oslo_config/cfg.py:2995}}
Mar 05 16:42:21.346372 np0000157916 devstack@n-api-meta.service[108554]: DEBUG nova.api.openstack.wsgi_app [None req-cd6e5441-426e-4580-a4bc-7ef6db01045b None None] compute_driver = libvirt.LibvirtDriver {{(pid=108554) log_opt_values /opt/stack/data/venv/lib/python3.12/site-packages/oslo_config/cfg.py:2995}}
Mar 05 16:42:21.346508 np0000157916 devstack@n-api-meta.service[108554]: DEBUG nova.api.openstack.wsgi_app [None req-cd6e5441-426e-4580-a4bc-7ef6db01045b None None] compute_monitors = [] {{(pid=108554) log_opt_values /opt/stack/data/venv/lib/python3.12/site-packages/oslo_config/cfg.py:2995}}
Mar 05 16:42:21.346641 np0000157916 devstack@n-api-meta.service[108554]: DEBUG nova.api.openstack.wsgi_app [None req-cd6e5441-426e-4580-a4bc-7ef6db01045b None None] config_dir = [] {{(pid=108554) log_opt_values /opt/stack/data/venv/lib/python3.12/site-packages/oslo_config/cfg.py:2995}}
Mar 05 16:42:21.346802 np0000157916 devstack@n-api-meta.service[108554]: DEBUG nova.api.openstack.wsgi_app [None req-cd6e5441-426e-4580-a4bc-7ef6db01045b None None] config_drive_format = iso9660 {{(pid=108554) log_opt_values /opt/stack/data/venv/lib/python3.12/site-packages/oslo_config/cfg.py:2995}}
Mar 05 16:42:21.346909 np0000157916 devstack@n-api-meta.service[108554]: DEBUG nova.api.openstack.wsgi_app [None req-cd6e5441-426e-4580-a4bc-7ef6db01045b None None] config_file = ['/etc/nova/api-paste.ini', '/etc/nova/nova.conf'] {{(pid=108554) log_opt_values /opt/stack/data/venv/lib/python3.12/site-packages/oslo_config/cfg.py:2995}}
Mar 05 16:42:21.347085 np0000157916 devstack@n-api-meta.service[108554]: DEBUG nova.api.openstack.wsgi_app [None req-cd6e5441-426e-4580-a4bc-7ef6db01045b None None] config_source = [] {{(pid=108554) log_opt_values /opt/stack/data/venv/lib/python3.12/site-packages/oslo_config/cfg.py:2995}}
Mar 05 16:42:21.347246 np0000157916 devstack@n-api-meta.service[108554]: DEBUG nova.api.openstack.wsgi_app [None req-cd6e5441-426e-4580-a4bc-7ef6db01045b None None] console_host = np0000157916 {{(pid=108554) log_opt_values /opt/stack/data/venv/lib/python3.12/site-packages/oslo_config/cfg.py:2995}}
Mar 05 16:42:21.347397 np0000157916 devstack@n-api-meta.service[108554]: DEBUG nova.api.openstack.wsgi_app [None req-cd6e5441-426e-4580-a4bc-7ef6db01045b None None] control_exchange = nova {{(pid=108554) log_opt_values /opt/stack/data/venv/lib/python3.12/site-packages/oslo_config/cfg.py:2995}}
Mar 05 16:42:21.347527 np0000157916 devstack@n-api-meta.service[108554]: DEBUG nova.api.openstack.wsgi_app [None req-cd6e5441-426e-4580-a4bc-7ef6db01045b None None] cpu_allocation_ratio = None {{(pid=108554) log_opt_values /opt/stack/data/venv/lib/python3.12/site-packages/oslo_config/cfg.py:2995}}
Mar 05 16:42:21.347653 np0000157916 devstack@n-api-meta.service[108554]: DEBUG nova.api.openstack.wsgi_app [None req-cd6e5441-426e-4580-a4bc-7ef6db01045b None None] daemon = False {{(pid=108554) log_opt_values /opt/stack/data/venv/lib/python3.12/site-packages/oslo_config/cfg.py:2995}}
Mar 05 16:42:21.347785 np0000157916 devstack@n-api-meta.service[108554]: DEBUG nova.api.openstack.wsgi_app [None req-cd6e5441-426e-4580-a4bc-7ef6db01045b None None] debug = True {{(pid=108554) log_opt_values /opt/stack/data/venv/lib/python3.12/site-packages/oslo_config/cfg.py:2995}}
Mar 05 16:42:21.347911 np0000157916 devstack@n-api-meta.service[108554]: DEBUG nova.api.openstack.wsgi_app [None req-cd6e5441-426e-4580-a4bc-7ef6db01045b None None] default_access_ip_network_name = None {{(pid=108554) log_opt_values /opt/stack/data/venv/lib/python3.12/site-packages/oslo_config/cfg.py:2995}}
Mar 05 16:42:21.348041 np0000157916 devstack@n-api-meta.service[108554]: DEBUG nova.api.openstack.wsgi_app [None req-cd6e5441-426e-4580-a4bc-7ef6db01045b None None] default_availability_zone = nova {{(pid=108554) log_opt_values /opt/stack/data/venv/lib/python3.12/site-packages/oslo_config/cfg.py:2995}}
Mar 05 16:42:21.348170 np0000157916 devstack@n-api-meta.service[108554]: DEBUG nova.api.openstack.wsgi_app [None req-cd6e5441-426e-4580-a4bc-7ef6db01045b None None] default_ephemeral_format = ext4 {{(pid=108554) log_opt_values /opt/stack/data/venv/lib/python3.12/site-packages/oslo_config/cfg.py:2995}}
Mar 05 16:42:21.348300 np0000157916 devstack@n-api-meta.service[108554]: DEBUG nova.api.openstack.wsgi_app [None req-cd6e5441-426e-4580-a4bc-7ef6db01045b None None] default_green_pool_size = 1000 {{(pid=108554) log_opt_values /opt/stack/data/venv/lib/python3.12/site-packages/oslo_config/cfg.py:2995}}
Mar 05 16:42:21.348523 np0000157916 devstack@n-api-meta.service[108554]: DEBUG nova.api.openstack.wsgi_app [None req-cd6e5441-426e-4580-a4bc-7ef6db01045b None None] default_log_levels = ['amqp=WARN', 'boto=WARN', 'sqlalchemy=WARN', 'suds=INFO', 'oslo.messaging=INFO', 'oslo_messaging=INFO', 'iso8601=WARN', 'requests.packages.urllib3.connectionpool=WARN', 'urllib3.connectionpool=WARN', 'websocket=WARN', 'requests.packages.urllib3.util.retry=WARN', 'urllib3.util.retry=WARN', 'keystonemiddleware=WARN', 'routes.middleware=WARN', 'stevedore=WARN', 'taskflow=WARN', 'keystoneauth=WARN', 'oslo.cache=INFO', 'oslo_policy=INFO', 'dogpile.core.dogpile=INFO', 'glanceclient=WARN', 'oslo.privsep.daemon=INFO'] {{(pid=108554) log_opt_values /opt/stack/data/venv/lib/python3.12/site-packages/oslo_config/cfg.py:2995}}
Mar 05 16:42:21.348666 np0000157916 devstack@n-api-meta.service[108554]: DEBUG nova.api.openstack.wsgi_app [None req-cd6e5441-426e-4580-a4bc-7ef6db01045b None None] default_schedule_zone = None {{(pid=108554) log_opt_values /opt/stack/data/venv/lib/python3.12/site-packages/oslo_config/cfg.py:2995}}
Mar 05 16:42:21.348773 np0000157916 devstack@n-api-meta.service[108554]: DEBUG nova.api.openstack.wsgi_app [None req-cd6e5441-426e-4580-a4bc-7ef6db01045b None None] default_thread_pool_size = 10 {{(pid=108554) log_opt_values /opt/stack/data/venv/lib/python3.12/site-packages/oslo_config/cfg.py:2995}}
Mar 05 16:42:21.348896 np0000157916 devstack@n-api-meta.service[108554]: DEBUG nova.api.openstack.wsgi_app [None req-cd6e5441-426e-4580-a4bc-7ef6db01045b None None] disk_allocation_ratio = None {{(pid=108554) log_opt_values /opt/stack/data/venv/lib/python3.12/site-packages/oslo_config/cfg.py:2995}}
Mar 05 16:42:21.349021 np0000157916 devstack@n-api-meta.service[108554]: DEBUG nova.api.openstack.wsgi_app [None req-cd6e5441-426e-4580-a4bc-7ef6db01045b None None] enable_new_services = True {{(pid=108554) log_opt_values /opt/stack/data/venv/lib/python3.12/site-packages/oslo_config/cfg.py:2995}}
Mar 05 16:42:21.349172 np0000157916 devstack@n-api-meta.service[108554]: DEBUG nova.api.openstack.wsgi_app [None req-cd6e5441-426e-4580-a4bc-7ef6db01045b None None] flat_injected = False {{(pid=108554) log_opt_values /opt/stack/data/venv/lib/python3.12/site-packages/oslo_config/cfg.py:2995}}
Mar 05 16:42:21.349285 np0000157916 devstack@n-api-meta.service[108554]: DEBUG nova.api.openstack.wsgi_app [None req-cd6e5441-426e-4580-a4bc-7ef6db01045b None None] force_config_drive = False {{(pid=108554) log_opt_values /opt/stack/data/venv/lib/python3.12/site-packages/oslo_config/cfg.py:2995}}
Mar 05 16:42:21.349499 np0000157916 devstack@n-api-meta.service[108554]: DEBUG nova.api.openstack.wsgi_app [None req-cd6e5441-426e-4580-a4bc-7ef6db01045b None None] force_raw_images = True {{(pid=108554) log_opt_values /opt/stack/data/venv/lib/python3.12/site-packages/oslo_config/cfg.py:2995}}
Mar 05 16:42:21.349688 np0000157916 devstack@n-api-meta.service[108554]: DEBUG nova.api.openstack.wsgi_app [None req-cd6e5441-426e-4580-a4bc-7ef6db01045b None None] graceful_shutdown_timeout = 5 {{(pid=108554) log_opt_values /opt/stack/data/venv/lib/python3.12/site-packages/oslo_config/cfg.py:2995}}
Mar 05 16:42:21.349871 np0000157916 devstack@n-api-meta.service[108554]: DEBUG nova.api.openstack.wsgi_app [None req-cd6e5441-426e-4580-a4bc-7ef6db01045b None None] heal_instance_info_cache_interval = -1 {{(pid=108554) log_opt_values /opt/stack/data/venv/lib/python3.12/site-packages/oslo_config/cfg.py:2995}}
Mar 05 16:42:21.349962 np0000157916 devstack@n-api-meta.service[108556]: DEBUG oslo_db.sqlalchemy.engines [None req-682204b8-e70b-4473-9fd7-1b727bc3243a None None] MySQL server mode set to STRICT_TRANS_TABLES,STRICT_ALL_TABLES,NO_ZERO_IN_DATE,NO_ZERO_DATE,ERROR_FOR_DIVISION_BY_ZERO,TRADITIONAL,NO_ENGINE_SUBSTITUTION {{(pid=108556) _check_effective_sql_mode /opt/stack/data/venv/lib/python3.12/site-packages/oslo_db/sqlalchemy/engines.py:325}}
Mar 05 16:42:21.350133 np0000157916 devstack@n-api-meta.service[108554]: DEBUG nova.api.openstack.wsgi_app [None req-cd6e5441-426e-4580-a4bc-7ef6db01045b None None] host = np0000157916 {{(pid=108554) log_opt_values /opt/stack/data/venv/lib/python3.12/site-packages/oslo_config/cfg.py:2995}}
Mar 05 16:42:21.353345 np0000157916 devstack@n-api-meta.service[108554]: DEBUG nova.api.openstack.wsgi_app [None req-cd6e5441-426e-4580-a4bc-7ef6db01045b None None] initial_cpu_allocation_ratio = 4.0 {{(pid=108554) log_opt_values /opt/stack/data/venv/lib/python3.12/site-packages/oslo_config/cfg.py:2995}}
Mar 05 16:42:21.353345 np0000157916 devstack@n-api-meta.service[108554]: DEBUG nova.api.openstack.wsgi_app [None req-cd6e5441-426e-4580-a4bc-7ef6db01045b None None] initial_disk_allocation_ratio = 1.0 {{(pid=108554) log_opt_values /opt/stack/data/venv/lib/python3.12/site-packages/oslo_config/cfg.py:2995}}
Mar 05 16:42:21.353345 np0000157916 devstack@n-api-meta.service[108554]: DEBUG nova.api.openstack.wsgi_app [None req-cd6e5441-426e-4580-a4bc-7ef6db01045b None None] initial_ram_allocation_ratio = 1.0 {{(pid=108554) log_opt_values /opt/stack/data/venv/lib/python3.12/site-packages/oslo_config/cfg.py:2995}}
Mar 05 16:42:21.353345 np0000157916 devstack@n-api-meta.service[108554]: DEBUG nova.api.openstack.wsgi_app [None req-cd6e5441-426e-4580-a4bc-7ef6db01045b None None] injected_network_template = /opt/stack/nova/nova/virt/interfaces.template {{(pid=108554) log_opt_values /opt/stack/data/venv/lib/python3.12/site-packages/oslo_config/cfg.py:2995}}
Mar 05 16:42:21.353345 np0000157916 devstack@n-api-meta.service[108554]: DEBUG nova.api.openstack.wsgi_app [None req-cd6e5441-426e-4580-a4bc-7ef6db01045b None None] instance_build_timeout = 0 {{(pid=108554) log_opt_values /opt/stack/data/venv/lib/python3.12/site-packages/oslo_config/cfg.py:2995}}
Mar 05 16:42:21.353345 np0000157916 devstack@n-api-meta.service[108554]: DEBUG nova.api.openstack.wsgi_app [None req-cd6e5441-426e-4580-a4bc-7ef6db01045b None None] instance_delete_interval = 300 {{(pid=108554) log_opt_values /opt/stack/data/venv/lib/python3.12/site-packages/oslo_config/cfg.py:2995}}
Mar 05 16:42:21.353345 np0000157916 devstack@n-api-meta.service[108554]: DEBUG nova.api.openstack.wsgi_app [None req-cd6e5441-426e-4580-a4bc-7ef6db01045b None None] instance_format = [instance: %(uuid)s] {{(pid=108554) log_opt_values /opt/stack/data/venv/lib/python3.12/site-packages/oslo_config/cfg.py:2995}}
Mar 05 16:42:21.353655 np0000157916 devstack@n-api-meta.service[108554]: DEBUG nova.api.openstack.wsgi_app [None req-cd6e5441-426e-4580-a4bc-7ef6db01045b None None] instance_name_template = instance-%08x {{(pid=108554) log_opt_values /opt/stack/data/venv/lib/python3.12/site-packages/oslo_config/cfg.py:2995}}
Mar 05 16:42:21.353655 np0000157916 devstack@n-api-meta.service[108554]: DEBUG nova.api.openstack.wsgi_app [None req-cd6e5441-426e-4580-a4bc-7ef6db01045b None None] instance_usage_audit = False {{(pid=108554) log_opt_values /opt/stack/data/venv/lib/python3.12/site-packages/oslo_config/cfg.py:2995}}
Mar 05 16:42:21.353655 np0000157916 devstack@n-api-meta.service[108554]: DEBUG nova.api.openstack.wsgi_app [None req-cd6e5441-426e-4580-a4bc-7ef6db01045b None None] instance_usage_audit_period = month {{(pid=108554) log_opt_values /opt/stack/data/venv/lib/python3.12/site-packages/oslo_config/cfg.py:2995}}
Mar 05 16:42:21.353655 np0000157916 devstack@n-api-meta.service[108554]: DEBUG nova.api.openstack.wsgi_app [None req-cd6e5441-426e-4580-a4bc-7ef6db01045b None None] instance_uuid_format = [instance: %(uuid)s] {{(pid=108554) log_opt_values /opt/stack/data/venv/lib/python3.12/site-packages/oslo_config/cfg.py:2995}}
Mar 05 16:42:21.353655 np0000157916 devstack@n-api-meta.service[108554]: DEBUG nova.api.openstack.wsgi_app [None req-cd6e5441-426e-4580-a4bc-7ef6db01045b None None] instances_path = /opt/stack/data/nova/instances {{(pid=108554) log_opt_values /opt/stack/data/venv/lib/python3.12/site-packages/oslo_config/cfg.py:2995}}
Mar 05 16:42:21.353655 np0000157916 devstack@n-api-meta.service[108554]: DEBUG nova.api.openstack.wsgi_app [None req-cd6e5441-426e-4580-a4bc-7ef6db01045b None None] internal_service_availability_zone = internal {{(pid=108554) log_opt_values /opt/stack/data/venv/lib/python3.12/site-packages/oslo_config/cfg.py:2995}}
Mar 05 16:42:21.353655 np0000157916 devstack@n-api-meta.service[108554]: DEBUG nova.api.openstack.wsgi_app [None req-cd6e5441-426e-4580-a4bc-7ef6db01045b None None] key = None {{(pid=108554) log_opt_values /opt/stack/data/venv/lib/python3.12/site-packages/oslo_config/cfg.py:2995}}
Mar 05 16:42:21.353905 np0000157916 devstack@n-api-meta.service[108554]: DEBUG nova.api.openstack.wsgi_app [None req-cd6e5441-426e-4580-a4bc-7ef6db01045b None None] live_migration_retry_count = 30 {{(pid=108554) log_opt_values /opt/stack/data/venv/lib/python3.12/site-packages/oslo_config/cfg.py:2995}}
Mar 05 16:42:21.353905 np0000157916 devstack@n-api-meta.service[108554]: DEBUG nova.api.openstack.wsgi_app [None req-cd6e5441-426e-4580-a4bc-7ef6db01045b None None] log_color = False {{(pid=108554) log_opt_values /opt/stack/data/venv/lib/python3.12/site-packages/oslo_config/cfg.py:2995}}
Mar 05 16:42:21.353905 np0000157916 devstack@n-api-meta.service[108554]: DEBUG nova.api.openstack.wsgi_app [None req-cd6e5441-426e-4580-a4bc-7ef6db01045b None None] log_config_append = None {{(pid=108554) log_opt_values /opt/stack/data/venv/lib/python3.12/site-packages/oslo_config/cfg.py:2995}}
Mar 05 16:42:21.353905 np0000157916 devstack@n-api-meta.service[108554]: DEBUG nova.api.openstack.wsgi_app [None req-cd6e5441-426e-4580-a4bc-7ef6db01045b None None] log_date_format = %Y-%m-%d %H:%M:%S {{(pid=108554) log_opt_values /opt/stack/data/venv/lib/python3.12/site-packages/oslo_config/cfg.py:2995}}
Mar 05 16:42:21.353905 np0000157916 devstack@n-api-meta.service[108554]: DEBUG nova.api.openstack.wsgi_app [None req-cd6e5441-426e-4580-a4bc-7ef6db01045b None None] log_dir = None {{(pid=108554) log_opt_values /opt/stack/data/venv/lib/python3.12/site-packages/oslo_config/cfg.py:2995}}
Mar 05 16:42:21.354091 np0000157916 devstack@n-api-meta.service[108554]: DEBUG nova.api.openstack.wsgi_app [None req-cd6e5441-426e-4580-a4bc-7ef6db01045b None None] log_file = None {{(pid=108554) log_opt_values /opt/stack/data/venv/lib/python3.12/site-packages/oslo_config/cfg.py:2995}}
Mar 05 16:42:21.354137 np0000157916 devstack@n-api-meta.service[108554]: DEBUG nova.api.openstack.wsgi_app [None req-cd6e5441-426e-4580-a4bc-7ef6db01045b None None] log_options = True {{(pid=108554) log_opt_values /opt/stack/data/venv/lib/python3.12/site-packages/oslo_config/cfg.py:2995}}
