2026-03-05 19:06:41.854 8 INFO placement.requestlog [None req-34bdedd3-fe24-4cc0-a34a-13783221c46c 618bbe407cee40f481c24cebb90c55d0 fb9054c9b9f14cd4bd710cb4efa2fc66 - - 5dcf7ee8c00a452c9cde160b0d7b927c 5dcf7ee8c00a452c9cde160b0d7b927c] 10.0.0.247 "DELETE /resource_providers/cfeab6ea-84a0-4a61-897b-96b4c301cab0" status: 404 len: 246 microversion: 1.1 [pid: 8|app: 0|req: 606/1211] 10.0.0.247 () {34 vars in 816 bytes} [Thu Mar 5 19:06:41 2026] DELETE /resource_providers/cfeab6ea-84a0-4a61-897b-96b4c301cab0 => generated 246 bytes in 9 msecs (HTTP/1.1 404) 6 headers in 231 bytes (1 switches on core 0)
2026-03-05 19:06:42.208 7 INFO placement.requestlog [None req-ccdd9120-0733-405c-a1b6-cc24faaeec3c 618bbe407cee40f481c24cebb90c55d0 fb9054c9b9f14cd4bd710cb4efa2fc66 - - 5dcf7ee8c00a452c9cde160b0d7b927c 5dcf7ee8c00a452c9cde160b0d7b927c] 10.0.0.247 "GET /resource_providers/f29a301b-26b3-4959-aa6d-a5b6dc9efe53/aggregates" status: 404 len: 235 microversion: 1.1 [pid: 7|app: 0|req: 606/1212] 10.0.0.247 () {32 vars in 816 bytes} [Thu Mar 5 19:06:42 2026] GET /resource_providers/f29a301b-26b3-4959-aa6d-a5b6dc9efe53/aggregates => generated 235 bytes in 11 msecs (HTTP/1.1 404) 5 headers in 202 bytes (1 switches on core 0)
2026-03-05 19:06:42.210 8 INFO placement.requestlog [None req-4369ba5d-8448-4001-9de4-52b6c4a9d919 618bbe407cee40f481c24cebb90c55d0 fb9054c9b9f14cd4bd710cb4efa2fc66 - - 5dcf7ee8c00a452c9cde160b0d7b927c 5dcf7ee8c00a452c9cde160b0d7b927c] 10.0.0.247 "GET /resource_providers/f29a301b-26b3-4959-aa6d-a5b6dc9efe53/aggregates" status: 404 len: 235 microversion: 1.1 [pid: 8|app: 0|req: 607/1213] 10.0.0.247 () {32 vars in 816 bytes} [Thu Mar 5 19:06:42 2026] GET /resource_providers/f29a301b-26b3-4959-aa6d-a5b6dc9efe53/aggregates => generated 235 bytes in 11 msecs (HTTP/1.1 404) 5 headers in 202 bytes (1 switches on core 0)
2026-03-05 19:06:42.227 7 INFO placement.requestlog [None req-a4279584-790a-4aa6-af02-3b070988c09c 618bbe407cee40f481c24cebb90c55d0 fb9054c9b9f14cd4bd710cb4efa2fc66 - - 5dcf7ee8c00a452c9cde160b0d7b927c 5dcf7ee8c00a452c9cde160b0d7b927c] 10.0.0.247 "DELETE /resource_providers/f29a301b-26b3-4959-aa6d-a5b6dc9efe53" status: 404 len: 246 microversion: 1.1 [pid: 7|app: 0|req: 607/1214] 10.0.0.247 () {34 vars in 816 bytes} [Thu Mar 5 19:06:42 2026] DELETE /resource_providers/f29a301b-26b3-4959-aa6d-a5b6dc9efe53 => generated 246 bytes in 7 msecs (HTTP/1.1 404) 6 headers in 231 bytes (1 switches on core 0)
2026-03-05 19:06:42.231 8 INFO placement.requestlog [None req-4b0715b8-2d1a-475a-92da-926db614b5a7 618bbe407cee40f481c24cebb90c55d0 fb9054c9b9f14cd4bd710cb4efa2fc66 - - 5dcf7ee8c00a452c9cde160b0d7b927c 5dcf7ee8c00a452c9cde160b0d7b927c] 10.0.0.247 "DELETE /resource_providers/f29a301b-26b3-4959-aa6d-a5b6dc9efe53" status: 404 len: 246 microversion: 1.1 [pid: 8|app: 0|req: 608/1215] 10.0.0.247 () {34 vars in 816 bytes} [Thu Mar 5 19:06:42 2026] DELETE /resource_providers/f29a301b-26b3-4959-aa6d-a5b6dc9efe53 => generated 246 bytes in 9 msecs (HTTP/1.1 404) 6 headers in 231 bytes (1 switches on core 0)
2026-03-05 19:06:48.979 7 INFO placement.requestlog [None req-c671fbf0-6f27-40c0-a4a3-bea052e46775 - - - - - -] 10.0.0.11 "GET /" status: 200 len: 136 microversion: 1.0
2026-03-05 19:06:48.980 8 INFO placement.requestlog [None req-f0198c35-7c41-44ce-946d-bad937559556 - - - - - -] 10.0.0.11 "GET /" status: 200 len: 136 microversion: 1.0
2026-03-05 19:06:50.543 8 INFO placement.requestlog [None req-b52e882c-d8a5-438a-905c-c754de6f9951 618bbe407cee40f481c24cebb90c55d0 fb9054c9b9f14cd4bd710cb4efa2fc66 - - 5dcf7ee8c00a452c9cde160b0d7b927c 5dcf7ee8c00a452c9cde160b0d7b927c] 10.0.0.247 "GET /resource_providers/ed1dca12-37b4-4deb-84ad-63f1d92725ca/aggregates" status: 404 len: 235 microversion: 1.1
2026-03-05 19:06:50.544 7 INFO placement.requestlog [None req-ee50e8f6-1126-4a9c-8848-50e6d7103b99 618bbe407cee40f481c24cebb90c55d0 fb9054c9b9f14cd4bd710cb4efa2fc66 - - 5dcf7ee8c00a452c9cde160b0d7b927c 5dcf7ee8c00a452c9cde160b0d7b927c] 10.0.0.247 "GET /resource_providers/ed1dca12-37b4-4deb-84ad-63f1d92725ca/aggregates" status: 404 len: 235 microversion: 1.1 [pid: 8|app: 0|req: 610/1218] 10.0.0.247 () {32 vars in 816 bytes} [Thu Mar 5 19:06:50 2026] GET /resource_providers/ed1dca12-37b4-4deb-84ad-63f1d92725ca/aggregates => generated 235 bytes in 10 msecs (HTTP/1.1 404) 5 headers in 202 bytes (1 switches on core 0) [pid: 7|app: 0|req: 609/1219] 10.0.0.247 () {32 vars in 816 bytes} [Thu Mar 5 19:06:50 2026] GET /resource_providers/ed1dca12-37b4-4deb-84ad-63f1d92725ca/aggregates => generated 235 bytes in 10 msecs (HTTP/1.1 404) 5 headers in 202 bytes (1 switches on core 0)
2026-03-05 19:06:50.568 7 INFO placement.requestlog [None req-b1585a72-f3c5-4665-9f54-24a48fab2b9a 618bbe407cee40f481c24cebb90c55d0 fb9054c9b9f14cd4bd710cb4efa2fc66 - - 5dcf7ee8c00a452c9cde160b0d7b927c 5dcf7ee8c00a452c9cde160b0d7b927c] 10.0.0.247 "DELETE /resource_providers/ed1dca12-37b4-4deb-84ad-63f1d92725ca" status: 404 len: 246 microversion: 1.1 [pid: 7|app: 0|req: 610/1220] 10.0.0.247 () {34 vars in 816 bytes} [Thu Mar 5 19:06:50 2026] DELETE /resource_providers/ed1dca12-37b4-4deb-84ad-63f1d92725ca => generated 246 bytes in 12 msecs (HTTP/1.1 404) 6 headers in 231 bytes (1 switches on core 0)
2026-03-05 19:06:50.571 8 INFO placement.requestlog [None req-61f45f02-a6d2-4ee5-939b-c856e7cc0107 618bbe407cee40f481c24cebb90c55d0 fb9054c9b9f14cd4bd710cb4efa2fc66 - - 5dcf7ee8c00a452c9cde160b0d7b927c 5dcf7ee8c00a452c9cde160b0d7b927c] 10.0.0.247 "DELETE /resource_providers/ed1dca12-37b4-4deb-84ad-63f1d92725ca" status: 404 len: 246 microversion: 1.1 [pid: 8|app: 0|req: 611/1221] 10.0.0.247 () {34 vars in 816 bytes} [Thu Mar 5 19:06:50 2026] DELETE /resource_providers/ed1dca12-37b4-4deb-84ad-63f1d92725ca => generated 246 bytes in 16 msecs (HTTP/1.1 404) 6 headers in 231 bytes (1 switches on core 0)
2026-03-05 19:06:56.601 7 INFO placement.requestlog [None req-3b96d0df-66ff-4b03-8e5b-1f4e599e4042 f32517eb7f3b4bb18acd80ea5ce8da66 d15c54b83ad14a73a1215a8da0b82704 - - default default] 10.0.0.89 "GET /resource_providers" status: 200 len: 406 microversion: 1.0 [pid: 7|app: 0|req: 611/1222] 10.0.0.89 () {28 vars in 592 bytes} [Thu Mar 5 19:06:56 2026] GET /resource_providers => generated 406 bytes in 226 msecs (HTTP/1.1 200) 6 headers in 224 bytes (1 switches on core 0)
2026-03-05 19:06:56.633 8 INFO placement.requestlog [None req-7c61c118-9fc3-4d99-a4d0-6b035b23de31 f32517eb7f3b4bb18acd80ea5ce8da66 d15c54b83ad14a73a1215a8da0b82704 - - default default] 10.0.0.89 "GET /resource_providers/24c5f32d-2b4a-4304-a995-96652bde9fe7/inventories" status: 200 len: 401 microversion: 1.0 [pid: 8|app: 0|req: 612/1223] 10.0.0.89 () {28 vars in 690 bytes} [Thu Mar 5 19:06:56 2026] GET /resource_providers/24c5f32d-2b4a-4304-a995-96652bde9fe7/inventories => generated 401 bytes in 17 msecs (HTTP/1.1 200) 6 headers in 224 bytes (1 switches on core 0)
2026-03-05 19:06:56.654 7 INFO placement.requestlog [None req-5c11fe0b-e9ca-45ee-bd84-40a49a21eb42 f32517eb7f3b4bb18acd80ea5ce8da66 d15c54b83ad14a73a1215a8da0b82704 - - default default] 10.0.0.89 "GET /resource_providers/24c5f32d-2b4a-4304-a995-96652bde9fe7/usages" status: 200 len: 92 microversion: 1.0 [pid: 7|app: 0|req: 612/1224] 10.0.0.89 () {28 vars in 680 bytes} [Thu Mar 5 19:06:56 2026] GET /resource_providers/24c5f32d-2b4a-4304-a995-96652bde9fe7/usages => generated 92 bytes in 15 msecs (HTTP/1.1 200) 6 headers in 223 bytes (1 switches on core 0)
2026-03-05 19:06:58.979 8 INFO placement.requestlog [None req-397ab323-5bdb-4470-b543-a891568c1988 - - - - - -] 10.0.0.11 "GET /" status: 200 len: 136 microversion: 1.0
2026-03-05 19:06:58.979 7 INFO placement.requestlog [None req-ecbfd40b-7f91-402a-92a9-72bb46cdae72 - - - - - -] 10.0.0.11 "GET /" status: 200 len: 136 microversion: 1.0
2026-03-05 19:07:08.979 8 INFO placement.requestlog [None req-061430a3-d72d-4097-bb68-cafb36cd7fc8 - - - - - -] 10.0.0.11 "GET /" status: 200 len: 136 microversion: 1.0
2026-03-05 19:07:08.979 7 INFO placement.requestlog [None req-6447ba69-7c52-41ce-bcd7-cdd44b28cc99 - - - - - -] 10.0.0.11 "GET /" status: 200 len: 136 microversion: 1.0
2026-03-05 19:07:18.980 8 INFO placement.requestlog [None req-f8a7afe2-ecc9-4e1c-945a-62ea134e2953 - - - - - -] 10.0.0.11 "GET /" status: 200 len: 136 microversion: 1.0
2026-03-05 19:07:18.980 7 INFO placement.requestlog [None req-6b1b6dd8-aa29-4ef7-ba5a-ca6992ac2a1f - - - - - -] 10.0.0.11 "GET /" status: 200 len: 136 microversion: 1.0
2026-03-05 19:07:28.979 7 INFO placement.requestlog [None req-f2d10159-a912-4506-a307-48200afb70c9 - - - - - -] 10.0.0.11 "GET /" status: 200 len: 136 microversion: 1.0
2026-03-05 19:07:28.979 8 INFO placement.requestlog [None req-77e8e97a-b2ad-410a-873f-138151d2f160 - - - - - -] 10.0.0.11 "GET /" status: 200 len: 136 microversion: 1.0
2026-03-05 19:07:30.875 7 INFO placement.requestlog [req-a0b42327-76c5-4fa5-8453-a724baef4591 req-743b3724-ddfd-4faa-98d8-8a35c3e2e0fe 84bc378ee0004e42abd13f1b63616e6e fb9054c9b9f14cd4bd710cb4efa2fc66 - - 5dcf7ee8c00a452c9cde160b0d7b927c 5dcf7ee8c00a452c9cde160b0d7b927c] 199.204.45.248 "GET /resource_providers/24c5f32d-2b4a-4304-a995-96652bde9fe7/allocations" status: 200 len: 340 microversion: 1.0 [pid: 7|app: 0|req: 617/1233] 199.204.45.248 () {32 vars in 857 bytes} [Thu Mar 5 19:07:30 2026] GET /resource_providers/24c5f32d-2b4a-4304-a995-96652bde9fe7/allocations => generated 340 bytes in 17 msecs (HTTP/1.1 200) 6 headers in 224 bytes (1 switches on core 0)
2026-03-05 19:07:30.899 8 INFO placement.requestlog [req-a0b42327-76c5-4fa5-8453-a724baef4591 req-205d7fc5-acdc-493b-912d-71aaaba0c017 84bc378ee0004e42abd13f1b63616e6e fb9054c9b9f14cd4bd710cb4efa2fc66 - - 5dcf7ee8c00a452c9cde160b0d7b927c 5dcf7ee8c00a452c9cde160b0d7b927c] 199.204.45.248 "GET /resource_providers/24c5f32d-2b4a-4304-a995-96652bde9fe7/allocations" status: 200 len: 340 microversion: 1.0 [pid: 8|app: 0|req: 617/1234] 199.204.45.248 () {32 vars in 857 bytes} [Thu Mar 5 19:07:30 2026] GET /resource_providers/24c5f32d-2b4a-4304-a995-96652bde9fe7/allocations => generated 340 bytes in 16 msecs (HTTP/1.1 200) 6 headers in 224 bytes (1 switches on core 0)
2026-03-05 19:07:30.918 7 INFO placement.requestlog [req-a0b42327-76c5-4fa5-8453-a724baef4591 req-df632eda-8ac5-47ec-a328-d72f14432506 84bc378ee0004e42abd13f1b63616e6e fb9054c9b9f14cd4bd710cb4efa2fc66 - - 5dcf7ee8c00a452c9cde160b0d7b927c 5dcf7ee8c00a452c9cde160b0d7b927c] 199.204.45.248 "GET /allocations/db5bacb0-ff1b-426c-ad1a-224df40d4d50" status: 200 len: 258 microversion: 1.28 [pid: 7|app: 0|req: 618/1235] 199.204.45.248 () {34 vars in 863 bytes} [Thu Mar 5 19:07:30 2026] GET /allocations/db5bacb0-ff1b-426c-ad1a-224df40d4d50 => generated 258 bytes in 13 msecs (HTTP/1.1 200) 8 headers in 296 bytes (1 switches on core 0)
2026-03-05 19:07:30.936 8 INFO placement.requestlog [req-a0b42327-76c5-4fa5-8453-a724baef4591 req-5098227f-7c94-4ccd-8c0a-867d1ac84c48 84bc378ee0004e42abd13f1b63616e6e fb9054c9b9f14cd4bd710cb4efa2fc66 - - 5dcf7ee8c00a452c9cde160b0d7b927c 5dcf7ee8c00a452c9cde160b0d7b927c] 199.204.45.248 "GET /allocations/37fb5097-1442-4ecf-8366-d7e2acbff8ec" status: 200 len: 245 microversion: 1.28 [pid: 8|app: 0|req: 618/1236] 199.204.45.248 () {34 vars in 863 bytes} [Thu Mar 5 19:07:30 2026] GET /allocations/37fb5097-1442-4ecf-8366-d7e2acbff8ec => generated 245 bytes in 13 msecs (HTTP/1.1 200) 8 headers in 296 bytes (1 switches on core 0)
2026-03-05 19:07:30.955 7 INFO placement.requestlog [req-a0b42327-76c5-4fa5-8453-a724baef4591 req-802c7c05-255a-431a-82de-8a93809b05e2 84bc378ee0004e42abd13f1b63616e6e fb9054c9b9f14cd4bd710cb4efa2fc66 - - 5dcf7ee8c00a452c9cde160b0d7b927c 5dcf7ee8c00a452c9cde160b0d7b927c] 199.204.45.248 "GET /allocations/78ca639f-97a3-4bc9-820e-c69fbbafe16f" status: 200 len: 258 microversion: 1.28 [pid: 7|app: 0|req: 619/1237] 199.204.45.248 () {34 vars in 863 bytes} [Thu Mar 5 19:07:30 2026] GET /allocations/78ca639f-97a3-4bc9-820e-c69fbbafe16f => generated 258 bytes in 12 msecs (HTTP/1.1 200) 8 headers in 296 bytes (1 switches on core 0)
2026-03-05 19:07:38.978 8 INFO placement.requestlog [None req-e117975d-d259-4d98-8543-f5daa60acfd9 - - - - - -] 10.0.0.11 "GET /" status: 200 len: 136 microversion: 1.0
2026-03-05 19:07:38.979 7 INFO placement.requestlog [None req-bb7c0daa-3621-4a2c-9e92-3ce3e2108b48 - - - - - -] 10.0.0.11 "GET /" status: 200 len: 136 microversion: 1.0
2026-03-05 19:07:48.979 8 INFO placement.requestlog [None req-c69b52a5-6598-41da-9840-d1c186f69d05 - - - - - -] 10.0.0.11 "GET /" status: 200 len: 136 microversion: 1.0
2026-03-05 19:07:48.979 7 INFO placement.requestlog [None req-6aa24118-ab8a-486f-90cf-0fdd57c7eba7 - - - - - -] 10.0.0.11 "GET /" status: 200 len: 136 microversion: 1.0
2026-03-05 19:07:56.228 8 INFO placement.requestlog [None req-d56a7dcc-9647-431d-91e2-88d1cd98d421 f32517eb7f3b4bb18acd80ea5ce8da66 d15c54b83ad14a73a1215a8da0b82704 - - default default] 10.0.0.89 "GET /resource_providers" status: 200 len: 406 microversion: 1.0 [pid: 8|app: 0|req: 621/1242] 10.0.0.89 () {28 vars in 592 bytes} [Thu Mar 5 19:07:56 2026] GET /resource_providers => generated 406 bytes in 156 msecs (HTTP/1.1 200) 6 headers in 224 bytes (1 switches on core 0)
2026-03-05 19:07:56.252 7 INFO placement.requestlog [None req-b8e58eac-a1bc-4932-864a-c514e09d61b3 f32517eb7f3b4bb18acd80ea5ce8da66 d15c54b83ad14a73a1215a8da0b82704 - - default default] 10.0.0.89 "GET /resource_providers/24c5f32d-2b4a-4304-a995-96652bde9fe7/inventories" status: 200 len: 401 microversion: 1.0 [pid: 7|app: 0|req: 622/1243] 10.0.0.89 () {28 vars in 690 bytes} [Thu Mar 5 19:07:56 2026] GET /resource_providers/24c5f32d-2b4a-4304-a995-96652bde9fe7/inventories => generated 401 bytes in 19 msecs (HTTP/1.1 200) 6 headers in 224 bytes (1 switches on core 0)
2026-03-05 19:07:56.267 8 INFO placement.requestlog [None req-75a32114-ff35-4b00-bdac-b4218f022782 f32517eb7f3b4bb18acd80ea5ce8da66 d15c54b83ad14a73a1215a8da0b82704 - - default default] 10.0.0.89 "GET /resource_providers/24c5f32d-2b4a-4304-a995-96652bde9fe7/usages" status: 200 len: 92 microversion: 1.0 [pid: 8|app: 0|req: 622/1244] 10.0.0.89 () {28 vars in 680 bytes} [Thu Mar 5 19:07:56 2026] GET /resource_providers/24c5f32d-2b4a-4304-a995-96652bde9fe7/usages => generated 92 bytes in 12 msecs (HTTP/1.1 200) 6 headers in 223 bytes (1 switches on core 0)
2026-03-05 19:07:58.979 8 INFO placement.requestlog [None req-efdbebd4-8152-4081-bdec-33cec3f56ba7 - - - - - -] 10.0.0.11 "GET /" status: 200 len: 136 microversion: 1.0
2026-03-05 19:07:58.979 7 INFO placement.requestlog [None req-cbb5ed4b-6628-4ae1-86aa-0545db81a9ff - - - - - -] 10.0.0.11 "GET /" status: 200 len: 136 microversion: 1.0
2026-03-05 19:08:08.980 8 INFO placement.requestlog [None req-450367b7-1f9a-4c8a-9844-2cb84d398eb2 - - - - - -] 10.0.0.11 "GET /" status: 200 len: 136 microversion: 1.0
2026-03-05 19:08:08.980 7 INFO placement.requestlog [None req-8af91eeb-ccd4-4fe0-9144-5d5189166c43 - - - - - -] 10.0.0.11 "GET /" status: 200 len: 136 microversion: 1.0
2026-03-05 19:08:18.978 8 INFO placement.requestlog [None req-8531f43f-9513-4984-b514-755caf29e3bf - - - - - -] 10.0.0.11 "GET /" status: 200 len: 136 microversion: 1.0
2026-03-05 19:08:18.979 7 INFO placement.requestlog [None req-e58e7e35-6377-4b6b-8214-0a5e21437c7f - - - - - -] 10.0.0.11 "GET /" status: 200 len: 136 microversion: 1.0
2026-03-05 19:08:28.979 8 INFO placement.requestlog [None req-e1000643-58a2-4525-8c0a-bc0a4000c6b7 - - - - - -] 10.0.0.11 "GET /" status: 200 len: 136 microversion: 1.0
2026-03-05 19:08:28.979 7 INFO placement.requestlog [None req-3c85754e-f2a1-43f2-8256-d69a5276c76b - - - - - -] 10.0.0.11 "GET /" status: 200 len: 136 microversion: 1.0
2026-03-05 19:08:32.939 8 INFO placement.requestlog [req-ee8dd990-60d6-4838-8e8c-0de3229bdbd8 req-7705587c-b530-4e78-9930-8dd429a07f0c 84bc378ee0004e42abd13f1b63616e6e fb9054c9b9f14cd4bd710cb4efa2fc66 - - 5dcf7ee8c00a452c9cde160b0d7b927c 5dcf7ee8c00a452c9cde160b0d7b927c] 199.204.45.248 "GET /resource_providers/24c5f32d-2b4a-4304-a995-96652bde9fe7/allocations" status: 200 len: 340 microversion: 1.0 [pid: 8|app: 0|req: 627/1253] 199.204.45.248 () {32 vars in 857 bytes} [Thu Mar 5 19:08:32 2026] GET /resource_providers/24c5f32d-2b4a-4304-a995-96652bde9fe7/allocations => generated 340 bytes in 17 msecs (HTTP/1.1 200) 6 headers in 224 bytes (1 switches on core 0)
2026-03-05 19:08:32.961 7 INFO placement.requestlog [req-ee8dd990-60d6-4838-8e8c-0de3229bdbd8 req-c2676b3b-b3f4-4673-803f-391d57f5fc99 84bc378ee0004e42abd13f1b63616e6e fb9054c9b9f14cd4bd710cb4efa2fc66 - - 5dcf7ee8c00a452c9cde160b0d7b927c 5dcf7ee8c00a452c9cde160b0d7b927c] 199.204.45.248 "GET /resource_providers/24c5f32d-2b4a-4304-a995-96652bde9fe7/allocations" status: 200 len: 340 microversion: 1.0 [pid: 7|app: 0|req: 627/1254] 199.204.45.248 () {32 vars in 857 bytes} [Thu Mar 5 19:08:32 2026] GET /resource_providers/24c5f32d-2b4a-4304-a995-96652bde9fe7/allocations => generated 340 bytes in 18 msecs (HTTP/1.1 200) 6 headers in 224 bytes (1 switches on core 0)
2026-03-05 19:08:32.982 8 INFO placement.requestlog [req-ee8dd990-60d6-4838-8e8c-0de3229bdbd8 req-77101144-c022-4ccc-8b5a-25054e763043 84bc378ee0004e42abd13f1b63616e6e fb9054c9b9f14cd4bd710cb4efa2fc66 - - 5dcf7ee8c00a452c9cde160b0d7b927c 5dcf7ee8c00a452c9cde160b0d7b927c] 199.204.45.248 "GET /allocations/db5bacb0-ff1b-426c-ad1a-224df40d4d50" status: 200 len: 258 microversion: 1.28 [pid: 8|app: 0|req: 628/1255] 199.204.45.248 () {34 vars in 863 bytes} [Thu Mar 5 19:08:32 2026] GET /allocations/db5bacb0-ff1b-426c-ad1a-224df40d4d50 => generated 258 bytes in 14 msecs (HTTP/1.1 200) 8 headers in 296 bytes (1 switches on core 0)
2026-03-05 19:08:33.000 7 INFO placement.requestlog [req-ee8dd990-60d6-4838-8e8c-0de3229bdbd8 req-60ae0e6a-ff80-4c68-886e-07ed0c1566bc 84bc378ee0004e42abd13f1b63616e6e fb9054c9b9f14cd4bd710cb4efa2fc66 - - 5dcf7ee8c00a452c9cde160b0d7b927c 5dcf7ee8c00a452c9cde160b0d7b927c] 199.204.45.248 "GET /allocations/37fb5097-1442-4ecf-8366-d7e2acbff8ec" status: 200 len: 245 microversion: 1.28 [pid: 7|app: 0|req: 628/1256] 199.204.45.248 () {34 vars in 863 bytes} [Thu Mar 5 19:08:32 2026] GET /allocations/37fb5097-1442-4ecf-8366-d7e2acbff8ec => generated 245 bytes in 12 msecs (HTTP/1.1 200) 8 headers in 296 bytes (1 switches on core 0)
2026-03-05 19:08:33.015 8 INFO placement.requestlog [req-ee8dd990-60d6-4838-8e8c-0de3229bdbd8 req-faec3f6c-8491-4265-a3b3-62c4e4a4c0c8 84bc378ee0004e42abd13f1b63616e6e fb9054c9b9f14cd4bd710cb4efa2fc66 - - 5dcf7ee8c00a452c9cde160b0d7b927c 5dcf7ee8c00a452c9cde160b0d7b927c] 199.204.45.248 "GET /allocations/78ca639f-97a3-4bc9-820e-c69fbbafe16f" status: 200 len: 258 microversion: 1.28 [pid: 8|app: 0|req: 629/1257] 199.204.45.248 () {34 vars in 863 bytes} [Thu Mar 5 19:08:33 2026] GET /allocations/78ca639f-97a3-4bc9-820e-c69fbbafe16f => generated 258 bytes in 9 msecs (HTTP/1.1 200) 8 headers in 296 bytes (1 switches on core 0)
2026-03-05 19:08:37.384 7 INFO placement.requestlog [req-48b3679d-6b7a-4498-a118-e794b78cfee6 req-ee4473ff-8f7d-40b7-b59b-d7fcd418bd2e 84bc378ee0004e42abd13f1b63616e6e fb9054c9b9f14cd4bd710cb4efa2fc66 - - 5dcf7ee8c00a452c9cde160b0d7b927c 5dcf7ee8c00a452c9cde160b0d7b927c] 199.204.45.248 "GET /resource_providers/24c5f32d-2b4a-4304-a995-96652bde9fe7/allocations" status: 200 len: 340 microversion: 1.0 [pid: 7|app: 0|req: 629/1258] 199.204.45.248 () {32 vars in 857 bytes} [Thu Mar 5 19:08:37 2026] GET /resource_providers/24c5f32d-2b4a-4304-a995-96652bde9fe7/allocations => generated 340 bytes in 35 msecs (HTTP/1.1 200) 6 headers in 224 bytes (1 switches on core 0)
2026-03-05 19:08:37.406 8 INFO placement.requestlog [req-48b3679d-6b7a-4498-a118-e794b78cfee6 req-12bf85f5-aaad-418d-a22e-76c4b3e79506 84bc378ee0004e42abd13f1b63616e6e fb9054c9b9f14cd4bd710cb4efa2fc66 - - 5dcf7ee8c00a452c9cde160b0d7b927c 5dcf7ee8c00a452c9cde160b0d7b927c] 199.204.45.248 "GET /allocations/db5bacb0-ff1b-426c-ad1a-224df40d4d50" status: 200 len: 258 microversion: 1.28 [pid: 8|app: 0|req: 630/1259] 199.204.45.248 () {34 vars in 863 bytes} [Thu Mar 5 19:08:37 2026] GET /allocations/db5bacb0-ff1b-426c-ad1a-224df40d4d50 => generated 258 bytes in 13 msecs (HTTP/1.1 200) 8 headers in 296 bytes (1 switches on core 0)
2026-03-05 19:08:37.442 7 INFO placement.requestlog [req-48b3679d-6b7a-4498-a118-e794b78cfee6 req-ef321b59-fa51-4245-ae78-6011ce5a9ec3 84bc378ee0004e42abd13f1b63616e6e fb9054c9b9f14cd4bd710cb4efa2fc66 - - 5dcf7ee8c00a452c9cde160b0d7b927c 5dcf7ee8c00a452c9cde160b0d7b927c] 199.204.45.248 "GET /allocations/37fb5097-1442-4ecf-8366-d7e2acbff8ec" status: 200 len: 245 microversion: 1.28 [pid: 7|app: 0|req: 630/1260] 199.204.45.248 () {34 vars in 863 bytes} [Thu Mar 5 19:08:37 2026] GET /allocations/37fb5097-1442-4ecf-8366-d7e2acbff8ec => generated 245 bytes in 18 msecs (HTTP/1.1 200) 8 headers in 296 bytes (1 switches on core 0)
2026-03-05 19:08:37.465 8 INFO placement.requestlog [req-48b3679d-6b7a-4498-a118-e794b78cfee6 req-169c12ff-86a4-436b-a3ae-be073e740cd5 84bc378ee0004e42abd13f1b63616e6e fb9054c9b9f14cd4bd710cb4efa2fc66 - - 5dcf7ee8c00a452c9cde160b0d7b927c 5dcf7ee8c00a452c9cde160b0d7b927c] 199.204.45.248 "GET /allocations/78ca639f-97a3-4bc9-820e-c69fbbafe16f" status: 200 len: 258 microversion: 1.28 [pid: 8|app: 0|req: 631/1261] 199.204.45.248 () {34 vars in 863 bytes} [Thu Mar 5 19:08:37 2026] GET /allocations/78ca639f-97a3-4bc9-820e-c69fbbafe16f => generated 258 bytes in 16 msecs (HTTP/1.1 200) 8 headers in 296 bytes (1 switches on core 0)
2026-03-05 19:08:38.528 7 INFO placement.requestlog [req-48b3679d-6b7a-4498-a118-e794b78cfee6 req-de8c17d6-0178-4b8b-9068-3a1b7fff609d 84bc378ee0004e42abd13f1b63616e6e fb9054c9b9f14cd4bd710cb4efa2fc66 - - 5dcf7ee8c00a452c9cde160b0d7b927c 5dcf7ee8c00a452c9cde160b0d7b927c] 199.204.45.248 "DELETE /allocations/37fb5097-1442-4ecf-8366-d7e2acbff8ec" status: 204 len: 0 microversion: 1.0 [pid: 7|app: 0|req: 631/1262] 199.204.45.248 () {34 vars in 841 bytes} [Thu Mar 5 19:08:38 2026] DELETE /allocations/37fb5097-1442-4ecf-8366-d7e2acbff8ec => generated 0 bytes in 26 msecs (HTTP/1.1 204) 5 headers in 198 bytes (1 switches on core 0)
2026-03-05 19:08:38.979 8 INFO placement.requestlog [None req-c5073d83-5cbd-44d6-90a9-10d855f95532 - - - - - -] 10.0.0.11 "GET /" status: 200 len: 136 microversion: 1.0
2026-03-05 19:08:38.979 7 INFO placement.requestlog [None req-b4f04f12-cb15-46a0-a854-28b67db777e7 - - - - - -] 10.0.0.11 "GET /" status: 200 len: 136 microversion: 1.0
2026-03-05 19:08:40.579 8 INFO placement.requestlog [req-24033d3f-1615-4bc4-a737-ff3b3e071cd7 req-a43bd9ca-a061-44df-97ae-31393a722386 84bc378ee0004e42abd13f1b63616e6e fb9054c9b9f14cd4bd710cb4efa2fc66 - - 5dcf7ee8c00a452c9cde160b0d7b927c 5dcf7ee8c00a452c9cde160b0d7b927c] 199.204.45.248 "GET /resource_providers/24c5f32d-2b4a-4304-a995-96652bde9fe7/allocations" status: 200 len: 253 microversion: 1.0 [pid: 8|app: 0|req: 633/1265] 199.204.45.248 () {32 vars in 857 bytes} [Thu Mar 5 19:08:40 2026] GET /resource_providers/24c5f32d-2b4a-4304-a995-96652bde9fe7/allocations => generated 253 bytes in 15 msecs (HTTP/1.1 200) 6 headers in 224 bytes (1 switches on core 0)
2026-03-05 19:08:40.598 7 INFO placement.requestlog [req-24033d3f-1615-4bc4-a737-ff3b3e071cd7 req-45e1dc5b-893c-4c7c-9433-1b92a9a6ef7d 84bc378ee0004e42abd13f1b63616e6e fb9054c9b9f14cd4bd710cb4efa2fc66 - - 5dcf7ee8c00a452c9cde160b0d7b927c 5dcf7ee8c00a452c9cde160b0d7b927c] 199.204.45.248 "GET /allocations/db5bacb0-ff1b-426c-ad1a-224df40d4d50" status: 200 len: 258 microversion: 1.28 [pid: 7|app: 0|req: 633/1266] 199.204.45.248 () {34 vars in 863 bytes} [Thu Mar 5 19:08:40 2026] GET /allocations/db5bacb0-ff1b-426c-ad1a-224df40d4d50 => generated 258 bytes in 13 msecs (HTTP/1.1 200) 8 headers in 296 bytes (1 switches on core 0)
2026-03-05 19:08:40.620 8 INFO placement.requestlog [req-24033d3f-1615-4bc4-a737-ff3b3e071cd7 req-1d7df442-f402-4c8b-be1c-5db056b59c72 84bc378ee0004e42abd13f1b63616e6e fb9054c9b9f14cd4bd710cb4efa2fc66 - - 5dcf7ee8c00a452c9cde160b0d7b927c 5dcf7ee8c00a452c9cde160b0d7b927c] 199.204.45.248 "GET /allocations/78ca639f-97a3-4bc9-820e-c69fbbafe16f" status: 200 len: 258 microversion: 1.28 [pid: 8|app: 0|req: 634/1267] 199.204.45.248 () {34 vars in 863 bytes} [Thu Mar 5 19:08:40 2026] GET /allocations/78ca639f-97a3-4bc9-820e-c69fbbafe16f => generated 258 bytes in 16 msecs (HTTP/1.1 200) 8 headers in 296 bytes (1 switches on core 0)
2026-03-05 19:08:41.668 7 INFO placement.requestlog [req-24033d3f-1615-4bc4-a737-ff3b3e071cd7 req-d903da53-d976-431c-8013-beaf8ae5558f 84bc378ee0004e42abd13f1b63616e6e fb9054c9b9f14cd4bd710cb4efa2fc66 - - 5dcf7ee8c00a452c9cde160b0d7b927c 5dcf7ee8c00a452c9cde160b0d7b927c] 199.204.45.248 "DELETE /allocations/78ca639f-97a3-4bc9-820e-c69fbbafe16f" status: 204 len: 0 microversion: 1.0 [pid: 7|app: 0|req: 634/1268] 199.204.45.248 () {34 vars in 841 bytes} [Thu Mar 5 19:08:41 2026] DELETE /allocations/78ca639f-97a3-4bc9-820e-c69fbbafe16f => generated 0 bytes in 23 msecs (HTTP/1.1 204) 5 headers in 198 bytes (1 switches on core 0)
2026-03-05 19:08:48.978 8 INFO placement.requestlog [None req-5040dab2-a5e8-4baa-849d-257c16b886d3 - - - - - -] 10.0.0.11 "GET /" status: 200 len: 136 microversion: 1.0
2026-03-05 19:08:48.979 7 INFO placement.requestlog [None req-1a01869c-4e77-41bb-af5d-fc4a320c5394 - - - - - -] 10.0.0.11 "GET /" status: 200 len: 136 microversion: 1.0
2026-03-05 19:08:51.380 8 INFO placement.requestlog [req-2c35f239-383f-40a9-a44e-f60a0bbb35e3 req-e0177353-4bfd-4117-a124-f3b9d7a72e71 84bc378ee0004e42abd13f1b63616e6e fb9054c9b9f14cd4bd710cb4efa2fc66 - - 5dcf7ee8c00a452c9cde160b0d7b927c 5dcf7ee8c00a452c9cde160b0d7b927c] 199.204.45.248 "GET /resource_providers/24c5f32d-2b4a-4304-a995-96652bde9fe7/allocations" status: 200 len: 153 microversion: 1.0 [pid: 8|app: 0|req: 636/1271] 199.204.45.248 () {32 vars in 857 bytes} [Thu Mar 5 19:08:51 2026] GET /resource_providers/24c5f32d-2b4a-4304-a995-96652bde9fe7/allocations => generated 153 bytes in 15 msecs (HTTP/1.1 200) 6 headers in 224 bytes (1 switches on core 0)
2026-03-05 19:08:51.399 7 INFO placement.requestlog [req-2c35f239-383f-40a9-a44e-f60a0bbb35e3 req-bd8be3b8-dee4-455f-a905-bc92b3eeabdd 84bc378ee0004e42abd13f1b63616e6e fb9054c9b9f14cd4bd710cb4efa2fc66 - - 5dcf7ee8c00a452c9cde160b0d7b927c 5dcf7ee8c00a452c9cde160b0d7b927c] 199.204.45.248 "GET /allocations/db5bacb0-ff1b-426c-ad1a-224df40d4d50" status: 200 len: 258 microversion: 1.28 [pid: 7|app: 0|req: 636/1272] 199.204.45.248 () {34 vars in 863 bytes} [Thu Mar 5 19:08:51 2026] GET /allocations/db5bacb0-ff1b-426c-ad1a-224df40d4d50 => generated 258 bytes in 13 msecs (HTTP/1.1 200) 8 headers in 296 bytes (1 switches on core 0)
2026-03-05 19:08:52.450 8 INFO placement.requestlog [req-2c35f239-383f-40a9-a44e-f60a0bbb35e3 req-ea98f861-e342-49e1-933e-29400b8710d1 84bc378ee0004e42abd13f1b63616e6e fb9054c9b9f14cd4bd710cb4efa2fc66 - - 5dcf7ee8c00a452c9cde160b0d7b927c 5dcf7ee8c00a452c9cde160b0d7b927c] 199.204.45.248 "DELETE /allocations/db5bacb0-ff1b-426c-ad1a-224df40d4d50" status: 204 len: 0 microversion: 1.0 [pid: 8|app: 0|req: 637/1273] 199.204.45.248 () {34 vars in 841 bytes} [Thu Mar 5 19:08:52 2026] DELETE /allocations/db5bacb0-ff1b-426c-ad1a-224df40d4d50 => generated 0 bytes in 22 msecs (HTTP/1.1 204) 5 headers in 198 bytes (1 switches on core 0)
2026-03-05 19:08:56.106 7 INFO placement.requestlog [None req-a6c4b52c-f419-44aa-954a-8488233ee27b f32517eb7f3b4bb18acd80ea5ce8da66 d15c54b83ad14a73a1215a8da0b82704 - - default default] 10.0.0.89 "GET /resource_providers" status: 200 len: 406 microversion: 1.0 [pid: 7|app: 0|req: 637/1274] 10.0.0.89 () {28 vars in 592 bytes} [Thu Mar 5 19:08:56 2026] GET /resource_providers => generated 406 bytes in 70 msecs (HTTP/1.1 200) 6 headers in 224 bytes (1 switches on core 0)
2026-03-05 19:08:56.128 8 INFO placement.requestlog [None req-eeb89d03-fd84-4dfd-8e04-43931d6d9ab7 f32517eb7f3b4bb18acd80ea5ce8da66 d15c54b83ad14a73a1215a8da0b82704 - - default default] 10.0.0.89 "GET /resource_providers/24c5f32d-2b4a-4304-a995-96652bde9fe7/inventories" status: 200 len: 401 microversion: 1.0 [pid: 8|app: 0|req: 638/1275] 10.0.0.89 () {28 vars in 690 bytes} [Thu Mar 5 19:08:56 2026] GET /resource_providers/24c5f32d-2b4a-4304-a995-96652bde9fe7/inventories => generated 401 bytes in 16 msecs (HTTP/1.1 200) 6 headers in 224 bytes (1 switches on core 0)
2026-03-05 19:08:56.147 7 INFO placement.requestlog [None req-9566fd11-b005-4945-974f-106015864771 f32517eb7f3b4bb18acd80ea5ce8da66 d15c54b83ad14a73a1215a8da0b82704 - - default default] 10.0.0.89 "GET /resource_providers/24c5f32d-2b4a-4304-a995-96652bde9fe7/usages" status: 200 len: 89 microversion: 1.0 [pid: 7|app: 0|req: 638/1276] 10.0.0.89 () {28 vars in 680 bytes} [Thu Mar 5 19:08:56 2026] GET /resource_providers/24c5f32d-2b4a-4304-a995-96652bde9fe7/usages => generated 89 bytes in 16 msecs (HTTP/1.1 200) 6 headers in 223 bytes (1 switches on core 0)
2026-03-05 19:08:58.979 7 INFO placement.requestlog [None req-af341804-169c-4f54-b016-8e79f9514da0 - - - - - -] 10.0.0.11 "GET /" status: 200 len: 136 microversion: 1.0
2026-03-05 19:08:58.979 8 INFO placement.requestlog [None req-a04ea49f-139d-43c4-b8d5-a14b7fb28cf7 - - - - - -] 10.0.0.11 "GET /" status: 200 len: 136 microversion: 1.0
2026-03-05 19:09:04.388 7 INFO placement.requestlog [None req-d8548968-fac4-4bd2-b9ab-b5d81e4ccb11 618bbe407cee40f481c24cebb90c55d0 fb9054c9b9f14cd4bd710cb4efa2fc66 - - 5dcf7ee8c00a452c9cde160b0d7b927c 5dcf7ee8c00a452c9cde160b0d7b927c] 10.0.0.247 "GET /resource_providers/080077bb-f7cf-4908-94d9-cf9f16227147/aggregates" status: 404 len: 235 microversion: 1.1 [pid: 7|app: 0|req: 640/1279] 10.0.0.247 () {32 vars in 816 bytes} [Thu Mar 5 19:09:04 2026] GET /resource_providers/080077bb-f7cf-4908-94d9-cf9f16227147/aggregates => generated 235 bytes in 9 msecs (HTTP/1.1 404) 5 headers in 202 bytes (1 switches on core 0)
2026-03-05 19:09:04.389 8 INFO placement.requestlog [None req-216585da-f5d8-4472-b733-d26a28574065 618bbe407cee40f481c24cebb90c55d0 fb9054c9b9f14cd4bd710cb4efa2fc66 - - 5dcf7ee8c00a452c9cde160b0d7b927c 5dcf7ee8c00a452c9cde160b0d7b927c] 10.0.0.247 "GET /resource_providers/080077bb-f7cf-4908-94d9-cf9f16227147/aggregates" status: 404 len: 235 microversion: 1.1 [pid: 8|app: 0|req: 640/1280] 10.0.0.247 () {32 vars in 816 bytes} [Thu Mar 5 19:09:04 2026] GET /resource_providers/080077bb-f7cf-4908-94d9-cf9f16227147/aggregates => generated 235 bytes in 9 msecs (HTTP/1.1 404) 5 headers in 202 bytes (1 switches on core 0)
2026-03-05 19:09:04.412 8 INFO placement.requestlog [None req-2e98d09a-47b9-4567-a0a7-2e3656117457 618bbe407cee40f481c24cebb90c55d0 fb9054c9b9f14cd4bd710cb4efa2fc66 - - 5dcf7ee8c00a452c9cde160b0d7b927c 5dcf7ee8c00a452c9cde160b0d7b927c] 10.0.0.247 "DELETE /resource_providers/080077bb-f7cf-4908-94d9-cf9f16227147" status: 404 len: 246 microversion: 1.1 [pid: 8|app: 0|req: 641/1281] 10.0.0.247 () {34 vars in 816 bytes} [Thu Mar 5 19:09:04 2026] DELETE /resource_providers/080077bb-f7cf-4908-94d9-cf9f16227147 => generated 246 bytes in 9 msecs (HTTP/1.1 404) 6 headers in 231 bytes (1 switches on core 0)
2026-03-05 19:09:04.412 7 INFO placement.requestlog [None req-31637486-2bb2-483c-bee9-9ae6f88ba476 618bbe407cee40f481c24cebb90c55d0 fb9054c9b9f14cd4bd710cb4efa2fc66 - - 5dcf7ee8c00a452c9cde160b0d7b927c 5dcf7ee8c00a452c9cde160b0d7b927c] 10.0.0.247 "DELETE /resource_providers/080077bb-f7cf-4908-94d9-cf9f16227147" status: 404 len: 246 microversion: 1.1 [pid: 7|app: 0|req: 641/1282] 10.0.0.247 () {34 vars in 816 bytes} [Thu Mar 5 19:09:04 2026] DELETE /resource_providers/080077bb-f7cf-4908-94d9-cf9f16227147 => generated 246 bytes in 9 msecs (HTTP/1.1 404) 6 headers in 231 bytes (1 switches on core 0)
2026-03-05 19:09:06.431 8 INFO placement.requestlog [None req-f84e3aeb-7635-4c92-9748-b575f8d2984e 618bbe407cee40f481c24cebb90c55d0 fb9054c9b9f14cd4bd710cb4efa2fc66 - - 5dcf7ee8c00a452c9cde160b0d7b927c 5dcf7ee8c00a452c9cde160b0d7b927c] 10.0.0.247 "GET /resource_providers/ad4b3b57-72c4-4525-aaca-b06d2593e9e2/aggregates" status: 404 len: 235 microversion: 1.1 [pid: 8|app: 0|req: 642/1283] 10.0.0.247 () {32 vars in 816 bytes} [Thu Mar 5 19:09:06 2026] GET /resource_providers/ad4b3b57-72c4-4525-aaca-b06d2593e9e2/aggregates => generated 235 bytes in 7 msecs (HTTP/1.1 404) 5 headers in 202 bytes (1 switches on core 0)
2026-03-05 19:09:06.435 7 INFO placement.requestlog [None req-da92e4d4-2bb5-4846-9233-210912532edc 618bbe407cee40f481c24cebb90c55d0 fb9054c9b9f14cd4bd710cb4efa2fc66 - - 5dcf7ee8c00a452c9cde160b0d7b927c 5dcf7ee8c00a452c9cde160b0d7b927c] 10.0.0.247 "GET /resource_providers/ad4b3b57-72c4-4525-aaca-b06d2593e9e2/aggregates" status: 404 len: 235 microversion: 1.1 [pid: 7|app: 0|req: 642/1284] 10.0.0.247 () {32 vars in 816 bytes} [Thu Mar 5 19:09:06 2026] GET /resource_providers/ad4b3b57-72c4-4525-aaca-b06d2593e9e2/aggregates => generated 235 bytes in 11 msecs (HTTP/1.1 404) 5 headers in 202 bytes (1 switches on core 0)
2026-03-05 19:09:06.450 8 INFO placement.requestlog [None req-1874f308-0d1f-4b41-92df-46ef17a078ee 618bbe407cee40f481c24cebb90c55d0 fb9054c9b9f14cd4bd710cb4efa2fc66 - - 5dcf7ee8c00a452c9cde160b0d7b927c 5dcf7ee8c00a452c9cde160b0d7b927c] 10.0.0.247 "DELETE /resource_providers/ad4b3b57-72c4-4525-aaca-b06d2593e9e2" status: 404 len: 246 microversion: 1.1 [pid: 8|app: 0|req: 643/1285] 10.0.0.247 () {34 vars in 816 bytes} [Thu Mar 5 19:09:06 2026] DELETE /resource_providers/ad4b3b57-72c4-4525-aaca-b06d2593e9e2 => generated 246 bytes in 8 msecs (HTTP/1.1 404) 6 headers in 231 bytes (1 switches on core 0)
2026-03-05 19:09:06.455 7 INFO placement.requestlog [None req-4c684b0e-60bc-4702-b0db-843286be4d8e 618bbe407cee40f481c24cebb90c55d0 fb9054c9b9f14cd4bd710cb4efa2fc66 - - 5dcf7ee8c00a452c9cde160b0d7b927c 5dcf7ee8c00a452c9cde160b0d7b927c] 10.0.0.247 "DELETE /resource_providers/ad4b3b57-72c4-4525-aaca-b06d2593e9e2" status: 404 len: 246 microversion: 1.1 [pid: 7|app: 0|req: 643/1286] 10.0.0.247 () {34 vars in 816 bytes} [Thu Mar 5 19:09:06 2026] DELETE /resource_providers/ad4b3b57-72c4-4525-aaca-b06d2593e9e2 => generated 246 bytes in 12 msecs (HTTP/1.1 404) 6 headers in 231 bytes (1 switches on core 0)
2026-03-05 19:09:06.468 8 INFO placement.requestlog [None req-0c7bb8f8-6b5e-481f-8e41-2706ec8bd862 618bbe407cee40f481c24cebb90c55d0 fb9054c9b9f14cd4bd710cb4efa2fc66 - - 5dcf7ee8c00a452c9cde160b0d7b927c 5dcf7ee8c00a452c9cde160b0d7b927c] 10.0.0.247 "GET /resource_providers/fb0500b0-41fd-4ca1-8538-e20a645449d9/aggregates" status: 404 len: 235 microversion: 1.1 [pid: 8|app: 0|req: 644/1287] 10.0.0.247 () {32 vars in 816 bytes} [Thu Mar 5 19:09:06 2026] GET /resource_providers/fb0500b0-41fd-4ca1-8538-e20a645449d9/aggregates => generated 235 bytes in 8 msecs (HTTP/1.1 404) 5 headers in 202 bytes (1 switches on core 0)
2026-03-05 19:09:06.469 7 INFO placement.requestlog [None req-bb9ddb42-ce8c-47b4-ad12-dc0a6be98130 618bbe407cee40f481c24cebb90c55d0 fb9054c9b9f14cd4bd710cb4efa2fc66 - - 5dcf7ee8c00a452c9cde160b0d7b927c 5dcf7ee8c00a452c9cde160b0d7b927c] 10.0.0.247 "GET /resource_providers/fb0500b0-41fd-4ca1-8538-e20a645449d9/aggregates" status: 404 len: 235 microversion: 1.1 [pid: 7|app: 0|req: 644/1288] 10.0.0.247 () {32 vars in 816 bytes} [Thu Mar 5 19:09:06 2026] GET /resource_providers/fb0500b0-41fd-4ca1-8538-e20a645449d9/aggregates => generated 235 bytes in 8 msecs (HTTP/1.1 404) 5 headers in 202 bytes (1 switches on core 0)
2026-03-05 19:09:06.481 8 INFO placement.requestlog [None req-7c6831b6-5d1c-4037-aef3-93f4e5062d6d 618bbe407cee40f481c24cebb90c55d0 fb9054c9b9f14cd4bd710cb4efa2fc66 - - 5dcf7ee8c00a452c9cde160b0d7b927c 5dcf7ee8c00a452c9cde160b0d7b927c] 10.0.0.247 "DELETE /resource_providers/fb0500b0-41fd-4ca1-8538-e20a645449d9" status: 404 len: 246 microversion: 1.1 [pid: 8|app: 0|req: 645/1289] 10.0.0.247 () {34 vars in 816 bytes} [Thu Mar 5 19:09:06 2026] DELETE /resource_providers/fb0500b0-41fd-4ca1-8538-e20a645449d9 => generated 246 bytes in 5 msecs (HTTP/1.1 404) 6 headers in 231 bytes (1 switches on core 0)
2026-03-05 19:09:06.485 7 INFO placement.requestlog [None req-ba7cd2ab-a2f5-49bd-990a-d31eb548c18e 618bbe407cee40f481c24cebb90c55d0 fb9054c9b9f14cd4bd710cb4efa2fc66 - - 5dcf7ee8c00a452c9cde160b0d7b927c 5dcf7ee8c00a452c9cde160b0d7b927c] 10.0.0.247 "DELETE /resource_providers/fb0500b0-41fd-4ca1-8538-e20a645449d9" status: 404 len: 246 microversion: 1.1 [pid: 7|app: 0|req: 645/1290] 10.0.0.247 () {34 vars in 816 bytes} [Thu Mar 5 19:09:06 2026] DELETE /resource_providers/fb0500b0-41fd-4ca1-8538-e20a645449d9 => generated 246 bytes in 7 msecs (HTTP/1.1 404) 6 headers in 231 bytes (1 switches on core 0)
2026-03-05 19:09:08.979 7 INFO placement.requestlog [None req-46b307d2-74ea-4ca1-b608-dac90d2b242e - - - - - -] 10.0.0.11 "GET /" status: 200 len: 136 microversion: 1.0
2026-03-05 19:09:08.979 8 INFO placement.requestlog [None req-2207de8e-8665-4261-8d98-61e55ef59a34 - - - - - -] 10.0.0.11 "GET /" status: 200 len: 136 microversion: 1.0
2026-03-05 19:09:18.979 7 INFO placement.requestlog [None req-56bded97-b504-491c-8415-3c764c2dd379 - - - - - -] 10.0.0.11 "GET /" status: 200 len: 136 microversion: 1.0
2026-03-05 19:09:18.980 8 INFO placement.requestlog [None req-3667a82d-a709-4445-937d-56e2cb7297fa - - - - - -] 10.0.0.11 "GET /" status: 200 len: 136 microversion: 1.0
2026-03-05 19:09:28.979 8 INFO placement.requestlog [None req-32c0c22c-dba8-45ae-bd38-9230345ae2b4 - - - - - -] 10.0.0.11 "GET /" status: 200 len: 136 microversion: 1.0
2026-03-05 19:09:28.979 7 INFO placement.requestlog [None req-9f1f9af7-ba7f-4ebb-85f6-9f8086b5c505 - - - - - -] 10.0.0.11 "GET /" status: 200 len: 136 microversion: 1.0
2026-03-05 19:09:32.782 8 INFO placement.requestlog [req-54f583a4-52fc-4323-a6a0-37d35df7e65e req-4d7ee564-41f0-4f0d-a7c7-bc6d83126f0f 84bc378ee0004e42abd13f1b63616e6e fb9054c9b9f14cd4bd710cb4efa2fc66 - - 5dcf7ee8c00a452c9cde160b0d7b927c 5dcf7ee8c00a452c9cde160b0d7b927c] 199.204.45.248 "GET /resource_providers/24c5f32d-2b4a-4304-a995-96652bde9fe7/allocations" status: 200 len: 55 microversion: 1.0 [pid: 8|app: 0|req: 649/1297] 199.204.45.248 () {32 vars in 857 bytes} [Thu Mar 5 19:09:32 2026] GET /resource_providers/24c5f32d-2b4a-4304-a995-96652bde9fe7/allocations => generated 55 bytes in 169 msecs (HTTP/1.1 200) 6 headers in 223 bytes (1 switches on core 0)
2026-03-05 19:09:32.802 7 INFO placement.requestlog [req-54f583a4-52fc-4323-a6a0-37d35df7e65e req-eed93335-84b7-4f22-a3ac-bb0a47c597ae 84bc378ee0004e42abd13f1b63616e6e fb9054c9b9f14cd4bd710cb4efa2fc66 - - 5dcf7ee8c00a452c9cde160b0d7b927c 5dcf7ee8c00a452c9cde160b0d7b927c] 199.204.45.248 "GET /resource_providers?in_tree=24c5f32d-2b4a-4304-a995-96652bde9fe7" status: 200 len: 798 microversion: 1.14 [pid: 7|app: 0|req: 649/1298] 199.204.45.248 () {34 vars in 892 bytes} [Thu Mar 5 19:09:32 2026] GET /resource_providers?in_tree=24c5f32d-2b4a-4304-a995-96652bde9fe7 => generated 798 bytes in 15 msecs (HTTP/1.1 200) 6 headers in 225 bytes (1 switches on core 0)
2026-03-05 19:09:32.822 8 INFO placement.requestlog [req-54f583a4-52fc-4323-a6a0-37d35df7e65e req-e77f1a32-643d-4d37-9dba-c7f17cbea39a 84bc378ee0004e42abd13f1b63616e6e fb9054c9b9f14cd4bd710cb4efa2fc66 - - 5dcf7ee8c00a452c9cde160b0d7b927c 5dcf7ee8c00a452c9cde160b0d7b927c] 199.204.45.248 "GET /resource_providers/24c5f32d-2b4a-4304-a995-96652bde9fe7/inventories" status: 200 len: 401 microversion: 1.0 [pid: 8|app: 0|req: 650/1299] 199.204.45.248 () {32 vars in 857 bytes} [Thu Mar 5 19:09:32 2026] GET /resource_providers/24c5f32d-2b4a-4304-a995-96652bde9fe7/inventories => generated 401 bytes in 13 msecs (HTTP/1.1 200) 6 headers in 224 bytes (1 switches on core 0)
2026-03-05 19:09:32.838 7 INFO placement.requestlog [req-54f583a4-52fc-4323-a6a0-37d35df7e65e req-df83788f-c79c-4a44-855f-49aeea44c053 84bc378ee0004e42abd13f1b63616e6e fb9054c9b9f14cd4bd710cb4efa2fc66 - - 5dcf7ee8c00a452c9cde160b0d7b927c 5dcf7ee8c00a452c9cde160b0d7b927c] 199.204.45.248 "GET /resource_providers/24c5f32d-2b4a-4304-a995-96652bde9fe7/aggregates" status: 200 len: 54 microversion: 1.19 [pid: 7|app: 0|req: 650/1300] 199.204.45.248 () {34 vars in 899 bytes} [Thu Mar 5 19:09:32 2026] GET /resource_providers/24c5f32d-2b4a-4304-a995-96652bde9fe7/aggregates => generated 54 bytes in 11 msecs (HTTP/1.1 200) 8 headers in 295 bytes (1 switches on core 0)
2026-03-05 19:09:32.864 8 INFO placement.requestlog [req-54f583a4-52fc-4323-a6a0-37d35df7e65e req-876cf7e5-1b3a-401b-9787-4ba2ae3acc32 84bc378ee0004e42abd13f1b63616e6e fb9054c9b9f14cd4bd710cb4efa2fc66 - - 5dcf7ee8c00a452c9cde160b0d7b927c 5dcf7ee8c00a452c9cde160b0d7b927c] 199.204.45.248 "GET /resource_providers/24c5f32d-2b4a-4304-a995-96652bde9fe7/traits" status: 200 len: 2317 microversion: 1.6 [pid: 8|app: 0|req: 651/1301] 199.204.45.248 () {34 vars in 890 bytes} [Thu Mar 5 19:09:32 2026] GET /resource_providers/24c5f32d-2b4a-4304-a995-96652bde9fe7/traits => generated 2317 bytes in 20 msecs (HTTP/1.1 200) 6 headers in 225 bytes (1 switches on core 0)
2026-03-05 19:09:32.883 7 INFO placement.requestlog [req-54f583a4-52fc-4323-a6a0-37d35df7e65e req-a62b8b90-e809-4451-9db6-96c7b4a8830e 84bc378ee0004e42abd13f1b63616e6e fb9054c9b9f14cd4bd710cb4efa2fc66 - - 5dcf7ee8c00a452c9cde160b0d7b927c 5dcf7ee8c00a452c9cde160b0d7b927c] 199.204.45.248 "GET /resource_providers/24c5f32d-2b4a-4304-a995-96652bde9fe7/allocations" status: 200 len: 55 microversion: 1.0 [pid: 7|app: 0|req: 651/1302] 199.204.45.248 () {32 vars in 857 bytes} [Thu Mar 5 19:09:32 2026] GET /resource_providers/24c5f32d-2b4a-4304-a995-96652bde9fe7/allocations => generated 55 bytes in 12 msecs (HTTP/1.1 200) 6 headers in 223 bytes (1 switches on core 0)
2026-03-05 19:09:38.979 8 INFO placement.requestlog [None req-cf6cd09e-393c-46d9-b256-847371c3d154 - - - - - -] 10.0.0.11 "GET /" status: 200 len: 136 microversion: 1.0
2026-03-05 19:09:38.979 7 INFO placement.requestlog [None req-cd5dd834-d16c-4baa-a184-da3f47d613ca - - - - - -] 10.0.0.11 "GET /" status: 200 len: 136 microversion: 1.0
2026-03-05 19:09:48.982 8 INFO placement.requestlog [None req-c182833f-cbcd-476e-b733-a154e2167890 - - - - - -] 10.0.0.11 "GET /" status: 200 len: 136 microversion: 1.0
2026-03-05 19:09:48.985 7 INFO placement.requestlog [None req-3e75abd5-a84c-4667-9647-45a359706be2 - - - - - -] 10.0.0.11 "GET /" status: 200 len: 136 microversion: 1.0
2026-03-05 19:09:56.276 8 INFO placement.requestlog [None req-c3c6b288-20bf-42a1-8c36-bea6c92cc0ab f32517eb7f3b4bb18acd80ea5ce8da66 d15c54b83ad14a73a1215a8da0b82704 - - default default] 10.0.0.89 "GET /resource_providers" status: 200 len: 406 microversion: 1.0 [pid: 8|app: 0|req: 654/1307] 10.0.0.89 () {28 vars in 592 bytes} [Thu Mar 5 19:09:56 2026] GET /resource_providers => generated 406 bytes in 124 msecs (HTTP/1.1 200) 6 headers in 224 bytes (1 switches on core 0)
2026-03-05 19:09:56.313 7 INFO placement.requestlog [None req-211fb173-956c-463d-9323-55ed5b18efdc f32517eb7f3b4bb18acd80ea5ce8da66 d15c54b83ad14a73a1215a8da0b82704 - - default default] 10.0.0.89 "GET /resource_providers/24c5f32d-2b4a-4304-a995-96652bde9fe7/inventories" status: 200 len: 401 microversion: 1.0 [pid: 7|app: 0|req: 654/1308] 10.0.0.89 () {28 vars in 690 bytes} [Thu Mar 5 19:09:56 2026] GET /resource_providers/24c5f32d-2b4a-4304-a995-96652bde9fe7/inventories => generated 401 bytes in 29 msecs (HTTP/1.1 200) 6 headers in 224 bytes (1 switches on core 0)
2026-03-05 19:09:56.334 8 INFO placement.requestlog [None req-24b406b5-06c4-442b-a6b7-b9e884101d3b f32517eb7f3b4bb18acd80ea5ce8da66 d15c54b83ad14a73a1215a8da0b82704 - - default default] 10.0.0.89 "GET /resource_providers/24c5f32d-2b4a-4304-a995-96652bde9fe7/usages" status: 200 len: 89 microversion: 1.0 [pid: 8|app: 0|req: 655/1309] 10.0.0.89 () {28 vars in 680 bytes} [Thu Mar 5 19:09:56 2026] GET /resource_providers/24c5f32d-2b4a-4304-a995-96652bde9fe7/usages => generated 89 bytes in 16 msecs (HTTP/1.1 200) 6 headers in 223 bytes (1 switches on core 0)
2026-03-05 19:09:58.979 8 INFO placement.requestlog [None req-9f98ea0a-431a-45ef-b099-a5b911560a0b - - - - - -] 10.0.0.11 "GET /" status: 200 len: 136 microversion: 1.0
2026-03-05 19:09:58.979 7 INFO placement.requestlog [None req-63e7fb86-04bd-4393-9ffc-f905961aa971 - - - - - -] 10.0.0.11 "GET /" status: 200 len: 136 microversion: 1.0
2026-03-05 19:10:08.979 7 INFO placement.requestlog [None req-ad437b18-cb4b-4884-bfb1-29bd1ccf5e6a - - - - - -] 10.0.0.11 "GET /" status: 200 len: 136 microversion: 1.0
2026-03-05 19:10:08.979 8 INFO placement.requestlog [None req-e068d51c-0ec3-45ca-a6b8-4096a718736e - - - - - -] 10.0.0.11 "GET /" status: 200 len: 136 microversion: 1.0
2026-03-05 19:10:18.978 7 INFO placement.requestlog [None req-1cde2f9c-fef8-4294-a566-296211cef1f1 - - - - - -] 10.0.0.11 "GET /" status: 200 len: 136 microversion: 1.0
2026-03-05 19:10:18.978 8 INFO placement.requestlog [None req-a3c008ff-c64b-4c42-a3a2-0d0f6cd5893d - - - - - -] 10.0.0.11 "GET /" status: 200 len: 136 microversion: 1.0
2026-03-05 19:10:28.979 8 INFO placement.requestlog [None req-423269b9-694b-418f-82e0-35d8721f7b96 - - - - - -] 10.0.0.11 "GET /" status: 200 len: 136 microversion: 1.0
2026-03-05 19:10:28.979 7 INFO placement.requestlog [None req-49488fdc-aa08-450e-8b0a-625db3661c4d - - - - - -] 10.0.0.11 "GET /" status: 200 len: 136 microversion: 1.0
2026-03-05 19:10:33.534 8 INFO placement.requestlog [req-14c7539d-337b-48ad-a1c6-299044312fec req-6c7b6052-8534-4162-a239-cdea5b44caaf 84bc378ee0004e42abd13f1b63616e6e fb9054c9b9f14cd4bd710cb4efa2fc66 - - 5dcf7ee8c00a452c9cde160b0d7b927c 5dcf7ee8c00a452c9cde160b0d7b927c] 199.204.45.248 "GET /resource_providers/24c5f32d-2b4a-4304-a995-96652bde9fe7/allocations" status: 200 len: 55 microversion: 1.0 [pid: 8|app: 0|req: 660/1318] 199.204.45.248 () {32 vars in 857 bytes} [Thu Mar 5 19:10:33 2026] GET /resource_providers/24c5f32d-2b4a-4304-a995-96652bde9fe7/allocations => generated 55 bytes in 13 msecs (HTTP/1.1 200) 6 headers in 223 bytes (1 switches on core 0)
2026-03-05 19:10:33.550 7 INFO placement.requestlog [req-14c7539d-337b-48ad-a1c6-299044312fec req-fb1bd4f5-a76c-4007-8b94-3e4ba8c82338 84bc378ee0004e42abd13f1b63616e6e fb9054c9b9f14cd4bd710cb4efa2fc66 - - 5dcf7ee8c00a452c9cde160b0d7b927c 5dcf7ee8c00a452c9cde160b0d7b927c] 199.204.45.248 "GET /resource_providers/24c5f32d-2b4a-4304-a995-96652bde9fe7/allocations" status: 200 len: 55 microversion: 1.0 [pid: 7|app: 0|req: 659/1319] 199.204.45.248 () {32 vars in 857 bytes} [Thu Mar 5 19:10:33 2026] GET /resource_providers/24c5f32d-2b4a-4304-a995-96652bde9fe7/allocations => generated 55 bytes in 12 msecs (HTTP/1.1 200) 6 headers in 223 bytes (1 switches on core 0)
2026-03-05 19:10:38.978 8 INFO placement.requestlog [None req-5f4a6bf4-5f4f-487d-9c77-b245e8b9e244 - - - - - -] 10.0.0.11 "GET /" status: 200 len: 136 microversion: 1.0
2026-03-05 19:10:38.980 7 INFO placement.requestlog [None req-73f4cdbc-a46b-4ed4-bc9f-96e61bc6fab3 - - - - - -] 10.0.0.11 "GET /" status: 200 len: 136 microversion: 1.0
2026-03-05 19:10:48.979 8 INFO placement.requestlog [None req-17f4e8c4-5989-40fb-ab04-736a14fddf1d - - - - - -] 10.0.0.11 "GET /" status: 200 len: 136 microversion: 1.0
2026-03-05 19:10:48.979 7 INFO placement.requestlog [None req-b383c9ef-fe34-4988-a9db-c10a6c643c52 - - - - - -] 10.0.0.11 "GET /" status: 200 len: 136 microversion: 1.0
2026-03-05 19:10:56.321 7 INFO placement.requestlog [None req-0fef822c-5d0d-4637-9869-e0c100452ddf f32517eb7f3b4bb18acd80ea5ce8da66 d15c54b83ad14a73a1215a8da0b82704 - - default default] 10.0.0.89 "GET /resource_providers" status: 200 len: 406 microversion: 1.0 [pid: 7|app: 0|req: 662/1324] 10.0.0.89 () {28 vars in 592 bytes} [Thu Mar 5 19:10:56 2026] GET /resource_providers => generated 406 bytes in 59 msecs (HTTP/1.1 200) 6 headers in 224 bytes (1 switches on core 0)
2026-03-05 19:10:56.344 8 INFO placement.requestlog [None req-b0348ee3-3e7b-4be2-a5ae-c5cdcb9195b5 f32517eb7f3b4bb18acd80ea5ce8da66 d15c54b83ad14a73a1215a8da0b82704 - - default default] 10.0.0.89 "GET /resource_providers/24c5f32d-2b4a-4304-a995-96652bde9fe7/inventories" status: 200 len: 401 microversion: 1.0 [pid: 8|app: 0|req: 663/1325] 10.0.0.89 () {28 vars in 690 bytes} [Thu Mar 5 19:10:56 2026] GET /resource_providers/24c5f32d-2b4a-4304-a995-96652bde9fe7/inventories => generated 401 bytes in 18 msecs (HTTP/1.1 200) 6 headers in 224 bytes (1 switches on core 0)
2026-03-05 19:10:56.365 7 INFO placement.requestlog [None req-760eae44-d205-4fc9-9d57-0c22ae316443 f32517eb7f3b4bb18acd80ea5ce8da66 d15c54b83ad14a73a1215a8da0b82704 - - default default] 10.0.0.89 "GET /resource_providers/24c5f32d-2b4a-4304-a995-96652bde9fe7/usages" status: 200 len: 89 microversion: 1.0 [pid: 7|app: 0|req: 663/1326] 10.0.0.89 () {28 vars in 680 bytes} [Thu Mar 5 19:10:56 2026] GET /resource_providers/24c5f32d-2b4a-4304-a995-96652bde9fe7/usages => generated 89 bytes in 19 msecs (HTTP/1.1 200) 6 headers in 223 bytes (1 switches on core 0)
2026-03-05 19:10:58.978 8 INFO placement.requestlog [None req-e9216fb3-ce29-460f-9ea7-fae055750b09 - - - - - -] 10.0.0.11 "GET /" status: 200 len: 136 microversion: 1.0
2026-03-05 19:10:58.979 7 INFO placement.requestlog [None req-96f4ff8d-4bda-4211-ad4c-4314a756c2ed - - - - - -] 10.0.0.11 "GET /" status: 200 len: 136 microversion: 1.0
2026-03-05 19:11:08.979 7 INFO placement.requestlog [None req-4d1d9c61-fd57-462f-856b-c77ca9192eaf - - - - - -] 10.0.0.11 "GET /" status: 200 len: 136 microversion: 1.0
2026-03-05 19:11:08.979 8 INFO placement.requestlog [None req-4dab77a1-463f-4170-ad5f-b850a6201f50 - - - - - -] 10.0.0.11 "GET /" status: 200 len: 136 microversion: 1.0
2026-03-05 19:11:18.979 7 INFO placement.requestlog [None req-df9fddf2-8fa9-408c-9a95-3e77b7378953 - - - - - -] 10.0.0.11 "GET /" status: 200 len: 136 microversion: 1.0
2026-03-05 19:11:18.979 8 INFO placement.requestlog [None req-5e0eae77-1946-4a59-a019-98fcad692aa4 - - - - - -] 10.0.0.11 "GET /" status: 200 len: 136 microversion: 1.0
2026-03-05 19:11:28.978 8 INFO placement.requestlog [None req-ef6677cf-8e1e-450f-9dfe-aab574718c69 - - - - - -] 10.0.0.11 "GET /" status: 200 len: 136 microversion: 1.0
