2026-03-05 19:02:36.512 7 INFO neutron.plugins.ml2.drivers.ovn.mech_driver.mech_driver [None req-cb4fd390-2142-44e7-812d-571ae75815f7 - - - - - -] OVN reports status down for port: 386fb54d-d096-4493-ae08-ad154325914d
2026-03-05 19:02:36.524 8 INFO neutron.db.ovn_revision_numbers_db [None req-9da45797-ce52-436f-9233-ff019f676f40 f84ee5c57bc64b5c982ba0adbba0f3da 1e5a772a51f942cfac90921d4052eb3e - - default default] Successfully bumped revision number for resource 386fb54d-d096-4493-ae08-ad154325914d (type: ports) to 1 [pid: 8|app: 0|req: 826/1570] 10.0.0.23 () {34 vars in 669 bytes} [Thu Mar 5 19:02:35 2026] POST /v2.0/networks => generated 748 bytes in 981 msecs (HTTP/1.1 201) 4 headers in 162 bytes (1 switches on core 0) [pid: 8|app: 0|req: 827/1571] 10.0.0.23 () {32 vars in 662 bytes} [Thu Mar 5 19:02:36 2026] GET /v2.0/security-groups => generated 4529 bytes in 43 msecs (HTTP/1.1 200) 4 headers in 158 bytes (1 switches on core 0)
2026-03-05 19:02:36.760 8 WARNING neutron.scheduler.dhcp_agent_scheduler [None req-88144ca7-97a0-4129-bfab-4837bba9f126 f84ee5c57bc64b5c982ba0adbba0f3da 1e5a772a51f942cfac90921d4052eb3e - - default default] No more DHCP agents
2026-03-05 19:02:36.764 8 WARNING neutron.api.rpc.agentnotifiers.dhcp_rpc_agent_api [None req-88144ca7-97a0-4129-bfab-4837bba9f126 f84ee5c57bc64b5c982ba0adbba0f3da 1e5a772a51f942cfac90921d4052eb3e - - default default] Unable to schedule network e5e84a8d-60a2-433b-84fd-9a5f149b0cb0: no agents available; will retry on subsequent port and subnet creation events. [pid: 7|app: 0|req: 745/1572] 10.0.0.23 () {32 vars in 739 bytes} [Thu Mar 5 19:02:36 2026] DELETE /v2.0/security-groups/ef424439-b855-4abe-8fc9-ebe767e0c2bd => generated 0 bytes in 369 msecs (HTTP/1.1 204) 2 headers in 112 bytes (1 switches on core 0)
2026-03-05 19:02:36.843 7 INFO neutron.db.ovn_revision_numbers_db [None req-aee97d89-17d5-4662-985b-e5aed09d834d ed5a1b45533f4be5964c59505ca0ff90 57f71e343e8a4991ba1b88a8ec8bd6ca - - default default] Successfully bumped revision number for resource d523510d-91a3-4d80-906b-78a414aaa57c (type: security_groups) to 2 [pid: 7|app: 0|req: 746/1573] 10.0.0.23 () {34 vars in 757 bytes} [Thu Mar 5 19:02:36 2026] PUT /v2.0/security-groups/d523510d-91a3-4d80-906b-78a414aaa57c => generated 1663 bytes in 87 msecs (HTTP/1.1 200) 4 headers in 158 bytes (1 switches on core 0) [pid: 7|app: 0|req: 747/1574] 10.0.0.23 () {32 vars in 736 bytes} [Thu Mar 5 19:02:36 2026] GET /v2.0/security-groups/d523510d-91a3-4d80-906b-78a414aaa57c => generated 1663 bytes in 24 msecs (HTTP/1.1 200) 4 headers in 158 bytes (1 switches on core 0)
2026-03-05 19:02:37.072 7 INFO neutron.db.ovn_revision_numbers_db [None req-224c6260-f8f0-44aa-8ebb-b4f5ffc430ea f32517eb7f3b4bb18acd80ea5ce8da66 d15c54b83ad14a73a1215a8da0b82704 - - default default] Successfully bumped revision number for resource c2b0dc1d-f703-4784-8bec-ec2bef442bd2 (type: security_groups) to 1
2026-03-05 19:02:37.085 7 INFO neutron.db.ovn_revision_numbers_db [None req-224c6260-f8f0-44aa-8ebb-b4f5ffc430ea f32517eb7f3b4bb18acd80ea5ce8da66 d15c54b83ad14a73a1215a8da0b82704 - - default default] Successfully bumped revision number for resource 26ffb9df-ee3a-4e25-bbf4-9fe1d591b57f (type: security_group_rules) to 0
2026-03-05 19:02:37.097 7 INFO neutron.db.ovn_revision_numbers_db [None req-224c6260-f8f0-44aa-8ebb-b4f5ffc430ea f32517eb7f3b4bb18acd80ea5ce8da66 d15c54b83ad14a73a1215a8da0b82704 - - default default] Successfully bumped revision number for resource 395060c8-478e-4fa2-a640-bc5da9a65d94 (type: security_group_rules) to 0
2026-03-05 19:02:37.109 7 INFO neutron.db.ovn_revision_numbers_db [None req-224c6260-f8f0-44aa-8ebb-b4f5ffc430ea f32517eb7f3b4bb18acd80ea5ce8da66 d15c54b83ad14a73a1215a8da0b82704 - - default default] Successfully bumped revision number for resource 5e84bd7e-facc-4fec-ba4c-f27fe0b1da5b (type: security_group_rules) to 0
2026-03-05 19:02:37.120 7 INFO neutron.db.ovn_revision_numbers_db [None req-224c6260-f8f0-44aa-8ebb-b4f5ffc430ea f32517eb7f3b4bb18acd80ea5ce8da66 d15c54b83ad14a73a1215a8da0b82704 - - default default] Successfully bumped revision number for resource a31e6b26-2463-4f33-9e08-ff22f9c082c4 (type: security_group_rules) to 0 [pid: 7|app: 0|req: 748/1575] 10.0.0.23 () {32 vars in 773 bytes} [Thu Mar 5 19:02:36 2026] GET /v2.0/security-groups?tenant_id=b68abb971ae14ba2bab839dede2d526d&name=default => generated 2925 bytes in 260 msecs (HTTP/1.1 200) 4 headers in 158 bytes (1 switches on core 0)
2026-03-05 19:02:37.231 8 INFO neutron.db.ovn_revision_numbers_db [None req-520a57a7-9df9-4fc8-ae47-6834cf16d50b - - - - - -] Successfully bumped revision number for resource 386fb54d-d096-4493-ae08-ad154325914d (type: ports) to 2
2026-03-05 19:02:37.269 8 INFO neutron.db.ovn_revision_numbers_db [None req-520a57a7-9df9-4fc8-ae47-6834cf16d50b - - - - - -] Successfully bumped revision number for resource 367ac3a4-26c8-4cae-84a5-e1686fec3b03 (type: subnets) to 0 [pid: 8|app: 0|req: 828/1576] 10.0.0.23 () {34 vars in 668 bytes} [Thu Mar 5 19:02:36 2026] POST /v2.0/subnets => generated 644 bytes in 702 msecs (HTTP/1.1 201) 4 headers in 162 bytes (1 switches on core 0) [pid: 7|app: 0|req: 749/1577] 10.0.0.23 () {32 vars in 739 bytes} [Thu Mar 5 19:02:37 2026] DELETE /v2.0/security-groups/d523510d-91a3-4d80-906b-78a414aaa57c => generated 0 bytes in 165 msecs (HTTP/1.1 204) 2 headers in 112 bytes (1 switches on core 0) [pid: 8|app: 0|req: 829/1578] 199.204.45.248 () {34 vars in 1080 bytes} [Thu Mar 5 19:02:37 2026] GET /v2.0/ports?tenant_id=9709f7b528b44474980c6a980b3ed7a2&device_id=f05d9d35-3048-4046-8c61-16e54b4af148 => generated 1209 bytes in 42 msecs (HTTP/1.1 200) 4 headers in 158 bytes (1 switches on core 0)
2026-03-05 19:02:37.337 8 WARNING neutron.api.v2.base [None req-5b9aa78c-0a9f-4162-a7f8-cc738c9c11d8 f84ee5c57bc64b5c982ba0adbba0f3da 1e5a772a51f942cfac90921d4052eb3e - - default default] An exception happened while processing the request body. The exception message is [Invalid input for target_tenant. Reason: 'None' is not a valid string.].: webob.exc.HTTPBadRequest: Invalid input for target_tenant. Reason: 'None' is not a valid string.
2026-03-05 19:02:37.338 8 INFO neutron.api.v2.resource [None req-5b9aa78c-0a9f-4162-a7f8-cc738c9c11d8 f84ee5c57bc64b5c982ba0adbba0f3da 1e5a772a51f942cfac90921d4052eb3e - - default default] create failed (client error): Invalid input for target_tenant. Reason: 'None' is not a valid string. [pid: 8|app: 0|req: 830/1579] 10.0.0.23 () {34 vars in 680 bytes} [Thu Mar 5 19:02:37 2026] POST /v2.0/rbac-policies => generated 143 bytes in 5 msecs (HTTP/1.1 400) 4 headers in 166 bytes (1 switches on core 0) [pid: 8|app: 0|req: 831/1580] 10.0.0.23 () {32 vars in 662 bytes} [Thu Mar 5 19:02:37 2026] GET /v2.0/security-groups => generated 2925 bytes in 23 msecs (HTTP/1.1 200) 4 headers in 158 bytes (1 switches on core 0) [pid: 8|app: 0|req: 832/1581] 199.204.45.248 () {34 vars in 986 bytes} [Thu Mar 5 19:02:37 2026] GET /v2.0/networks?id=028d8118-9da8-406e-9355-35133a8ecc03 => generated 813 bytes in 42 msecs (HTTP/1.1 200) 4 headers in 157 bytes (1 switches on core 0)
2026-03-05 19:02:37.588 8 INFO neutron_taas.services.taas.taas_plugin [None req-f84a18fc-62f8-4fba-8ce6-cb72e5f4b8fb f84ee5c57bc64b5c982ba0adbba0f3da 1e5a772a51f942cfac90921d4052eb3e - - default default] TaaS: Handle Delete Port: 386fb54d-d096-4493-ae08-ad154325914d
2026-03-05 19:02:37.593 8 INFO neutron_taas.services.taas.tap_mirror_plugin [None req-f84a18fc-62f8-4fba-8ce6-cb72e5f4b8fb f84ee5c57bc64b5c982ba0adbba0f3da 1e5a772a51f942cfac90921d4052eb3e - - default default] Tap Mirror: Handle Delete Port: 386fb54d-d096-4493-ae08-ad154325914d [pid: 7|app: 0|req: 750/1582] 10.0.0.23 () {32 vars in 739 bytes} [Thu Mar 5 19:02:37 2026] DELETE /v2.0/security-groups/c2b0dc1d-f703-4784-8bec-ec2bef442bd2 => generated 0 bytes in 284 msecs (HTTP/1.1 204) 2 headers in 112 bytes (1 switches on core 0)
2026-03-05 19:02:37.619 7 INFO neutron.api.v2.resource [None req-467d9998-0068-4389-ac4a-a26e73a9ef5a ed5a1b45533f4be5964c59505ca0ff90 57f71e343e8a4991ba1b88a8ec8bd6ca - - default default] delete failed (client error): The resource could not be found. [pid: 7|app: 0|req: 751/1583] 10.0.0.23 () {32 vars in 739 bytes} [Thu Mar 5 19:02:37 2026] DELETE /v2.0/security-groups/d523510d-91a3-4d80-906b-78a414aaa57c => generated 146 bytes in 11 msecs (HTTP/1.1 404) 4 headers in 164 bytes (1 switches on core 0) [pid: 7|app: 0|req: 752/1584] 199.204.45.248 () {34 vars in 1058 bytes} [Thu Mar 5 19:02:37 2026] GET /v2.0/floatingips?fixed_ip_address=10.100.0.8&port_id=3efb0690-ae7f-4b0b-9a40-c7cf275ec5ad => generated 860 bytes in 36 msecs (HTTP/1.1 200) 4 headers in 157 bytes (1 switches on core 0)
2026-03-05 19:02:37.838 7 INFO neutron.db.ovn_revision_numbers_db [None req-fca0e9ab-77eb-4f06-9500-7c3e8e9e0028 ed5a1b45533f4be5964c59505ca0ff90 57f71e343e8a4991ba1b88a8ec8bd6ca - - default default] Successfully bumped revision number for resource 904ab32a-1c17-4308-b217-2fad0b97818b (type: security_groups) to 1
2026-03-05 19:02:37.852 7 INFO neutron.db.ovn_revision_numbers_db [None req-fca0e9ab-77eb-4f06-9500-7c3e8e9e0028 ed5a1b45533f4be5964c59505ca0ff90 57f71e343e8a4991ba1b88a8ec8bd6ca - - default default] Successfully bumped revision number for resource bad74bb9-abb0-462b-94b7-ca2b073c4276 (type: security_group_rules) to 0
2026-03-05 19:02:37.862 7 INFO neutron.db.ovn_revision_numbers_db [None req-fca0e9ab-77eb-4f06-9500-7c3e8e9e0028 ed5a1b45533f4be5964c59505ca0ff90 57f71e343e8a4991ba1b88a8ec8bd6ca - - default default] Successfully bumped revision number for resource eeb40868-1550-4ef7-a850-1104856eb195 (type: security_group_rules) to 0 [pid: 7|app: 0|req: 753/1585] 10.0.0.23 () {34 vars in 683 bytes} [Thu Mar 5 19:02:37 2026] POST /v2.0/security-groups => generated 1624 bytes in 238 msecs (HTTP/1.1 201) 4 headers in 163 bytes (1 switches on core 0)
2026-03-05 19:02:37.913 8 INFO neutron.services.segments.plugin [-] Segment af738aac-a194-4f0e-8dee-1b228f007dac resource provider aggregate not found
2026-03-05 19:02:37.916 8 INFO neutron.services.segments.plugin [-] Segment af738aac-a194-4f0e-8dee-1b228f007dac resource provider aggregate not found [pid: 7|app: 0|req: 754/1586] 199.204.45.248 () {34 vars in 984 bytes} [Thu Mar 5 19:02:37 2026] GET /v2.0/subnets?id=cfdce604-f311-4304-bcc0-7c7515651f66 => generated 694 bytes in 26 msecs (HTTP/1.1 200) 4 headers in 157 bytes (1 switches on core 0)
2026-03-05 19:02:37.939 8 INFO neutron.services.segments.plugin [-] Segment af738aac-a194-4f0e-8dee-1b228f007dac resource provider not found; error: Placement Client Error (4xx): {"errors": [{"status": 404, "title": "Not Found", "detail": "The resource could not be found.\n\n No resource provider with uuid af738aac-a194-4f0e-8dee-1b228f007dac found for delete ", "request_id": "req-e6d7f346-8165-4aa0-8704-eb38a36fc945"}]}
2026-03-05 19:02:37.940 8 INFO neutron.services.segments.plugin [-] Segment af738aac-a194-4f0e-8dee-1b228f007dac resource provider not found; error: Placement Client Error (4xx): {"errors": [{"status": 404, "title": "Not Found", "detail": "The resource could not be found.\n\n No resource provider with uuid af738aac-a194-4f0e-8dee-1b228f007dac found for delete ", "request_id": "req-7d9dd490-f9e5-47c2-a0c8-d96bffc8c648"}]} [pid: 8|app: 0|req: 833/1587] 10.0.0.23 () {32 vars in 725 bytes} [Thu Mar 5 19:02:37 2026] DELETE /v2.0/networks/e5e84a8d-60a2-433b-84fd-9a5f149b0cb0 => generated 0 bytes in 572 msecs (HTTP/1.1 204) 3 headers in 131 bytes (1 switches on core 0) [pid: 8|app: 0|req: 834/1588] 199.204.45.248 () {34 vars in 1052 bytes} [Thu Mar 5 19:02:37 2026] GET /v2.0/ports?network_id=028d8118-9da8-406e-9355-35133a8ecc03&device_owner=network%3Adhcp => generated 12 bytes in 17 msecs (HTTP/1.1 200) 4 headers in 156 bytes (1 switches on core 0)
2026-03-05 19:02:38.068 7 INFO neutron.db.ovn_revision_numbers_db [None req-23f0f35f-20a9-47a5-ab53-29213c8b8e34 ed5a1b45533f4be5964c59505ca0ff90 57f71e343e8a4991ba1b88a8ec8bd6ca - - default default] Successfully bumped revision number for resource 0c62567a-d798-4a97-ac93-7a7d229be140 (type: security_group_rules) to 0
2026-03-05 19:02:38.081 8 INFO neutron.db.segments_db [None req-9419fe10-b333-4448-8eba-3644e06e1561 f84ee5c57bc64b5c982ba0adbba0f3da 1e5a772a51f942cfac90921d4052eb3e - - default default] Added segment d87f7d55-cc77-43fc-8f5a-5c64dce8d6f2 of type geneve for network 353c4b0a-cf0f-4f6b-8b20-ced78f75e983 [pid: 7|app: 0|req: 755/1589] 10.0.0.23 () {34 vars in 694 bytes} [Thu Mar 5 19:02:37 2026] POST /v2.0/security-group-rules => generated 601 bytes in 177 msecs (HTTP/1.1 201) 4 headers in 162 bytes (1 switches on core 0) [pid: 7|app: 0|req: 756/1590] 199.204.45.248 () {34 vars in 1012 bytes} [Thu Mar 5 19:02:38 2026] GET /v2.0/networks/028d8118-9da8-406e-9355-35133a8ecc03?fields=segments => generated 14 bytes in 45 msecs (HTTP/1.1 200) 4 headers in 156 bytes (1 switches on core 0) [pid: 7|app: 0|req: 757/1591] 10.0.0.23 () {32 vars in 746 bytes} [Thu Mar 5 19:02:38 2026] GET /v2.0/security-group-rules/0c62567a-d798-4a97-ac93-7a7d229be140 => generated 601 bytes in 15 msecs (HTTP/1.1 200) 4 headers in 157 bytes (1 switches on core 0)
2026-03-05 19:02:38.203 8 INFO neutron.db.ovn_revision_numbers_db [None req-9419fe10-b333-4448-8eba-3644e06e1561 f84ee5c57bc64b5c982ba0adbba0f3da 1e5a772a51f942cfac90921d4052eb3e - - default default] Successfully bumped revision number for resource 353c4b0a-cf0f-4f6b-8b20-ced78f75e983 (type: networks) to 1 [pid: 7|app: 0|req: 758/1592] 199.204.45.248 () {34 vars in 1112 bytes} [Thu Mar 5 19:02:38 2026] GET /v2.0/networks/028d8118-9da8-406e-9355-35133a8ecc03?fields=provider%3Aphysical_network&fields=provider%3Anetwork_type => generated 79 bytes in 60 msecs (HTTP/1.1 200) 4 headers in 156 bytes (1 switches on core 0) [pid: 7|app: 0|req: 759/1593] 10.0.0.23 () {32 vars in 672 bytes} [Thu Mar 5 19:02:38 2026] GET /v2.0/security-group-rules => generated 4138 bytes in 72 msecs (HTTP/1.1 200) 4 headers in 158 bytes (1 switches on core 0)
2026-03-05 19:02:38.374 8 WARNING neutron.scheduler.dhcp_agent_scheduler [None req-9419fe10-b333-4448-8eba-3644e06e1561 f84ee5c57bc64b5c982ba0adbba0f3da 1e5a772a51f942cfac90921d4052eb3e - - default default] No more DHCP agents
2026-03-05 19:02:38.376 8 WARNING neutron.api.rpc.agentnotifiers.dhcp_rpc_agent_api [None req-9419fe10-b333-4448-8eba-3644e06e1561 f84ee5c57bc64b5c982ba0adbba0f3da 1e5a772a51f942cfac90921d4052eb3e - - default default] Unable to schedule network 353c4b0a-cf0f-4f6b-8b20-ced78f75e983: no agents available; will retry on subsequent port and subnet creation events. [pid: 7|app: 0|req: 760/1594] 10.0.0.23 () {32 vars in 749 bytes} [Thu Mar 5 19:02:38 2026] DELETE /v2.0/security-group-rules/0c62567a-d798-4a97-ac93-7a7d229be140 => generated 0 bytes in 155 msecs (HTTP/1.1 204) 2 headers in 112 bytes (1 switches on core 0)
2026-03-05 19:02:38.466 7 INFO neutron.plugins.ml2.drivers.ovn.mech_driver.mech_driver [None req-cb4fd390-2142-44e7-812d-571ae75815f7 - - - - - -] OVN reports status down for port: e82ef9bc-3313-4ad2-9079-e52eca7f0115
2026-03-05 19:02:38.484 8 INFO neutron.db.ovn_revision_numbers_db [None req-9419fe10-b333-4448-8eba-3644e06e1561 f84ee5c57bc64b5c982ba0adbba0f3da 1e5a772a51f942cfac90921d4052eb3e - - default default] Successfully bumped revision number for resource e82ef9bc-3313-4ad2-9079-e52eca7f0115 (type: ports) to 1 [pid: 8|app: 0|req: 835/1595] 10.0.0.23 () {34 vars in 669 bytes} [Thu Mar 5 19:02:37 2026] POST /v2.0/networks => generated 747 bytes in 524 msecs (HTTP/1.1 201) 4 headers in 162 bytes (1 switches on core 0) [pid: 7|app: 0|req: 761/1596] 10.0.0.23 () {32 vars in 672 bytes} [Thu Mar 5 19:02:38 2026] GET /v2.0/security-group-rules => generated 3560 bytes in 90 msecs (HTTP/1.1 200) 4 headers in 158 bytes (1 switches on core 0)
2026-03-05 19:02:38.645 8 WARNING neutron.scheduler.dhcp_agent_scheduler [None req-87a79b16-4c4b-49f1-9a2a-7942bfd9d68b f84ee5c57bc64b5c982ba0adbba0f3da 1e5a772a51f942cfac90921d4052eb3e - - default default] No more DHCP agents
2026-03-05 19:02:38.646 8 WARNING neutron.api.rpc.agentnotifiers.dhcp_rpc_agent_api [None req-87a79b16-4c4b-49f1-9a2a-7942bfd9d68b f84ee5c57bc64b5c982ba0adbba0f3da 1e5a772a51f942cfac90921d4052eb3e - - default default] Unable to schedule network 353c4b0a-cf0f-4f6b-8b20-ced78f75e983: no agents available; will retry on subsequent port and subnet creation events.
2026-03-05 19:02:38.709 7 INFO neutron.db.ovn_revision_numbers_db [None req-42435c90-cbc0-4c86-bbac-75a293a2acce ed5a1b45533f4be5964c59505ca0ff90 57f71e343e8a4991ba1b88a8ec8bd6ca - - default default] Successfully bumped revision number for resource c5439e7e-aa57-4f2b-9403-77fb38a59426 (type: security_group_rules) to 0 [pid: 7|app: 0|req: 762/1597] 10.0.0.23 () {34 vars in 694 bytes} [Thu Mar 5 19:02:38 2026] POST /v2.0/security-group-rules => generated 601 bytes in 189 msecs (HTTP/1.1 201) 4 headers in 162 bytes (1 switches on core 0) [pid: 7|app: 0|req: 763/1598] 10.0.0.23 () {32 vars in 746 bytes} [Thu Mar 5 19:02:38 2026] GET /v2.0/security-group-rules/c5439e7e-aa57-4f2b-9403-77fb38a59426 => generated 601 bytes in 14 msecs (HTTP/1.1 200) 4 headers in 157 bytes (1 switches on core 0) [pid: 7|app: 0|req: 764/1599] 10.0.0.23 () {32 vars in 672 bytes} [Thu Mar 5 19:02:38 2026] GET /v2.0/security-group-rules => generated 4138 bytes in 64 msecs (HTTP/1.1 200) 4 headers in 158 bytes (1 switches on core 0) [pid: 7|app: 0|req: 765/1600] 10.0.0.23 () {32 vars in 749 bytes} [Thu Mar 5 19:02:38 2026] DELETE /v2.0/security-group-rules/c5439e7e-aa57-4f2b-9403-77fb38a59426 => generated 0 bytes in 117 msecs (HTTP/1.1 204) 2 headers in 112 bytes (1 switches on core 0) [pid: 7|app: 0|req: 766/1601] 10.0.0.23 () {32 vars in 672 bytes} [Thu Mar 5 19:02:38 2026] GET /v2.0/security-group-rules => generated 3560 bytes in 41 msecs (HTTP/1.1 200) 4 headers in 158 bytes (1 switches on core 0)
2026-03-05 19:02:39.125 8 INFO neutron.db.ovn_revision_numbers_db [None req-09e315e2-a256-469a-849b-8b6c71a9729d - - - - - -] Successfully bumped revision number for resource e82ef9bc-3313-4ad2-9079-e52eca7f0115 (type: ports) to 2
2026-03-05 19:02:39.156 7 INFO neutron.db.ovn_revision_numbers_db [None req-d0eaabad-b253-4522-b85e-8256ba2abd45 ed5a1b45533f4be5964c59505ca0ff90 57f71e343e8a4991ba1b88a8ec8bd6ca - - default default] Successfully bumped revision number for resource 41ac6a1c-702e-4f97-b2db-bb9901b4e877 (type: security_group_rules) to 0
2026-03-05 19:02:39.163 8 INFO neutron.db.ovn_revision_numbers_db [None req-09e315e2-a256-469a-849b-8b6c71a9729d - - - - - -] Successfully bumped revision number for resource 0b705825-d716-43b6-b3cb-956736ce8cc0 (type: subnets) to 0 [pid: 8|app: 0|req: 836/1602] 10.0.0.23 () {34 vars in 668 bytes} [Thu Mar 5 19:02:38 2026] POST /v2.0/subnets => generated 647 bytes in 653 msecs (HTTP/1.1 201) 4 headers in 162 bytes (1 switches on core 0) [pid: 7|app: 0|req: 767/1603] 10.0.0.23 () {34 vars in 694 bytes} [Thu Mar 5 19:02:38 2026] POST /v2.0/security-group-rules => generated 602 bytes in 185 msecs (HTTP/1.1 201) 4 headers in 162 bytes (1 switches on core 0)
2026-03-05 19:02:39.187 8 WARNING neutron.api.v2.base [None req-3376450f-8de7-44b7-89a4-a4a3d98639f0 f84ee5c57bc64b5c982ba0adbba0f3da 1e5a772a51f942cfac90921d4052eb3e - - default default] An exception happened while processing the request body. The exception message is [Invalid input for target_tenant. Reason: '1234123412341234123412341234123412341234123412341234123412341234123412341234123412341234123412341234123412341234123412341234123412341234123412341234123412341234123412341234123412341234123412341234123412341234123412341234123412341234123412341234123412341234123412341234123412341234123412341234123412341234123412341234123412341234123412341234123412341234123412341234123412341234123412341234123412341234' exceeds maximum length of 255.].: webob.exc.HTTPBadRequest: Invalid input for target_tenant. Reason: '1234123412341234123412341234123412341234123412341234123412341234123412341234123412341234123412341234123412341234123412341234123412341234123412341234123412341234123412341234123412341234123412341234123412341234123412341234123412341234123412341234123412341234123412341234123412341234123412341234123412341234123412341234123412341234123412341234123412341234123412341234123412341234123412341234123412341234' exceeds maximum length of 255.
2026-03-05 19:02:39.188 8 INFO neutron.api.v2.resource [None req-3376450f-8de7-44b7-89a4-a4a3d98639f0 f84ee5c57bc64b5c982ba0adbba0f3da 1e5a772a51f942cfac90921d4052eb3e - - default default] create failed (client error): Invalid input for target_tenant. Reason: '1234123412341234123412341234123412341234123412341234123412341234123412341234123412341234123412341234123412341234123412341234123412341234123412341234123412341234123412341234123412341234123412341234123412341234123412341234123412341234123412341234123412341234123412341234123412341234123412341234123412341234123412341234123412341234123412341234123412341234123412341234123412341234123412341234123412341234' exceeds maximum length of 255. [pid: 8|app: 0|req: 837/1604] 10.0.0.23 () {34 vars in 680 bytes} [Thu Mar 5 19:02:39 2026] POST /v2.0/rbac-policies => generated 547 bytes in 6 msecs (HTTP/1.1 400) 4 headers in 166 bytes (1 switches on core 0) [pid: 7|app: 0|req: 768/1605] 10.0.0.23 () {32 vars in 746 bytes} [Thu Mar 5 19:02:39 2026] GET /v2.0/security-group-rules/41ac6a1c-702e-4f97-b2db-bb9901b4e877 => generated 602 bytes in 15 msecs (HTTP/1.1 200) 4 headers in 157 bytes (1 switches on core 0) [pid: 7|app: 0|req: 769/1606] 10.0.0.23 () {32 vars in 672 bytes} [Thu Mar 5 19:02:39 2026] GET /v2.0/security-group-rules => generated 4139 bytes in 51 msecs (HTTP/1.1 200) 4 headers in 158 bytes (1 switches on core 0)
2026-03-05 19:02:39.338 8 INFO neutron_taas.services.taas.taas_plugin [None req-03b266bb-b429-45d4-8742-70cea429a89d f84ee5c57bc64b5c982ba0adbba0f3da 1e5a772a51f942cfac90921d4052eb3e - - default default] TaaS: Handle Delete Port: e82ef9bc-3313-4ad2-9079-e52eca7f0115
2026-03-05 19:02:39.340 8 INFO neutron_taas.services.taas.tap_mirror_plugin [None req-03b266bb-b429-45d4-8742-70cea429a89d f84ee5c57bc64b5c982ba0adbba0f3da 1e5a772a51f942cfac90921d4052eb3e - - default default] Tap Mirror: Handle Delete Port: e82ef9bc-3313-4ad2-9079-e52eca7f0115 [pid: 7|app: 0|req: 770/1607] 10.0.0.23 () {32 vars in 749 bytes} [Thu Mar 5 19:02:39 2026] DELETE /v2.0/security-group-rules/41ac6a1c-702e-4f97-b2db-bb9901b4e877 => generated 0 bytes in 117 msecs (HTTP/1.1 204) 2 headers in 112 bytes (1 switches on core 0) [pid: 7|app: 0|req: 771/1608] 10.0.0.23 () {32 vars in 672 bytes} [Thu Mar 5 19:02:39 2026] GET /v2.0/security-group-rules => generated 3560 bytes in 55 msecs (HTTP/1.1 200) 4 headers in 158 bytes (1 switches on core 0) [pid: 7|app: 0|req: 772/1609] 10.0.0.23 () {32 vars in 739 bytes} [Thu Mar 5 19:02:39 2026] DELETE /v2.0/security-groups/904ab32a-1c17-4308-b217-2fad0b97818b => generated 0 bytes in 148 msecs (HTTP/1.1 204) 2 headers in 112 bytes (1 switches on core 0) [pid: 7|app: 0|req: 773/1610] 10.0.0.23 () {32 vars in 662 bytes} [Thu Mar 5 19:02:39 2026] GET /v2.0/security-groups => generated 2925 bytes in 51 msecs (HTTP/1.1 200) 4 headers in 158 bytes (1 switches on core 0) [pid: 7|app: 0|req: 774/1611] 10.0.0.23 () {32 vars in 662 bytes} [Thu Mar 5 19:02:39 2026] GET /v2.0/security-groups => generated 2925 bytes in 19 msecs (HTTP/1.1 200) 4 headers in 158 bytes (1 switches on core 0) [pid: 8|app: 0|req: 838/1612] 10.0.0.23 () {32 vars in 725 bytes} [Thu Mar 5 19:02:39 2026] DELETE /v2.0/networks/353c4b0a-cf0f-4f6b-8b20-ced78f75e983 => generated 0 bytes in 536 msecs (HTTP/1.1 204) 3 headers in 131 bytes (1 switches on core 0)
2026-03-05 19:02:39.820 7 INFO neutron.db.segments_db [None req-2a8ab2d5-91c2-458e-a1ff-0a253818dd43 f84ee5c57bc64b5c982ba0adbba0f3da 1e5a772a51f942cfac90921d4052eb3e - - default default] Added segment 56b95f58-df64-42de-852c-ed2bf6745602 of type geneve for network b1895e22-51f0-4a5e-9873-e13f8acd92f3
2026-03-05 19:02:39.929 7 INFO neutron.db.ovn_revision_numbers_db [None req-2a8ab2d5-91c2-458e-a1ff-0a253818dd43 f84ee5c57bc64b5c982ba0adbba0f3da 1e5a772a51f942cfac90921d4052eb3e - - default default] Successfully bumped revision number for resource b1895e22-51f0-4a5e-9873-e13f8acd92f3 (type: networks) to 1
2026-03-05 19:02:39.957 8 INFO neutron.services.segments.plugin [-] Segment d87f7d55-cc77-43fc-8f5a-5c64dce8d6f2 resource provider aggregate not found
2026-03-05 19:02:39.975 8 INFO neutron.services.segments.plugin [-] Segment d87f7d55-cc77-43fc-8f5a-5c64dce8d6f2 resource provider not found; error: Placement Client Error (4xx): {"errors": [{"status": 404, "title": "Not Found", "detail": "The resource could not be found.\n\n No resource provider with uuid d87f7d55-cc77-43fc-8f5a-5c64dce8d6f2 found for delete ", "request_id": "req-603b7922-6d22-4c85-9e27-686a245f00dd"}]}
2026-03-05 19:02:39.977 8 INFO neutron.services.segments.plugin [-] Segment d87f7d55-cc77-43fc-8f5a-5c64dce8d6f2 resource provider aggregate not found
2026-03-05 19:02:39.992 8 INFO neutron.services.segments.plugin [-] Segment d87f7d55-cc77-43fc-8f5a-5c64dce8d6f2 resource provider not found; error: Placement Client Error (4xx): {"errors": [{"status": 404, "title": "Not Found", "detail": "The resource could not be found.\n\n No resource provider with uuid d87f7d55-cc77-43fc-8f5a-5c64dce8d6f2 found for delete ", "request_id": "req-24b9b85b-48c1-4f8d-81a5-598b39b2d157"}]}
2026-03-05 19:02:40.089 7 WARNING neutron.scheduler.dhcp_agent_scheduler [None req-2a8ab2d5-91c2-458e-a1ff-0a253818dd43 f84ee5c57bc64b5c982ba0adbba0f3da 1e5a772a51f942cfac90921d4052eb3e - - default default] No more DHCP agents
2026-03-05 19:02:40.090 7 WARNING neutron.api.rpc.agentnotifiers.dhcp_rpc_agent_api [None req-2a8ab2d5-91c2-458e-a1ff-0a253818dd43 f84ee5c57bc64b5c982ba0adbba0f3da 1e5a772a51f942cfac90921d4052eb3e - - default default] Unable to schedule network b1895e22-51f0-4a5e-9873-e13f8acd92f3: no agents available; will retry on subsequent port and subnet creation events.
2026-03-05 19:02:40.161 7 INFO neutron.plugins.ml2.drivers.ovn.mech_driver.mech_driver [None req-cb4fd390-2142-44e7-812d-571ae75815f7 - - - - - -] OVN reports status down for port: f8d4da18-3ef4-4142-877e-0003fd5ec53d
2026-03-05 19:02:40.217 7 INFO neutron.db.ovn_revision_numbers_db [None req-2a8ab2d5-91c2-458e-a1ff-0a253818dd43 f84ee5c57bc64b5c982ba0adbba0f3da 1e5a772a51f942cfac90921d4052eb3e - - default default] Successfully bumped revision number for resource f8d4da18-3ef4-4142-877e-0003fd5ec53d (type: ports) to 1 [pid: 7|app: 0|req: 775/1613] 10.0.0.23 () {34 vars in 669 bytes} [Thu Mar 5 19:02:39 2026] POST /v2.0/networks => generated 748 bytes in 526 msecs (HTTP/1.1 201) 4 headers in 162 bytes (1 switches on core 0) [pid: 8|app: 0|req: 839/1616] 10.0.0.23 () {32 vars in 773 bytes} [Thu Mar 5 19:02:40 2026] GET /v2.0/security-groups?tenant_id=57f71e343e8a4991ba1b88a8ec8bd6ca&name=default => generated 2925 bytes in 209 msecs (HTTP/1.1 200) 4 headers in 158 bytes (1 switches on core 0)
2026-03-05 19:02:40.411 7 WARNING neutron.scheduler.dhcp_agent_scheduler [None req-6d67045d-1aba-470e-b4d9-2a7227320327 f84ee5c57bc64b5c982ba0adbba0f3da 1e5a772a51f942cfac90921d4052eb3e - - default default] No more DHCP agents
2026-03-05 19:02:40.412 7 WARNING neutron.api.rpc.agentnotifiers.dhcp_rpc_agent_api [None req-6d67045d-1aba-470e-b4d9-2a7227320327 f84ee5c57bc64b5c982ba0adbba0f3da 1e5a772a51f942cfac90921d4052eb3e - - default default] Unable to schedule network b1895e22-51f0-4a5e-9873-e13f8acd92f3: no agents available; will retry on subsequent port and subnet creation events. [pid: 8|app: 0|req: 840/1617] 10.0.0.23 () {32 vars in 739 bytes} [Thu Mar 5 19:02:40 2026] DELETE /v2.0/security-groups/ca6f9ce5-8ad9-4227-a7c0-8f2b03a82cfb => generated 0 bytes in 291 msecs (HTTP/1.1 204) 2 headers in 112 bytes (1 switches on core 0)
2026-03-05 19:02:40.937 7 INFO neutron.db.ovn_revision_numbers_db [None req-a662b700-e9da-4980-aae7-2b4b6448c253 - - - - - -] Successfully bumped revision number for resource f8d4da18-3ef4-4142-877e-0003fd5ec53d (type: ports) to 2
2026-03-05 19:02:40.968 7 INFO neutron.db.ovn_revision_numbers_db [None req-a662b700-e9da-4980-aae7-2b4b6448c253 - - - - - -] Successfully bumped revision number for resource 0fe6d307-fe53-4ef5-ac6a-55e6831c3c4a (type: subnets) to 0 [pid: 7|app: 0|req: 778/1618] 10.0.0.23 () {34 vars in 668 bytes} [Thu Mar 5 19:02:40 2026] POST /v2.0/subnets => generated 647 bytes in 718 msecs (HTTP/1.1 201) 4 headers in 162 bytes (1 switches on core 0) [pid: 8|app: 0|req: 841/1619] 10.0.0.23 () {34 vars in 680 bytes} [Thu Mar 5 19:02:40 2026] POST /v2.0/rbac-policies => generated 324 bytes in 239 msecs (HTTP/1.1 201) 4 headers in 162 bytes (1 switches on core 0) [pid: 7|app: 0|req: 779/1620] 10.0.0.23 () {32 vars in 722 bytes} [Thu Mar 5 19:02:41 2026] GET /v2.0/networks/b1895e22-51f0-4a5e-9873-e13f8acd92f3 => generated 692 bytes in 254 msecs (HTTP/1.1 200) 4 headers in 157 bytes (1 switches on core 0)
2026-03-05 19:02:41.930 8 INFO neutron.db.ovn_revision_numbers_db [None req-146df9b3-824e-4957-96e9-32fac5434ad4 d763ca0c63dd49b8a7f6623291a64f48 294619a375d44f72ab3be102bed8efba - - default default] Successfully bumped revision number for resource 1f67bd5b-f38c-458a-a802-273a4eb4f2e0 (type: security_groups) to 1
2026-03-05 19:02:41.943 8 INFO neutron.db.ovn_revision_numbers_db [None req-146df9b3-824e-4957-96e9-32fac5434ad4 d763ca0c63dd49b8a7f6623291a64f48 294619a375d44f72ab3be102bed8efba - - default default] Successfully bumped revision number for resource 57f880ba-1067-450c-901f-c455d5bd58ae (type: security_group_rules) to 0
2026-03-05 19:02:41.955 8 INFO neutron.db.ovn_revision_numbers_db [None req-146df9b3-824e-4957-96e9-32fac5434ad4 d763ca0c63dd49b8a7f6623291a64f48 294619a375d44f72ab3be102bed8efba - - default default] Successfully bumped revision number for resource b5cbc842-b8d7-4baf-b26b-c5201141e04c (type: security_group_rules) to 0
2026-03-05 19:02:41.969 8 INFO neutron.db.ovn_revision_numbers_db [None req-146df9b3-824e-4957-96e9-32fac5434ad4 d763ca0c63dd49b8a7f6623291a64f48 294619a375d44f72ab3be102bed8efba - - default default] Successfully bumped revision number for resource d8a0c921-a059-40cf-8b2f-d7f0028197fa (type: security_group_rules) to 0
2026-03-05 19:02:41.983 8 INFO neutron.db.ovn_revision_numbers_db [None req-146df9b3-824e-4957-96e9-32fac5434ad4 d763ca0c63dd49b8a7f6623291a64f48 294619a375d44f72ab3be102bed8efba - - default default] Successfully bumped revision number for resource f00525b6-810f-4ee4-bbf0-ecc83ba48168 (type: security_group_rules) to 0
2026-03-05 19:02:42.065 8 INFO neutron.db.segments_db [None req-146df9b3-824e-4957-96e9-32fac5434ad4 d763ca0c63dd49b8a7f6623291a64f48 294619a375d44f72ab3be102bed8efba - - default default] Added segment 6ef7263e-d6ef-4a73-a207-66a0444908b6 of type geneve for network 97c29c6a-4582-4576-96f9-d186c1b3c265
2026-03-05 19:02:42.193 8 INFO neutron.db.ovn_revision_numbers_db [None req-146df9b3-824e-4957-96e9-32fac5434ad4 d763ca0c63dd49b8a7f6623291a64f48 294619a375d44f72ab3be102bed8efba - - default default] Successfully bumped revision number for resource 97c29c6a-4582-4576-96f9-d186c1b3c265 (type: networks) to 1
2026-03-05 19:02:42.283 7 INFO neutron.pecan_wsgi.hooks.translation [None req-d52d7e87-b505-4074-ab6a-dde09034c886 2a9222c1e501451792ca32ad7de8b799 ddbf7141ff5c4b5eace6fdc54347cd65 - - default default] GET failed (client error): The resource could not be found. [pid: 7|app: 0|req: 780/1621] 10.0.0.23 () {32 vars in 722 bytes} [Thu Mar 5 19:02:42 2026] GET /v2.0/networks/b1895e22-51f0-4a5e-9873-e13f8acd92f3 => generated 138 bytes in 99 msecs (HTTP/1.1 404) 4 headers in 164 bytes (1 switches on core 0)
2026-03-05 19:02:42.407 7 INFO neutron_taas.services.taas.taas_plugin [None req-6e9d0d51-1965-4674-94c9-8f40c7cbf5dd f84ee5c57bc64b5c982ba0adbba0f3da 1e5a772a51f942cfac90921d4052eb3e - - default default] TaaS: Handle Delete Port: f8d4da18-3ef4-4142-877e-0003fd5ec53d
2026-03-05 19:02:42.411 7 INFO neutron_taas.services.taas.tap_mirror_plugin [None req-6e9d0d51-1965-4674-94c9-8f40c7cbf5dd f84ee5c57bc64b5c982ba0adbba0f3da 1e5a772a51f942cfac90921d4052eb3e - - default default] Tap Mirror: Handle Delete Port: f8d4da18-3ef4-4142-877e-0003fd5ec53d
2026-03-05 19:02:42.737 7 INFO neutron.services.segments.plugin [-] Segment 56b95f58-df64-42de-852c-ed2bf6745602 resource provider aggregate not found
2026-03-05 19:02:42.744 7 INFO neutron.services.segments.plugin [-] Segment 56b95f58-df64-42de-852c-ed2bf6745602 resource provider aggregate not found
2026-03-05 19:02:42.755 7 INFO neutron.services.segments.plugin [-] Segment 56b95f58-df64-42de-852c-ed2bf6745602 resource provider not found; error: Placement Client Error (4xx): {"errors": [{"status": 404, "title": "Not Found", "detail": "The resource could not be found.\n\n No resource provider with uuid 56b95f58-df64-42de-852c-ed2bf6745602 found for delete ", "request_id": "req-93431bb1-0c60-43de-a690-cbca022542c9"}]}
2026-03-05 19:02:42.762 7 INFO neutron.services.segments.plugin [-] Segment 56b95f58-df64-42de-852c-ed2bf6745602 resource provider not found; error: Placement Client Error (4xx): {"errors": [{"status": 404, "title": "Not Found", "detail": "The resource could not be found.\n\n No resource provider with uuid 56b95f58-df64-42de-852c-ed2bf6745602 found for delete ", "request_id": "req-e882f272-4083-4ac9-9ee1-c9f6fc58e270"}]} [pid: 7|app: 0|req: 781/1622] 10.0.0.23 () {32 vars in 725 bytes} [Thu Mar 5 19:02:42 2026] DELETE /v2.0/networks/b1895e22-51f0-4a5e-9873-e13f8acd92f3 => generated 0 bytes in 513 msecs (HTTP/1.1 204) 3 headers in 131 bytes (1 switches on core 0)
2026-03-05 19:02:42.833 8 WARNING neutron.scheduler.dhcp_agent_scheduler [None req-146df9b3-824e-4957-96e9-32fac5434ad4 d763ca0c63dd49b8a7f6623291a64f48 294619a375d44f72ab3be102bed8efba - - default default] No more DHCP agents
2026-03-05 19:02:42.834 8 WARNING neutron.api.rpc.agentnotifiers.dhcp_rpc_agent_api [None req-146df9b3-824e-4957-96e9-32fac5434ad4 d763ca0c63dd49b8a7f6623291a64f48 294619a375d44f72ab3be102bed8efba - - default default] Unable to schedule network 97c29c6a-4582-4576-96f9-d186c1b3c265: no agents available; will retry on subsequent port and subnet creation events. [pid: 7|app: 0|req: 782/1623] 10.0.0.23 () {34 vars in 675 bytes} [Thu Mar 5 19:02:42 2026] POST /v2.0/subnetpools => generated 548 bytes in 132 msecs (HTTP/1.1 201) 4 headers in 162 bytes (1 switches on core 0)
2026-03-05 19:02:42.945 7 INFO neutron.plugins.ml2.drivers.ovn.mech_driver.mech_driver [None req-cb4fd390-2142-44e7-812d-571ae75815f7 - - - - - -] OVN reports status down for port: db7f5e54-4bd8-451b-9c68-f9faacf2afb3
2026-03-05 19:02:42.950 8 INFO neutron.db.ovn_revision_numbers_db [None req-146df9b3-824e-4957-96e9-32fac5434ad4 d763ca0c63dd49b8a7f6623291a64f48 294619a375d44f72ab3be102bed8efba - - default default] Successfully bumped revision number for resource db7f5e54-4bd8-451b-9c68-f9faacf2afb3 (type: ports) to 1
2026-03-05 19:02:42.959 7 INFO neutron.pecan_wsgi.hooks.translation [None req-285d77f3-b299-4e74-b6b1-1b4c1a3d0da6 f84ee5c57bc64b5c982ba0adbba0f3da 1e5a772a51f942cfac90921d4052eb3e - - default default] DELETE failed (client error): The resource could not be found. [pid: 7|app: 0|req: 783/1624] 10.0.0.23 () {32 vars in 723 bytes} [Thu Mar 5 19:02:42 2026] DELETE /v2.0/subnets/367ac3a4-26c8-4cae-84a5-e1686fec3b03 => generated 136 bytes in 33 msecs (HTTP/1.1 404) 4 headers in 164 bytes (1 switches on core 0) [pid: 8|app: 0|req: 842/1625] 10.0.0.23 () {34 vars in 669 bytes} [Thu Mar 5 19:02:41 2026] POST /v2.0/networks => generated 650 bytes in 1305 msecs (HTTP/1.1 201) 4 headers in 162 bytes (1 switches on core 0)
2026-03-05 19:02:42.992 8 INFO neutron.pecan_wsgi.hooks.translation [None req-c9a8e7e7-81c1-4863-9135-4b407246923e f84ee5c57bc64b5c982ba0adbba0f3da 1e5a772a51f942cfac90921d4052eb3e - - default default] DELETE failed (client error): The resource could not be found. [pid: 8|app: 0|req: 843/1626] 10.0.0.23 () {32 vars in 723 bytes} [Thu Mar 5 19:02:42 2026] DELETE /v2.0/subnets/0b705825-d716-43b6-b3cb-956736ce8cc0 => generated 136 bytes in 15 msecs (HTTP/1.1 404) 4 headers in 164 bytes (1 switches on core 0) [pid: 7|app: 0|req: 784/1627] 10.0.0.23 () {32 vars in 728 bytes} [Thu Mar 5 19:02:42 2026] GET /v2.0/subnetpools/0b71e190-1477-4ace-a099-0e8d674af0d5 => generated 548 bytes in 45 msecs (HTTP/1.1 200) 4 headers in 157 bytes (1 switches on core 0)
2026-03-05 19:02:43.027 7 INFO neutron.pecan_wsgi.hooks.translation [None req-393b8559-5d62-4645-ae68-225d21dd3a7c f84ee5c57bc64b5c982ba0adbba0f3da 1e5a772a51f942cfac90921d4052eb3e - - default default] DELETE failed (client error): The resource could not be found. [pid: 7|app: 0|req: 785/1628] 10.0.0.23 () {32 vars in 723 bytes} [Thu Mar 5 19:02:43 2026] DELETE /v2.0/subnets/0fe6d307-fe53-4ef5-ac6a-55e6831c3c4a => generated 136 bytes in 17 msecs (HTTP/1.1 404) 4 headers in 164 bytes (1 switches on core 0) [pid: 7|app: 0|req: 786/1629] 10.0.0.23 () {34 vars in 748 bytes} [Thu Mar 5 19:02:43 2026] PUT /v2.0/subnetpools/0b71e190-1477-4ace-a099-0e8d674af0d5 => generated 500 bytes in 87 msecs (HTTP/1.1 200) 4 headers in 157 bytes (1 switches on core 0) [pid: 7|app: 0|req: 787/1630] 10.0.0.23 () {32 vars in 731 bytes} [Thu Mar 5 19:02:43 2026] DELETE /v2.0/subnetpools/0b71e190-1477-4ace-a099-0e8d674af0d5 => generated 0 bytes in 48 msecs (HTTP/1.1 204) 2 headers in 112 bytes (1 switches on core 0)
2026-03-05 19:02:43.183 7 INFO neutron.api.v2.resource [None req-4597e3f9-9cbb-445d-a772-940ea7712ddc 0a4d48a3aad14c788c93f66f8f9fa42a c8946bbb5b144bfcbae9118b9272a033 - - default default] show failed (client error): The resource could not be found. [pid: 7|app: 0|req: 788/1631] 10.0.0.23 () {32 vars in 728 bytes} [Thu Mar 5 19:02:43 2026] GET /v2.0/subnetpools/0b71e190-1477-4ace-a099-0e8d674af0d5 => generated 145 bytes in 9 msecs (HTTP/1.1 404) 4 headers in 164 bytes (1 switches on core 0)
2026-03-05 19:02:43.197 7 INFO neutron.api.v2.resource [None req-8ad7db00-5adb-44bc-8acf-7aaa5492a21f 0a4d48a3aad14c788c93f66f8f9fa42a c8946bbb5b144bfcbae9118b9272a033 - - default default] delete failed (client error): The resource could not be found. [pid: 7|app: 0|req: 789/1632] 10.0.0.23 () {32 vars in 731 bytes} [Thu Mar 5 19:02:43 2026] DELETE /v2.0/subnetpools/0b71e190-1477-4ace-a099-0e8d674af0d5 => generated 145 bytes in 10 msecs (HTTP/1.1 404) 4 headers in 164 bytes (1 switches on core 0)
2026-03-05 19:02:43.209 8 WARNING neutron.scheduler.dhcp_agent_scheduler [None req-e000717c-dc1a-4e0f-b40d-be983b6ac819 d763ca0c63dd49b8a7f6623291a64f48 294619a375d44f72ab3be102bed8efba - - default default] No more DHCP agents
2026-03-05 19:02:43.212 8 WARNING neutron.api.rpc.agentnotifiers.dhcp_rpc_agent_api [None req-e000717c-dc1a-4e0f-b40d-be983b6ac819 d763ca0c63dd49b8a7f6623291a64f48 294619a375d44f72ab3be102bed8efba - - default default] Unable to schedule network 97c29c6a-4582-4576-96f9-d186c1b3c265: no agents available; will retry on subsequent port and subnet creation events.
2026-03-05 19:02:43.286 7 INFO neutron.plugins.ml2.drivers.ovn.mech_driver.mech_driver [None req-cb4fd390-2142-44e7-812d-571ae75815f7 - - - - - -] OVN reports status down for port: dd963a7d-e9da-4e39-aa51-f804c1d9e706
2026-03-05 19:02:43.339 8 INFO neutron.db.ovn_revision_numbers_db [None req-e000717c-dc1a-4e0f-b40d-be983b6ac819 d763ca0c63dd49b8a7f6623291a64f48 294619a375d44f72ab3be102bed8efba - - default default] Successfully bumped revision number for resource dd963a7d-e9da-4e39-aa51-f804c1d9e706 (type: ports) to 1 [pid: 8|app: 0|req: 844/1633] 10.0.0.23 () {34 vars in 663 bytes} [Thu Mar 5 19:02:42 2026] POST /v2.0/ports => generated 743 bytes in 399 msecs (HTTP/1.1 201) 4 headers in 162 bytes (1 switches on core 0)
2026-03-05 19:02:43.484 7 INFO neutron.db.segments_db [None req-0064cd8f-ab53-4c95-ae05-aca9d1f10dc5 d763ca0c63dd49b8a7f6623291a64f48 294619a375d44f72ab3be102bed8efba - - default default] Added segment c4e9a49f-8e6c-43a1-8307-88465371f287 of type geneve for network 78a3ede4-1d96-47e9-9da7-9bc339dedcad
2026-03-05 19:02:43.604 7 INFO neutron.db.ovn_revision_numbers_db [None req-0064cd8f-ab53-4c95-ae05-aca9d1f10dc5 d763ca0c63dd49b8a7f6623291a64f48 294619a375d44f72ab3be102bed8efba - - default default] Successfully bumped revision number for resource 78a3ede4-1d96-47e9-9da7-9bc339dedcad (type: networks) to 1
2026-03-05 19:02:43.763 7 WARNING neutron.scheduler.dhcp_agent_scheduler [None req-0064cd8f-ab53-4c95-ae05-aca9d1f10dc5 d763ca0c63dd49b8a7f6623291a64f48 294619a375d44f72ab3be102bed8efba - - default default] No more DHCP agents
2026-03-05 19:02:43.765 7 WARNING neutron.api.rpc.agentnotifiers.dhcp_rpc_agent_api [None req-0064cd8f-ab53-4c95-ae05-aca9d1f10dc5 d763ca0c63dd49b8a7f6623291a64f48 294619a375d44f72ab3be102bed8efba - - default default] Unable to schedule network 78a3ede4-1d96-47e9-9da7-9bc339dedcad: no agents available; will retry on subsequent port and subnet creation events. /var/lib/openstack/lib/python3.12/site-packages/pycadf/identifier.py:70: UserWarning: Invalid uuid: neutron. To ensure interoperability, identifiers should be a valid uuid. warnings.warn(('Invalid uuid: %s. To ensure interoperability, '
2026-03-05 19:02:43.831 7 INFO neutron.plugins.ml2.drivers.ovn.mech_driver.mech_driver [None req-cb4fd390-2142-44e7-812d-571ae75815f7 - - - - - -] OVN reports status down for port: 8411e634-82cc-41dc-8c00-88f9fb742a1c
2026-03-05 19:02:43.889 7 INFO neutron.db.ovn_revision_numbers_db [None req-0064cd8f-ab53-4c95-ae05-aca9d1f10dc5 d763ca0c63dd49b8a7f6623291a64f48 294619a375d44f72ab3be102bed8efba - - default default] Successfully bumped revision number for resource 8411e634-82cc-41dc-8c00-88f9fb742a1c (type: ports) to 1 [pid: 7|app: 0|req: 790/1634] 10.0.0.23 () {34 vars in 669 bytes} [Thu Mar 5 19:02:43 2026] POST /v2.0/networks => generated 650 bytes in 553 msecs (HTTP/1.1 201) 4 headers in 162 bytes (1 switches on core 0)
2026-03-05 19:02:43.978 8 INFO neutron.db.ovn_revision_numbers_db [None req-ca0fcf57-51f6-4257-82fc-23aacb96616f f32517eb7f3b4bb18acd80ea5ce8da66 d15c54b83ad14a73a1215a8da0b82704 - - default default] Successfully bumped revision number for resource 49767606-58ed-4597-a71c-362d23bd1747 (type: security_groups) to 1
2026-03-05 19:02:43.990 8 INFO neutron.db.ovn_revision_numbers_db [None req-ca0fcf57-51f6-4257-82fc-23aacb96616f f32517eb7f3b4bb18acd80ea5ce8da66 d15c54b83ad14a73a1215a8da0b82704 - - default default] Successfully bumped revision number for resource 305fd4d6-8afd-4124-9fe3-3332c9dec871 (type: security_group_rules) to 0
2026-03-05 19:02:44.002 8 INFO neutron.db.ovn_revision_numbers_db [None req-ca0fcf57-51f6-4257-82fc-23aacb96616f f32517eb7f3b4bb18acd80ea5ce8da66 d15c54b83ad14a73a1215a8da0b82704 - - default default] Successfully bumped revision number for resource ca7bee87-4fac-4839-9fd3-0a4ee6d03cae (type: security_group_rules) to 0
2026-03-05 19:02:44.013 8 INFO neutron.db.ovn_revision_numbers_db [None req-ca0fcf57-51f6-4257-82fc-23aacb96616f f32517eb7f3b4bb18acd80ea5ce8da66 d15c54b83ad14a73a1215a8da0b82704 - - default default] Successfully bumped revision number for resource d81485a9-dfd9-4a13-95b4-1d364bcfaf54 (type: security_group_rules) to 0
2026-03-05 19:02:44.029 8 INFO neutron.db.ovn_revision_numbers_db [None req-ca0fcf57-51f6-4257-82fc-23aacb96616f f32517eb7f3b4bb18acd80ea5ce8da66 d15c54b83ad14a73a1215a8da0b82704 - - default default] Successfully bumped revision number for resource e032f38f-f912-404b-adab-bb46a206f873 (type: security_group_rules) to 0 [pid: 8|app: 0|req: 845/1635] 10.0.0.23 () {32 vars in 773 bytes} [Thu Mar 5 19:02:43 2026] GET /v2.0/security-groups?tenant_id=c8946bbb5b144bfcbae9118b9272a033&name=default => generated 2925 bytes in 397 msecs (HTTP/1.1 200) 4 headers in 158 bytes (1 switches on core 0)
2026-03-05 19:02:44.145 7 INFO neutron.db.ovn_revision_numbers_db [None req-5f020740-15db-4069-b6ac-c18dc172ffca f32517eb7f3b4bb18acd80ea5ce8da66 d15c54b83ad14a73a1215a8da0b82704 - - default default] Successfully bumped revision number for resource 8f7b60a2-9d9b-4c8c-b4ce-3b92a3ac0f04 (type: security_groups) to 1
2026-03-05 19:02:44.159 7 INFO neutron.db.ovn_revision_numbers_db [None req-5f020740-15db-4069-b6ac-c18dc172ffca f32517eb7f3b4bb18acd80ea5ce8da66 d15c54b83ad14a73a1215a8da0b82704 - - default default] Successfully bumped revision number for resource 5a0479de-4859-417e-a363-f7871a43a35d (type: security_group_rules) to 0
2026-03-05 19:02:44.170 7 INFO neutron.db.ovn_revision_numbers_db [None req-5f020740-15db-4069-b6ac-c18dc172ffca f32517eb7f3b4bb18acd80ea5ce8da66 d15c54b83ad14a73a1215a8da0b82704 - - default default] Successfully bumped revision number for resource a0e1bac0-696c-40a9-be0a-2cde60914aed (type: security_group_rules) to 0
2026-03-05 19:02:44.181 7 INFO neutron.db.ovn_revision_numbers_db [None req-5f020740-15db-4069-b6ac-c18dc172ffca f32517eb7f3b4bb18acd80ea5ce8da66 d15c54b83ad14a73a1215a8da0b82704 - - default default] Successfully bumped revision number for resource b9ee5d58-7d35-4ad0-9cb8-91c33d8e7502 (type: security_group_rules) to 0
2026-03-05 19:02:44.192 7 INFO neutron.db.ovn_revision_numbers_db [None req-5f020740-15db-4069-b6ac-c18dc172ffca f32517eb7f3b4bb18acd80ea5ce8da66 d15c54b83ad14a73a1215a8da0b82704 - - default default] Successfully bumped revision number for resource cdc73c9b-e16a-456f-8c7c-97ad1d41929f (type: security_group_rules) to 0 [pid: 7|app: 0|req: 791/1636] 10.0.0.23 () {32 vars in 773 bytes} [Thu Mar 5 19:02:43 2026] GET /v2.0/security-groups?tenant_id=0bd40702d73043378bb2c1e2a32c3ef5&name=default => generated 2925 bytes in 272 msecs (HTTP/1.1 200) 4 headers in 158 bytes (1 switches on core 0)
2026-03-05 19:02:44.277 8 WARNING neutron.scheduler.dhcp_agent_scheduler [None req-206e9d06-ea4d-4a8f-b077-d9b5f455fdb3 d763ca0c63dd49b8a7f6623291a64f48 294619a375d44f72ab3be102bed8efba - - default default] No more DHCP agents
2026-03-05 19:02:44.278 8 WARNING neutron.api.rpc.agentnotifiers.dhcp_rpc_agent_api [None req-206e9d06-ea4d-4a8f-b077-d9b5f455fdb3 d763ca0c63dd49b8a7f6623291a64f48 294619a375d44f72ab3be102bed8efba - - default default] Unable to schedule network 78a3ede4-1d96-47e9-9da7-9bc339dedcad: no agents available; will retry on subsequent port and subnet creation events.
2026-03-05 19:02:44.347 7 INFO neutron.plugins.ml2.drivers.ovn.mech_driver.mech_driver [None req-cb4fd390-2142-44e7-812d-571ae75815f7 - - - - - -] OVN reports status down for port: 6a1793e6-f970-4085-b760-c839cb0255d8
2026-03-05 19:02:44.415 8 INFO neutron.db.ovn_revision_numbers_db [None req-206e9d06-ea4d-4a8f-b077-d9b5f455fdb3 d763ca0c63dd49b8a7f6623291a64f48 294619a375d44f72ab3be102bed8efba - - default default] Successfully bumped revision number for resource 6a1793e6-f970-4085-b760-c839cb0255d8 (type: ports) to 1 [pid: 8|app: 0|req: 846/1637] 10.0.0.23 () {34 vars in 663 bytes} [Thu Mar 5 19:02:44 2026] POST /v2.0/ports => generated 743 bytes in 399 msecs (HTTP/1.1 201) 4 headers in 162 bytes (1 switches on core 0) /var/lib/openstack/lib/python3.12/site-packages/pycadf/identifier.py:70: UserWarning: Invalid uuid: neutron. To ensure interoperability, identifiers should be a valid uuid. warnings.warn(('Invalid uuid: %s. To ensure interoperability, ' [pid: 7|app: 0|req: 792/1638] 10.0.0.23 () {32 vars in 739 bytes} [Thu Mar 5 19:02:44 2026] DELETE /v2.0/security-groups/49767606-58ed-4597-a71c-362d23bd1747 => generated 0 bytes in 357 msecs (HTTP/1.1 204) 2 headers in 112 bytes (1 switches on core 0)
2026-03-05 19:02:44.682 7 INFO neutron.db.segments_db [None req-d1144028-21b4-4242-8154-50236d321e83 d763ca0c63dd49b8a7f6623291a64f48 294619a375d44f72ab3be102bed8efba - - default default] Added segment cd33386e-ec22-41d0-8952-debdedbe78c1 of type geneve for network a491ac52-3be1-4845-93e4-a296dd2b4fde [pid: 8|app: 0|req: 847/1639] 10.0.0.23 () {32 vars in 739 bytes} [Thu Mar 5 19:02:44 2026] DELETE /v2.0/security-groups/8f7b60a2-9d9b-4c8c-b4ce-3b92a3ac0f04 => generated 0 bytes in 306 msecs (HTTP/1.1 204) 2 headers in 112 bytes (1 switches on core 0) [pid: 8|app: 0|req: 848/1640] 10.0.0.133 () {34 vars in 990 bytes} [Thu Mar 5 19:02:44 2026] GET /v2.0/ports?device_id=f05d9d35-3048-4046-8c61-16e54b4af148 => generated 1209 bytes in 51 msecs (HTTP/1.1 200) 4 headers in 158 bytes (1 switches on core 0)
2026-03-05 19:02:44.840 7 INFO neutron.db.ovn_revision_numbers_db [None req-d1144028-21b4-4242-8154-50236d321e83 d763ca0c63dd49b8a7f6623291a64f48 294619a375d44f72ab3be102bed8efba - - default default] Successfully bumped revision number for resource a491ac52-3be1-4845-93e4-a296dd2b4fde (type: networks) to 1 [pid: 8|app: 0|req: 849/1641] 10.0.0.133 () {34 vars in 1040 bytes} [Thu Mar 5 19:02:44 2026] GET /v2.0/security-groups?id=7815605f-8290-49c7-83a1-45a01054fc43&fields=id&fields=name => generated 114 bytes in 30 msecs (HTTP/1.1 200) 4 headers in 157 bytes (1 switches on core 0)
2026-03-05 19:02:45.006 7 WARNING neutron.scheduler.dhcp_agent_scheduler [None req-d1144028-21b4-4242-8154-50236d321e83 d763ca0c63dd49b8a7f6623291a64f48 294619a375d44f72ab3be102bed8efba - - default default] No more DHCP agents
2026-03-05 19:02:45.007 7 WARNING neutron.api.rpc.agentnotifiers.dhcp_rpc_agent_api [None req-d1144028-21b4-4242-8154-50236d321e83 d763ca0c63dd49b8a7f6623291a64f48 294619a375d44f72ab3be102bed8efba - - default default] Unable to schedule network a491ac52-3be1-4845-93e4-a296dd2b4fde: no agents available; will retry on subsequent port and subnet creation events.
2026-03-05 19:02:45.106 8 INFO neutron.db.ovn_revision_numbers_db [None req-22bd7b2d-0b1b-4494-9df1-9b19b9fe22c6 f32517eb7f3b4bb18acd80ea5ce8da66 d15c54b83ad14a73a1215a8da0b82704 - - default default] Successfully bumped revision number for resource 996bd476-266f-4d0a-bab6-81fcb28c1807 (type: security_groups) to 1
