2026-03-05 19:01:22.998 7 INFO neutron.db.ovn_revision_numbers_db [None req-064f3467-28d6-4e0c-b67d-a5405336be0a 0c8f4ebe5d62406eb78fc1c5d40b4c81 48075438fcd2479f9b12301f0a589d26 - - default default] Successfully bumped revision number for resource f95d71ba-ec5e-4bca-9a7c-ca8bc3814f54 (type: security_group_rules) to 0
2026-03-05 19:01:23.038 8 INFO neutron.db.ovn_revision_numbers_db [None req-1fb2bc54-078c-4e9d-b652-6e97f392afeb f32517eb7f3b4bb18acd80ea5ce8da66 d15c54b83ad14a73a1215a8da0b82704 - - default default] Successfully bumped revision number for resource 989ec6f3-1112-4311-b76b-69e900411bea (type: security_groups) to 1
2026-03-05 19:01:23.051 8 INFO neutron.db.ovn_revision_numbers_db [None req-1fb2bc54-078c-4e9d-b652-6e97f392afeb f32517eb7f3b4bb18acd80ea5ce8da66 d15c54b83ad14a73a1215a8da0b82704 - - default default] Successfully bumped revision number for resource 02dd7d22-5e77-4397-b53c-8dc384bf523f (type: security_group_rules) to 0
2026-03-05 19:01:23.064 8 INFO neutron.db.ovn_revision_numbers_db [None req-1fb2bc54-078c-4e9d-b652-6e97f392afeb f32517eb7f3b4bb18acd80ea5ce8da66 d15c54b83ad14a73a1215a8da0b82704 - - default default] Successfully bumped revision number for resource 047831dc-13a5-40b2-b24d-7c54bf986cc7 (type: security_group_rules) to 0
2026-03-05 19:01:23.075 8 INFO neutron.db.ovn_revision_numbers_db [None req-1fb2bc54-078c-4e9d-b652-6e97f392afeb f32517eb7f3b4bb18acd80ea5ce8da66 d15c54b83ad14a73a1215a8da0b82704 - - default default] Successfully bumped revision number for resource 7b7ef4b7-2713-4705-85e8-96a119d51da4 (type: security_group_rules) to 0
2026-03-05 19:01:23.086 8 INFO neutron.db.ovn_revision_numbers_db [None req-1fb2bc54-078c-4e9d-b652-6e97f392afeb f32517eb7f3b4bb18acd80ea5ce8da66 d15c54b83ad14a73a1215a8da0b82704 - - default default] Successfully bumped revision number for resource 98f90fd4-29c9-45f5-9766-8f122409e3ce (type: security_group_rules) to 0
2026-03-05 19:01:23.090 7 INFO neutron.db.segments_db [None req-064f3467-28d6-4e0c-b67d-a5405336be0a 0c8f4ebe5d62406eb78fc1c5d40b4c81 48075438fcd2479f9b12301f0a589d26 - - default default] Added segment 7dffe058-af2a-47ea-b71b-f7add94a1527 of type geneve for network 62bc8774-26a5-42f0-a05e-2d4eeaa281ad [pid: 8|app: 0|req: 574/1099] 10.0.0.23 () {32 vars in 773 bytes} [Thu Mar 5 19:01:22 2026] GET /v2.0/security-groups?tenant_id=8b7a06e23e514948b83a78a47c769ab9&name=default => generated 2925 bytes in 395 msecs (HTTP/1.1 200) 4 headers in 158 bytes (1 switches on core 0) [pid: 8|app: 0|req: 575/1100] 10.0.0.206 () {34 vars in 1040 bytes} [Thu Mar 5 19:01:23 2026] GET /v2.0/security-groups?id=b4e8c769-2d4c-4d66-9ed9-3a40697d4a9f&fields=id&fields=name => generated 88 bytes in 26 msecs (HTTP/1.1 200) 4 headers in 156 bytes (1 switches on core 0)
2026-03-05 19:01:23.233 7 INFO neutron.db.ovn_revision_numbers_db [None req-064f3467-28d6-4e0c-b67d-a5405336be0a 0c8f4ebe5d62406eb78fc1c5d40b4c81 48075438fcd2479f9b12301f0a589d26 - - default default] Successfully bumped revision number for resource 62bc8774-26a5-42f0-a05e-2d4eeaa281ad (type: networks) to 1 [pid: 8|app: 0|req: 576/1101] 10.0.0.23 () {32 vars in 739 bytes} [Thu Mar 5 19:01:23 2026] DELETE /v2.0/security-groups/989ec6f3-1112-4311-b76b-69e900411bea => generated 0 bytes in 308 msecs (HTTP/1.1 204) 2 headers in 112 bytes (1 switches on core 0)
2026-03-05 19:01:23.471 7 WARNING neutron.scheduler.dhcp_agent_scheduler [None req-064f3467-28d6-4e0c-b67d-a5405336be0a 0c8f4ebe5d62406eb78fc1c5d40b4c81 48075438fcd2479f9b12301f0a589d26 - - default default] No more DHCP agents
2026-03-05 19:01:23.474 7 WARNING neutron.api.rpc.agentnotifiers.dhcp_rpc_agent_api [None req-064f3467-28d6-4e0c-b67d-a5405336be0a 0c8f4ebe5d62406eb78fc1c5d40b4c81 48075438fcd2479f9b12301f0a589d26 - - default default] Unable to schedule network 62bc8774-26a5-42f0-a05e-2d4eeaa281ad: no agents available; will retry on subsequent port and subnet creation events. [pid: 8|app: 0|req: 577/1102] 199.204.45.248 () {34 vars in 1080 bytes} [Thu Mar 5 19:01:23 2026] GET /v2.0/ports?tenant_id=e8d7a1d44cc14160a375642a59709c94&device_id=dad688d2-33ba-4e08-89e5-60cd9c21b243 => generated 1207 bytes in 31 msecs (HTTP/1.1 200) 4 headers in 158 bytes (1 switches on core 0)
2026-03-05 19:01:23.570 7 INFO neutron.db.ovn_revision_numbers_db [None req-064f3467-28d6-4e0c-b67d-a5405336be0a 0c8f4ebe5d62406eb78fc1c5d40b4c81 48075438fcd2479f9b12301f0a589d26 - - default default] Successfully bumped revision number for resource 757f5ef9-c2cd-44bb-8de9-89c359e31198 (type: ports) to 1 [pid: 8|app: 0|req: 578/1103] 199.204.45.248 () {34 vars in 1018 bytes} [Thu Mar 5 19:01:23 2026] GET /v2.0/networks?tenant_id=e8d7a1d44cc14160a375642a59709c94&shared=False => generated 815 bytes in 91 msecs (HTTP/1.1 200) 4 headers in 157 bytes (1 switches on core 0) [pid: 7|app: 0|req: 526/1104] 10.0.0.23 () {34 vars in 669 bytes} [Thu Mar 5 19:01:22 2026] POST /v2.0/networks => generated 649 bytes in 1064 msecs (HTTP/1.1 201) 4 headers in 162 bytes (1 switches on core 0) [pid: 7|app: 0|req: 527/1105] 199.204.45.248 () {34 vars in 930 bytes} [Thu Mar 5 19:01:23 2026] GET /v2.0/networks?shared=True => generated 791 bytes in 46 msecs (HTTP/1.1 200) 4 headers in 157 bytes (1 switches on core 0)
2026-03-05 19:01:23.720 7 INFO neutron.db.segments_db [None req-23a323e5-eabc-4ae5-a386-01205edaa673 0c8f4ebe5d62406eb78fc1c5d40b4c81 48075438fcd2479f9b12301f0a589d26 - - default default] Added segment 3b5b5fb0-6539-4c0e-a918-f2fcc78eb4b9 of type geneve for network 23df30aa-f8a7-4779-92c3-d09a567ed9fc
2026-03-05 19:01:23.740 8 INFO neutron.db.ovn_revision_numbers_db [None req-5192ac91-8271-4a3e-935e-f8fbcf8d20f1 f32517eb7f3b4bb18acd80ea5ce8da66 d15c54b83ad14a73a1215a8da0b82704 - - default default] Successfully bumped revision number for resource 3be8992c-bb4a-42b1-ae22-b7f56a320c8f (type: security_groups) to 1
2026-03-05 19:01:23.755 8 INFO neutron.db.ovn_revision_numbers_db [None req-5192ac91-8271-4a3e-935e-f8fbcf8d20f1 f32517eb7f3b4bb18acd80ea5ce8da66 d15c54b83ad14a73a1215a8da0b82704 - - default default] Successfully bumped revision number for resource 1f61514f-dd10-4046-bc60-73f215fb5a0d (type: security_group_rules) to 0
2026-03-05 19:01:23.766 8 INFO neutron.db.ovn_revision_numbers_db [None req-5192ac91-8271-4a3e-935e-f8fbcf8d20f1 f32517eb7f3b4bb18acd80ea5ce8da66 d15c54b83ad14a73a1215a8da0b82704 - - default default] Successfully bumped revision number for resource 84ab0313-15d2-4951-b926-beacb5d13083 (type: security_group_rules) to 0
2026-03-05 19:01:23.778 8 INFO neutron.db.ovn_revision_numbers_db [None req-5192ac91-8271-4a3e-935e-f8fbcf8d20f1 f32517eb7f3b4bb18acd80ea5ce8da66 d15c54b83ad14a73a1215a8da0b82704 - - default default] Successfully bumped revision number for resource 971b46f1-a231-49a5-b5b9-3e1e50feae52 (type: security_group_rules) to 0
2026-03-05 19:01:23.788 8 INFO neutron.db.ovn_revision_numbers_db [None req-5192ac91-8271-4a3e-935e-f8fbcf8d20f1 f32517eb7f3b4bb18acd80ea5ce8da66 d15c54b83ad14a73a1215a8da0b82704 - - default default] Successfully bumped revision number for resource fe44de10-57c8-4514-abff-714838094af0 (type: security_group_rules) to 0 [pid: 8|app: 0|req: 579/1106] 10.0.0.23 () {32 vars in 773 bytes} [Thu Mar 5 19:01:23 2026] GET /v2.0/security-groups?tenant_id=fa5a9a589dec46febfbaa30faba34b1a&name=default => generated 2925 bytes in 239 msecs (HTTP/1.1 200) 4 headers in 158 bytes (1 switches on core 0)
2026-03-05 19:01:23.855 7 INFO neutron.db.ovn_revision_numbers_db [None req-23a323e5-eabc-4ae5-a386-01205edaa673 0c8f4ebe5d62406eb78fc1c5d40b4c81 48075438fcd2479f9b12301f0a589d26 - - default default] Successfully bumped revision number for resource 23df30aa-f8a7-4779-92c3-d09a567ed9fc (type: networks) to 1
2026-03-05 19:01:24.055 7 WARNING neutron.scheduler.dhcp_agent_scheduler [None req-23a323e5-eabc-4ae5-a386-01205edaa673 0c8f4ebe5d62406eb78fc1c5d40b4c81 48075438fcd2479f9b12301f0a589d26 - - default default] No more DHCP agents
2026-03-05 19:01:24.057 7 WARNING neutron.api.rpc.agentnotifiers.dhcp_rpc_agent_api [None req-23a323e5-eabc-4ae5-a386-01205edaa673 0c8f4ebe5d62406eb78fc1c5d40b4c81 48075438fcd2479f9b12301f0a589d26 - - default default] Unable to schedule network 23df30aa-f8a7-4779-92c3-d09a567ed9fc: no agents available; will retry on subsequent port and subnet creation events. [pid: 8|app: 0|req: 580/1107] 10.0.0.23 () {32 vars in 739 bytes} [Thu Mar 5 19:01:23 2026] DELETE /v2.0/security-groups/3be8992c-bb4a-42b1-ae22-b7f56a320c8f => generated 0 bytes in 317 msecs (HTTP/1.1 204) 2 headers in 112 bytes (1 switches on core 0)
2026-03-05 19:01:24.200 7 INFO neutron.db.ovn_revision_numbers_db [None req-23a323e5-eabc-4ae5-a386-01205edaa673 0c8f4ebe5d62406eb78fc1c5d40b4c81 48075438fcd2479f9b12301f0a589d26 - - default default] Successfully bumped revision number for resource b0c1f0dd-66f2-4faf-b709-ddd7e8f0f143 (type: ports) to 1 [pid: 7|app: 0|req: 528/1108] 10.0.0.23 () {34 vars in 669 bytes} [Thu Mar 5 19:01:23 2026] POST /v2.0/networks => generated 649 bytes in 581 msecs (HTTP/1.1 201) 4 headers in 162 bytes (1 switches on core 0) [pid: 8|app: 0|req: 581/1109] 10.0.0.206 () {34 vars in 990 bytes} [Thu Mar 5 19:01:24 2026] GET /v2.0/ports?device_id=dad688d2-33ba-4e08-89e5-60cd9c21b243 => generated 969 bytes in 36 msecs (HTTP/1.1 200) 4 headers in 157 bytes (1 switches on core 0)
2026-03-05 19:01:24.394 7 WARNING neutron.scheduler.dhcp_agent_scheduler [None req-834041a0-ebc6-4788-9bc6-9be3b8bd8cc0 0c8f4ebe5d62406eb78fc1c5d40b4c81 48075438fcd2479f9b12301f0a589d26 - - default default] No more DHCP agents
2026-03-05 19:01:24.395 7 WARNING neutron.api.rpc.agentnotifiers.dhcp_rpc_agent_api [None req-834041a0-ebc6-4788-9bc6-9be3b8bd8cc0 0c8f4ebe5d62406eb78fc1c5d40b4c81 48075438fcd2479f9b12301f0a589d26 - - default default] Unable to schedule network 62bc8774-26a5-42f0-a05e-2d4eeaa281ad: no agents available; will retry on subsequent port and subnet creation events.
2026-03-05 19:01:24.611 8 INFO neutron.db.ovn_revision_numbers_db [None req-b224c008-0aa2-4333-a244-917a4abb65d4 f32517eb7f3b4bb18acd80ea5ce8da66 d15c54b83ad14a73a1215a8da0b82704 - - default default] Successfully bumped revision number for resource a8a4ad55-c572-4540-ba95-41649151fa27 (type: security_groups) to 1
2026-03-05 19:01:24.624 8 INFO neutron.db.ovn_revision_numbers_db [None req-b224c008-0aa2-4333-a244-917a4abb65d4 f32517eb7f3b4bb18acd80ea5ce8da66 d15c54b83ad14a73a1215a8da0b82704 - - default default] Successfully bumped revision number for resource 1be92259-882a-4b74-ae61-e74ff5b16214 (type: security_group_rules) to 0
2026-03-05 19:01:24.635 8 INFO neutron.db.ovn_revision_numbers_db [None req-b224c008-0aa2-4333-a244-917a4abb65d4 f32517eb7f3b4bb18acd80ea5ce8da66 d15c54b83ad14a73a1215a8da0b82704 - - default default] Successfully bumped revision number for resource 6b37cc97-3524-4866-8eb2-67a3893eafda (type: security_group_rules) to 0
2026-03-05 19:01:24.648 8 INFO neutron.db.ovn_revision_numbers_db [None req-b224c008-0aa2-4333-a244-917a4abb65d4 f32517eb7f3b4bb18acd80ea5ce8da66 d15c54b83ad14a73a1215a8da0b82704 - - default default] Successfully bumped revision number for resource 7041fdfa-b6c6-4d7c-b49f-c4da8b3ad35d (type: security_group_rules) to 0
2026-03-05 19:01:24.662 8 INFO neutron.db.ovn_revision_numbers_db [None req-b224c008-0aa2-4333-a244-917a4abb65d4 f32517eb7f3b4bb18acd80ea5ce8da66 d15c54b83ad14a73a1215a8da0b82704 - - default default] Successfully bumped revision number for resource ee0aea32-26e9-45c1-a193-293a8b3eda7e (type: security_group_rules) to 0
2026-03-05 19:01:24.735 8 INFO neutron.db.segments_db [None req-b224c008-0aa2-4333-a244-917a4abb65d4 f32517eb7f3b4bb18acd80ea5ce8da66 d15c54b83ad14a73a1215a8da0b82704 - - default default] Added segment 9d154dc3-ff36-4e4b-9650-3c1dbe05b332 of type geneve for network 78be8c90-1f4e-42d7-bfbc-6fbb75e5a978
2026-03-05 19:01:24.858 8 INFO neutron.db.ovn_revision_numbers_db [None req-b224c008-0aa2-4333-a244-917a4abb65d4 f32517eb7f3b4bb18acd80ea5ce8da66 d15c54b83ad14a73a1215a8da0b82704 - - default default] Successfully bumped revision number for resource 78be8c90-1f4e-42d7-bfbc-6fbb75e5a978 (type: networks) to 1
2026-03-05 19:01:24.882 7 INFO neutron.db.ovn_revision_numbers_db [None req-d9dc6bf7-88d4-434f-855a-6d438b31f2c9 - - - - - -] Successfully bumped revision number for resource 757f5ef9-c2cd-44bb-8de9-89c359e31198 (type: ports) to 2
2026-03-05 19:01:24.909 7 INFO neutron.db.ovn_revision_numbers_db [None req-d9dc6bf7-88d4-434f-855a-6d438b31f2c9 - - - - - -] Successfully bumped revision number for resource 2ac37230-7202-45f6-bd22-1d95e4105fd9 (type: subnets) to 0 [pid: 7|app: 0|req: 529/1110] 10.0.0.23 () {34 vars in 668 bytes} [Thu Mar 5 19:01:24 2026] POST /v2.0/subnets => generated 626 bytes in 701 msecs (HTTP/1.1 201) 4 headers in 162 bytes (1 switches on core 0) [pid: 7|app: 0|req: 530/1111] 10.0.0.206 () {34 vars in 1040 bytes} [Thu Mar 5 19:01:24 2026] GET /v2.0/security-groups?id=b4e8c769-2d4c-4d66-9ed9-3a40697d4a9f&fields=id&fields=name => generated 88 bytes in 35 msecs (HTTP/1.1 200) 4 headers in 156 bytes (1 switches on core 0) [pid: 7|app: 0|req: 531/1112] 199.204.45.248 () {34 vars in 1080 bytes} [Thu Mar 5 19:01:24 2026] GET /v2.0/ports?tenant_id=e8d7a1d44cc14160a375642a59709c94&device_id=dad688d2-33ba-4e08-89e5-60cd9c21b243 => generated 1207 bytes in 41 msecs (HTTP/1.1 200) 4 headers in 158 bytes (1 switches on core 0)
2026-03-05 19:01:25.017 8 WARNING neutron.scheduler.dhcp_agent_scheduler [None req-b224c008-0aa2-4333-a244-917a4abb65d4 f32517eb7f3b4bb18acd80ea5ce8da66 d15c54b83ad14a73a1215a8da0b82704 - - default default] No more DHCP agents
2026-03-05 19:01:25.018 8 WARNING neutron.api.rpc.agentnotifiers.dhcp_rpc_agent_api [None req-b224c008-0aa2-4333-a244-917a4abb65d4 f32517eb7f3b4bb18acd80ea5ce8da66 d15c54b83ad14a73a1215a8da0b82704 - - default default] Unable to schedule network 78be8c90-1f4e-42d7-bfbc-6fbb75e5a978: no agents available; will retry on subsequent port and subnet creation events.
2026-03-05 19:01:25.117 8 INFO neutron.db.ovn_revision_numbers_db [None req-b224c008-0aa2-4333-a244-917a4abb65d4 f32517eb7f3b4bb18acd80ea5ce8da66 d15c54b83ad14a73a1215a8da0b82704 - - default default] Successfully bumped revision number for resource 336059c6-fe82-473a-ac8d-e9e6cdf27324 (type: ports) to 1 [pid: 8|app: 0|req: 582/1113] 10.0.0.23 () {34 vars in 670 bytes} [Thu Mar 5 19:01:24 2026] POST /v2.0/networks => generated 759 bytes in 887 msecs (HTTP/1.1 201) 4 headers in 162 bytes (1 switches on core 0) [pid: 8|app: 0|req: 583/1114] 199.204.45.248 () {34 vars in 1058 bytes} [Thu Mar 5 19:01:25 2026] GET /v2.0/floatingips?fixed_ip_address=10.100.0.9&port_id=b52f28c8-b8f2-49a5-9969-60a342e9d9a5 => generated 19 bytes in 17 msecs (HTTP/1.1 200) 4 headers in 156 bytes (1 switches on core 0)
2026-03-05 19:01:25.223 7 WARNING neutron.scheduler.dhcp_agent_scheduler [None req-c5ae7b02-24da-4dbb-844a-e5ab7f00d669 0c8f4ebe5d62406eb78fc1c5d40b4c81 48075438fcd2479f9b12301f0a589d26 - - default default] No more DHCP agents
2026-03-05 19:01:25.225 7 WARNING neutron.api.rpc.agentnotifiers.dhcp_rpc_agent_api [None req-c5ae7b02-24da-4dbb-844a-e5ab7f00d669 0c8f4ebe5d62406eb78fc1c5d40b4c81 48075438fcd2479f9b12301f0a589d26 - - default default] Unable to schedule network 23df30aa-f8a7-4779-92c3-d09a567ed9fc: no agents available; will retry on subsequent port and subnet creation events.
2026-03-05 19:01:25.289 8 WARNING neutron.scheduler.dhcp_agent_scheduler [None req-cd55161b-02ee-4f5c-b2c1-cd4d83233304 f32517eb7f3b4bb18acd80ea5ce8da66 d15c54b83ad14a73a1215a8da0b82704 - - default default] No more DHCP agents
2026-03-05 19:01:25.290 8 WARNING neutron.api.rpc.agentnotifiers.dhcp_rpc_agent_api [None req-cd55161b-02ee-4f5c-b2c1-cd4d83233304 f32517eb7f3b4bb18acd80ea5ce8da66 d15c54b83ad14a73a1215a8da0b82704 - - default default] Unable to schedule network 78be8c90-1f4e-42d7-bfbc-6fbb75e5a978: no agents available; will retry on subsequent port and subnet creation events.
2026-03-05 19:01:25.416 7 WARNING neutron.plugins.ml2.drivers.ovn.mech_driver.ovsdb.ovn_client [None req-bf8acc00-1d35-481a-ba35-3b65df08a38f - - - - - -] No hosting information found for port 4b08f7b3-776a-4a08-b216-3fb365690eb3: RuntimeError: No hosting information found for port 4b08f7b3-776a-4a08-b216-3fb365690eb3
2026-03-05 19:01:25.577 7 INFO neutron.db.ovn_revision_numbers_db [None req-bf8acc00-1d35-481a-ba35-3b65df08a38f - - - - - -] Successfully bumped revision number for resource 4b08f7b3-776a-4a08-b216-3fb365690eb3 (type: router_ports) to 2
2026-03-05 19:01:25.578 7 INFO neutron.plugins.ml2.drivers.ovn.mech_driver.mech_driver [None req-bf8acc00-1d35-481a-ba35-3b65df08a38f - - - - - -] OVN reports status down for port: e3f984eb-e450-4401-a304-cdfd20e510b3
2026-03-05 19:01:25.594 7 INFO neutron.plugins.ml2.drivers.ovn.mech_driver.mech_driver [None req-bf8acc00-1d35-481a-ba35-3b65df08a38f - - - - - -] OVN reports status up for port: e3f984eb-e450-4401-a304-cdfd20e510b3
2026-03-05 19:01:25.760 8 INFO neutron.db.ovn_revision_numbers_db [None req-bf283197-3be0-4e64-b47f-e43dc0234ba6 - - - - - -] Successfully bumped revision number for resource 336059c6-fe82-473a-ac8d-e9e6cdf27324 (type: ports) to 2
2026-03-05 19:01:25.779 7 INFO neutron.plugins.ml2.drivers.ovn.mech_driver.mech_driver [None req-bf8acc00-1d35-481a-ba35-3b65df08a38f - - - - - -] OVN reports status down for port: b52f28c8-b8f2-49a5-9969-60a342e9d9a5
2026-03-05 19:01:25.793 8 INFO neutron.db.ovn_revision_numbers_db [None req-bf283197-3be0-4e64-b47f-e43dc0234ba6 - - - - - -] Successfully bumped revision number for resource 9a9391fc-0e22-4496-b7b6-5d8dff623358 (type: subnets) to 0 [pid: 8|app: 0|req: 584/1115] 10.0.0.23 () {34 vars in 668 bytes} [Thu Mar 5 19:01:25 2026] POST /v2.0/subnets => generated 684 bytes in 673 msecs (HTTP/1.1 201) 4 headers in 162 bytes (1 switches on core 0) [pid: 8|app: 0|req: 585/1116] 199.204.45.248 () {34 vars in 984 bytes} [Thu Mar 5 19:01:25 2026] GET /v2.0/subnets?id=955c368e-4989-4fa0-83e9-721021c3fe93 => generated 696 bytes in 33 msecs (HTTP/1.1 200) 4 headers in 157 bytes (1 switches on core 0)
2026-03-05 19:01:25.890 7 INFO neutron.db.ovn_revision_numbers_db [None req-d1ac3986-a6fd-474c-90c7-6701f81d0f11 - - - - - -] Successfully bumped revision number for resource b0c1f0dd-66f2-4faf-b709-ddd7e8f0f143 (type: ports) to 2
2026-03-05 19:01:25.894 7 INFO neutron.plugins.ml2.drivers.ovn.mech_driver.mech_driver [None req-bf8acc00-1d35-481a-ba35-3b65df08a38f - - - - - -] OVN reports status down for port: 757f5ef9-c2cd-44bb-8de9-89c359e31198
2026-03-05 19:01:25.944 7 INFO neutron.notifiers.nova [-] Nova event matching ['req-b4c0eeab-2318-44ac-aaaf-c7aeacde4a2e'] response: {'server_uuid': 'dad688d2-33ba-4e08-89e5-60cd9c21b243', 'name': 'network-vif-unplugged', 'status': 'completed', 'tag': 'b52f28c8-b8f2-49a5-9969-60a342e9d9a5', 'code': 200}
2026-03-05 19:01:25.948 7 INFO neutron.db.ovn_revision_numbers_db [None req-d1ac3986-a6fd-474c-90c7-6701f81d0f11 - - - - - -] Successfully bumped revision number for resource 940dcded-9949-47ab-b24d-bb7505e9a342 (type: subnets) to 0 [pid: 7|app: 0|req: 532/1119] 10.0.0.23 () {34 vars in 668 bytes} [Thu Mar 5 19:01:25 2026] POST /v2.0/subnets => generated 626 bytes in 969 msecs (HTTP/1.1 201) 4 headers in 162 bytes (1 switches on core 0)
2026-03-05 19:01:25.994 7 INFO neutron.plugins.ml2.drivers.ovn.mech_driver.mech_driver [None req-bf8acc00-1d35-481a-ba35-3b65df08a38f - - - - - -] OVN reports status down for port: b0c1f0dd-66f2-4faf-b709-ddd7e8f0f143 [pid: 7|app: 0|req: 533/1120] 199.204.45.248 () {34 vars in 1052 bytes} [Thu Mar 5 19:01:25 2026] GET /v2.0/ports?network_id=c61c578e-763c-4979-b3e9-14f8f2a92ad9&device_owner=network%3Adhcp => generated 12 bytes in 36 msecs (HTTP/1.1 200) 4 headers in 156 bytes (1 switches on core 0)
2026-03-05 19:01:26.104 7 INFO neutron.plugins.ml2.drivers.ovn.mech_driver.mech_driver [None req-bf8acc00-1d35-481a-ba35-3b65df08a38f - - - - - -] OVN reports status down for port: 336059c6-fe82-473a-ac8d-e9e6cdf27324
2026-03-05 19:01:26.187 7 INFO neutron.db.ovn_revision_numbers_db [None req-4203eaf6-fca3-4dfb-9b43-4401f60e0e6a 0c8f4ebe5d62406eb78fc1c5d40b4c81 48075438fcd2479f9b12301f0a589d26 - - default default] Successfully bumped revision number for resource 2f75ce07-7540-4c2e-a1f0-68fcf4d18c71 (type: routers) to 1 [pid: 7|app: 0|req: 534/1121] 10.0.0.23 () {34 vars in 668 bytes} [Thu Mar 5 19:01:26 2026] POST /v2.0/routers => generated 603 bytes in 198 msecs (HTTP/1.1 201) 4 headers in 162 bytes (1 switches on core 0) [pid: 7|app: 0|req: 535/1122] 199.204.45.248 () {34 vars in 1012 bytes} [Thu Mar 5 19:01:26 2026] GET /v2.0/networks/c61c578e-763c-4979-b3e9-14f8f2a92ad9?fields=segments => generated 14 bytes in 42 msecs (HTTP/1.1 200) 4 headers in 156 bytes (1 switches on core 0)
2026-03-05 19:01:26.264 8 WARNING neutron.scheduler.dhcp_agent_scheduler [None req-bf79c95c-7797-4dc9-aca0-2e989b76b652 f32517eb7f3b4bb18acd80ea5ce8da66 d15c54b83ad14a73a1215a8da0b82704 - - default default] No more DHCP agents
2026-03-05 19:01:26.266 8 WARNING neutron.api.rpc.agentnotifiers.dhcp_rpc_agent_api [None req-bf79c95c-7797-4dc9-aca0-2e989b76b652 f32517eb7f3b4bb18acd80ea5ce8da66 d15c54b83ad14a73a1215a8da0b82704 - - default default] Unable to schedule network cbf3b627-fd4e-4b98-9c7e-cafce6ea1697: no agents available; will retry on subsequent port and subnet creation events. [pid: 7|app: 0|req: 536/1123] 10.0.0.206 () {34 vars in 990 bytes} [Thu Mar 5 19:01:26 2026] GET /v2.0/ports?device_id=dad688d2-33ba-4e08-89e5-60cd9c21b243 => generated 969 bytes in 68 msecs (HTTP/1.1 200) 4 headers in 157 bytes (1 switches on core 0)
2026-03-05 19:01:26.443 8 INFO neutron.db.ovn_revision_numbers_db [None req-bf79c95c-7797-4dc9-aca0-2e989b76b652 f32517eb7f3b4bb18acd80ea5ce8da66 d15c54b83ad14a73a1215a8da0b82704 - - default default] Successfully bumped revision number for resource b9f974d7-d08e-4aad-83a7-21e9b2944f55 (type: ports) to 1
2026-03-05 19:01:26.452 7 INFO neutron.plugins.ml2.drivers.ovn.mech_driver.mech_driver [None req-bf8acc00-1d35-481a-ba35-3b65df08a38f - - - - - -] OVN reports status down for port: b9f974d7-d08e-4aad-83a7-21e9b2944f55
2026-03-05 19:01:26.750 7 WARNING neutron.scheduler.dhcp_agent_scheduler [None req-771c4769-0700-4482-8e09-b30576260c1a 0c8f4ebe5d62406eb78fc1c5d40b4c81 48075438fcd2479f9b12301f0a589d26 - - default default] No more DHCP agents
2026-03-05 19:01:26.752 7 WARNING neutron.api.rpc.agentnotifiers.dhcp_rpc_agent_api [None req-771c4769-0700-4482-8e09-b30576260c1a 0c8f4ebe5d62406eb78fc1c5d40b4c81 48075438fcd2479f9b12301f0a589d26 - - default default] Unable to schedule network 62bc8774-26a5-42f0-a05e-2d4eeaa281ad: no agents available; will retry on subsequent port and subnet creation events.
2026-03-05 19:01:26.876 7 INFO neutron.plugins.ml2.drivers.ovn.mech_driver.mech_driver [None req-bf8acc00-1d35-481a-ba35-3b65df08a38f - - - - - -] OVN reports status down for port: a18627f9-d2f0-4604-9779-99233c7cbac8
2026-03-05 19:01:26.946 7 INFO neutron.db.ovn_revision_numbers_db [None req-771c4769-0700-4482-8e09-b30576260c1a 0c8f4ebe5d62406eb78fc1c5d40b4c81 48075438fcd2479f9b12301f0a589d26 - - default default] Successfully bumped revision number for resource a18627f9-d2f0-4604-9779-99233c7cbac8 (type: ports) to 1
2026-03-05 19:01:27.085 8 INFO neutron.plugins.ml2.drivers.ovn.mech_driver.ovsdb.commands [-] Schedule LRP lrp-b9f974d7-d08e-4aad-83a7-21e9b2944f55 on gateway d9b29b7a-dd7a-4647-a489-59f2e8650b09 with priority 1
2026-03-05 19:01:27.213 8 INFO neutron.db.ovn_revision_numbers_db [None req-bf79c95c-7797-4dc9-aca0-2e989b76b652 f32517eb7f3b4bb18acd80ea5ce8da66 d15c54b83ad14a73a1215a8da0b82704 - - default default] Successfully bumped revision number for resource b9f974d7-d08e-4aad-83a7-21e9b2944f55 (type: router_ports) to 1
2026-03-05 19:01:27.268 7 INFO neutron.plugins.ml2.drivers.ovn.mech_driver.ovsdb.ovsdb_monitor [None req-1687c460-9f7d-4673-85a5-7a16a72da6d5 - - - - - -] Router 82d9df61-d096-4162-bdcd-0ec898089692 is bound to host instance
2026-03-05 19:01:27.279 7 INFO neutron.plugins.ml2.drivers.ovn.mech_driver.mech_driver [None req-bf8acc00-1d35-481a-ba35-3b65df08a38f - - - - - -] OVN reports status up for port: b9f974d7-d08e-4aad-83a7-21e9b2944f55
2026-03-05 19:01:27.280 8 INFO neutron.db.ovn_revision_numbers_db [None req-bf79c95c-7797-4dc9-aca0-2e989b76b652 f32517eb7f3b4bb18acd80ea5ce8da66 d15c54b83ad14a73a1215a8da0b82704 - - default default] Successfully bumped revision number for resource 82d9df61-d096-4162-bdcd-0ec898089692 (type: routers) to 2 [pid: 8|app: 0|req: 588/1124] 10.0.0.23 () {34 vars in 668 bytes} [Thu Mar 5 19:01:25 2026] POST /v2.0/routers => generated 962 bytes in 1429 msecs (HTTP/1.1 201) 4 headers in 162 bytes (1 switches on core 0) [pid: 8|app: 0|req: 589/1125] 199.204.45.248 () {34 vars in 1112 bytes} [Thu Mar 5 19:01:27 2026] GET /v2.0/networks/c61c578e-763c-4979-b3e9-14f8f2a92ad9?fields=provider%3Aphysical_network&fields=provider%3Anetwork_type => generated 79 bytes in 44 msecs (HTTP/1.1 200) 4 headers in 156 bytes (1 switches on core 0)
2026-03-05 19:01:27.359 7 INFO neutron.plugins.ml2.plugin [None req-bf8acc00-1d35-481a-ba35-3b65df08a38f - - - - - -] Attempt 1 to provision port b9f974d7-d08e-4aad-83a7-21e9b2944f55 [pid: 8|app: 0|req: 590/1126] 10.0.0.206 () {34 vars in 1040 bytes} [Thu Mar 5 19:01:27 2026] GET /v2.0/security-groups?id=b4e8c769-2d4c-4d66-9ed9-3a40697d4a9f&fields=id&fields=name => generated 88 bytes in 46 msecs (HTTP/1.1 200) 4 headers in 156 bytes (1 switches on core 0)
2026-03-05 19:01:27.809 8 WARNING neutron.scheduler.dhcp_agent_scheduler [None req-acadb967-28da-42cb-93f4-d6b1ef661c92 f32517eb7f3b4bb18acd80ea5ce8da66 d15c54b83ad14a73a1215a8da0b82704 - - default default] No more DHCP agents
2026-03-05 19:01:27.810 8 WARNING neutron.api.rpc.agentnotifiers.dhcp_rpc_agent_api [None req-acadb967-28da-42cb-93f4-d6b1ef661c92 f32517eb7f3b4bb18acd80ea5ce8da66 d15c54b83ad14a73a1215a8da0b82704 - - default default] Unable to schedule network 78be8c90-1f4e-42d7-bfbc-6fbb75e5a978: no agents available; will retry on subsequent port and subnet creation events.
2026-03-05 19:01:27.976 8 INFO neutron.db.ovn_revision_numbers_db [None req-acadb967-28da-42cb-93f4-d6b1ef661c92 f32517eb7f3b4bb18acd80ea5ce8da66 d15c54b83ad14a73a1215a8da0b82704 - - default default] Successfully bumped revision number for resource 530be467-a433-4226-8f5d-3b4a9a275ecd (type: ports) to 1
2026-03-05 19:01:28.290 7 WARNING neutron.scheduler.dhcp_agent_scheduler [None req-771c4769-0700-4482-8e09-b30576260c1a 0c8f4ebe5d62406eb78fc1c5d40b4c81 48075438fcd2479f9b12301f0a589d26 - - default default] No more DHCP agents
2026-03-05 19:01:28.294 7 WARNING neutron.api.rpc.agentnotifiers.dhcp_rpc_agent_api [None req-771c4769-0700-4482-8e09-b30576260c1a 0c8f4ebe5d62406eb78fc1c5d40b4c81 48075438fcd2479f9b12301f0a589d26 - - default default] Unable to schedule network 62bc8774-26a5-42f0-a05e-2d4eeaa281ad: no agents available; will retry on subsequent port and subnet creation events.
2026-03-05 19:01:28.706 8 WARNING neutron.scheduler.dhcp_agent_scheduler [None req-acadb967-28da-42cb-93f4-d6b1ef661c92 f32517eb7f3b4bb18acd80ea5ce8da66 d15c54b83ad14a73a1215a8da0b82704 - - default default] No more DHCP agents
2026-03-05 19:01:28.707 8 WARNING neutron.api.rpc.agentnotifiers.dhcp_rpc_agent_api [None req-acadb967-28da-42cb-93f4-d6b1ef661c92 f32517eb7f3b4bb18acd80ea5ce8da66 d15c54b83ad14a73a1215a8da0b82704 - - default default] Unable to schedule network 78be8c90-1f4e-42d7-bfbc-6fbb75e5a978: no agents available; will retry on subsequent port and subnet creation events.
2026-03-05 19:01:28.778 7 INFO neutron.db.ovn_revision_numbers_db [None req-771c4769-0700-4482-8e09-b30576260c1a 0c8f4ebe5d62406eb78fc1c5d40b4c81 48075438fcd2479f9b12301f0a589d26 - - default default] Successfully bumped revision number for resource a18627f9-d2f0-4604-9779-99233c7cbac8 (type: router_ports) to 1 [pid: 7|app: 0|req: 537/1127] 10.0.0.23 () {34 vars in 782 bytes} [Thu Mar 5 19:01:26 2026] PUT /v2.0/routers/2f75ce07-7540-4c2e-a1f0-68fcf4d18c71/add_router_interface => generated 309 bytes in 2466 msecs (HTTP/1.1 200) 4 headers in 157 bytes (1 switches on core 0)
2026-03-05 19:01:28.903 7 INFO neutron.db.ovn_revision_numbers_db [None req-4431e1f8-a3c3-46f4-a6ae-da0978d0310b - - - - - -] Successfully bumped revision number for resource b9f974d7-d08e-4aad-83a7-21e9b2944f55 (type: ports) to 4
2026-03-05 19:01:29.175 8 INFO neutron.db.ovn_revision_numbers_db [None req-acadb967-28da-42cb-93f4-d6b1ef661c92 f32517eb7f3b4bb18acd80ea5ce8da66 d15c54b83ad14a73a1215a8da0b82704 - - default default] Successfully bumped revision number for resource 530be467-a433-4226-8f5d-3b4a9a275ecd (type: router_ports) to 1 [pid: 8|app: 0|req: 591/1128] 10.0.0.23 () {34 vars in 782 bytes} [Thu Mar 5 19:01:27 2026] PUT /v2.0/routers/82d9df61-d096-4162-bdcd-0ec898089692/add_router_interface => generated 309 bytes in 1793 msecs (HTTP/1.1 200) 4 headers in 157 bytes (1 switches on core 0) [pid: 8|app: 0|req: 592/1129] 10.0.0.206 () {34 vars in 990 bytes} [Thu Mar 5 19:01:29 2026] GET /v2.0/ports?device_id=dad688d2-33ba-4e08-89e5-60cd9c21b243 => generated 969 bytes in 77 msecs (HTTP/1.1 200) 4 headers in 157 bytes (1 switches on core 0)
2026-03-05 19:01:29.360 7 INFO neutron.db.ovn_revision_numbers_db [None req-7f6e76ba-4e40-43fd-b931-98047cdd4163 f32517eb7f3b4bb18acd80ea5ce8da66 d15c54b83ad14a73a1215a8da0b82704 - - default default] Successfully bumped revision number for resource 47d3a671-f6a4-45e0-b94d-1580e3c644fa (type: security_groups) to 1
2026-03-05 19:01:29.382 7 INFO neutron.db.ovn_revision_numbers_db [None req-7f6e76ba-4e40-43fd-b931-98047cdd4163 f32517eb7f3b4bb18acd80ea5ce8da66 d15c54b83ad14a73a1215a8da0b82704 - - default default] Successfully bumped revision number for resource 2c46ebad-9673-4389-906d-2df533e55e8a (type: security_group_rules) to 0 [pid: 8|app: 0|req: 593/1130] 10.0.0.23 () {32 vars in 716 bytes} [Thu Mar 5 19:01:29 2026] GET /v2.0/ports/a18627f9-d2f0-4604-9779-99233c7cbac8 => generated 941 bytes in 126 msecs (HTTP/1.1 200) 4 headers in 157 bytes (1 switches on core 0)
2026-03-05 19:01:29.407 7 INFO neutron.db.ovn_revision_numbers_db [None req-7f6e76ba-4e40-43fd-b931-98047cdd4163 f32517eb7f3b4bb18acd80ea5ce8da66 d15c54b83ad14a73a1215a8da0b82704 - - default default] Successfully bumped revision number for resource 55e86a81-e96d-4ddc-8dfd-1f6773179560 (type: security_group_rules) to 0 [pid: 8|app: 0|req: 594/1131] 10.0.0.206 () {34 vars in 1040 bytes} [Thu Mar 5 19:01:29 2026] GET /v2.0/security-groups?id=b4e8c769-2d4c-4d66-9ed9-3a40697d4a9f&fields=id&fields=name => generated 88 bytes in 30 msecs (HTTP/1.1 200) 4 headers in 156 bytes (1 switches on core 0)
2026-03-05 19:01:29.432 7 INFO neutron.db.ovn_revision_numbers_db [None req-7f6e76ba-4e40-43fd-b931-98047cdd4163 f32517eb7f3b4bb18acd80ea5ce8da66 d15c54b83ad14a73a1215a8da0b82704 - - default default] Successfully bumped revision number for resource 729bc34a-6506-46c2-badd-597628f5904b (type: security_group_rules) to 0
2026-03-05 19:01:29.465 7 INFO neutron.db.ovn_revision_numbers_db [None req-7f6e76ba-4e40-43fd-b931-98047cdd4163 f32517eb7f3b4bb18acd80ea5ce8da66 d15c54b83ad14a73a1215a8da0b82704 - - default default] Successfully bumped revision number for resource f0fe20e8-b59d-4a1d-9eb9-859bab2815bb (type: security_group_rules) to 0 [pid: 7|app: 0|req: 538/1132] 10.0.0.23 () {32 vars in 773 bytes} [Thu Mar 5 19:01:28 2026] GET /v2.0/security-groups?tenant_id=a517c1e0b6ce4effb314cbf72be760c3&name=default => generated 2925 bytes in 749 msecs (HTTP/1.1 200) 4 headers in 158 bytes (1 switches on core 0)
2026-03-05 19:01:29.647 7 INFO neutron.db.ovn_revision_numbers_db [None req-4431e1f8-a3c3-46f4-a6ae-da0978d0310b - - - - - -] Successfully bumped revision number for resource b9f974d7-d08e-4aad-83a7-21e9b2944f55 (type: ports) to 5 [pid: 7|app: 0|req: 539/1133] 10.0.0.23 () {32 vars in 739 bytes} [Thu Mar 5 19:01:29 2026] DELETE /v2.0/security-groups/47d3a671-f6a4-45e0-b94d-1580e3c644fa => generated 0 bytes in 488 msecs (HTTP/1.1 204) 2 headers in 112 bytes (1 switches on core 0)
2026-03-05 19:01:30.042 8 WARNING neutron.scheduler.dhcp_agent_scheduler [None req-cf0ad33d-46c6-4b09-b2a8-2a31a18b314e 0c8f4ebe5d62406eb78fc1c5d40b4c81 48075438fcd2479f9b12301f0a589d26 - - default default] No more DHCP agents
2026-03-05 19:01:30.043 8 WARNING neutron.api.rpc.agentnotifiers.dhcp_rpc_agent_api [None req-cf0ad33d-46c6-4b09-b2a8-2a31a18b314e 0c8f4ebe5d62406eb78fc1c5d40b4c81 48075438fcd2479f9b12301f0a589d26 - - default default] Unable to schedule network 23df30aa-f8a7-4779-92c3-d09a567ed9fc: no agents available; will retry on subsequent port and subnet creation events.
2026-03-05 19:01:30.264 8 INFO neutron.db.ovn_revision_numbers_db [None req-cf0ad33d-46c6-4b09-b2a8-2a31a18b314e 0c8f4ebe5d62406eb78fc1c5d40b4c81 48075438fcd2479f9b12301f0a589d26 - - default default] Successfully bumped revision number for resource d1189eb6-1824-4e92-a673-23db5f1ab5ec (type: ports) to 1
2026-03-05 19:01:30.336 7 INFO neutron.plugins.ml2.drivers.ovn.mech_driver.mech_driver [None req-bf8acc00-1d35-481a-ba35-3b65df08a38f - - - - - -] OVN reports status down for port: 530be467-a433-4226-8f5d-3b4a9a275ecd
2026-03-05 19:01:30.362 7 INFO neutron.db.ovn_revision_numbers_db [None req-e28e1b5c-1706-4512-8d70-81d12a12d735 e9ac06611be148a5923c588763e1a668 02a811bc76654a009df6752f8a59fcb9 - - default default] Successfully bumped revision number for resource 5908a743-ef19-47b4-9214-7d3e4fef227e (type: security_groups) to 1
2026-03-05 19:01:30.384 7 INFO neutron.db.ovn_revision_numbers_db [None req-e28e1b5c-1706-4512-8d70-81d12a12d735 e9ac06611be148a5923c588763e1a668 02a811bc76654a009df6752f8a59fcb9 - - default default] Successfully bumped revision number for resource 968fb05d-0816-4e82-ae81-405d1a60c947 (type: security_group_rules) to 0
2026-03-05 19:01:30.402 7 INFO neutron.db.ovn_revision_numbers_db [None req-e28e1b5c-1706-4512-8d70-81d12a12d735 e9ac06611be148a5923c588763e1a668 02a811bc76654a009df6752f8a59fcb9 - - default default] Successfully bumped revision number for resource d0e4cfe2-ac00-4fbb-a405-05824b612be5 (type: security_group_rules) to 0
2026-03-05 19:01:30.442 7 WARNING neutron.plugins.ml2.drivers.ovn.mech_driver.ovsdb.ovn_client [None req-bf8acc00-1d35-481a-ba35-3b65df08a38f - - - - - -] Logical_Switch_Port %s host information not removed, the port state is up
2026-03-05 19:01:30.443 7 INFO neutron.plugins.ml2.drivers.ovn.mech_driver.mech_driver [None req-bf8acc00-1d35-481a-ba35-3b65df08a38f - - - - - -] OVN reports status up for port: a18627f9-d2f0-4604-9779-99233c7cbac8
2026-03-05 19:01:30.464 7 INFO neutron.plugins.ml2.plugin [None req-bf8acc00-1d35-481a-ba35-3b65df08a38f - - - - - -] Attempt 1 to provision port a18627f9-d2f0-4604-9779-99233c7cbac8 [pid: 7|app: 0|req: 540/1134] 10.0.0.23 () {34 vars in 684 bytes} [Thu Mar 5 19:01:30 2026] POST /v2.0/security-groups => generated 1661 bytes in 456 msecs (HTTP/1.1 201) 4 headers in 163 bytes (1 switches on core 0)
2026-03-05 19:01:30.766 7 INFO neutron.db.ovn_revision_numbers_db [None req-61c64389-068c-4888-9f02-516b5a8fb0d6 e9ac06611be148a5923c588763e1a668 02a811bc76654a009df6752f8a59fcb9 - - default default] Successfully bumped revision number for resource 8c5d5b6b-6c8d-422b-969c-7b838ca1ec96 (type: security_group_rules) to 0 [pid: 7|app: 0|req: 541/1135] 10.0.0.23 () {34 vars in 694 bytes} [Thu Mar 5 19:01:30 2026] POST /v2.0/security-group-rules => generated 597 bytes in 358 msecs (HTTP/1.1 201) 4 headers in 162 bytes (1 switches on core 0)
2026-03-05 19:01:30.882 8 WARNING neutron.scheduler.dhcp_agent_scheduler [None req-cf0ad33d-46c6-4b09-b2a8-2a31a18b314e 0c8f4ebe5d62406eb78fc1c5d40b4c81 48075438fcd2479f9b12301f0a589d26 - - default default] No more DHCP agents
2026-03-05 19:01:30.883 8 WARNING neutron.api.rpc.agentnotifiers.dhcp_rpc_agent_api [None req-cf0ad33d-46c6-4b09-b2a8-2a31a18b314e 0c8f4ebe5d62406eb78fc1c5d40b4c81 48075438fcd2479f9b12301f0a589d26 - - default default] Unable to schedule network 23df30aa-f8a7-4779-92c3-d09a567ed9fc: no agents available; will retry on subsequent port and subnet creation events. [pid: 7|app: 0|req: 542/1136] 10.0.0.206 () {34 vars in 990 bytes} [Thu Mar 5 19:01:30 2026] GET /v2.0/ports?device_id=dad688d2-33ba-4e08-89e5-60cd9c21b243 => generated 969 bytes in 77 msecs (HTTP/1.1 200) 4 headers in 157 bytes (1 switches on core 0)
2026-03-05 19:01:31.128 8 INFO neutron.db.ovn_revision_numbers_db [None req-cf0ad33d-46c6-4b09-b2a8-2a31a18b314e 0c8f4ebe5d62406eb78fc1c5d40b4c81 48075438fcd2479f9b12301f0a589d26 - - default default] Successfully bumped revision number for resource d1189eb6-1824-4e92-a673-23db5f1ab5ec (type: router_ports) to 1 [pid: 8|app: 0|req: 595/1137] 10.0.0.23 () {34 vars in 782 bytes} [Thu Mar 5 19:01:29 2026] PUT /v2.0/routers/2f75ce07-7540-4c2e-a1f0-68fcf4d18c71/add_router_interface => generated 309 bytes in 1718 msecs (HTTP/1.1 200) 4 headers in 157 bytes (1 switches on core 0) [pid: 8|app: 0|req: 596/1138] 10.0.0.206 () {34 vars in 1040 bytes} [Thu Mar 5 19:01:31 2026] GET /v2.0/security-groups?id=b4e8c769-2d4c-4d66-9ed9-3a40697d4a9f&fields=id&fields=name => generated 88 bytes in 26 msecs (HTTP/1.1 200) 4 headers in 156 bytes (1 switches on core 0) [pid: 8|app: 0|req: 597/1139] 10.0.0.23 () {32 vars in 716 bytes} [Thu Mar 5 19:01:31 2026] GET /v2.0/ports/d1189eb6-1824-4e92-a673-23db5f1ab5ec => generated 941 bytes in 66 msecs (HTTP/1.1 200) 4 headers in 157 bytes (1 switches on core 0) [pid: 8|app: 0|req: 598/1140] 10.0.0.23 () {32 vars in 716 bytes} [Thu Mar 5 19:01:31 2026] GET /v2.0/ports/d1189eb6-1824-4e92-a673-23db5f1ab5ec => generated 941 bytes in 28 msecs (HTTP/1.1 200) 4 headers in 157 bytes (1 switches on core 0)
2026-03-05 19:01:31.320 7 INFO neutron.db.ovn_revision_numbers_db [None req-bf8acc00-1d35-481a-ba35-3b65df08a38f - - - - - -] Successfully bumped revision number for resource a18627f9-d2f0-4604-9779-99233c7cbac8 (type: ports) to 2
2026-03-05 19:01:31.346 7 INFO neutron.db.ovn_revision_numbers_db [None req-b156ef74-c85f-4d7f-8a54-f88f24235bd0 e9ac06611be148a5923c588763e1a668 02a811bc76654a009df6752f8a59fcb9 - - default default] Successfully bumped revision number for resource 63386fc4-6b79-4d4a-9a9a-eca6f40f634c (type: security_group_rules) to 0 [pid: 7|app: 0|req: 543/1141] 10.0.0.23 () {34 vars in 694 bytes} [Thu Mar 5 19:01:30 2026] POST /v2.0/security-group-rules => generated 602 bytes in 486 msecs (HTTP/1.1 201) 4 headers in 162 bytes (1 switches on core 0)
2026-03-05 19:01:31.668 8 WARNING neutron.scheduler.dhcp_agent_scheduler [None req-0765f1b1-3fd2-4c2c-877f-f8b94f6fcc99 e9ac06611be148a5923c588763e1a668 02a811bc76654a009df6752f8a59fcb9 - - default default] No more DHCP agents
2026-03-05 19:01:31.670 8 WARNING neutron.api.rpc.agentnotifiers.dhcp_rpc_agent_api [None req-0765f1b1-3fd2-4c2c-877f-f8b94f6fcc99 e9ac06611be148a5923c588763e1a668 02a811bc76654a009df6752f8a59fcb9 - - default default] Unable to schedule network cbf3b627-fd4e-4b98-9c7e-cafce6ea1697: no agents available; will retry on subsequent port and subnet creation events. [pid: 8|app: 0|req: 599/1142] 10.0.0.23 () {34 vars in 675 bytes} [Thu Mar 5 19:01:31 2026] POST /v2.0/floatingips => generated 552 bytes in 504 msecs (HTTP/1.1 201) 4 headers in 162 bytes (1 switches on core 0)
2026-03-05 19:01:32.179 7 INFO neutron.db.ovn_revision_numbers_db [None req-524d213f-0ac7-4c73-91ca-5ae123570219 db3ac3c8c4794b99ae09861087b9e0a1 c8f3e44d6e21470094ae9068aeffc0f6 - - default default] Successfully bumped revision number for resource e654ecf3-4436-43e0-811a-a76328cfdd47 (type: security_groups) to 1
2026-03-05 19:01:32.191 7 INFO neutron.db.ovn_revision_numbers_db [None req-524d213f-0ac7-4c73-91ca-5ae123570219 db3ac3c8c4794b99ae09861087b9e0a1 c8f3e44d6e21470094ae9068aeffc0f6 - - default default] Successfully bumped revision number for resource 98f33bf2-53aa-4f52-b3d0-9f0daf3f3e26 (type: security_group_rules) to 0
2026-03-05 19:01:32.206 7 INFO neutron.db.ovn_revision_numbers_db [None req-524d213f-0ac7-4c73-91ca-5ae123570219 db3ac3c8c4794b99ae09861087b9e0a1 c8f3e44d6e21470094ae9068aeffc0f6 - - default default] Successfully bumped revision number for resource a8148915-b107-4848-87a2-d7f403eee9c6 (type: security_group_rules) to 0
2026-03-05 19:01:32.223 7 INFO neutron.db.ovn_revision_numbers_db [None req-524d213f-0ac7-4c73-91ca-5ae123570219 db3ac3c8c4794b99ae09861087b9e0a1 c8f3e44d6e21470094ae9068aeffc0f6 - - default default] Successfully bumped revision number for resource b6c0b4b5-d4ff-4524-84b5-10ae6536ff35 (type: security_group_rules) to 0
2026-03-05 19:01:32.240 7 INFO neutron.db.ovn_revision_numbers_db [None req-524d213f-0ac7-4c73-91ca-5ae123570219 db3ac3c8c4794b99ae09861087b9e0a1 c8f3e44d6e21470094ae9068aeffc0f6 - - default default] Successfully bumped revision number for resource d4532a7e-536a-436b-9af8-e0de13f2f2a5 (type: security_group_rules) to 0 [pid: 8|app: 0|req: 600/1143] 10.0.0.206 () {34 vars in 990 bytes} [Thu Mar 5 19:01:32 2026] GET /v2.0/ports?device_id=dad688d2-33ba-4e08-89e5-60cd9c21b243 => generated 969 bytes in 38 msecs (HTTP/1.1 200) 4 headers in 157 bytes (1 switches on core 0) [pid: 8|app: 0|req: 601/1144] 10.0.0.23 () {32 vars in 716 bytes} [Thu Mar 5 19:01:32 2026] GET /v2.0/ports/d1189eb6-1824-4e92-a673-23db5f1ab5ec => generated 941 bytes in 31 msecs (HTTP/1.1 200) 4 headers in 157 bytes (1 switches on core 0)
2026-03-05 19:01:32.330 7 INFO neutron.db.segments_db [None req-524d213f-0ac7-4c73-91ca-5ae123570219 db3ac3c8c4794b99ae09861087b9e0a1 c8f3e44d6e21470094ae9068aeffc0f6 - - default default] Added segment c95cd1f5-29d1-4ce2-a7b0-a40e453d6724 of type geneve for network 1ab6430f-116e-4101-8d73-9b2677fc96dd [pid: 8|app: 0|req: 602/1145] 10.0.0.206 () {34 vars in 1040 bytes} [Thu Mar 5 19:01:32 2026] GET /v2.0/security-groups?id=b4e8c769-2d4c-4d66-9ed9-3a40697d4a9f&fields=id&fields=name => generated 88 bytes in 30 msecs (HTTP/1.1 200) 4 headers in 156 bytes (1 switches on core 0) [pid: 8|app: 0|req: 603/1146] 10.0.0.206 () {34 vars in 1100 bytes} [Thu Mar 5 19:01:32 2026] GET /v2.0/security-groups?name=tempest-securitygroup--1800445617&fields=id&tenant_id=02a811bc76654a009df6752f8a59fcb9 => generated 69 bytes in 29 msecs (HTTP/1.1 200) 4 headers in 156 bytes (1 switches on core 0)
2026-03-05 19:01:32.421 7 INFO neutron.db.segments_db [None req-524d213f-0ac7-4c73-91ca-5ae123570219 db3ac3c8c4794b99ae09861087b9e0a1 c8f3e44d6e21470094ae9068aeffc0f6 - - default default] Added segment 6ba82e43-3506-41cd-8cc9-738d397edd2d of type geneve for network c3c5587d-97b5-4d73-8e95-5e7f8c0a1787 [pid: 8|app: 0|req: 604/1147] 10.0.0.206 () {34 vars in 982 bytes} [Thu Mar 5 19:01:32 2026] GET /v2.0/networks?id=78be8c90-1f4e-42d7-bfbc-6fbb75e5a978 => generated 707 bytes in 47 msecs (HTTP/1.1 200) 4 headers in 157 bytes (1 switches on core 0) [pid: 8|app: 0|req: 605/1148] 10.0.0.206 () {34 vars in 965 bytes} [Thu Mar 5 19:01:32 2026] GET /v2.0/quotas/02a811bc76654a009df6752f8a59fcb9 => generated 292 bytes in 13 msecs (HTTP/1.1 200) 4 headers in 157 bytes (1 switches on core 0)
2026-03-05 19:01:32.537 7 INFO neutron.db.ovn_revision_numbers_db [None req-524d213f-0ac7-4c73-91ca-5ae123570219 db3ac3c8c4794b99ae09861087b9e0a1 c8f3e44d6e21470094ae9068aeffc0f6 - - default default] Successfully bumped revision number for resource 1ab6430f-116e-4101-8d73-9b2677fc96dd (type: networks) to 1 [pid: 8|app: 0|req: 606/1149] 10.0.0.206 () {34 vars in 1002 bytes} [Thu Mar 5 19:01:32 2026] GET /v2.0/ports?tenant_id=02a811bc76654a009df6752f8a59fcb9&fields=id => generated 103 bytes in 87 msecs (HTTP/1.1 200) 4 headers in 157 bytes (1 switches on core 0) [pid: 8|app: 0|req: 607/1150] 10.0.0.206 () {34 vars in 1008 bytes} [Thu Mar 5 19:01:32 2026] GET /v2.0/networks/78be8c90-1f4e-42d7-bfbc-6fbb75e5a978?fields=segments => generated 14 bytes in 43 msecs (HTTP/1.1 200) 4 headers in 156 bytes (1 switches on core 0) [pid: 8|app: 0|req: 608/1151] 10.0.0.206 () {34 vars in 1108 bytes} [Thu Mar 5 19:01:32 2026] GET /v2.0/networks/78be8c90-1f4e-42d7-bfbc-6fbb75e5a978?fields=provider%3Aphysical_network&fields=provider%3Anetwork_type => generated 79 bytes in 43 msecs (HTTP/1.1 200) 4 headers in 156 bytes (1 switches on core 0)
2026-03-05 19:01:32.696 7 WARNING neutron.scheduler.dhcp_agent_scheduler [None req-524d213f-0ac7-4c73-91ca-5ae123570219 db3ac3c8c4794b99ae09861087b9e0a1 c8f3e44d6e21470094ae9068aeffc0f6 - - default default] No more DHCP agents
2026-03-05 19:01:32.697 7 WARNING neutron.api.rpc.agentnotifiers.dhcp_rpc_agent_api [None req-524d213f-0ac7-4c73-91ca-5ae123570219 db3ac3c8c4794b99ae09861087b9e0a1 c8f3e44d6e21470094ae9068aeffc0f6 - - default default] Unable to schedule network 1ab6430f-116e-4101-8d73-9b2677fc96dd: no agents available; will retry on subsequent port and subnet creation events.
2026-03-05 19:01:32.802 7 INFO neutron.db.ovn_revision_numbers_db [None req-524d213f-0ac7-4c73-91ca-5ae123570219 db3ac3c8c4794b99ae09861087b9e0a1 c8f3e44d6e21470094ae9068aeffc0f6 - - default default] Successfully bumped revision number for resource 0b1fdfe7-4528-4e47-97e8-bca95d7d543d (type: ports) to 1 [pid: 8|app: 0|req: 609/1152] 10.0.0.206 () {34 vars in 990 bytes} [Thu Mar 5 19:01:32 2026] GET /v2.0/ports?device_id=0a12515f-ebc9-4c9a-a78d-2459e0222ce6 => generated 12 bytes in 27 msecs (HTTP/1.1 200) 4 headers in 156 bytes (1 switches on core 0)
2026-03-05 19:01:32.886 7 INFO neutron.db.ovn_revision_numbers_db [None req-524d213f-0ac7-4c73-91ca-5ae123570219 db3ac3c8c4794b99ae09861087b9e0a1 c8f3e44d6e21470094ae9068aeffc0f6 - - default default] Successfully bumped revision number for resource c3c5587d-97b5-4d73-8e95-5e7f8c0a1787 (type: networks) to 1
2026-03-05 19:01:33.052 7 WARNING neutron.scheduler.dhcp_agent_scheduler [None req-524d213f-0ac7-4c73-91ca-5ae123570219 db3ac3c8c4794b99ae09861087b9e0a1 c8f3e44d6e21470094ae9068aeffc0f6 - - default default] No more DHCP agents
2026-03-05 19:01:33.054 7 WARNING neutron.api.rpc.agentnotifiers.dhcp_rpc_agent_api [None req-524d213f-0ac7-4c73-91ca-5ae123570219 db3ac3c8c4794b99ae09861087b9e0a1 c8f3e44d6e21470094ae9068aeffc0f6 - - default default] Unable to schedule network c3c5587d-97b5-4d73-8e95-5e7f8c0a1787: no agents available; will retry on subsequent port and subnet creation events.
2026-03-05 19:01:33.150 7 INFO neutron.db.ovn_revision_numbers_db [None req-524d213f-0ac7-4c73-91ca-5ae123570219 db3ac3c8c4794b99ae09861087b9e0a1 c8f3e44d6e21470094ae9068aeffc0f6 - - default default] Successfully bumped revision number for resource bc9d6c2a-01cc-460d-a508-8f296451f13a (type: ports) to 1 [pid: 7|app: 0|req: 544/1153] 10.0.0.23 () {34 vars in 669 bytes} [Thu Mar 5 19:01:31 2026] POST /v2.0/networks => generated 1284 bytes in 1340 msecs (HTTP/1.1 201) 4 headers in 163 bytes (1 switches on core 0) [pid: 8|app: 0|req: 610/1154] 10.0.0.23 () {32 vars in 648 bytes} [Thu Mar 5 19:01:33 2026] GET /v2.0/networks => generated 1971 bytes in 61 msecs (HTTP/1.1 200) 4 headers in 158 bytes (1 switches on core 0) [pid: 8|app: 0|req: 611/1155] 10.0.0.23 () {32 vars in 716 bytes} [Thu Mar 5 19:01:33 2026] GET /v2.0/ports/d1189eb6-1824-4e92-a673-23db5f1ab5ec => generated 941 bytes in 33 msecs (HTTP/1.1 200) 4 headers in 157 bytes (1 switches on core 0)
2026-03-05 19:01:33.371 7 INFO neutron_taas.services.taas.taas_plugin [None req-4a31a28a-c6c9-4b90-8886-a7560f121f38 db3ac3c8c4794b99ae09861087b9e0a1 c8f3e44d6e21470094ae9068aeffc0f6 - - default default] TaaS: Handle Delete Port: 0b1fdfe7-4528-4e47-97e8-bca95d7d543d
2026-03-05 19:01:33.374 7 INFO neutron_taas.services.taas.tap_mirror_plugin [None req-4a31a28a-c6c9-4b90-8886-a7560f121f38 db3ac3c8c4794b99ae09861087b9e0a1 c8f3e44d6e21470094ae9068aeffc0f6 - - default default] Tap Mirror: Handle Delete Port: 0b1fdfe7-4528-4e47-97e8-bca95d7d543d [pid: 8|app: 0|req: 612/1156] 10.0.0.206 () {34 vars in 990 bytes} [Thu Mar 5 19:01:33 2026] GET /v2.0/ports?device_id=dad688d2-33ba-4e08-89e5-60cd9c21b243 => generated 969 bytes in 35 msecs (HTTP/1.1 200) 4 headers in 157 bytes (1 switches on core 0) [pid: 8|app: 0|req: 613/1157] 10.0.0.206 () {34 vars in 1040 bytes} [Thu Mar 5 19:01:33 2026] GET /v2.0/security-groups?id=b4e8c769-2d4c-4d66-9ed9-3a40697d4a9f&fields=id&fields=name => generated 88 bytes in 35 msecs (HTTP/1.1 200) 4 headers in 156 bytes (1 switches on core 0)
2026-03-05 19:01:33.568 7 INFO neutron.services.segments.plugin [-] Segment c95cd1f5-29d1-4ce2-a7b0-a40e453d6724 resource provider aggregate not found
2026-03-05 19:01:33.574 7 INFO neutron.services.segments.plugin [-] Segment c95cd1f5-29d1-4ce2-a7b0-a40e453d6724 resource provider aggregate not found
2026-03-05 19:01:33.590 7 INFO neutron.services.segments.plugin [-] Segment c95cd1f5-29d1-4ce2-a7b0-a40e453d6724 resource provider not found; error: Placement Client Error (4xx): {"errors": [{"status": 404, "title": "Not Found", "detail": "The resource could not be found.\n\n No resource provider with uuid c95cd1f5-29d1-4ce2-a7b0-a40e453d6724 found for delete ", "request_id": "req-8c4ca96a-772f-450a-8830-855feb5ce9ed"}]}
2026-03-05 19:01:33.593 7 INFO neutron.services.segments.plugin [-] Segment c95cd1f5-29d1-4ce2-a7b0-a40e453d6724 resource provider not found; error: Placement Client Error (4xx): {"errors": [{"status": 404, "title": "Not Found", "detail": "The resource could not be found.\n\n No resource provider with uuid c95cd1f5-29d1-4ce2-a7b0-a40e453d6724 found for delete ", "request_id": "req-a8563062-cde6-44e0-8c32-c1f972f44a9b"}]} [pid: 7|app: 0|req: 545/1158] 10.0.0.23 () {32 vars in 725 bytes} [Thu Mar 5 19:01:33 2026] DELETE /v2.0/networks/1ab6430f-116e-4101-8d73-9b2677fc96dd => generated 0 bytes in 379 msecs (HTTP/1.1 204) 3 headers in 131 bytes (1 switches on core 0)
2026-03-05 19:01:33.738 8 INFO neutron_taas.services.taas.taas_plugin [None req-788be037-bb63-481d-a4e8-e00159ee6c54 db3ac3c8c4794b99ae09861087b9e0a1 c8f3e44d6e21470094ae9068aeffc0f6 - - default default] TaaS: Handle Delete Port: bc9d6c2a-01cc-460d-a508-8f296451f13a
