2026-03-05 19:02:03.682 8 INFO neutron.pecan_wsgi.hooks.translation [None req-defd42e5-eeff-4ff1-846e-3b86f58e348a 0c8f4ebe5d62406eb78fc1c5d40b4c81 48075438fcd2479f9b12301f0a589d26 - - default default] DELETE failed (client error): The resource could not be found. [pid: 8|app: 0|req: 735/1389] 10.0.0.23 () {32 vars in 723 bytes} [Thu Mar 5 19:02:03 2026] DELETE /v2.0/subnets/d69325cb-b834-4012-905b-87fb53ef0481 => generated 136 bytes in 13 msecs (HTTP/1.1 404) 4 headers in 164 bytes (1 switches on core 0) [pid: 8|app: 0|req: 736/1390] 10.0.0.23 () {32 vars in 735 bytes} [Thu Mar 5 19:02:03 2026] GET /v2.0/ports?device_id=17d43838-d1a2-453b-b49c-910a3fe3b182 => generated 12 bytes in 14 msecs (HTTP/1.1 200) 4 headers in 156 bytes (1 switches on core 0) [pid: 7|app: 0|req: 655/1391] 10.0.0.23 () {34 vars in 664 bytes} [Thu Mar 5 19:02:03 2026] POST /v2.0/ports => generated 778 bytes in 501 msecs (HTTP/1.1 201) 4 headers in 162 bytes (1 switches on core 0) /var/lib/openstack/lib/python3.12/site-packages/pycadf/identifier.py:70: UserWarning: Invalid uuid: neutron. To ensure interoperability, identifiers should be a valid uuid. warnings.warn(('Invalid uuid: %s. To ensure interoperability, '
2026-03-05 19:02:03.723 8 INFO neutron.api.v2.resource [None req-8c0e31e6-4e34-48d9-8a84-6835b4ff4b3d 0c8f4ebe5d62406eb78fc1c5d40b4c81 48075438fcd2479f9b12301f0a589d26 - - default default] delete failed (client error): The resource could not be found. [pid: 8|app: 0|req: 737/1392] 10.0.0.23 () {32 vars in 723 bytes} [Thu Mar 5 19:02:03 2026] DELETE /v2.0/routers/17d43838-d1a2-453b-b49c-910a3fe3b182 => generated 135 bytes in 17 msecs (HTTP/1.1 404) 4 headers in 164 bytes (1 switches on core 0)
2026-03-05 19:02:03.794 7 INFO neutron.db.segments_db [None req-118c72a4-17e3-4899-882c-d814d0a762ca d280850c0d2042eaa9607994c4e8f80d c6239b45fdcf425d8e92d54ec114c055 - - default default] Added segment 553227e5-15e6-4765-8938-b6efff15afd4 of type geneve for network 3ec11229-5508-4488-884a-1fb22bbcc3d1
2026-03-05 19:02:03.881 8 INFO neutron.db.ovn_revision_numbers_db [None req-059970dd-eb31-43a4-8a33-37efa662501b f32517eb7f3b4bb18acd80ea5ce8da66 d15c54b83ad14a73a1215a8da0b82704 - - default default] Successfully bumped revision number for resource 032361ce-1c23-45fd-bd5d-beb7738b2b62 (type: security_groups) to 1
2026-03-05 19:02:03.893 8 INFO neutron.db.ovn_revision_numbers_db [None req-059970dd-eb31-43a4-8a33-37efa662501b f32517eb7f3b4bb18acd80ea5ce8da66 d15c54b83ad14a73a1215a8da0b82704 - - default default] Successfully bumped revision number for resource 1f5617e7-5fe9-4ab2-a0b5-71f5274e938e (type: security_group_rules) to 0
2026-03-05 19:02:03.903 8 INFO neutron.db.ovn_revision_numbers_db [None req-059970dd-eb31-43a4-8a33-37efa662501b f32517eb7f3b4bb18acd80ea5ce8da66 d15c54b83ad14a73a1215a8da0b82704 - - default default] Successfully bumped revision number for resource 3341df4b-6301-499d-b6d4-f51b4e27bca0 (type: security_group_rules) to 0
2026-03-05 19:02:03.915 8 INFO neutron.db.ovn_revision_numbers_db [None req-059970dd-eb31-43a4-8a33-37efa662501b f32517eb7f3b4bb18acd80ea5ce8da66 d15c54b83ad14a73a1215a8da0b82704 - - default default] Successfully bumped revision number for resource 3f8a2dc7-03ac-4e01-a639-c3295d34a5b0 (type: security_group_rules) to 0
2026-03-05 19:02:03.940 8 INFO neutron.db.ovn_revision_numbers_db [None req-059970dd-eb31-43a4-8a33-37efa662501b f32517eb7f3b4bb18acd80ea5ce8da66 d15c54b83ad14a73a1215a8da0b82704 - - default default] Successfully bumped revision number for resource bd211a3f-01af-48a6-bcba-4ed892e99bca (type: security_group_rules) to 0
2026-03-05 19:02:03.967 7 INFO neutron.db.ovn_revision_numbers_db [None req-118c72a4-17e3-4899-882c-d814d0a762ca d280850c0d2042eaa9607994c4e8f80d c6239b45fdcf425d8e92d54ec114c055 - - default default] Successfully bumped revision number for resource 3ec11229-5508-4488-884a-1fb22bbcc3d1 (type: networks) to 1 [pid: 8|app: 0|req: 738/1393] 10.0.0.23 () {32 vars in 773 bytes} [Thu Mar 5 19:02:03 2026] GET /v2.0/security-groups?tenant_id=9e2a020bef534dd8bc2de57c4de770e4&name=default => generated 2925 bytes in 253 msecs (HTTP/1.1 200) 4 headers in 158 bytes (1 switches on core 0)
2026-03-05 19:02:03.989 8 INFO neutron.pecan_wsgi.hooks.translation [None req-0627ff6d-c109-4f7d-9daf-acbbac516d65 0c8f4ebe5d62406eb78fc1c5d40b4c81 48075438fcd2479f9b12301f0a589d26 - - default default] DELETE failed (client error): The resource could not be found. [pid: 8|app: 0|req: 739/1394] 10.0.0.23 () {32 vars in 723 bytes} [Thu Mar 5 19:02:03 2026] DELETE /v2.0/subnets/09721596-2045-48d5-86f2-91d34077c981 => generated 136 bytes in 12 msecs (HTTP/1.1 404) 4 headers in 164 bytes (1 switches on core 0)
2026-03-05 19:02:04.148 7 WARNING neutron.scheduler.dhcp_agent_scheduler [None req-118c72a4-17e3-4899-882c-d814d0a762ca d280850c0d2042eaa9607994c4e8f80d c6239b45fdcf425d8e92d54ec114c055 - - default default] No more DHCP agents
2026-03-05 19:02:04.149 7 WARNING neutron.api.rpc.agentnotifiers.dhcp_rpc_agent_api [None req-118c72a4-17e3-4899-882c-d814d0a762ca d280850c0d2042eaa9607994c4e8f80d c6239b45fdcf425d8e92d54ec114c055 - - default default] Unable to schedule network 3ec11229-5508-4488-884a-1fb22bbcc3d1: no agents available; will retry on subsequent port and subnet creation events.
2026-03-05 19:02:04.222 7 INFO neutron.plugins.ml2.drivers.ovn.mech_driver.mech_driver [None req-bacdf1eb-c584-4aa3-830b-9e695df5baa9 - - - - - -] OVN reports status down for port: 85958014-a702-4e80-b24c-118c0b5f791d [pid: 8|app: 0|req: 740/1395] 10.0.0.23 () {32 vars in 739 bytes} [Thu Mar 5 19:02:03 2026] DELETE /v2.0/security-groups/032361ce-1c23-45fd-bd5d-beb7738b2b62 => generated 0 bytes in 300 msecs (HTTP/1.1 204) 2 headers in 112 bytes (1 switches on core 0)
2026-03-05 19:02:04.297 7 INFO neutron.db.ovn_revision_numbers_db [None req-118c72a4-17e3-4899-882c-d814d0a762ca d280850c0d2042eaa9607994c4e8f80d c6239b45fdcf425d8e92d54ec114c055 - - default default] Successfully bumped revision number for resource 85958014-a702-4e80-b24c-118c0b5f791d (type: ports) to 1 [pid: 8|app: 0|req: 741/1396] 10.0.0.23 () {32 vars in 735 bytes} [Thu Mar 5 19:02:04 2026] GET /v2.0/ports?device_id=2f75ce07-7540-4c2e-a1f0-68fcf4d18c71 => generated 12 bytes in 15 msecs (HTTP/1.1 200) 4 headers in 156 bytes (1 switches on core 0)
2026-03-05 19:02:04.327 8 INFO neutron.api.v2.resource [None req-3b5f607c-4708-4e03-a9fe-f2f9cf35f7c7 0c8f4ebe5d62406eb78fc1c5d40b4c81 48075438fcd2479f9b12301f0a589d26 - - default default] delete failed (client error): The resource could not be found. [pid: 8|app: 0|req: 742/1397] 10.0.0.23 () {32 vars in 723 bytes} [Thu Mar 5 19:02:04 2026] DELETE /v2.0/routers/2f75ce07-7540-4c2e-a1f0-68fcf4d18c71 => generated 135 bytes in 15 msecs (HTTP/1.1 404) 4 headers in 164 bytes (1 switches on core 0)
2026-03-05 19:02:04.347 8 INFO neutron.pecan_wsgi.hooks.translation [None req-f47b0e59-673f-4e35-ac5b-c18d758a0dfb 0c8f4ebe5d62406eb78fc1c5d40b4c81 48075438fcd2479f9b12301f0a589d26 - - default default] DELETE failed (client error): The resource could not be found. [pid: 8|app: 0|req: 743/1398] 10.0.0.23 () {32 vars in 723 bytes} [Thu Mar 5 19:02:04 2026] DELETE /v2.0/subnets/940dcded-9949-47ab-b24d-bb7505e9a342 => generated 136 bytes in 18 msecs (HTTP/1.1 404) 4 headers in 164 bytes (1 switches on core 0) [pid: 7|app: 0|req: 656/1399] 10.0.0.23 () {34 vars in 669 bytes} [Thu Mar 5 19:02:03 2026] POST /v2.0/networks => generated 655 bytes in 650 msecs (HTTP/1.1 201) 4 headers in 162 bytes (1 switches on core 0)
2026-03-05 19:02:04.366 8 INFO neutron.pecan_wsgi.hooks.translation [None req-a8c1c7f5-79c8-4dd0-92ca-fe26d2a984ce 0c8f4ebe5d62406eb78fc1c5d40b4c81 48075438fcd2479f9b12301f0a589d26 - - default default] DELETE failed (client error): The resource could not be found. [pid: 8|app: 0|req: 744/1400] 10.0.0.23 () {32 vars in 723 bytes} [Thu Mar 5 19:02:04 2026] DELETE /v2.0/subnets/2ac37230-7202-45f6-bd22-1d95e4105fd9 => generated 136 bytes in 13 msecs (HTTP/1.1 404) 4 headers in 164 bytes (1 switches on core 0)
2026-03-05 19:02:04.553 7 WARNING neutron.scheduler.dhcp_agent_scheduler [None req-d5c59900-c37c-4759-a8cb-803cf6b788a7 d280850c0d2042eaa9607994c4e8f80d c6239b45fdcf425d8e92d54ec114c055 - - default default] No more DHCP agents
2026-03-05 19:02:04.555 7 WARNING neutron.api.rpc.agentnotifiers.dhcp_rpc_agent_api [None req-d5c59900-c37c-4759-a8cb-803cf6b788a7 d280850c0d2042eaa9607994c4e8f80d c6239b45fdcf425d8e92d54ec114c055 - - default default] Unable to schedule network 3ec11229-5508-4488-884a-1fb22bbcc3d1: no agents available; will retry on subsequent port and subnet creation events. [pid: 8|app: 0|req: 745/1401] 10.0.0.23 () {32 vars in 739 bytes} [Thu Mar 5 19:02:04 2026] DELETE /v2.0/security-groups/5908a743-ef19-47b4-9214-7d3e4fef227e => generated 0 bytes in 178 msecs (HTTP/1.1 204) 2 headers in 112 bytes (1 switches on core 0)
2026-03-05 19:02:04.598 8 INFO neutron.api.v2.resource [None req-e5091b8e-5014-4739-aff4-bc17e53d7795 e9ac06611be148a5923c588763e1a668 02a811bc76654a009df6752f8a59fcb9 - - default default] show failed (client error): The resource could not be found. [pid: 8|app: 0|req: 746/1402] 10.0.0.23 () {32 vars in 736 bytes} [Thu Mar 5 19:02:04 2026] GET /v2.0/security-groups/5908a743-ef19-47b4-9214-7d3e4fef227e => generated 146 bytes in 27 msecs (HTTP/1.1 404) 4 headers in 164 bytes (1 switches on core 0)
2026-03-05 19:02:04.621 7 INFO neutron.db.ovn_revision_numbers_db [None req-d5c59900-c37c-4759-a8cb-803cf6b788a7 d280850c0d2042eaa9607994c4e8f80d c6239b45fdcf425d8e92d54ec114c055 - - default default] Successfully bumped revision number for resource 6c7c514b-0db8-45c7-9fbe-803107a0548f (type: subnets) to 0 [pid: 7|app: 0|req: 657/1403] 10.0.0.23 () {34 vars in 668 bytes} [Thu Mar 5 19:02:04 2026] POST /v2.0/subnets => generated 646 bytes in 276 msecs (HTTP/1.1 201) 4 headers in 162 bytes (1 switches on core 0)
2026-03-05 19:02:04.728 8 INFO neutron_taas.services.taas.taas_plugin [None req-d7976d02-4146-4e4a-a27b-d0917f4202e3 e9ac06611be148a5923c588763e1a668 02a811bc76654a009df6752f8a59fcb9 - - default default] TaaS: Handle Delete Port: f104611f-ea68-43a4-b9ce-d22cc26c308f
2026-03-05 19:02:04.731 8 INFO neutron_taas.services.taas.tap_mirror_plugin [None req-d7976d02-4146-4e4a-a27b-d0917f4202e3 e9ac06611be148a5923c588763e1a668 02a811bc76654a009df6752f8a59fcb9 - - default default] Tap Mirror: Handle Delete Port: f104611f-ea68-43a4-b9ce-d22cc26c308f [pid: 8|app: 0|req: 747/1404] 10.0.0.23 () {32 vars in 731 bytes} [Thu Mar 5 19:02:04 2026] DELETE /v2.0/floatingips/7a8c5e70-2b0e-4745-9e09-fa165ca89a2c => generated 0 bytes in 273 msecs (HTTP/1.1 204) 2 headers in 112 bytes (1 switches on core 0)
2026-03-05 19:02:04.904 7 WARNING neutron.scheduler.dhcp_agent_scheduler [None req-e4b1464a-478f-4dba-8b04-f93330788850 d280850c0d2042eaa9607994c4e8f80d c6239b45fdcf425d8e92d54ec114c055 - - default default] No more DHCP agents
2026-03-05 19:02:04.906 7 WARNING neutron.api.rpc.agentnotifiers.dhcp_rpc_agent_api [None req-e4b1464a-478f-4dba-8b04-f93330788850 d280850c0d2042eaa9607994c4e8f80d c6239b45fdcf425d8e92d54ec114c055 - - default default] Unable to schedule network 3ec11229-5508-4488-884a-1fb22bbcc3d1: no agents available; will retry on subsequent port and subnet creation events.
2026-03-05 19:02:04.987 7 INFO neutron.plugins.ml2.drivers.ovn.mech_driver.mech_driver [None req-bacdf1eb-c584-4aa3-830b-9e695df5baa9 - - - - - -] OVN reports status down for port: e5afc44a-3c9c-47a3-a963-436713aa7c8a [pid: 8|app: 0|req: 748/1405] 10.0.0.23 () {32 vars in 773 bytes} [Thu Mar 5 19:02:04 2026] GET /v2.0/security-groups?tenant_id=48075438fcd2479f9b12301f0a589d26&name=default => generated 2925 bytes in 166 msecs (HTTP/1.1 200) 4 headers in 158 bytes (1 switches on core 0)
2026-03-05 19:02:05.091 7 INFO neutron.db.ovn_revision_numbers_db [None req-e4b1464a-478f-4dba-8b04-f93330788850 d280850c0d2042eaa9607994c4e8f80d c6239b45fdcf425d8e92d54ec114c055 - - default default] Successfully bumped revision number for resource e5afc44a-3c9c-47a3-a963-436713aa7c8a (type: ports) to 1 [pid: 7|app: 0|req: 658/1406] 10.0.0.23 () {34 vars in 664 bytes} [Thu Mar 5 19:02:04 2026] POST /v2.0/ports => generated 958 bytes in 506 msecs (HTTP/1.1 201) 4 headers in 162 bytes (1 switches on core 0) /var/lib/openstack/lib/python3.12/site-packages/pycadf/identifier.py:70: UserWarning: Invalid uuid: neutron. To ensure interoperability, identifiers should be a valid uuid. warnings.warn(('Invalid uuid: %s. To ensure interoperability, '
2026-03-05 19:02:05.345 8 INFO neutron_taas.services.taas.taas_plugin [None req-1e460ac5-0572-4417-b374-419208ca0403 f32517eb7f3b4bb18acd80ea5ce8da66 d15c54b83ad14a73a1215a8da0b82704 - - default default] TaaS: Handle Delete Port: 530be467-a433-4226-8f5d-3b4a9a275ecd
2026-03-05 19:02:05.348 8 INFO neutron_taas.services.taas.tap_mirror_plugin [None req-1e460ac5-0572-4417-b374-419208ca0403 f32517eb7f3b4bb18acd80ea5ce8da66 d15c54b83ad14a73a1215a8da0b82704 - - default default] Tap Mirror: Handle Delete Port: 530be467-a433-4226-8f5d-3b4a9a275ecd [pid: 7|app: 0|req: 659/1407] 10.0.0.23 () {32 vars in 739 bytes} [Thu Mar 5 19:02:05 2026] DELETE /v2.0/security-groups/a6e7d778-8e23-4082-97a6-4f673438ec6e => generated 0 bytes in 265 msecs (HTTP/1.1 204) 2 headers in 112 bytes (1 switches on core 0)
2026-03-05 19:02:05.544 7 INFO neutron_taas.services.taas.taas_plugin [None req-d0c9cca9-70de-4432-8107-99d066b1583c d280850c0d2042eaa9607994c4e8f80d c6239b45fdcf425d8e92d54ec114c055 - - default default] TaaS: Handle Delete Port: e5afc44a-3c9c-47a3-a963-436713aa7c8a
2026-03-05 19:02:05.549 7 INFO neutron_taas.services.taas.tap_mirror_plugin [None req-d0c9cca9-70de-4432-8107-99d066b1583c d280850c0d2042eaa9607994c4e8f80d c6239b45fdcf425d8e92d54ec114c055 - - default default] Tap Mirror: Handle Delete Port: e5afc44a-3c9c-47a3-a963-436713aa7c8a [pid: 7|app: 0|req: 660/1408] 10.0.0.23 () {32 vars in 719 bytes} [Thu Mar 5 19:02:05 2026] DELETE /v2.0/ports/e5afc44a-3c9c-47a3-a963-436713aa7c8a => generated 0 bytes in 319 msecs (HTTP/1.1 204) 3 headers in 131 bytes (1 switches on core 0)
2026-03-05 19:02:05.752 7 INFO neutron.pecan_wsgi.hooks.translation [None req-4bce7131-5e73-4c93-b698-12585f92b2f1 d280850c0d2042eaa9607994c4e8f80d c6239b45fdcf425d8e92d54ec114c055 - - default default] DELETE failed (client error): The resource could not be found. [pid: 7|app: 0|req: 661/1409] 10.0.0.23 () {32 vars in 719 bytes} [Thu Mar 5 19:02:05 2026] DELETE /v2.0/ports/e5afc44a-3c9c-47a3-a963-436713aa7c8a => generated 132 bytes in 15 msecs (HTTP/1.1 404) 4 headers in 164 bytes (1 switches on core 0)
2026-03-05 19:02:05.773 7 INFO neutron.pecan_wsgi.hooks.translation [None req-5bdac9fd-e400-4e65-b0f1-d5d732122e0b d280850c0d2042eaa9607994c4e8f80d c6239b45fdcf425d8e92d54ec114c055 - - default default] GET failed (client error): The resource could not be found. [pid: 7|app: 0|req: 662/1410] 10.0.0.23 () {32 vars in 716 bytes} [Thu Mar 5 19:02:05 2026] GET /v2.0/ports/e5afc44a-3c9c-47a3-a963-436713aa7c8a => generated 132 bytes in 14 msecs (HTTP/1.1 404) 4 headers in 164 bytes (1 switches on core 0) [pid: 7|app: 0|req: 663/1411] 10.0.0.23 () {32 vars in 723 bytes} [Thu Mar 5 19:02:05 2026] DELETE /v2.0/subnets/6c7c514b-0db8-45c7-9fbe-803107a0548f => generated 0 bytes in 136 msecs (HTTP/1.1 204) 3 headers in 131 bytes (1 switches on core 0)
2026-03-05 19:02:06.038 7 INFO neutron_taas.services.taas.taas_plugin [None req-eda89038-39cb-4ead-8f77-e9b04c1b5742 d280850c0d2042eaa9607994c4e8f80d c6239b45fdcf425d8e92d54ec114c055 - - default default] TaaS: Handle Delete Port: 85958014-a702-4e80-b24c-118c0b5f791d
2026-03-05 19:02:06.044 7 INFO neutron_taas.services.taas.tap_mirror_plugin [None req-eda89038-39cb-4ead-8f77-e9b04c1b5742 d280850c0d2042eaa9607994c4e8f80d c6239b45fdcf425d8e92d54ec114c055 - - default default] Tap Mirror: Handle Delete Port: 85958014-a702-4e80-b24c-118c0b5f791d [pid: 8|app: 0|req: 749/1412] 10.0.0.23 () {34 vars in 788 bytes} [Thu Mar 5 19:02:05 2026] PUT /v2.0/routers/82d9df61-d096-4162-bdcd-0ec898089692/remove_router_interface => generated 309 bytes in 1050 msecs (HTTP/1.1 200) 4 headers in 157 bytes (1 switches on core 0) /var/lib/openstack/lib/python3.12/site-packages/pycadf/identifier.py:70: UserWarning: Invalid uuid: neutron. To ensure interoperability, identifiers should be a valid uuid. warnings.warn(('Invalid uuid: %s. To ensure interoperability, '
2026-03-05 19:02:06.333 7 INFO neutron.services.segments.plugin [-] Segment 553227e5-15e6-4765-8938-b6efff15afd4 resource provider aggregate not found
2026-03-05 19:02:06.340 7 INFO neutron.services.segments.plugin [-] Segment 553227e5-15e6-4765-8938-b6efff15afd4 resource provider aggregate not found
2026-03-05 19:02:06.353 7 INFO neutron.services.segments.plugin [-] Segment 553227e5-15e6-4765-8938-b6efff15afd4 resource provider not found; error: Placement Client Error (4xx): {"errors": [{"status": 404, "title": "Not Found", "detail": "The resource could not be found.\n\n No resource provider with uuid 553227e5-15e6-4765-8938-b6efff15afd4 found for delete ", "request_id": "req-082432a2-f225-4cdc-a56e-00b6a22570d2"}]}
2026-03-05 19:02:06.356 7 INFO neutron.services.segments.plugin [-] Segment 553227e5-15e6-4765-8938-b6efff15afd4 resource provider not found; error: Placement Client Error (4xx): {"errors": [{"status": 404, "title": "Not Found", "detail": "The resource could not be found.\n\n No resource provider with uuid 553227e5-15e6-4765-8938-b6efff15afd4 found for delete ", "request_id": "req-46b3d4d8-eec5-4794-af5a-2678cbf33ab4"}]} [pid: 7|app: 0|req: 664/1413] 10.0.0.23 () {32 vars in 725 bytes} [Thu Mar 5 19:02:05 2026] DELETE /v2.0/networks/3ec11229-5508-4488-884a-1fb22bbcc3d1 => generated 0 bytes in 475 msecs (HTTP/1.1 204) 3 headers in 131 bytes (1 switches on core 0)
2026-03-05 19:02:06.497 7 INFO neutron.db.segments_db [None req-6d1c3ce3-234b-44b1-a546-6a598a0bc681 d280850c0d2042eaa9607994c4e8f80d c6239b45fdcf425d8e92d54ec114c055 - - default default] Added segment d93b341e-a0de-4c11-ab5a-d4699239b651 of type geneve for network 67b8b91d-9b03-4143-bf37-e8b561cf1f9b
2026-03-05 19:02:06.510 8 INFO neutron_taas.services.taas.taas_plugin [None req-217716ee-302b-4e73-8f8c-dc7229f8722c f32517eb7f3b4bb18acd80ea5ce8da66 d15c54b83ad14a73a1215a8da0b82704 - - default default] TaaS: Handle Delete Port: b9f974d7-d08e-4aad-83a7-21e9b2944f55
2026-03-05 19:02:06.515 8 INFO neutron_taas.services.taas.tap_mirror_plugin [None req-217716ee-302b-4e73-8f8c-dc7229f8722c f32517eb7f3b4bb18acd80ea5ce8da66 d15c54b83ad14a73a1215a8da0b82704 - - default default] Tap Mirror: Handle Delete Port: b9f974d7-d08e-4aad-83a7-21e9b2944f55
2026-03-05 19:02:06.630 7 INFO neutron.db.ovn_revision_numbers_db [None req-6d1c3ce3-234b-44b1-a546-6a598a0bc681 d280850c0d2042eaa9607994c4e8f80d c6239b45fdcf425d8e92d54ec114c055 - - default default] Successfully bumped revision number for resource 67b8b91d-9b03-4143-bf37-e8b561cf1f9b (type: networks) to 1
2026-03-05 19:02:06.870 7 WARNING neutron.scheduler.dhcp_agent_scheduler [None req-6d1c3ce3-234b-44b1-a546-6a598a0bc681 d280850c0d2042eaa9607994c4e8f80d c6239b45fdcf425d8e92d54ec114c055 - - default default] No more DHCP agents
2026-03-05 19:02:06.871 7 WARNING neutron.api.rpc.agentnotifiers.dhcp_rpc_agent_api [None req-6d1c3ce3-234b-44b1-a546-6a598a0bc681 d280850c0d2042eaa9607994c4e8f80d c6239b45fdcf425d8e92d54ec114c055 - - default default] Unable to schedule network 67b8b91d-9b03-4143-bf37-e8b561cf1f9b: no agents available; will retry on subsequent port and subnet creation events. [pid: 8|app: 0|req: 750/1414] 10.0.0.23 () {32 vars in 723 bytes} [Thu Mar 5 19:02:06 2026] DELETE /v2.0/routers/82d9df61-d096-4162-bdcd-0ec898089692 => generated 0 bytes in 891 msecs (HTTP/1.1 204) 2 headers in 112 bytes (1 switches on core 0)
2026-03-05 19:02:07.007 7 INFO neutron.plugins.ml2.drivers.ovn.mech_driver.mech_driver [None req-bacdf1eb-c584-4aa3-830b-9e695df5baa9 - - - - - -] OVN reports status down for port: 9c1b550d-d57b-40e5-903f-645e2134bc86
2026-03-05 19:02:07.084 7 INFO neutron.db.ovn_revision_numbers_db [None req-6d1c3ce3-234b-44b1-a546-6a598a0bc681 d280850c0d2042eaa9607994c4e8f80d c6239b45fdcf425d8e92d54ec114c055 - - default default] Successfully bumped revision number for resource 9c1b550d-d57b-40e5-903f-645e2134bc86 (type: ports) to 1 [pid: 7|app: 0|req: 665/1415] 10.0.0.23 () {34 vars in 669 bytes} [Thu Mar 5 19:02:06 2026] POST /v2.0/networks => generated 654 bytes in 733 msecs (HTTP/1.1 201) 4 headers in 162 bytes (1 switches on core 0) [pid: 8|app: 0|req: 751/1416] 10.0.0.23 () {32 vars in 723 bytes} [Thu Mar 5 19:02:06 2026] DELETE /v2.0/subnets/9a9391fc-0e22-4496-b7b6-5d8dff623358 => generated 0 bytes in 163 msecs (HTTP/1.1 204) 3 headers in 131 bytes (1 switches on core 0)
2026-03-05 19:02:07.270 8 INFO neutron_taas.services.taas.taas_plugin [None req-245e7a07-35d7-473e-a6c1-80bc410d8557 f32517eb7f3b4bb18acd80ea5ce8da66 d15c54b83ad14a73a1215a8da0b82704 - - default default] TaaS: Handle Delete Port: 336059c6-fe82-473a-ac8d-e9e6cdf27324
2026-03-05 19:02:07.272 8 INFO neutron_taas.services.taas.tap_mirror_plugin [None req-245e7a07-35d7-473e-a6c1-80bc410d8557 f32517eb7f3b4bb18acd80ea5ce8da66 d15c54b83ad14a73a1215a8da0b82704 - - default default] Tap Mirror: Handle Delete Port: 336059c6-fe82-473a-ac8d-e9e6cdf27324
2026-03-05 19:02:07.336 7 WARNING neutron.scheduler.dhcp_agent_scheduler [None req-db93bb20-1301-452f-8b69-7c5926862254 d280850c0d2042eaa9607994c4e8f80d c6239b45fdcf425d8e92d54ec114c055 - - default default] No more DHCP agents
2026-03-05 19:02:07.345 7 WARNING neutron.api.rpc.agentnotifiers.dhcp_rpc_agent_api [None req-db93bb20-1301-452f-8b69-7c5926862254 d280850c0d2042eaa9607994c4e8f80d c6239b45fdcf425d8e92d54ec114c055 - - default default] Unable to schedule network 67b8b91d-9b03-4143-bf37-e8b561cf1f9b: no agents available; will retry on subsequent port and subnet creation events.
2026-03-05 19:02:07.385 7 INFO neutron.db.ovn_revision_numbers_db [None req-db93bb20-1301-452f-8b69-7c5926862254 d280850c0d2042eaa9607994c4e8f80d c6239b45fdcf425d8e92d54ec114c055 - - default default] Successfully bumped revision number for resource 709c0904-1d61-4862-9a46-fa1018982993 (type: subnets) to 0 [pid: 7|app: 0|req: 666/1417] 10.0.0.23 () {34 vars in 668 bytes} [Thu Mar 5 19:02:07 2026] POST /v2.0/subnets => generated 646 bytes in 271 msecs (HTTP/1.1 201) 4 headers in 162 bytes (1 switches on core 0) [pid: 7|app: 0|req: 667/1418] 10.0.0.23 () {32 vars in 622 bytes} [Thu Mar 5 19:02:07 2026] GET / => generated 151 bytes in 3 msecs (HTTP/1.1 200) 3 headers in 91 bytes (1 switches on core 0)
2026-03-05 19:02:07.512 8 INFO neutron.services.segments.plugin [-] Segment 9d154dc3-ff36-4e4b-9650-3c1dbe05b332 resource provider aggregate not found
2026-03-05 19:02:07.520 8 INFO neutron.services.segments.plugin [-] Segment 9d154dc3-ff36-4e4b-9650-3c1dbe05b332 resource provider aggregate not found
2026-03-05 19:02:07.535 8 INFO neutron.services.segments.plugin [-] Segment 9d154dc3-ff36-4e4b-9650-3c1dbe05b332 resource provider not found; error: Placement Client Error (4xx): {"errors": [{"status": 404, "title": "Not Found", "detail": "The resource could not be found.\n\n No resource provider with uuid 9d154dc3-ff36-4e4b-9650-3c1dbe05b332 found for delete ", "request_id": "req-89da65a0-d042-4647-a1da-7c742e3ff590"}]}
2026-03-05 19:02:07.541 8 INFO neutron.services.segments.plugin [-] Segment 9d154dc3-ff36-4e4b-9650-3c1dbe05b332 resource provider not found; error: Placement Client Error (4xx): {"errors": [{"status": 404, "title": "Not Found", "detail": "The resource could not be found.\n\n No resource provider with uuid 9d154dc3-ff36-4e4b-9650-3c1dbe05b332 found for delete ", "request_id": "req-1f06fd7b-d72f-4746-bb80-761bc386cd7b"}]} [pid: 8|app: 0|req: 752/1419] 10.0.0.23 () {32 vars in 725 bytes} [Thu Mar 5 19:02:07 2026] DELETE /v2.0/networks/78be8c90-1f4e-42d7-bfbc-6fbb75e5a978 => generated 0 bytes in 415 msecs (HTTP/1.1 204) 3 headers in 131 bytes (1 switches on core 0)
2026-03-05 19:02:07.684 7 WARNING neutron.scheduler.dhcp_agent_scheduler [None req-6501478f-4a19-4bc9-960c-f379f8009ac0 d280850c0d2042eaa9607994c4e8f80d c6239b45fdcf425d8e92d54ec114c055 - - default default] No more DHCP agents
2026-03-05 19:02:07.686 7 WARNING neutron.api.rpc.agentnotifiers.dhcp_rpc_agent_api [None req-6501478f-4a19-4bc9-960c-f379f8009ac0 d280850c0d2042eaa9607994c4e8f80d c6239b45fdcf425d8e92d54ec114c055 - - default default] Unable to schedule network 67b8b91d-9b03-4143-bf37-e8b561cf1f9b: no agents available; will retry on subsequent port and subnet creation events.
2026-03-05 19:02:07.786 7 INFO neutron.plugins.ml2.drivers.ovn.mech_driver.mech_driver [None req-bacdf1eb-c584-4aa3-830b-9e695df5baa9 - - - - - -] OVN reports status down for port: 20ce69cf-efb5-4336-b44c-6f3c520c8a14 [pid: 8|app: 0|req: 753/1420] 10.0.0.23 () {32 vars in 632 bytes} [Thu Mar 5 19:02:07 2026] GET /v2.0/ => generated 632 bytes in 233 msecs (HTTP/1.1 200) 4 headers in 157 bytes (1 switches on core 0) [pid: 8|app: 0|req: 754/1421] 10.0.0.23 () {32 vars in 773 bytes} [Thu Mar 5 19:02:07 2026] GET /v2.0/security-groups?tenant_id=02a811bc76654a009df6752f8a59fcb9&name=default => generated 2925 bytes in 38 msecs (HTTP/1.1 200) 4 headers in 158 bytes (1 switches on core 0)
2026-03-05 19:02:07.874 7 INFO neutron.db.ovn_revision_numbers_db [None req-6501478f-4a19-4bc9-960c-f379f8009ac0 d280850c0d2042eaa9607994c4e8f80d c6239b45fdcf425d8e92d54ec114c055 - - default default] Successfully bumped revision number for resource 20ce69cf-efb5-4336-b44c-6f3c520c8a14 (type: ports) to 1 [pid: 7|app: 0|req: 668/1422] 10.0.0.23 () {34 vars in 664 bytes} [Thu Mar 5 19:02:07 2026] POST /v2.0/ports => generated 927 bytes in 520 msecs (HTTP/1.1 201) 4 headers in 162 bytes (1 switches on core 0)
2026-03-05 19:02:08.145 7 INFO neutron_taas.services.taas.taas_plugin [None req-153265aa-0a82-4970-b276-2d976afd799c d280850c0d2042eaa9607994c4e8f80d c6239b45fdcf425d8e92d54ec114c055 - - default default] TaaS: Handle Delete Port: 20ce69cf-efb5-4336-b44c-6f3c520c8a14
2026-03-05 19:02:08.149 7 INFO neutron_taas.services.taas.tap_mirror_plugin [None req-153265aa-0a82-4970-b276-2d976afd799c d280850c0d2042eaa9607994c4e8f80d c6239b45fdcf425d8e92d54ec114c055 - - default default] Tap Mirror: Handle Delete Port: 20ce69cf-efb5-4336-b44c-6f3c520c8a14 [pid: 8|app: 0|req: 755/1423] 10.0.0.23 () {32 vars in 739 bytes} [Thu Mar 5 19:02:07 2026] DELETE /v2.0/security-groups/a8a4ad55-c572-4540-ba95-41649151fa27 => generated 0 bytes in 312 msecs (HTTP/1.1 204) 2 headers in 112 bytes (1 switches on core 0) [pid: 7|app: 0|req: 669/1424] 10.0.0.23 () {32 vars in 719 bytes} [Thu Mar 5 19:02:07 2026] DELETE /v2.0/ports/20ce69cf-efb5-4336-b44c-6f3c520c8a14 => generated 0 bytes in 359 msecs (HTTP/1.1 204) 3 headers in 131 bytes (1 switches on core 0)
2026-03-05 19:02:08.324 8 INFO neutron.pecan_wsgi.hooks.translation [None req-fcbccaa4-3f9c-49b9-8fd2-dec3438b88f0 d280850c0d2042eaa9607994c4e8f80d c6239b45fdcf425d8e92d54ec114c055 - - default default] GET failed (client error): The resource could not be found. [pid: 8|app: 0|req: 756/1425] 10.0.0.23 () {32 vars in 716 bytes} [Thu Mar 5 19:02:08 2026] GET /v2.0/ports/20ce69cf-efb5-4336-b44c-6f3c520c8a14 => generated 132 bytes in 22 msecs (HTTP/1.1 404) 4 headers in 164 bytes (1 switches on core 0) [pid: 7|app: 0|req: 670/1426] 10.0.0.23 () {32 vars in 723 bytes} [Thu Mar 5 19:02:08 2026] DELETE /v2.0/subnets/709c0904-1d61-4862-9a46-fa1018982993 => generated 0 bytes in 135 msecs (HTTP/1.1 204) 3 headers in 131 bytes (1 switches on core 0)
2026-03-05 19:02:08.573 7 INFO neutron_taas.services.taas.taas_plugin [None req-61625f26-f43b-4c9f-b9b9-2f343bee3e94 d280850c0d2042eaa9607994c4e8f80d c6239b45fdcf425d8e92d54ec114c055 - - default default] TaaS: Handle Delete Port: 9c1b550d-d57b-40e5-903f-645e2134bc86
2026-03-05 19:02:08.576 7 INFO neutron_taas.services.taas.tap_mirror_plugin [None req-61625f26-f43b-4c9f-b9b9-2f343bee3e94 d280850c0d2042eaa9607994c4e8f80d c6239b45fdcf425d8e92d54ec114c055 - - default default] Tap Mirror: Handle Delete Port: 9c1b550d-d57b-40e5-903f-645e2134bc86
2026-03-05 19:02:08.790 8 INFO neutron.db.ovn_revision_numbers_db [None req-71b7bf8d-fda5-4074-8315-43d4c2c6bd09 f32517eb7f3b4bb18acd80ea5ce8da66 d15c54b83ad14a73a1215a8da0b82704 - - default default] Successfully bumped revision number for resource 84836dcd-8be6-422e-a3c0-c052b3ac7935 (type: security_groups) to 1
2026-03-05 19:02:08.800 8 INFO neutron.db.ovn_revision_numbers_db [None req-71b7bf8d-fda5-4074-8315-43d4c2c6bd09 f32517eb7f3b4bb18acd80ea5ce8da66 d15c54b83ad14a73a1215a8da0b82704 - - default default] Successfully bumped revision number for resource 27e7c187-52f9-4fbd-a05e-284d47ede43f (type: security_group_rules) to 0
2026-03-05 19:02:08.813 8 INFO neutron.db.ovn_revision_numbers_db [None req-71b7bf8d-fda5-4074-8315-43d4c2c6bd09 f32517eb7f3b4bb18acd80ea5ce8da66 d15c54b83ad14a73a1215a8da0b82704 - - default default] Successfully bumped revision number for resource 3f25e1b0-c0f6-45e5-bfa6-c0c3ec217e55 (type: security_group_rules) to 0
2026-03-05 19:02:08.822 7 INFO neutron.services.segments.plugin [-] Segment d93b341e-a0de-4c11-ab5a-d4699239b651 resource provider aggregate not found
2026-03-05 19:02:08.825 8 INFO neutron.db.ovn_revision_numbers_db [None req-71b7bf8d-fda5-4074-8315-43d4c2c6bd09 f32517eb7f3b4bb18acd80ea5ce8da66 d15c54b83ad14a73a1215a8da0b82704 - - default default] Successfully bumped revision number for resource 7e6889b6-ab3b-4d89-89ca-1e88e86deb75 (type: security_group_rules) to 0
2026-03-05 19:02:08.827 7 INFO neutron.services.segments.plugin [-] Segment d93b341e-a0de-4c11-ab5a-d4699239b651 resource provider aggregate not found
2026-03-05 19:02:08.842 7 INFO neutron.services.segments.plugin [-] Segment d93b341e-a0de-4c11-ab5a-d4699239b651 resource provider not found; error: Placement Client Error (4xx): {"errors": [{"status": 404, "title": "Not Found", "detail": "The resource could not be found.\n\n No resource provider with uuid d93b341e-a0de-4c11-ab5a-d4699239b651 found for delete ", "request_id": "req-330b30e4-8701-4852-a9aa-8e6208fe84a2"}]}
2026-03-05 19:02:08.844 7 INFO neutron.services.segments.plugin [-] Segment d93b341e-a0de-4c11-ab5a-d4699239b651 resource provider not found; error: Placement Client Error (4xx): {"errors": [{"status": 404, "title": "Not Found", "detail": "The resource could not be found.\n\n No resource provider with uuid d93b341e-a0de-4c11-ab5a-d4699239b651 found for delete ", "request_id": "req-00781125-c054-422c-aed1-9750a15e8455"}]}
2026-03-05 19:02:08.844 8 INFO neutron.db.ovn_revision_numbers_db [None req-71b7bf8d-fda5-4074-8315-43d4c2c6bd09 f32517eb7f3b4bb18acd80ea5ce8da66 d15c54b83ad14a73a1215a8da0b82704 - - default default] Successfully bumped revision number for resource 83049f36-df4d-4b41-babf-80993ee3a1de (type: security_group_rules) to 0 [pid: 7|app: 0|req: 671/1427] 10.0.0.23 () {32 vars in 725 bytes} [Thu Mar 5 19:02:08 2026] DELETE /v2.0/networks/67b8b91d-9b03-4143-bf37-e8b561cf1f9b => generated 0 bytes in 409 msecs (HTTP/1.1 204) 3 headers in 131 bytes (1 switches on core 0) [pid: 8|app: 0|req: 757/1428] 10.0.0.23 () {32 vars in 773 bytes} [Thu Mar 5 19:02:08 2026] GET /v2.0/security-groups?tenant_id=2f66b568caf44e1f8217a1276e7251e3&name=default => generated 2925 bytes in 493 msecs (HTTP/1.1 200) 4 headers in 158 bytes (1 switches on core 0)
2026-03-05 19:02:09.133 7 WARNING neutron.scheduler.dhcp_agent_scheduler [None req-22d28db0-3cb2-4f68-a57f-a53ebf315d69 d280850c0d2042eaa9607994c4e8f80d c6239b45fdcf425d8e92d54ec114c055 - - default default] No more DHCP agents
2026-03-05 19:02:09.135 7 WARNING neutron.api.rpc.agentnotifiers.dhcp_rpc_agent_api [None req-22d28db0-3cb2-4f68-a57f-a53ebf315d69 d280850c0d2042eaa9607994c4e8f80d c6239b45fdcf425d8e92d54ec114c055 - - default default] Unable to schedule network 5c0aa07f-9441-4571-94c6-3816fbeca65f: no agents available; will retry on subsequent port and subnet creation events. [pid: 8|app: 0|req: 758/1429] 10.0.0.23 () {32 vars in 739 bytes} [Thu Mar 5 19:02:08 2026] DELETE /v2.0/security-groups/84836dcd-8be6-422e-a3c0-c052b3ac7935 => generated 0 bytes in 251 msecs (HTTP/1.1 204) 2 headers in 112 bytes (1 switches on core 0)
2026-03-05 19:02:09.209 7 INFO neutron.plugins.ml2.drivers.ovn.mech_driver.mech_driver [None req-bacdf1eb-c584-4aa3-830b-9e695df5baa9 - - - - - -] OVN reports status down for port: 7d76539f-29a9-4d41-82e1-b6604b785390
2026-03-05 19:02:09.289 7 INFO neutron.db.ovn_revision_numbers_db [None req-22d28db0-3cb2-4f68-a57f-a53ebf315d69 d280850c0d2042eaa9607994c4e8f80d c6239b45fdcf425d8e92d54ec114c055 - - default default] Successfully bumped revision number for resource 7d76539f-29a9-4d41-82e1-b6604b785390 (type: ports) to 1 [pid: 7|app: 0|req: 672/1430] 10.0.0.23 () {34 vars in 664 bytes} [Thu Mar 5 19:02:08 2026] POST /v2.0/ports => generated 777 bytes in 493 msecs (HTTP/1.1 201) 4 headers in 162 bytes (1 switches on core 0) /var/lib/openstack/lib/python3.12/site-packages/pycadf/identifier.py:70: UserWarning: Invalid uuid: neutron. To ensure interoperability, identifiers should be a valid uuid. warnings.warn(('Invalid uuid: %s. To ensure interoperability, '
2026-03-05 19:02:09.625 7 INFO neutron.plugins.ml2.drivers.ovn.mech_driver.mech_driver [None req-bacdf1eb-c584-4aa3-830b-9e695df5baa9 - - - - - -] OVN reports status down for port: 7d76539f-29a9-4d41-82e1-b6604b785390
2026-03-05 19:02:09.634 8 INFO neutron.db.ovn_revision_numbers_db [None req-cf5faa90-75a7-4743-b819-ae08df126673 d280850c0d2042eaa9607994c4e8f80d c6239b45fdcf425d8e92d54ec114c055 - - default default] Successfully bumped revision number for resource 7d76539f-29a9-4d41-82e1-b6604b785390 (type: ports) to 2 [pid: 8|app: 0|req: 759/1431] 10.0.0.23 () {34 vars in 736 bytes} [Thu Mar 5 19:02:09 2026] PUT /v2.0/ports/7d76539f-29a9-4d41-82e1-b6604b785390 => generated 752 bytes in 366 msecs (HTTP/1.1 200) 4 headers in 157 bytes (1 switches on core 0) /var/lib/openstack/lib/python3.12/site-packages/pycadf/identifier.py:70: UserWarning: Invalid uuid: neutron. To ensure interoperability, identifiers should be a valid uuid. warnings.warn(('Invalid uuid: %s. To ensure interoperability, '
2026-03-05 19:02:09.771 7 INFO neutron.db.ovn_revision_numbers_db [None req-5de134c1-914a-4881-9bdf-52ad12c5a5fe f32517eb7f3b4bb18acd80ea5ce8da66 d15c54b83ad14a73a1215a8da0b82704 - - default default] Successfully bumped revision number for resource 8feaeb23-c8ed-473e-8615-4a999d3ec839 (type: security_groups) to 1
2026-03-05 19:02:09.785 7 INFO neutron.db.ovn_revision_numbers_db [None req-5de134c1-914a-4881-9bdf-52ad12c5a5fe f32517eb7f3b4bb18acd80ea5ce8da66 d15c54b83ad14a73a1215a8da0b82704 - - default default] Successfully bumped revision number for resource 2af53816-a447-433d-b611-ffc2c779d2f0 (type: security_group_rules) to 0
2026-03-05 19:02:09.796 7 INFO neutron.db.ovn_revision_numbers_db [None req-5de134c1-914a-4881-9bdf-52ad12c5a5fe f32517eb7f3b4bb18acd80ea5ce8da66 d15c54b83ad14a73a1215a8da0b82704 - - default default] Successfully bumped revision number for resource 4158425a-e2f6-4886-9bee-518ee2cd8089 (type: security_group_rules) to 0
2026-03-05 19:02:09.805 7 INFO neutron.db.ovn_revision_numbers_db [None req-5de134c1-914a-4881-9bdf-52ad12c5a5fe f32517eb7f3b4bb18acd80ea5ce8da66 d15c54b83ad14a73a1215a8da0b82704 - - default default] Successfully bumped revision number for resource 73962ebb-1405-47a3-b45e-b6fcb98d5560 (type: security_group_rules) to 0
2026-03-05 19:02:09.817 7 INFO neutron.db.ovn_revision_numbers_db [None req-5de134c1-914a-4881-9bdf-52ad12c5a5fe f32517eb7f3b4bb18acd80ea5ce8da66 d15c54b83ad14a73a1215a8da0b82704 - - default default] Successfully bumped revision number for resource cfbc742a-af7d-4b78-bf45-c887357c7729 (type: security_group_rules) to 0 [pid: 7|app: 0|req: 673/1432] 10.0.0.23 () {32 vars in 773 bytes} [Thu Mar 5 19:02:09 2026] GET /v2.0/security-groups?tenant_id=8008b4c9ac884e2691b6dcb537895743&name=default => generated 2925 bytes in 390 msecs (HTTP/1.1 200) 4 headers in 158 bytes (1 switches on core 0)
2026-03-05 19:02:09.868 8 INFO neutron_taas.services.taas.taas_plugin [None req-640513ce-d044-4cc8-bc48-363769bef9a2 d280850c0d2042eaa9607994c4e8f80d c6239b45fdcf425d8e92d54ec114c055 - - default default] TaaS: Handle Delete Port: 7d76539f-29a9-4d41-82e1-b6604b785390
2026-03-05 19:02:09.871 8 INFO neutron_taas.services.taas.tap_mirror_plugin [None req-640513ce-d044-4cc8-bc48-363769bef9a2 d280850c0d2042eaa9607994c4e8f80d c6239b45fdcf425d8e92d54ec114c055 - - default default] Tap Mirror: Handle Delete Port: 7d76539f-29a9-4d41-82e1-b6604b785390 [pid: 8|app: 0|req: 760/1433] 10.0.0.23 () {32 vars in 719 bytes} [Thu Mar 5 19:02:09 2026] DELETE /v2.0/ports/7d76539f-29a9-4d41-82e1-b6604b785390 => generated 0 bytes in 353 msecs (HTTP/1.1 204) 3 headers in 131 bytes (1 switches on core 0) [pid: 7|app: 0|req: 674/1434] 10.0.0.23 () {32 vars in 739 bytes} [Thu Mar 5 19:02:09 2026] DELETE /v2.0/security-groups/8feaeb23-c8ed-473e-8615-4a999d3ec839 => generated 0 bytes in 350 msecs (HTTP/1.1 204) 2 headers in 112 bytes (1 switches on core 0) [pid: 7|app: 0|req: 675/1435] 10.0.0.23 () {32 vars in 642 bytes} [Thu Mar 5 19:02:10 2026] GET /v2.0/ports => generated 1537 bytes in 40 msecs (HTTP/1.1 200) 4 headers in 158 bytes (1 switches on core 0)
2026-03-05 19:02:10.266 7 INFO neutron.pecan_wsgi.hooks.translation [None req-0684955d-75d7-4043-b2c0-318c235f04c6 d280850c0d2042eaa9607994c4e8f80d c6239b45fdcf425d8e92d54ec114c055 - - default default] GET failed (client error): The resource could not be found. [pid: 7|app: 0|req: 678/1438] 10.0.0.23 () {32 vars in 716 bytes} [Thu Mar 5 19:02:10 2026] GET /v2.0/ports/7d76539f-29a9-4d41-82e1-b6604b785390 => generated 132 bytes in 17 msecs (HTTP/1.1 404) 4 headers in 164 bytes (1 switches on core 0) [pid: 7|app: 0|req: 679/1439] 10.0.0.23 () {32 vars in 642 bytes} [Thu Mar 5 19:02:10 2026] GET /v2.0/ports => generated 1537 bytes in 40 msecs (HTTP/1.1 200) 4 headers in 158 bytes (1 switches on core 0)
2026-03-05 19:02:10.480 8 INFO neutron.db.ovn_revision_numbers_db [None req-083ee53a-e88b-411a-808c-b3259cbdf4f7 f32517eb7f3b4bb18acd80ea5ce8da66 d15c54b83ad14a73a1215a8da0b82704 - - default default] Successfully bumped revision number for resource aec1dc4e-506c-417d-9c60-af6c7ac46cc3 (type: security_groups) to 1
2026-03-05 19:02:10.499 8 INFO neutron.db.ovn_revision_numbers_db [None req-083ee53a-e88b-411a-808c-b3259cbdf4f7 f32517eb7f3b4bb18acd80ea5ce8da66 d15c54b83ad14a73a1215a8da0b82704 - - default default] Successfully bumped revision number for resource 4baf794b-d279-4003-b08b-b62cbc9e54d9 (type: security_group_rules) to 0
2026-03-05 19:02:10.515 8 INFO neutron.db.ovn_revision_numbers_db [None req-083ee53a-e88b-411a-808c-b3259cbdf4f7 f32517eb7f3b4bb18acd80ea5ce8da66 d15c54b83ad14a73a1215a8da0b82704 - - default default] Successfully bumped revision number for resource 4bc64ab7-bc09-422c-9768-8d2d582f533d (type: security_group_rules) to 0
2026-03-05 19:02:10.532 8 INFO neutron.db.ovn_revision_numbers_db [None req-083ee53a-e88b-411a-808c-b3259cbdf4f7 f32517eb7f3b4bb18acd80ea5ce8da66 d15c54b83ad14a73a1215a8da0b82704 - - default default] Successfully bumped revision number for resource 4d4d763e-09b5-4a96-9cd5-075535bda902 (type: security_group_rules) to 0
2026-03-05 19:02:10.534 7 INFO neutron.db.ovn_revision_numbers_db [None req-60e154ac-9b7d-4c6c-8e96-a698c9e06fb1 f32517eb7f3b4bb18acd80ea5ce8da66 d15c54b83ad14a73a1215a8da0b82704 - - default default] Successfully bumped revision number for resource 0d60539d-da3a-4c39-8e30-3b872ac9a463 (type: security_groups) to 1
2026-03-05 19:02:10.555 8 INFO neutron.db.ovn_revision_numbers_db [None req-083ee53a-e88b-411a-808c-b3259cbdf4f7 f32517eb7f3b4bb18acd80ea5ce8da66 d15c54b83ad14a73a1215a8da0b82704 - - default default] Successfully bumped revision number for resource 7bd3af03-15ac-42c7-902d-97790e713374 (type: security_group_rules) to 0
2026-03-05 19:02:10.558 7 INFO neutron.db.ovn_revision_numbers_db [None req-60e154ac-9b7d-4c6c-8e96-a698c9e06fb1 f32517eb7f3b4bb18acd80ea5ce8da66 d15c54b83ad14a73a1215a8da0b82704 - - default default] Successfully bumped revision number for resource 168cf515-53d1-49d0-a04a-f4e7516523b8 (type: security_group_rules) to 0
2026-03-05 19:02:10.573 7 INFO neutron.db.ovn_revision_numbers_db [None req-60e154ac-9b7d-4c6c-8e96-a698c9e06fb1 f32517eb7f3b4bb18acd80ea5ce8da66 d15c54b83ad14a73a1215a8da0b82704 - - default default] Successfully bumped revision number for resource 8e8780db-25f1-4ce2-b8ac-ab25f2a2372a (type: security_group_rules) to 0
2026-03-05 19:02:10.585 7 INFO neutron.db.ovn_revision_numbers_db [None req-60e154ac-9b7d-4c6c-8e96-a698c9e06fb1 f32517eb7f3b4bb18acd80ea5ce8da66 d15c54b83ad14a73a1215a8da0b82704 - - default default] Successfully bumped revision number for resource c2fb4306-b8d2-4095-b7d4-c6fdcfe7cf16 (type: security_group_rules) to 0
2026-03-05 19:02:10.596 7 INFO neutron.db.ovn_revision_numbers_db [None req-60e154ac-9b7d-4c6c-8e96-a698c9e06fb1 f32517eb7f3b4bb18acd80ea5ce8da66 d15c54b83ad14a73a1215a8da0b82704 - - default default] Successfully bumped revision number for resource c8850958-d859-46fb-87bd-80bcbbc29dc3 (type: security_group_rules) to 0 [pid: 7|app: 0|req: 680/1440] 10.0.0.23 () {32 vars in 773 bytes} [Thu Mar 5 19:02:10 2026] GET /v2.0/security-groups?tenant_id=a70577b73b694f329d1809e54408d16f&name=default => generated 2925 bytes in 318 msecs (HTTP/1.1 200) 4 headers in 158 bytes (1 switches on core 0)
2026-03-05 19:02:10.638 8 INFO neutron.db.segments_db [None req-083ee53a-e88b-411a-808c-b3259cbdf4f7 f32517eb7f3b4bb18acd80ea5ce8da66 d15c54b83ad14a73a1215a8da0b82704 - - default default] Added segment c0adb686-48ff-42f2-91f6-818b291e1ec6 of type geneve for network 028d8118-9da8-406e-9355-35133a8ecc03 [pid: 7|app: 0|req: 681/1441] 10.0.0.23 () {32 vars in 716 bytes} [Thu Mar 5 19:02:10 2026] GET /v2.0/ports/4a9ef91c-3d41-4d15-9c85-cbdfc8d83723 => generated 778 bytes in 27 msecs (HTTP/1.1 200) 4 headers in 157 bytes (1 switches on core 0)
2026-03-05 19:02:10.791 8 INFO neutron.db.ovn_revision_numbers_db [None req-083ee53a-e88b-411a-808c-b3259cbdf4f7 f32517eb7f3b4bb18acd80ea5ce8da66 d15c54b83ad14a73a1215a8da0b82704 - - default default] Successfully bumped revision number for resource 028d8118-9da8-406e-9355-35133a8ecc03 (type: networks) to 1 [pid: 7|app: 0|req: 682/1442] 10.0.0.23 () {32 vars in 739 bytes} [Thu Mar 5 19:02:10 2026] DELETE /v2.0/security-groups/0d60539d-da3a-4c39-8e30-3b872ac9a463 => generated 0 bytes in 291 msecs (HTTP/1.1 204) 2 headers in 112 bytes (1 switches on core 0)
2026-03-05 19:02:10.965 7 INFO neutron.pecan_wsgi.hooks.translation [None req-12b354da-e794-4166-94ae-226a004c38e1 d280850c0d2042eaa9607994c4e8f80d c6239b45fdcf425d8e92d54ec114c055 - - default default] DELETE failed (client error): The resource could not be found. [pid: 7|app: 0|req: 683/1443] 10.0.0.23 () {32 vars in 719 bytes} [Thu Mar 5 19:02:10 2026] DELETE /v2.0/ports/20ce69cf-efb5-4336-b44c-6f3c520c8a14 => generated 132 bytes in 15 msecs (HTTP/1.1 404) 4 headers in 164 bytes (1 switches on core 0)
2026-03-05 19:02:10.982 8 WARNING neutron.scheduler.dhcp_agent_scheduler [None req-083ee53a-e88b-411a-808c-b3259cbdf4f7 f32517eb7f3b4bb18acd80ea5ce8da66 d15c54b83ad14a73a1215a8da0b82704 - - default default] No more DHCP agents
2026-03-05 19:02:10.982 7 INFO neutron.pecan_wsgi.hooks.translation [None req-eb98df4d-0e8b-468a-bae5-60733823a8a3 d280850c0d2042eaa9607994c4e8f80d c6239b45fdcf425d8e92d54ec114c055 - - default default] DELETE failed (client error): The resource could not be found.
2026-03-05 19:02:10.983 8 WARNING neutron.api.rpc.agentnotifiers.dhcp_rpc_agent_api [None req-083ee53a-e88b-411a-808c-b3259cbdf4f7 f32517eb7f3b4bb18acd80ea5ce8da66 d15c54b83ad14a73a1215a8da0b82704 - - default default] Unable to schedule network 028d8118-9da8-406e-9355-35133a8ecc03: no agents available; will retry on subsequent port and subnet creation events. [pid: 7|app: 0|req: 684/1444] 10.0.0.23 () {32 vars in 723 bytes} [Thu Mar 5 19:02:10 2026] DELETE /v2.0/subnets/709c0904-1d61-4862-9a46-fa1018982993 => generated 136 bytes in 13 msecs (HTTP/1.1 404) 4 headers in 164 bytes (1 switches on core 0)
2026-03-05 19:02:11.004 7 INFO neutron.pecan_wsgi.hooks.translation [None req-0de0a32d-74af-4e12-8f96-083a037b459c d280850c0d2042eaa9607994c4e8f80d c6239b45fdcf425d8e92d54ec114c055 - - default default] DELETE failed (client error): The resource could not be found. [pid: 7|app: 0|req: 685/1445] 10.0.0.23 () {32 vars in 723 bytes} [Thu Mar 5 19:02:10 2026] DELETE /v2.0/subnets/6c7c514b-0db8-45c7-9fbe-803107a0548f => generated 136 bytes in 18 msecs (HTTP/1.1 404) 4 headers in 164 bytes (1 switches on core 0)
2026-03-05 19:02:11.081 7 INFO neutron.plugins.ml2.drivers.ovn.mech_driver.mech_driver [None req-bacdf1eb-c584-4aa3-830b-9e695df5baa9 - - - - - -] OVN reports status down for port: 1581bf59-735d-4fc1-9adb-5c85125017e4
2026-03-05 19:02:11.093 8 INFO neutron.db.ovn_revision_numbers_db [None req-083ee53a-e88b-411a-808c-b3259cbdf4f7 f32517eb7f3b4bb18acd80ea5ce8da66 d15c54b83ad14a73a1215a8da0b82704 - - default default] Successfully bumped revision number for resource 1581bf59-735d-4fc1-9adb-5c85125017e4 (type: ports) to 1 [pid: 8|app: 0|req: 761/1446] 10.0.0.23 () {34 vars in 670 bytes} [Thu Mar 5 19:02:10 2026] POST /v2.0/networks => generated 766 bytes in 1013 msecs (HTTP/1.1 201) 4 headers in 162 bytes (1 switches on core 0)
2026-03-05 19:02:11.217 7 INFO neutron_taas.services.taas.taas_plugin [None req-32f60f32-5a02-46ca-9259-2077a5a09ad3 d280850c0d2042eaa9607994c4e8f80d c6239b45fdcf425d8e92d54ec114c055 - - default default] TaaS: Handle Delete Port: 4a9ef91c-3d41-4d15-9c85-cbdfc8d83723
2026-03-05 19:02:11.222 7 INFO neutron_taas.services.taas.tap_mirror_plugin [None req-32f60f32-5a02-46ca-9259-2077a5a09ad3 d280850c0d2042eaa9607994c4e8f80d c6239b45fdcf425d8e92d54ec114c055 - - default default] Tap Mirror: Handle Delete Port: 4a9ef91c-3d41-4d15-9c85-cbdfc8d83723
2026-03-05 19:02:11.239 8 WARNING neutron.scheduler.dhcp_agent_scheduler [None req-e95de69a-c8f9-4b7d-8c74-b398e01c2fe1 f32517eb7f3b4bb18acd80ea5ce8da66 d15c54b83ad14a73a1215a8da0b82704 - - default default] No more DHCP agents
2026-03-05 19:02:11.240 8 WARNING neutron.api.rpc.agentnotifiers.dhcp_rpc_agent_api [None req-e95de69a-c8f9-4b7d-8c74-b398e01c2fe1 f32517eb7f3b4bb18acd80ea5ce8da66 d15c54b83ad14a73a1215a8da0b82704 - - default default] Unable to schedule network 028d8118-9da8-406e-9355-35133a8ecc03: no agents available; will retry on subsequent port and subnet creation events. [pid: 7|app: 0|req: 686/1447] 10.0.0.23 () {32 vars in 719 bytes} [Thu Mar 5 19:02:11 2026] DELETE /v2.0/ports/4a9ef91c-3d41-4d15-9c85-cbdfc8d83723 => generated 0 bytes in 353 msecs (HTTP/1.1 204) 3 headers in 131 bytes (1 switches on core 0)
2026-03-05 19:02:11.495 7 INFO neutron_taas.services.taas.taas_plugin [None req-b8a27a93-403a-4c01-ba14-77ba382cb740 d280850c0d2042eaa9607994c4e8f80d c6239b45fdcf425d8e92d54ec114c055 - - default default] TaaS: Handle Delete Port: d3c637a1-f573-4914-b1f6-93ca2a9e0c9b
2026-03-05 19:02:11.497 7 INFO neutron_taas.services.taas.tap_mirror_plugin [None req-b8a27a93-403a-4c01-ba14-77ba382cb740 d280850c0d2042eaa9607994c4e8f80d c6239b45fdcf425d8e92d54ec114c055 - - default default] Tap Mirror: Handle Delete Port: d3c637a1-f573-4914-b1f6-93ca2a9e0c9b
2026-03-05 19:02:11.723 7 INFO neutron.services.segments.plugin [-] Segment dc34053d-2fe5-417c-8feb-4d583e47aecf resource provider aggregate not found
2026-03-05 19:02:11.742 7 INFO neutron.services.segments.plugin [-] Segment dc34053d-2fe5-417c-8feb-4d583e47aecf resource provider aggregate not found
2026-03-05 19:02:11.747 7 INFO neutron.services.segments.plugin [-] Segment dc34053d-2fe5-417c-8feb-4d583e47aecf resource provider not found; error: Placement Client Error (4xx): {"errors": [{"status": 404, "title": "Not Found", "detail": "The resource could not be found.\n\n No resource provider with uuid dc34053d-2fe5-417c-8feb-4d583e47aecf found for delete ", "request_id": "req-35925dc7-0a71-4b07-a9af-eac0654547d0"}]}
2026-03-05 19:02:11.758 8 INFO neutron.db.ovn_revision_numbers_db [None req-e4a83aa4-dae7-4135-94c2-d0b36c51bb2a - - - - - -] Successfully bumped revision number for resource 1581bf59-735d-4fc1-9adb-5c85125017e4 (type: ports) to 2
2026-03-05 19:02:11.763 7 INFO neutron.services.segments.plugin [-] Segment dc34053d-2fe5-417c-8feb-4d583e47aecf resource provider not found; error: Placement Client Error (4xx): {"errors": [{"status": 404, "title": "Not Found", "detail": "The resource could not be found.\n\n No resource provider with uuid dc34053d-2fe5-417c-8feb-4d583e47aecf found for delete ", "request_id": "req-66783097-e316-447c-804b-2a599080fb2a"}]}
2026-03-05 19:02:11.792 8 INFO neutron.db.ovn_revision_numbers_db [None req-e4a83aa4-dae7-4135-94c2-d0b36c51bb2a - - - - - -] Successfully bumped revision number for resource cfdce604-f311-4304-bcc0-7c7515651f66 (type: subnets) to 0 [pid: 8|app: 0|req: 762/1448] 10.0.0.23 () {34 vars in 668 bytes} [Thu Mar 5 19:02:11 2026] POST /v2.0/subnets => generated 691 bytes in 690 msecs (HTTP/1.1 201) 4 headers in 162 bytes (1 switches on core 0) [pid: 7|app: 0|req: 687/1449] 10.0.0.23 () {32 vars in 725 bytes} [Thu Mar 5 19:02:11 2026] DELETE /v2.0/networks/5c0aa07f-9441-4571-94c6-3816fbeca65f => generated 0 bytes in 472 msecs (HTTP/1.1 204) 3 headers in 131 bytes (1 switches on core 0)
2026-03-05 19:02:12.190 8 WARNING neutron.scheduler.dhcp_agent_scheduler [None req-48043b03-8fdb-4a27-b5dc-b9bc2313aead f32517eb7f3b4bb18acd80ea5ce8da66 d15c54b83ad14a73a1215a8da0b82704 - - default default] No more DHCP agents
