2026-03-05 19:03:44.601 7 INFO neutron.db.ovn_revision_numbers_db [None req-77206303-a3ab-4452-9d6c-fc2fdd3aa6b9 - - - - - -] Successfully bumped revision number for resource 207b8687-6df7-4879-9760-cbc4c51e95a1 (type: subnets) to 0 [pid: 7|app: 0|req: 1057/2162] 10.0.0.23 () {34 vars in 668 bytes} [Thu Mar 5 19:03:42 2026] POST /v2.0/subnets => generated 654 bytes in 1649 msecs (HTTP/1.1 201) 4 headers in 162 bytes (1 switches on core 0) [pid: 7|app: 0|req: 1058/2163] 10.0.0.23 () {32 vars in 732 bytes} [Thu Mar 5 19:03:44 2026] GET /v2.0/networks/da8dce5a-1bbf-4ca5-9e49-3e783d4d47e2/tags => generated 17 bytes in 86 msecs (HTTP/1.1 200) 4 headers in 156 bytes (1 switches on core 0)
2026-03-05 19:03:44.796 7 INFO neutron.db.ovn_revision_numbers_db [None req-09c440e0-c39b-4538-a644-0d86b57388ae - - - - - -] Successfully bumped revision number for resource e5f42542-a524-43f0-a813-6fece3b83f9c (type: ports) to 6
2026-03-05 19:03:44.924 7 WARNING neutron.plugins.ml2.drivers.ovn.mech_driver.ovsdb.ovn_client [None req-15674240-3442-4510-b94a-8f2b1bb967d9 - - - - - -] Logical_Switch_Port %s host information not removed, the port state is up
2026-03-05 19:03:44.925 7 INFO neutron.plugins.ml2.drivers.ovn.mech_driver.mech_driver [None req-15674240-3442-4510-b94a-8f2b1bb967d9 - - - - - -] OVN reports status down for port: a82b4adb-e4c2-4a9a-8b7a-650f40f294f0
2026-03-05 19:03:44.951 7 INFO neutron.db.ovn_revision_numbers_db [None req-a9269e96-e621-41cc-97e5-4396b4c5c478 ccb995455b1a4e7a8241f5565801e808 528398a0c80f44b3b8d06f750ceac164 - - default default] Successfully bumped revision number for resource 2c6a1deb-5747-49d6-9e1c-1feb0f1a24e2 (type: security_groups) to 1
2026-03-05 19:03:44.965 7 INFO neutron.db.ovn_revision_numbers_db [None req-a9269e96-e621-41cc-97e5-4396b4c5c478 ccb995455b1a4e7a8241f5565801e808 528398a0c80f44b3b8d06f750ceac164 - - default default] Successfully bumped revision number for resource beca6ff8-c6bb-4e3c-9823-4fb27fec1386 (type: security_group_rules) to 0
2026-03-05 19:03:44.983 7 INFO neutron.db.ovn_revision_numbers_db [None req-a9269e96-e621-41cc-97e5-4396b4c5c478 ccb995455b1a4e7a8241f5565801e808 528398a0c80f44b3b8d06f750ceac164 - - default default] Successfully bumped revision number for resource ee75401b-04b7-4d86-a53e-184131547ae7 (type: security_group_rules) to 0
2026-03-05 19:03:45.016 7 INFO neutron.plugins.ml2.drivers.ovn.mech_driver.mech_driver [None req-15674240-3442-4510-b94a-8f2b1bb967d9 - - - - - -] OVN reports status up for port: e5f42542-a524-43f0-a813-6fece3b83f9c
2026-03-05 19:03:45.031 7 INFO neutron.plugins.ml2.plugin [None req-15674240-3442-4510-b94a-8f2b1bb967d9 - - - - - -] Attempt 1 to provision port e5f42542-a524-43f0-a813-6fece3b83f9c [pid: 7|app: 0|req: 1059/2164] 10.0.0.23 () {34 vars in 684 bytes} [Thu Mar 5 19:03:44 2026] POST /v2.0/security-groups => generated 1673 bytes in 314 msecs (HTTP/1.1 201) 4 headers in 163 bytes (1 switches on core 0)
2026-03-05 19:03:45.060 8 INFO neutron.plugins.ml2.drivers.ovn.mech_driver.ovsdb.commands [-] Schedule LRP lrp-f97eb85d-4ec1-490d-b2f7-f4b8e705a88f on gateway d9b29b7a-dd7a-4647-a489-59f2e8650b09 with priority 1
2026-03-05 19:03:45.173 8 INFO neutron.db.ovn_revision_numbers_db [None req-701977d6-2f36-42b5-ba20-cb77beac73db 554a505d0d984569af95bf5b8e0c6e5a 72f2272f2f4740d7bd18e9f0fa92b192 - - default default] Successfully bumped revision number for resource f97eb85d-4ec1-490d-b2f7-f4b8e705a88f (type: router_ports) to 1
2026-03-05 19:03:45.238 8 INFO neutron.db.ovn_revision_numbers_db [None req-701977d6-2f36-42b5-ba20-cb77beac73db 554a505d0d984569af95bf5b8e0c6e5a 72f2272f2f4740d7bd18e9f0fa92b192 - - default default] Successfully bumped revision number for resource bcb3779d-9b6a-46e2-b2fd-867d17ddf4fa (type: routers) to 2 [pid: 8|app: 0|req: 1106/2165] 10.0.0.23 () {34 vars in 668 bytes} [Thu Mar 5 19:03:43 2026] POST /v2.0/routers => generated 955 bytes in 1444 msecs (HTTP/1.1 201) 4 headers in 162 bytes (1 switches on core 0) [pid: 8|app: 0|req: 1107/2166] 10.0.0.23 () {34 vars in 752 bytes} [Thu Mar 5 19:03:45 2026] PUT /v2.0/networks/da8dce5a-1bbf-4ca5-9e49-3e783d4d47e2/tags => generated 12 bytes in 49 msecs (HTTP/1.1 200) 4 headers in 156 bytes (1 switches on core 0)
2026-03-05 19:03:45.453 8 INFO neutron.db.ovn_revision_numbers_db [None req-9ec3809d-c8ce-4f2b-998d-39a2604b9b8a ccb995455b1a4e7a8241f5565801e808 528398a0c80f44b3b8d06f750ceac164 - - default default] Successfully bumped revision number for resource 630e4f16-6ff6-40b3-b103-531768fa5b8a (type: security_group_rules) to 0 [pid: 8|app: 0|req: 1108/2167] 10.0.0.23 () {34 vars in 694 bytes} [Thu Mar 5 19:03:45 2026] POST /v2.0/security-group-rules => generated 597 bytes in 179 msecs (HTTP/1.1 201) 4 headers in 162 bytes (1 switches on core 0)
2026-03-05 19:03:45.563 7 WARNING neutron.scheduler.dhcp_agent_scheduler [None req-6a63acdd-97e1-4823-8f50-cb36f3bfbd49 052d793ddb2a41648855429584a37fc3 789fda0d2ed840248d3aeed2b10e1068 - - default default] No more DHCP agents
2026-03-05 19:03:45.566 7 WARNING neutron.api.rpc.agentnotifiers.dhcp_rpc_agent_api [None req-6a63acdd-97e1-4823-8f50-cb36f3bfbd49 052d793ddb2a41648855429584a37fc3 789fda0d2ed840248d3aeed2b10e1068 - - default default] Unable to schedule network 6ac2679f-c83d-4462-a1f9-ce1cc000aa79: no agents available; will retry on subsequent port and subnet creation events.
2026-03-05 19:03:45.637 7 INFO neutron.db.ovn_revision_numbers_db [None req-6a63acdd-97e1-4823-8f50-cb36f3bfbd49 052d793ddb2a41648855429584a37fc3 789fda0d2ed840248d3aeed2b10e1068 - - default default] Successfully bumped revision number for resource 68d1fcf3-36f0-4f95-ab32-dfbc44464453 (type: subnets) to 0
2026-03-05 19:03:45.658 7 INFO neutron.db.ovn_revision_numbers_db [None req-15674240-3442-4510-b94a-8f2b1bb967d9 - - - - - -] Successfully bumped revision number for resource e5f42542-a524-43f0-a813-6fece3b83f9c (type: ports) to 7 [pid: 7|app: 0|req: 1060/2168] 10.0.0.23 () {34 vars in 668 bytes} [Thu Mar 5 19:03:45 2026] POST /v2.0/subnets => generated 725 bytes in 624 msecs (HTTP/1.1 201) 4 headers in 162 bytes (1 switches on core 0) [pid: 7|app: 0|req: 1061/2169] 10.0.0.23 () {32 vars in 732 bytes} [Thu Mar 5 19:03:45 2026] GET /v2.0/networks/da8dce5a-1bbf-4ca5-9e49-3e783d4d47e2/tags => generated 12 bytes in 77 msecs (HTTP/1.1 200) 4 headers in 156 bytes (1 switches on core 0)
2026-03-05 19:03:45.821 7 INFO neutron.plugins.ml2.drivers.ovn.mech_driver.mech_driver [None req-2c462894-ce6b-47b6-8ac5-919912ddcc68 - - - - - -] OVN reports status down for port: 0cc1ffd4-4c81-471a-bcb7-1c73d77cdfc7
2026-03-05 19:03:45.935 8 WARNING neutron.scheduler.dhcp_agent_scheduler [None req-210f1963-1af3-4041-be75-81b8f1b7ef55 554a505d0d984569af95bf5b8e0c6e5a 72f2272f2f4740d7bd18e9f0fa92b192 - - default default] No more DHCP agents
2026-03-05 19:03:45.936 8 WARNING neutron.api.rpc.agentnotifiers.dhcp_rpc_agent_api [None req-210f1963-1af3-4041-be75-81b8f1b7ef55 554a505d0d984569af95bf5b8e0c6e5a 72f2272f2f4740d7bd18e9f0fa92b192 - - default default] Unable to schedule network 9bbadb17-f5ef-45f1-a9f7-37950a12f8ea: no agents available; will retry on subsequent port and subnet creation events.
2026-03-05 19:03:45.940 7 INFO neutron.plugins.ml2.drivers.ovn.mech_driver.mech_driver [None req-2c462894-ce6b-47b6-8ac5-919912ddcc68 - - - - - -] OVN reports status down for port: 5dde6302-496c-4a2b-b052-7d6223508773
2026-03-05 19:03:46.018 7 INFO neutron.db.ovn_revision_numbers_db [None req-f564e8d7-a0b0-4ed3-81c2-9aea9a42a97b ccb995455b1a4e7a8241f5565801e808 528398a0c80f44b3b8d06f750ceac164 - - default default] Successfully bumped revision number for resource e71c8bbc-8157-433d-99d6-4e30a2ab10bf (type: security_group_rules) to 0 [pid: 7|app: 0|req: 1062/2170] 10.0.0.23 () {34 vars in 694 bytes} [Thu Mar 5 19:03:45 2026] POST /v2.0/security-group-rules => generated 596 bytes in 360 msecs (HTTP/1.1 201) 4 headers in 162 bytes (1 switches on core 0)
2026-03-05 19:03:46.114 8 INFO neutron.db.ovn_revision_numbers_db [None req-210f1963-1af3-4041-be75-81b8f1b7ef55 554a505d0d984569af95bf5b8e0c6e5a 72f2272f2f4740d7bd18e9f0fa92b192 - - default default] Successfully bumped revision number for resource d18b60f2-dc4e-4f88-b5b1-5c919f83265f (type: ports) to 1
2026-03-05 19:03:46.131 7 INFO neutron.plugins.ml2.drivers.ovn.mech_driver.mech_driver [None req-2c462894-ce6b-47b6-8ac5-919912ddcc68 - - - - - -] OVN reports status down for port: 87871cf3-d045-4420-be21-6365436f0175
2026-03-05 19:03:46.210 7 INFO neutron.db.segments_db [None req-a274ec71-2b24-4177-b647-d98a327880f7 052d793ddb2a41648855429584a37fc3 789fda0d2ed840248d3aeed2b10e1068 - - default default] Added segment 080077bb-f7cf-4908-94d9-cf9f16227147 of type geneve for network 1a244832-6465-47de-81cc-43b52a22a01d
2026-03-05 19:03:46.216 7 WARNING neutron.plugins.ml2.drivers.ovn.mech_driver.ovsdb.ovn_client [None req-2c462894-ce6b-47b6-8ac5-919912ddcc68 - - - - - -] Logical_Switch_Port %s host information not removed, the port state is up
2026-03-05 19:03:46.216 7 INFO neutron.plugins.ml2.drivers.ovn.mech_driver.mech_driver [None req-2c462894-ce6b-47b6-8ac5-919912ddcc68 - - - - - -] OVN reports status up for port: 87871cf3-d045-4420-be21-6365436f0175
2026-03-05 19:03:46.239 7 INFO neutron.plugins.ml2.plugin [None req-2c462894-ce6b-47b6-8ac5-919912ddcc68 - - - - - -] Attempt 1 to provision port 87871cf3-d045-4420-be21-6365436f0175
2026-03-05 19:03:46.421 7 INFO neutron.db.ovn_revision_numbers_db [None req-a274ec71-2b24-4177-b647-d98a327880f7 052d793ddb2a41648855429584a37fc3 789fda0d2ed840248d3aeed2b10e1068 - - default default] Successfully bumped revision number for resource 1a244832-6465-47de-81cc-43b52a22a01d (type: networks) to 1
2026-03-05 19:03:46.822 8 WARNING neutron.scheduler.dhcp_agent_scheduler [None req-210f1963-1af3-4041-be75-81b8f1b7ef55 554a505d0d984569af95bf5b8e0c6e5a 72f2272f2f4740d7bd18e9f0fa92b192 - - default default] No more DHCP agents
2026-03-05 19:03:46.823 8 WARNING neutron.api.rpc.agentnotifiers.dhcp_rpc_agent_api [None req-210f1963-1af3-4041-be75-81b8f1b7ef55 554a505d0d984569af95bf5b8e0c6e5a 72f2272f2f4740d7bd18e9f0fa92b192 - - default default] Unable to schedule network 9bbadb17-f5ef-45f1-a9f7-37950a12f8ea: no agents available; will retry on subsequent port and subnet creation events.
2026-03-05 19:03:47.167 8 INFO neutron.db.ovn_revision_numbers_db [None req-210f1963-1af3-4041-be75-81b8f1b7ef55 554a505d0d984569af95bf5b8e0c6e5a 72f2272f2f4740d7bd18e9f0fa92b192 - - default default] Successfully bumped revision number for resource d18b60f2-dc4e-4f88-b5b1-5c919f83265f (type: router_ports) to 1 [pid: 8|app: 0|req: 1109/2171] 10.0.0.23 () {34 vars in 782 bytes} [Thu Mar 5 19:03:45 2026] PUT /v2.0/routers/bcb3779d-9b6a-46e2-b2fd-867d17ddf4fa/add_router_interface => generated 309 bytes in 1687 msecs (HTTP/1.1 200) 4 headers in 157 bytes (1 switches on core 0) [pid: 8|app: 0|req: 1110/2172] 10.0.0.23 () {32 vars in 732 bytes} [Thu Mar 5 19:03:47 2026] GET /v2.0/networks/54487294-cbf9-4697-866f-8ca1153bd9aa/tags => generated 25 bytes in 38 msecs (HTTP/1.1 200) 4 headers in 156 bytes (1 switches on core 0)
2026-03-05 19:03:47.348 8 INFO neutron.db.ovn_revision_numbers_db [None req-a4e145b2-e4aa-42b6-837d-b0a0482dd21d ccb995455b1a4e7a8241f5565801e808 528398a0c80f44b3b8d06f750ceac164 - - default default] Successfully bumped revision number for resource e85ecfa2-1ee5-4c5f-81c9-a8d1238471e8 (type: security_group_rules) to 0 [pid: 8|app: 0|req: 1111/2173] 10.0.0.23 () {34 vars in 694 bytes} [Thu Mar 5 19:03:47 2026] POST /v2.0/security-group-rules => generated 602 bytes in 165 msecs (HTTP/1.1 201) 4 headers in 162 bytes (1 switches on core 0)
2026-03-05 19:03:47.456 7 WARNING neutron.scheduler.dhcp_agent_scheduler [None req-a274ec71-2b24-4177-b647-d98a327880f7 052d793ddb2a41648855429584a37fc3 789fda0d2ed840248d3aeed2b10e1068 - - default default] No more DHCP agents
2026-03-05 19:03:47.457 7 WARNING neutron.api.rpc.agentnotifiers.dhcp_rpc_agent_api [None req-a274ec71-2b24-4177-b647-d98a327880f7 052d793ddb2a41648855429584a37fc3 789fda0d2ed840248d3aeed2b10e1068 - - default default] Unable to schedule network 1a244832-6465-47de-81cc-43b52a22a01d: no agents available; will retry on subsequent port and subnet creation events.
2026-03-05 19:03:47.665 7 INFO neutron.db.ovn_revision_numbers_db [None req-a274ec71-2b24-4177-b647-d98a327880f7 052d793ddb2a41648855429584a37fc3 789fda0d2ed840248d3aeed2b10e1068 - - default default] Successfully bumped revision number for resource 27fbcaac-4863-4c64-88ac-fb80c8d7c202 (type: ports) to 1
2026-03-05 19:03:47.715 8 WARNING neutron.scheduler.dhcp_agent_scheduler [None req-36786331-de2b-4e5b-a7f7-3ccbf0085b6b 554a505d0d984569af95bf5b8e0c6e5a 72f2272f2f4740d7bd18e9f0fa92b192 - - default default] No more DHCP agents
2026-03-05 19:03:47.716 8 WARNING neutron.api.rpc.agentnotifiers.dhcp_rpc_agent_api [None req-36786331-de2b-4e5b-a7f7-3ccbf0085b6b 554a505d0d984569af95bf5b8e0c6e5a 72f2272f2f4740d7bd18e9f0fa92b192 - - default default] Unable to schedule network 9bbadb17-f5ef-45f1-a9f7-37950a12f8ea: no agents available; will retry on subsequent port and subnet creation events. [pid: 7|app: 0|req: 1063/2174] 10.0.0.23 () {34 vars in 669 bytes} [Thu Mar 5 19:03:46 2026] POST /v2.0/networks => generated 656 bytes in 1620 msecs (HTTP/1.1 201) 4 headers in 162 bytes (1 switches on core 0)
2026-03-05 19:03:47.791 7 INFO neutron.db.ovn_revision_numbers_db [None req-2c462894-ce6b-47b6-8ac5-919912ddcc68 - - - - - -] Successfully bumped revision number for resource 87871cf3-d045-4420-be21-6365436f0175 (type: ports) to 2
2026-03-05 19:03:47.901 8 INFO neutron.db.ovn_revision_numbers_db [None req-36786331-de2b-4e5b-a7f7-3ccbf0085b6b 554a505d0d984569af95bf5b8e0c6e5a 72f2272f2f4740d7bd18e9f0fa92b192 - - default default] Successfully bumped revision number for resource c2ba2c2f-f443-4148-8efa-805399f43763 (type: ports) to 1 [pid: 8|app: 0|req: 1112/2175] 10.0.0.23 () {34 vars in 664 bytes} [Thu Mar 5 19:03:47 2026] POST /v2.0/ports => generated 954 bytes in 585 msecs (HTTP/1.1 201) 4 headers in 162 bytes (1 switches on core 0) /var/lib/openstack/lib/python3.12/site-packages/pycadf/identifier.py:70: UserWarning: Invalid uuid: neutron. To ensure interoperability, identifiers should be a valid uuid. warnings.warn(('Invalid uuid: %s. To ensure interoperability, '
2026-03-05 19:03:48.020 7 INFO neutron_taas.services.taas.taas_plugin [None req-110a7360-f012-43e9-836b-fa7b8e617d33 a9aff5da7f4b43009623c46c80d0bf61 5d918ea9c957489ebc0a667fafc6145b - - default default] TaaS: Handle Delete Port: dfd0f90f-1104-4433-aeb1-18eda1764218
2026-03-05 19:03:48.034 7 INFO neutron_taas.services.taas.tap_mirror_plugin [None req-110a7360-f012-43e9-836b-fa7b8e617d33 a9aff5da7f4b43009623c46c80d0bf61 5d918ea9c957489ebc0a667fafc6145b - - default default] Tap Mirror: Handle Delete Port: dfd0f90f-1104-4433-aeb1-18eda1764218
2026-03-05 19:03:48.115 8 INFO neutron.db.ovn_revision_numbers_db [None req-d5377217-a2ec-488a-a003-6c461002853e ccb995455b1a4e7a8241f5565801e808 528398a0c80f44b3b8d06f750ceac164 - - default default] Successfully bumped revision number for resource 41e4586c-28d5-43e2-9eaa-12f8d18a33bd (type: security_group_rules) to 0 [pid: 8|app: 0|req: 1113/2176] 10.0.0.23 () {34 vars in 694 bytes} [Thu Mar 5 19:03:47 2026] POST /v2.0/security-group-rules => generated 601 bytes in 180 msecs (HTTP/1.1 201) 4 headers in 162 bytes (1 switches on core 0)
2026-03-05 19:03:48.269 7 INFO neutron.services.segments.plugin [-] Segment e7c5b528-7182-49c7-95e2-277faa74d466 resource provider aggregate not found
2026-03-05 19:03:48.275 7 INFO neutron.services.segments.plugin [-] Segment e7c5b528-7182-49c7-95e2-277faa74d466 resource provider aggregate not found
2026-03-05 19:03:48.292 7 INFO neutron.services.segments.plugin [-] Segment e7c5b528-7182-49c7-95e2-277faa74d466 resource provider not found; error: Placement Client Error (4xx): {"errors": [{"status": 404, "title": "Not Found", "detail": "The resource could not be found.\n\n No resource provider with uuid e7c5b528-7182-49c7-95e2-277faa74d466 found for delete ", "request_id": "req-79f7208c-3d0f-41ce-8915-dbc4c9895610"}]}
2026-03-05 19:03:48.295 7 INFO neutron.services.segments.plugin [-] Segment e7c5b528-7182-49c7-95e2-277faa74d466 resource provider not found; error: Placement Client Error (4xx): {"errors": [{"status": 404, "title": "Not Found", "detail": "The resource could not be found.\n\n No resource provider with uuid e7c5b528-7182-49c7-95e2-277faa74d466 found for delete ", "request_id": "req-d0bf1013-2937-4893-a604-d0ed0aa35645"}]} [pid: 7|app: 0|req: 1064/2177] 10.0.0.23 () {32 vars in 725 bytes} [Thu Mar 5 19:03:47 2026] DELETE /v2.0/networks/54487294-cbf9-4697-866f-8ca1153bd9aa => generated 0 bytes in 613 msecs (HTTP/1.1 204) 3 headers in 131 bytes (1 switches on core 0)
2026-03-05 19:03:48.370 8 WARNING neutron.scheduler.dhcp_agent_scheduler [None req-f33a4d8f-cb60-409f-998c-77f88d079316 052d793ddb2a41648855429584a37fc3 789fda0d2ed840248d3aeed2b10e1068 - - default default] No more DHCP agents
2026-03-05 19:03:48.371 8 WARNING neutron.api.rpc.agentnotifiers.dhcp_rpc_agent_api [None req-f33a4d8f-cb60-409f-998c-77f88d079316 052d793ddb2a41648855429584a37fc3 789fda0d2ed840248d3aeed2b10e1068 - - default default] Unable to schedule network 1a244832-6465-47de-81cc-43b52a22a01d: no agents available; will retry on subsequent port and subnet creation events.
2026-03-05 19:03:48.597 7 WARNING neutron.scheduler.dhcp_agent_scheduler [None req-38bae634-5145-435f-b5e6-f6c3d3f85335 554a505d0d984569af95bf5b8e0c6e5a 72f2272f2f4740d7bd18e9f0fa92b192 - - default default] No more DHCP agents
2026-03-05 19:03:48.598 7 WARNING neutron.api.rpc.agentnotifiers.dhcp_rpc_agent_api [None req-38bae634-5145-435f-b5e6-f6c3d3f85335 554a505d0d984569af95bf5b8e0c6e5a 72f2272f2f4740d7bd18e9f0fa92b192 - - default default] Unable to schedule network 9bbadb17-f5ef-45f1-a9f7-37950a12f8ea: no agents available; will retry on subsequent port and subnet creation events.
2026-03-05 19:03:48.779 7 INFO neutron.db.ovn_revision_numbers_db [None req-38bae634-5145-435f-b5e6-f6c3d3f85335 554a505d0d984569af95bf5b8e0c6e5a 72f2272f2f4740d7bd18e9f0fa92b192 - - default default] Successfully bumped revision number for resource d4b1201e-58ec-4459-b5ef-11ca4f8c2ed4 (type: ports) to 1 [pid: 7|app: 0|req: 1065/2178] 10.0.0.23 () {34 vars in 664 bytes} [Thu Mar 5 19:03:48 2026] POST /v2.0/ports => generated 959 bytes in 502 msecs (HTTP/1.1 201) 4 headers in 162 bytes (1 switches on core 0) /var/lib/openstack/lib/python3.12/site-packages/pycadf/identifier.py:70: UserWarning: Invalid uuid: neutron. To ensure interoperability, identifiers should be a valid uuid. warnings.warn(('Invalid uuid: %s. To ensure interoperability, '
2026-03-05 19:03:48.892 7 INFO neutron.db.securitygroups_db [None req-52c29875-5ddb-44a1-81e0-4f44db1eeba2 ccb995455b1a4e7a8241f5565801e808 528398a0c80f44b3b8d06f750ceac164 - - default default] Project 528398a0c80f44b3b8d06f750ceac164 added a security group rule with legacy IPv6 ICMP protocol name icmp, ipv6-icmp should be used instead. It was automatically converted.
2026-03-05 19:03:48.893 8 INFO neutron.db.ovn_revision_numbers_db [None req-c39938ba-dc3d-4060-b76a-87a2c72bfbae - - - - - -] Successfully bumped revision number for resource 27fbcaac-4863-4c64-88ac-fb80c8d7c202 (type: ports) to 2
2026-03-05 19:03:48.921 8 INFO neutron.db.ovn_revision_numbers_db [None req-c39938ba-dc3d-4060-b76a-87a2c72bfbae - - - - - -] Successfully bumped revision number for resource e48b22a5-ed6d-4c75-a17a-94c1c7b84861 (type: subnets) to 0 [pid: 8|app: 0|req: 1114/2179] 10.0.0.23 () {34 vars in 668 bytes} [Thu Mar 5 19:03:48 2026] POST /v2.0/subnets => generated 655 bytes in 810 msecs (HTTP/1.1 201) 4 headers in 162 bytes (1 switches on core 0)
2026-03-05 19:03:49.047 7 INFO neutron.db.ovn_revision_numbers_db [None req-52c29875-5ddb-44a1-81e0-4f44db1eeba2 ccb995455b1a4e7a8241f5565801e808 528398a0c80f44b3b8d06f750ceac164 - - default default] Successfully bumped revision number for resource 4d0a1afa-2cb1-4573-ac24-1ce0549ec64b (type: security_group_rules) to 0 [pid: 7|app: 0|req: 1066/2180] 10.0.0.23 () {34 vars in 694 bytes} [Thu Mar 5 19:03:48 2026] POST /v2.0/security-group-rules => generated 607 bytes in 261 msecs (HTTP/1.1 201) 4 headers in 162 bytes (1 switches on core 0)
2026-03-05 19:03:49.140 8 INFO neutron_taas.services.taas.taas_plugin [None req-609e90cf-8d59-4880-bf1c-daa299c0c577 a9aff5da7f4b43009623c46c80d0bf61 5d918ea9c957489ebc0a667fafc6145b - - default default] TaaS: Handle Delete Port: a82b4adb-e4c2-4a9a-8b7a-650f40f294f0
2026-03-05 19:03:49.142 8 INFO neutron_taas.services.taas.tap_mirror_plugin [None req-609e90cf-8d59-4880-bf1c-daa299c0c577 a9aff5da7f4b43009623c46c80d0bf61 5d918ea9c957489ebc0a667fafc6145b - - default default] Tap Mirror: Handle Delete Port: a82b4adb-e4c2-4a9a-8b7a-650f40f294f0
2026-03-05 19:03:49.394 7 WARNING neutron.scheduler.dhcp_agent_scheduler [None req-a99680bd-282d-49c6-814d-b6c001ad0328 554a505d0d984569af95bf5b8e0c6e5a 72f2272f2f4740d7bd18e9f0fa92b192 - - default default] No more DHCP agents
2026-03-05 19:03:49.396 7 WARNING neutron.api.rpc.agentnotifiers.dhcp_rpc_agent_api [None req-a99680bd-282d-49c6-814d-b6c001ad0328 554a505d0d984569af95bf5b8e0c6e5a 72f2272f2f4740d7bd18e9f0fa92b192 - - default default] Unable to schedule network cbf3b627-fd4e-4b98-9c7e-cafce6ea1697: no agents available; will retry on subsequent port and subnet creation events.
2026-03-05 19:03:49.399 8 INFO neutron.services.segments.plugin [-] Segment 3fcc439c-921d-4298-8630-6adba270a0b1 resource provider aggregate not found
2026-03-05 19:03:49.402 8 INFO neutron.services.segments.plugin [-] Segment 3fcc439c-921d-4298-8630-6adba270a0b1 resource provider aggregate not found
2026-03-05 19:03:49.418 8 INFO neutron.services.segments.plugin [-] Segment 3fcc439c-921d-4298-8630-6adba270a0b1 resource provider not found; error: Placement Client Error (4xx): {"errors": [{"status": 404, "title": "Not Found", "detail": "The resource could not be found.\n\n No resource provider with uuid 3fcc439c-921d-4298-8630-6adba270a0b1 found for delete ", "request_id": "req-95ce620b-8315-4266-bc32-97665026c7e3"}]}
2026-03-05 19:03:49.423 8 INFO neutron.services.segments.plugin [-] Segment 3fcc439c-921d-4298-8630-6adba270a0b1 resource provider not found; error: Placement Client Error (4xx): {"errors": [{"status": 404, "title": "Not Found", "detail": "The resource could not be found.\n\n No resource provider with uuid 3fcc439c-921d-4298-8630-6adba270a0b1 found for delete ", "request_id": "req-c3c24721-bec9-4622-b4bb-abae85283b4b"}]} [pid: 8|app: 0|req: 1115/2181] 10.0.0.23 () {32 vars in 725 bytes} [Thu Mar 5 19:03:48 2026] DELETE /v2.0/networks/da8dce5a-1bbf-4ca5-9e49-3e783d4d47e2 => generated 0 bytes in 510 msecs (HTTP/1.1 204) 3 headers in 131 bytes (1 switches on core 0)
2026-03-05 19:03:49.661 8 WARNING neutron.scheduler.dhcp_agent_scheduler [None req-83b80e40-db1c-491f-9009-464c17433829 052d793ddb2a41648855429584a37fc3 789fda0d2ed840248d3aeed2b10e1068 - - default default] No more DHCP agents
2026-03-05 19:03:49.662 8 WARNING neutron.api.rpc.agentnotifiers.dhcp_rpc_agent_api [None req-83b80e40-db1c-491f-9009-464c17433829 052d793ddb2a41648855429584a37fc3 789fda0d2ed840248d3aeed2b10e1068 - - default default] Unable to schedule network 1a244832-6465-47de-81cc-43b52a22a01d: no agents available; will retry on subsequent port and subnet creation events.
2026-03-05 19:03:49.703 8 INFO neutron.db.ovn_revision_numbers_db [None req-83b80e40-db1c-491f-9009-464c17433829 052d793ddb2a41648855429584a37fc3 789fda0d2ed840248d3aeed2b10e1068 - - default default] Successfully bumped revision number for resource 761e28e7-1f18-486e-80fd-46abd42eedf9 (type: subnets) to 0 [pid: 8|app: 0|req: 1116/2182] 10.0.0.23 () {34 vars in 668 bytes} [Thu Mar 5 19:03:49 2026] POST /v2.0/subnets => generated 730 bytes in 254 msecs (HTTP/1.1 201) 4 headers in 162 bytes (1 switches on core 0)
2026-03-05 19:03:49.753 8 INFO neutron.db.securitygroups_db [None req-cbe4528f-f295-4af1-b89f-39b63869b9e7 ccb995455b1a4e7a8241f5565801e808 528398a0c80f44b3b8d06f750ceac164 - - default default] Project 528398a0c80f44b3b8d06f750ceac164 added a security group rule with legacy IPv6 ICMP protocol name icmp, ipv6-icmp should be used instead. It was automatically converted.
2026-03-05 19:03:49.908 8 INFO neutron.db.ovn_revision_numbers_db [None req-cbe4528f-f295-4af1-b89f-39b63869b9e7 ccb995455b1a4e7a8241f5565801e808 528398a0c80f44b3b8d06f750ceac164 - - default default] Successfully bumped revision number for resource f5d80c8e-3474-4ac6-a451-0d56af6a10d2 (type: security_group_rules) to 0 [pid: 8|app: 0|req: 1117/2183] 10.0.0.23 () {34 vars in 694 bytes} [Thu Mar 5 19:03:49 2026] POST /v2.0/security-group-rules => generated 606 bytes in 219 msecs (HTTP/1.1 201) 4 headers in 162 bytes (1 switches on core 0)
2026-03-05 19:03:50.448 7 INFO neutron.db.ovn_revision_numbers_db [None req-a99680bd-282d-49c6-814d-b6c001ad0328 554a505d0d984569af95bf5b8e0c6e5a 72f2272f2f4740d7bd18e9f0fa92b192 - - default default] Successfully bumped revision number for resource 90e57e13-7cb5-4986-9dae-d216f38c719d (type: floatingips) to 1
2026-03-05 19:03:50.449 7 INFO neutron.db.l3_db [None req-a99680bd-282d-49c6-814d-b6c001ad0328 554a505d0d984569af95bf5b8e0c6e5a 72f2272f2f4740d7bd18e9f0fa92b192 - - default default] Floating IP 90e57e13-7cb5-4986-9dae-d216f38c719d associated. External IP: 10.96.250.216, port: d4b1201e-58ec-4459-b5ef-11ca4f8c2ed4. [pid: 7|app: 0|req: 1067/2184] 10.0.0.23 () {34 vars in 676 bytes} [Thu Mar 5 19:03:49 2026] POST /v2.0/floatingips => generated 843 bytes in 1407 msecs (HTTP/1.1 201) 4 headers in 162 bytes (1 switches on core 0)
2026-03-05 19:03:50.523 8 WARNING neutron.scheduler.dhcp_agent_scheduler [None req-051c681e-aefa-44e4-a261-c9bd912b98a6 052d793ddb2a41648855429584a37fc3 789fda0d2ed840248d3aeed2b10e1068 - - default default] No more DHCP agents
2026-03-05 19:03:50.525 8 WARNING neutron.api.rpc.agentnotifiers.dhcp_rpc_agent_api [None req-051c681e-aefa-44e4-a261-c9bd912b98a6 052d793ddb2a41648855429584a37fc3 789fda0d2ed840248d3aeed2b10e1068 - - default default] Unable to schedule network cbf3b627-fd4e-4b98-9c7e-cafce6ea1697: no agents available; will retry on subsequent port and subnet creation events.
2026-03-05 19:03:50.694 8 INFO neutron.db.ovn_revision_numbers_db [None req-051c681e-aefa-44e4-a261-c9bd912b98a6 052d793ddb2a41648855429584a37fc3 789fda0d2ed840248d3aeed2b10e1068 - - default default] Successfully bumped revision number for resource 50dd41ca-6683-49f6-9b29-e9443fee56bb (type: ports) to 1
2026-03-05 19:03:50.872 7 INFO neutron.db.ovn_revision_numbers_db [None req-d28f07b4-15a0-451c-b3e5-21508e24773f f32517eb7f3b4bb18acd80ea5ce8da66 d15c54b83ad14a73a1215a8da0b82704 - - default default] Successfully bumped revision number for resource 85279a49-dcf8-4db7-8492-3cb42e19386d (type: security_groups) to 1
2026-03-05 19:03:50.884 7 INFO neutron.db.ovn_revision_numbers_db [None req-d28f07b4-15a0-451c-b3e5-21508e24773f f32517eb7f3b4bb18acd80ea5ce8da66 d15c54b83ad14a73a1215a8da0b82704 - - default default] Successfully bumped revision number for resource 1beb94cd-2f27-4c42-a9e5-1e9afc77a6fc (type: security_group_rules) to 0
2026-03-05 19:03:50.895 7 INFO neutron.db.ovn_revision_numbers_db [None req-d28f07b4-15a0-451c-b3e5-21508e24773f f32517eb7f3b4bb18acd80ea5ce8da66 d15c54b83ad14a73a1215a8da0b82704 - - default default] Successfully bumped revision number for resource 27928a1b-0caf-432a-acd7-4995b2753d5b (type: security_group_rules) to 0
2026-03-05 19:03:50.909 7 INFO neutron.db.ovn_revision_numbers_db [None req-d28f07b4-15a0-451c-b3e5-21508e24773f f32517eb7f3b4bb18acd80ea5ce8da66 d15c54b83ad14a73a1215a8da0b82704 - - default default] Successfully bumped revision number for resource 84670136-a270-4c77-92cd-0ce114a75958 (type: security_group_rules) to 0
2026-03-05 19:03:50.926 7 INFO neutron.db.ovn_revision_numbers_db [None req-d28f07b4-15a0-451c-b3e5-21508e24773f f32517eb7f3b4bb18acd80ea5ce8da66 d15c54b83ad14a73a1215a8da0b82704 - - default default] Successfully bumped revision number for resource ca6c7992-e8c9-40a9-8651-386540e38305 (type: security_group_rules) to 0 [pid: 7|app: 0|req: 1068/2185] 10.0.0.23 () {32 vars in 773 bytes} [Thu Mar 5 19:03:50 2026] GET /v2.0/security-groups?tenant_id=58cfaa6b29ad4519af019b29bec2d6da&name=default => generated 2925 bytes in 458 msecs (HTTP/1.1 200) 4 headers in 158 bytes (1 switches on core 0)
2026-03-05 19:03:51.095 7 INFO neutron.db.ovn_revision_numbers_db [None req-a5208e42-fd1e-4fd0-acf5-4e7c11efba92 ccb995455b1a4e7a8241f5565801e808 528398a0c80f44b3b8d06f750ceac164 - - default default] Successfully bumped revision number for resource 6003686a-b74d-4476-9e3d-c8fc48dab79a (type: security_groups) to 1
2026-03-05 19:03:51.106 7 INFO neutron.db.ovn_revision_numbers_db [None req-a5208e42-fd1e-4fd0-acf5-4e7c11efba92 ccb995455b1a4e7a8241f5565801e808 528398a0c80f44b3b8d06f750ceac164 - - default default] Successfully bumped revision number for resource 7d6dd19b-5731-49c7-918e-84a31bcf1edd (type: security_group_rules) to 0
2026-03-05 19:03:51.117 7 INFO neutron.db.ovn_revision_numbers_db [None req-a5208e42-fd1e-4fd0-acf5-4e7c11efba92 ccb995455b1a4e7a8241f5565801e808 528398a0c80f44b3b8d06f750ceac164 - - default default] Successfully bumped revision number for resource 97735d5b-52e9-4c39-a807-c51b2c05f143 (type: security_group_rules) to 0 [pid: 7|app: 0|req: 1069/2186] 10.0.0.23 () {34 vars in 684 bytes} [Thu Mar 5 19:03:50 2026] POST /v2.0/security-groups => generated 1659 bytes in 184 msecs (HTTP/1.1 201) 4 headers in 163 bytes (1 switches on core 0)
2026-03-05 19:03:51.333 7 INFO neutron.db.ovn_revision_numbers_db [None req-8296e82b-3047-4e14-a065-ea31f264eb85 554a505d0d984569af95bf5b8e0c6e5a 72f2272f2f4740d7bd18e9f0fa92b192 - - default default] Successfully bumped revision number for resource 90e57e13-7cb5-4986-9dae-d216f38c719d (type: floatingips) to 2
2026-03-05 19:03:51.386 7 INFO neutron.db.l3_db [None req-8296e82b-3047-4e14-a065-ea31f264eb85 554a505d0d984569af95bf5b8e0c6e5a 72f2272f2f4740d7bd18e9f0fa92b192 - - default default] Floating IP 90e57e13-7cb5-4986-9dae-d216f38c719d disassociated. External IP: 10.96.250.216, port: d4b1201e-58ec-4459-b5ef-11ca4f8c2ed4. [pid: 7|app: 0|req: 1070/2187] 10.0.0.23 () {34 vars in 748 bytes} [Thu Mar 5 19:03:51 2026] PUT /v2.0/floatingips/90e57e13-7cb5-4986-9dae-d216f38c719d => generated 554 bytes in 283 msecs (HTTP/1.1 200) 4 headers in 157 bytes (1 switches on core 0) [pid: 7|app: 0|req: 1071/2188] 10.0.0.23 () {32 vars in 739 bytes} [Thu Mar 5 19:03:51 2026] DELETE /v2.0/security-groups/85279a49-dcf8-4db7-8492-3cb42e19386d => generated 0 bytes in 281 msecs (HTTP/1.1 204) 2 headers in 112 bytes (1 switches on core 0)
2026-03-05 19:03:51.836 7 INFO neutron.db.ovn_revision_numbers_db [None req-4b419eb2-aa7b-418d-8394-2e16f4850272 ccb995455b1a4e7a8241f5565801e808 528398a0c80f44b3b8d06f750ceac164 - - default default] Successfully bumped revision number for resource 0fcff175-7d80-4e84-88a4-4c6da20f26c1 (type: security_group_rules) to 0 [pid: 7|app: 0|req: 1072/2189] 10.0.0.23 () {34 vars in 694 bytes} [Thu Mar 5 19:03:51 2026] POST /v2.0/security-group-rules => generated 597 bytes in 151 msecs (HTTP/1.1 201) 4 headers in 162 bytes (1 switches on core 0)
2026-03-05 19:03:51.913 8 INFO neutron.plugins.ml2.drivers.ovn.mech_driver.ovsdb.commands [-] Schedule LRP lrp-50dd41ca-6683-49f6-9b29-e9443fee56bb on gateway d9b29b7a-dd7a-4647-a489-59f2e8650b09 with priority 1
2026-03-05 19:03:52.041 8 INFO neutron.db.ovn_revision_numbers_db [None req-051c681e-aefa-44e4-a261-c9bd912b98a6 052d793ddb2a41648855429584a37fc3 789fda0d2ed840248d3aeed2b10e1068 - - default default] Successfully bumped revision number for resource 50dd41ca-6683-49f6-9b29-e9443fee56bb (type: router_ports) to 1
2026-03-05 19:03:52.074 7 INFO neutron.plugins.ml2.drivers.ovn.mech_driver.ovsdb.ovsdb_monitor [None req-774afd0e-164e-4da2-bab6-2bd012553224 - - - - - -] Router 46d64c27-d8fe-4aff-9972-85d43974d247 is bound to host instance
2026-03-05 19:03:52.103 8 INFO neutron.db.ovn_revision_numbers_db [None req-051c681e-aefa-44e4-a261-c9bd912b98a6 052d793ddb2a41648855429584a37fc3 789fda0d2ed840248d3aeed2b10e1068 - - default default] Successfully bumped revision number for resource 46d64c27-d8fe-4aff-9972-85d43974d247 (type: routers) to 2 [pid: 8|app: 0|req: 1118/2190] 10.0.0.23 () {34 vars in 668 bytes} [Thu Mar 5 19:03:49 2026] POST /v2.0/routers => generated 944 bytes in 2179 msecs (HTTP/1.1 201) 4 headers in 162 bytes (1 switches on core 0)
2026-03-05 19:03:52.128 7 INFO neutron_taas.services.taas.taas_plugin [None req-33171295-b8f1-4565-9786-424139e55241 554a505d0d984569af95bf5b8e0c6e5a 72f2272f2f4740d7bd18e9f0fa92b192 - - default default] TaaS: Handle Delete Port: 04192ecc-ab8a-4c10-a274-d8ac955bc431
2026-03-05 19:03:52.133 7 INFO neutron_taas.services.taas.tap_mirror_plugin [None req-33171295-b8f1-4565-9786-424139e55241 554a505d0d984569af95bf5b8e0c6e5a 72f2272f2f4740d7bd18e9f0fa92b192 - - default default] Tap Mirror: Handle Delete Port: 04192ecc-ab8a-4c10-a274-d8ac955bc431 [pid: 8|app: 0|req: 1119/2191] 10.0.0.23 () {32 vars in 773 bytes} [Thu Mar 5 19:03:52 2026] GET /v2.0/security-groups?tenant_id=5d918ea9c957489ebc0a667fafc6145b&name=default => generated 2925 bytes in 22 msecs (HTTP/1.1 200) 4 headers in 158 bytes (1 switches on core 0)
2026-03-05 19:03:52.268 8 INFO neutron.db.ovn_revision_numbers_db [None req-10ab1a1f-fcd5-4517-bc64-6caeb72e3c76 ccb995455b1a4e7a8241f5565801e808 528398a0c80f44b3b8d06f750ceac164 - - default default] Successfully bumped revision number for resource 1db37106-c01a-474c-ba29-ee5c8b75fcda (type: security_group_rules) to 0 [pid: 8|app: 0|req: 1120/2192] 10.0.0.23 () {34 vars in 694 bytes} [Thu Mar 5 19:03:52 2026] POST /v2.0/security-group-rules => generated 602 bytes in 156 msecs (HTTP/1.1 201) 4 headers in 162 bytes (1 switches on core 0) [pid: 7|app: 0|req: 1073/2193] 10.0.0.23 () {32 vars in 731 bytes} [Thu Mar 5 19:03:51 2026] DELETE /v2.0/floatingips/90e57e13-7cb5-4986-9dae-d216f38c719d => generated 0 bytes in 565 msecs (HTTP/1.1 204) 2 headers in 112 bytes (1 switches on core 0)
2026-03-05 19:03:52.826 8 WARNING neutron.scheduler.dhcp_agent_scheduler [None req-08b605e7-e870-4249-86b7-4db2677de1ac 052d793ddb2a41648855429584a37fc3 789fda0d2ed840248d3aeed2b10e1068 - - default default] No more DHCP agents
2026-03-05 19:03:52.828 8 WARNING neutron.api.rpc.agentnotifiers.dhcp_rpc_agent_api [None req-08b605e7-e870-4249-86b7-4db2677de1ac 052d793ddb2a41648855429584a37fc3 789fda0d2ed840248d3aeed2b10e1068 - - default default] Unable to schedule network 1b5f528c-06ce-4caf-a71d-1f4d5cb2077b: no agents available; will retry on subsequent port and subnet creation events. [pid: 7|app: 0|req: 1074/2194] 10.0.0.23 () {32 vars in 739 bytes} [Thu Mar 5 19:03:52 2026] DELETE /v2.0/security-groups/9cc3c4d0-4e66-4e7d-b0ce-124338a4eff8 => generated 0 bytes in 462 msecs (HTTP/1.1 204) 2 headers in 112 bytes (1 switches on core 0)
2026-03-05 19:03:53.010 8 INFO neutron.db.ovn_revision_numbers_db [None req-08b605e7-e870-4249-86b7-4db2677de1ac 052d793ddb2a41648855429584a37fc3 789fda0d2ed840248d3aeed2b10e1068 - - default default] Successfully bumped revision number for resource 1225e509-49c7-4432-9301-f5d10dcccd18 (type: ports) to 1
2026-03-05 19:03:53.321 7 WARNING neutron.scheduler.dhcp_agent_scheduler [None req-b031d1ea-ed1f-4270-accd-f25a9c77521e ccb995455b1a4e7a8241f5565801e808 528398a0c80f44b3b8d06f750ceac164 - - default default] No more DHCP agents
2026-03-05 19:03:53.325 7 WARNING neutron.api.rpc.agentnotifiers.dhcp_rpc_agent_api [None req-b031d1ea-ed1f-4270-accd-f25a9c77521e ccb995455b1a4e7a8241f5565801e808 528398a0c80f44b3b8d06f750ceac164 - - default default] Unable to schedule network cbf3b627-fd4e-4b98-9c7e-cafce6ea1697: no agents available; will retry on subsequent port and subnet creation events.
2026-03-05 19:03:53.678 7 INFO neutron.db.ovn_revision_numbers_db [None req-5a2ab25b-c827-43d2-b7c0-6e093012e6ac - - - - - -] Successfully bumped revision number for resource 50dd41ca-6683-49f6-9b29-e9443fee56bb (type: ports) to 4
2026-03-05 19:03:53.725 8 WARNING neutron.scheduler.dhcp_agent_scheduler [None req-08b605e7-e870-4249-86b7-4db2677de1ac 052d793ddb2a41648855429584a37fc3 789fda0d2ed840248d3aeed2b10e1068 - - default default] No more DHCP agents
2026-03-05 19:03:53.726 8 WARNING neutron.api.rpc.agentnotifiers.dhcp_rpc_agent_api [None req-08b605e7-e870-4249-86b7-4db2677de1ac 052d793ddb2a41648855429584a37fc3 789fda0d2ed840248d3aeed2b10e1068 - - default default] Unable to schedule network 1b5f528c-06ce-4caf-a71d-1f4d5cb2077b: no agents available; will retry on subsequent port and subnet creation events.
2026-03-05 19:03:53.730 7 WARNING neutron.plugins.ml2.drivers.ovn.mech_driver.ovsdb.ovn_client [None req-984edc5e-aeff-4e65-a213-0077e733b489 - - - - - -] No hosting information found for port 87871cf3-d045-4420-be21-6365436f0175: RuntimeError: No hosting information found for port 87871cf3-d045-4420-be21-6365436f0175
2026-03-05 19:03:54.061 7 INFO neutron.db.ovn_revision_numbers_db [None req-984edc5e-aeff-4e65-a213-0077e733b489 - - - - - -] Successfully bumped revision number for resource 87871cf3-d045-4420-be21-6365436f0175 (type: router_ports) to 2
2026-03-05 19:03:54.061 7 INFO neutron.plugins.ml2.drivers.ovn.mech_driver.mech_driver [None req-984edc5e-aeff-4e65-a213-0077e733b489 - - - - - -] OVN reports status down for port: f97eb85d-4ec1-490d-b2f7-f4b8e705a88f
2026-03-05 19:03:54.179 8 INFO neutron.db.ovn_revision_numbers_db [None req-08b605e7-e870-4249-86b7-4db2677de1ac 052d793ddb2a41648855429584a37fc3 789fda0d2ed840248d3aeed2b10e1068 - - default default] Successfully bumped revision number for resource 1225e509-49c7-4432-9301-f5d10dcccd18 (type: router_ports) to 1 [pid: 8|app: 0|req: 1121/2195] 10.0.0.23 () {34 vars in 782 bytes} [Thu Mar 5 19:03:52 2026] PUT /v2.0/routers/46d64c27-d8fe-4aff-9972-85d43974d247/add_router_interface => generated 309 bytes in 1886 msecs (HTTP/1.1 200) 4 headers in 157 bytes (1 switches on core 0) [pid: 7|app: 0|req: 1075/2196] 10.0.0.23 () {34 vars in 675 bytes} [Thu Mar 5 19:03:52 2026] POST /v2.0/floatingips => generated 552 bytes in 1331 msecs (HTTP/1.1 201) 4 headers in 162 bytes (1 switches on core 0)
2026-03-05 19:03:54.378 7 WARNING neutron.plugins.ml2.drivers.ovn.mech_driver.ovsdb.ovn_client [None req-984edc5e-aeff-4e65-a213-0077e733b489 - - - - - -] Logical_Switch_Port %s host information not removed, the port state is up
2026-03-05 19:03:54.379 7 INFO neutron.plugins.ml2.drivers.ovn.mech_driver.mech_driver [None req-984edc5e-aeff-4e65-a213-0077e733b489 - - - - - -] OVN reports status up for port: f97eb85d-4ec1-490d-b2f7-f4b8e705a88f
2026-03-05 19:03:54.389 8 WARNING neutron.scheduler.dhcp_agent_scheduler [None req-3545975e-568a-4620-a070-a7d3fdd668b6 554a505d0d984569af95bf5b8e0c6e5a 72f2272f2f4740d7bd18e9f0fa92b192 - - default default] No more DHCP agents
2026-03-05 19:03:54.390 8 WARNING neutron.api.rpc.agentnotifiers.dhcp_rpc_agent_api [None req-3545975e-568a-4620-a070-a7d3fdd668b6 554a505d0d984569af95bf5b8e0c6e5a 72f2272f2f4740d7bd18e9f0fa92b192 - - default default] Unable to schedule network cbf3b627-fd4e-4b98-9c7e-cafce6ea1697: no agents available; will retry on subsequent port and subnet creation events.
2026-03-05 19:03:54.438 7 INFO neutron.plugins.ml2.plugin [None req-984edc5e-aeff-4e65-a213-0077e733b489 - - - - - -] Attempt 1 to provision port f97eb85d-4ec1-490d-b2f7-f4b8e705a88f
2026-03-05 19:03:54.905 7 INFO neutron.db.ovn_revision_numbers_db [None req-5a2ab25b-c827-43d2-b7c0-6e093012e6ac - - - - - -] Successfully bumped revision number for resource 50dd41ca-6683-49f6-9b29-e9443fee56bb (type: ports) to 5
2026-03-05 19:03:55.248 7 WARNING neutron.scheduler.dhcp_agent_scheduler [None req-bb20b352-4a01-45f1-958b-7dfc8ca83228 052d793ddb2a41648855429584a37fc3 789fda0d2ed840248d3aeed2b10e1068 - - default default] No more DHCP agents
2026-03-05 19:03:55.249 7 WARNING neutron.api.rpc.agentnotifiers.dhcp_rpc_agent_api [None req-bb20b352-4a01-45f1-958b-7dfc8ca83228 052d793ddb2a41648855429584a37fc3 789fda0d2ed840248d3aeed2b10e1068 - - default default] Unable to schedule network 6ac2679f-c83d-4462-a1f9-ce1cc000aa79: no agents available; will retry on subsequent port and subnet creation events.
2026-03-05 19:03:55.406 8 INFO neutron.db.ovn_revision_numbers_db [None req-3545975e-568a-4620-a070-a7d3fdd668b6 554a505d0d984569af95bf5b8e0c6e5a 72f2272f2f4740d7bd18e9f0fa92b192 - - default default] Successfully bumped revision number for resource 6267b91a-2839-4942-ae86-7857cfbbb676 (type: floatingips) to 1
2026-03-05 19:03:55.406 8 INFO neutron.db.l3_db [None req-3545975e-568a-4620-a070-a7d3fdd668b6 554a505d0d984569af95bf5b8e0c6e5a 72f2272f2f4740d7bd18e9f0fa92b192 - - default default] Floating IP 6267b91a-2839-4942-ae86-7857cfbbb676 associated. External IP: 10.96.250.204, port: c2ba2c2f-f443-4148-8efa-805399f43763.
2026-03-05 19:03:55.426 7 INFO neutron.db.ovn_revision_numbers_db [None req-bb20b352-4a01-45f1-958b-7dfc8ca83228 052d793ddb2a41648855429584a37fc3 789fda0d2ed840248d3aeed2b10e1068 - - default default] Successfully bumped revision number for resource 79ac6275-ac83-45d4-b275-76f077bb12a7 (type: ports) to 1 [pid: 8|app: 0|req: 1122/2197] 10.0.0.23 () {34 vars in 676 bytes} [Thu Mar 5 19:03:54 2026] POST /v2.0/floatingips => generated 841 bytes in 1264 msecs (HTTP/1.1 201) 4 headers in 162 bytes (1 switches on core 0) [pid: 8|app: 0|req: 1123/2198] 10.0.0.206 () {34 vars in 1096 bytes} [Thu Mar 5 19:03:55 2026] GET /v2.0/security-groups?name=tempest-securitygroup--84298019&fields=id&tenant_id=528398a0c80f44b3b8d06f750ceac164 => generated 69 bytes in 26 msecs (HTTP/1.1 200) 4 headers in 156 bytes (1 switches on core 0) [pid: 8|app: 0|req: 1126/2201] 10.0.0.23 () {32 vars in 728 bytes} [Thu Mar 5 19:03:55 2026] GET /v2.0/floatingips/6267b91a-2839-4942-ae86-7857cfbbb676 => generated 843 bytes in 37 msecs (HTTP/1.1 200) 4 headers in 157 bytes (1 switches on core 0) [pid: 8|app: 0|req: 1127/2202] 10.0.0.206 () {34 vars in 1098 bytes} [Thu Mar 5 19:03:55 2026] GET /v2.0/security-groups?name=tempest-secgroup-smoke-232422452&fields=id&tenant_id=528398a0c80f44b3b8d06f750ceac164 => generated 69 bytes in 33 msecs (HTTP/1.1 200) 4 headers in 156 bytes (1 switches on core 0) [pid: 8|app: 0|req: 1128/2203] 10.0.0.23 () {32 vars in 654 bytes} [Thu Mar 5 19:03:55 2026] GET /v2.0/floatingips => generated 846 bytes in 63 msecs (HTTP/1.1 200) 4 headers in 157 bytes (1 switches on core 0) [pid: 8|app: 0|req: 1129/2204] 10.0.0.206 () {34 vars in 982 bytes} [Thu Mar 5 19:03:55 2026] GET /v2.0/networks?id=d894ae6f-59ff-4623-ab15-e563ba61fbf9 => generated 711 bytes in 41 msecs (HTTP/1.1 200) 4 headers in 157 bytes (1 switches on core 0)
2026-03-05 19:03:56.235 8 INFO neutron.db.ovn_revision_numbers_db [None req-c9785787-b95a-49e9-8d05-59afdb816007 554a505d0d984569af95bf5b8e0c6e5a 72f2272f2f4740d7bd18e9f0fa92b192 - - default default] Successfully bumped revision number for resource 6267b91a-2839-4942-ae86-7857cfbbb676 (type: floatingips) to 2
2026-03-05 19:03:56.293 7 WARNING neutron.scheduler.dhcp_agent_scheduler [None req-bb20b352-4a01-45f1-958b-7dfc8ca83228 052d793ddb2a41648855429584a37fc3 789fda0d2ed840248d3aeed2b10e1068 - - default default] No more DHCP agents
2026-03-05 19:03:56.294 7 WARNING neutron.api.rpc.agentnotifiers.dhcp_rpc_agent_api [None req-bb20b352-4a01-45f1-958b-7dfc8ca83228 052d793ddb2a41648855429584a37fc3 789fda0d2ed840248d3aeed2b10e1068 - - default default] Unable to schedule network 6ac2679f-c83d-4462-a1f9-ce1cc000aa79: no agents available; will retry on subsequent port and subnet creation events.
2026-03-05 19:03:56.343 8 INFO neutron.db.l3_db [None req-c9785787-b95a-49e9-8d05-59afdb816007 554a505d0d984569af95bf5b8e0c6e5a 72f2272f2f4740d7bd18e9f0fa92b192 - - default default] Floating IP 6267b91a-2839-4942-ae86-7857cfbbb676 associated. External IP: 10.96.250.204, port: c2ba2c2f-f443-4148-8efa-805399f43763. [pid: 8|app: 0|req: 1130/2205] 10.0.0.23 () {34 vars in 748 bytes} [Thu Mar 5 19:03:55 2026] PUT /v2.0/floatingips/6267b91a-2839-4942-ae86-7857cfbbb676 => generated 845 bytes in 741 msecs (HTTP/1.1 200) 4 headers in 157 bytes (1 switches on core 0) [pid: 8|app: 0|req: 1131/2206] 10.0.0.206 () {34 vars in 965 bytes} [Thu Mar 5 19:03:56 2026] GET /v2.0/quotas/528398a0c80f44b3b8d06f750ceac164 => generated 292 bytes in 14 msecs (HTTP/1.1 200) 4 headers in 157 bytes (1 switches on core 0)
2026-03-05 19:03:56.821 8 INFO neutron.db.ovn_revision_numbers_db [None req-fd307f69-5228-4b57-b55d-901d09812c77 4fb1ee67300e4641b8e110215c01e4c8 f1ac17c728c046b681320442778b7ce7 - - default default] Successfully bumped revision number for resource cd24996e-f088-4200-bfa6-9442d1fb59ce (type: security_groups) to 1
2026-03-05 19:03:56.832 8 INFO neutron.db.ovn_revision_numbers_db [None req-fd307f69-5228-4b57-b55d-901d09812c77 4fb1ee67300e4641b8e110215c01e4c8 f1ac17c728c046b681320442778b7ce7 - - default default] Successfully bumped revision number for resource 4f23cba4-48e7-4978-a877-16135976c054 (type: security_group_rules) to 0
2026-03-05 19:03:56.843 8 INFO neutron.db.ovn_revision_numbers_db [None req-fd307f69-5228-4b57-b55d-901d09812c77 4fb1ee67300e4641b8e110215c01e4c8 f1ac17c728c046b681320442778b7ce7 - - default default] Successfully bumped revision number for resource 5566c0f3-c8a7-4a6a-a296-d592bd6f410b (type: security_group_rules) to 0
2026-03-05 19:03:56.860 8 INFO neutron.db.ovn_revision_numbers_db [None req-fd307f69-5228-4b57-b55d-901d09812c77 4fb1ee67300e4641b8e110215c01e4c8 f1ac17c728c046b681320442778b7ce7 - - default default] Successfully bumped revision number for resource 8ce049d8-f4dd-4546-b410-113ba6ee0f2d (type: security_group_rules) to 0
2026-03-05 19:03:56.868 7 INFO neutron.db.ovn_revision_numbers_db [None req-bb20b352-4a01-45f1-958b-7dfc8ca83228 052d793ddb2a41648855429584a37fc3 789fda0d2ed840248d3aeed2b10e1068 - - default default] Successfully bumped revision number for resource 79ac6275-ac83-45d4-b275-76f077bb12a7 (type: router_ports) to 1 [pid: 7|app: 0|req: 1076/2207] 10.0.0.23 () {34 vars in 782 bytes} [Thu Mar 5 19:03:54 2026] PUT /v2.0/routers/46d64c27-d8fe-4aff-9972-85d43974d247/add_router_interface => generated 309 bytes in 2650 msecs (HTTP/1.1 200) 4 headers in 157 bytes (1 switches on core 0)
2026-03-05 19:03:56.875 8 INFO neutron.db.ovn_revision_numbers_db [None req-fd307f69-5228-4b57-b55d-901d09812c77 4fb1ee67300e4641b8e110215c01e4c8 f1ac17c728c046b681320442778b7ce7 - - default default] Successfully bumped revision number for resource dc454d31-5459-4203-a300-b04837bee0bb (type: security_group_rules) to 0
2026-03-05 19:03:56.945 8 INFO neutron.db.segments_db [None req-fd307f69-5228-4b57-b55d-901d09812c77 4fb1ee67300e4641b8e110215c01e4c8 f1ac17c728c046b681320442778b7ce7 - - default default] Added segment e7970cc3-19fe-4144-a6e8-a1867a029748 of type geneve for network 8ce5863b-5c7e-40f3-96eb-bbf4df324c0a
2026-03-05 19:03:57.054 7 INFO neutron.db.ovn_revision_numbers_db [None req-18c3a96c-e5ba-4521-baf3-f191d7428d45 554a505d0d984569af95bf5b8e0c6e5a 72f2272f2f4740d7bd18e9f0fa92b192 - - default default] Successfully bumped revision number for resource 6267b91a-2839-4942-ae86-7857cfbbb676 (type: floatingips) to 3
2026-03-05 19:03:57.111 8 INFO neutron.db.ovn_revision_numbers_db [None req-fd307f69-5228-4b57-b55d-901d09812c77 4fb1ee67300e4641b8e110215c01e4c8 f1ac17c728c046b681320442778b7ce7 - - default default] Successfully bumped revision number for resource 8ce5863b-5c7e-40f3-96eb-bbf4df324c0a (type: networks) to 1
2026-03-05 19:03:57.119 7 INFO neutron.db.l3_db [None req-18c3a96c-e5ba-4521-baf3-f191d7428d45 554a505d0d984569af95bf5b8e0c6e5a 72f2272f2f4740d7bd18e9f0fa92b192 - - default default] Floating IP 6267b91a-2839-4942-ae86-7857cfbbb676 disassociated. External IP: 10.96.250.204, port: d4b1201e-58ec-4459-b5ef-11ca4f8c2ed4. [pid: 7|app: 0|req: 1077/2208] 10.0.0.23 () {34 vars in 748 bytes} [Thu Mar 5 19:03:56 2026] PUT /v2.0/floatingips/6267b91a-2839-4942-ae86-7857cfbbb676 => generated 554 bytes in 273 msecs (HTTP/1.1 200) 4 headers in 157 bytes (1 switches on core 0) [pid: 7|app: 0|req: 1078/2209] 10.0.0.206 () {34 vars in 1002 bytes} [Thu Mar 5 19:03:57 2026] GET /v2.0/ports?tenant_id=528398a0c80f44b3b8d06f750ceac164&fields=id => generated 103 bytes in 88 msecs (HTTP/1.1 200) 4 headers in 157 bytes (1 switches on core 0)
2026-03-05 19:03:57.261 8 WARNING neutron.scheduler.dhcp_agent_scheduler [None req-fd307f69-5228-4b57-b55d-901d09812c77 4fb1ee67300e4641b8e110215c01e4c8 f1ac17c728c046b681320442778b7ce7 - - default default] No more DHCP agents
2026-03-05 19:03:57.262 8 WARNING neutron.api.rpc.agentnotifiers.dhcp_rpc_agent_api [None req-fd307f69-5228-4b57-b55d-901d09812c77 4fb1ee67300e4641b8e110215c01e4c8 f1ac17c728c046b681320442778b7ce7 - - default default] Unable to schedule network 8ce5863b-5c7e-40f3-96eb-bbf4df324c0a: no agents available; will retry on subsequent port and subnet creation events. [pid: 7|app: 0|req: 1079/2210] 10.0.0.89 () {28 vars in 580 bytes} [Thu Mar 5 19:03:57 2026] GET /v2.0/agents => generated 1214 bytes in 159 msecs (HTTP/1.1 200) 4 headers in 158 bytes (1 switches on core 0)
2026-03-05 19:03:57.408 8 INFO neutron.db.ovn_revision_numbers_db [None req-fd307f69-5228-4b57-b55d-901d09812c77 4fb1ee67300e4641b8e110215c01e4c8 f1ac17c728c046b681320442778b7ce7 - - default default] Successfully bumped revision number for resource e991b0a0-da98-4a2d-9df0-6dadd2e94d45 (type: ports) to 1 [pid: 8|app: 0|req: 1132/2211] 10.0.0.23 () {34 vars in 669 bytes} [Thu Mar 5 19:03:56 2026] POST /v2.0/networks => generated 646 bytes in 1022 msecs (HTTP/1.1 201) 4 headers in 162 bytes (1 switches on core 0)
