2026-07-09 02:57:28.066 8 INFO neutron.services.segments.plugin [-] Client error retrieving segment 43645bef-0a47-4f12-aef9-907cc1385147 resource provider; error: Placement Client Error (4xx): {"errors": [{"status": 404, "title": "Not Found", "detail": "The resource could not be found.\n\n No resource provider with uuid 43645bef-0a47-4f12-aef9-907cc1385147 found for delete ", "request_id": "req-9e9f8bbd-9b07-443f-a762-3d2a63136176"}]} [pid: 7|app: 0|req: 762/1554] 10.0.0.25 () {32 vars in 671 bytes} [Thu Jul 9 02:57:28 2026] GET /v2.0/security-group-rules => generated 4139 bytes in 91 msecs (HTTP/1.1 200) 4 headers in 158 bytes (1 switches on core 0) [pid: 8|app: 0|req: 793/1555] 10.0.0.25 () {32 vars in 724 bytes} [Thu Jul 9 02:57:27 2026] DELETE /v2.0/networks/3cfc59ea-cf0a-4bc6-8c79-501396b336be => generated 0 bytes in 431 msecs (HTTP/1.1 204) 3 headers in 131 bytes (1 switches on core 0) [pid: 7|app: 0|req: 763/1556] 10.0.0.25 () {32 vars in 748 bytes} [Thu Jul 9 02:57:28 2026] DELETE /v2.0/security-group-rules/7d5e6e38-8020-48e0-876d-a16a1f9d932b => generated 0 bytes in 166 msecs (HTTP/1.1 204) 2 headers in 112 bytes (1 switches on core 0) [pid: 7|app: 0|req: 764/1557] 10.0.0.25 () {32 vars in 671 bytes} [Thu Jul 9 02:57:28 2026] GET /v2.0/security-group-rules => generated 3560 bytes in 57 msecs (HTTP/1.1 200) 4 headers in 158 bytes (1 switches on core 0)
2026-07-09 02:57:28.416 8 WARNING neutron.scheduler.dhcp_agent_scheduler [None req-4bfe3490-8065-4250-bc5e-91c28249e5d9 dcf5d0e325bc4613af6938a601f36a6f 879ab443698c4b83a21a965d2db4fa1f - - default default] No more DHCP agents
2026-07-09 02:57:28.418 8 WARNING neutron.api.rpc.agentnotifiers.dhcp_rpc_agent_api [None req-4bfe3490-8065-4250-bc5e-91c28249e5d9 dcf5d0e325bc4613af6938a601f36a6f 879ab443698c4b83a21a965d2db4fa1f - - default default] Unable to schedule network 78e471f6-3922-42ba-8d2c-8ef01f63588f: no agents available; will retry on subsequent port and subnet creation events.
2026-07-09 02:57:28.517 8 INFO neutron.plugins.ml2.drivers.ovn.mech_driver.mech_driver [None req-74ba5e8f-628c-43c7-9051-827cf6d6128a - - - - - -] OVN reports status down for port: a53706b4-1fe8-4f5b-9494-78eec0daef4c [pid: 7|app: 0|req: 765/1558] 10.0.0.25 () {32 vars in 738 bytes} [Thu Jul 9 02:57:28 2026] DELETE /v2.0/security-groups/c90098e6-07a7-46b0-aaf4-08db0bdb7908 => generated 0 bytes in 178 msecs (HTTP/1.1 204) 2 headers in 112 bytes (1 switches on core 0) [pid: 7|app: 0|req: 766/1559] 10.0.0.25 () {32 vars in 661 bytes} [Thu Jul 9 02:57:28 2026] GET /v2.0/security-groups => generated 2925 bytes in 46 msecs (HTTP/1.1 200) 4 headers in 158 bytes (1 switches on core 0)
2026-07-09 02:57:28.582 8 INFO neutron.db.ovn_revision_numbers_db [None req-4bfe3490-8065-4250-bc5e-91c28249e5d9 dcf5d0e325bc4613af6938a601f36a6f 879ab443698c4b83a21a965d2db4fa1f - - default default] Successfully bumped revision number for resource a53706b4-1fe8-4f5b-9494-78eec0daef4c (type: ports) to 1 [pid: 7|app: 0|req: 767/1560] 10.0.0.25 () {32 vars in 661 bytes} [Thu Jul 9 02:57:28 2026] GET /v2.0/security-groups => generated 2925 bytes in 38 msecs (HTTP/1.1 200) 4 headers in 158 bytes (1 switches on core 0) [pid: 8|app: 0|req: 794/1561] 10.0.0.25 () {34 vars in 663 bytes} [Thu Jul 9 02:57:28 2026] POST /v2.0/ports => generated 775 bytes in 501 msecs (HTTP/1.1 201) 4 headers in 162 bytes (1 switches on core 0)
2026-07-09 02:57:28.867 8 INFO neutron.plugins.ml2.drivers.ovn.mech_driver.mech_driver [None req-74ba5e8f-628c-43c7-9051-827cf6d6128a - - - - - -] OVN reports status down for port: a53706b4-1fe8-4f5b-9494-78eec0daef4c
2026-07-09 02:57:28.894 7 INFO neutron.db.ovn_revision_numbers_db [None req-32a3789e-1996-4248-9ac4-08abd4d674bd dcf5d0e325bc4613af6938a601f36a6f 879ab443698c4b83a21a965d2db4fa1f - - default default] Successfully bumped revision number for resource a53706b4-1fe8-4f5b-9494-78eec0daef4c (type: ports) to 2 [pid: 7|app: 0|req: 768/1562] 10.0.0.25 () {34 vars in 735 bytes} [Thu Jul 9 02:57:28 2026] PUT /v2.0/ports/a53706b4-1fe8-4f5b-9494-78eec0daef4c => generated 752 bytes in 330 msecs (HTTP/1.1 200) 4 headers in 157 bytes (1 switches on core 0) /var/lib/openstack/lib/python3.12/site-packages/pycadf/identifier.py:70: UserWarning: Invalid uuid: neutron. To ensure interoperability, identifiers should be a valid uuid. warnings.warn(('Invalid uuid: %s. To ensure interoperability, '
2026-07-09 02:57:29.122 8 INFO neutron_taas.services.taas.taas_plugin [None req-f3d919b8-8458-4aae-916c-ff86a14a1e2a dcf5d0e325bc4613af6938a601f36a6f 879ab443698c4b83a21a965d2db4fa1f - - default default] TaaS: Handle Delete Port: a53706b4-1fe8-4f5b-9494-78eec0daef4c
2026-07-09 02:57:29.126 8 INFO neutron_taas.services.taas.tap_mirror_plugin [None req-f3d919b8-8458-4aae-916c-ff86a14a1e2a dcf5d0e325bc4613af6938a601f36a6f 879ab443698c4b83a21a965d2db4fa1f - - default default] Tap Mirror: Handle Delete Port: a53706b4-1fe8-4f5b-9494-78eec0daef4c [pid: 8|app: 0|req: 795/1563] 10.0.0.25 () {32 vars in 718 bytes} [Thu Jul 9 02:57:28 2026] DELETE /v2.0/ports/a53706b4-1fe8-4f5b-9494-78eec0daef4c => generated 0 bytes in 316 msecs (HTTP/1.1 204) 3 headers in 131 bytes (1 switches on core 0) /var/lib/openstack/lib/python3.12/site-packages/pycadf/identifier.py:70: UserWarning: Invalid uuid: neutron. To ensure interoperability, identifiers should be a valid uuid. warnings.warn(('Invalid uuid: %s. To ensure interoperability, '
2026-07-09 02:57:29.346 8 WARNING neutron.db.securitygroups_db [None req-00bd36d6-3a6c-4f09-8a68-74078e97ae45 389664079aec44f39c09c07d4d8b1f8f 22b35c531a1d460b8973765eedd9cd91 - - default default] project_id key not found in filters, using tenant_id instead. This support has been deprecated and will be removed in a future release. [pid: 8|app: 0|req: 796/1564] 10.0.0.25 () {32 vars in 772 bytes} [Thu Jul 9 02:57:29 2026] GET /v2.0/security-groups?tenant_id=b0fb536f7bc84ebabba71b68d565014c&name=default => generated 2925 bytes in 97 msecs (HTTP/1.1 200) 4 headers in 158 bytes (1 switches on core 0) [pid: 8|app: 0|req: 797/1565] 10.0.0.25 () {32 vars in 641 bytes} [Thu Jul 9 02:57:29 2026] GET /v2.0/ports => generated 1533 bytes in 46 msecs (HTTP/1.1 200) 4 headers in 158 bytes (1 switches on core 0)
2026-07-09 02:57:29.574 7 INFO neutron.db.ovn_revision_numbers_db [None req-29a939d3-831c-49dd-aa5a-d0949d553425 389664079aec44f39c09c07d4d8b1f8f 22b35c531a1d460b8973765eedd9cd91 - - default default] Successfully bumped revision number for resource 0dd27676-cc67-41c3-be99-23c69b950404 (type: security_groups) to 1
2026-07-09 02:57:29.603 7 INFO neutron.db.ovn_revision_numbers_db [None req-29a939d3-831c-49dd-aa5a-d0949d553425 389664079aec44f39c09c07d4d8b1f8f 22b35c531a1d460b8973765eedd9cd91 - - default default] Successfully bumped revision number for resource 1fbbf76f-ae25-4231-a004-6f26d3e9fef4 (type: security_group_rules) to 0
2026-07-09 02:57:29.624 7 INFO neutron.db.ovn_revision_numbers_db [None req-29a939d3-831c-49dd-aa5a-d0949d553425 389664079aec44f39c09c07d4d8b1f8f 22b35c531a1d460b8973765eedd9cd91 - - default default] Successfully bumped revision number for resource 7ec2f1f7-55a2-49a7-b126-72b5ba039c15 (type: security_group_rules) to 0
2026-07-09 02:57:29.643 7 INFO neutron.db.ovn_revision_numbers_db [None req-29a939d3-831c-49dd-aa5a-d0949d553425 389664079aec44f39c09c07d4d8b1f8f 22b35c531a1d460b8973765eedd9cd91 - - default default] Successfully bumped revision number for resource d264e435-6d6e-424f-b249-cee7bc7c57c1 (type: security_group_rules) to 0
2026-07-09 02:57:29.660 7 INFO neutron.db.ovn_revision_numbers_db [None req-29a939d3-831c-49dd-aa5a-d0949d553425 389664079aec44f39c09c07d4d8b1f8f 22b35c531a1d460b8973765eedd9cd91 - - default default] Successfully bumped revision number for resource f8395e94-5eb1-4911-bdb0-d6ebef44b7d7 (type: security_group_rules) to 0 [pid: 8|app: 0|req: 798/1566] 10.0.0.25 () {32 vars in 738 bytes} [Thu Jul 9 02:57:29 2026] DELETE /v2.0/security-groups/000a90c7-960c-4cb7-a9cd-160286470898 => generated 0 bytes in 271 msecs (HTTP/1.1 204) 2 headers in 112 bytes (1 switches on core 0)
2026-07-09 02:57:29.712 8 INFO neutron.pecan_wsgi.hooks.translation [None req-d3091684-5213-4d90-af2d-b07bae43ac26 dcf5d0e325bc4613af6938a601f36a6f 879ab443698c4b83a21a965d2db4fa1f - - default default] GET failed (client error): The resource could not be found. [pid: 8|app: 0|req: 799/1567] 10.0.0.25 () {32 vars in 715 bytes} [Thu Jul 9 02:57:29 2026] GET /v2.0/ports/a53706b4-1fe8-4f5b-9494-78eec0daef4c => generated 132 bytes in 19 msecs (HTTP/1.1 404) 4 headers in 164 bytes (1 switches on core 0)
2026-07-09 02:57:29.754 7 INFO neutron.db.segments_db [None req-29a939d3-831c-49dd-aa5a-d0949d553425 389664079aec44f39c09c07d4d8b1f8f 22b35c531a1d460b8973765eedd9cd91 - - default default] Added segment f526bef6-dba5-4dfa-bb15-4c3564aedf5f of type geneve for network 35d92976-1cb9-4a5f-a25b-1d3ff6a486f9 [pid: 8|app: 0|req: 800/1568] 10.0.0.25 () {32 vars in 641 bytes} [Thu Jul 9 02:57:29 2026] GET /v2.0/ports => generated 1533 bytes in 41 msecs (HTTP/1.1 200) 4 headers in 158 bytes (1 switches on core 0) [pid: 8|app: 0|req: 801/1569] 10.0.0.25 () {32 vars in 715 bytes} [Thu Jul 9 02:57:29 2026] GET /v2.0/ports/9a195406-313c-4a26-a31a-0ad7454bd1e8 => generated 774 bytes in 36 msecs (HTTP/1.1 200) 4 headers in 157 bytes (1 switches on core 0)
2026-07-09 02:57:29.825 8 INFO neutron.pecan_wsgi.hooks.translation [None req-8e4e0d2d-a794-42de-a5e9-aedc8fb9c64e dcf5d0e325bc4613af6938a601f36a6f 879ab443698c4b83a21a965d2db4fa1f - - default default] DELETE failed (client error): The resource could not be found. [pid: 8|app: 0|req: 802/1570] 10.0.0.25 () {32 vars in 718 bytes} [Thu Jul 9 02:57:29 2026] DELETE /v2.0/ports/be3f444c-4601-4200-b234-8c2e32f5b54a => generated 132 bytes in 18 msecs (HTTP/1.1 404) 4 headers in 164 bytes (1 switches on core 0)
2026-07-09 02:57:29.846 8 INFO neutron.pecan_wsgi.hooks.translation [None req-2928b9dc-654c-4595-b592-b7025061b285 dcf5d0e325bc4613af6938a601f36a6f 879ab443698c4b83a21a965d2db4fa1f - - default default] DELETE failed (client error): The resource could not be found. [pid: 8|app: 0|req: 803/1571] 10.0.0.25 () {32 vars in 722 bytes} [Thu Jul 9 02:57:29 2026] DELETE /v2.0/subnets/d28c408c-85bf-4111-b43e-1f0931ef1d95 => generated 136 bytes in 16 msecs (HTTP/1.1 404) 4 headers in 164 bytes (1 switches on core 0)
2026-07-09 02:57:29.880 8 INFO neutron.pecan_wsgi.hooks.translation [None req-4f07b6fa-4b1d-4c14-9bd5-d99f8a9c1759 dcf5d0e325bc4613af6938a601f36a6f 879ab443698c4b83a21a965d2db4fa1f - - default default] DELETE failed (client error): The resource could not be found. [pid: 8|app: 0|req: 804/1572] 10.0.0.25 () {32 vars in 722 bytes} [Thu Jul 9 02:57:29 2026] DELETE /v2.0/subnets/73a4f192-2883-4248-a66b-a1c3a631a6b9 => generated 136 bytes in 29 msecs (HTTP/1.1 404) 4 headers in 164 bytes (1 switches on core 0)
2026-07-09 02:57:29.893 7 INFO neutron.db.ovn_revision_numbers_db [None req-29a939d3-831c-49dd-aa5a-d0949d553425 389664079aec44f39c09c07d4d8b1f8f 22b35c531a1d460b8973765eedd9cd91 - - default default] Successfully bumped revision number for resource 35d92976-1cb9-4a5f-a25b-1d3ff6a486f9 (type: networks) to 1
2026-07-09 02:57:30.038 8 INFO neutron_taas.services.taas.taas_plugin [None req-41a93fbf-590f-49b1-b932-67439cfd544d dcf5d0e325bc4613af6938a601f36a6f 879ab443698c4b83a21a965d2db4fa1f - - default default] TaaS: Handle Delete Port: 9a195406-313c-4a26-a31a-0ad7454bd1e8
2026-07-09 02:57:30.042 8 INFO neutron_taas.services.taas.tap_mirror_plugin [None req-41a93fbf-590f-49b1-b932-67439cfd544d dcf5d0e325bc4613af6938a601f36a6f 879ab443698c4b83a21a965d2db4fa1f - - default default] Tap Mirror: Handle Delete Port: 9a195406-313c-4a26-a31a-0ad7454bd1e8
2026-07-09 02:57:30.080 7 WARNING neutron.scheduler.dhcp_agent_scheduler [None req-29a939d3-831c-49dd-aa5a-d0949d553425 389664079aec44f39c09c07d4d8b1f8f 22b35c531a1d460b8973765eedd9cd91 - - default default] No more DHCP agents
2026-07-09 02:57:30.083 7 WARNING neutron.api.rpc.agentnotifiers.dhcp_rpc_agent_api [None req-29a939d3-831c-49dd-aa5a-d0949d553425 389664079aec44f39c09c07d4d8b1f8f 22b35c531a1d460b8973765eedd9cd91 - - default default] Unable to schedule network 35d92976-1cb9-4a5f-a25b-1d3ff6a486f9: no agents available; will retry on subsequent port and subnet creation events.
2026-07-09 02:57:30.157 8 INFO neutron.plugins.ml2.drivers.ovn.mech_driver.mech_driver [None req-74ba5e8f-628c-43c7-9051-827cf6d6128a - - - - - -] OVN reports status down for port: e9114e54-12ac-4d95-bb6a-9f1a1772ed1e
2026-07-09 02:57:30.180 7 INFO neutron.db.ovn_revision_numbers_db [None req-29a939d3-831c-49dd-aa5a-d0949d553425 389664079aec44f39c09c07d4d8b1f8f 22b35c531a1d460b8973765eedd9cd91 - - default default] Successfully bumped revision number for resource e9114e54-12ac-4d95-bb6a-9f1a1772ed1e (type: ports) to 1 [pid: 7|app: 0|req: 769/1573] 10.0.0.25 () {34 vars in 669 bytes} [Thu Jul 9 02:57:29 2026] POST /v2.0/networks => generated 781 bytes in 1056 msecs (HTTP/1.1 201) 4 headers in 162 bytes (1 switches on core 0) [pid: 8|app: 0|req: 805/1574] 10.0.0.25 () {32 vars in 718 bytes} [Thu Jul 9 02:57:29 2026] DELETE /v2.0/ports/9a195406-313c-4a26-a31a-0ad7454bd1e8 => generated 0 bytes in 376 msecs (HTTP/1.1 204) 3 headers in 131 bytes (1 switches on core 0)
2026-07-09 02:57:30.405 7 WARNING neutron.scheduler.dhcp_agent_scheduler [None req-c3ddf98f-f189-446c-9e35-28ffc0b3a8c6 389664079aec44f39c09c07d4d8b1f8f 22b35c531a1d460b8973765eedd9cd91 - - default default] No more DHCP agents
2026-07-09 02:57:30.408 7 WARNING neutron.api.rpc.agentnotifiers.dhcp_rpc_agent_api [None req-c3ddf98f-f189-446c-9e35-28ffc0b3a8c6 389664079aec44f39c09c07d4d8b1f8f 22b35c531a1d460b8973765eedd9cd91 - - default default] Unable to schedule network 35d92976-1cb9-4a5f-a25b-1d3ff6a486f9: no agents available; will retry on subsequent port and subnet creation events.
2026-07-09 02:57:30.430 8 INFO neutron_taas.services.taas.taas_plugin [None req-6b23ebe2-e7f9-4f33-b0e6-9a6937e24e71 dcf5d0e325bc4613af6938a601f36a6f 879ab443698c4b83a21a965d2db4fa1f - - default default] TaaS: Handle Delete Port: 9b29da14-b27c-41c1-a8be-bd12dca1f129
2026-07-09 02:57:30.435 8 INFO neutron_taas.services.taas.tap_mirror_plugin [None req-6b23ebe2-e7f9-4f33-b0e6-9a6937e24e71 dcf5d0e325bc4613af6938a601f36a6f 879ab443698c4b83a21a965d2db4fa1f - - default default] Tap Mirror: Handle Delete Port: 9b29da14-b27c-41c1-a8be-bd12dca1f129
2026-07-09 02:57:30.664 8 INFO neutron.services.segments.plugin [-] Segment b65301e5-d1dc-46ea-b420-7d7c0cccb1b0 resource provider aggregate not found
2026-07-09 02:57:30.673 8 INFO neutron.services.segments.plugin [-] Segment b65301e5-d1dc-46ea-b420-7d7c0cccb1b0 resource provider aggregate not found
2026-07-09 02:57:30.690 8 INFO neutron.services.segments.plugin [-] Client error retrieving segment b65301e5-d1dc-46ea-b420-7d7c0cccb1b0 resource provider; error: Placement Client Error (4xx): {"errors": [{"status": 404, "title": "Not Found", "detail": "The resource could not be found.\n\n No resource provider with uuid b65301e5-d1dc-46ea-b420-7d7c0cccb1b0 found for delete ", "request_id": "req-1281781f-3423-445e-beb2-6fb61b006aa3"}]}
2026-07-09 02:57:30.704 8 INFO neutron.services.segments.plugin [-] Client error retrieving segment b65301e5-d1dc-46ea-b420-7d7c0cccb1b0 resource provider; error: Placement Client Error (4xx): {"errors": [{"status": 404, "title": "Not Found", "detail": "The resource could not be found.\n\n No resource provider with uuid b65301e5-d1dc-46ea-b420-7d7c0cccb1b0 found for delete ", "request_id": "req-4d4742d2-74f8-4661-abc5-8c5f8f9581fb"}]} [pid: 8|app: 0|req: 806/1575] 10.0.0.25 () {32 vars in 724 bytes} [Thu Jul 9 02:57:30 2026] DELETE /v2.0/networks/78e471f6-3922-42ba-8d2c-8ef01f63588f => generated 0 bytes in 462 msecs (HTTP/1.1 204) 3 headers in 131 bytes (1 switches on core 0)
2026-07-09 02:57:31.110 7 INFO neutron.db.ovn_revision_numbers_db [None req-c3ddf98f-f189-446c-9e35-28ffc0b3a8c6 389664079aec44f39c09c07d4d8b1f8f 22b35c531a1d460b8973765eedd9cd91 - - default default] Successfully bumped revision number for resource e9114e54-12ac-4d95-bb6a-9f1a1772ed1e (type: ports) to 2
2026-07-09 02:57:31.160 7 INFO neutron.db.ovn_revision_numbers_db [None req-c3ddf98f-f189-446c-9e35-28ffc0b3a8c6 389664079aec44f39c09c07d4d8b1f8f 22b35c531a1d460b8973765eedd9cd91 - - default default] Successfully bumped revision number for resource deab49e7-c0e2-477f-bc21-fd988863509d (type: subnets) to 0 [pid: 7|app: 0|req: 770/1576] 10.0.0.25 () {34 vars in 667 bytes} [Thu Jul 9 02:57:30 2026] POST /v2.0/subnets => generated 687 bytes in 963 msecs (HTTP/1.1 201) 4 headers in 162 bytes (1 switches on core 0)
2026-07-09 02:57:31.283 8 WARNING neutron.db.securitygroups_db [None req-31eeaf74-f249-49ee-a223-e72ef5c6a471 389664079aec44f39c09c07d4d8b1f8f 22b35c531a1d460b8973765eedd9cd91 - - default default] project_id key not found in filters, using tenant_id instead. This support has been deprecated and will be removed in a future release.
2026-07-09 02:57:31.481 8 INFO neutron.db.ovn_revision_numbers_db [None req-31eeaf74-f249-49ee-a223-e72ef5c6a471 389664079aec44f39c09c07d4d8b1f8f 22b35c531a1d460b8973765eedd9cd91 - - default default] Successfully bumped revision number for resource 4dace45d-1b0d-4248-9568-0979515e693b (type: security_groups) to 1
2026-07-09 02:57:31.498 8 INFO neutron.db.ovn_revision_numbers_db [None req-31eeaf74-f249-49ee-a223-e72ef5c6a471 389664079aec44f39c09c07d4d8b1f8f 22b35c531a1d460b8973765eedd9cd91 - - default default] Successfully bumped revision number for resource 231360f5-caba-491c-a616-9159cebf2efe (type: security_group_rules) to 0
2026-07-09 02:57:31.521 8 INFO neutron.db.ovn_revision_numbers_db [None req-31eeaf74-f249-49ee-a223-e72ef5c6a471 389664079aec44f39c09c07d4d8b1f8f 22b35c531a1d460b8973765eedd9cd91 - - default default] Successfully bumped revision number for resource 38f33b6b-8338-48e4-9000-4441961edea7 (type: security_group_rules) to 0
2026-07-09 02:57:31.538 8 INFO neutron.db.ovn_revision_numbers_db [None req-31eeaf74-f249-49ee-a223-e72ef5c6a471 389664079aec44f39c09c07d4d8b1f8f 22b35c531a1d460b8973765eedd9cd91 - - default default] Successfully bumped revision number for resource 96a6758b-0701-46c5-826e-f7fb219affff (type: security_group_rules) to 0
2026-07-09 02:57:31.556 8 INFO neutron.db.ovn_revision_numbers_db [None req-31eeaf74-f249-49ee-a223-e72ef5c6a471 389664079aec44f39c09c07d4d8b1f8f 22b35c531a1d460b8973765eedd9cd91 - - default default] Successfully bumped revision number for resource af1dae9c-0d68-4522-b47e-3df0f6e20601 (type: security_group_rules) to 0 [pid: 8|app: 0|req: 807/1577] 10.0.0.25 () {32 vars in 772 bytes} [Thu Jul 9 02:57:31 2026] GET /v2.0/security-groups?tenant_id=ed1ef33291fa436499b78bb8b741db8e&name=default => generated 2925 bytes in 600 msecs (HTTP/1.1 200) 4 headers in 158 bytes (1 switches on core 0)
2026-07-09 02:57:31.719 8 WARNING neutron.db.securitygroups_db [None req-d6f9add1-6e75-414e-9c0e-d75973767d91 389664079aec44f39c09c07d4d8b1f8f 22b35c531a1d460b8973765eedd9cd91 - - default default] project_id key not found in filters, using tenant_id instead. This support has been deprecated and will be removed in a future release.
2026-07-09 02:57:31.733 7 WARNING neutron.scheduler.dhcp_agent_scheduler [None req-7844a0c4-4901-4c2d-ae2b-4e4e52dd8ce1 389664079aec44f39c09c07d4d8b1f8f 22b35c531a1d460b8973765eedd9cd91 - - default default] No more DHCP agents
2026-07-09 02:57:31.735 7 WARNING neutron.api.rpc.agentnotifiers.dhcp_rpc_agent_api [None req-7844a0c4-4901-4c2d-ae2b-4e4e52dd8ce1 389664079aec44f39c09c07d4d8b1f8f 22b35c531a1d460b8973765eedd9cd91 - - default default] Unable to schedule network d166394a-9ed2-4a9a-8c6d-aae40a63a898: no agents available; will retry on subsequent port and subnet creation events. [pid: 8|app: 0|req: 808/1578] 10.0.0.25 () {32 vars in 772 bytes} [Thu Jul 9 02:57:31 2026] GET /v2.0/security-groups?tenant_id=879ab443698c4b83a21a965d2db4fa1f&name=default => generated 2925 bytes in 146 msecs (HTTP/1.1 200) 4 headers in 158 bytes (1 switches on core 0)
2026-07-09 02:57:31.893 7 INFO neutron.plugins.ml2.drivers.ovn.mech_driver.mech_driver [None req-48daa772-f052-4500-b821-2ad69023ac82 - - - - - -] OVN reports status down for port: a55a2826-ceca-47e1-9f90-6458353e8e9a
2026-07-09 02:57:31.970 7 INFO neutron.db.ovn_revision_numbers_db [None req-7844a0c4-4901-4c2d-ae2b-4e4e52dd8ce1 389664079aec44f39c09c07d4d8b1f8f 22b35c531a1d460b8973765eedd9cd91 - - default default] Successfully bumped revision number for resource a55a2826-ceca-47e1-9f90-6458353e8e9a (type: ports) to 1 [pid: 8|app: 0|req: 809/1579] 10.0.0.25 () {32 vars in 738 bytes} [Thu Jul 9 02:57:31 2026] DELETE /v2.0/security-groups/4dace45d-1b0d-4248-9568-0979515e693b => generated 0 bytes in 229 msecs (HTTP/1.1 204) 2 headers in 112 bytes (1 switches on core 0) [pid: 8|app: 0|req: 810/1580] 10.0.0.25 () {32 vars in 738 bytes} [Thu Jul 9 02:57:31 2026] DELETE /v2.0/security-groups/c31cf59e-8812-4341-90b5-a84b789e088b => generated 0 bytes in 245 msecs (HTTP/1.1 204) 2 headers in 112 bytes (1 switches on core 0)
2026-07-09 02:57:32.773 8 INFO neutron.plugins.ml2.drivers.ovn.mech_driver.ovsdb.ovsdb_monitor [None req-e051021a-914a-4dcf-8226-05ac9929900a - - - - - -] Router 7c072147-43e9-4745-8e79-09e61df9e780 is bound to host instance
2026-07-09 02:57:32.783 7 INFO neutron.plugins.ml2.drivers.ovn.mech_driver.mech_driver [None req-48daa772-f052-4500-b821-2ad69023ac82 - - - - - -] OVN reports status up for port: a55a2826-ceca-47e1-9f90-6458353e8e9a
2026-07-09 02:57:32.818 7 INFO neutron.plugins.ml2.plugin [None req-48daa772-f052-4500-b821-2ad69023ac82 - - - - - -] Attempt 1 to provision port a55a2826-ceca-47e1-9f90-6458353e8e9a
2026-07-09 02:57:32.854 7 INFO neutron.db.ovn_revision_numbers_db [None req-7844a0c4-4901-4c2d-ae2b-4e4e52dd8ce1 389664079aec44f39c09c07d4d8b1f8f 22b35c531a1d460b8973765eedd9cd91 - - default default] Successfully bumped revision number for resource a55a2826-ceca-47e1-9f90-6458353e8e9a (type: router_ports) to 1
2026-07-09 02:57:32.996 7 INFO neutron.db.ovn_revision_numbers_db [None req-7844a0c4-4901-4c2d-ae2b-4e4e52dd8ce1 389664079aec44f39c09c07d4d8b1f8f 22b35c531a1d460b8973765eedd9cd91 - - default default] Successfully bumped revision number for resource 7c072147-43e9-4745-8e79-09e61df9e780 (type: routers) to 2 [pid: 7|app: 0|req: 771/1581] 10.0.0.25 () {34 vars in 667 bytes} [Thu Jul 9 02:57:31 2026] POST /v2.0/routers => generated 986 bytes in 1842 msecs (HTTP/1.1 201) 4 headers in 162 bytes (1 switches on core 0)
2026-07-09 02:57:34.154 8 WARNING neutron.scheduler.dhcp_agent_scheduler [None req-a6b9cfd4-520c-400b-b5bd-f437e421e499 389664079aec44f39c09c07d4d8b1f8f 22b35c531a1d460b8973765eedd9cd91 - - default default] No more DHCP agents
2026-07-09 02:57:34.159 8 WARNING neutron.api.rpc.agentnotifiers.dhcp_rpc_agent_api [None req-a6b9cfd4-520c-400b-b5bd-f437e421e499 389664079aec44f39c09c07d4d8b1f8f 22b35c531a1d460b8973765eedd9cd91 - - default default] Unable to schedule network 35d92976-1cb9-4a5f-a25b-1d3ff6a486f9: no agents available; will retry on subsequent port and subnet creation events.
2026-07-09 02:57:34.429 8 INFO neutron.plugins.ml2.drivers.ovn.mech_driver.mech_driver [None req-74ba5e8f-628c-43c7-9051-827cf6d6128a - - - - - -] OVN reports status down for port: 7ae7a3ae-cef8-4adb-959c-0f0e5a5a5a0f
2026-07-09 02:57:34.562 8 INFO neutron.db.ovn_revision_numbers_db [None req-a6b9cfd4-520c-400b-b5bd-f437e421e499 389664079aec44f39c09c07d4d8b1f8f 22b35c531a1d460b8973765eedd9cd91 - - default default] Successfully bumped revision number for resource 7ae7a3ae-cef8-4adb-959c-0f0e5a5a5a0f (type: ports) to 1
2026-07-09 02:57:34.579 8 INFO neutron.db.ovn_revision_numbers_db [None req-ab2c3b9b-9601-4853-82dd-ea73c3be96ef - - - - - -] Successfully bumped revision number for resource a55a2826-ceca-47e1-9f90-6458353e8e9a (type: ports) to 4
2026-07-09 02:57:34.733 7 INFO neutron.db.ovn_revision_numbers_db [None req-345426e2-b4d4-486c-9acb-6f175e58e614 5145ce7b23374a1fb820c8b31892a122 f4bc53947069495d86b18c1f34f39d85 - - default default] Successfully bumped revision number for resource 3b637aba-6acc-4f4d-95fd-c2d9715468c6 (type: security_groups) to 1
2026-07-09 02:57:34.748 7 INFO neutron.db.ovn_revision_numbers_db [None req-345426e2-b4d4-486c-9acb-6f175e58e614 5145ce7b23374a1fb820c8b31892a122 f4bc53947069495d86b18c1f34f39d85 - - default default] Successfully bumped revision number for resource 00a472b0-14bc-4845-b5db-9aebe3b0dd61 (type: security_group_rules) to 0
2026-07-09 02:57:34.773 7 INFO neutron.db.ovn_revision_numbers_db [None req-345426e2-b4d4-486c-9acb-6f175e58e614 5145ce7b23374a1fb820c8b31892a122 f4bc53947069495d86b18c1f34f39d85 - - default default] Successfully bumped revision number for resource 43455792-64b1-4752-ac17-f6a9b3b88d9f (type: security_group_rules) to 0
2026-07-09 02:57:34.797 7 INFO neutron.db.ovn_revision_numbers_db [None req-345426e2-b4d4-486c-9acb-6f175e58e614 5145ce7b23374a1fb820c8b31892a122 f4bc53947069495d86b18c1f34f39d85 - - default default] Successfully bumped revision number for resource 56cdf180-dc4f-4016-a487-f17410e85006 (type: security_group_rules) to 0
2026-07-09 02:57:34.815 7 INFO neutron.db.ovn_revision_numbers_db [None req-345426e2-b4d4-486c-9acb-6f175e58e614 5145ce7b23374a1fb820c8b31892a122 f4bc53947069495d86b18c1f34f39d85 - - default default] Successfully bumped revision number for resource e66d273d-438d-46b8-8d28-c6290439afbf (type: security_group_rules) to 0
2026-07-09 02:57:34.910 7 INFO neutron.db.segments_db [None req-345426e2-b4d4-486c-9acb-6f175e58e614 5145ce7b23374a1fb820c8b31892a122 f4bc53947069495d86b18c1f34f39d85 - - default default] Added segment 6b80f6ef-ede7-4dbd-a4d6-cf798a124f7e of type geneve for network d6e7c310-22e9-41d6-b6b3-7f9ddbbc01c5
2026-07-09 02:57:35.063 7 INFO neutron.db.ovn_revision_numbers_db [None req-345426e2-b4d4-486c-9acb-6f175e58e614 5145ce7b23374a1fb820c8b31892a122 f4bc53947069495d86b18c1f34f39d85 - - default default] Successfully bumped revision number for resource d6e7c310-22e9-41d6-b6b3-7f9ddbbc01c5 (type: networks) to 1
2026-07-09 02:57:35.310 7 WARNING neutron.scheduler.dhcp_agent_scheduler [None req-345426e2-b4d4-486c-9acb-6f175e58e614 5145ce7b23374a1fb820c8b31892a122 f4bc53947069495d86b18c1f34f39d85 - - default default] No more DHCP agents
2026-07-09 02:57:35.312 7 WARNING neutron.api.rpc.agentnotifiers.dhcp_rpc_agent_api [None req-345426e2-b4d4-486c-9acb-6f175e58e614 5145ce7b23374a1fb820c8b31892a122 f4bc53947069495d86b18c1f34f39d85 - - default default] Unable to schedule network d6e7c310-22e9-41d6-b6b3-7f9ddbbc01c5: no agents available; will retry on subsequent port and subnet creation events.
2026-07-09 02:57:35.326 8 INFO neutron.db.ovn_revision_numbers_db [None req-ab2c3b9b-9601-4853-82dd-ea73c3be96ef - - - - - -] Successfully bumped revision number for resource a55a2826-ceca-47e1-9f90-6458353e8e9a (type: ports) to 5
2026-07-09 02:57:35.401 8 INFO neutron.plugins.ml2.drivers.ovn.mech_driver.mech_driver [None req-74ba5e8f-628c-43c7-9051-827cf6d6128a - - - - - -] OVN reports status down for port: ca23c5b3-71b9-41a0-aeab-714f1931ef77
2026-07-09 02:57:35.431 7 INFO neutron.db.ovn_revision_numbers_db [None req-345426e2-b4d4-486c-9acb-6f175e58e614 5145ce7b23374a1fb820c8b31892a122 f4bc53947069495d86b18c1f34f39d85 - - default default] Successfully bumped revision number for resource ca23c5b3-71b9-41a0-aeab-714f1931ef77 (type: ports) to 1 [pid: 7|app: 0|req: 772/1582] 10.0.0.25 () {34 vars in 668 bytes} [Thu Jul 9 02:57:34 2026] POST /v2.0/networks => generated 672 bytes in 1110 msecs (HTTP/1.1 201) 4 headers in 162 bytes (1 switches on core 0)
2026-07-09 02:57:35.505 7 WARNING neutron.db.securitygroups_db [None req-b5c7985e-b7dc-400c-9ba1-c1c468553182 389664079aec44f39c09c07d4d8b1f8f 22b35c531a1d460b8973765eedd9cd91 - - default default] project_id key not found in filters, using tenant_id instead. This support has been deprecated and will be removed in a future release.
2026-07-09 02:57:35.712 7 INFO neutron.db.ovn_revision_numbers_db [None req-b5c7985e-b7dc-400c-9ba1-c1c468553182 389664079aec44f39c09c07d4d8b1f8f 22b35c531a1d460b8973765eedd9cd91 - - default default] Successfully bumped revision number for resource 2d134c8f-57ea-4442-acff-a283c7fb8c7e (type: security_groups) to 1
2026-07-09 02:57:35.728 7 INFO neutron.db.ovn_revision_numbers_db [None req-b5c7985e-b7dc-400c-9ba1-c1c468553182 389664079aec44f39c09c07d4d8b1f8f 22b35c531a1d460b8973765eedd9cd91 - - default default] Successfully bumped revision number for resource 39308efd-6277-4f36-96fa-f90af8243ce9 (type: security_group_rules) to 0
2026-07-09 02:57:35.745 7 INFO neutron.db.ovn_revision_numbers_db [None req-b5c7985e-b7dc-400c-9ba1-c1c468553182 389664079aec44f39c09c07d4d8b1f8f 22b35c531a1d460b8973765eedd9cd91 - - default default] Successfully bumped revision number for resource 3f4452d5-78cd-4e0c-8af7-4ca6b368a476 (type: security_group_rules) to 0
2026-07-09 02:57:35.765 7 INFO neutron.db.ovn_revision_numbers_db [None req-b5c7985e-b7dc-400c-9ba1-c1c468553182 389664079aec44f39c09c07d4d8b1f8f 22b35c531a1d460b8973765eedd9cd91 - - default default] Successfully bumped revision number for resource 9dfbe247-5fcd-4b94-a5cb-b613bd8162a0 (type: security_group_rules) to 0
2026-07-09 02:57:35.783 7 INFO neutron.db.ovn_revision_numbers_db [None req-b5c7985e-b7dc-400c-9ba1-c1c468553182 389664079aec44f39c09c07d4d8b1f8f 22b35c531a1d460b8973765eedd9cd91 - - default default] Successfully bumped revision number for resource fec3b8ea-edc1-4401-a181-70a9035ff9ef (type: security_group_rules) to 0 [pid: 7|app: 0|req: 773/1583] 10.0.0.25 () {32 vars in 772 bytes} [Thu Jul 9 02:57:35 2026] GET /v2.0/security-groups?tenant_id=5271f629fcc14f249512759269eea6d3&name=default => generated 2925 bytes in 370 msecs (HTTP/1.1 200) 4 headers in 158 bytes (1 switches on core 0)
2026-07-09 02:57:35.926 8 INFO neutron.plugins.ml2.drivers.ovn.mech_driver.mech_driver [None req-74ba5e8f-628c-43c7-9051-827cf6d6128a - - - - - -] OVN reports status up for port: 7ae7a3ae-cef8-4adb-959c-0f0e5a5a5a0f
2026-07-09 02:57:35.932 7 INFO neutron.db.segments_db [None req-01f7db86-34f2-4d0a-9e6a-fa7212fd9c94 5145ce7b23374a1fb820c8b31892a122 f4bc53947069495d86b18c1f34f39d85 - - default default] Added segment 6454f896-af5c-486b-88c2-516eac2fe777 of type geneve for network f1b874d2-ce10-41d1-9d9c-55e24ddde7d0
2026-07-09 02:57:35.956 8 INFO neutron.plugins.ml2.plugin [None req-74ba5e8f-628c-43c7-9051-827cf6d6128a - - - - - -] Attempt 1 to provision port 7ae7a3ae-cef8-4adb-959c-0f0e5a5a5a0f
2026-07-09 02:57:36.048 7 INFO neutron.db.ovn_revision_numbers_db [None req-01f7db86-34f2-4d0a-9e6a-fa7212fd9c94 5145ce7b23374a1fb820c8b31892a122 f4bc53947069495d86b18c1f34f39d85 - - default default] Successfully bumped revision number for resource f1b874d2-ce10-41d1-9d9c-55e24ddde7d0 (type: networks) to 1
2026-07-09 02:57:36.095 8 WARNING neutron.scheduler.dhcp_agent_scheduler [None req-a6b9cfd4-520c-400b-b5bd-f437e421e499 389664079aec44f39c09c07d4d8b1f8f 22b35c531a1d460b8973765eedd9cd91 - - default default] No more DHCP agents
2026-07-09 02:57:36.099 8 WARNING neutron.api.rpc.agentnotifiers.dhcp_rpc_agent_api [None req-a6b9cfd4-520c-400b-b5bd-f437e421e499 389664079aec44f39c09c07d4d8b1f8f 22b35c531a1d460b8973765eedd9cd91 - - default default] Unable to schedule network 35d92976-1cb9-4a5f-a25b-1d3ff6a486f9: no agents available; will retry on subsequent port and subnet creation events.
2026-07-09 02:57:36.246 7 WARNING neutron.scheduler.dhcp_agent_scheduler [None req-01f7db86-34f2-4d0a-9e6a-fa7212fd9c94 5145ce7b23374a1fb820c8b31892a122 f4bc53947069495d86b18c1f34f39d85 - - default default] No more DHCP agents
2026-07-09 02:57:36.248 7 WARNING neutron.api.rpc.agentnotifiers.dhcp_rpc_agent_api [None req-01f7db86-34f2-4d0a-9e6a-fa7212fd9c94 5145ce7b23374a1fb820c8b31892a122 f4bc53947069495d86b18c1f34f39d85 - - default default] Unable to schedule network f1b874d2-ce10-41d1-9d9c-55e24ddde7d0: no agents available; will retry on subsequent port and subnet creation events.
2026-07-09 02:57:36.309 7 INFO neutron.plugins.ml2.drivers.ovn.mech_driver.mech_driver [None req-48daa772-f052-4500-b821-2ad69023ac82 - - - - - -] OVN reports status down for port: 46a17812-5df6-4918-a9db-8c85670866db
2026-07-09 02:57:36.394 7 INFO neutron.db.ovn_revision_numbers_db [None req-01f7db86-34f2-4d0a-9e6a-fa7212fd9c94 5145ce7b23374a1fb820c8b31892a122 f4bc53947069495d86b18c1f34f39d85 - - default default] Successfully bumped revision number for resource 46a17812-5df6-4918-a9db-8c85670866db (type: ports) to 1 [pid: 7|app: 0|req: 774/1584] 10.0.0.25 () {34 vars in 668 bytes} [Thu Jul 9 02:57:35 2026] POST /v2.0/networks => generated 672 bytes in 627 msecs (HTTP/1.1 201) 4 headers in 162 bytes (1 switches on core 0) [pid: 7|app: 0|req: 775/1585] 10.0.0.1 () {32 vars in 798 bytes} [Thu Jul 9 02:57:36 2026] GET /v2.0/extensions => generated 22668 bytes in 41 msecs (HTTP/1.1 200) 4 headers in 159 bytes (1 switches on core 0) [pid: 7|app: 0|req: 776/1586] 10.0.0.25 () {32 vars in 738 bytes} [Thu Jul 9 02:57:36 2026] DELETE /v2.0/security-groups/2d134c8f-57ea-4442-acff-a283c7fb8c7e => generated 0 bytes in 249 msecs (HTTP/1.1 204) 2 headers in 112 bytes (1 switches on core 0)
2026-07-09 02:57:36.856 8 INFO neutron.db.ovn_revision_numbers_db [None req-74ba5e8f-628c-43c7-9051-827cf6d6128a - - - - - -] Successfully bumped revision number for resource 7ae7a3ae-cef8-4adb-959c-0f0e5a5a5a0f (type: ports) to 2
2026-07-09 02:57:36.923 7 WARNING neutron.scheduler.dhcp_agent_scheduler [None req-670791ab-db96-4c69-bbf5-f0f66b0a5033 5145ce7b23374a1fb820c8b31892a122 f4bc53947069495d86b18c1f34f39d85 - - default default] No more DHCP agents
2026-07-09 02:57:36.924 7 WARNING neutron.api.rpc.agentnotifiers.dhcp_rpc_agent_api [None req-670791ab-db96-4c69-bbf5-f0f66b0a5033 5145ce7b23374a1fb820c8b31892a122 f4bc53947069495d86b18c1f34f39d85 - - default default] Unable to schedule network d6e7c310-22e9-41d6-b6b3-7f9ddbbc01c5: no agents available; will retry on subsequent port and subnet creation events.
2026-07-09 02:57:36.980 7 INFO neutron.db.ovn_revision_numbers_db [None req-670791ab-db96-4c69-bbf5-f0f66b0a5033 5145ce7b23374a1fb820c8b31892a122 f4bc53947069495d86b18c1f34f39d85 - - default default] Successfully bumped revision number for resource 688161ce-2bc4-4e12-b0ab-8408437cd552 (type: subnets) to 0 [pid: 7|app: 0|req: 777/1587] 10.0.0.25 () {34 vars in 667 bytes} [Thu Jul 9 02:57:36 2026] POST /v2.0/subnets => generated 646 bytes in 265 msecs (HTTP/1.1 201) 4 headers in 162 bytes (1 switches on core 0)
2026-07-09 02:57:37.062 7 INFO neutron.common.ovn.utils [None req-48daa772-f052-4500-b821-2ad69023ac82 - - - - - -] HA Chassis Group neutron-35d92976-1cb9-4a5f-a25b-1d3ff6a486f9 synchronized; highest priority chassis 742c0d08-fa9a-4d2f-b2f5-d378f41ef9cb
2026-07-09 02:57:37.185 8 INFO neutron.db.ovn_revision_numbers_db [None req-a6b9cfd4-520c-400b-b5bd-f437e421e499 389664079aec44f39c09c07d4d8b1f8f 22b35c531a1d460b8973765eedd9cd91 - - default default] Successfully bumped revision number for resource 7ae7a3ae-cef8-4adb-959c-0f0e5a5a5a0f (type: router_ports) to 1 [pid: 7|app: 0|req: 778/1588] 10.0.0.1 () {32 vars in 859 bytes} [Thu Jul 9 02:57:37 2026] GET /v2.0/quotas/bc6dc40bdfb0409c9a50097260ec8404/details => generated 904 bytes in 169 msecs (HTTP/1.1 200) 4 headers in 157 bytes (1 switches on core 0) [pid: 8|app: 0|req: 811/1590] 10.0.0.25 () {34 vars in 781 bytes} [Thu Jul 9 02:57:33 2026] PUT /v2.0/routers/7c072147-43e9-4745-8e79-09e61df9e780/add_router_interface => generated 310 bytes in 4151 msecs (HTTP/1.1 200) 4 headers in 157 bytes (1 switches on core 0)
2026-07-09 02:57:37.392 8 WARNING neutron.scheduler.dhcp_agent_scheduler [None req-03d16987-3921-4f7b-90d7-929010891707 5145ce7b23374a1fb820c8b31892a122 f4bc53947069495d86b18c1f34f39d85 - - default default] No more DHCP agents
2026-07-09 02:57:37.395 8 WARNING neutron.api.rpc.agentnotifiers.dhcp_rpc_agent_api [None req-03d16987-3921-4f7b-90d7-929010891707 5145ce7b23374a1fb820c8b31892a122 f4bc53947069495d86b18c1f34f39d85 - - default default] Unable to schedule network f1b874d2-ce10-41d1-9d9c-55e24ddde7d0: no agents available; will retry on subsequent port and subnet creation events.
2026-07-09 02:57:37.449 8 INFO neutron.db.ovn_revision_numbers_db [None req-03d16987-3921-4f7b-90d7-929010891707 5145ce7b23374a1fb820c8b31892a122 f4bc53947069495d86b18c1f34f39d85 - - default default] Successfully bumped revision number for resource 01a04511-f3d1-44c0-bab6-ccf3355e5860 (type: subnets) to 0 [pid: 8|app: 0|req: 812/1592] 10.0.0.25 () {34 vars in 667 bytes} [Thu Jul 9 02:57:37 2026] POST /v2.0/subnets => generated 655 bytes in 284 msecs (HTTP/1.1 201) 4 headers in 162 bytes (1 switches on core 0)
2026-07-09 02:57:37.643 7 INFO neutron.db.ovn_revision_numbers_db [None req-ba2a4f12-130f-4759-a145-0287fe5b1235 5145ce7b23374a1fb820c8b31892a122 f4bc53947069495d86b18c1f34f39d85 - - default default] Successfully bumped revision number for resource 1edfed0f-24bc-4262-9eac-e16906aa1291 (type: routers) to 1 [pid: 7|app: 0|req: 781/1593] 10.0.0.25 () {34 vars in 667 bytes} [Thu Jul 9 02:57:37 2026] POST /v2.0/routers => generated 628 bytes in 183 msecs (HTTP/1.1 201) 4 headers in 162 bytes (1 switches on core 0)
2026-07-09 02:57:38.114 8 WARNING neutron.scheduler.dhcp_agent_scheduler [None req-31d9c434-c42b-4eda-95d3-55f993467670 5145ce7b23374a1fb820c8b31892a122 f4bc53947069495d86b18c1f34f39d85 - - default default] No more DHCP agents
2026-07-09 02:57:38.115 8 WARNING neutron.api.rpc.agentnotifiers.dhcp_rpc_agent_api [None req-31d9c434-c42b-4eda-95d3-55f993467670 5145ce7b23374a1fb820c8b31892a122 f4bc53947069495d86b18c1f34f39d85 - - default default] Unable to schedule network d6e7c310-22e9-41d6-b6b3-7f9ddbbc01c5: no agents available; will retry on subsequent port and subnet creation events.
2026-07-09 02:57:38.269 8 INFO neutron.db.ovn_revision_numbers_db [None req-31d9c434-c42b-4eda-95d3-55f993467670 5145ce7b23374a1fb820c8b31892a122 f4bc53947069495d86b18c1f34f39d85 - - default default] Successfully bumped revision number for resource 1a778675-95f1-4a08-8a16-4a3ef829c472 (type: ports) to 1
2026-07-09 02:57:39.503 8 WARNING neutron.scheduler.dhcp_agent_scheduler [None req-31d9c434-c42b-4eda-95d3-55f993467670 5145ce7b23374a1fb820c8b31892a122 f4bc53947069495d86b18c1f34f39d85 - - default default] No more DHCP agents
2026-07-09 02:57:39.506 8 WARNING neutron.api.rpc.agentnotifiers.dhcp_rpc_agent_api [None req-31d9c434-c42b-4eda-95d3-55f993467670 5145ce7b23374a1fb820c8b31892a122 f4bc53947069495d86b18c1f34f39d85 - - default default] Unable to schedule network d6e7c310-22e9-41d6-b6b3-7f9ddbbc01c5: no agents available; will retry on subsequent port and subnet creation events. [pid: 7|app: 0|req: 782/1594] 10.0.0.205 () {34 vars in 981 bytes} [Thu Jul 9 02:57:39 2026] GET /v2.0/networks?id=35d92976-1cb9-4a5f-a25b-1d3ff6a486f9 => generated 710 bytes in 45 msecs (HTTP/1.1 200) 4 headers in 157 bytes (1 switches on core 0) [pid: 7|app: 0|req: 783/1595] 10.0.0.205 () {34 vars in 964 bytes} [Thu Jul 9 02:57:39 2026] GET /v2.0/quotas/3eb9af92fa9042d382d4b6367cc36f4b => generated 312 bytes in 31 msecs (HTTP/1.1 200) 4 headers in 157 bytes (1 switches on core 0) [pid: 7|app: 0|req: 784/1596] 10.0.0.205 () {34 vars in 1001 bytes} [Thu Jul 9 02:57:39 2026] GET /v2.0/ports?tenant_id=3eb9af92fa9042d382d4b6367cc36f4b&fields=id => generated 103 bytes in 74 msecs (HTTP/1.1 200) 4 headers in 157 bytes (1 switches on core 0)
2026-07-09 02:57:39.882 8 INFO neutron.db.ovn_revision_numbers_db [None req-31d9c434-c42b-4eda-95d3-55f993467670 5145ce7b23374a1fb820c8b31892a122 f4bc53947069495d86b18c1f34f39d85 - - default default] Successfully bumped revision number for resource 1a778675-95f1-4a08-8a16-4a3ef829c472 (type: router_ports) to 1 [pid: 8|app: 0|req: 813/1597] 10.0.0.25 () {34 vars in 781 bytes} [Thu Jul 9 02:57:37 2026] PUT /v2.0/routers/1edfed0f-24bc-4262-9eac-e16906aa1291/add_router_interface => generated 310 bytes in 2217 msecs (HTTP/1.1 200) 4 headers in 157 bytes (1 switches on core 0) [pid: 7|app: 0|req: 785/1598] 10.0.0.205 () {34 vars in 1007 bytes} [Thu Jul 9 02:57:39 2026] GET /v2.0/networks/35d92976-1cb9-4a5f-a25b-1d3ff6a486f9?fields=segments => generated 14 bytes in 61 msecs (HTTP/1.1 200) 4 headers in 156 bytes (1 switches on core 0) [pid: 7|app: 0|req: 786/1599] 10.0.0.205 () {34 vars in 1107 bytes} [Thu Jul 9 02:57:39 2026] GET /v2.0/networks/35d92976-1cb9-4a5f-a25b-1d3ff6a486f9?fields=provider%3Aphysical_network&fields=provider%3Anetwork_type => generated 79 bytes in 50 msecs (HTTP/1.1 200) 4 headers in 156 bytes (1 switches on core 0) [pid: 8|app: 0|req: 814/1600] 10.0.0.25 () {32 vars in 715 bytes} [Thu Jul 9 02:57:39 2026] GET /v2.0/ports/1a778675-95f1-4a08-8a16-4a3ef829c472 => generated 945 bytes in 85 msecs (HTTP/1.1 200) 4 headers in 157 bytes (1 switches on core 0) [pid: 8|app: 0|req: 815/1601] 10.0.0.205 () {34 vars in 1069 bytes} [Thu Jul 9 02:57:40 2026] GET /v2.0/ports?fields=security_groups&fields=device_id&device_id=28f8f4ae-10a3-4332-be2f-56f0346782e4 => generated 12 bytes in 19 msecs (HTTP/1.1 200) 4 headers in 156 bytes (1 switches on core 0)
2026-07-09 02:57:40.469 7 WARNING neutron.scheduler.dhcp_agent_scheduler [None req-8ea55f66-20ef-4d1a-ae48-246a8efb50c4 5145ce7b23374a1fb820c8b31892a122 f4bc53947069495d86b18c1f34f39d85 - - default default] No more DHCP agents
2026-07-09 02:57:40.475 7 WARNING neutron.api.rpc.agentnotifiers.dhcp_rpc_agent_api [None req-8ea55f66-20ef-4d1a-ae48-246a8efb50c4 5145ce7b23374a1fb820c8b31892a122 f4bc53947069495d86b18c1f34f39d85 - - default default] Unable to schedule network f1b874d2-ce10-41d1-9d9c-55e24ddde7d0: no agents available; will retry on subsequent port and subnet creation events.
2026-07-09 02:57:40.611 7 INFO neutron.plugins.ml2.drivers.ovn.mech_driver.mech_driver [None req-48daa772-f052-4500-b821-2ad69023ac82 - - - - - -] OVN reports status down for port: 4b33fe82-7561-4d97-b501-bc6ad10ac021 [pid: 8|app: 0|req: 816/1602] 10.0.0.1 () {32 vars in 798 bytes} [Thu Jul 9 02:57:40 2026] GET /v2.0/extensions => generated 22668 bytes in 7 msecs (HTTP/1.1 200) 4 headers in 159 bytes (1 switches on core 0)
2026-07-09 02:57:40.671 7 INFO neutron.db.ovn_revision_numbers_db [None req-8ea55f66-20ef-4d1a-ae48-246a8efb50c4 5145ce7b23374a1fb820c8b31892a122 f4bc53947069495d86b18c1f34f39d85 - - default default] Successfully bumped revision number for resource 4b33fe82-7561-4d97-b501-bc6ad10ac021 (type: ports) to 1 [pid: 8|app: 0|req: 817/1603] 10.0.0.1 () {32 vars in 859 bytes} [Thu Jul 9 02:57:40 2026] GET /v2.0/quotas/bc6dc40bdfb0409c9a50097260ec8404/details => generated 904 bytes in 113 msecs (HTTP/1.1 200) 4 headers in 157 bytes (1 switches on core 0) [pid: 8|app: 0|req: 818/1604] 10.0.0.205 () {34 vars in 1069 bytes} [Thu Jul 9 02:57:41 2026] GET /v2.0/ports?fields=security_groups&fields=device_id&device_id=28f8f4ae-10a3-4332-be2f-56f0346782e4 => generated 12 bytes in 30 msecs (HTTP/1.1 200) 4 headers in 156 bytes (1 switches on core 0)
2026-07-09 02:57:41.399 7 INFO neutron.plugins.ml2.drivers.ovn.mech_driver.mech_driver [None req-48daa772-f052-4500-b821-2ad69023ac82 - - - - - -] OVN reports status up for port: 4b33fe82-7561-4d97-b501-bc6ad10ac021
2026-07-09 02:57:41.428 7 INFO neutron.plugins.ml2.plugin [None req-48daa772-f052-4500-b821-2ad69023ac82 - - - - - -] Attempt 1 to provision port 4b33fe82-7561-4d97-b501-bc6ad10ac021
2026-07-09 02:57:41.593 7 WARNING neutron.scheduler.dhcp_agent_scheduler [None req-8ea55f66-20ef-4d1a-ae48-246a8efb50c4 5145ce7b23374a1fb820c8b31892a122 f4bc53947069495d86b18c1f34f39d85 - - default default] No more DHCP agents
2026-07-09 02:57:41.595 7 WARNING neutron.api.rpc.agentnotifiers.dhcp_rpc_agent_api [None req-8ea55f66-20ef-4d1a-ae48-246a8efb50c4 5145ce7b23374a1fb820c8b31892a122 f4bc53947069495d86b18c1f34f39d85 - - default default] Unable to schedule network f1b874d2-ce10-41d1-9d9c-55e24ddde7d0: no agents available; will retry on subsequent port and subnet creation events.
2026-07-09 02:57:41.809 8 WARNING neutron.plugins.ml2.drivers.ovn.mech_driver.ovsdb.ovn_client [None req-16408cd8-da51-4eed-b780-68067f98d510 - - - - - -] No hosting information found for port 7ae7a3ae-cef8-4adb-959c-0f0e5a5a5a0f: RuntimeError: No hosting information found for port 7ae7a3ae-cef8-4adb-959c-0f0e5a5a5a0f
2026-07-09 02:57:41.913 8 INFO neutron.db.ovn_revision_numbers_db [None req-16408cd8-da51-4eed-b780-68067f98d510 - - - - - -] Successfully bumped revision number for resource 7ae7a3ae-cef8-4adb-959c-0f0e5a5a5a0f (type: router_ports) to 2
2026-07-09 02:57:41.914 8 INFO neutron.plugins.ml2.drivers.ovn.mech_driver.mech_driver [None req-16408cd8-da51-4eed-b780-68067f98d510 - - - - - -] OVN reports status down for port: 1a778675-95f1-4a08-8a16-4a3ef829c472
2026-07-09 02:57:41.990 8 WARNING neutron.plugins.ml2.drivers.ovn.mech_driver.ovsdb.ovn_client [None req-16408cd8-da51-4eed-b780-68067f98d510 - - - - - -] Logical_Switch_Port 1a778675-95f1-4a08-8a16-4a3ef829c472 host information not removed, the port state is up
2026-07-09 02:57:41.991 8 INFO neutron.plugins.ml2.drivers.ovn.mech_driver.mech_driver [None req-16408cd8-da51-4eed-b780-68067f98d510 - - - - - -] OVN reports status up for port: 1a778675-95f1-4a08-8a16-4a3ef829c472
2026-07-09 02:57:42.006 8 INFO neutron.plugins.ml2.plugin [None req-16408cd8-da51-4eed-b780-68067f98d510 - - - - - -] Attempt 1 to provision port 1a778675-95f1-4a08-8a16-4a3ef829c472
2026-07-09 02:57:42.146 7 INFO neutron.db.ovn_revision_numbers_db [None req-8ea55f66-20ef-4d1a-ae48-246a8efb50c4 5145ce7b23374a1fb820c8b31892a122 f4bc53947069495d86b18c1f34f39d85 - - default default] Successfully bumped revision number for resource 4b33fe82-7561-4d97-b501-bc6ad10ac021 (type: router_ports) to 1 [pid: 7|app: 0|req: 787/1605] 10.0.0.25 () {34 vars in 781 bytes} [Thu Jul 9 02:57:39 2026] PUT /v2.0/routers/1edfed0f-24bc-4262-9eac-e16906aa1291/add_router_interface => generated 310 bytes in 2170 msecs (HTTP/1.1 200) 4 headers in 157 bytes (1 switches on core 0)
2026-07-09 02:57:42.330 7 INFO neutron.db.ovn_revision_numbers_db [None req-48daa772-f052-4500-b821-2ad69023ac82 - - - - - -] Successfully bumped revision number for resource 4b33fe82-7561-4d97-b501-bc6ad10ac021 (type: ports) to 2 [pid: 8|app: 0|req: 819/1606] 10.0.0.25 () {32 vars in 715 bytes} [Thu Jul 9 02:57:42 2026] GET /v2.0/ports/4b33fe82-7561-4d97-b501-bc6ad10ac021 => generated 955 bytes in 182 msecs (HTTP/1.1 200) 4 headers in 157 bytes (1 switches on core 0) [pid: 7|app: 0|req: 788/1607] 10.0.0.205 () {34 vars in 1069 bytes} [Thu Jul 9 02:57:42 2026] GET /v2.0/ports?fields=security_groups&fields=device_id&device_id=28f8f4ae-10a3-4332-be2f-56f0346782e4 => generated 12 bytes in 39 msecs (HTTP/1.1 200) 4 headers in 156 bytes (1 switches on core 0) [pid: 8|app: 0|req: 820/1608] 10.0.0.25 () {32 vars in 715 bytes} [Thu Jul 9 02:57:42 2026] GET /v2.0/ports/4b33fe82-7561-4d97-b501-bc6ad10ac021 => generated 955 bytes in 76 msecs (HTTP/1.1 200) 4 headers in 157 bytes (1 switches on core 0)
2026-07-09 02:57:42.638 8 INFO neutron.db.ovn_revision_numbers_db [None req-16408cd8-da51-4eed-b780-68067f98d510 - - - - - -] Successfully bumped revision number for resource 1a778675-95f1-4a08-8a16-4a3ef829c472 (type: ports) to 2
2026-07-09 02:57:42.778 7 INFO neutron_taas.services.taas.taas_plugin [None req-76c14ee8-0e71-4d9a-911a-04caafd3765b 5145ce7b23374a1fb820c8b31892a122 f4bc53947069495d86b18c1f34f39d85 - - default default] TaaS: Handle Delete Port: 4b33fe82-7561-4d97-b501-bc6ad10ac021
2026-07-09 02:57:42.781 7 INFO neutron_taas.services.taas.tap_mirror_plugin [None req-76c14ee8-0e71-4d9a-911a-04caafd3765b 5145ce7b23374a1fb820c8b31892a122 f4bc53947069495d86b18c1f34f39d85 - - default default] Tap Mirror: Handle Delete Port: 4b33fe82-7561-4d97-b501-bc6ad10ac021 [pid: 7|app: 0|req: 789/1609] 10.0.0.25 () {34 vars in 787 bytes} [Thu Jul 9 02:57:42 2026] PUT /v2.0/routers/1edfed0f-24bc-4262-9eac-e16906aa1291/remove_router_interface => generated 310 bytes in 776 msecs (HTTP/1.1 200) 4 headers in 157 bytes (1 switches on core 0) [pid: 8|app: 0|req: 821/1610] 10.0.0.25 () {32 vars in 715 bytes} [Thu Jul 9 02:57:43 2026] GET /v2.0/ports/1a778675-95f1-4a08-8a16-4a3ef829c472 => generated 947 bytes in 51 msecs (HTTP/1.1 200) 4 headers in 157 bytes (1 switches on core 0) /var/lib/openstack/lib/python3.12/site-packages/pycadf/identifier.py:70: UserWarning: Invalid uuid: neutron. To ensure interoperability, identifiers should be a valid uuid. warnings.warn(('Invalid uuid: %s. To ensure interoperability, ' [pid: 8|app: 0|req: 822/1611] 10.0.0.205 () {34 vars in 1069 bytes} [Thu Jul 9 02:57:43 2026] GET /v2.0/ports?fields=security_groups&fields=device_id&device_id=28f8f4ae-10a3-4332-be2f-56f0346782e4 => generated 12 bytes in 23 msecs (HTTP/1.1 200) 4 headers in 156 bytes (1 switches on core 0)
2026-07-09 02:57:43.666 7 INFO neutron_taas.services.taas.taas_plugin [None req-3cb8b8bd-915d-49df-8870-3bc9a9ec76ad 5145ce7b23374a1fb820c8b31892a122 f4bc53947069495d86b18c1f34f39d85 - - default default] TaaS: Handle Delete Port: 1a778675-95f1-4a08-8a16-4a3ef829c472
