2026-07-09 02:58:35.199 8 WARNING neutron.db.securitygroups_db [None req-168debdc-1213-4db9-b864-6cbf0f1cad60 389664079aec44f39c09c07d4d8b1f8f 22b35c531a1d460b8973765eedd9cd91 - - default default] project_id key not found in filters, using tenant_id instead. This support has been deprecated and will be removed in a future release. [pid: 8|app: 0|req: 992/1998] 10.0.0.25 () {32 vars in 772 bytes} [Thu Jul 9 02:58:35 2026] GET /v2.0/security-groups?tenant_id=687d95f261294c40a4161d51cccba12a&name=default => generated 2925 bytes in 30 msecs (HTTP/1.1 200) 4 headers in 158 bytes (1 switches on core 0) [pid: 7|app: 0|req: 1007/1999] 10.0.0.25 () {34 vars in 787 bytes} [Thu Jul 9 02:58:34 2026] PUT /v2.0/routers/448a84cb-f180-48de-a375-8cc20ad4fc8b/remove_router_interface => generated 310 bytes in 976 msecs (HTTP/1.1 200) 4 headers in 157 bytes (1 switches on core 0) /var/lib/openstack/lib/python3.12/site-packages/pycadf/identifier.py:70: UserWarning: Invalid uuid: neutron. To ensure interoperability, identifiers should be a valid uuid. warnings.warn(('Invalid uuid: %s. To ensure interoperability, ' [pid: 8|app: 0|req: 993/2000] 10.0.0.25 () {32 vars in 722 bytes} [Thu Jul 9 02:58:35 2026] DELETE /v2.0/subnets/f0850aef-7a7c-4ab2-8773-69dfdf70b648 => generated 0 bytes in 222 msecs (HTTP/1.1 204) 3 headers in 131 bytes (1 switches on core 0) [pid: 7|app: 0|req: 1008/2001] 10.0.0.25 () {32 vars in 738 bytes} [Thu Jul 9 02:58:35 2026] DELETE /v2.0/security-groups/01813bf8-2501-43c4-9938-cc33ce9f9e31 => generated 0 bytes in 242 msecs (HTTP/1.1 204) 2 headers in 112 bytes (1 switches on core 0) [pid: 8|app: 0|req: 994/2002] 10.0.0.25 () {32 vars in 722 bytes} [Thu Jul 9 02:58:35 2026] DELETE /v2.0/subnets/86816bf6-69b7-4c79-a3b2-872b6ffa5177 => generated 0 bytes in 206 msecs (HTTP/1.1 204) 3 headers in 131 bytes (1 switches on core 0) [pid: 8|app: 0|req: 995/2003] 10.0.0.25 () {32 vars in 722 bytes} [Thu Jul 9 02:58:35 2026] DELETE /v2.0/subnets/8d68256d-f8fb-4fff-a2e8-6200f7593cfa => generated 0 bytes in 192 msecs (HTTP/1.1 204) 3 headers in 131 bytes (1 switches on core 0)
2026-07-09 02:58:35.985 7 INFO neutron.db.ovn_revision_numbers_db [None req-fc10b6bc-4ccf-4de5-a1b8-ad5f2bba7632 389664079aec44f39c09c07d4d8b1f8f 22b35c531a1d460b8973765eedd9cd91 - - default default] Successfully bumped revision number for resource beedb3cf-9263-4556-8848-c2234e399067 (type: security_groups) to 1
2026-07-09 02:58:36.005 7 INFO neutron.db.ovn_revision_numbers_db [None req-fc10b6bc-4ccf-4de5-a1b8-ad5f2bba7632 389664079aec44f39c09c07d4d8b1f8f 22b35c531a1d460b8973765eedd9cd91 - - default default] Successfully bumped revision number for resource 57915e7a-6408-4fb6-a314-d424b5a58a93 (type: security_group_rules) to 0
2026-07-09 02:58:36.023 7 INFO neutron.db.ovn_revision_numbers_db [None req-fc10b6bc-4ccf-4de5-a1b8-ad5f2bba7632 389664079aec44f39c09c07d4d8b1f8f 22b35c531a1d460b8973765eedd9cd91 - - default default] Successfully bumped revision number for resource 607bbeee-7469-4e0a-8240-6d02729b5fa8 (type: security_group_rules) to 0
2026-07-09 02:58:36.040 7 INFO neutron.db.ovn_revision_numbers_db [None req-fc10b6bc-4ccf-4de5-a1b8-ad5f2bba7632 389664079aec44f39c09c07d4d8b1f8f 22b35c531a1d460b8973765eedd9cd91 - - default default] Successfully bumped revision number for resource b1a75641-e7e5-4d83-ae0e-4c633fd2e9d8 (type: security_group_rules) to 0
2026-07-09 02:58:36.065 7 INFO neutron.db.ovn_revision_numbers_db [None req-fc10b6bc-4ccf-4de5-a1b8-ad5f2bba7632 389664079aec44f39c09c07d4d8b1f8f 22b35c531a1d460b8973765eedd9cd91 - - default default] Successfully bumped revision number for resource d5e55df6-1ff3-4513-aeae-cc7b46608ba4 (type: security_group_rules) to 0
2026-07-09 02:58:36.158 7 INFO neutron.db.segments_db [None req-fc10b6bc-4ccf-4de5-a1b8-ad5f2bba7632 389664079aec44f39c09c07d4d8b1f8f 22b35c531a1d460b8973765eedd9cd91 - - default default] Added segment ef094992-0a1f-4a58-9a70-51e2b70868b7 of type geneve for network cb0345cd-64db-4afc-b6e8-5167955b6c15
2026-07-09 02:58:36.307 8 INFO neutron_taas.services.taas.taas_plugin [None req-630f282b-ffe4-449e-9917-d0552ea7a858 88cfc7d609c4406abf51396352b07454 9f0398355c3b4f50b361b90fe6331e17 - - default default] TaaS: Handle Delete Port: 963b3971-b89b-4f5e-9e83-7ab6a5b934d6
2026-07-09 02:58:36.324 8 INFO neutron_taas.services.taas.tap_mirror_plugin [None req-630f282b-ffe4-449e-9917-d0552ea7a858 88cfc7d609c4406abf51396352b07454 9f0398355c3b4f50b361b90fe6331e17 - - default default] Tap Mirror: Handle Delete Port: 963b3971-b89b-4f5e-9e83-7ab6a5b934d6
2026-07-09 02:58:36.333 7 INFO neutron.db.ovn_revision_numbers_db [None req-fc10b6bc-4ccf-4de5-a1b8-ad5f2bba7632 389664079aec44f39c09c07d4d8b1f8f 22b35c531a1d460b8973765eedd9cd91 - - default default] Successfully bumped revision number for resource cb0345cd-64db-4afc-b6e8-5167955b6c15 (type: networks) to 1
2026-07-09 02:58:36.596 7 WARNING neutron.scheduler.dhcp_agent_scheduler [None req-fc10b6bc-4ccf-4de5-a1b8-ad5f2bba7632 389664079aec44f39c09c07d4d8b1f8f 22b35c531a1d460b8973765eedd9cd91 - - default default] No more DHCP agents
2026-07-09 02:58:36.601 7 WARNING neutron.api.rpc.agentnotifiers.dhcp_rpc_agent_api [None req-fc10b6bc-4ccf-4de5-a1b8-ad5f2bba7632 389664079aec44f39c09c07d4d8b1f8f 22b35c531a1d460b8973765eedd9cd91 - - default default] Unable to schedule network cb0345cd-64db-4afc-b6e8-5167955b6c15: no agents available; will retry on subsequent port and subnet creation events.
2026-07-09 02:58:36.709 8 INFO neutron.plugins.ml2.drivers.ovn.mech_driver.mech_driver [None req-5b37cad1-9766-4e70-80d8-293272609fdb - - - - - -] OVN reports status down for port: 89cf8296-c382-4a7d-ac67-91c48cc3fdbe
2026-07-09 02:58:36.723 7 INFO neutron.db.ovn_revision_numbers_db [None req-fc10b6bc-4ccf-4de5-a1b8-ad5f2bba7632 389664079aec44f39c09c07d4d8b1f8f 22b35c531a1d460b8973765eedd9cd91 - - default default] Successfully bumped revision number for resource 89cf8296-c382-4a7d-ac67-91c48cc3fdbe (type: ports) to 1 [pid: 7|app: 0|req: 1009/2004] 10.0.0.25 () {34 vars in 669 bytes} [Thu Jul 9 02:58:35 2026] POST /v2.0/networks => generated 781 bytes in 1238 msecs (HTTP/1.1 201) 4 headers in 162 bytes (1 switches on core 0) [pid: 7|app: 0|req: 1010/2005] 10.0.0.25 () {32 vars in 722 bytes} [Thu Jul 9 02:58:36 2026] DELETE /v2.0/subnets/37dee513-75f4-4b94-ab3d-026a15766e57 => generated 0 bytes in 234 msecs (HTTP/1.1 204) 3 headers in 131 bytes (1 switches on core 0) [pid: 8|app: 0|req: 996/2006] 10.0.0.25 () {32 vars in 722 bytes} [Thu Jul 9 02:58:35 2026] DELETE /v2.0/routers/448a84cb-f180-48de-a375-8cc20ad4fc8b => generated 0 bytes in 1187 msecs (HTTP/1.1 204) 2 headers in 112 bytes (1 switches on core 0)
2026-07-09 02:58:37.210 7 WARNING neutron.scheduler.dhcp_agent_scheduler [None req-50f4c721-71e9-40c5-a820-861224340ade 389664079aec44f39c09c07d4d8b1f8f 22b35c531a1d460b8973765eedd9cd91 - - default default] No more DHCP agents
2026-07-09 02:58:37.211 7 WARNING neutron.api.rpc.agentnotifiers.dhcp_rpc_agent_api [None req-50f4c721-71e9-40c5-a820-861224340ade 389664079aec44f39c09c07d4d8b1f8f 22b35c531a1d460b8973765eedd9cd91 - - default default] Unable to schedule network cb0345cd-64db-4afc-b6e8-5167955b6c15: no agents available; will retry on subsequent port and subnet creation events. [pid: 8|app: 0|req: 999/2009] 10.0.0.25 () {32 vars in 722 bytes} [Thu Jul 9 02:58:37 2026] DELETE /v2.0/subnets/43cd429f-fc8a-4ad7-a35e-21513f05f597 => generated 0 bytes in 213 msecs (HTTP/1.1 204) 3 headers in 131 bytes (1 switches on core 0)
2026-07-09 02:58:37.424 8 INFO neutron_taas.services.taas.taas_plugin [None req-38df704d-d4ad-412c-9f12-8ee676f616aa 88cfc7d609c4406abf51396352b07454 9f0398355c3b4f50b361b90fe6331e17 - - default default] TaaS: Handle Delete Port: b2f49320-2180-410f-9f6c-c2cb59095711
2026-07-09 02:58:37.434 8 INFO neutron_taas.services.taas.tap_mirror_plugin [None req-38df704d-d4ad-412c-9f12-8ee676f616aa 88cfc7d609c4406abf51396352b07454 9f0398355c3b4f50b361b90fe6331e17 - - default default] Tap Mirror: Handle Delete Port: b2f49320-2180-410f-9f6c-c2cb59095711
2026-07-09 02:58:37.660 8 INFO neutron.services.segments.plugin [-] Segment c1a97d6d-5cb8-4a33-a0d8-0f0ecf3bafb5 resource provider aggregate not found
2026-07-09 02:58:37.666 8 INFO neutron.services.segments.plugin [-] Segment c1a97d6d-5cb8-4a33-a0d8-0f0ecf3bafb5 resource provider aggregate not found
2026-07-09 02:58:37.687 8 INFO neutron.services.segments.plugin [-] Client error retrieving segment c1a97d6d-5cb8-4a33-a0d8-0f0ecf3bafb5 resource provider; error: Placement Client Error (4xx): {"errors": [{"status": 404, "title": "Not Found", "detail": "The resource could not be found.\n\n No resource provider with uuid c1a97d6d-5cb8-4a33-a0d8-0f0ecf3bafb5 found for delete ", "request_id": "req-3609fb78-0edf-40df-a7f1-8cf89a0040f9"}]}
2026-07-09 02:58:37.688 8 INFO neutron.services.segments.plugin [-] Client error retrieving segment c1a97d6d-5cb8-4a33-a0d8-0f0ecf3bafb5 resource provider; error: Placement Client Error (4xx): {"errors": [{"status": 404, "title": "Not Found", "detail": "The resource could not be found.\n\n No resource provider with uuid c1a97d6d-5cb8-4a33-a0d8-0f0ecf3bafb5 found for delete ", "request_id": "req-6dadc8cd-fec3-4a83-9a0b-148ab6487da4"}]} [pid: 8|app: 0|req: 1000/2010] 10.0.0.25 () {32 vars in 724 bytes} [Thu Jul 9 02:58:37 2026] DELETE /v2.0/networks/ae68abaf-2046-49ea-92ae-88570487e32f => generated 0 bytes in 475 msecs (HTTP/1.1 204) 3 headers in 131 bytes (1 switches on core 0)
2026-07-09 02:58:37.891 7 INFO neutron.db.ovn_revision_numbers_db [None req-50f4c721-71e9-40c5-a820-861224340ade 389664079aec44f39c09c07d4d8b1f8f 22b35c531a1d460b8973765eedd9cd91 - - default default] Successfully bumped revision number for resource 89cf8296-c382-4a7d-ac67-91c48cc3fdbe (type: ports) to 2
2026-07-09 02:58:37.907 8 INFO neutron_taas.services.taas.taas_plugin [None req-8d5a279d-3494-4cf8-98cd-3eea1b2c5eee 473ab9b94f7d490abea2b9654b6596ee ac8e4dcfea314739b1620ba778063a1a - - default default] TaaS: Handle Delete Port: 1f5dc9ba-f324-4f7c-93dc-9f392c7c5f6a
2026-07-09 02:58:37.910 8 INFO neutron_taas.services.taas.tap_mirror_plugin [None req-8d5a279d-3494-4cf8-98cd-3eea1b2c5eee 473ab9b94f7d490abea2b9654b6596ee ac8e4dcfea314739b1620ba778063a1a - - default default] Tap Mirror: Handle Delete Port: 1f5dc9ba-f324-4f7c-93dc-9f392c7c5f6a
2026-07-09 02:58:37.945 7 INFO neutron.db.ovn_revision_numbers_db [None req-50f4c721-71e9-40c5-a820-861224340ade 389664079aec44f39c09c07d4d8b1f8f 22b35c531a1d460b8973765eedd9cd91 - - default default] Successfully bumped revision number for resource 509a2471-66df-4cd7-909d-d64eaa5c0bdb (type: subnets) to 0 [pid: 7|app: 0|req: 1011/2011] 10.0.0.25 () {34 vars in 667 bytes} [Thu Jul 9 02:58:36 2026] POST /v2.0/subnets => generated 687 bytes in 971 msecs (HTTP/1.1 201) 4 headers in 162 bytes (1 switches on core 0) [pid: 8|app: 0|req: 1001/2012] 10.0.0.25 () {32 vars in 724 bytes} [Thu Jul 9 02:58:37 2026] DELETE /v2.0/networks/499f8201-7a9d-4cac-bda9-5cccdbe31823 => generated 0 bytes in 439 msecs (HTTP/1.1 204) 3 headers in 131 bytes (1 switches on core 0)
2026-07-09 02:58:38.320 8 INFO neutron_taas.services.taas.taas_plugin [None req-88f22499-8f70-4a83-82b2-0881f62b8a62 473ab9b94f7d490abea2b9654b6596ee ac8e4dcfea314739b1620ba778063a1a - - default default] TaaS: Handle Delete Port: 80f9fbd7-b15b-4e8a-8c74-d4c99768937e
2026-07-09 02:58:38.323 8 INFO neutron_taas.services.taas.tap_mirror_plugin [None req-88f22499-8f70-4a83-82b2-0881f62b8a62 473ab9b94f7d490abea2b9654b6596ee ac8e4dcfea314739b1620ba778063a1a - - default default] Tap Mirror: Handle Delete Port: 80f9fbd7-b15b-4e8a-8c74-d4c99768937e
2026-07-09 02:58:38.503 7 WARNING neutron.scheduler.dhcp_agent_scheduler [None req-991ac35a-5054-427d-b381-b8fe77333f16 389664079aec44f39c09c07d4d8b1f8f 22b35c531a1d460b8973765eedd9cd91 - - default default] No more DHCP agents
2026-07-09 02:58:38.504 7 WARNING neutron.api.rpc.agentnotifiers.dhcp_rpc_agent_api [None req-991ac35a-5054-427d-b381-b8fe77333f16 389664079aec44f39c09c07d4d8b1f8f 22b35c531a1d460b8973765eedd9cd91 - - default default] Unable to schedule network d166394a-9ed2-4a9a-8c6d-aae40a63a898: no agents available; will retry on subsequent port and subnet creation events.
2026-07-09 02:58:38.698 8 INFO neutron.plugins.ml2.drivers.ovn.mech_driver.mech_driver [None req-5b37cad1-9766-4e70-80d8-293272609fdb - - - - - -] OVN reports status down for port: 8ea97542-7219-4a32-bcf8-ccd7f471bed7 [pid: 8|app: 0|req: 1002/2013] 10.0.0.25 () {32 vars in 724 bytes} [Thu Jul 9 02:58:38 2026] DELETE /v2.0/networks/3e90c90f-72cc-48f8-9b45-a213020e5c08 => generated 0 bytes in 541 msecs (HTTP/1.1 204) 3 headers in 131 bytes (1 switches on core 0)
2026-07-09 02:58:38.729 7 INFO neutron.db.ovn_revision_numbers_db [None req-991ac35a-5054-427d-b381-b8fe77333f16 389664079aec44f39c09c07d4d8b1f8f 22b35c531a1d460b8973765eedd9cd91 - - default default] Successfully bumped revision number for resource 8ea97542-7219-4a32-bcf8-ccd7f471bed7 (type: ports) to 1
2026-07-09 02:58:38.963 8 WARNING neutron.db.securitygroups_db [None req-09bba173-4e44-4284-bc71-66c2c704a962 389664079aec44f39c09c07d4d8b1f8f 22b35c531a1d460b8973765eedd9cd91 - - default default] project_id key not found in filters, using tenant_id instead. This support has been deprecated and will be removed in a future release. [pid: 8|app: 0|req: 1003/2014] 10.0.0.25 () {32 vars in 772 bytes} [Thu Jul 9 02:58:38 2026] GET /v2.0/security-groups?tenant_id=9f0398355c3b4f50b361b90fe6331e17&name=default => generated 2925 bytes in 287 msecs (HTTP/1.1 200) 4 headers in 158 bytes (1 switches on core 0)
2026-07-09 02:58:39.132 8 INFO neutron_taas.services.taas.taas_plugin [None req-588a0612-f6c1-42d7-b522-2ebfbcdae10a 473ab9b94f7d490abea2b9654b6596ee ac8e4dcfea314739b1620ba778063a1a - - default default] TaaS: Handle Delete Port: b1a8042d-9769-49b9-9458-9bdb689c6acf
2026-07-09 02:58:39.137 8 INFO neutron_taas.services.taas.tap_mirror_plugin [None req-588a0612-f6c1-42d7-b522-2ebfbcdae10a 473ab9b94f7d490abea2b9654b6596ee ac8e4dcfea314739b1620ba778063a1a - - default default] Tap Mirror: Handle Delete Port: b1a8042d-9769-49b9-9458-9bdb689c6acf
2026-07-09 02:58:39.438 7 INFO neutron.plugins.ml2.drivers.ovn.mech_driver.ovsdb.ovsdb_monitor [None req-59b86db0-9460-4336-ba57-f6656a0bb4e1 - - - - - -] Router 932c7ebb-7563-4684-99b9-fc00bd96d49a is bound to host instance
2026-07-09 02:58:39.439 8 INFO neutron.plugins.ml2.drivers.ovn.mech_driver.mech_driver [None req-5b37cad1-9766-4e70-80d8-293272609fdb - - - - - -] OVN reports status up for port: 8ea97542-7219-4a32-bcf8-ccd7f471bed7
2026-07-09 02:58:39.439 7 INFO neutron.db.ovn_revision_numbers_db [None req-991ac35a-5054-427d-b381-b8fe77333f16 389664079aec44f39c09c07d4d8b1f8f 22b35c531a1d460b8973765eedd9cd91 - - default default] Successfully bumped revision number for resource 8ea97542-7219-4a32-bcf8-ccd7f471bed7 (type: router_ports) to 1
2026-07-09 02:58:39.460 8 INFO neutron.plugins.ml2.plugin [None req-5b37cad1-9766-4e70-80d8-293272609fdb - - - - - -] Attempt 1 to provision port 8ea97542-7219-4a32-bcf8-ccd7f471bed7 [pid: 8|app: 0|req: 1004/2015] 10.0.0.25 () {32 vars in 724 bytes} [Thu Jul 9 02:58:39 2026] DELETE /v2.0/networks/79180ef3-6068-4e6f-a43a-e66d63335f45 => generated 0 bytes in 482 msecs (HTTP/1.1 204) 3 headers in 131 bytes (1 switches on core 0)
2026-07-09 02:58:39.634 7 INFO neutron.db.ovn_revision_numbers_db [None req-991ac35a-5054-427d-b381-b8fe77333f16 389664079aec44f39c09c07d4d8b1f8f 22b35c531a1d460b8973765eedd9cd91 - - default default] Successfully bumped revision number for resource 932c7ebb-7563-4684-99b9-fc00bd96d49a (type: routers) to 2 [pid: 7|app: 0|req: 1012/2016] 10.0.0.25 () {34 vars in 667 bytes} [Thu Jul 9 02:58:37 2026] POST /v2.0/routers => generated 986 bytes in 1709 msecs (HTTP/1.1 201) 4 headers in 162 bytes (1 switches on core 0)
2026-07-09 02:58:39.712 8 INFO neutron.services.segments.plugin [-] Segment e6026429-6981-4444-b224-daa7a79fe22a resource provider aggregate not found
2026-07-09 02:58:39.714 8 INFO neutron.services.segments.plugin [-] Segment e6026429-6981-4444-b224-daa7a79fe22a resource provider aggregate not found
2026-07-09 02:58:39.736 8 INFO neutron.services.segments.plugin [-] Client error retrieving segment e6026429-6981-4444-b224-daa7a79fe22a resource provider; error: Placement Client Error (4xx): {"errors": [{"status": 404, "title": "Not Found", "detail": "The resource could not be found.\n\n No resource provider with uuid e6026429-6981-4444-b224-daa7a79fe22a found for delete ", "request_id": "req-20c0af6b-043e-4837-be5d-0a769cc4bb8c"}]}
2026-07-09 02:58:39.742 8 INFO neutron.services.segments.plugin [-] Client error retrieving segment e6026429-6981-4444-b224-daa7a79fe22a resource provider; error: Placement Client Error (4xx): {"errors": [{"status": 404, "title": "Not Found", "detail": "The resource could not be found.\n\n No resource provider with uuid e6026429-6981-4444-b224-daa7a79fe22a found for delete ", "request_id": "req-92fa1fcb-abfc-4f75-b06d-527ac41539c0"}]}
2026-07-09 02:58:39.763 8 INFO neutron.services.segments.plugin [-] Segment ead28cea-4e95-4b70-a58d-dc6edd5fa092 resource provider aggregate not found
2026-07-09 02:58:39.766 8 INFO neutron.services.segments.plugin [-] Segment ead28cea-4e95-4b70-a58d-dc6edd5fa092 resource provider aggregate not found
2026-07-09 02:58:39.784 8 INFO neutron.services.segments.plugin [-] Client error retrieving segment ead28cea-4e95-4b70-a58d-dc6edd5fa092 resource provider; error: Placement Client Error (4xx): {"errors": [{"status": 404, "title": "Not Found", "detail": "The resource could not be found.\n\n No resource provider with uuid ead28cea-4e95-4b70-a58d-dc6edd5fa092 found for delete ", "request_id": "req-6ec768ab-32de-4132-ba9d-6862654ceacc"}]}
2026-07-09 02:58:39.790 8 INFO neutron.services.segments.plugin [-] Client error retrieving segment ead28cea-4e95-4b70-a58d-dc6edd5fa092 resource provider; error: Placement Client Error (4xx): {"errors": [{"status": 404, "title": "Not Found", "detail": "The resource could not be found.\n\n No resource provider with uuid ead28cea-4e95-4b70-a58d-dc6edd5fa092 found for delete ", "request_id": "req-f0f76df5-c3b2-4a5b-ab40-418762096c3a"}]}
2026-07-09 02:58:39.812 8 INFO neutron.services.segments.plugin [-] Segment 9388ee69-8e04-4ccd-a0df-c8dd6e5b92d4 resource provider aggregate not found
2026-07-09 02:58:39.817 8 INFO neutron.services.segments.plugin [-] Segment 9388ee69-8e04-4ccd-a0df-c8dd6e5b92d4 resource provider aggregate not found
2026-07-09 02:58:39.835 8 INFO neutron.services.segments.plugin [-] Client error retrieving segment 9388ee69-8e04-4ccd-a0df-c8dd6e5b92d4 resource provider; error: Placement Client Error (4xx): {"errors": [{"status": 404, "title": "Not Found", "detail": "The resource could not be found.\n\n No resource provider with uuid 9388ee69-8e04-4ccd-a0df-c8dd6e5b92d4 found for delete ", "request_id": "req-70293281-c0f0-4d95-9d89-d94b1b865334"}]}
2026-07-09 02:58:39.841 8 INFO neutron.services.segments.plugin [-] Client error retrieving segment 9388ee69-8e04-4ccd-a0df-c8dd6e5b92d4 resource provider; error: Placement Client Error (4xx): {"errors": [{"status": 404, "title": "Not Found", "detail": "The resource could not be found.\n\n No resource provider with uuid 9388ee69-8e04-4ccd-a0df-c8dd6e5b92d4 found for delete ", "request_id": "req-7b851f0b-9b86-47e1-b6ec-83b1326e4e90"}]} [pid: 8|app: 0|req: 1005/2017] 10.0.0.25 () {32 vars in 738 bytes} [Thu Jul 9 02:58:39 2026] DELETE /v2.0/security-groups/f6ef0b39-aa36-4bef-b0c4-8f8d131ec0af => generated 0 bytes in 367 msecs (HTTP/1.1 204) 2 headers in 112 bytes (1 switches on core 0) [pid: 7|app: 0|req: 1013/2018] 10.0.0.25 () {34 vars in 676 bytes} [Thu Jul 9 02:58:39 2026] POST /v2.0/qos/policies => generated 359 bytes in 184 msecs (HTTP/1.1 201) 4 headers in 162 bytes (1 switches on core 0)
2026-07-09 02:58:39.990 8 INFO neutron_taas.services.taas.taas_plugin [None req-aa6866ce-74b8-4faa-9002-412d2d13d93d 473ab9b94f7d490abea2b9654b6596ee ac8e4dcfea314739b1620ba778063a1a - - default default] TaaS: Handle Delete Port: 9fa7f01b-e487-4893-a000-5efc15c53992
2026-07-09 02:58:39.994 8 INFO neutron_taas.services.taas.tap_mirror_plugin [None req-aa6866ce-74b8-4faa-9002-412d2d13d93d 473ab9b94f7d490abea2b9654b6596ee ac8e4dcfea314739b1620ba778063a1a - - default default] Tap Mirror: Handle Delete Port: 9fa7f01b-e487-4893-a000-5efc15c53992 [pid: 8|app: 0|req: 1006/2019] 10.0.0.25 () {32 vars in 724 bytes} [Thu Jul 9 02:58:39 2026] DELETE /v2.0/networks/c622c65a-904d-4ad4-90be-64cfa8acf6aa => generated 0 bytes in 391 msecs (HTTP/1.1 204) 3 headers in 131 bytes (1 switches on core 0)
2026-07-09 02:58:40.292 8 WARNING tagging [None req-5385cc22-19ad-4550-a512-d6111ac8d91e 023822fb7e424dcb952675fe49fc5798 d147d96b31b7439898ff48e1c3dc3c32 - - default default] project_id key not found in request, using tenant_id instead. This support has been deprecated and will be removed in a future release. [pid: 8|app: 0|req: 1007/2020] 10.0.0.25 () {34 vars in 751 bytes} [Thu Jul 9 02:58:40 2026] PUT /v2.0/policies/599b381a-c45b-4cfa-8e32-18ed8c56dfda/tags => generated 25 bytes in 77 msecs (HTTP/1.1 200) 4 headers in 156 bytes (1 switches on core 0)
2026-07-09 02:58:40.329 8 WARNING neutron.db.securitygroups_db [None req-b20553ff-c5ac-45aa-b6c6-849230b7f1e7 389664079aec44f39c09c07d4d8b1f8f 22b35c531a1d460b8973765eedd9cd91 - - default default] project_id key not found in filters, using tenant_id instead. This support has been deprecated and will be removed in a future release.
2026-07-09 02:58:40.496 8 INFO neutron.db.ovn_revision_numbers_db [None req-b20553ff-c5ac-45aa-b6c6-849230b7f1e7 389664079aec44f39c09c07d4d8b1f8f 22b35c531a1d460b8973765eedd9cd91 - - default default] Successfully bumped revision number for resource b9fa6a90-1c89-43ed-aee5-0279ff794a85 (type: security_groups) to 1
2026-07-09 02:58:40.518 8 INFO neutron.db.ovn_revision_numbers_db [None req-b20553ff-c5ac-45aa-b6c6-849230b7f1e7 389664079aec44f39c09c07d4d8b1f8f 22b35c531a1d460b8973765eedd9cd91 - - default default] Successfully bumped revision number for resource 3add5f26-848b-47c0-aa85-c55ae7d533ce (type: security_group_rules) to 0
2026-07-09 02:58:40.542 8 INFO neutron.db.ovn_revision_numbers_db [None req-b20553ff-c5ac-45aa-b6c6-849230b7f1e7 389664079aec44f39c09c07d4d8b1f8f 22b35c531a1d460b8973765eedd9cd91 - - default default] Successfully bumped revision number for resource 5b8a5579-8e17-402a-81ae-6a276362cfd8 (type: security_group_rules) to 0
2026-07-09 02:58:40.561 8 INFO neutron.db.ovn_revision_numbers_db [None req-b20553ff-c5ac-45aa-b6c6-849230b7f1e7 389664079aec44f39c09c07d4d8b1f8f 22b35c531a1d460b8973765eedd9cd91 - - default default] Successfully bumped revision number for resource d2083edf-562c-4334-8855-cac420d6da8c (type: security_group_rules) to 0
2026-07-09 02:58:40.580 8 INFO neutron.db.ovn_revision_numbers_db [None req-b20553ff-c5ac-45aa-b6c6-849230b7f1e7 389664079aec44f39c09c07d4d8b1f8f 22b35c531a1d460b8973765eedd9cd91 - - default default] Successfully bumped revision number for resource d996966b-3f28-4592-b369-16ef7bec6933 (type: security_group_rules) to 0 [pid: 8|app: 0|req: 1008/2021] 10.0.0.25 () {32 vars in 772 bytes} [Thu Jul 9 02:58:40 2026] GET /v2.0/security-groups?tenant_id=125d7c9f17b34cd7b16824d94551ecb1&name=default => generated 2925 bytes in 300 msecs (HTTP/1.1 200) 4 headers in 158 bytes (1 switches on core 0)
2026-07-09 02:58:40.762 8 INFO neutron_taas.services.taas.taas_plugin [None req-5343fdce-21ed-4c76-b756-7df6305d1ec9 473ab9b94f7d490abea2b9654b6596ee ac8e4dcfea314739b1620ba778063a1a - - default default] TaaS: Handle Delete Port: 19896faf-84c5-4fce-a73e-9f166ff0bbcc
2026-07-09 02:58:40.765 8 INFO neutron_taas.services.taas.tap_mirror_plugin [None req-5343fdce-21ed-4c76-b756-7df6305d1ec9 473ab9b94f7d490abea2b9654b6596ee ac8e4dcfea314739b1620ba778063a1a - - default default] Tap Mirror: Handle Delete Port: 19896faf-84c5-4fce-a73e-9f166ff0bbcc
2026-07-09 02:58:40.837 7 WARNING neutron.scheduler.dhcp_agent_scheduler [None req-007eb00b-f99d-4433-9056-93ec756e8224 389664079aec44f39c09c07d4d8b1f8f 22b35c531a1d460b8973765eedd9cd91 - - default default] No more DHCP agents
2026-07-09 02:58:40.839 7 WARNING neutron.api.rpc.agentnotifiers.dhcp_rpc_agent_api [None req-007eb00b-f99d-4433-9056-93ec756e8224 389664079aec44f39c09c07d4d8b1f8f 22b35c531a1d460b8973765eedd9cd91 - - default default] Unable to schedule network cb0345cd-64db-4afc-b6e8-5167955b6c15: no agents available; will retry on subsequent port and subnet creation events. [pid: 8|app: 0|req: 1009/2022] 10.0.0.25 () {32 vars in 724 bytes} [Thu Jul 9 02:58:40 2026] DELETE /v2.0/networks/b626ed9f-cc1e-4334-8b64-d470bbd10f19 => generated 0 bytes in 413 msecs (HTTP/1.1 204) 3 headers in 131 bytes (1 switches on core 0)
2026-07-09 02:58:41.084 8 WARNING tagging [None req-083f4cc5-bd9a-4cab-9a73-32343bd777bc 023822fb7e424dcb952675fe49fc5798 d147d96b31b7439898ff48e1c3dc3c32 - - default default] project_id key not found in request, using tenant_id instead. This support has been deprecated and will be removed in a future release. [pid: 8|app: 0|req: 1010/2023] 10.0.0.25 () {32 vars in 731 bytes} [Thu Jul 9 02:58:41 2026] GET /v2.0/policies/599b381a-c45b-4cfa-8e32-18ed8c56dfda/tags => generated 25 bytes in 52 msecs (HTTP/1.1 200) 4 headers in 156 bytes (1 switches on core 0)
2026-07-09 02:58:41.106 7 INFO neutron.plugins.ml2.drivers.ovn.mech_driver.mech_driver [None req-70d8a817-7b54-41be-aebd-934c345a88f1 - - - - - -] OVN reports status down for port: b9f8dcdf-4492-4247-9769-361e5c211673
2026-07-09 02:58:41.222 7 INFO neutron.db.ovn_revision_numbers_db [None req-007eb00b-f99d-4433-9056-93ec756e8224 389664079aec44f39c09c07d4d8b1f8f 22b35c531a1d460b8973765eedd9cd91 - - default default] Successfully bumped revision number for resource b9f8dcdf-4492-4247-9769-361e5c211673 (type: ports) to 1 [pid: 8|app: 0|req: 1011/2024] 10.0.0.25 () {32 vars in 738 bytes} [Thu Jul 9 02:58:41 2026] DELETE /v2.0/security-groups/b9fa6a90-1c89-43ed-aee5-0279ff794a85 => generated 0 bytes in 196 msecs (HTTP/1.1 204) 2 headers in 112 bytes (1 switches on core 0)
2026-07-09 02:58:41.317 8 WARNING tagging [None req-27804fb3-706c-4121-902c-8c3e6b8293e7 023822fb7e424dcb952675fe49fc5798 d147d96b31b7439898ff48e1c3dc3c32 - - default default] project_id key not found in request, using tenant_id instead. This support has been deprecated and will be removed in a future release. [pid: 8|app: 0|req: 1012/2025] 10.0.0.25 () {34 vars in 762 bytes} [Thu Jul 9 02:58:41 2026] PUT /v2.0/policies/599b381a-c45b-4cfa-8e32-18ed8c56dfda/tags/green => generated 4 bytes in 71 msecs (HTTP/1.1 201) 4 headers in 160 bytes (1 switches on core 0)
2026-07-09 02:58:41.395 8 WARNING tagging [None req-2e7f8eeb-bd9a-4de8-a45d-1989ad20768b 023822fb7e424dcb952675fe49fc5798 d147d96b31b7439898ff48e1c3dc3c32 - - default default] project_id key not found in request, using tenant_id instead. This support has been deprecated and will be removed in a future release. [pid: 8|app: 0|req: 1013/2026] 10.0.0.25 () {32 vars in 731 bytes} [Thu Jul 9 02:58:41 2026] GET /v2.0/policies/599b381a-c45b-4cfa-8e32-18ed8c56dfda/tags => generated 34 bytes in 41 msecs (HTTP/1.1 200) 4 headers in 156 bytes (1 switches on core 0)
2026-07-09 02:58:41.454 8 WARNING tagging [None req-0b705bab-b495-40d9-8153-465589d5ae76 023822fb7e424dcb952675fe49fc5798 d147d96b31b7439898ff48e1c3dc3c32 - - default default] project_id key not found in request, using tenant_id instead. This support has been deprecated and will be removed in a future release. [pid: 8|app: 0|req: 1014/2027] 10.0.0.25 () {34 vars in 758 bytes} [Thu Jul 9 02:58:41 2026] PUT /v2.0/policies/599b381a-c45b-4cfa-8e32-18ed8c56dfda/tags/red => generated 4 bytes in 73 msecs (HTTP/1.1 201) 4 headers in 160 bytes (1 switches on core 0)
2026-07-09 02:58:41.510 7 INFO neutron.db.ovn_revision_numbers_db [None req-e6b33a46-ae81-4de0-bb58-14a924ff1ef9 - - - - - -] Successfully bumped revision number for resource 8ea97542-7219-4a32-bcf8-ccd7f471bed7 (type: ports) to 4
2026-07-09 02:58:41.534 8 WARNING tagging [None req-b611fffc-3e29-4cac-a9d9-d8dc2f2c0e04 023822fb7e424dcb952675fe49fc5798 d147d96b31b7439898ff48e1c3dc3c32 - - default default] project_id key not found in request, using tenant_id instead. This support has been deprecated and will be removed in a future release. [pid: 8|app: 0|req: 1015/2028] 10.0.0.25 () {32 vars in 731 bytes} [Thu Jul 9 02:58:41 2026] GET /v2.0/policies/599b381a-c45b-4cfa-8e32-18ed8c56dfda/tags => generated 34 bytes in 60 msecs (HTTP/1.1 200) 4 headers in 156 bytes (1 switches on core 0)
2026-07-09 02:58:41.609 8 WARNING tagging [None req-6d894b25-4547-461a-9cdf-6762068a0f0c 023822fb7e424dcb952675fe49fc5798 d147d96b31b7439898ff48e1c3dc3c32 - - default default] project_id key not found in request, using tenant_id instead. This support has been deprecated and will be removed in a future release. [pid: 8|app: 0|req: 1016/2029] 10.0.0.25 () {34 vars in 780 bytes} [Thu Jul 9 02:58:41 2026] PUT /v2.0/policies/599b381a-c45b-4cfa-8e32-18ed8c56dfda/tags/black.or.white => generated 4 bytes in 87 msecs (HTTP/1.1 201) 4 headers in 160 bytes (1 switches on core 0)
2026-07-09 02:58:41.694 8 WARNING tagging [None req-ab309f3a-b25e-4699-8274-2b8a38277379 023822fb7e424dcb952675fe49fc5798 d147d96b31b7439898ff48e1c3dc3c32 - - default default] project_id key not found in request, using tenant_id instead. This support has been deprecated and will be removed in a future release. [pid: 8|app: 0|req: 1017/2030] 10.0.0.25 () {32 vars in 731 bytes} [Thu Jul 9 02:58:41 2026] GET /v2.0/policies/599b381a-c45b-4cfa-8e32-18ed8c56dfda/tags => generated 52 bytes in 47 msecs (HTTP/1.1 200) 4 headers in 156 bytes (1 switches on core 0)
2026-07-09 02:58:41.763 8 WARNING tagging [None req-e428d8b4-b3f9-49af-b668-b2ac46a5276d 023822fb7e424dcb952675fe49fc5798 d147d96b31b7439898ff48e1c3dc3c32 - - default default] project_id key not found in request, using tenant_id instead. This support has been deprecated and will be removed in a future release. [pid: 8|app: 0|req: 1018/2031] 10.0.0.25 () {34 vars in 751 bytes} [Thu Jul 9 02:58:41 2026] PUT /v2.0/policies/599b381a-c45b-4cfa-8e32-18ed8c56dfda/tags => generated 37 bytes in 82 msecs (HTTP/1.1 200) 4 headers in 156 bytes (1 switches on core 0)
2026-07-09 02:58:41.826 8 WARNING tagging [None req-28b2ec55-c8f7-4380-a668-c4befa097076 023822fb7e424dcb952675fe49fc5798 d147d96b31b7439898ff48e1c3dc3c32 - - default default] project_id key not found in request, using tenant_id instead. This support has been deprecated and will be removed in a future release. [pid: 8|app: 0|req: 1019/2032] 10.0.0.25 () {32 vars in 731 bytes} [Thu Jul 9 02:58:41 2026] GET /v2.0/policies/599b381a-c45b-4cfa-8e32-18ed8c56dfda/tags => generated 37 bytes in 41 msecs (HTTP/1.1 200) 4 headers in 156 bytes (1 switches on core 0)
2026-07-09 02:58:41.865 8 INFO neutron.services.segments.plugin [-] Segment da83c9e4-614a-45e3-864a-ac5d7fe5c139 resource provider aggregate not found
2026-07-09 02:58:41.877 8 INFO neutron.services.segments.plugin [-] Segment da83c9e4-614a-45e3-864a-ac5d7fe5c139 resource provider aggregate not found
2026-07-09 02:58:41.891 8 INFO neutron.services.segments.plugin [-] Client error retrieving segment da83c9e4-614a-45e3-864a-ac5d7fe5c139 resource provider; error: Placement Client Error (4xx): {"errors": [{"status": 404, "title": "Not Found", "detail": "The resource could not be found.\n\n No resource provider with uuid da83c9e4-614a-45e3-864a-ac5d7fe5c139 found for delete ", "request_id": "req-d5394324-5731-4510-85fe-bbf988d2053b"}]}
2026-07-09 02:58:41.899 8 INFO neutron.services.segments.plugin [-] Client error retrieving segment da83c9e4-614a-45e3-864a-ac5d7fe5c139 resource provider; error: Placement Client Error (4xx): {"errors": [{"status": 404, "title": "Not Found", "detail": "The resource could not be found.\n\n No resource provider with uuid da83c9e4-614a-45e3-864a-ac5d7fe5c139 found for delete ", "request_id": "req-199c4cc8-86f3-4f8c-a365-8e014f9ba768"}]}
2026-07-09 02:58:41.915 8 INFO neutron.services.segments.plugin [-] Segment 26676e01-a0b6-4694-a912-73f89b134c99 resource provider aggregate not found
2026-07-09 02:58:41.921 8 INFO neutron.services.segments.plugin [-] Segment 26676e01-a0b6-4694-a912-73f89b134c99 resource provider aggregate not found
2026-07-09 02:58:41.922 8 WARNING tagging [None req-a17f85a4-fbbc-422f-81d7-affd88236e59 023822fb7e424dcb952675fe49fc5798 d147d96b31b7439898ff48e1c3dc3c32 - - default default] project_id key not found in request, using tenant_id instead. This support has been deprecated and will be removed in a future release. [pid: 8|app: 0|req: 1020/2033] 10.0.0.25 () {32 vars in 739 bytes} [Thu Jul 9 02:58:41 2026] GET /v2.0/policies/599b381a-c45b-4cfa-8e32-18ed8c56dfda/tags/red => generated 0 bytes in 93 msecs (HTTP/1.1 204) 2 headers in 112 bytes (1 switches on core 0)
2026-07-09 02:58:41.945 8 INFO neutron.services.segments.plugin [-] Client error retrieving segment 26676e01-a0b6-4694-a912-73f89b134c99 resource provider; error: Placement Client Error (4xx): {"errors": [{"status": 404, "title": "Not Found", "detail": "The resource could not be found.\n\n No resource provider with uuid 26676e01-a0b6-4694-a912-73f89b134c99 found for delete ", "request_id": "req-4ecba73b-7c2e-47bc-8b15-53ce1362e362"}]}
2026-07-09 02:58:41.946 8 INFO neutron.services.segments.plugin [-] Client error retrieving segment 26676e01-a0b6-4694-a912-73f89b134c99 resource provider; error: Placement Client Error (4xx): {"errors": [{"status": 404, "title": "Not Found", "detail": "The resource could not be found.\n\n No resource provider with uuid 26676e01-a0b6-4694-a912-73f89b134c99 found for delete ", "request_id": "req-2335432f-3f3d-4833-8618-b586dbf99fe3"}]}
2026-07-09 02:58:41.980 8 WARNING tagging [None req-5d337cf6-927c-4469-956a-364d23875c43 023822fb7e424dcb952675fe49fc5798 d147d96b31b7439898ff48e1c3dc3c32 - - default default] project_id key not found in request, using tenant_id instead. This support has been deprecated and will be removed in a future release.
2026-07-09 02:58:41.988 8 INFO neutron.api.v2.resource [None req-5d337cf6-927c-4469-956a-364d23875c43 023822fb7e424dcb952675fe49fc5798 d147d96b31b7439898ff48e1c3dc3c32 - - default default] show failed (client error): The resource could not be found. [pid: 8|app: 0|req: 1021/2034] 10.0.0.25 () {32 vars in 743 bytes} [Thu Jul 9 02:58:41 2026] GET /v2.0/policies/599b381a-c45b-4cfa-8e32-18ed8c56dfda/tags/green => generated 99 bytes in 45 msecs (HTTP/1.1 404) 4 headers in 163 bytes (1 switches on core 0)
2026-07-09 02:58:42.028 8 WARNING tagging [None req-233b384f-057f-47a8-a2a0-5d27cad04233 023822fb7e424dcb952675fe49fc5798 d147d96b31b7439898ff48e1c3dc3c32 - - default default] project_id key not found in request, using tenant_id instead. This support has been deprecated and will be removed in a future release. [pid: 8|app: 0|req: 1022/2035] 10.0.0.25 () {32 vars in 742 bytes} [Thu Jul 9 02:58:41 2026] DELETE /v2.0/policies/599b381a-c45b-4cfa-8e32-18ed8c56dfda/tags/red => generated 0 bytes in 86 msecs (HTTP/1.1 204) 2 headers in 112 bytes (1 switches on core 0)
2026-07-09 02:58:42.226 8 WARNING neutron.db.securitygroups_db [None req-ae476da8-c3e1-40f3-913b-08b19ede3101 389664079aec44f39c09c07d4d8b1f8f 22b35c531a1d460b8973765eedd9cd91 - - default default] project_id key not found in filters, using tenant_id instead. This support has been deprecated and will be removed in a future release.
2026-07-09 02:58:42.242 7 INFO neutron.db.ovn_revision_numbers_db [None req-e6b33a46-ae81-4de0-bb58-14a924ff1ef9 - - - - - -] Successfully bumped revision number for resource 8ea97542-7219-4a32-bcf8-ccd7f471bed7 (type: ports) to 5 [pid: 8|app: 0|req: 1023/2036] 10.0.0.25 () {32 vars in 772 bytes} [Thu Jul 9 02:58:42 2026] GET /v2.0/security-groups?tenant_id=ac8e4dcfea314739b1620ba778063a1a&name=default => generated 2925 bytes in 185 msecs (HTTP/1.1 200) 4 headers in 158 bytes (1 switches on core 0)
2026-07-09 02:58:42.290 8 WARNING tagging [None req-a0b6227a-2800-4078-8018-87f199eec899 023822fb7e424dcb952675fe49fc5798 d147d96b31b7439898ff48e1c3dc3c32 - - default default] project_id key not found in request, using tenant_id instead. This support has been deprecated and will be removed in a future release. [pid: 8|app: 0|req: 1024/2037] 10.0.0.25 () {32 vars in 731 bytes} [Thu Jul 9 02:58:42 2026] GET /v2.0/policies/599b381a-c45b-4cfa-8e32-18ed8c56dfda/tags => generated 30 bytes in 35 msecs (HTTP/1.1 200) 4 headers in 156 bytes (1 switches on core 0) [pid: 8|app: 0|req: 1025/2038] 10.0.0.25 () {32 vars in 738 bytes} [Thu Jul 9 02:58:42 2026] DELETE /v2.0/security-groups/fe6bcc6e-7480-4f0f-bd68-812e2cff866d => generated 0 bytes in 295 msecs (HTTP/1.1 204) 2 headers in 112 bytes (1 switches on core 0)
2026-07-09 02:58:42.606 7 INFO neutron.plugins.ml2.drivers.ovn.mech_driver.mech_driver [None req-70d8a817-7b54-41be-aebd-934c345a88f1 - - - - - -] OVN reports status up for port: b9f8dcdf-4492-4247-9769-361e5c211673
2026-07-09 02:58:42.622 8 WARNING tagging [None req-4f82ea02-d999-48f7-8940-65014a080a46 023822fb7e424dcb952675fe49fc5798 d147d96b31b7439898ff48e1c3dc3c32 - - default default] project_id key not found in request, using tenant_id instead. This support has been deprecated and will be removed in a future release.
2026-07-09 02:58:42.628 7 INFO neutron.plugins.ml2.plugin [None req-70d8a817-7b54-41be-aebd-934c345a88f1 - - - - - -] Attempt 1 to provision port b9f8dcdf-4492-4247-9769-361e5c211673
2026-07-09 02:58:42.635 8 INFO neutron.api.v2.resource [None req-4f82ea02-d999-48f7-8940-65014a080a46 023822fb7e424dcb952675fe49fc5798 d147d96b31b7439898ff48e1c3dc3c32 - - default default] delete failed (client error): The resource could not be found. [pid: 8|app: 0|req: 1026/2039] 10.0.0.25 () {32 vars in 746 bytes} [Thu Jul 9 02:58:42 2026] DELETE /v2.0/policies/599b381a-c45b-4cfa-8e32-18ed8c56dfda/tags/green => generated 99 bytes in 38 msecs (HTTP/1.1 404) 4 headers in 163 bytes (1 switches on core 0)
2026-07-09 02:58:42.673 8 WARNING tagging [None req-b3f7568f-ee69-463b-9797-bb6c419df282 023822fb7e424dcb952675fe49fc5798 d147d96b31b7439898ff48e1c3dc3c32 - - default default] project_id key not found in request, using tenant_id instead. This support has been deprecated and will be removed in a future release. [pid: 8|app: 0|req: 1027/2040] 10.0.0.25 () {32 vars in 734 bytes} [Thu Jul 9 02:58:42 2026] DELETE /v2.0/policies/599b381a-c45b-4cfa-8e32-18ed8c56dfda/tags => generated 0 bytes in 59 msecs (HTTP/1.1 204) 2 headers in 112 bytes (1 switches on core 0)
2026-07-09 02:58:42.739 8 WARNING tagging [None req-0e4d6c58-4100-4889-80b2-892eb5c285fb 023822fb7e424dcb952675fe49fc5798 d147d96b31b7439898ff48e1c3dc3c32 - - default default] project_id key not found in request, using tenant_id instead. This support has been deprecated and will be removed in a future release. [pid: 8|app: 0|req: 1028/2041] 10.0.0.25 () {32 vars in 731 bytes} [Thu Jul 9 02:58:42 2026] GET /v2.0/policies/599b381a-c45b-4cfa-8e32-18ed8c56dfda/tags => generated 12 bytes in 39 msecs (HTTP/1.1 200) 4 headers in 156 bytes (1 switches on core 0)
2026-07-09 02:58:42.757 8 WARNING neutron.db.securitygroups_db [None req-cd39efa4-ed44-4d37-946b-d827e7b68b99 389664079aec44f39c09c07d4d8b1f8f 22b35c531a1d460b8973765eedd9cd91 - - default default] project_id key not found in filters, using tenant_id instead. This support has been deprecated and will be removed in a future release.
2026-07-09 02:58:42.787 7 WARNING neutron.scheduler.dhcp_agent_scheduler [None req-007eb00b-f99d-4433-9056-93ec756e8224 389664079aec44f39c09c07d4d8b1f8f 22b35c531a1d460b8973765eedd9cd91 - - default default] No more DHCP agents
2026-07-09 02:58:42.791 7 WARNING neutron.api.rpc.agentnotifiers.dhcp_rpc_agent_api [None req-007eb00b-f99d-4433-9056-93ec756e8224 389664079aec44f39c09c07d4d8b1f8f 22b35c531a1d460b8973765eedd9cd91 - - default default] Unable to schedule network cb0345cd-64db-4afc-b6e8-5167955b6c15: no agents available; will retry on subsequent port and subnet creation events.
2026-07-09 02:58:42.905 8 INFO neutron.db.ovn_revision_numbers_db [None req-cd39efa4-ed44-4d37-946b-d827e7b68b99 389664079aec44f39c09c07d4d8b1f8f 22b35c531a1d460b8973765eedd9cd91 - - default default] Successfully bumped revision number for resource 0f5c9ae3-468d-4f65-a914-f179a2792450 (type: security_groups) to 1
2026-07-09 02:58:42.920 8 INFO neutron.db.ovn_revision_numbers_db [None req-cd39efa4-ed44-4d37-946b-d827e7b68b99 389664079aec44f39c09c07d4d8b1f8f 22b35c531a1d460b8973765eedd9cd91 - - default default] Successfully bumped revision number for resource 14f159c8-3b1d-420b-aa08-021655d5e227 (type: security_group_rules) to 0
2026-07-09 02:58:42.937 8 INFO neutron.db.ovn_revision_numbers_db [None req-cd39efa4-ed44-4d37-946b-d827e7b68b99 389664079aec44f39c09c07d4d8b1f8f 22b35c531a1d460b8973765eedd9cd91 - - default default] Successfully bumped revision number for resource 7f05e6f5-2b8e-49ad-a1d3-8af123d2124a (type: security_group_rules) to 0
2026-07-09 02:58:42.951 8 INFO neutron.db.ovn_revision_numbers_db [None req-cd39efa4-ed44-4d37-946b-d827e7b68b99 389664079aec44f39c09c07d4d8b1f8f 22b35c531a1d460b8973765eedd9cd91 - - default default] Successfully bumped revision number for resource c810bad2-3e4a-4bf2-bde9-daa23c8f6649 (type: security_group_rules) to 0
2026-07-09 02:58:42.969 8 INFO neutron.db.ovn_revision_numbers_db [None req-cd39efa4-ed44-4d37-946b-d827e7b68b99 389664079aec44f39c09c07d4d8b1f8f 22b35c531a1d460b8973765eedd9cd91 - - default default] Successfully bumped revision number for resource f3877a19-e30b-45e8-8f58-e0c39ead1bde (type: security_group_rules) to 0 [pid: 8|app: 0|req: 1029/2042] 10.0.0.25 () {32 vars in 772 bytes} [Thu Jul 9 02:58:42 2026] GET /v2.0/security-groups?tenant_id=3b44cfdd5cfd4ddc8fff02ca39aa0f02&name=default => generated 2925 bytes in 265 msecs (HTTP/1.1 200) 4 headers in 158 bytes (1 switches on core 0) [pid: 8|app: 0|req: 1030/2043] 10.0.0.25 () {32 vars in 732 bytes} [Thu Jul 9 02:58:43 2026] DELETE /v2.0/qos/policies/599b381a-c45b-4cfa-8e32-18ed8c56dfda => generated 0 bytes in 63 msecs (HTTP/1.1 204) 2 headers in 112 bytes (1 switches on core 0) [pid: 8|app: 0|req: 1031/2044] 10.0.0.25 () {32 vars in 738 bytes} [Thu Jul 9 02:58:43 2026] DELETE /v2.0/security-groups/0f5c9ae3-468d-4f65-a914-f179a2792450 => generated 0 bytes in 273 msecs (HTTP/1.1 204) 2 headers in 112 bytes (1 switches on core 0)
2026-07-09 02:58:43.415 7 INFO neutron.db.ovn_revision_numbers_db [None req-70d8a817-7b54-41be-aebd-934c345a88f1 - - - - - -] Successfully bumped revision number for resource b9f8dcdf-4492-4247-9769-361e5c211673 (type: ports) to 2
2026-07-09 02:58:43.561 8 WARNING neutron.db.securitygroups_db [None req-ed0f1e0a-0d0a-46e6-ab84-1b8718d88c35 389664079aec44f39c09c07d4d8b1f8f 22b35c531a1d460b8973765eedd9cd91 - - default default] project_id key not found in filters, using tenant_id instead. This support has been deprecated and will be removed in a future release.
2026-07-09 02:58:43.750 7 INFO neutron.db.ovn_revision_numbers_db [None req-007eb00b-f99d-4433-9056-93ec756e8224 389664079aec44f39c09c07d4d8b1f8f 22b35c531a1d460b8973765eedd9cd91 - - default default] Successfully bumped revision number for resource b9f8dcdf-4492-4247-9769-361e5c211673 (type: router_ports) to 1 [pid: 7|app: 0|req: 1014/2045] 10.0.0.25 () {34 vars in 781 bytes} [Thu Jul 9 02:58:39 2026] PUT /v2.0/routers/932c7ebb-7563-4684-99b9-fc00bd96d49a/add_router_interface => generated 310 bytes in 3896 msecs (HTTP/1.1 200) 4 headers in 157 bytes (1 switches on core 0)
2026-07-09 02:58:43.766 8 INFO neutron.db.ovn_revision_numbers_db [None req-ed0f1e0a-0d0a-46e6-ab84-1b8718d88c35 389664079aec44f39c09c07d4d8b1f8f 22b35c531a1d460b8973765eedd9cd91 - - default default] Successfully bumped revision number for resource fa708de2-2fb0-48cf-9041-480107b7acc1 (type: security_groups) to 1
2026-07-09 02:58:43.783 8 INFO neutron.db.ovn_revision_numbers_db [None req-ed0f1e0a-0d0a-46e6-ab84-1b8718d88c35 389664079aec44f39c09c07d4d8b1f8f 22b35c531a1d460b8973765eedd9cd91 - - default default] Successfully bumped revision number for resource 23c4137f-2f81-46bf-8c86-98a1f7dac0bb (type: security_group_rules) to 0
2026-07-09 02:58:43.798 8 INFO neutron.db.ovn_revision_numbers_db [None req-ed0f1e0a-0d0a-46e6-ab84-1b8718d88c35 389664079aec44f39c09c07d4d8b1f8f 22b35c531a1d460b8973765eedd9cd91 - - default default] Successfully bumped revision number for resource c461bf6a-3699-4cfb-bfab-56910b2e68e6 (type: security_group_rules) to 0
2026-07-09 02:58:43.820 8 INFO neutron.db.ovn_revision_numbers_db [None req-ed0f1e0a-0d0a-46e6-ab84-1b8718d88c35 389664079aec44f39c09c07d4d8b1f8f 22b35c531a1d460b8973765eedd9cd91 - - default default] Successfully bumped revision number for resource de39a816-8b8a-4921-b59e-5ffc3067f116 (type: security_group_rules) to 0
2026-07-09 02:58:43.835 8 INFO neutron.db.ovn_revision_numbers_db [None req-ed0f1e0a-0d0a-46e6-ab84-1b8718d88c35 389664079aec44f39c09c07d4d8b1f8f 22b35c531a1d460b8973765eedd9cd91 - - default default] Successfully bumped revision number for resource f8a1bc20-b00d-4d97-a45b-c2af949c5b4b (type: security_group_rules) to 0 [pid: 8|app: 0|req: 1032/2046] 10.0.0.25 () {32 vars in 772 bytes} [Thu Jul 9 02:58:43 2026] GET /v2.0/security-groups?tenant_id=14c5ff74f1c9463e9fd796007ccfc3c1&name=default => generated 2925 bytes in 347 msecs (HTTP/1.1 200) 4 headers in 158 bytes (1 switches on core 0)
2026-07-09 02:58:44.023 7 WARNING neutron.db.securitygroups_db [None req-01ca8948-ef85-4116-a6a1-65dedd39e266 389664079aec44f39c09c07d4d8b1f8f 22b35c531a1d460b8973765eedd9cd91 - - default default] project_id key not found in filters, using tenant_id instead. This support has been deprecated and will be removed in a future release. [pid: 8|app: 0|req: 1033/2047] 10.0.0.25 () {32 vars in 738 bytes} [Thu Jul 9 02:58:43 2026] DELETE /v2.0/security-groups/fa708de2-2fb0-48cf-9041-480107b7acc1 => generated 0 bytes in 199 msecs (HTTP/1.1 204) 2 headers in 112 bytes (1 switches on core 0)
2026-07-09 02:58:44.180 7 INFO neutron.db.ovn_revision_numbers_db [None req-01ca8948-ef85-4116-a6a1-65dedd39e266 389664079aec44f39c09c07d4d8b1f8f 22b35c531a1d460b8973765eedd9cd91 - - default default] Successfully bumped revision number for resource 2c8e7ccc-adc0-45b1-ab87-e14416786699 (type: security_groups) to 1
2026-07-09 02:58:44.200 7 INFO neutron.db.ovn_revision_numbers_db [None req-01ca8948-ef85-4116-a6a1-65dedd39e266 389664079aec44f39c09c07d4d8b1f8f 22b35c531a1d460b8973765eedd9cd91 - - default default] Successfully bumped revision number for resource 1a808baf-7a30-432a-85f4-4a295a989d74 (type: security_group_rules) to 0
2026-07-09 02:58:44.220 7 INFO neutron.db.ovn_revision_numbers_db [None req-01ca8948-ef85-4116-a6a1-65dedd39e266 389664079aec44f39c09c07d4d8b1f8f 22b35c531a1d460b8973765eedd9cd91 - - default default] Successfully bumped revision number for resource 87b7f709-182c-4dec-8636-60c014afc212 (type: security_group_rules) to 0
2026-07-09 02:58:44.240 7 INFO neutron.db.ovn_revision_numbers_db [None req-01ca8948-ef85-4116-a6a1-65dedd39e266 389664079aec44f39c09c07d4d8b1f8f 22b35c531a1d460b8973765eedd9cd91 - - default default] Successfully bumped revision number for resource 9a490361-0038-4aeb-b3c0-1eeb8842ed0c (type: security_group_rules) to 0
2026-07-09 02:58:44.256 7 INFO neutron.db.ovn_revision_numbers_db [None req-01ca8948-ef85-4116-a6a1-65dedd39e266 389664079aec44f39c09c07d4d8b1f8f 22b35c531a1d460b8973765eedd9cd91 - - default default] Successfully bumped revision number for resource bd106223-65c6-4495-b9da-b99e3e49731f (type: security_group_rules) to 0 [pid: 7|app: 0|req: 1015/2048] 10.0.0.25 () {32 vars in 772 bytes} [Thu Jul 9 02:58:43 2026] GET /v2.0/security-groups?tenant_id=3e932a24d37e4581989ea504f20c9ac1&name=default => generated 2925 bytes in 452 msecs (HTTP/1.1 200) 4 headers in 158 bytes (1 switches on core 0) [pid: 8|app: 0|req: 1034/2049] 10.0.0.25 () {32 vars in 738 bytes} [Thu Jul 9 02:58:44 2026] DELETE /v2.0/security-groups/2c8e7ccc-adc0-45b1-ab87-e14416786699 => generated 0 bytes in 257 msecs (HTTP/1.1 204) 2 headers in 112 bytes (1 switches on core 0)
2026-07-09 02:58:44.723 7 WARNING neutron.db.securitygroups_db [None req-fd589e15-45cc-4a63-8ba3-9b18989da8cd 389664079aec44f39c09c07d4d8b1f8f 22b35c531a1d460b8973765eedd9cd91 - - default default] project_id key not found in filters, using tenant_id instead. This support has been deprecated and will be removed in a future release.
2026-07-09 02:58:44.901 7 INFO neutron.db.ovn_revision_numbers_db [None req-fd589e15-45cc-4a63-8ba3-9b18989da8cd 389664079aec44f39c09c07d4d8b1f8f 22b35c531a1d460b8973765eedd9cd91 - - default default] Successfully bumped revision number for resource fe591cd2-c26d-49bc-893d-fdb7dce6334f (type: security_groups) to 1
2026-07-09 02:58:44.915 7 INFO neutron.db.ovn_revision_numbers_db [None req-fd589e15-45cc-4a63-8ba3-9b18989da8cd 389664079aec44f39c09c07d4d8b1f8f 22b35c531a1d460b8973765eedd9cd91 - - default default] Successfully bumped revision number for resource 01559c55-8401-4913-ab21-9d51e7484326 (type: security_group_rules) to 0
2026-07-09 02:58:44.930 7 INFO neutron.db.ovn_revision_numbers_db [None req-fd589e15-45cc-4a63-8ba3-9b18989da8cd 389664079aec44f39c09c07d4d8b1f8f 22b35c531a1d460b8973765eedd9cd91 - - default default] Successfully bumped revision number for resource 4e75f3c4-c10e-456f-b9aa-2ab5c9c8baf4 (type: security_group_rules) to 0
2026-07-09 02:58:44.946 7 INFO neutron.db.ovn_revision_numbers_db [None req-fd589e15-45cc-4a63-8ba3-9b18989da8cd 389664079aec44f39c09c07d4d8b1f8f 22b35c531a1d460b8973765eedd9cd91 - - default default] Successfully bumped revision number for resource 965e3601-2b36-4a40-8374-9e1be41febf4 (type: security_group_rules) to 0
