2026-07-09 02:58:44.958 7 INFO neutron.db.ovn_revision_numbers_db [None req-fd589e15-45cc-4a63-8ba3-9b18989da8cd 389664079aec44f39c09c07d4d8b1f8f 22b35c531a1d460b8973765eedd9cd91 - - default default] Successfully bumped revision number for resource ca663417-0ad9-458f-9ec8-ca012a303326 (type: security_group_rules) to 0 [pid: 7|app: 0|req: 1016/2050] 10.0.0.25 () {32 vars in 772 bytes} [Thu Jul 9 02:58:44 2026] GET /v2.0/security-groups?tenant_id=d147d96b31b7439898ff48e1c3dc3c32&name=default => generated 2925 bytes in 285 msecs (HTTP/1.1 200) 4 headers in 158 bytes (1 switches on core 0) [pid: 8|app: 0|req: 1035/2051] 10.0.0.25 () {32 vars in 738 bytes} [Thu Jul 9 02:58:45 2026] DELETE /v2.0/security-groups/fe591cd2-c26d-49bc-893d-fdb7dce6334f => generated 0 bytes in 246 msecs (HTTP/1.1 204) 2 headers in 112 bytes (1 switches on core 0)
2026-07-09 02:58:45.270 7 INFO neutron.db.ovn_revision_numbers_db [None req-a5c96de7-5a10-40df-a01c-f70df8e9e490 389664079aec44f39c09c07d4d8b1f8f 22b35c531a1d460b8973765eedd9cd91 - - default default] Successfully bumped revision number for resource 9882ef58-85a4-4c12-8b82-74edc437d56b (type: security_groups) to 1
2026-07-09 02:58:45.286 7 INFO neutron.db.ovn_revision_numbers_db [None req-a5c96de7-5a10-40df-a01c-f70df8e9e490 389664079aec44f39c09c07d4d8b1f8f 22b35c531a1d460b8973765eedd9cd91 - - default default] Successfully bumped revision number for resource 0564d25f-6fe2-4ead-af93-048dacc46197 (type: security_group_rules) to 0
2026-07-09 02:58:45.301 7 INFO neutron.db.ovn_revision_numbers_db [None req-a5c96de7-5a10-40df-a01c-f70df8e9e490 389664079aec44f39c09c07d4d8b1f8f 22b35c531a1d460b8973765eedd9cd91 - - default default] Successfully bumped revision number for resource 3b000aed-94bc-4ce4-ae1a-f6a3536a114f (type: security_group_rules) to 0
2026-07-09 02:58:45.317 7 INFO neutron.db.ovn_revision_numbers_db [None req-a5c96de7-5a10-40df-a01c-f70df8e9e490 389664079aec44f39c09c07d4d8b1f8f 22b35c531a1d460b8973765eedd9cd91 - - default default] Successfully bumped revision number for resource 68c0fea1-7ca9-4b13-9380-99121d86266f (type: security_group_rules) to 0
2026-07-09 02:58:45.331 7 INFO neutron.db.ovn_revision_numbers_db [None req-a5c96de7-5a10-40df-a01c-f70df8e9e490 389664079aec44f39c09c07d4d8b1f8f 22b35c531a1d460b8973765eedd9cd91 - - default default] Successfully bumped revision number for resource cd4c7241-e0e0-4636-a435-0cd58e444def (type: security_group_rules) to 0
2026-07-09 02:58:45.434 7 INFO neutron.db.segments_db [None req-a5c96de7-5a10-40df-a01c-f70df8e9e490 389664079aec44f39c09c07d4d8b1f8f 22b35c531a1d460b8973765eedd9cd91 - - default default] Added segment f075692f-2e3d-468f-9713-4cfe58688c75 of type geneve for network 08385f34-3bac-4bf8-8ca0-ee9058b3ba74
2026-07-09 02:58:45.599 7 INFO neutron.db.ovn_revision_numbers_db [None req-a5c96de7-5a10-40df-a01c-f70df8e9e490 389664079aec44f39c09c07d4d8b1f8f 22b35c531a1d460b8973765eedd9cd91 - - default default] Successfully bumped revision number for resource 08385f34-3bac-4bf8-8ca0-ee9058b3ba74 (type: networks) to 1
2026-07-09 02:58:45.788 7 WARNING neutron.scheduler.dhcp_agent_scheduler [None req-a5c96de7-5a10-40df-a01c-f70df8e9e490 389664079aec44f39c09c07d4d8b1f8f 22b35c531a1d460b8973765eedd9cd91 - - default default] No more DHCP agents
2026-07-09 02:58:45.792 7 WARNING neutron.api.rpc.agentnotifiers.dhcp_rpc_agent_api [None req-a5c96de7-5a10-40df-a01c-f70df8e9e490 389664079aec44f39c09c07d4d8b1f8f 22b35c531a1d460b8973765eedd9cd91 - - default default] Unable to schedule network 08385f34-3bac-4bf8-8ca0-ee9058b3ba74: no agents available; will retry on subsequent port and subnet creation events.
2026-07-09 02:58:45.898 7 INFO neutron.db.ovn_revision_numbers_db [None req-a5c96de7-5a10-40df-a01c-f70df8e9e490 389664079aec44f39c09c07d4d8b1f8f 22b35c531a1d460b8973765eedd9cd91 - - default default] Successfully bumped revision number for resource a296f9fc-1778-4ae7-b603-da84607d5197 (type: ports) to 1 [pid: 7|app: 0|req: 1017/2052] 10.0.0.25 () {34 vars in 669 bytes} [Thu Jul 9 02:58:45 2026] POST /v2.0/networks => generated 782 bytes in 871 msecs (HTTP/1.1 201) 4 headers in 162 bytes (1 switches on core 0)
2026-07-09 02:58:46.090 8 WARNING neutron.scheduler.dhcp_agent_scheduler [None req-9b5521e0-5d99-4dfb-b2c6-012fa900f4f6 389664079aec44f39c09c07d4d8b1f8f 22b35c531a1d460b8973765eedd9cd91 - - default default] No more DHCP agents
2026-07-09 02:58:46.091 8 WARNING neutron.api.rpc.agentnotifiers.dhcp_rpc_agent_api [None req-9b5521e0-5d99-4dfb-b2c6-012fa900f4f6 389664079aec44f39c09c07d4d8b1f8f 22b35c531a1d460b8973765eedd9cd91 - - default default] Unable to schedule network 08385f34-3bac-4bf8-8ca0-ee9058b3ba74: no agents available; will retry on subsequent port and subnet creation events. [pid: 7|app: 0|req: 1018/2053] 10.0.0.85 () {28 vars in 581 bytes} [Thu Jul 9 02:58:46 2026] GET /v2.0/routers => generated 995 bytes in 198 msecs (HTTP/1.1 200) 4 headers in 157 bytes (1 switches on core 0)
2026-07-09 02:58:46.689 7 INFO neutron.db.ovn_revision_numbers_db [None req-72cb6157-ac06-4d77-8ec2-99df085bf6fc 623dbd1f6e324ff3803af1c3608297a8 ed9e5f0d1e084ab7b7bc29fa2b86c553 - - default default] Successfully bumped revision number for resource 3e2507a1-2a85-46e3-8c51-e5759307ea12 (type: security_groups) to 1
2026-07-09 02:58:46.705 7 INFO neutron.db.ovn_revision_numbers_db [None req-72cb6157-ac06-4d77-8ec2-99df085bf6fc 623dbd1f6e324ff3803af1c3608297a8 ed9e5f0d1e084ab7b7bc29fa2b86c553 - - default default] Successfully bumped revision number for resource 5d1e65fa-e96f-49c7-9be2-3070eaba6cd1 (type: security_group_rules) to 0
2026-07-09 02:58:46.711 8 INFO neutron.db.ovn_revision_numbers_db [None req-9b5521e0-5d99-4dfb-b2c6-012fa900f4f6 389664079aec44f39c09c07d4d8b1f8f 22b35c531a1d460b8973765eedd9cd91 - - default default] Successfully bumped revision number for resource a296f9fc-1778-4ae7-b603-da84607d5197 (type: ports) to 2
2026-07-09 02:58:46.722 7 INFO neutron.db.ovn_revision_numbers_db [None req-72cb6157-ac06-4d77-8ec2-99df085bf6fc 623dbd1f6e324ff3803af1c3608297a8 ed9e5f0d1e084ab7b7bc29fa2b86c553 - - default default] Successfully bumped revision number for resource 6671044e-0111-40a4-8229-ba557e864048 (type: security_group_rules) to 0
2026-07-09 02:58:46.740 7 INFO neutron.db.ovn_revision_numbers_db [None req-72cb6157-ac06-4d77-8ec2-99df085bf6fc 623dbd1f6e324ff3803af1c3608297a8 ed9e5f0d1e084ab7b7bc29fa2b86c553 - - default default] Successfully bumped revision number for resource 6d10a73c-def7-48d9-af10-3fefec2fa537 (type: security_group_rules) to 0
2026-07-09 02:58:46.749 8 INFO neutron.db.ovn_revision_numbers_db [None req-9b5521e0-5d99-4dfb-b2c6-012fa900f4f6 389664079aec44f39c09c07d4d8b1f8f 22b35c531a1d460b8973765eedd9cd91 - - default default] Successfully bumped revision number for resource e6d15e4b-02e1-4c5c-90e1-f2f9e2f37563 (type: subnets) to 0
2026-07-09 02:58:46.754 7 INFO neutron.db.ovn_revision_numbers_db [None req-72cb6157-ac06-4d77-8ec2-99df085bf6fc 623dbd1f6e324ff3803af1c3608297a8 ed9e5f0d1e084ab7b7bc29fa2b86c553 - - default default] Successfully bumped revision number for resource a21b9807-bd50-4db1-b28a-6f51bdc4cec6 (type: security_group_rules) to 0 [pid: 8|app: 0|req: 1036/2054] 10.0.0.25 () {34 vars in 667 bytes} [Thu Jul 9 02:58:45 2026] POST /v2.0/subnets => generated 688 bytes in 841 msecs (HTTP/1.1 201) 4 headers in 162 bytes (1 switches on core 0) [pid: 8|app: 0|req: 1037/2055] 10.0.0.85 () {28 vars in 622 bytes} [Thu Jul 9 02:58:46 2026] GET /v2.0/agents?binary=ovn-controller => generated 416 bytes in 15 msecs (HTTP/1.1 200) 4 headers in 157 bytes (1 switches on core 0)
2026-07-09 02:58:46.858 7 INFO neutron.db.segments_db [None req-72cb6157-ac06-4d77-8ec2-99df085bf6fc 623dbd1f6e324ff3803af1c3608297a8 ed9e5f0d1e084ab7b7bc29fa2b86c553 - - default default] Added segment da093a56-97d0-43b1-b8d3-c4399b2be505 of type geneve for network 57844fda-4d95-4c89-af89-631abc155e5e
2026-07-09 02:58:46.993 7 INFO neutron.db.ovn_revision_numbers_db [None req-72cb6157-ac06-4d77-8ec2-99df085bf6fc 623dbd1f6e324ff3803af1c3608297a8 ed9e5f0d1e084ab7b7bc29fa2b86c553 - - default default] Successfully bumped revision number for resource 57844fda-4d95-4c89-af89-631abc155e5e (type: networks) to 1
2026-07-09 02:58:47.166 7 WARNING neutron.scheduler.dhcp_agent_scheduler [None req-72cb6157-ac06-4d77-8ec2-99df085bf6fc 623dbd1f6e324ff3803af1c3608297a8 ed9e5f0d1e084ab7b7bc29fa2b86c553 - - default default] No more DHCP agents
2026-07-09 02:58:47.168 7 WARNING neutron.api.rpc.agentnotifiers.dhcp_rpc_agent_api [None req-72cb6157-ac06-4d77-8ec2-99df085bf6fc 623dbd1f6e324ff3803af1c3608297a8 ed9e5f0d1e084ab7b7bc29fa2b86c553 - - default default] Unable to schedule network 57844fda-4d95-4c89-af89-631abc155e5e: no agents available; will retry on subsequent port and subnet creation events.
2026-07-09 02:58:47.226 8 INFO neutron.plugins.ml2.drivers.ovn.mech_driver.mech_driver [None req-5b37cad1-9766-4e70-80d8-293272609fdb - - - - - -] OVN reports status down for port: 113d0351-7edc-402e-91fe-2e5765eefb18
2026-07-09 02:58:47.267 7 INFO neutron.db.ovn_revision_numbers_db [None req-72cb6157-ac06-4d77-8ec2-99df085bf6fc 623dbd1f6e324ff3803af1c3608297a8 ed9e5f0d1e084ab7b7bc29fa2b86c553 - - default default] Successfully bumped revision number for resource 113d0351-7edc-402e-91fe-2e5765eefb18 (type: ports) to 1 [pid: 7|app: 0|req: 1019/2056] 10.0.0.25 () {34 vars in 668 bytes} [Thu Jul 9 02:58:46 2026] POST /v2.0/networks => generated 768 bytes in 1001 msecs (HTTP/1.1 201) 4 headers in 162 bytes (1 switches on core 0) [pid: 7|app: 0|req: 1020/2057] 10.0.0.85 () {28 vars in 581 bytes} [Thu Jul 9 02:58:47 2026] GET /v2.0/subnets => generated 2663 bytes in 31 msecs (HTTP/1.1 200) 4 headers in 158 bytes (1 switches on core 0)
2026-07-09 02:58:47.338 8 WARNING neutron.scheduler.dhcp_agent_scheduler [None req-8fd79664-adbf-485a-ad84-2c638ad455e6 389664079aec44f39c09c07d4d8b1f8f 22b35c531a1d460b8973765eedd9cd91 - - default default] No more DHCP agents
2026-07-09 02:58:47.342 8 WARNING neutron.api.rpc.agentnotifiers.dhcp_rpc_agent_api [None req-8fd79664-adbf-485a-ad84-2c638ad455e6 389664079aec44f39c09c07d4d8b1f8f 22b35c531a1d460b8973765eedd9cd91 - - default default] Unable to schedule network d166394a-9ed2-4a9a-8c6d-aae40a63a898: no agents available; will retry on subsequent port and subnet creation events.
2026-07-09 02:58:47.535 7 WARNING neutron.scheduler.dhcp_agent_scheduler [None req-fac8ce87-7946-4d63-bce1-2e518647e178 623dbd1f6e324ff3803af1c3608297a8 ed9e5f0d1e084ab7b7bc29fa2b86c553 - - default default] No more DHCP agents
2026-07-09 02:58:47.537 7 WARNING neutron.api.rpc.agentnotifiers.dhcp_rpc_agent_api [None req-fac8ce87-7946-4d63-bce1-2e518647e178 623dbd1f6e324ff3803af1c3608297a8 ed9e5f0d1e084ab7b7bc29fa2b86c553 - - default default] Unable to schedule network 57844fda-4d95-4c89-af89-631abc155e5e: no agents available; will retry on subsequent port and subnet creation events.
2026-07-09 02:58:47.564 8 INFO neutron.db.ovn_revision_numbers_db [None req-8fd79664-adbf-485a-ad84-2c638ad455e6 389664079aec44f39c09c07d4d8b1f8f 22b35c531a1d460b8973765eedd9cd91 - - default default] Successfully bumped revision number for resource 0e609f63-fe60-4e3e-a769-cb0d44c325f4 (type: ports) to 1
2026-07-09 02:58:48.087 7 INFO neutron.db.ovn_revision_numbers_db [None req-fac8ce87-7946-4d63-bce1-2e518647e178 623dbd1f6e324ff3803af1c3608297a8 ed9e5f0d1e084ab7b7bc29fa2b86c553 - - default default] Successfully bumped revision number for resource 113d0351-7edc-402e-91fe-2e5765eefb18 (type: ports) to 2
2026-07-09 02:58:48.135 7 INFO neutron.db.ovn_revision_numbers_db [None req-fac8ce87-7946-4d63-bce1-2e518647e178 623dbd1f6e324ff3803af1c3608297a8 ed9e5f0d1e084ab7b7bc29fa2b86c553 - - default default] Successfully bumped revision number for resource cb4eb486-d2cb-4ae9-84d7-273b65c58ec8 (type: subnets) to 0 [pid: 7|app: 0|req: 1021/2058] 10.0.0.25 () {34 vars in 667 bytes} [Thu Jul 9 02:58:47 2026] POST /v2.0/subnets => generated 644 bytes in 826 msecs (HTTP/1.1 201) 4 headers in 162 bytes (1 switches on core 0) [pid: 7|app: 0|req: 1022/2059] 10.0.0.85 () {28 vars in 589 bytes} [Thu Jul 9 02:58:48 2026] GET /v2.0/subnetpools => generated 19 bytes in 54 msecs (HTTP/1.1 200) 4 headers in 156 bytes (1 switches on core 0)
2026-07-09 02:58:48.233 7 WARNING neutron.api.v2.base [None req-e6ac96d2-b409-40a2-b21e-25955a8225eb 623dbd1f6e324ff3803af1c3608297a8 ed9e5f0d1e084ab7b7bc29fa2b86c553 - - default default] An exception happened while processing the request body. The exception message is [Invalid input for target_tenant. Reason: 'None' is not a valid string.].: webob.exc.HTTPBadRequest: Invalid input for target_tenant. Reason: 'None' is not a valid string.
2026-07-09 02:58:48.235 7 INFO neutron.api.v2.resource [None req-e6ac96d2-b409-40a2-b21e-25955a8225eb 623dbd1f6e324ff3803af1c3608297a8 ed9e5f0d1e084ab7b7bc29fa2b86c553 - - default default] create failed (client error): Invalid input for target_tenant. Reason: 'None' is not a valid string. [pid: 7|app: 0|req: 1023/2060] 10.0.0.25 () {34 vars in 679 bytes} [Thu Jul 9 02:58:48 2026] POST /v2.0/rbac-policies => generated 143 bytes in 19 msecs (HTTP/1.1 400) 4 headers in 166 bytes (1 switches on core 0)
2026-07-09 02:58:48.252 7 WARNING neutron.plugins.ml2.drivers.ovn.mech_driver.ovsdb.ovn_client [None req-6c02c108-bc5f-4fa7-a725-841becc56c1b - - - - - -] No hosting information found for port b9f8dcdf-4492-4247-9769-361e5c211673: RuntimeError: No hosting information found for port b9f8dcdf-4492-4247-9769-361e5c211673
2026-07-09 02:58:48.260 8 INFO neutron.db.ovn_revision_numbers_db [None req-8fd79664-adbf-485a-ad84-2c638ad455e6 389664079aec44f39c09c07d4d8b1f8f 22b35c531a1d460b8973765eedd9cd91 - - default default] Successfully bumped revision number for resource 0e609f63-fe60-4e3e-a769-cb0d44c325f4 (type: router_ports) to 1 [pid: 7|app: 0|req: 1024/2061] 10.0.0.85 () {28 vars in 589 bytes} [Thu Jul 9 02:58:48 2026] GET /v2.0/floatingips => generated 19 bytes in 44 msecs (HTTP/1.1 200) 4 headers in 156 bytes (1 switches on core 0)
2026-07-09 02:58:48.287 8 INFO neutron.plugins.ml2.drivers.ovn.mech_driver.ovsdb.ovsdb_monitor [None req-57fd9918-011d-4836-92dc-a32215b7408e - - - - - -] Router d7a0149c-ce73-4e59-96ef-36d8540fa170 is bound to host instance
2026-07-09 02:58:48.334 7 INFO neutron.common.ovn.utils [None req-6c02c108-bc5f-4fa7-a725-841becc56c1b - - - - - -] HA Chassis Group neutron-cb0345cd-64db-4afc-b6e8-5167955b6c15 synchronized; highest priority chassis 742c0d08-fa9a-4d2f-b2f5-d378f41ef9cb
2026-07-09 02:58:48.423 8 INFO neutron.db.ovn_revision_numbers_db [None req-8fd79664-adbf-485a-ad84-2c638ad455e6 389664079aec44f39c09c07d4d8b1f8f 22b35c531a1d460b8973765eedd9cd91 - - default default] Successfully bumped revision number for resource d7a0149c-ce73-4e59-96ef-36d8540fa170 (type: routers) to 2 [pid: 8|app: 0|req: 1038/2062] 10.0.0.25 () {34 vars in 667 bytes} [Thu Jul 9 02:58:46 2026] POST /v2.0/routers => generated 987 bytes in 1685 msecs (HTTP/1.1 201) 4 headers in 162 bytes (1 switches on core 0)
2026-07-09 02:58:48.482 7 INFO neutron.db.ovn_revision_numbers_db [None req-6c02c108-bc5f-4fa7-a725-841becc56c1b - - - - - -] Successfully bumped revision number for resource b9f8dcdf-4492-4247-9769-361e5c211673 (type: router_ports) to 2
2026-07-09 02:58:48.483 7 INFO neutron.plugins.ml2.drivers.ovn.mech_driver.mech_driver [None req-6c02c108-bc5f-4fa7-a725-841becc56c1b - - - - - -] OVN reports status down for port: a296f9fc-1778-4ae7-b603-da84607d5197 [pid: 8|app: 0|req: 1039/2063] 10.0.0.85 () {28 vars in 597 bytes} [Thu Jul 9 02:58:48 2026] GET /v2.0/security-groups => generated 26109 bytes in 94 msecs (HTTP/1.1 200) 4 headers in 159 bytes (1 switches on core 0)
2026-07-09 02:58:48.603 7 INFO neutron_taas.services.taas.taas_plugin [None req-38cb53e4-124b-482e-b9ac-acf90cb50a27 623dbd1f6e324ff3803af1c3608297a8 ed9e5f0d1e084ab7b7bc29fa2b86c553 - - default default] TaaS: Handle Delete Port: 113d0351-7edc-402e-91fe-2e5765eefb18
2026-07-09 02:58:48.608 7 INFO neutron_taas.services.taas.tap_mirror_plugin [None req-38cb53e4-124b-482e-b9ac-acf90cb50a27 623dbd1f6e324ff3803af1c3608297a8 ed9e5f0d1e084ab7b7bc29fa2b86c553 - - default default] Tap Mirror: Handle Delete Port: 113d0351-7edc-402e-91fe-2e5765eefb18
2026-07-09 02:58:48.614 7 INFO neutron.plugins.ml2.drivers.ovn.mech_driver.mech_driver [None req-6c02c108-bc5f-4fa7-a725-841becc56c1b - - - - - -] OVN reports status down for port: 0e609f63-fe60-4e3e-a769-cb0d44c325f4
2026-07-09 02:58:49.073 7 INFO neutron.services.segments.plugin [-] Segment da093a56-97d0-43b1-b8d3-c4399b2be505 resource provider aggregate not found
2026-07-09 02:58:49.077 7 INFO neutron.services.segments.plugin [-] Segment da093a56-97d0-43b1-b8d3-c4399b2be505 resource provider aggregate not found
2026-07-09 02:58:49.099 7 INFO neutron.services.segments.plugin [-] Client error retrieving segment da093a56-97d0-43b1-b8d3-c4399b2be505 resource provider; error: Placement Client Error (4xx): {"errors": [{"status": 404, "title": "Not Found", "detail": "The resource could not be found.\n\n No resource provider with uuid da093a56-97d0-43b1-b8d3-c4399b2be505 found for delete ", "request_id": "req-6a8ae6be-7849-4aca-8f89-da30044b1f16"}]}
2026-07-09 02:58:49.103 7 INFO neutron.services.segments.plugin [-] Client error retrieving segment da093a56-97d0-43b1-b8d3-c4399b2be505 resource provider; error: Placement Client Error (4xx): {"errors": [{"status": 404, "title": "Not Found", "detail": "The resource could not be found.\n\n No resource provider with uuid da093a56-97d0-43b1-b8d3-c4399b2be505 found for delete ", "request_id": "req-9556f82b-099e-4cbb-b405-3a6dc33fb2cf"}]} [pid: 7|app: 0|req: 1025/2064] 10.0.0.25 () {32 vars in 724 bytes} [Thu Jul 9 02:58:48 2026] DELETE /v2.0/networks/57844fda-4d95-4c89-af89-631abc155e5e => generated 0 bytes in 840 msecs (HTTP/1.1 204) 3 headers in 131 bytes (1 switches on core 0) [pid: 7|app: 0|req: 1026/2065] 10.0.0.85 () {28 vars in 581 bytes} [Thu Jul 9 02:58:49 2026] GET /v2.0/subnets => generated 2663 bytes in 38 msecs (HTTP/1.1 200) 4 headers in 158 bytes (1 switches on core 0) [pid: 7|app: 0|req: 1027/2066] 10.0.0.25 () {34 vars in 674 bytes} [Thu Jul 9 02:58:49 2026] POST /v2.0/subnetpools => generated 516 bytes in 153 msecs (HTTP/1.1 201) 4 headers in 162 bytes (1 switches on core 0)
2026-07-09 02:58:49.413 7 INFO neutron.db.segments_db [None req-16cfaa26-a992-4688-9c81-ef3228a10595 623dbd1f6e324ff3803af1c3608297a8 ed9e5f0d1e084ab7b7bc29fa2b86c553 - - default default] Added segment d3a6e5c4-0021-4690-b202-900ec7ea712f of type geneve for network 2e992b56-651b-4c53-a0e2-d8d83cf71856
2026-07-09 02:58:49.505 7 WARNING neutron.plugins.ml2.drivers.ovn.mech_driver.ovsdb.ovn_client [None req-6c02c108-bc5f-4fa7-a725-841becc56c1b - - - - - -] Logical_Switch_Port 0e609f63-fe60-4e3e-a769-cb0d44c325f4 host information not removed, the port state is up
2026-07-09 02:58:49.505 7 INFO neutron.plugins.ml2.drivers.ovn.mech_driver.mech_driver [None req-6c02c108-bc5f-4fa7-a725-841becc56c1b - - - - - -] OVN reports status up for port: 0e609f63-fe60-4e3e-a769-cb0d44c325f4
2026-07-09 02:58:49.523 7 INFO neutron.plugins.ml2.plugin [None req-6c02c108-bc5f-4fa7-a725-841becc56c1b - - - - - -] Attempt 1 to provision port 0e609f63-fe60-4e3e-a769-cb0d44c325f4
2026-07-09 02:58:49.546 8 WARNING neutron.scheduler.dhcp_agent_scheduler [None req-9a5f8595-ccb9-4edc-9c22-d3b928cd64f9 389664079aec44f39c09c07d4d8b1f8f 22b35c531a1d460b8973765eedd9cd91 - - default default] No more DHCP agents
2026-07-09 02:58:49.552 8 WARNING neutron.api.rpc.agentnotifiers.dhcp_rpc_agent_api [None req-9a5f8595-ccb9-4edc-9c22-d3b928cd64f9 389664079aec44f39c09c07d4d8b1f8f 22b35c531a1d460b8973765eedd9cd91 - - default default] Unable to schedule network 08385f34-3bac-4bf8-8ca0-ee9058b3ba74: no agents available; will retry on subsequent port and subnet creation events.
2026-07-09 02:58:49.629 7 INFO neutron.db.ovn_revision_numbers_db [None req-16cfaa26-a992-4688-9c81-ef3228a10595 623dbd1f6e324ff3803af1c3608297a8 ed9e5f0d1e084ab7b7bc29fa2b86c553 - - default default] Successfully bumped revision number for resource 2e992b56-651b-4c53-a0e2-d8d83cf71856 (type: networks) to 1
2026-07-09 02:58:49.776 8 INFO neutron.plugins.ml2.drivers.ovn.mech_driver.mech_driver [None req-5b37cad1-9766-4e70-80d8-293272609fdb - - - - - -] OVN reports status down for port: 1c32496c-bf7d-4968-90bc-544c85e5b981
2026-07-09 02:58:49.831 7 WARNING neutron.scheduler.dhcp_agent_scheduler [None req-16cfaa26-a992-4688-9c81-ef3228a10595 623dbd1f6e324ff3803af1c3608297a8 ed9e5f0d1e084ab7b7bc29fa2b86c553 - - default default] No more DHCP agents
2026-07-09 02:58:49.832 7 WARNING neutron.api.rpc.agentnotifiers.dhcp_rpc_agent_api [None req-16cfaa26-a992-4688-9c81-ef3228a10595 623dbd1f6e324ff3803af1c3608297a8 ed9e5f0d1e084ab7b7bc29fa2b86c553 - - default default] Unable to schedule network 2e992b56-651b-4c53-a0e2-d8d83cf71856: no agents available; will retry on subsequent port and subnet creation events.
2026-07-09 02:58:49.888 8 INFO neutron.db.ovn_revision_numbers_db [None req-9a5f8595-ccb9-4edc-9c22-d3b928cd64f9 389664079aec44f39c09c07d4d8b1f8f 22b35c531a1d460b8973765eedd9cd91 - - default default] Successfully bumped revision number for resource 1c32496c-bf7d-4968-90bc-544c85e5b981 (type: ports) to 1
2026-07-09 02:58:49.914 7 INFO neutron.db.ovn_revision_numbers_db [None req-16cfaa26-a992-4688-9c81-ef3228a10595 623dbd1f6e324ff3803af1c3608297a8 ed9e5f0d1e084ab7b7bc29fa2b86c553 - - default default] Successfully bumped revision number for resource e5c64e7a-b992-4018-941b-4366848d1940 (type: ports) to 1 [pid: 7|app: 0|req: 1028/2067] 10.0.0.25 () {34 vars in 668 bytes} [Thu Jul 9 02:58:49 2026] POST /v2.0/networks => generated 768 bytes in 622 msecs (HTTP/1.1 201) 4 headers in 162 bytes (1 switches on core 0) [pid: 7|app: 0|req: 1029/2068] 10.0.0.85 () {28 vars in 579 bytes} [Thu Jul 9 02:58:49 2026] GET /v2.0/agents => generated 1214 bytes in 13 msecs (HTTP/1.1 200) 4 headers in 158 bytes (1 switches on core 0)
2026-07-09 02:58:50.042 8 INFO neutron.plugins.ml2.drivers.ovn.mech_driver.mech_driver [None req-5b37cad1-9766-4e70-80d8-293272609fdb - - - - - -] OVN reports status down for port: e5c64e7a-b992-4018-941b-4366848d1940
2026-07-09 02:58:50.136 7 INFO neutron.db.ovn_revision_numbers_db [None req-3c63e84b-30cc-4bb3-a1ca-9b4f12f8349d 5075fc30d6e6446fb7ff969934819616 ec43dc3a89b34aad952df86bbd65c307 - - default default] Successfully bumped revision number for resource 06d001f1-eb9d-4d30-a459-723ff7a4f9c3 (type: security_groups) to 1
2026-07-09 02:58:50.150 7 INFO neutron.db.ovn_revision_numbers_db [None req-3c63e84b-30cc-4bb3-a1ca-9b4f12f8349d 5075fc30d6e6446fb7ff969934819616 ec43dc3a89b34aad952df86bbd65c307 - - default default] Successfully bumped revision number for resource 01280b55-bec1-43e6-a3ea-a52a9226c5a9 (type: security_group_rules) to 0
2026-07-09 02:58:50.163 7 INFO neutron.db.ovn_revision_numbers_db [None req-3c63e84b-30cc-4bb3-a1ca-9b4f12f8349d 5075fc30d6e6446fb7ff969934819616 ec43dc3a89b34aad952df86bbd65c307 - - default default] Successfully bumped revision number for resource 39f114c2-cd97-4db2-b9fb-e2f6ecc3d23c (type: security_group_rules) to 0
2026-07-09 02:58:50.176 7 INFO neutron.db.ovn_revision_numbers_db [None req-3c63e84b-30cc-4bb3-a1ca-9b4f12f8349d 5075fc30d6e6446fb7ff969934819616 ec43dc3a89b34aad952df86bbd65c307 - - default default] Successfully bumped revision number for resource dd271cb3-1085-4981-9663-89570f345936 (type: security_group_rules) to 0
2026-07-09 02:58:50.199 7 INFO neutron.db.ovn_revision_numbers_db [None req-3c63e84b-30cc-4bb3-a1ca-9b4f12f8349d 5075fc30d6e6446fb7ff969934819616 ec43dc3a89b34aad952df86bbd65c307 - - default default] Successfully bumped revision number for resource eab9638c-b151-47bc-96d0-f5e2b98102b3 (type: security_group_rules) to 0
2026-07-09 02:58:50.283 7 INFO neutron.db.segments_db [None req-3c63e84b-30cc-4bb3-a1ca-9b4f12f8349d 5075fc30d6e6446fb7ff969934819616 ec43dc3a89b34aad952df86bbd65c307 - - default default] Added segment f1912d11-a609-4944-8584-fc51a8f0e1e7 of type geneve for network cec75af4-c40a-4c1a-aa76-baf10532e66c
2026-07-09 02:58:50.409 7 INFO neutron.db.ovn_revision_numbers_db [None req-3c63e84b-30cc-4bb3-a1ca-9b4f12f8349d 5075fc30d6e6446fb7ff969934819616 ec43dc3a89b34aad952df86bbd65c307 - - default default] Successfully bumped revision number for resource cec75af4-c40a-4c1a-aa76-baf10532e66c (type: networks) to 1
2026-07-09 02:58:50.651 7 WARNING neutron.scheduler.dhcp_agent_scheduler [None req-3c63e84b-30cc-4bb3-a1ca-9b4f12f8349d 5075fc30d6e6446fb7ff969934819616 ec43dc3a89b34aad952df86bbd65c307 - - default default] No more DHCP agents
2026-07-09 02:58:50.653 7 WARNING neutron.api.rpc.agentnotifiers.dhcp_rpc_agent_api [None req-3c63e84b-30cc-4bb3-a1ca-9b4f12f8349d 5075fc30d6e6446fb7ff969934819616 ec43dc3a89b34aad952df86bbd65c307 - - default default] Unable to schedule network cec75af4-c40a-4c1a-aa76-baf10532e66c: no agents available; will retry on subsequent port and subnet creation events.
2026-07-09 02:58:50.704 7 INFO neutron.plugins.ml2.drivers.ovn.mech_driver.mech_driver [None req-6c02c108-bc5f-4fa7-a725-841becc56c1b - - - - - -] OVN reports status down for port: bf3d5e8e-95e2-4fc4-89ef-9101e42b1cef
2026-07-09 02:58:50.775 7 INFO neutron.db.ovn_revision_numbers_db [None req-3c63e84b-30cc-4bb3-a1ca-9b4f12f8349d 5075fc30d6e6446fb7ff969934819616 ec43dc3a89b34aad952df86bbd65c307 - - default default] Successfully bumped revision number for resource bf3d5e8e-95e2-4fc4-89ef-9101e42b1cef (type: ports) to 1 [pid: 7|app: 0|req: 1030/2069] 10.0.0.25 () {34 vars in 668 bytes} [Thu Jul 9 02:58:49 2026] POST /v2.0/networks => generated 665 bytes in 876 msecs (HTTP/1.1 201) 4 headers in 162 bytes (1 switches on core 0) [pid: 7|app: 0|req: 1031/2070] 10.0.0.25 () {34 vars in 674 bytes} [Thu Jul 9 02:58:50 2026] POST /v2.0/subnetpools => generated 516 bytes in 69 msecs (HTTP/1.1 201) 4 headers in 162 bytes (1 switches on core 0)
2026-07-09 02:58:51.025 8 INFO neutron.db.ovn_revision_numbers_db [None req-d1ac0950-5772-420a-8a8e-3328905e9b28 - - - - - -] Successfully bumped revision number for resource 0e609f63-fe60-4e3e-a769-cb0d44c325f4 (type: ports) to 4
2026-07-09 02:58:51.109 7 WARNING neutron.scheduler.dhcp_agent_scheduler [None req-c0772e50-4709-4c85-9f3f-e6bd3990188a 623dbd1f6e324ff3803af1c3608297a8 ed9e5f0d1e084ab7b7bc29fa2b86c553 - - default default] No more DHCP agents
2026-07-09 02:58:51.110 7 WARNING neutron.api.rpc.agentnotifiers.dhcp_rpc_agent_api [None req-c0772e50-4709-4c85-9f3f-e6bd3990188a 623dbd1f6e324ff3803af1c3608297a8 ed9e5f0d1e084ab7b7bc29fa2b86c553 - - default default] Unable to schedule network 2e992b56-651b-4c53-a0e2-d8d83cf71856: no agents available; will retry on subsequent port and subnet creation events.
2026-07-09 02:58:51.653 7 INFO neutron.db.ovn_revision_numbers_db [None req-c0772e50-4709-4c85-9f3f-e6bd3990188a 623dbd1f6e324ff3803af1c3608297a8 ed9e5f0d1e084ab7b7bc29fa2b86c553 - - default default] Successfully bumped revision number for resource e5c64e7a-b992-4018-941b-4366848d1940 (type: ports) to 2
2026-07-09 02:58:51.699 7 INFO neutron.db.ovn_revision_numbers_db [None req-c0772e50-4709-4c85-9f3f-e6bd3990188a 623dbd1f6e324ff3803af1c3608297a8 ed9e5f0d1e084ab7b7bc29fa2b86c553 - - default default] Successfully bumped revision number for resource 1eb2c2ab-5a63-44a7-9cb9-416ed7313fed (type: subnets) to 0 [pid: 7|app: 0|req: 1032/2071] 10.0.0.25 () {34 vars in 667 bytes} [Thu Jul 9 02:58:50 2026] POST /v2.0/subnets => generated 647 bytes in 817 msecs (HTTP/1.1 201) 4 headers in 162 bytes (1 switches on core 0) [pid: 7|app: 0|req: 1033/2072] 10.0.0.85 () {28 vars in 617 bytes} [Thu Jul 9 02:58:51 2026] GET /v2.0/network-ip-availabilities => generated 4542 bytes in 25 msecs (HTTP/1.1 200) 4 headers in 158 bytes (1 switches on core 0)
2026-07-09 02:58:51.748 8 INFO neutron.db.ovn_revision_numbers_db [None req-d1ac0950-5772-420a-8a8e-3328905e9b28 - - - - - -] Successfully bumped revision number for resource 0e609f63-fe60-4e3e-a769-cb0d44c325f4 (type: ports) to 5
2026-07-09 02:58:51.937 8 INFO neutron.plugins.ml2.drivers.ovn.mech_driver.mech_driver [None req-5b37cad1-9766-4e70-80d8-293272609fdb - - - - - -] OVN reports status up for port: 1c32496c-bf7d-4968-90bc-544c85e5b981
2026-07-09 02:58:51.948 7 WARNING neutron.scheduler.dhcp_agent_scheduler [None req-f0b167e4-4495-47d1-89e9-f2699a61f320 5075fc30d6e6446fb7ff969934819616 ec43dc3a89b34aad952df86bbd65c307 - - default default] No more DHCP agents
2026-07-09 02:58:51.949 7 WARNING neutron.api.rpc.agentnotifiers.dhcp_rpc_agent_api [None req-f0b167e4-4495-47d1-89e9-f2699a61f320 5075fc30d6e6446fb7ff969934819616 ec43dc3a89b34aad952df86bbd65c307 - - default default] Unable to schedule network cec75af4-c40a-4c1a-aa76-baf10532e66c: no agents available; will retry on subsequent port and subnet creation events.
2026-07-09 02:58:51.968 8 INFO neutron.plugins.ml2.plugin [None req-5b37cad1-9766-4e70-80d8-293272609fdb - - - - - -] Attempt 1 to provision port 1c32496c-bf7d-4968-90bc-544c85e5b981
2026-07-09 02:58:52.089 8 WARNING neutron.scheduler.dhcp_agent_scheduler [None req-9a5f8595-ccb9-4edc-9c22-d3b928cd64f9 389664079aec44f39c09c07d4d8b1f8f 22b35c531a1d460b8973765eedd9cd91 - - default default] No more DHCP agents
2026-07-09 02:58:52.093 8 WARNING neutron.api.rpc.agentnotifiers.dhcp_rpc_agent_api [None req-9a5f8595-ccb9-4edc-9c22-d3b928cd64f9 389664079aec44f39c09c07d4d8b1f8f 22b35c531a1d460b8973765eedd9cd91 - - default default] Unable to schedule network 08385f34-3bac-4bf8-8ca0-ee9058b3ba74: no agents available; will retry on subsequent port and subnet creation events.
2026-07-09 02:58:52.414 7 INFO neutron.db.ovn_revision_numbers_db [None req-f0b167e4-4495-47d1-89e9-f2699a61f320 5075fc30d6e6446fb7ff969934819616 ec43dc3a89b34aad952df86bbd65c307 - - default default] Successfully bumped revision number for resource bf3d5e8e-95e2-4fc4-89ef-9101e42b1cef (type: ports) to 2
2026-07-09 02:58:52.460 7 INFO neutron.db.ovn_revision_numbers_db [None req-f0b167e4-4495-47d1-89e9-f2699a61f320 5075fc30d6e6446fb7ff969934819616 ec43dc3a89b34aad952df86bbd65c307 - - default default] Successfully bumped revision number for resource 5b2cfaf2-e5a8-45ec-8df5-75c2c006d9ad (type: subnets) to 0 [pid: 7|app: 0|req: 1034/2073] 10.0.0.25 () {34 vars in 667 bytes} [Thu Jul 9 02:58:51 2026] POST /v2.0/subnets => generated 626 bytes in 738 msecs (HTTP/1.1 201) 4 headers in 162 bytes (1 switches on core 0) [pid: 7|app: 0|req: 1035/2074] 10.0.0.25 () {34 vars in 674 bytes} [Thu Jul 9 02:58:52 2026] POST /v2.0/subnetpools => generated 516 bytes in 78 msecs (HTTP/1.1 201) 4 headers in 162 bytes (1 switches on core 0)
2026-07-09 02:58:52.567 7 WARNING neutron.api.v2.base [None req-f6f8ff60-776a-421e-935d-95d59ca67fbc 623dbd1f6e324ff3803af1c3608297a8 ed9e5f0d1e084ab7b7bc29fa2b86c553 - - default default] An exception happened while processing the request body. The exception message is [Invalid input for target_tenant. Reason: '1234123412341234123412341234123412341234123412341234123412341234123412341234123412341234123412341234123412341234123412341234123412341234123412341234123412341234123412341234123412341234123412341234123412341234123412341234123412341234123412341234123412341234123412341234123412341234123412341234123412341234123412341234123412341234123412341234123412341234123412341234123412341234123412341234123412341234' exceeds maximum length of 255.].: webob.exc.HTTPBadRequest: Invalid input for target_tenant. Reason: '1234123412341234123412341234123412341234123412341234123412341234123412341234123412341234123412341234123412341234123412341234123412341234123412341234123412341234123412341234123412341234123412341234123412341234123412341234123412341234123412341234123412341234123412341234123412341234123412341234123412341234123412341234123412341234123412341234123412341234123412341234123412341234123412341234123412341234' exceeds maximum length of 255.
2026-07-09 02:58:52.568 7 INFO neutron.api.v2.resource [None req-f6f8ff60-776a-421e-935d-95d59ca67fbc 623dbd1f6e324ff3803af1c3608297a8 ed9e5f0d1e084ab7b7bc29fa2b86c553 - - default default] create failed (client error): Invalid input for target_tenant. Reason: '1234123412341234123412341234123412341234123412341234123412341234123412341234123412341234123412341234123412341234123412341234123412341234123412341234123412341234123412341234123412341234123412341234123412341234123412341234123412341234123412341234123412341234123412341234123412341234123412341234123412341234123412341234123412341234123412341234123412341234123412341234123412341234123412341234123412341234' exceeds maximum length of 255. [pid: 7|app: 0|req: 1036/2075] 10.0.0.25 () {34 vars in 679 bytes} [Thu Jul 9 02:58:52 2026] POST /v2.0/rbac-policies => generated 547 bytes in 8 msecs (HTTP/1.1 400) 4 headers in 166 bytes (1 switches on core 0) [pid: 7|app: 0|req: 1037/2076] 10.0.0.85 () {28 vars in 583 bytes} [Thu Jul 9 02:58:52 2026] GET /v2.0/networks => generated 5439 bytes in 62 msecs (HTTP/1.1 200) 4 headers in 158 bytes (1 switches on core 0)
2026-07-09 02:58:52.769 8 INFO neutron.db.ovn_revision_numbers_db [None req-5b37cad1-9766-4e70-80d8-293272609fdb - - - - - -] Successfully bumped revision number for resource 1c32496c-bf7d-4968-90bc-544c85e5b981 (type: ports) to 2
2026-07-09 02:58:53.067 8 INFO neutron.db.ovn_revision_numbers_db [None req-9a5f8595-ccb9-4edc-9c22-d3b928cd64f9 389664079aec44f39c09c07d4d8b1f8f 22b35c531a1d460b8973765eedd9cd91 - - default default] Successfully bumped revision number for resource 1c32496c-bf7d-4968-90bc-544c85e5b981 (type: router_ports) to 1 [pid: 8|app: 0|req: 1040/2079] 10.0.0.25 () {34 vars in 781 bytes} [Thu Jul 9 02:58:48 2026] PUT /v2.0/routers/d7a0149c-ce73-4e59-96ef-36d8540fa170/add_router_interface => generated 310 bytes in 4508 msecs (HTTP/1.1 200) 4 headers in 157 bytes (1 switches on core 0)
2026-07-09 02:58:53.123 7 WARNING neutron.scheduler.dhcp_agent_scheduler [None req-d2e9a67c-540c-400d-9e34-c662884092ed 5075fc30d6e6446fb7ff969934819616 ec43dc3a89b34aad952df86bbd65c307 - - default default] No more DHCP agents
2026-07-09 02:58:53.127 7 WARNING neutron.api.rpc.agentnotifiers.dhcp_rpc_agent_api [None req-d2e9a67c-540c-400d-9e34-c662884092ed 5075fc30d6e6446fb7ff969934819616 ec43dc3a89b34aad952df86bbd65c307 - - default default] Unable to schedule network d166394a-9ed2-4a9a-8c6d-aae40a63a898: no agents available; will retry on subsequent port and subnet creation events. [pid: 8|app: 0|req: 1041/2080] 10.0.0.25 () {34 vars in 674 bytes} [Thu Jul 9 02:58:53 2026] POST /v2.0/subnetpools => generated 516 bytes in 79 msecs (HTTP/1.1 201) 4 headers in 162 bytes (1 switches on core 0)
2026-07-09 02:58:53.264 7 INFO neutron.plugins.ml2.drivers.ovn.mech_driver.mech_driver [None req-6c02c108-bc5f-4fa7-a725-841becc56c1b - - - - - -] OVN reports status down for port: 01f224d6-53c5-4036-a37c-6b2d90cf272e
2026-07-09 02:58:53.318 8 INFO neutron_taas.services.taas.taas_plugin [None req-1ce990f1-e676-4231-a3bc-85cfe4a61fda 623dbd1f6e324ff3803af1c3608297a8 ed9e5f0d1e084ab7b7bc29fa2b86c553 - - default default] TaaS: Handle Delete Port: e5c64e7a-b992-4018-941b-4366848d1940
2026-07-09 02:58:53.321 8 INFO neutron_taas.services.taas.tap_mirror_plugin [None req-1ce990f1-e676-4231-a3bc-85cfe4a61fda 623dbd1f6e324ff3803af1c3608297a8 ed9e5f0d1e084ab7b7bc29fa2b86c553 - - default default] Tap Mirror: Handle Delete Port: e5c64e7a-b992-4018-941b-4366848d1940
2026-07-09 02:58:53.322 7 INFO neutron.db.ovn_revision_numbers_db [None req-d2e9a67c-540c-400d-9e34-c662884092ed 5075fc30d6e6446fb7ff969934819616 ec43dc3a89b34aad952df86bbd65c307 - - default default] Successfully bumped revision number for resource 01f224d6-53c5-4036-a37c-6b2d90cf272e (type: ports) to 1
2026-07-09 02:58:53.734 8 INFO neutron.services.segments.plugin [-] Segment d3a6e5c4-0021-4690-b202-900ec7ea712f resource provider aggregate not found
2026-07-09 02:58:53.744 8 INFO neutron.services.segments.plugin [-] Segment d3a6e5c4-0021-4690-b202-900ec7ea712f resource provider aggregate not found
2026-07-09 02:58:53.759 8 INFO neutron.services.segments.plugin [-] Client error retrieving segment d3a6e5c4-0021-4690-b202-900ec7ea712f resource provider; error: Placement Client Error (4xx): {"errors": [{"status": 404, "title": "Not Found", "detail": "The resource could not be found.\n\n No resource provider with uuid d3a6e5c4-0021-4690-b202-900ec7ea712f found for delete ", "request_id": "req-4cd39ee4-ee4d-448b-8e9d-8991931c23cc"}]}
2026-07-09 02:58:53.775 8 INFO neutron.services.segments.plugin [-] Client error retrieving segment d3a6e5c4-0021-4690-b202-900ec7ea712f resource provider; error: Placement Client Error (4xx): {"errors": [{"status": 404, "title": "Not Found", "detail": "The resource could not be found.\n\n No resource provider with uuid d3a6e5c4-0021-4690-b202-900ec7ea712f found for delete ", "request_id": "req-67cc4dd0-1573-46cd-8372-ea08f3e8ddf8"}]} [pid: 8|app: 0|req: 1042/2081] 10.0.0.25 () {32 vars in 724 bytes} [Thu Jul 9 02:58:53 2026] DELETE /v2.0/networks/2e992b56-651b-4c53-a0e2-d8d83cf71856 => generated 0 bytes in 647 msecs (HTTP/1.1 204) 3 headers in 131 bytes (1 switches on core 0) [pid: 8|app: 0|req: 1043/2082] 10.0.0.85 () {28 vars in 577 bytes} [Thu Jul 9 02:58:53 2026] GET /v2.0/ports => generated 13759 bytes in 61 msecs (HTTP/1.1 200) 4 headers in 159 bytes (1 switches on core 0) [pid: 8|app: 0|req: 1044/2083] 10.0.0.25 () {34 vars in 674 bytes} [Thu Jul 9 02:58:53 2026] POST /v2.0/subnetpools => generated 516 bytes in 77 msecs (HTTP/1.1 201) 4 headers in 162 bytes (1 switches on core 0)
2026-07-09 02:58:54.026 7 INFO neutron.plugins.ml2.drivers.ovn.mech_driver.mech_driver [None req-6c02c108-bc5f-4fa7-a725-841becc56c1b - - - - - -] OVN reports status up for port: 01f224d6-53c5-4036-a37c-6b2d90cf272e
2026-07-09 02:58:54.068 7 INFO neutron.plugins.ml2.plugin [None req-6c02c108-bc5f-4fa7-a725-841becc56c1b - - - - - -] Attempt 1 to provision port 01f224d6-53c5-4036-a37c-6b2d90cf272e
2026-07-09 02:58:54.094 7 INFO neutron.db.ovn_revision_numbers_db [None req-d2e9a67c-540c-400d-9e34-c662884092ed 5075fc30d6e6446fb7ff969934819616 ec43dc3a89b34aad952df86bbd65c307 - - default default] Successfully bumped revision number for resource 01f224d6-53c5-4036-a37c-6b2d90cf272e (type: router_ports) to 1
2026-07-09 02:58:54.101 8 INFO neutron.db.ovn_revision_numbers_db [None req-a567fc61-1208-4fd5-a00c-be32cc4d416d 31b9eb8875664502ab8e621b3dccfd34 b5fbf2e2a7e74613a53a8d3751846d45 - - default default] Successfully bumped revision number for resource 1807afbd-8a8a-4b98-ba48-ebb265fefce0 (type: security_groups) to 1
2026-07-09 02:58:54.113 8 INFO neutron.db.ovn_revision_numbers_db [None req-a567fc61-1208-4fd5-a00c-be32cc4d416d 31b9eb8875664502ab8e621b3dccfd34 b5fbf2e2a7e74613a53a8d3751846d45 - - default default] Successfully bumped revision number for resource b827148d-203f-416f-9ac1-d8b40740898b (type: security_group_rules) to 0
2026-07-09 02:58:54.128 8 INFO neutron.db.ovn_revision_numbers_db [None req-a567fc61-1208-4fd5-a00c-be32cc4d416d 31b9eb8875664502ab8e621b3dccfd34 b5fbf2e2a7e74613a53a8d3751846d45 - - default default] Successfully bumped revision number for resource c54058fa-ce70-4166-b0c4-cc18bc8bea86 (type: security_group_rules) to 0 [pid: 8|app: 0|req: 1045/2084] 10.0.0.25 () {34 vars in 683 bytes} [Thu Jul 9 02:58:53 2026] POST /v2.0/security-groups => generated 1675 bytes in 236 msecs (HTTP/1.1 201) 4 headers in 163 bytes (1 switches on core 0)
2026-07-09 02:58:54.240 7 INFO neutron.db.ovn_revision_numbers_db [None req-d2e9a67c-540c-400d-9e34-c662884092ed 5075fc30d6e6446fb7ff969934819616 ec43dc3a89b34aad952df86bbd65c307 - - default default] Successfully bumped revision number for resource ad9f4a38-4498-4fc4-8c82-88d0dfca280f (type: routers) to 2 [pid: 7|app: 0|req: 1040/2085] 10.0.0.25 () {34 vars in 667 bytes} [Thu Jul 9 02:58:52 2026] POST /v2.0/routers => generated 956 bytes in 1624 msecs (HTTP/1.1 201) 4 headers in 162 bytes (1 switches on core 0)
2026-07-09 02:58:54.271 8 INFO neutron.db.segments_db [None req-68fe87e0-3150-4190-a3ae-ade195682186 623dbd1f6e324ff3803af1c3608297a8 ed9e5f0d1e084ab7b7bc29fa2b86c553 - - default default] Added segment cd29e3a5-5cdc-40a2-8cf6-e2c04729444f of type geneve for network 7d87b956-f661-4e1f-9827-e7dd08eb3cbd [pid: 7|app: 0|req: 1041/2086] 10.0.0.25 () {34 vars in 757 bytes} [Thu Jul 9 02:58:54 2026] PUT /v2.0/subnetpools/5e267318-2046-4459-bd20-b2dc29229efa/tags => generated 17 bytes in 58 msecs (HTTP/1.1 200) 4 headers in 156 bytes (1 switches on core 0)
2026-07-09 02:58:54.427 8 INFO neutron.db.ovn_revision_numbers_db [None req-68fe87e0-3150-4190-a3ae-ade195682186 623dbd1f6e324ff3803af1c3608297a8 ed9e5f0d1e084ab7b7bc29fa2b86c553 - - default default] Successfully bumped revision number for resource 7d87b956-f661-4e1f-9827-e7dd08eb3cbd (type: networks) to 1
2026-07-09 02:58:54.436 7 INFO neutron.db.ovn_revision_numbers_db [None req-9e347d72-0f9b-4c86-b24a-1941dd08fbf1 31b9eb8875664502ab8e621b3dccfd34 b5fbf2e2a7e74613a53a8d3751846d45 - - default default] Successfully bumped revision number for resource 064ca926-0579-4d12-9490-b731dbe84e36 (type: security_group_rules) to 0 [pid: 7|app: 0|req: 1042/2087] 10.0.0.25 () {34 vars in 693 bytes} [Thu Jul 9 02:58:54 2026] POST /v2.0/security-group-rules => generated 597 bytes in 163 msecs (HTTP/1.1 201) 4 headers in 162 bytes (1 switches on core 0)
2026-07-09 02:58:54.647 8 WARNING neutron.scheduler.dhcp_agent_scheduler [None req-68fe87e0-3150-4190-a3ae-ade195682186 623dbd1f6e324ff3803af1c3608297a8 ed9e5f0d1e084ab7b7bc29fa2b86c553 - - default default] No more DHCP agents
2026-07-09 02:58:54.648 8 WARNING neutron.api.rpc.agentnotifiers.dhcp_rpc_agent_api [None req-68fe87e0-3150-4190-a3ae-ade195682186 623dbd1f6e324ff3803af1c3608297a8 ed9e5f0d1e084ab7b7bc29fa2b86c553 - - default default] Unable to schedule network 7d87b956-f661-4e1f-9827-e7dd08eb3cbd: no agents available; will retry on subsequent port and subnet creation events.
2026-07-09 02:58:54.751 8 INFO neutron.db.ovn_revision_numbers_db [None req-68fe87e0-3150-4190-a3ae-ade195682186 623dbd1f6e324ff3803af1c3608297a8 ed9e5f0d1e084ab7b7bc29fa2b86c553 - - default default] Successfully bumped revision number for resource 6390a20a-e900-4277-acbf-01732b113dac (type: ports) to 1 [pid: 8|app: 0|req: 1046/2088] 10.0.0.25 () {34 vars in 668 bytes} [Thu Jul 9 02:58:54 2026] POST /v2.0/networks => generated 768 bytes in 596 msecs (HTTP/1.1 201) 4 headers in 162 bytes (1 switches on core 0) [pid: 8|app: 0|req: 1047/2089] 10.0.0.25 () {34 vars in 757 bytes} [Thu Jul 9 02:58:54 2026] PUT /v2.0/subnetpools/efb47246-eb93-4d3e-96d6-1c9796954424/tags => generated 25 bytes in 60 msecs (HTTP/1.1 200) 4 headers in 156 bytes (1 switches on core 0)
2026-07-09 02:58:54.975 8 INFO neutron.db.ovn_revision_numbers_db [None req-d5a8e8a8-a5ce-46ea-b3fb-3b6b832909cb 31b9eb8875664502ab8e621b3dccfd34 b5fbf2e2a7e74613a53a8d3751846d45 - - default default] Successfully bumped revision number for resource b2e13f9a-3899-4a3d-b6a9-8d703c7a9c4d (type: security_group_rules) to 0 [pid: 8|app: 0|req: 1048/2090] 10.0.0.25 () {34 vars in 693 bytes} [Thu Jul 9 02:58:54 2026] POST /v2.0/security-group-rules => generated 596 bytes in 207 msecs (HTTP/1.1 201) 4 headers in 162 bytes (1 switches on core 0)
2026-07-09 02:58:55.137 7 WARNING neutron.scheduler.dhcp_agent_scheduler [None req-bb7b313f-00f6-4c75-ba43-af8803b54322 5075fc30d6e6446fb7ff969934819616 ec43dc3a89b34aad952df86bbd65c307 - - default default] No more DHCP agents
2026-07-09 02:58:55.139 7 WARNING neutron.api.rpc.agentnotifiers.dhcp_rpc_agent_api [None req-bb7b313f-00f6-4c75-ba43-af8803b54322 5075fc30d6e6446fb7ff969934819616 ec43dc3a89b34aad952df86bbd65c307 - - default default] Unable to schedule network cec75af4-c40a-4c1a-aa76-baf10532e66c: no agents available; will retry on subsequent port and subnet creation events.
2026-07-09 02:58:55.227 8 WARNING neutron.scheduler.dhcp_agent_scheduler [None req-f8bd2ea2-b19c-41b3-b581-bb18dda736ac 623dbd1f6e324ff3803af1c3608297a8 ed9e5f0d1e084ab7b7bc29fa2b86c553 - - default default] No more DHCP agents
2026-07-09 02:58:55.237 8 WARNING neutron.api.rpc.agentnotifiers.dhcp_rpc_agent_api [None req-f8bd2ea2-b19c-41b3-b581-bb18dda736ac 623dbd1f6e324ff3803af1c3608297a8 ed9e5f0d1e084ab7b7bc29fa2b86c553 - - default default] Unable to schedule network 7d87b956-f661-4e1f-9827-e7dd08eb3cbd: no agents available; will retry on subsequent port and subnet creation events.
2026-07-09 02:58:55.308 7 INFO neutron.db.ovn_revision_numbers_db [None req-bb7b313f-00f6-4c75-ba43-af8803b54322 5075fc30d6e6446fb7ff969934819616 ec43dc3a89b34aad952df86bbd65c307 - - default default] Successfully bumped revision number for resource 64366cdd-8fda-4ddb-86a3-ddc7cbca2fa4 (type: ports) to 1
2026-07-09 02:58:55.841 8 INFO neutron.db.ovn_revision_numbers_db [None req-f8bd2ea2-b19c-41b3-b581-bb18dda736ac 623dbd1f6e324ff3803af1c3608297a8 ed9e5f0d1e084ab7b7bc29fa2b86c553 - - default default] Successfully bumped revision number for resource 6390a20a-e900-4277-acbf-01732b113dac (type: ports) to 2
2026-07-09 02:58:55.879 8 INFO neutron.db.ovn_revision_numbers_db [None req-f8bd2ea2-b19c-41b3-b581-bb18dda736ac 623dbd1f6e324ff3803af1c3608297a8 ed9e5f0d1e084ab7b7bc29fa2b86c553 - - default default] Successfully bumped revision number for resource b5131740-53b4-45c6-86bd-eb37ff3c9d50 (type: subnets) to 0 [pid: 8|app: 0|req: 1049/2091] 10.0.0.25 () {34 vars in 667 bytes} [Thu Jul 9 02:58:55 2026] POST /v2.0/subnets => generated 647 bytes in 857 msecs (HTTP/1.1 201) 4 headers in 162 bytes (1 switches on core 0) [pid: 8|app: 0|req: 1050/2092] 10.0.0.25 () {34 vars in 757 bytes} [Thu Jul 9 02:58:55 2026] PUT /v2.0/subnetpools/c9a29fb3-590b-4720-a963-2f8e72ada81a/tags => generated 34 bytes in 49 msecs (HTTP/1.1 200) 4 headers in 156 bytes (1 switches on core 0)
2026-07-09 02:58:56.080 8 INFO neutron.db.ovn_revision_numbers_db [None req-c1d03c90-c4d5-44cd-8c57-04e160cc688f 31b9eb8875664502ab8e621b3dccfd34 b5fbf2e2a7e74613a53a8d3751846d45 - - default default] Successfully bumped revision number for resource c12bf4d3-a55e-425b-9559-37eb8433e3d9 (type: security_group_rules) to 0 [pid: 8|app: 0|req: 1051/2093] 10.0.0.25 () {34 vars in 693 bytes} [Thu Jul 9 02:58:55 2026] POST /v2.0/security-group-rules => generated 602 bytes in 190 msecs (HTTP/1.1 201) 4 headers in 162 bytes (1 switches on core 0)
2026-07-09 02:58:56.215 7 WARNING neutron.scheduler.dhcp_agent_scheduler [None req-bb7b313f-00f6-4c75-ba43-af8803b54322 5075fc30d6e6446fb7ff969934819616 ec43dc3a89b34aad952df86bbd65c307 - - default default] No more DHCP agents
2026-07-09 02:58:56.217 7 WARNING neutron.api.rpc.agentnotifiers.dhcp_rpc_agent_api [None req-bb7b313f-00f6-4c75-ba43-af8803b54322 5075fc30d6e6446fb7ff969934819616 ec43dc3a89b34aad952df86bbd65c307 - - default default] Unable to schedule network cec75af4-c40a-4c1a-aa76-baf10532e66c: no agents available; will retry on subsequent port and subnet creation events. [pid: 8|app: 0|req: 1052/2094] 10.0.0.25 () {34 vars in 679 bytes} [Thu Jul 9 02:58:56 2026] POST /v2.0/rbac-policies => generated 324 bytes in 207 msecs (HTTP/1.1 201) 4 headers in 162 bytes (1 switches on core 0) [pid: 8|app: 0|req: 1053/2095] 10.0.0.25 () {34 vars in 757 bytes} [Thu Jul 9 02:58:56 2026] PUT /v2.0/subnetpools/d833e5e4-61dc-4683-9012-c7d24fbce3fd/tags => generated 19 bytes in 41 msecs (HTTP/1.1 200) 4 headers in 156 bytes (1 switches on core 0)
2026-07-09 02:58:56.498 7 INFO neutron.db.ovn_revision_numbers_db [None req-bb7b313f-00f6-4c75-ba43-af8803b54322 5075fc30d6e6446fb7ff969934819616 ec43dc3a89b34aad952df86bbd65c307 - - default default] Successfully bumped revision number for resource 64366cdd-8fda-4ddb-86a3-ddc7cbca2fa4 (type: router_ports) to 1 [pid: 7|app: 0|req: 1043/2096] 10.0.0.25 () {34 vars in 781 bytes} [Thu Jul 9 02:58:54 2026] PUT /v2.0/routers/ad9f4a38-4498-4fc4-8c82-88d0dfca280f/add_router_interface => generated 310 bytes in 2025 msecs (HTTP/1.1 200) 4 headers in 157 bytes (1 switches on core 0) [pid: 7|app: 0|req: 1044/2097] 10.0.0.25 () {32 vars in 670 bytes} [Thu Jul 9 02:58:56 2026] GET /v2.0/subnetpools?tags=red => generated 1563 bytes in 31 msecs (HTTP/1.1 200) 4 headers in 158 bytes (1 switches on core 0)
2026-07-09 02:58:56.584 8 INFO neutron.db.ovn_revision_numbers_db [None req-1a57c488-4180-4ed5-92ed-b30f4fb1ee4b 31b9eb8875664502ab8e621b3dccfd34 b5fbf2e2a7e74613a53a8d3751846d45 - - default default] Successfully bumped revision number for resource 8a9be434-a925-4544-9afb-076a3df69cd2 (type: security_group_rules) to 0 [pid: 8|app: 0|req: 1054/2098] 10.0.0.25 () {34 vars in 693 bytes} [Thu Jul 9 02:58:56 2026] POST /v2.0/security-group-rules => generated 601 bytes in 228 msecs (HTTP/1.1 201) 4 headers in 162 bytes (1 switches on core 0) [pid: 8|app: 0|req: 1055/2099] 10.0.0.25 () {32 vars in 684 bytes} [Thu Jul 9 02:58:56 2026] GET /v2.0/subnetpools?tags=red%2Cblue => generated 1056 bytes in 24 msecs (HTTP/1.1 200) 4 headers in 158 bytes (1 switches on core 0)
2026-07-09 02:58:56.684 8 INFO neutron.db.securitygroups_db [None req-20f36ab9-8176-4e30-9b87-d62c450c34b2 31b9eb8875664502ab8e621b3dccfd34 b5fbf2e2a7e74613a53a8d3751846d45 - - default default] Project b5fbf2e2a7e74613a53a8d3751846d45 added a security group rule with legacy IPv6 ICMP protocol name icmp, ipv6-icmp should be used instead. It was automatically converted.
