2026-07-09 02:56:42.240 7 INFO neutron_taas.services.taas.tap_mirror_plugin [None req-c0613069-ec40-4643-bc1d-5e94e565c97a 982b299c96d343e4a8751572a42affb7 153094c41e20419e902cf1f23fe5f69f - - default default] Tap Mirror: Handle Delete Port: dffd0fce-574e-4145-859e-f697d86b650c
2026-07-09 02:56:42.273 8 WARNING neutron.scheduler.dhcp_agent_scheduler [None req-ca669ef3-9022-4440-b22f-d1da21b76c5d dcf5d0e325bc4613af6938a601f36a6f 879ab443698c4b83a21a965d2db4fa1f - - default default] No more DHCP agents
2026-07-09 02:56:42.275 8 WARNING neutron.api.rpc.agentnotifiers.dhcp_rpc_agent_api [None req-ca669ef3-9022-4440-b22f-d1da21b76c5d dcf5d0e325bc4613af6938a601f36a6f 879ab443698c4b83a21a965d2db4fa1f - - default default] Unable to schedule network 78e471f6-3922-42ba-8d2c-8ef01f63588f: no agents available; will retry on subsequent port and subnet creation events.
2026-07-09 02:56:42.396 8 INFO neutron.db.ovn_revision_numbers_db [None req-ca669ef3-9022-4440-b22f-d1da21b76c5d dcf5d0e325bc4613af6938a601f36a6f 879ab443698c4b83a21a965d2db4fa1f - - default default] Successfully bumped revision number for resource 9a195406-313c-4a26-a31a-0ad7454bd1e8 (type: ports) to 1 [pid: 8|app: 0|req: 764/1477] 10.0.0.25 () {34 vars in 663 bytes} [Thu Jul 9 02:56:42 2026] POST /v2.0/ports => generated 774 bytes in 410 msecs (HTTP/1.1 201) 4 headers in 162 bytes (1 switches on core 0) /var/lib/openstack/lib/python3.12/site-packages/pycadf/identifier.py:70: UserWarning: Invalid uuid: neutron. To ensure interoperability, identifiers should be a valid uuid. warnings.warn(('Invalid uuid: %s. To ensure interoperability, '
2026-07-09 02:56:42.542 8 INFO neutron.db.segments_db [None req-540214f3-d071-4150-b1cf-c786ba79c264 dcf5d0e325bc4613af6938a601f36a6f 879ab443698c4b83a21a965d2db4fa1f - - default default] Added segment fe03fb25-8265-4d6c-863b-fb5e710d6eec of type geneve for network b87c9fa4-bb9c-4173-9b46-fdbc1a528b8f
2026-07-09 02:56:42.669 8 INFO neutron.db.ovn_revision_numbers_db [None req-540214f3-d071-4150-b1cf-c786ba79c264 dcf5d0e325bc4613af6938a601f36a6f 879ab443698c4b83a21a965d2db4fa1f - - default default] Successfully bumped revision number for resource b87c9fa4-bb9c-4173-9b46-fdbc1a528b8f (type: networks) to 1 [pid: 7|app: 0|req: 714/1478] 10.0.0.25 () {32 vars in 722 bytes} [Thu Jul 9 02:56:41 2026] DELETE /v2.0/routers/15adc7ad-90a2-4318-9c8d-c92f7266dce0 => generated 0 bytes in 854 msecs (HTTP/1.1 204) 2 headers in 112 bytes (1 switches on core 0) [pid: 7|app: 0|req: 715/1479] 10.0.0.25 () {32 vars in 734 bytes} [Thu Jul 9 02:56:42 2026] GET /v2.0/ports?device_id=15adc7ad-90a2-4318-9c8d-c92f7266dce0 => generated 12 bytes in 20 msecs (HTTP/1.1 200) 4 headers in 156 bytes (1 switches on core 0)
2026-07-09 02:56:42.793 7 INFO neutron.api.v2.resource [None req-6ef001c0-528e-4c09-b368-8af5a3d1cc40 982b299c96d343e4a8751572a42affb7 153094c41e20419e902cf1f23fe5f69f - - default default] delete failed (client error): The resource could not be found. [pid: 7|app: 0|req: 716/1480] 10.0.0.25 () {32 vars in 722 bytes} [Thu Jul 9 02:56:42 2026] DELETE /v2.0/routers/15adc7ad-90a2-4318-9c8d-c92f7266dce0 => generated 135 bytes in 20 msecs (HTTP/1.1 404) 4 headers in 164 bytes (1 switches on core 0) [pid: 7|app: 0|req: 717/1481] 10.0.0.25 () {32 vars in 734 bytes} [Thu Jul 9 02:56:42 2026] GET /v2.0/ports?device_id=21da809c-7327-4523-9c56-0da66846c1cd => generated 12 bytes in 23 msecs (HTTP/1.1 200) 4 headers in 156 bytes (1 switches on core 0)
2026-07-09 02:56:42.850 7 INFO neutron.api.v2.resource [None req-8e242abc-4c72-4321-aba4-3d3f6696ed88 982b299c96d343e4a8751572a42affb7 153094c41e20419e902cf1f23fe5f69f - - default default] delete failed (client error): The resource could not be found. [pid: 7|app: 0|req: 718/1482] 10.0.0.25 () {32 vars in 722 bytes} [Thu Jul 9 02:56:42 2026] DELETE /v2.0/routers/21da809c-7327-4523-9c56-0da66846c1cd => generated 135 bytes in 22 msecs (HTTP/1.1 404) 4 headers in 164 bytes (1 switches on core 0)
2026-07-09 02:56:42.872 7 INFO neutron.pecan_wsgi.hooks.translation [None req-a39b2cae-70b6-450f-ab84-18362a1974cc 982b299c96d343e4a8751572a42affb7 153094c41e20419e902cf1f23fe5f69f - - default default] DELETE failed (client error): The resource could not be found. [pid: 7|app: 0|req: 719/1483] 10.0.0.25 () {32 vars in 722 bytes} [Thu Jul 9 02:56:42 2026] DELETE /v2.0/subnets/ee7aa7ed-b1bb-4b4b-95f4-5449bcd5d920 => generated 136 bytes in 18 msecs (HTTP/1.1 404) 4 headers in 164 bytes (1 switches on core 0) [pid: 7|app: 0|req: 720/1484] 10.0.0.25 () {32 vars in 734 bytes} [Thu Jul 9 02:56:42 2026] GET /v2.0/ports?device_id=eb09282b-175e-405d-bf5f-07fa1290a635 => generated 12 bytes in 22 msecs (HTTP/1.1 200) 4 headers in 156 bytes (1 switches on core 0)
2026-07-09 02:56:42.915 8 WARNING neutron.scheduler.dhcp_agent_scheduler [None req-540214f3-d071-4150-b1cf-c786ba79c264 dcf5d0e325bc4613af6938a601f36a6f 879ab443698c4b83a21a965d2db4fa1f - - default default] No more DHCP agents
2026-07-09 02:56:42.916 8 WARNING neutron.api.rpc.agentnotifiers.dhcp_rpc_agent_api [None req-540214f3-d071-4150-b1cf-c786ba79c264 dcf5d0e325bc4613af6938a601f36a6f 879ab443698c4b83a21a965d2db4fa1f - - default default] Unable to schedule network b87c9fa4-bb9c-4173-9b46-fdbc1a528b8f: no agents available; will retry on subsequent port and subnet creation events.
2026-07-09 02:56:42.931 7 INFO neutron.api.v2.resource [None req-a1606166-e3d6-4bb4-9be7-fa78622752e9 982b299c96d343e4a8751572a42affb7 153094c41e20419e902cf1f23fe5f69f - - default default] delete failed (client error): The resource could not be found. [pid: 7|app: 0|req: 721/1485] 10.0.0.25 () {32 vars in 722 bytes} [Thu Jul 9 02:56:42 2026] DELETE /v2.0/routers/eb09282b-175e-405d-bf5f-07fa1290a635 => generated 135 bytes in 23 msecs (HTTP/1.1 404) 4 headers in 164 bytes (1 switches on core 0)
2026-07-09 02:56:42.951 7 INFO neutron.pecan_wsgi.hooks.translation [None req-67c16452-84da-4254-848a-dd82b1cb8a42 982b299c96d343e4a8751572a42affb7 153094c41e20419e902cf1f23fe5f69f - - default default] DELETE failed (client error): The resource could not be found. [pid: 7|app: 0|req: 722/1486] 10.0.0.25 () {32 vars in 722 bytes} [Thu Jul 9 02:56:42 2026] DELETE /v2.0/subnets/87d1217a-5543-4e3f-a065-13d31ee05f2d => generated 136 bytes in 16 msecs (HTTP/1.1 404) 4 headers in 164 bytes (1 switches on core 0) [pid: 7|app: 0|req: 723/1487] 10.0.0.25 () {32 vars in 734 bytes} [Thu Jul 9 02:56:42 2026] GET /v2.0/ports?device_id=c82e8590-00dd-46ea-9f0f-63cf0ddec2ee => generated 12 bytes in 50 msecs (HTTP/1.1 200) 4 headers in 156 bytes (1 switches on core 0)
2026-07-09 02:56:43.033 8 INFO neutron.db.ovn_revision_numbers_db [None req-540214f3-d071-4150-b1cf-c786ba79c264 dcf5d0e325bc4613af6938a601f36a6f 879ab443698c4b83a21a965d2db4fa1f - - default default] Successfully bumped revision number for resource 9638bf5d-938b-437b-8596-d5e90946dc36 (type: ports) to 1
2026-07-09 02:56:43.037 7 INFO neutron.api.v2.resource [None req-c39c4506-9003-49b2-b4f1-ece6f89a3a23 982b299c96d343e4a8751572a42affb7 153094c41e20419e902cf1f23fe5f69f - - default default] delete failed (client error): The resource could not be found. [pid: 7|app: 0|req: 724/1488] 10.0.0.25 () {32 vars in 722 bytes} [Thu Jul 9 02:56:43 2026] DELETE /v2.0/routers/c82e8590-00dd-46ea-9f0f-63cf0ddec2ee => generated 135 bytes in 26 msecs (HTTP/1.1 404) 4 headers in 164 bytes (1 switches on core 0)
2026-07-09 02:56:43.064 7 INFO neutron.pecan_wsgi.hooks.translation [None req-540f29b0-504b-4598-8e64-01c1a73e319e 982b299c96d343e4a8751572a42affb7 153094c41e20419e902cf1f23fe5f69f - - default default] DELETE failed (client error): The resource could not be found. [pid: 7|app: 0|req: 725/1489] 10.0.0.25 () {32 vars in 722 bytes} [Thu Jul 9 02:56:43 2026] DELETE /v2.0/subnets/b2959d67-c6b2-471d-a4bb-b076f3803f00 => generated 136 bytes in 20 msecs (HTTP/1.1 404) 4 headers in 164 bytes (1 switches on core 0) [pid: 8|app: 0|req: 765/1490] 10.0.0.25 () {34 vars in 668 bytes} [Thu Jul 9 02:56:42 2026] POST /v2.0/networks => generated 670 bytes in 637 msecs (HTTP/1.1 201) 4 headers in 162 bytes (1 switches on core 0)
2026-07-09 02:56:43.089 7 INFO neutron.pecan_wsgi.hooks.translation [None req-bc104e11-cd48-43d4-a93f-8e771a802ee5 982b299c96d343e4a8751572a42affb7 153094c41e20419e902cf1f23fe5f69f - - default default] DELETE failed (client error): The resource could not be found. [pid: 7|app: 0|req: 726/1491] 10.0.0.25 () {32 vars in 722 bytes} [Thu Jul 9 02:56:43 2026] DELETE /v2.0/subnets/d82fa331-c84c-4348-b97d-44c1d6ca5a1c => generated 136 bytes in 17 msecs (HTTP/1.1 404) 4 headers in 164 bytes (1 switches on core 0)
2026-07-09 02:56:43.333 8 WARNING neutron.scheduler.dhcp_agent_scheduler [None req-e36017a1-b355-4066-ab9d-d848af153380 dcf5d0e325bc4613af6938a601f36a6f 879ab443698c4b83a21a965d2db4fa1f - - default default] No more DHCP agents
2026-07-09 02:56:43.335 8 WARNING neutron.api.rpc.agentnotifiers.dhcp_rpc_agent_api [None req-e36017a1-b355-4066-ab9d-d848af153380 dcf5d0e325bc4613af6938a601f36a6f 879ab443698c4b83a21a965d2db4fa1f - - default default] Unable to schedule network b87c9fa4-bb9c-4173-9b46-fdbc1a528b8f: no agents available; will retry on subsequent port and subnet creation events.
2026-07-09 02:56:43.419 8 WARNING neutron.plugins.ml2.drivers.ovn.mech_driver.ovsdb.ovn_client [None req-74ba5e8f-628c-43c7-9051-827cf6d6128a - - - - - -] No port found with ID 9f4ec688-a8e0-4fa6-8537-425bac8ddd0b: RuntimeError: No port found with ID 9f4ec688-a8e0-4fa6-8537-425bac8ddd0b
2026-07-09 02:56:43.439 8 INFO neutron.plugins.ml2.drivers.ovn.mech_driver.mech_driver [None req-74ba5e8f-628c-43c7-9051-827cf6d6128a - - - - - -] OVN reports status down for port: e7bdd826-229f-465d-b568-6c65e43cc568
2026-07-09 02:56:43.473 8 INFO neutron.plugins.ml2.drivers.ovn.mech_driver.mech_driver [None req-74ba5e8f-628c-43c7-9051-827cf6d6128a - - - - - -] OVN reports status down for port: 143f8646-731f-4bd8-9664-7deea7744045
2026-07-09 02:56:43.493 8 INFO neutron.plugins.ml2.drivers.ovn.mech_driver.mech_driver [None req-74ba5e8f-628c-43c7-9051-827cf6d6128a - - - - - -] OVN reports status down for port: 3e8143b0-c218-45b4-80f5-06e31699d1d7
2026-07-09 02:56:43.525 8 INFO neutron.plugins.ml2.drivers.ovn.mech_driver.mech_driver [None req-74ba5e8f-628c-43c7-9051-827cf6d6128a - - - - - -] OVN reports status down for port: 2d1457e5-8c4e-49e2-af36-6387de800c3a
2026-07-09 02:56:43.623 8 INFO neutron.plugins.ml2.drivers.ovn.mech_driver.mech_driver [None req-74ba5e8f-628c-43c7-9051-827cf6d6128a - - - - - -] OVN reports status down for port: 1e10e5a6-a3b8-46f3-ad9a-0a407f942b56
2026-07-09 02:56:43.650 8 INFO neutron.plugins.ml2.drivers.ovn.mech_driver.mech_driver [None req-74ba5e8f-628c-43c7-9051-827cf6d6128a - - - - - -] OVN reports status down for port: a5d9c5e0-0528-4fbb-b8d3-c27b06f4a0b7
2026-07-09 02:56:43.684 8 INFO neutron.plugins.ml2.drivers.ovn.mech_driver.mech_driver [None req-74ba5e8f-628c-43c7-9051-827cf6d6128a - - - - - -] OVN reports status down for port: 1e10e5a6-a3b8-46f3-ad9a-0a407f942b56
2026-07-09 02:56:43.824 7 WARNING neutron.db.securitygroups_db [None req-91029b1e-3846-4c1c-ac74-934e20fea2c0 389664079aec44f39c09c07d4d8b1f8f 22b35c531a1d460b8973765eedd9cd91 - - default default] project_id key not found in filters, using tenant_id instead. This support has been deprecated and will be removed in a future release. [pid: 7|app: 0|req: 727/1492] 10.0.0.25 () {32 vars in 772 bytes} [Thu Jul 9 02:56:43 2026] GET /v2.0/security-groups?tenant_id=153094c41e20419e902cf1f23fe5f69f&name=default => generated 2925 bytes in 272 msecs (HTTP/1.1 200) 4 headers in 158 bytes (1 switches on core 0)
2026-07-09 02:56:43.865 8 INFO neutron.plugins.ml2.drivers.ovn.mech_driver.mech_driver [None req-74ba5e8f-628c-43c7-9051-827cf6d6128a - - - - - -] OVN reports status down for port: 9b29da14-b27c-41c1-a8be-bd12dca1f129
2026-07-09 02:56:44.051 8 INFO neutron.plugins.ml2.drivers.ovn.mech_driver.mech_driver [None req-74ba5e8f-628c-43c7-9051-827cf6d6128a - - - - - -] OVN reports status down for port: 9a195406-313c-4a26-a31a-0ad7454bd1e8 [pid: 7|app: 0|req: 728/1493] 10.0.0.25 () {32 vars in 738 bytes} [Thu Jul 9 02:56:43 2026] DELETE /v2.0/security-groups/f2486ba8-5477-4850-92c6-4456e9be212b => generated 0 bytes in 235 msecs (HTTP/1.1 204) 2 headers in 112 bytes (1 switches on core 0)
2026-07-09 02:56:44.173 8 INFO neutron.plugins.ml2.drivers.ovn.mech_driver.mech_driver [None req-74ba5e8f-628c-43c7-9051-827cf6d6128a - - - - - -] OVN reports status down for port: 9638bf5d-938b-437b-8596-d5e90946dc36
2026-07-09 02:56:44.306 8 INFO neutron.db.ovn_revision_numbers_db [None req-e36017a1-b355-4066-ab9d-d848af153380 dcf5d0e325bc4613af6938a601f36a6f 879ab443698c4b83a21a965d2db4fa1f - - default default] Successfully bumped revision number for resource 9638bf5d-938b-437b-8596-d5e90946dc36 (type: ports) to 2
2026-07-09 02:56:44.365 8 INFO neutron.db.ovn_revision_numbers_db [None req-e36017a1-b355-4066-ab9d-d848af153380 dcf5d0e325bc4613af6938a601f36a6f 879ab443698c4b83a21a965d2db4fa1f - - default default] Successfully bumped revision number for resource 73a4f192-2883-4248-a66b-a1c3a631a6b9 (type: subnets) to 0 [pid: 8|app: 0|req: 766/1494] 10.0.0.25 () {34 vars in 667 bytes} [Thu Jul 9 02:56:43 2026] POST /v2.0/subnets => generated 626 bytes in 1317 msecs (HTTP/1.1 201) 4 headers in 162 bytes (1 switches on core 0) /var/lib/openstack/lib/python3.12/site-packages/pycadf/identifier.py:70: UserWarning: Invalid uuid: neutron. To ensure interoperability, identifiers should be a valid uuid. warnings.warn(('Invalid uuid: %s. To ensure interoperability, '
2026-07-09 02:56:44.570 7 INFO neutron.db.ovn_revision_numbers_db [None req-235a2dca-c0ca-44f5-9dc2-f0302c54cae7 a832289eb4344a78bb583da4aacc625f b0fb536f7bc84ebabba71b68d565014c - - default default] Successfully bumped revision number for resource 000a90c7-960c-4cb7-a9cd-160286470898 (type: security_groups) to 1
2026-07-09 02:56:44.586 7 INFO neutron.db.ovn_revision_numbers_db [None req-235a2dca-c0ca-44f5-9dc2-f0302c54cae7 a832289eb4344a78bb583da4aacc625f b0fb536f7bc84ebabba71b68d565014c - - default default] Successfully bumped revision number for resource 570e01c5-4bbe-4d94-b13f-be7eeea765fc (type: security_group_rules) to 0
2026-07-09 02:56:44.603 7 INFO neutron.db.ovn_revision_numbers_db [None req-235a2dca-c0ca-44f5-9dc2-f0302c54cae7 a832289eb4344a78bb583da4aacc625f b0fb536f7bc84ebabba71b68d565014c - - default default] Successfully bumped revision number for resource 5934a2fb-b303-4efc-92eb-d1810759250f (type: security_group_rules) to 0
2026-07-09 02:56:44.617 7 INFO neutron.db.ovn_revision_numbers_db [None req-235a2dca-c0ca-44f5-9dc2-f0302c54cae7 a832289eb4344a78bb583da4aacc625f b0fb536f7bc84ebabba71b68d565014c - - default default] Successfully bumped revision number for resource aecb0c49-36d9-4020-8291-93ee68de8392 (type: security_group_rules) to 0
2026-07-09 02:56:44.629 7 INFO neutron.db.ovn_revision_numbers_db [None req-235a2dca-c0ca-44f5-9dc2-f0302c54cae7 a832289eb4344a78bb583da4aacc625f b0fb536f7bc84ebabba71b68d565014c - - default default] Successfully bumped revision number for resource cf1c0965-e25a-43fc-a20c-5dbaafb21053 (type: security_group_rules) to 0
2026-07-09 02:56:44.744 8 WARNING neutron.scheduler.dhcp_agent_scheduler [None req-7ac510af-f3f2-4675-a366-d48c8ad52884 dcf5d0e325bc4613af6938a601f36a6f 879ab443698c4b83a21a965d2db4fa1f - - default default] No more DHCP agents
2026-07-09 02:56:44.747 8 WARNING neutron.api.rpc.agentnotifiers.dhcp_rpc_agent_api [None req-7ac510af-f3f2-4675-a366-d48c8ad52884 dcf5d0e325bc4613af6938a601f36a6f 879ab443698c4b83a21a965d2db4fa1f - - default default] Unable to schedule network b87c9fa4-bb9c-4173-9b46-fdbc1a528b8f: no agents available; will retry on subsequent port and subnet creation events.
2026-07-09 02:56:44.771 7 INFO neutron.db.ovn_revision_numbers_db [None req-235a2dca-c0ca-44f5-9dc2-f0302c54cae7 a832289eb4344a78bb583da4aacc625f b0fb536f7bc84ebabba71b68d565014c - - default default] Successfully bumped revision number for resource 0428b4ed-53ed-4bc5-975f-e567bc93a431 (type: security_groups) to 1
2026-07-09 02:56:44.787 7 INFO neutron.db.ovn_revision_numbers_db [None req-235a2dca-c0ca-44f5-9dc2-f0302c54cae7 a832289eb4344a78bb583da4aacc625f b0fb536f7bc84ebabba71b68d565014c - - default default] Successfully bumped revision number for resource 7c94138c-1f25-4660-85a8-667e8dd3c904 (type: security_group_rules) to 0
2026-07-09 02:56:44.803 7 INFO neutron.db.ovn_revision_numbers_db [None req-235a2dca-c0ca-44f5-9dc2-f0302c54cae7 a832289eb4344a78bb583da4aacc625f b0fb536f7bc84ebabba71b68d565014c - - default default] Successfully bumped revision number for resource 8f52191a-2e96-47b6-ac8d-b3f452f3e994 (type: security_group_rules) to 0 [pid: 7|app: 0|req: 729/1495] 10.0.0.25 () {34 vars in 682 bytes} [Thu Jul 9 02:56:44 2026] POST /v2.0/security-groups => generated 1624 bytes in 752 msecs (HTTP/1.1 201) 4 headers in 163 bytes (1 switches on core 0) [pid: 7|app: 0|req: 730/1496] 10.0.0.25 () {32 vars in 661 bytes} [Thu Jul 9 02:56:44 2026] GET /v2.0/security-groups => generated 4529 bytes in 45 msecs (HTTP/1.1 200) 4 headers in 158 bytes (1 switches on core 0)
2026-07-09 02:56:44.928 8 INFO neutron.plugins.ml2.drivers.ovn.mech_driver.mech_driver [None req-74ba5e8f-628c-43c7-9051-827cf6d6128a - - - - - -] OVN reports status down for port: 33c8990c-96fe-4b65-8d19-6062d2ab3464
2026-07-09 02:56:45.014 8 INFO neutron.db.ovn_revision_numbers_db [None req-7ac510af-f3f2-4675-a366-d48c8ad52884 dcf5d0e325bc4613af6938a601f36a6f 879ab443698c4b83a21a965d2db4fa1f - - default default] Successfully bumped revision number for resource 33c8990c-96fe-4b65-8d19-6062d2ab3464 (type: ports) to 1 [pid: 8|app: 0|req: 767/1497] 10.0.0.25 () {34 vars in 663 bytes} [Thu Jul 9 02:56:44 2026] POST /v2.0/ports => generated 954 bytes in 658 msecs (HTTP/1.1 201) 4 headers in 162 bytes (1 switches on core 0) /var/lib/openstack/lib/python3.12/site-packages/pycadf/identifier.py:70: UserWarning: Invalid uuid: neutron. To ensure interoperability, identifiers should be a valid uuid. warnings.warn(('Invalid uuid: %s. To ensure interoperability, '
2026-07-09 02:56:45.078 7 WARNING neutron.db.securitygroups_db [None req-05deb595-a957-4267-94fe-17d8fba7c61b 389664079aec44f39c09c07d4d8b1f8f 22b35c531a1d460b8973765eedd9cd91 - - default default] project_id key not found in filters, using tenant_id instead. This support has been deprecated and will be removed in a future release.
2026-07-09 02:56:45.158 8 INFO neutron.db.ovn_revision_numbers_db [None req-f9537f64-c583-4477-951b-7df5d73407d7 a832289eb4344a78bb583da4aacc625f b0fb536f7bc84ebabba71b68d565014c - - default default] Successfully bumped revision number for resource 0428b4ed-53ed-4bc5-975f-e567bc93a431 (type: security_groups) to 2 [pid: 8|app: 0|req: 768/1498] 10.0.0.25 () {34 vars in 756 bytes} [Thu Jul 9 02:56:45 2026] PUT /v2.0/security-groups/0428b4ed-53ed-4bc5-975f-e567bc93a431 => generated 1663 bytes in 126 msecs (HTTP/1.1 200) 4 headers in 158 bytes (1 switches on core 0)
2026-07-09 02:56:45.223 7 INFO neutron.db.ovn_revision_numbers_db [None req-05deb595-a957-4267-94fe-17d8fba7c61b 389664079aec44f39c09c07d4d8b1f8f 22b35c531a1d460b8973765eedd9cd91 - - default default] Successfully bumped revision number for resource c07efcd0-3090-428e-9543-1fdb7946af1a (type: security_groups) to 1
2026-07-09 02:56:45.241 7 INFO neutron.db.ovn_revision_numbers_db [None req-05deb595-a957-4267-94fe-17d8fba7c61b 389664079aec44f39c09c07d4d8b1f8f 22b35c531a1d460b8973765eedd9cd91 - - default default] Successfully bumped revision number for resource 4d454d53-96b6-403d-a186-59803ac938e3 (type: security_group_rules) to 0
2026-07-09 02:56:45.263 7 INFO neutron.db.ovn_revision_numbers_db [None req-05deb595-a957-4267-94fe-17d8fba7c61b 389664079aec44f39c09c07d4d8b1f8f 22b35c531a1d460b8973765eedd9cd91 - - default default] Successfully bumped revision number for resource 725f9a02-bf18-4768-88db-17e40f7c80b2 (type: security_group_rules) to 0
2026-07-09 02:56:45.277 7 INFO neutron.db.ovn_revision_numbers_db [None req-05deb595-a957-4267-94fe-17d8fba7c61b 389664079aec44f39c09c07d4d8b1f8f 22b35c531a1d460b8973765eedd9cd91 - - default default] Successfully bumped revision number for resource 73cd7c89-1293-459c-8104-11caea6a9303 (type: security_group_rules) to 0
2026-07-09 02:56:45.290 7 INFO neutron.db.ovn_revision_numbers_db [None req-05deb595-a957-4267-94fe-17d8fba7c61b 389664079aec44f39c09c07d4d8b1f8f 22b35c531a1d460b8973765eedd9cd91 - - default default] Successfully bumped revision number for resource f6b5c25f-d79f-4f86-b80b-af89aad70d65 (type: security_group_rules) to 0
2026-07-09 02:56:45.326 8 INFO neutron_taas.services.taas.taas_plugin [None req-9e1253b1-3b21-4f08-b86e-0dcd33faf418 dcf5d0e325bc4613af6938a601f36a6f 879ab443698c4b83a21a965d2db4fa1f - - default default] TaaS: Handle Delete Port: 33c8990c-96fe-4b65-8d19-6062d2ab3464
2026-07-09 02:56:45.330 8 INFO neutron_taas.services.taas.tap_mirror_plugin [None req-9e1253b1-3b21-4f08-b86e-0dcd33faf418 dcf5d0e325bc4613af6938a601f36a6f 879ab443698c4b83a21a965d2db4fa1f - - default default] Tap Mirror: Handle Delete Port: 33c8990c-96fe-4b65-8d19-6062d2ab3464 [pid: 7|app: 0|req: 731/1499] 10.0.0.25 () {32 vars in 772 bytes} [Thu Jul 9 02:56:44 2026] GET /v2.0/security-groups?tenant_id=4b1d69856464457fb02a0bd93870eb01&name=default => generated 2925 bytes in 447 msecs (HTTP/1.1 200) 4 headers in 158 bytes (1 switches on core 0) [pid: 7|app: 0|req: 732/1500] 10.0.0.25 () {32 vars in 735 bytes} [Thu Jul 9 02:56:45 2026] GET /v2.0/security-groups/0428b4ed-53ed-4bc5-975f-e567bc93a431 => generated 1663 bytes in 26 msecs (HTTP/1.1 200) 4 headers in 158 bytes (1 switches on core 0) [pid: 8|app: 0|req: 769/1501] 10.0.0.25 () {32 vars in 718 bytes} [Thu Jul 9 02:56:45 2026] DELETE /v2.0/ports/33c8990c-96fe-4b65-8d19-6062d2ab3464 => generated 0 bytes in 386 msecs (HTTP/1.1 204) 3 headers in 131 bytes (1 switches on core 0) [pid: 7|app: 0|req: 733/1502] 10.0.0.25 () {32 vars in 738 bytes} [Thu Jul 9 02:56:45 2026] DELETE /v2.0/security-groups/c07efcd0-3090-428e-9543-1fdb7946af1a => generated 0 bytes in 260 msecs (HTTP/1.1 204) 2 headers in 112 bytes (1 switches on core 0)
2026-07-09 02:56:45.642 7 INFO neutron.pecan_wsgi.hooks.translation [None req-050a910c-89c3-416b-861e-d9150d2b6c40 dcf5d0e325bc4613af6938a601f36a6f 879ab443698c4b83a21a965d2db4fa1f - - default default] DELETE failed (client error): The resource could not be found. [pid: 7|app: 0|req: 734/1503] 10.0.0.25 () {32 vars in 718 bytes} [Thu Jul 9 02:56:45 2026] DELETE /v2.0/ports/33c8990c-96fe-4b65-8d19-6062d2ab3464 => generated 132 bytes in 19 msecs (HTTP/1.1 404) 4 headers in 164 bytes (1 switches on core 0)
2026-07-09 02:56:45.677 7 INFO neutron.pecan_wsgi.hooks.translation [None req-16fe59c4-af88-466c-ac84-bcd1883b2dfa dcf5d0e325bc4613af6938a601f36a6f 879ab443698c4b83a21a965d2db4fa1f - - default default] GET failed (client error): The resource could not be found. [pid: 7|app: 0|req: 735/1504] 10.0.0.25 () {32 vars in 715 bytes} [Thu Jul 9 02:56:45 2026] GET /v2.0/ports/33c8990c-96fe-4b65-8d19-6062d2ab3464 => generated 132 bytes in 18 msecs (HTTP/1.1 404) 4 headers in 164 bytes (1 switches on core 0) [pid: 8|app: 0|req: 770/1505] 10.0.0.25 () {32 vars in 738 bytes} [Thu Jul 9 02:56:45 2026] DELETE /v2.0/security-groups/0428b4ed-53ed-4bc5-975f-e567bc93a431 => generated 0 bytes in 170 msecs (HTTP/1.1 204) 2 headers in 112 bytes (1 switches on core 0) [pid: 8|app: 0|req: 771/1506] 10.0.0.25 () {32 vars in 661 bytes} [Thu Jul 9 02:56:45 2026] GET /v2.0/security-groups => generated 2925 bytes in 43 msecs (HTTP/1.1 200) 4 headers in 158 bytes (1 switches on core 0)
2026-07-09 02:56:45.811 8 INFO neutron.api.v2.resource [None req-4fbab760-5ad8-4d59-b550-a7b1f8e686de a832289eb4344a78bb583da4aacc625f b0fb536f7bc84ebabba71b68d565014c - - default default] delete failed (client error): The resource could not be found. [pid: 8|app: 0|req: 772/1507] 10.0.0.25 () {32 vars in 738 bytes} [Thu Jul 9 02:56:45 2026] DELETE /v2.0/security-groups/0428b4ed-53ed-4bc5-975f-e567bc93a431 => generated 146 bytes in 15 msecs (HTTP/1.1 404) 4 headers in 164 bytes (1 switches on core 0)
2026-07-09 02:56:45.820 8 WARNING neutron.db.securitygroups_db [None req-15b66e8a-78ea-45fb-bc17-a35d31adbe25 389664079aec44f39c09c07d4d8b1f8f 22b35c531a1d460b8973765eedd9cd91 - - default default] project_id key not found in filters, using tenant_id instead. This support has been deprecated and will be removed in a future release. [pid: 7|app: 0|req: 736/1508] 10.0.0.25 () {32 vars in 722 bytes} [Thu Jul 9 02:56:45 2026] DELETE /v2.0/subnets/73a4f192-2883-4248-a66b-a1c3a631a6b9 => generated 0 bytes in 505 msecs (HTTP/1.1 204) 3 headers in 131 bytes (1 switches on core 0)
2026-07-09 02:56:46.268 8 INFO neutron.db.ovn_revision_numbers_db [None req-15b66e8a-78ea-45fb-bc17-a35d31adbe25 389664079aec44f39c09c07d4d8b1f8f 22b35c531a1d460b8973765eedd9cd91 - - default default] Successfully bumped revision number for resource 5efbde7c-0191-46f8-b96f-e3a592ab3869 (type: security_groups) to 1
2026-07-09 02:56:46.401 8 INFO neutron.db.ovn_revision_numbers_db [None req-15b66e8a-78ea-45fb-bc17-a35d31adbe25 389664079aec44f39c09c07d4d8b1f8f 22b35c531a1d460b8973765eedd9cd91 - - default default] Successfully bumped revision number for resource 4020d234-2944-4002-8ba0-c2de94d442d4 (type: security_group_rules) to 0
2026-07-09 02:56:46.553 7 WARNING neutron.plugins.ml2.drivers.ovn.mech_driver.ovsdb.ovn_client [None req-48daa772-f052-4500-b821-2ad69023ac82 - - - - - -] No port found with ID dffd0fce-574e-4145-859e-f697d86b650c: RuntimeError: No port found with ID dffd0fce-574e-4145-859e-f697d86b650c
2026-07-09 02:56:54.268 8 INFO neutron.db.ovn_revision_numbers_db [None req-15b66e8a-78ea-45fb-bc17-a35d31adbe25 389664079aec44f39c09c07d4d8b1f8f 22b35c531a1d460b8973765eedd9cd91 - - default default] Successfully bumped revision number for resource 411bfb65-0185-45b6-b285-9b089fca7c6a (type: security_group_rules) to 0
2026-07-09 02:56:55.928 7 INFO neutron.db.ovn_revision_numbers_db [None req-dc0c4421-fc29-4571-b57c-c638ce287e5b a832289eb4344a78bb583da4aacc625f b0fb536f7bc84ebabba71b68d565014c - - default default] Successfully bumped revision number for resource c90098e6-07a7-46b0-aaf4-08db0bdb7908 (type: security_groups) to 1
2026-07-09 02:56:56.533 8 INFO neutron.db.ovn_revision_numbers_db [None req-15b66e8a-78ea-45fb-bc17-a35d31adbe25 389664079aec44f39c09c07d4d8b1f8f 22b35c531a1d460b8973765eedd9cd91 - - default default] Successfully bumped revision number for resource 99a7600e-f0b0-437e-bf84-63ff5aece9ad (type: security_group_rules) to 0
2026-07-09 02:56:57.909 8 INFO neutron.db.ovn_revision_numbers_db [None req-15b66e8a-78ea-45fb-bc17-a35d31adbe25 389664079aec44f39c09c07d4d8b1f8f 22b35c531a1d460b8973765eedd9cd91 - - default default] Successfully bumped revision number for resource c5f35d17-165d-41d9-a540-464b71ac6adc (type: security_group_rules) to 0
2026-07-09 02:56:57.910 7 INFO neutron.db.ovn_revision_numbers_db [None req-dc0c4421-fc29-4571-b57c-c638ce287e5b a832289eb4344a78bb583da4aacc625f b0fb536f7bc84ebabba71b68d565014c - - default default] Successfully bumped revision number for resource 4407be72-ee05-4dd9-96d7-001cc78f5c25 (type: security_group_rules) to 0 [pid: 8|app: 0|req: 773/1509] 10.0.0.25 () {32 vars in 772 bytes} [Thu Jul 9 02:56:45 2026] GET /v2.0/security-groups?tenant_id=595c1e98fac3470fb1fcc058b40e37f8&name=default => generated 2925 bytes in 12147 msecs (HTTP/1.1 200) 4 headers in 158 bytes (1 switches on core 0) [pid: 8|app: 0|req: 774/1510] 10.0.0.25 () {32 vars in 621 bytes} [Thu Jul 9 02:56:57 2026] GET / => generated 151 bytes in 2 msecs (HTTP/1.1 200) 3 headers in 91 bytes (1 switches on core 0)
2026-07-09 02:56:58.369 7 INFO neutron.db.ovn_revision_numbers_db [None req-dc0c4421-fc29-4571-b57c-c638ce287e5b a832289eb4344a78bb583da4aacc625f b0fb536f7bc84ebabba71b68d565014c - - default default] Successfully bumped revision number for resource d10c84b5-a964-4a37-90aa-78ebe53f0085 (type: security_group_rules) to 0 [pid: 8|app: 0|req: 775/1511] 10.0.0.85 () {28 vars in 581 bytes} [Thu Jul 9 02:56:57 2026] GET /v2.0/routers => generated 15 bytes in 906 msecs (HTTP/1.1 200) 4 headers in 156 bytes (1 switches on core 0)
2026-07-09 02:56:59.016 8 INFO neutron_taas.services.taas.taas_plugin [None req-ce7138ba-7449-44a9-8e2c-c2dc5b939690 dcf5d0e325bc4613af6938a601f36a6f 879ab443698c4b83a21a965d2db4fa1f - - default default] TaaS: Handle Delete Port: 9638bf5d-938b-437b-8596-d5e90946dc36
2026-07-09 02:56:59.018 8 INFO neutron_taas.services.taas.tap_mirror_plugin [None req-ce7138ba-7449-44a9-8e2c-c2dc5b939690 dcf5d0e325bc4613af6938a601f36a6f 879ab443698c4b83a21a965d2db4fa1f - - default default] Tap Mirror: Handle Delete Port: 9638bf5d-938b-437b-8596-d5e90946dc36 [pid: 7|app: 0|req: 737/1512] 10.0.0.25 () {34 vars in 682 bytes} [Thu Jul 9 02:56:46 2026] POST /v2.0/security-groups => generated 1625 bytes in 12924 msecs (HTTP/1.1 201) 4 headers in 163 bytes (1 switches on core 0)
2026-07-09 02:57:02.993 8 INFO neutron.services.segments.plugin [-] Segment fe03fb25-8265-4d6c-863b-fb5e710d6eec resource provider aggregate not found
2026-07-09 02:57:02.999 8 INFO neutron.services.segments.plugin [-] Segment fe03fb25-8265-4d6c-863b-fb5e710d6eec resource provider aggregate not found
2026-07-09 02:57:03.013 8 INFO neutron.services.segments.plugin [-] Client error retrieving segment fe03fb25-8265-4d6c-863b-fb5e710d6eec resource provider; error: Placement Client Error (4xx): {"errors": [{"status": 404, "title": "Not Found", "detail": "The resource could not be found.\n\n No resource provider with uuid fe03fb25-8265-4d6c-863b-fb5e710d6eec found for delete ", "request_id": "req-391f6736-f288-424d-afae-3af54629308b"}]}
2026-07-09 02:57:03.014 8 INFO neutron.services.segments.plugin [-] Client error retrieving segment fe03fb25-8265-4d6c-863b-fb5e710d6eec resource provider; error: Placement Client Error (4xx): {"errors": [{"status": 404, "title": "Not Found", "detail": "The resource could not be found.\n\n No resource provider with uuid fe03fb25-8265-4d6c-863b-fb5e710d6eec found for delete ", "request_id": "req-80142ffc-b792-4b43-a5bc-05cfc29563fd"}]} [pid: 7|app: 0|req: 740/1515] 10.0.0.25 () {32 vars in 738 bytes} [Thu Jul 9 02:56:59 2026] DELETE /v2.0/security-groups/5efbde7c-0191-46f8-b96f-e3a592ab3869 => generated 0 bytes in 4315 msecs (HTTP/1.1 204) 2 headers in 112 bytes (1 switches on core 0) [pid: 7|app: 0|req: 741/1516] 10.0.0.25 () {32 vars in 631 bytes} [Thu Jul 9 02:57:03 2026] GET /v2.0/ => generated 632 bytes in 63 msecs (HTTP/1.1 200) 4 headers in 157 bytes (1 switches on core 0) [pid: 7|app: 0|req: 742/1517] 10.0.0.85 () {28 vars in 622 bytes} [Thu Jul 9 02:57:03 2026] GET /v2.0/agents?binary=ovn-controller => generated 416 bytes in 29 msecs (HTTP/1.1 200) 4 headers in 157 bytes (1 switches on core 0) [pid: 8|app: 0|req: 776/1518] 10.0.0.25 () {32 vars in 724 bytes} [Thu Jul 9 02:56:58 2026] DELETE /v2.0/networks/b87c9fa4-bb9c-4173-9b46-fdbc1a528b8f => generated 0 bytes in 6773 msecs (HTTP/1.1 204) 3 headers in 131 bytes (1 switches on core 0) [pid: 8|app: 0|req: 777/1519] 10.0.0.85 () {28 vars in 589 bytes} [Thu Jul 9 02:57:05 2026] GET /v2.0/floatingips => generated 19 bytes in 25 msecs (HTTP/1.1 200) 4 headers in 156 bytes (1 switches on core 0)
2026-07-09 02:57:06.982 8 INFO neutron.db.segments_db [None req-b22f92fc-1d95-49a1-80a7-c8702fc8da0a dcf5d0e325bc4613af6938a601f36a6f 879ab443698c4b83a21a965d2db4fa1f - - default default] Added segment 43645bef-0a47-4f12-aef9-907cc1385147 of type geneve for network 3cfc59ea-cf0a-4bc6-8c79-501396b336be
2026-07-09 02:57:08.340 7 INFO neutron.db.ovn_revision_numbers_db [None req-749b9976-c1ee-4ffa-b07c-a37a70592c2a a832289eb4344a78bb583da4aacc625f b0fb536f7bc84ebabba71b68d565014c - - default default] Successfully bumped revision number for resource dfb37fe8-aff1-4a36-9c5d-95285d47f35b (type: security_group_rules) to 0
2026-07-09 02:57:09.464 8 INFO neutron.db.ovn_revision_numbers_db [None req-b22f92fc-1d95-49a1-80a7-c8702fc8da0a dcf5d0e325bc4613af6938a601f36a6f 879ab443698c4b83a21a965d2db4fa1f - - default default] Successfully bumped revision number for resource 3cfc59ea-cf0a-4bc6-8c79-501396b336be (type: networks) to 1 [pid: 7|app: 0|req: 743/1520] 10.0.0.25 () {34 vars in 693 bytes} [Thu Jul 9 02:57:03 2026] POST /v2.0/security-group-rules => generated 601 bytes in 5941 msecs (HTTP/1.1 201) 4 headers in 162 bytes (1 switches on core 0) [pid: 7|app: 0|req: 744/1521] 10.0.0.85 () {28 vars in 583 bytes} [Thu Jul 9 02:57:09 2026] GET /v2.0/networks => generated 3790 bytes in 69 msecs (HTTP/1.1 200) 4 headers in 158 bytes (1 switches on core 0)
2026-07-09 02:57:09.642 7 WARNING neutron.db.securitygroups_db [None req-b041a2b3-8f4e-40a4-bd43-f7ad0dd27f61 389664079aec44f39c09c07d4d8b1f8f 22b35c531a1d460b8973765eedd9cd91 - - default default] project_id key not found in filters, using tenant_id instead. This support has been deprecated and will be removed in a future release.
2026-07-09 02:57:12.767 8 WARNING neutron.scheduler.dhcp_agent_scheduler [None req-b22f92fc-1d95-49a1-80a7-c8702fc8da0a dcf5d0e325bc4613af6938a601f36a6f 879ab443698c4b83a21a965d2db4fa1f - - default default] No more DHCP agents
2026-07-09 02:57:12.769 8 WARNING neutron.api.rpc.agentnotifiers.dhcp_rpc_agent_api [None req-b22f92fc-1d95-49a1-80a7-c8702fc8da0a dcf5d0e325bc4613af6938a601f36a6f 879ab443698c4b83a21a965d2db4fa1f - - default default] Unable to schedule network 3cfc59ea-cf0a-4bc6-8c79-501396b336be: no agents available; will retry on subsequent port and subnet creation events.
2026-07-09 02:57:16.297 8 INFO neutron.db.ovn_revision_numbers_db [None req-b22f92fc-1d95-49a1-80a7-c8702fc8da0a dcf5d0e325bc4613af6938a601f36a6f 879ab443698c4b83a21a965d2db4fa1f - - default default] Successfully bumped revision number for resource 4c3e8ac4-a74a-4044-9030-42811e6cbc11 (type: ports) to 1 [pid: 8|app: 0|req: 778/1524] 10.0.0.25 () {34 vars in 668 bytes} [Thu Jul 9 02:57:05 2026] POST /v2.0/networks => generated 670 bytes in 11436 msecs (HTTP/1.1 201) 4 headers in 162 bytes (1 switches on core 0) [pid: 8|app: 0|req: 779/1525] 10.0.0.25 () {32 vars in 745 bytes} [Thu Jul 9 02:57:17 2026] GET /v2.0/security-group-rules/dfb37fe8-aff1-4a36-9c5d-95285d47f35b => generated 601 bytes in 30 msecs (HTTP/1.1 200) 4 headers in 157 bytes (1 switches on core 0) [pid: 8|app: 0|req: 780/1526] 10.0.0.85 () {28 vars in 617 bytes} [Thu Jul 9 02:57:17 2026] GET /v2.0/network-ip-availabilities => generated 2713 bytes in 17 msecs (HTTP/1.1 200) 4 headers in 158 bytes (1 switches on core 0)
2026-07-09 02:57:21.059 8 WARNING neutron.scheduler.dhcp_agent_scheduler [None req-9334bb07-3a91-49ee-804b-6a89c7b4742d dcf5d0e325bc4613af6938a601f36a6f 879ab443698c4b83a21a965d2db4fa1f - - default default] No more DHCP agents
2026-07-09 02:57:21.061 8 WARNING neutron.api.rpc.agentnotifiers.dhcp_rpc_agent_api [None req-9334bb07-3a91-49ee-804b-6a89c7b4742d dcf5d0e325bc4613af6938a601f36a6f 879ab443698c4b83a21a965d2db4fa1f - - default default] Unable to schedule network 3cfc59ea-cf0a-4bc6-8c79-501396b336be: no agents available; will retry on subsequent port and subnet creation events.
2026-07-09 02:57:21.153 7 INFO neutron.plugins.ml2.drivers.ovn.mech_driver.mech_driver [None req-48daa772-f052-4500-b821-2ad69023ac82 - - - - - -] OVN reports status down for port: 4c3e8ac4-a74a-4044-9030-42811e6cbc11
2026-07-09 02:57:21.351 7 INFO neutron.db.ovn_revision_numbers_db [None req-b041a2b3-8f4e-40a4-bd43-f7ad0dd27f61 389664079aec44f39c09c07d4d8b1f8f 22b35c531a1d460b8973765eedd9cd91 - - default default] Successfully bumped revision number for resource fcb3fd1e-a969-4dd0-a1c8-e3f641ca9bfb (type: security_groups) to 1
2026-07-09 02:57:22.837 7 INFO neutron.db.ovn_revision_numbers_db [None req-b041a2b3-8f4e-40a4-bd43-f7ad0dd27f61 389664079aec44f39c09c07d4d8b1f8f 22b35c531a1d460b8973765eedd9cd91 - - default default] Successfully bumped revision number for resource 46fb167b-265b-49c2-b636-1db01042e188 (type: security_group_rules) to 0
2026-07-09 02:57:24.938 7 INFO neutron.db.ovn_revision_numbers_db [None req-b041a2b3-8f4e-40a4-bd43-f7ad0dd27f61 389664079aec44f39c09c07d4d8b1f8f 22b35c531a1d460b8973765eedd9cd91 - - default default] Successfully bumped revision number for resource cc7b83eb-7a3e-477c-8dc3-4a54ae9d5414 (type: security_group_rules) to 0
2026-07-09 02:57:25.669 8 INFO neutron.db.ovn_revision_numbers_db [None req-9334bb07-3a91-49ee-804b-6a89c7b4742d dcf5d0e325bc4613af6938a601f36a6f 879ab443698c4b83a21a965d2db4fa1f - - default default] Successfully bumped revision number for resource 4c3e8ac4-a74a-4044-9030-42811e6cbc11 (type: ports) to 2
2026-07-09 02:57:25.707 7 INFO neutron.db.ovn_revision_numbers_db [None req-b041a2b3-8f4e-40a4-bd43-f7ad0dd27f61 389664079aec44f39c09c07d4d8b1f8f 22b35c531a1d460b8973765eedd9cd91 - - default default] Successfully bumped revision number for resource d8364d7f-820e-4244-8a75-a40730d1c25f (type: security_group_rules) to 0
2026-07-09 02:57:25.710 8 INFO neutron.db.ovn_revision_numbers_db [None req-9334bb07-3a91-49ee-804b-6a89c7b4742d dcf5d0e325bc4613af6938a601f36a6f 879ab443698c4b83a21a965d2db4fa1f - - default default] Successfully bumped revision number for resource d28c408c-85bf-4111-b43e-1f0931ef1d95 (type: subnets) to 0
2026-07-09 02:57:25.736 7 INFO neutron.db.ovn_revision_numbers_db [None req-b041a2b3-8f4e-40a4-bd43-f7ad0dd27f61 389664079aec44f39c09c07d4d8b1f8f 22b35c531a1d460b8973765eedd9cd91 - - default default] Successfully bumped revision number for resource f0d04ea8-f9ac-4c8d-9bcd-6d6143f46d36 (type: security_group_rules) to 0 [pid: 8|app: 0|req: 781/1527] 10.0.0.25 () {34 vars in 667 bytes} [Thu Jul 9 02:57:17 2026] POST /v2.0/subnets => generated 626 bytes in 8590 msecs (HTTP/1.1 201) 4 headers in 162 bytes (1 switches on core 0) [pid: 7|app: 0|req: 747/1528] 10.0.0.25 () {32 vars in 772 bytes} [Thu Jul 9 02:57:09 2026] GET /v2.0/security-groups?tenant_id=7210d9d39f994b34a5384aa4ec0746b6&name=default => generated 2925 bytes in 16283 msecs (HTTP/1.1 200) 4 headers in 158 bytes (1 switches on core 0) [pid: 7|app: 0|req: 748/1529] 10.0.0.85 () {28 vars in 581 bytes} [Thu Jul 9 02:57:25 2026] GET /v2.0/subnets => generated 1942 bytes in 59 msecs (HTTP/1.1 200) 4 headers in 158 bytes (1 switches on core 0) [pid: 8|app: 0|req: 782/1530] 10.0.0.25 () {32 vars in 671 bytes} [Thu Jul 9 02:57:25 2026] GET /v2.0/security-group-rules => generated 4138 bytes in 176 msecs (HTTP/1.1 200) 4 headers in 158 bytes (1 switches on core 0)
2026-07-09 02:57:26.076 7 WARNING neutron.db.securitygroups_db [None req-5c2c2655-f498-4b75-b3c3-da709cfb3ad6 389664079aec44f39c09c07d4d8b1f8f 22b35c531a1d460b8973765eedd9cd91 - - default default] project_id key not found in filters, using tenant_id instead. This support has been deprecated and will be removed in a future release.
2026-07-09 02:57:26.306 7 INFO neutron.db.ovn_revision_numbers_db [None req-5c2c2655-f498-4b75-b3c3-da709cfb3ad6 389664079aec44f39c09c07d4d8b1f8f 22b35c531a1d460b8973765eedd9cd91 - - default default] Successfully bumped revision number for resource e335fcd6-1647-4d21-9ac4-c39d5846c431 (type: security_groups) to 1
2026-07-09 02:57:26.332 7 INFO neutron.db.ovn_revision_numbers_db [None req-5c2c2655-f498-4b75-b3c3-da709cfb3ad6 389664079aec44f39c09c07d4d8b1f8f 22b35c531a1d460b8973765eedd9cd91 - - default default] Successfully bumped revision number for resource 47bb7e6f-902b-4d2c-8403-e34b6aa6fc31 (type: security_group_rules) to 0
2026-07-09 02:57:26.344 7 INFO neutron.db.ovn_revision_numbers_db [None req-5c2c2655-f498-4b75-b3c3-da709cfb3ad6 389664079aec44f39c09c07d4d8b1f8f 22b35c531a1d460b8973765eedd9cd91 - - default default] Successfully bumped revision number for resource 7c65e0b3-86a9-4d29-9bf7-e33bfeddfb6f (type: security_group_rules) to 0
2026-07-09 02:57:26.366 7 INFO neutron.db.ovn_revision_numbers_db [None req-5c2c2655-f498-4b75-b3c3-da709cfb3ad6 389664079aec44f39c09c07d4d8b1f8f 22b35c531a1d460b8973765eedd9cd91 - - default default] Successfully bumped revision number for resource 99e04c92-1d26-4adc-acee-7e940dc91ac4 (type: security_group_rules) to 0
2026-07-09 02:57:26.378 8 WARNING neutron.scheduler.dhcp_agent_scheduler [None req-9ce4a665-0c77-4047-b336-b2a0100ae50c dcf5d0e325bc4613af6938a601f36a6f 879ab443698c4b83a21a965d2db4fa1f - - default default] No more DHCP agents
2026-07-09 02:57:26.379 8 WARNING neutron.api.rpc.agentnotifiers.dhcp_rpc_agent_api [None req-9ce4a665-0c77-4047-b336-b2a0100ae50c dcf5d0e325bc4613af6938a601f36a6f 879ab443698c4b83a21a965d2db4fa1f - - default default] Unable to schedule network 3cfc59ea-cf0a-4bc6-8c79-501396b336be: no agents available; will retry on subsequent port and subnet creation events.
2026-07-09 02:57:26.380 7 INFO neutron.db.ovn_revision_numbers_db [None req-5c2c2655-f498-4b75-b3c3-da709cfb3ad6 389664079aec44f39c09c07d4d8b1f8f 22b35c531a1d460b8973765eedd9cd91 - - default default] Successfully bumped revision number for resource ff247c0a-de4e-4a52-8ba5-9e41a629fc08 (type: security_group_rules) to 0 [pid: 7|app: 0|req: 749/1533] 10.0.0.25 () {32 vars in 772 bytes} [Thu Jul 9 02:57:25 2026] GET /v2.0/security-groups?tenant_id=bc50c6fa8a2c48109eaf3761899b1707&name=default => generated 2925 bytes in 542 msecs (HTTP/1.1 200) 4 headers in 158 bytes (1 switches on core 0)
2026-07-09 02:57:26.523 8 INFO neutron.plugins.ml2.drivers.ovn.mech_driver.mech_driver [None req-74ba5e8f-628c-43c7-9051-827cf6d6128a - - - - - -] OVN reports status down for port: be3f444c-4601-4200-b234-8c2e32f5b54a
2026-07-09 02:57:26.595 8 INFO neutron.db.ovn_revision_numbers_db [None req-9ce4a665-0c77-4047-b336-b2a0100ae50c dcf5d0e325bc4613af6938a601f36a6f 879ab443698c4b83a21a965d2db4fa1f - - default default] Successfully bumped revision number for resource be3f444c-4601-4200-b234-8c2e32f5b54a (type: ports) to 1 [pid: 8|app: 0|req: 785/1534] 10.0.0.25 () {34 vars in 663 bytes} [Thu Jul 9 02:57:25 2026] POST /v2.0/ports => generated 915 bytes in 753 msecs (HTTP/1.1 201) 4 headers in 162 bytes (1 switches on core 0) [pid: 8|app: 0|req: 786/1535] 10.0.0.85 () {28 vars in 589 bytes} [Thu Jul 9 02:57:26 2026] GET /v2.0/subnetpools => generated 19 bytes in 15 msecs (HTTP/1.1 200) 4 headers in 156 bytes (1 switches on core 0) [pid: 7|app: 0|req: 750/1536] 10.0.0.25 () {32 vars in 738 bytes} [Thu Jul 9 02:57:26 2026] DELETE /v2.0/security-groups/fcb3fd1e-a969-4dd0-a1c8-e3f641ca9bfb => generated 0 bytes in 281 msecs (HTTP/1.1 204) 2 headers in 112 bytes (1 switches on core 0) [pid: 8|app: 0|req: 787/1537] 10.0.0.25 () {32 vars in 748 bytes} [Thu Jul 9 02:57:26 2026] DELETE /v2.0/security-group-rules/dfb37fe8-aff1-4a36-9c5d-95285d47f35b => generated 0 bytes in 140 msecs (HTTP/1.1 204) 2 headers in 112 bytes (1 switches on core 0) [pid: 7|app: 0|req: 751/1538] 10.0.0.25 () {32 vars in 738 bytes} [Thu Jul 9 02:57:26 2026] DELETE /v2.0/security-groups/e335fcd6-1647-4d21-9ac4-c39d5846c431 => generated 0 bytes in 237 msecs (HTTP/1.1 204) 2 headers in 112 bytes (1 switches on core 0) [pid: 7|app: 0|req: 752/1539] 10.0.0.85 () {28 vars in 597 bytes} [Thu Jul 9 02:57:26 2026] GET /v2.0/security-groups => generated 24810 bytes in 67 msecs (HTTP/1.1 200) 4 headers in 159 bytes (1 switches on core 0)
2026-07-09 02:57:27.037 8 INFO neutron_taas.services.taas.taas_plugin [None req-52e37336-edd9-46db-89c7-cff6e09d7579 dcf5d0e325bc4613af6938a601f36a6f 879ab443698c4b83a21a965d2db4fa1f - - default default] TaaS: Handle Delete Port: be3f444c-4601-4200-b234-8c2e32f5b54a
2026-07-09 02:57:27.042 8 INFO neutron_taas.services.taas.tap_mirror_plugin [None req-52e37336-edd9-46db-89c7-cff6e09d7579 dcf5d0e325bc4613af6938a601f36a6f 879ab443698c4b83a21a965d2db4fa1f - - default default] Tap Mirror: Handle Delete Port: be3f444c-4601-4200-b234-8c2e32f5b54a [pid: 7|app: 0|req: 753/1540] 10.0.0.25 () {32 vars in 671 bytes} [Thu Jul 9 02:57:27 2026] GET /v2.0/security-group-rules => generated 3560 bytes in 171 msecs (HTTP/1.1 200) 4 headers in 158 bytes (1 switches on core 0) [pid: 7|app: 0|req: 754/1541] 10.0.0.85 () {28 vars in 581 bytes} [Thu Jul 9 02:57:27 2026] GET /v2.0/subnets => generated 1942 bytes in 46 msecs (HTTP/1.1 200) 4 headers in 158 bytes (1 switches on core 0) [pid: 8|app: 0|req: 788/1542] 10.0.0.25 () {32 vars in 718 bytes} [Thu Jul 9 02:57:26 2026] DELETE /v2.0/ports/be3f444c-4601-4200-b234-8c2e32f5b54a => generated 0 bytes in 530 msecs (HTTP/1.1 204) 3 headers in 131 bytes (1 switches on core 0) [pid: 8|app: 0|req: 789/1543] 10.0.0.85 () {28 vars in 577 bytes} [Thu Jul 9 02:57:27 2026] GET /v2.0/ports => generated 8028 bytes in 49 msecs (HTTP/1.1 200) 4 headers in 158 bytes (1 switches on core 0)
2026-07-09 02:57:27.426 7 INFO neutron.db.ovn_revision_numbers_db [None req-0f0f374b-4ee2-4a54-8604-33bfedffaac3 a832289eb4344a78bb583da4aacc625f b0fb536f7bc84ebabba71b68d565014c - - default default] Successfully bumped revision number for resource bcb82b4f-043a-4136-9515-7f9a2734610c (type: security_group_rules) to 0
2026-07-09 02:57:27.429 8 INFO neutron.pecan_wsgi.hooks.translation [None req-783ea5c8-bcab-4e16-bd3b-24dcaa4790aa dcf5d0e325bc4613af6938a601f36a6f 879ab443698c4b83a21a965d2db4fa1f - - default default] GET failed (client error): The resource could not be found. [pid: 8|app: 0|req: 790/1544] 10.0.0.25 () {32 vars in 715 bytes} [Thu Jul 9 02:57:27 2026] GET /v2.0/ports/be3f444c-4601-4200-b234-8c2e32f5b54a => generated 132 bytes in 15 msecs (HTTP/1.1 404) 4 headers in 164 bytes (1 switches on core 0) [pid: 8|app: 0|req: 791/1545] 10.0.0.85 () {28 vars in 579 bytes} [Thu Jul 9 02:57:27 2026] GET /v2.0/agents => generated 1214 bytes in 11 msecs (HTTP/1.1 200) 4 headers in 158 bytes (1 switches on core 0) [pid: 7|app: 0|req: 755/1546] 10.0.0.25 () {34 vars in 693 bytes} [Thu Jul 9 02:57:27 2026] POST /v2.0/security-group-rules => generated 601 bytes in 244 msecs (HTTP/1.1 201) 4 headers in 162 bytes (1 switches on core 0) [pid: 7|app: 0|req: 756/1547] 10.0.0.25 () {32 vars in 745 bytes} [Thu Jul 9 02:57:27 2026] GET /v2.0/security-group-rules/bcb82b4f-043a-4136-9515-7f9a2734610c => generated 601 bytes in 23 msecs (HTTP/1.1 200) 4 headers in 157 bytes (1 switches on core 0) [pid: 7|app: 0|req: 757/1548] 10.0.0.25 () {32 vars in 671 bytes} [Thu Jul 9 02:57:27 2026] GET /v2.0/security-group-rules => generated 4138 bytes in 84 msecs (HTTP/1.1 200) 4 headers in 158 bytes (1 switches on core 0) [pid: 8|app: 0|req: 792/1549] 10.0.0.25 () {32 vars in 722 bytes} [Thu Jul 9 02:57:27 2026] DELETE /v2.0/subnets/d28c408c-85bf-4111-b43e-1f0931ef1d95 => generated 0 bytes in 234 msecs (HTTP/1.1 204) 3 headers in 131 bytes (1 switches on core 0) [pid: 7|app: 0|req: 758/1550] 10.0.0.25 () {32 vars in 748 bytes} [Thu Jul 9 02:57:27 2026] DELETE /v2.0/security-group-rules/bcb82b4f-043a-4136-9515-7f9a2734610c => generated 0 bytes in 124 msecs (HTTP/1.1 204) 2 headers in 112 bytes (1 switches on core 0) [pid: 7|app: 0|req: 759/1551] 10.0.0.25 () {32 vars in 671 bytes} [Thu Jul 9 02:57:27 2026] GET /v2.0/security-group-rules => generated 3560 bytes in 61 msecs (HTTP/1.1 200) 4 headers in 158 bytes (1 switches on core 0)
2026-07-09 02:57:27.803 8 INFO neutron_taas.services.taas.taas_plugin [None req-bda907a0-7daf-42c5-9dd7-d1684af01d01 dcf5d0e325bc4613af6938a601f36a6f 879ab443698c4b83a21a965d2db4fa1f - - default default] TaaS: Handle Delete Port: 4c3e8ac4-a74a-4044-9030-42811e6cbc11
2026-07-09 02:57:27.807 8 INFO neutron_taas.services.taas.tap_mirror_plugin [None req-bda907a0-7daf-42c5-9dd7-d1684af01d01 dcf5d0e325bc4613af6938a601f36a6f 879ab443698c4b83a21a965d2db4fa1f - - default default] Tap Mirror: Handle Delete Port: 4c3e8ac4-a74a-4044-9030-42811e6cbc11
2026-07-09 02:57:27.938 7 INFO neutron.db.ovn_revision_numbers_db [None req-9bf07af7-24b2-4bbc-8003-c93b2d7f9792 a832289eb4344a78bb583da4aacc625f b0fb536f7bc84ebabba71b68d565014c - - default default] Successfully bumped revision number for resource 7d5e6e38-8020-48e0-876d-a16a1f9d932b (type: security_group_rules) to 0 [pid: 7|app: 0|req: 760/1552] 10.0.0.25 () {34 vars in 693 bytes} [Thu Jul 9 02:57:27 2026] POST /v2.0/security-group-rules => generated 602 bytes in 177 msecs (HTTP/1.1 201) 4 headers in 162 bytes (1 switches on core 0) [pid: 7|app: 0|req: 761/1553] 10.0.0.25 () {32 vars in 745 bytes} [Thu Jul 9 02:57:27 2026] GET /v2.0/security-group-rules/7d5e6e38-8020-48e0-876d-a16a1f9d932b => generated 602 bytes in 22 msecs (HTTP/1.1 200) 4 headers in 157 bytes (1 switches on core 0)
2026-07-09 02:57:28.027 8 INFO neutron.services.segments.plugin [-] Segment 43645bef-0a47-4f12-aef9-907cc1385147 resource provider aggregate not found
2026-07-09 02:57:28.037 8 INFO neutron.services.segments.plugin [-] Segment 43645bef-0a47-4f12-aef9-907cc1385147 resource provider aggregate not found
2026-07-09 02:57:28.052 8 INFO neutron.services.segments.plugin [-] Client error retrieving segment 43645bef-0a47-4f12-aef9-907cc1385147 resource provider; error: Placement Client Error (4xx): {"errors": [{"status": 404, "title": "Not Found", "detail": "The resource could not be found.\n\n No resource provider with uuid 43645bef-0a47-4f12-aef9-907cc1385147 found for delete ", "request_id": "req-0a71f23e-f348-42df-be27-488d8c98cbc6"}]}
