+ COMMAND=start + start + for KEYSTONE_WSGI_SCRIPT in keystone-wsgi-public ++ type -p keystone-wsgi-public + cp -a /var/lib/openstack/bin/keystone-wsgi-public /var/www/cgi-bin/keystone/ + '[' -f /etc/apache2/envvars ']' + source /etc/apache2/envvars ++ unset HOME ++ '[' '' '!=' '' ']' ++ SUFFIX= ++ export APACHE_RUN_USER=www-data ++ APACHE_RUN_USER=www-data ++ export APACHE_RUN_GROUP=www-data ++ APACHE_RUN_GROUP=www-data ++ export APACHE_PID_FILE=/var/run/apache2/apache2.pid ++ APACHE_PID_FILE=/var/run/apache2/apache2.pid ++ export APACHE_RUN_DIR=/var/run/apache2 ++ APACHE_RUN_DIR=/var/run/apache2 ++ export APACHE_LOCK_DIR=/var/lock/apache2 ++ APACHE_LOCK_DIR=/var/lock/apache2 ++ export APACHE_LOG_DIR=/var/log/apache2 ++ APACHE_LOG_DIR=/var/log/apache2 ++ export LANG=C ++ LANG=C ++ export LANG + '[' -f /var/run/apache2/apache2.pid ']' + exec apache2 -DFOREGROUND AH00558: apache2: Could not reliably determine the server's fully qualified domain name, using 10.0.0.238. Set the 'ServerName' directive globally to suppress this message AH00558: apache2: Could not reliably determine the server's fully qualified domain name, using 10.0.0.238. Set the 'ServerName' directive globally to suppress this message
[Thu Jul 09 01:48:21.818841 2026] [mpm_event:notice] [pid 1:tid 140372807374720] AH00489: Apache/2.4.58 (Ubuntu) mod_wsgi/5.0.0 Python/3.12 configured -- resuming normal operations
[Thu Jul 09 01:48:21.818954 2026] [core:notice] [pid 1:tid 140372807374720] AH00094: Command line: 'apache2 -D FOREGROUND'
[Thu Jul 09 01:49:23.379691 2026] [wsgi:error] [pid 10:tid 140372169553600] /var/lib/openstack/lib/python3.12/site-packages/oslo_utils/importutils.py:77: EventletDeprecationWarning:
[Thu Jul 09 01:49:23.379732 2026] [wsgi:error] [pid 10:tid 140372169553600] Eventlet is deprecated. It is currently being maintained in bugfix mode, and
[Thu Jul 09 01:49:23.379734 2026] [wsgi:error] [pid 10:tid 140372169553600] we strongly recommend against using it for new projects.
[Thu Jul 09 01:49:23.379735 2026] [wsgi:error] [pid 10:tid 140372169553600]
[Thu Jul 09 01:49:23.379736 2026] [wsgi:error] [pid 10:tid 140372169553600] If you are already using Eventlet, we recommend migrating to a different
[Thu Jul 09 01:49:23.379737 2026] [wsgi:error] [pid 10:tid 140372169553600] framework. For more detail see
[Thu Jul 09 01:49:23.379738 2026] [wsgi:error] [pid 10:tid 140372169553600] https://eventlet.readthedocs.io/en/latest/asyncio/migration.html
[Thu Jul 09 01:49:23.379740 2026] [wsgi:error] [pid 10:tid 140372169553600]
[Thu Jul 09 01:49:23.379741 2026] [wsgi:error] [pid 10:tid 140372169553600] __import__(import_str)
[Thu Jul 09 01:49:23.449952 2026] [wsgi:error] [pid 9:tid 140372169553600] /var/lib/openstack/lib/python3.12/site-packages/oslo_utils/importutils.py:77: EventletDeprecationWarning:
[Thu Jul 09 01:49:23.450009 2026] [wsgi:error] [pid 9:tid 140372169553600] Eventlet is deprecated. It is currently being maintained in bugfix mode, and
[Thu Jul 09 01:49:23.450011 2026] [wsgi:error] [pid 9:tid 140372169553600] we strongly recommend against using it for new projects.
[Thu Jul 09 01:49:23.450012 2026] [wsgi:error] [pid 9:tid 140372169553600]
[Thu Jul 09 01:49:23.450013 2026] [wsgi:error] [pid 9:tid 140372169553600] If you are already using Eventlet, we recommend migrating to a different
[Thu Jul 09 01:49:23.450015 2026] [wsgi:error] [pid 9:tid 140372169553600] framework. For more detail see
[Thu Jul 09 01:49:23.450016 2026] [wsgi:error] [pid 9:tid 140372169553600] https://eventlet.readthedocs.io/en/latest/asyncio/migration.html
[Thu Jul 09 01:49:23.450017 2026] [wsgi:error] [pid 9:tid 140372169553600]
[Thu Jul 09 01:49:23.450018 2026] [wsgi:error] [pid 9:tid 140372169553600] __import__(import_str) 10.0.0.224 - - [09/Jul/2026:01:49:22 +0000] "GET /v3/ HTTP/1.1" 200 250 10.0.0.224 - - [09/Jul/2026:01:49:22 +0000] "GET /v3/ HTTP/1.1" 200 250
[Thu Jul 09 01:49:37.124636 2026] [wsgi:error] [pid 8:tid 140372169553600] /var/lib/openstack/lib/python3.12/site-packages/oslo_utils/importutils.py:77: EventletDeprecationWarning:
[Thu Jul 09 01:49:37.124681 2026] [wsgi:error] [pid 8:tid 140372169553600] Eventlet is deprecated. It is currently being maintained in bugfix mode, and
[Thu Jul 09 01:49:37.124683 2026] [wsgi:error] [pid 8:tid 140372169553600] we strongly recommend against using it for new projects.
[Thu Jul 09 01:49:37.124684 2026] [wsgi:error] [pid 8:tid 140372169553600]
[Thu Jul 09 01:49:37.124686 2026] [wsgi:error] [pid 8:tid 140372169553600] If you are already using Eventlet, we recommend migrating to a different
[Thu Jul 09 01:49:37.124687 2026] [wsgi:error] [pid 8:tid 140372169553600] framework. For more detail see
[Thu Jul 09 01:49:37.124688 2026] [wsgi:error] [pid 8:tid 140372169553600] https://eventlet.readthedocs.io/en/latest/asyncio/migration.html
[Thu Jul 09 01:49:37.124689 2026] [wsgi:error] [pid 8:tid 140372169553600]
[Thu Jul 09 01:49:37.124690 2026] [wsgi:error] [pid 8:tid 140372169553600] __import__(import_str) 10.0.0.29 - - [09/Jul/2026:01:49:36 +0000] "GET / HTTP/1.1" 300 295
[Thu Jul 09 01:49:42.558880 2026] [wsgi:error] [pid 11:tid 140372169553600] /var/lib/openstack/lib/python3.12/site-packages/oslo_utils/importutils.py:77: EventletDeprecationWarning:
[Thu Jul 09 01:49:42.558915 2026] [wsgi:error] [pid 11:tid 140372169553600] Eventlet is deprecated. It is currently being maintained in bugfix mode, and
[Thu Jul 09 01:49:42.558917 2026] [wsgi:error] [pid 11:tid 140372169553600] we strongly recommend against using it for new projects.
[Thu Jul 09 01:49:42.558918 2026] [wsgi:error] [pid 11:tid 140372169553600]
[Thu Jul 09 01:49:42.558919 2026] [wsgi:error] [pid 11:tid 140372169553600] If you are already using Eventlet, we recommend migrating to a different
[Thu Jul 09 01:49:42.558920 2026] [wsgi:error] [pid 11:tid 140372169553600] framework. For more detail see
[Thu Jul 09 01:49:42.558921 2026] [wsgi:error] [pid 11:tid 140372169553600] https://eventlet.readthedocs.io/en/latest/asyncio/migration.html
[Thu Jul 09 01:49:42.558923 2026] [wsgi:error] [pid 11:tid 140372169553600]
[Thu Jul 09 01:49:42.558924 2026] [wsgi:error] [pid 11:tid 140372169553600] __import__(import_str)
[Thu Jul 09 01:49:47.143063 2026] [wsgi:error] [pid 11:tid 140372169553600] [remote 10.0.0.29:38004] 2026-07-09 01:49:47.139 11 WARNING keystone.identity.core [None req-3c1f5366-f764-421c-bc35-2f0abd669367 - - - - - -] Invalid domain name (atmosphere) found in config file name: keystone.exception.DomainNotFound: Could not find domain: atmosphere.
[Thu Jul 09 01:49:47.203165 2026] [wsgi:error] [pid 11:tid 140372169553600] [remote 10.0.0.29:38004] 2026-07-09 01:49:47.202 11 WARNING keystone.common.password_hashing [None req-3c1f5366-f764-421c-bc35-2f0abd669367 - - - - - -] Truncating password to algorithm specific maximum length 72 characters.
[Thu Jul 09 01:49:47.488789 2026] [wsgi:error] [pid 11:tid 140372169553600] [remote 10.0.0.29:38004] 2026-07-09 01:49:47.488 11 WARNING keystone.common.fernet_utils [None req-3c1f5366-f764-421c-bc35-2f0abd669367 - - - - - -] key_repository is world readable: /etc/keystone/fernet-keys/ 10.0.0.29 - - [09/Jul/2026:01:49:41 +0000] "POST /v3/auth/tokens HTTP/1.1" 201 1359
[Thu Jul 09 01:49:47.868962 2026] [wsgi:error] [pid 10:tid 140372169553600] [remote 10.0.0.29:38004] 2026-07-09 01:49:47.866 10 WARNING keystone.identity.core [None req-875ee171-1347-42c1-8782-424fb5b6ccf9 - - - - - -] Invalid domain name (atmosphere) found in config file name: keystone.exception.DomainNotFound: Could not find domain: atmosphere. 10.0.0.29 - - [09/Jul/2026:01:49:47 +0000] "POST /v3/domains HTTP/1.1" 201 261 10.0.0.102 - - [09/Jul/2026:01:49:58 +0000] "GET / HTTP/1.1" 300 295
[Thu Jul 09 01:49:58.734304 2026] [wsgi:error] [pid 8:tid 140372169553600] [remote 10.0.0.102:37932] 2026-07-09 01:49:58.733 8 WARNING keystone.common.password_hashing [None req-1ee41174-fe86-4e45-872d-d5c41622ac68 - - - - - -] Truncating password to algorithm specific maximum length 72 characters.
[Thu Jul 09 01:49:59.010664 2026] [wsgi:error] [pid 8:tid 140372169553600] [remote 10.0.0.102:37932] 2026-07-09 01:49:59.010 8 WARNING keystone.common.fernet_utils [None req-1ee41174-fe86-4e45-872d-d5c41622ac68 - - - - - -] key_repository is world readable: /etc/keystone/fernet-keys/ 10.0.0.102 - - [09/Jul/2026:01:49:58 +0000] "POST /v3/auth/tokens HTTP/1.1" 201 1359 10.0.0.102 - - [09/Jul/2026:01:49:59 +0000] "GET /v3/roles/admin HTTP/1.1" 404 83
[Thu Jul 09 01:49:59.267742 2026] [wsgi:error] [pid 10:tid 140372169553600] [remote 10.0.0.102:37932] 2026-07-09 01:49:59.267 10 WARNING keystone.common.rbac_enforcer.enforcer [None req-3904c3f3-0c5c-434a-bd4f-40538f986f7a 389664079aec44f39c09c07d4d8b1f8f 22b35c531a1d460b8973765eedd9cd91 - - default default] Deprecated policy rules found. Use oslopolicy-policy-generator and oslopolicy-policy-upgrade to detect and resolve deprecated policies in your configuration. 10.0.0.102 - - [09/Jul/2026:01:49:59 +0000] "GET /v3/roles?name=admin HTTP/1.1" 200 389
[Thu Jul 09 01:49:59.772714 2026] [wsgi:error] [pid 9:tid 140372169553600] [remote 10.0.0.102:37932] 2026-07-09 01:49:59.772 9 WARNING keystone.common.rbac_enforcer.enforcer [None req-3feda399-51f6-4d35-b501-8eabbab95040 389664079aec44f39c09c07d4d8b1f8f 22b35c531a1d460b8973765eedd9cd91 - - default default] Deprecated policy rules found. Use oslopolicy-policy-generator and oslopolicy-policy-upgrade to detect and resolve deprecated policies in your configuration. 10.0.0.102 - - [09/Jul/2026:01:49:59 +0000] "GET /v3/users/admin-RegionOne HTTP/1.1" 404 93
[Thu Jul 09 01:49:59.911242 2026] [wsgi:error] [pid 8:tid 140372169553600] [remote 10.0.0.102:37932] 2026-07-09 01:49:59.911 8 WARNING keystone.common.rbac_enforcer.enforcer [None req-04c664f3-cee0-4a12-9b46-7962eecbd0ff 389664079aec44f39c09c07d4d8b1f8f 22b35c531a1d460b8973765eedd9cd91 - - default default] Deprecated policy rules found. Use oslopolicy-policy-generator and oslopolicy-policy-upgrade to detect and resolve deprecated policies in your configuration. 10.0.0.102 - - [09/Jul/2026:01:49:59 +0000] "GET /v3/users?name=admin-RegionOne HTTP/1.1" 200 422
[Thu Jul 09 01:50:00.073412 2026] [wsgi:error] [pid 11:tid 140372169553600] [remote 10.0.0.102:37932] 2026-07-09 01:50:00.073 11 WARNING keystone.common.rbac_enforcer.enforcer [None req-a8773418-15df-42d7-a543-cc435759d327 389664079aec44f39c09c07d4d8b1f8f 22b35c531a1d460b8973765eedd9cd91 - - default default] Deprecated policy rules found. Use oslopolicy-policy-generator and oslopolicy-policy-upgrade to detect and resolve deprecated policies in your configuration. 10.0.0.102 - - [09/Jul/2026:01:49:59 +0000] "GET /v3/domains/default HTTP/1.1" 200 224 10.0.0.102 - - [09/Jul/2026:01:50:00 +0000] "PUT /v3/domains/default/users/389664079aec44f39c09c07d4d8b1f8f/roles/ac774a5858904b0d898d9f24a641fafa HTTP/1.1" 204 - 10.0.0.224 - - [09/Jul/2026:01:50:10 +0000] "GET / HTTP/1.1" 300 280 10.0.0.224 - - [09/Jul/2026:01:50:11 +0000] "GET /v3 HTTP/1.1" 200 265
[Thu Jul 09 01:50:11.750492 2026] [wsgi:error] [pid 11:tid 140372169553600] [remote 10.0.0.224:60234] 2026-07-09 01:50:11.750 11 WARNING keystone.common.password_hashing [None req-1c68d2ea-3e90-4089-a38b-08f9ec50a461 - - - - - -] Truncating password to algorithm specific maximum length 72 characters.
[Thu Jul 09 01:50:12.042880 2026] [wsgi:error] [pid 11:tid 140372169553600] [remote 10.0.0.224:60234] 2026-07-09 01:50:12.042 11 WARNING keystone.common.fernet_utils [None req-1c68d2ea-3e90-4089-a38b-08f9ec50a461 - - - - - -] key_repository is world readable: /etc/keystone/fernet-keys/ 10.0.0.224 - - [09/Jul/2026:01:50:11 +0000] "POST /v3/auth/tokens HTTP/1.1" 201 1359 10.0.0.224 - - [09/Jul/2026:01:50:12 +0000] "GET / HTTP/1.1" 300 280 10.0.0.224 - - [09/Jul/2026:01:50:12 +0000] "GET /v3/domains/atmosphere HTTP/1.1" 404 90 10.0.0.224 - - [09/Jul/2026:01:50:12 +0000] "GET /v3/domains?name=atmosphere HTTP/1.1" 200 368 10.0.0.224 - - [09/Jul/2026:01:50:12 +0000] "GET /v3/domains/9a86017f697b4154be1ba4a19884c87a HTTP/1.1" 200 246 10.0.0.224 - - [09/Jul/2026:01:50:13 +0000] "GET /v3 HTTP/1.1" 200 265
[Thu Jul 09 01:50:13.157874 2026] [wsgi:error] [pid 9:tid 140372169553600] [remote 10.0.0.224:60234] 2026-07-09 01:50:13.157 9 WARNING keystone.common.password_hashing [None req-16dcac13-a541-4c55-9432-c237405c3bb0 - - - - - -] Truncating password to algorithm specific maximum length 72 characters.
[Thu Jul 09 01:50:13.430285 2026] [wsgi:error] [pid 9:tid 140372169553600] [remote 10.0.0.224:60234] 2026-07-09 01:50:13.430 9 WARNING keystone.common.fernet_utils [None req-16dcac13-a541-4c55-9432-c237405c3bb0 - - - - - -] key_repository is world readable: /etc/keystone/fernet-keys/ 10.0.0.224 - - [09/Jul/2026:01:50:13 +0000] "POST /v3/auth/tokens HTTP/1.1" 201 1359 10.0.0.224 - - [09/Jul/2026:01:50:13 +0000] "GET / HTTP/1.1" 300 280 10.0.0.224 - - [09/Jul/2026:01:50:13 +0000] "GET /v3/OS-FEDERATION/identity_providers/atmosphere HTTP/1.1" 404 101 10.0.0.224 - - [09/Jul/2026:01:50:13 +0000] "GET /v3/OS-FEDERATION/identity_providers HTTP/1.1" 200 155 10.0.0.224 - - [09/Jul/2026:01:50:13 +0000] "PUT /v3/OS-FEDERATION/identity_providers/atmosphere HTTP/1.1" 201 340 10.0.0.224 - - [09/Jul/2026:01:50:14 +0000] "GET /v3 HTTP/1.1" 200 265
[Thu Jul 09 01:50:14.277806 2026] [wsgi:error] [pid 11:tid 140372169553600] [remote 10.0.0.224:60224] 2026-07-09 01:50:14.277 11 WARNING keystone.common.password_hashing [None req-58e2fa62-cb7e-4e8f-9e17-581c51be9bc2 - - - - - -] Truncating password to algorithm specific maximum length 72 characters.
[Thu Jul 09 01:50:14.559600 2026] [wsgi:error] [pid 11:tid 140372169553600] [remote 10.0.0.224:60224] 2026-07-09 01:50:14.559 11 WARNING keystone.common.fernet_utils [None req-58e2fa62-cb7e-4e8f-9e17-581c51be9bc2 - - - - - -] key_repository is world readable: /etc/keystone/fernet-keys/ 10.0.0.224 - - [09/Jul/2026:01:50:14 +0000] "POST /v3/auth/tokens HTTP/1.1" 201 1359 10.0.0.224 - - [09/Jul/2026:01:50:14 +0000] "GET / HTTP/1.1" 300 280 10.0.0.224 - - [09/Jul/2026:01:50:14 +0000] "GET /v3/OS-FEDERATION/mappings/atmosphere-openid HTTP/1.1" 404 98 10.0.0.224 - - [09/Jul/2026:01:50:14 +0000] "GET /v3/OS-FEDERATION/mappings HTTP/1.1" 200 135 10.0.0.224 - - [09/Jul/2026:01:50:14 +0000] "PUT /v3/OS-FEDERATION/mappings/atmosphere-openid HTTP/1.1" 201 356 10.0.0.224 - - [09/Jul/2026:01:50:15 +0000] "GET /v3 HTTP/1.1" 200 265
[Thu Jul 09 01:50:15.382237 2026] [wsgi:error] [pid 9:tid 140372169553600] [remote 10.0.0.224:60224] 2026-07-09 01:50:15.382 9 WARNING keystone.common.password_hashing [None req-b5c2522e-1766-48bf-a668-7bbc82715d35 - - - - - -] Truncating password to algorithm specific maximum length 72 characters.
[Thu Jul 09 01:50:15.665887 2026] [wsgi:error] [pid 9:tid 140372169553600] [remote 10.0.0.224:60224] 2026-07-09 01:50:15.665 9 WARNING keystone.common.fernet_utils [None req-b5c2522e-1766-48bf-a668-7bbc82715d35 - - - - - -] key_repository is world readable: /etc/keystone/fernet-keys/ 10.0.0.224 - - [09/Jul/2026:01:50:15 +0000] "POST /v3/auth/tokens HTTP/1.1" 201 1359 10.0.0.224 - - [09/Jul/2026:01:50:15 +0000] "GET / HTTP/1.1" 300 280 10.0.0.224 - - [09/Jul/2026:01:50:15 +0000] "GET /v3/OS-FEDERATION/identity_providers/atmosphere/protocols/openid?idp_id=atmosphere HTTP/1.1" 404 131 10.0.0.224 - - [09/Jul/2026:01:50:15 +0000] "GET /v3/OS-FEDERATION/identity_providers/atmosphere/protocols HTTP/1.1" 200 167 10.0.0.224 - - [09/Jul/2026:01:50:15 +0000] "PUT /v3/OS-FEDERATION/identity_providers/atmosphere/protocols/openid HTTP/1.1" 201 222 10.0.0.224 - - [09/Jul/2026:01:50:22 +0000] "GET /v3/ HTTP/1.1" 200 250 10.0.0.224 - - [09/Jul/2026:01:50:22 +0000] "GET /v3/ HTTP/1.1" 200 250 10.0.0.224 - - [09/Jul/2026:01:51:22 +0000] "GET /v3/ HTTP/1.1" 200 250 10.0.0.224 - - [09/Jul/2026:01:51:22 +0000] "GET /v3/ HTTP/1.1" 200 250 10.0.0.171 - - [09/Jul/2026:01:51:40 +0000] "GET / HTTP/1.1" 300 295
[Thu Jul 09 01:51:40.308498 2026] [wsgi:error] [pid 9:tid 140372169553600] [remote 10.0.0.171:37456] 2026-07-09 01:51:40.308 9 WARNING keystone.common.password_hashing [None req-c2b3d149-fa40-48c4-b35f-2f4730915dc3 - - - - - -] Truncating password to algorithm specific maximum length 72 characters.
[Thu Jul 09 01:51:40.606741 2026] [wsgi:error] [pid 9:tid 140372169553600] [remote 10.0.0.171:37456] 2026-07-09 01:51:40.606 9 WARNING keystone.common.fernet_utils [None req-c2b3d149-fa40-48c4-b35f-2f4730915dc3 - - - - - -] key_repository is world readable: /etc/keystone/fernet-keys/ 10.0.0.171 - - [09/Jul/2026:01:51:40 +0000] "POST /v3/auth/tokens HTTP/1.1" 201 1359 10.0.0.171 - - [09/Jul/2026:01:51:40 +0000] "GET /v3/services HTTP/1.1" 200 355 10.0.0.171 - - [09/Jul/2026:01:51:44 +0000] "GET / HTTP/1.1" 300 295
[Thu Jul 09 01:51:44.324315 2026] [wsgi:error] [pid 11:tid 140372169553600] [remote 10.0.0.171:45068] 2026-07-09 01:51:44.324 11 WARNING keystone.common.password_hashing [None req-dbd75d2b-e5d6-4649-86ee-e437e1ced0de - - - - - -] Truncating password to algorithm specific maximum length 72 characters.
[Thu Jul 09 01:51:44.608343 2026] [wsgi:error] [pid 11:tid 140372169553600] [remote 10.0.0.171:45068] 2026-07-09 01:51:44.608 11 WARNING keystone.common.fernet_utils [None req-dbd75d2b-e5d6-4649-86ee-e437e1ced0de - - - - - -] key_repository is world readable: /etc/keystone/fernet-keys/ 10.0.0.171 - - [09/Jul/2026:01:51:44 +0000] "POST /v3/auth/tokens HTTP/1.1" 201 1359 10.0.0.171 - - [09/Jul/2026:01:51:44 +0000] "GET /v3/services HTTP/1.1" 200 355 10.0.0.171 - - [09/Jul/2026:01:51:48 +0000] "GET / HTTP/1.1" 300 295
[Thu Jul 09 01:51:48.323506 2026] [wsgi:error] [pid 8:tid 140372169553600] [remote 10.0.0.171:45070] 2026-07-09 01:51:48.323 8 WARNING keystone.common.password_hashing [None req-291881bc-314e-413c-b71a-5657a06492d8 - - - - - -] Truncating password to algorithm specific maximum length 72 characters.
[Thu Jul 09 01:51:48.635027 2026] [wsgi:error] [pid 8:tid 140372169553600] [remote 10.0.0.171:45070] 2026-07-09 01:51:48.634 8 WARNING keystone.common.fernet_utils [None req-291881bc-314e-413c-b71a-5657a06492d8 - - - - - -] key_repository is world readable: /etc/keystone/fernet-keys/ 10.0.0.171 - - [09/Jul/2026:01:51:48 +0000] "POST /v3/auth/tokens HTTP/1.1" 201 1359 10.0.0.171 - - [09/Jul/2026:01:51:48 +0000] "GET /v3/services HTTP/1.1" 200 355 10.0.0.171 - - [09/Jul/2026:01:51:52 +0000] "GET / HTTP/1.1" 300 295
[Thu Jul 09 01:51:52.278165 2026] [wsgi:error] [pid 10:tid 140372169553600] [remote 10.0.0.171:45080] 2026-07-09 01:51:52.277 10 WARNING keystone.common.password_hashing [None req-639b02d9-064b-4a69-aeec-b2274bfc9550 - - - - - -] Truncating password to algorithm specific maximum length 72 characters.
[Thu Jul 09 01:51:52.564686 2026] [wsgi:error] [pid 10:tid 140372169553600] [remote 10.0.0.171:45080] 2026-07-09 01:51:52.564 10 WARNING keystone.common.fernet_utils [None req-639b02d9-064b-4a69-aeec-b2274bfc9550 - - - - - -] key_repository is world readable: /etc/keystone/fernet-keys/ 10.0.0.171 - - [09/Jul/2026:01:51:52 +0000] "POST /v3/auth/tokens HTTP/1.1" 201 1359 10.0.0.171 - - [09/Jul/2026:01:51:52 +0000] "POST /v3/services HTTP/1.1" 201 296 10.0.0.54 - - [09/Jul/2026:01:52:04 +0000] "GET / HTTP/1.1" 300 295 10.0.0.54 - - [09/Jul/2026:01:52:04 +0000] "GET / HTTP/1.1" 300 295
[Thu Jul 09 01:52:04.566581 2026] [wsgi:error] [pid 9:tid 140372169553600] [remote 10.0.0.54:48268] 2026-07-09 01:52:04.566 9 WARNING keystone.common.password_hashing [None req-df1039fa-d57a-4053-9901-2b9eb9ccf55f - - - - - -] Truncating password to algorithm specific maximum length 72 characters.
[Thu Jul 09 01:52:04.576032 2026] [wsgi:error] [pid 8:tid 140372169553600] [remote 10.0.0.54:48284] 2026-07-09 01:52:04.575 8 WARNING keystone.common.password_hashing [None req-86d165b7-4201-4aa7-be78-5773810cfc91 - - - - - -] Truncating password to algorithm specific maximum length 72 characters. 10.0.0.54 - - [09/Jul/2026:01:52:04 +0000] "GET / HTTP/1.1" 300 295
[Thu Jul 09 01:52:04.707248 2026] [wsgi:error] [pid 10:tid 140372169553600] [remote 10.0.0.54:48288] 2026-07-09 01:52:04.707 10 WARNING keystone.common.password_hashing [None req-418cc4de-b29a-4c4d-a79c-d47160b5be1e - - - - - -] Truncating password to algorithm specific maximum length 72 characters.
[Thu Jul 09 01:52:04.843980 2026] [wsgi:error] [pid 9:tid 140372169553600] [remote 10.0.0.54:48268] 2026-07-09 01:52:04.843 9 WARNING keystone.common.fernet_utils [None req-df1039fa-d57a-4053-9901-2b9eb9ccf55f - - - - - -] key_repository is world readable: /etc/keystone/fernet-keys/
[Thu Jul 09 01:52:04.847058 2026] [wsgi:error] [pid 8:tid 140372169553600] [remote 10.0.0.54:48284] 2026-07-09 01:52:04.846 8 WARNING keystone.common.fernet_utils [None req-86d165b7-4201-4aa7-be78-5773810cfc91 - - - - - -] key_repository is world readable: /etc/keystone/fernet-keys/ 10.0.0.54 - - [09/Jul/2026:01:52:04 +0000] "POST /v3/auth/tokens HTTP/1.1" 201 1463 10.0.0.54 - - [09/Jul/2026:01:52:04 +0000] "POST /v3/auth/tokens HTTP/1.1" 201 1463
[Thu Jul 09 01:52:04.981786 2026] [wsgi:error] [pid 10:tid 140372169553600] [remote 10.0.0.54:48288] 2026-07-09 01:52:04.981 10 WARNING keystone.common.fernet_utils [None req-418cc4de-b29a-4c4d-a79c-d47160b5be1e - - - - - -] key_repository is world readable: /etc/keystone/fernet-keys/ 10.0.0.54 - - [09/Jul/2026:01:52:04 +0000] "POST /v3/auth/tokens HTTP/1.1" 201 1463 10.0.0.54 - - [09/Jul/2026:01:52:04 +0000] "GET /v3/services HTTP/1.1" 200 639 10.0.0.54 - - [09/Jul/2026:01:52:04 +0000] "GET /v3/services HTTP/1.1" 200 639 10.0.0.54 - - [09/Jul/2026:01:52:05 +0000] "GET /v3/services HTTP/1.1" 200 639 10.0.0.54 - - [09/Jul/2026:01:52:06 +0000] "GET / HTTP/1.1" 300 295 10.0.0.54 - - [09/Jul/2026:01:52:06 +0000] "GET / HTTP/1.1" 300 295
[Thu Jul 09 01:52:06.598545 2026] [wsgi:error] [pid 11:tid 140372169553600] [remote 10.0.0.54:48292] 2026-07-09 01:52:06.598 11 WARNING keystone.common.password_hashing [None req-1338539d-76dc-4a4d-8ecc-0b9f3443b91f - - - - - -] Truncating password to algorithm specific maximum length 72 characters.
[Thu Jul 09 01:52:06.612037 2026] [wsgi:error] [pid 9:tid 140372169553600] [remote 10.0.0.54:48306] 2026-07-09 01:52:06.611 9 WARNING keystone.common.password_hashing [None req-6486c1fc-d818-4c4b-8ddc-ad80eb12429c - - - - - -] Truncating password to algorithm specific maximum length 72 characters. 10.0.0.54 - - [09/Jul/2026:01:52:06 +0000] "GET / HTTP/1.1" 300 295
[Thu Jul 09 01:52:06.738558 2026] [wsgi:error] [pid 8:tid 140372169553600] [remote 10.0.0.54:48314] 2026-07-09 01:52:06.738 8 WARNING keystone.common.password_hashing [None req-c50223f8-03b2-42a0-8605-32bbbc7748f0 - - - - - -] Truncating password to algorithm specific maximum length 72 characters.
[Thu Jul 09 01:52:06.876865 2026] [wsgi:error] [pid 11:tid 140372169553600] [remote 10.0.0.54:48292] 2026-07-09 01:52:06.876 11 WARNING keystone.common.fernet_utils [None req-1338539d-76dc-4a4d-8ecc-0b9f3443b91f - - - - - -] key_repository is world readable: /etc/keystone/fernet-keys/ 10.0.0.54 - - [09/Jul/2026:01:52:06 +0000] "POST /v3/auth/tokens HTTP/1.1" 201 1463
[Thu Jul 09 01:52:06.892828 2026] [wsgi:error] [pid 9:tid 140372169553600] [remote 10.0.0.54:48306] 2026-07-09 01:52:06.892 9 WARNING keystone.common.fernet_utils [None req-6486c1fc-d818-4c4b-8ddc-ad80eb12429c - - - - - -] key_repository is world readable: /etc/keystone/fernet-keys/ 10.0.0.54 - - [09/Jul/2026:01:52:06 +0000] "POST /v3/auth/tokens HTTP/1.1" 201 1463 10.0.0.54 - - [09/Jul/2026:01:52:06 +0000] "GET /v3/endpoints HTTP/1.1" 200 1226
[Thu Jul 09 01:52:07.008304 2026] [wsgi:error] [pid 8:tid 140372169553600] [remote 10.0.0.54:48314] 2026-07-09 01:52:07.007 8 WARNING keystone.common.fernet_utils [None req-c50223f8-03b2-42a0-8605-32bbbc7748f0 - - - - - -] key_repository is world readable: /etc/keystone/fernet-keys/ 10.0.0.54 - - [09/Jul/2026:01:52:06 +0000] "POST /v3/auth/tokens HTTP/1.1" 201 1463 10.0.0.54 - - [09/Jul/2026:01:52:07 +0000] "GET /v3/endpoints HTTP/1.1" 200 1226 10.0.0.54 - - [09/Jul/2026:01:52:07 +0000] "GET /v3/services/d46c5c3c43944fec8fb365c80ac05f14 HTTP/1.1" 200 233 10.0.0.54 - - [09/Jul/2026:01:52:07 +0000] "GET /v3/services/d46c5c3c43944fec8fb365c80ac05f14 HTTP/1.1" 200 233 10.0.0.54 - - [09/Jul/2026:01:52:07 +0000] "GET /v3/services/d46c5c3c43944fec8fb365c80ac05f14 HTTP/1.1" 200 233 10.0.0.54 - - [09/Jul/2026:01:52:07 +0000] "GET /v3/services/d46c5c3c43944fec8fb365c80ac05f14 HTTP/1.1" 200 233 10.0.0.54 - - [09/Jul/2026:01:52:07 +0000] "GET /v3/services/d46c5c3c43944fec8fb365c80ac05f14 HTTP/1.1" 200 233 10.0.0.54 - - [09/Jul/2026:01:52:07 +0000] "GET /v3/services/d46c5c3c43944fec8fb365c80ac05f14 HTTP/1.1" 200 233 10.0.0.54 - - [09/Jul/2026:01:52:07 +0000] "GET /v3/endpoints HTTP/1.1" 200 1226 10.0.0.54 - - [09/Jul/2026:01:52:07 +0000] "GET /v3/services/d46c5c3c43944fec8fb365c80ac05f14 HTTP/1.1" 200 233 10.0.0.54 - - [09/Jul/2026:01:52:07 +0000] "GET /v3/services/d46c5c3c43944fec8fb365c80ac05f14 HTTP/1.1" 200 233 10.0.0.54 - - [09/Jul/2026:01:52:07 +0000] "GET /v3/services/d46c5c3c43944fec8fb365c80ac05f14 HTTP/1.1" 200 233 10.0.0.54 - - [09/Jul/2026:01:52:08 +0000] "GET / HTTP/1.1" 300 295 10.0.0.54 - - [09/Jul/2026:01:52:08 +0000] "GET / HTTP/1.1" 300 295
[Thu Jul 09 01:52:08.596349 2026] [wsgi:error] [pid 11:tid 140372169553600] [remote 10.0.0.54:48320] 2026-07-09 01:52:08.596 11 WARNING keystone.common.password_hashing [None req-71f32f20-83cd-4d93-b05d-ea76182f64c2 - - - - - -] Truncating password to algorithm specific maximum length 72 characters.
[Thu Jul 09 01:52:08.599253 2026] [wsgi:error] [pid 10:tid 140372169553600] [remote 10.0.0.54:48336] 2026-07-09 01:52:08.599 10 WARNING keystone.common.password_hashing [None req-8bb3019b-f4a7-4b40-9997-772b15884b04 - - - - - -] Truncating password to algorithm specific maximum length 72 characters. 10.0.0.54 - - [09/Jul/2026:01:52:08 +0000] "GET / HTTP/1.1" 300 295
[Thu Jul 09 01:52:08.744552 2026] [wsgi:error] [pid 9:tid 140372169553600] [remote 10.0.0.54:48350] 2026-07-09 01:52:08.744 9 WARNING keystone.common.password_hashing [None req-0fdf1f6c-e737-4591-b8ca-382678e4108b - - - - - -] Truncating password to algorithm specific maximum length 72 characters.
[Thu Jul 09 01:52:08.876740 2026] [wsgi:error] [pid 11:tid 140372169553600] [remote 10.0.0.54:48320] 2026-07-09 01:52:08.876 11 WARNING keystone.common.fernet_utils [None req-71f32f20-83cd-4d93-b05d-ea76182f64c2 - - - - - -] key_repository is world readable: /etc/keystone/fernet-keys/ 10.0.0.54 - - [09/Jul/2026:01:52:08 +0000] "POST /v3/auth/tokens HTTP/1.1" 201 1463
[Thu Jul 09 01:52:08.884494 2026] [wsgi:error] [pid 10:tid 140372169553600] [remote 10.0.0.54:48336] 2026-07-09 01:52:08.884 10 WARNING keystone.common.fernet_utils [None req-8bb3019b-f4a7-4b40-9997-772b15884b04 - - - - - -] key_repository is world readable: /etc/keystone/fernet-keys/ 10.0.0.54 - - [09/Jul/2026:01:52:08 +0000] "POST /v3/auth/tokens HTTP/1.1" 201 1463 10.0.0.54 - - [09/Jul/2026:01:52:08 +0000] "GET /v3/services/711dd9618f7a4a5abd970de354f2e185 HTTP/1.1" 200 296 10.0.0.54 - - [09/Jul/2026:01:52:08 +0000] "GET /v3/services/711dd9618f7a4a5abd970de354f2e185 HTTP/1.1" 200 296
[Thu Jul 09 01:52:09.020501 2026] [wsgi:error] [pid 9:tid 140372169553600] [remote 10.0.0.54:48350] 2026-07-09 01:52:09.020 9 WARNING keystone.common.fernet_utils [None req-0fdf1f6c-e737-4591-b8ca-382678e4108b - - - - - -] key_repository is world readable: /etc/keystone/fernet-keys/ 10.0.0.54 - - [09/Jul/2026:01:52:09 +0000] "GET /v3/regions/RegionOne HTTP/1.1" 200 173 10.0.0.54 - - [09/Jul/2026:01:52:08 +0000] "POST /v3/auth/tokens HTTP/1.1" 201 1463 10.0.0.54 - - [09/Jul/2026:01:52:09 +0000] "GET /v3/regions/RegionOne HTTP/1.1" 200 173 10.0.0.54 - - [09/Jul/2026:01:52:09 +0000] "POST /v3/endpoints HTTP/1.1" 201 380 10.0.0.54 - - [09/Jul/2026:01:52:09 +0000] "GET /v3/services/711dd9618f7a4a5abd970de354f2e185 HTTP/1.1" 200 296 10.0.0.54 - - [09/Jul/2026:01:52:09 +0000] "GET /v3/regions/RegionOne HTTP/1.1" 200 173 10.0.0.54 - - [09/Jul/2026:01:52:09 +0000] "POST /v3/endpoints HTTP/1.1" 201 383 10.0.0.54 - - [09/Jul/2026:01:52:09 +0000] "POST /v3/endpoints HTTP/1.1" 201 369 10.0.0.54 - - [09/Jul/2026:01:52:10 +0000] "GET / HTTP/1.1" 300 295
[Thu Jul 09 01:52:10.624245 2026] [wsgi:error] [pid 8:tid 140372169553600] [remote 10.0.0.54:48358] 2026-07-09 01:52:10.624 8 WARNING keystone.common.password_hashing [None req-25456d78-208d-437c-9aa4-0d15b8995aed - - - - - -] Truncating password to algorithm specific maximum length 72 characters. 10.0.0.54 - - [09/Jul/2026:01:52:10 +0000] "GET / HTTP/1.1" 300 295
[Thu Jul 09 01:52:10.750173 2026] [wsgi:error] [pid 10:tid 140372169553600] [remote 10.0.0.54:48368] 2026-07-09 01:52:10.749 10 WARNING keystone.common.password_hashing [None req-e2c2d0b6-f4fb-4ba1-9fc3-86bf5ef1147a - - - - - -] Truncating password to algorithm specific maximum length 72 characters. 10.0.0.54 - - [09/Jul/2026:01:52:10 +0000] "GET / HTTP/1.1" 300 295
[Thu Jul 09 01:52:10.770747 2026] [wsgi:error] [pid 11:tid 140372169553600] [remote 10.0.0.54:48378] 2026-07-09 01:52:10.770 11 WARNING keystone.common.password_hashing [None req-a14e6124-8627-4fa8-92d7-98b616f55045 - - - - - -] Truncating password to algorithm specific maximum length 72 characters.
[Thu Jul 09 01:52:10.914565 2026] [wsgi:error] [pid 8:tid 140372169553600] [remote 10.0.0.54:48358] 2026-07-09 01:52:10.914 8 WARNING keystone.common.fernet_utils [None req-25456d78-208d-437c-9aa4-0d15b8995aed - - - - - -] key_repository is world readable: /etc/keystone/fernet-keys/ 10.0.0.54 - - [09/Jul/2026:01:52:10 +0000] "POST /v3/auth/tokens HTTP/1.1" 201 1990
[Thu Jul 09 01:52:11.041115 2026] [wsgi:error] [pid 10:tid 140372169553600] [remote 10.0.0.54:48368] 2026-07-09 01:52:11.040 10 WARNING keystone.common.fernet_utils [None req-e2c2d0b6-f4fb-4ba1-9fc3-86bf5ef1147a - - - - - -] key_repository is world readable: /etc/keystone/fernet-keys/ 10.0.0.54 - - [09/Jul/2026:01:52:11 +0000] "GET /v3/endpoints/3783b12454404cdebf098e6a3fa675ce HTTP/1.1" 200 380 10.0.0.54 - - [09/Jul/2026:01:52:10 +0000] "POST /v3/auth/tokens HTTP/1.1" 201 1990 10.0.0.54 - - [09/Jul/2026:01:52:11 +0000] "GET /v3/services/711dd9618f7a4a5abd970de354f2e185 HTTP/1.1" 200 296
[Thu Jul 09 01:52:11.078184 2026] [wsgi:error] [pid 11:tid 140372169553600] [remote 10.0.0.54:48378] 2026-07-09 01:52:11.077 11 WARNING keystone.common.fernet_utils [None req-a14e6124-8627-4fa8-92d7-98b616f55045 - - - - - -] key_repository is world readable: /etc/keystone/fernet-keys/ 10.0.0.54 - - [09/Jul/2026:01:52:10 +0000] "POST /v3/auth/tokens HTTP/1.1" 201 1990 10.0.0.54 - - [09/Jul/2026:01:52:11 +0000] "GET /v3/endpoints/9ff10f31bed24d50aa84f230bc729ed8 HTTP/1.1" 200 369 10.0.0.54 - - [09/Jul/2026:01:52:11 +0000] "GET /v3/services/711dd9618f7a4a5abd970de354f2e185 HTTP/1.1" 200 296 10.0.0.54 - - [09/Jul/2026:01:52:11 +0000] "GET /v3/endpoints/c82b44e8aabd442987a62c2d76eeace8 HTTP/1.1" 200 383 10.0.0.54 - - [09/Jul/2026:01:52:11 +0000] "GET /v3/services/711dd9618f7a4a5abd970de354f2e185 HTTP/1.1" 200 296 10.0.0.224 - - [09/Jul/2026:01:52:22 +0000] "GET /v3/ HTTP/1.1" 200 250 10.0.0.224 - - [09/Jul/2026:01:52:22 +0000] "GET /v3/ HTTP/1.1" 200 250 10.0.0.248 - - [09/Jul/2026:01:52:22 +0000] "GET / HTTP/1.1" 300 295
[Thu Jul 09 01:52:22.659868 2026] [wsgi:error] [pid 11:tid 140372169553600] [remote 10.0.0.248:42750] 2026-07-09 01:52:22.659 11 WARNING keystone.common.password_hashing [None req-610e308e-b239-4ed1-ac1d-48bb4d45bcef - - - - - -] Truncating password to algorithm specific maximum length 72 characters.
[Thu Jul 09 01:52:22.931505 2026] [wsgi:error] [pid 11:tid 140372169553600] [remote 10.0.0.248:42750] 2026-07-09 01:52:22.931 11 WARNING keystone.common.fernet_utils [None req-610e308e-b239-4ed1-ac1d-48bb4d45bcef - - - - - -] key_repository is world readable: /etc/keystone/fernet-keys/ 10.0.0.248 - - [09/Jul/2026:01:52:22 +0000] "POST /v3/auth/tokens HTTP/1.1" 201 1990 10.0.0.248 - - [09/Jul/2026:01:52:23 +0000] "POST /v3/domains HTTP/1.1" 201 284 10.0.0.248 - - [09/Jul/2026:01:52:24 +0000] "GET / HTTP/1.1" 300 295
[Thu Jul 09 01:52:24.763739 2026] [wsgi:error] [pid 8:tid 140372169553600] [remote 10.0.0.248:42838] 2026-07-09 01:52:24.763 8 WARNING keystone.common.password_hashing [None req-78e3c822-dca1-4b8b-920f-c6eb3dc38260 - - - - - -] Truncating password to algorithm specific maximum length 72 characters.
[Thu Jul 09 01:52:25.058968 2026] [wsgi:error] [pid 8:tid 140372169553600] [remote 10.0.0.248:42838] 2026-07-09 01:52:25.058 8 WARNING keystone.common.fernet_utils [None req-78e3c822-dca1-4b8b-920f-c6eb3dc38260 - - - - - -] key_repository is world readable: /etc/keystone/fernet-keys/ 10.0.0.248 - - [09/Jul/2026:01:52:24 +0000] "POST /v3/auth/tokens HTTP/1.1" 201 1990
[Thu Jul 09 01:52:25.237222 2026] [wsgi:error] [pid 11:tid 140372169553600] [remote 10.0.0.248:42838] 2026-07-09 01:52:25.225 11 ERROR keystone.server.flask.application [None req-d67dc40b-1404-461a-9f02-a7da0481a4c0 389664079aec44f39c09c07d4d8b1f8f 22b35c531a1d460b8973765eedd9cd91 - - default default] Conflict occurred attempting to store project - it is not permitted to have two projects acting as domains with the same name: service.: keystone.exception.Conflict: Conflict occurred attempting to store project - it is not permitted to have two projects acting as domains with the same name: service.
[Thu Jul 09 01:52:25.237252 2026] [wsgi:error] [pid 11:tid 140372169553600] [remote 10.0.0.248:42838] 2026-07-09 01:52:25.225 11 ERROR keystone.server.flask.application
Traceback (most recent call last):
[Thu Jul 09 01:52:25.237254 2026] [wsgi:error] [pid 11:tid 140372169553600] [remote 10.0.0.248:42838] 2026-07-09 01:52:25.225 11 ERROR keystone.server.flask.application
File "/var/lib/openstack/lib/python3.12/site-packages/sqlalchemy/engine/base.py", line 1969, in _exec_single_context
[Thu Jul 09 01:52:25.237256 2026] [wsgi:error] [pid 11:tid 140372169553600] [remote 10.0.0.248:42838] 2026-07-09 01:52:25.225 11 ERROR keystone.server.flask.application self.dialect.do_execute(
[Thu Jul 09 01:52:25.237258 2026] [wsgi:error] [pid 11:tid 140372169553600] [remote 10.0.0.248:42838] 2026-07-09 01:52:25.225 11 ERROR keystone.server.flask.application
File "/var/lib/openstack/lib/python3.12/site-packages/sqlalchemy/engine/default.py", line 952, in do_execute
[Thu Jul 09 01:52:25.237259 2026] [wsgi:error] [pid 11:tid 140372169553600] [remote 10.0.0.248:42838] 2026-07-09 01:52:25.225 11 ERROR keystone.server.flask.application cursor.execute(statement, parameters)
[Thu Jul 09 01:52:25.237260 2026] [wsgi:error] [pid 11:tid 140372169553600] [remote 10.0.0.248:42838] 2026-07-09 01:52:25.225 11 ERROR keystone.server.flask.application
File "/var/lib/openstack/lib/python3.12/site-packages/pymysql/cursors.py", line 159, in execute
[Thu Jul 09 01:52:25.237262 2026] [wsgi:error] [pid 11:tid 140372169553600] [remote 10.0.0.248:42838] 2026-07-09 01:52:25.225 11 ERROR keystone.server.flask.application result = self._query(query)
[Thu Jul 09 01:52:25.237263 2026] [wsgi:error] [pid 11:tid 140372169553600] [remote 10.0.0.248:42838] 2026-07-09 01:52:25.225 11 ERROR keystone.server.flask.application ^^^^^^^^^^^^^^^^^^
[Thu Jul 09 01:52:25.237264 2026] [wsgi:error] [pid 11:tid 140372169553600] [remote 10.0.0.248:42838] 2026-07-09 01:52:25.225 11 ERROR keystone.server.flask.application
File "/var/lib/openstack/lib/python3.12/site-packages/pymysql/cursors.py", line 330, in _query
[Thu Jul 09 01:52:25.237266 2026] [wsgi:error] [pid 11:tid 140372169553600] [remote 10.0.0.248:42838] 2026-07-09 01:52:25.225 11 ERROR keystone.server.flask.application conn.query(q)
[Thu Jul 09 01:52:25.237267 2026] [wsgi:error] [pid 11:tid 140372169553600] [remote 10.0.0.248:42838] 2026-07-09 01:52:25.225 11 ERROR keystone.server.flask.application
File "/var/lib/openstack/lib/python3.12/site-packages/pymysql/connections.py", line 582, in query
[Thu Jul 09 01:52:25.237269 2026] [wsgi:error] [pid 11:tid 140372169553600] [remote 10.0.0.248:42838] 2026-07-09 01:52:25.225 11 ERROR keystone.server.flask.application self._affected_rows = self._read_query_result(unbuffered=unbuffered)
[Thu Jul 09 01:52:25.237270 2026] [wsgi:error] [pid 11:tid 140372169553600] [remote 10.0.0.248:42838] 2026-07-09 01:52:25.225 11 ERROR keystone.server.flask.application ^^^^^^^^^^^^^^^^^^^^^^^^^^^^^^^^^^^^^^^^^^^^^^
[Thu Jul 09 01:52:25.237271 2026] [wsgi:error] [pid 11:tid 140372169553600] [remote 10.0.0.248:42838] 2026-07-09 01:52:25.225 11 ERROR keystone.server.flask.application
File "/var/lib/openstack/lib/python3.12/site-packages/pymysql/connections.py", line 847, in _read_query_result
[Thu Jul 09 01:52:25.237273 2026] [wsgi:error] [pid 11:tid 140372169553600] [remote 10.0.0.248:42838] 2026-07-09 01:52:25.225 11 ERROR keystone.server.flask.application result.read()
[Thu Jul 09 01:52:25.237276 2026] [wsgi:error] [pid 11:tid 140372169553600] [remote 10.0.0.248:42838] 2026-07-09 01:52:25.225 11 ERROR keystone.server.flask.application
File "/var/lib/openstack/lib/python3.12/site-packages/pymysql/connections.py", line 1245, in read
[Thu Jul 09 01:52:25.237278 2026] [wsgi:error] [pid 11:tid 140372169553600] [remote 10.0.0.248:42838] 2026-07-09 01:52:25.225 11 ERROR keystone.server.flask.application first_packet = self.connection._read_packet()
[Thu Jul 09 01:52:25.237279 2026] [wsgi:error] [pid 11:tid 140372169553600] [remote 10.0.0.248:42838] 2026-07-09 01:52:25.225 11 ERROR keystone.server.flask.application ^^^^^^^^^^^^^^^^^^^^^^^^^^^^^^
[Thu Jul 09 01:52:25.237280 2026] [wsgi:error] [pid 11:tid 140372169553600] [remote 10.0.0.248:42838] 2026-07-09 01:52:25.225 11 ERROR keystone.server.flask.application
File "/var/lib/openstack/lib/python3.12/site-packages/pymysql/connections.py", line 803, in _read_packet
[Thu Jul 09 01:52:25.237282 2026] [wsgi:error] [pid 11:tid 140372169553600] [remote 10.0.0.248:42838] 2026-07-09 01:52:25.225 11 ERROR keystone.server.flask.application packet.raise_for_error()
[Thu Jul 09 01:52:25.237283 2026] [wsgi:error] [pid 11:tid 140372169553600] [remote 10.0.0.248:42838] 2026-07-09 01:52:25.225 11 ERROR keystone.server.flask.application
File "/var/lib/openstack/lib/python3.12/site-packages/pymysql/protocol.py", line 219, in raise_for_error
[Thu Jul 09 01:52:25.237284 2026] [wsgi:error] [pid 11:tid 140372169553600] [remote 10.0.0.248:42838] 2026-07-09 01:52:25.225 11 ERROR keystone.server.flask.application err.raise_mysql_exception(self._data)
[Thu Jul 09 01:52:25.237286 2026] [wsgi:error] [pid 11:tid 140372169553600] [remote 10.0.0.248:42838] 2026-07-09 01:52:25.225 11 ERROR keystone.server.flask.application
File "/var/lib/openstack/lib/python3.12/site-packages/pymysql/err.py", line 154, in raise_mysql_exception
[Thu Jul 09 01:52:25.237287 2026] [wsgi:error] [pid 11:tid 140372169553600] [remote 10.0.0.248:42838] 2026-07-09 01:52:25.225 11 ERROR keystone.server.flask.application raise errorclass(errno, errval, sqlstate=sqlstate)
[Thu Jul 09 01:52:25.237289 2026] [wsgi:error] [pid 11:tid 140372169553600] [remote 10.0.0.248:42838] 2026-07-09 01:52:25.225 11 ERROR keystone.server.flask.application pymysql.err.IntegrityError: (1062, "Duplicate entry '<>-service' for key 'project.ixu_project_name_domain_id'")
[Thu Jul 09 01:52:25.237290 2026] [wsgi:error] [pid 11:tid 140372169553600] [remote 10.0.0.248:42838] 2026-07-09 01:52:25.225 11 ERROR keystone.server.flask.application
[Thu Jul 09 01:52:25.237291 2026] [wsgi:error] [pid 11:tid 140372169553600] [remote 10.0.0.248:42838] 2026-07-09 01:52:25.225 11 ERROR keystone.server.flask.application The above exception was the direct cause of the following exception:
[Thu Jul 09 01:52:25.237293 2026] [wsgi:error] [pid 11:tid 140372169553600] [remote 10.0.0.248:42838] 2026-07-09 01:52:25.225 11 ERROR keystone.server.flask.application
[Thu Jul 09 01:52:25.237294 2026] [wsgi:error] [pid 11:tid 140372169553600] [remote 10.0.0.248:42838] 2026-07-09 01:52:25.225 11 ERROR keystone.server.flask.application
Traceback (most recent call last):
[Thu Jul 09 01:52:25.237295 2026] [wsgi:error] [pid 11:tid 140372169553600] [remote 10.0.0.248:42838] 2026-07-09 01:52:25.225 11 ERROR keystone.server.flask.application
File "/var/lib/openstack/lib/python3.12/site-packages/keystone/common/sql/core.py", line 575, in wrapper
[Thu Jul 09 01:52:25.237297 2026] [wsgi:error] [pid 11:tid 140372169553600] [remote 10.0.0.248:42838] 2026-07-09 01:52:25.225 11 ERROR keystone.server.flask.application return method(*args, **kwargs)
[Thu Jul 09 01:52:25.237298 2026] [wsgi:error] [pid 11:tid 140372169553600] [remote 10.0.0.248:42838] 2026-07-09 01:52:25.225 11 ERROR keystone.server.flask.application ^^^^^^^^^^^^^^^^^^^^^^^
[Thu Jul 09 01:52:25.237301 2026] [wsgi:error] [pid 11:tid 140372169553600] [remote 10.0.0.248:42838] 2026-07-09 01:52:25.225 11 ERROR keystone.server.flask.application
File "/var/lib/openstack/lib/python3.12/site-packages/keystone/resource/backends/sql.py", line 278, in create_project
[Thu Jul 09 01:52:25.237303 2026] [wsgi:error] [pid 11:tid 140372169553600] [remote 10.0.0.248:42838] 2026-07-09 01:52:25.225 11 ERROR keystone.server.flask.application with sql.session_for_write() as session:
[Thu Jul 09 01:52:25.237304 2026] [wsgi:error] [pid 11:tid 140372169553600] [remote 10.0.0.248:42838] 2026-07-09 01:52:25.225 11 ERROR keystone.server.flask.application
File "/usr/lib/python3.12/contextlib.py", line 144, in __exit__
[Thu Jul 09 01:52:25.237306 2026] [wsgi:error] [pid 11:tid 140372169553600] [remote 10.0.0.248:42838] 2026-07-09 01:52:25.225 11 ERROR keystone.server.flask.application next(self.gen)
[Thu Jul 09 01:52:25.237307 2026] [wsgi:error] [pid 11:tid 140372169553600] [remote 10.0.0.248:42838] 2026-07-09 01:52:25.225 11 ERROR keystone.server.flask.application
File "/var/lib/openstack/lib/python3.12/site-packages/oslo_db/sqlalchemy/enginefacade.py", line 1175, in _transaction_scope
[Thu Jul 09 01:52:25.237308 2026] [wsgi:error] [pid 11:tid 140372169553600] [remote 10.0.0.248:42838] 2026-07-09 01:52:25.225 11 ERROR keystone.server.flask.application with current._produce_block(
[Thu Jul 09 01:52:25.237310 2026] [wsgi:error] [pid 11:tid 140372169553600] [remote 10.0.0.248:42838] 2026-07-09 01:52:25.225 11 ERROR keystone.server.flask.application
File "/usr/lib/python3.12/contextlib.py", line 144, in __exit__
[Thu Jul 09 01:52:25.237311 2026] [wsgi:error] [pid 11:tid 140372169553600] [remote 10.0.0.248:42838] 2026-07-09 01:52:25.225 11 ERROR keystone.server.flask.application next(self.gen)
[Thu Jul 09 01:52:25.237312 2026] [wsgi:error] [pid 11:tid 140372169553600] [remote 10.0.0.248:42838] 2026-07-09 01:52:25.225 11 ERROR keystone.server.flask.application
File "/var/lib/openstack/lib/python3.12/site-packages/oslo_db/sqlalchemy/enginefacade.py", line 837, in _session
[Thu Jul 09 01:52:25.237314 2026] [wsgi:error] [pid 11:tid 140372169553600] [remote 10.0.0.248:42838] 2026-07-09 01:52:25.225 11 ERROR keystone.server.flask.application with excutils.save_and_reraise_exception():
[Thu Jul 09 01:52:25.237315 2026] [wsgi:error] [pid 11:tid 140372169553600] [remote 10.0.0.248:42838] 2026-07-09 01:52:25.225 11 ERROR keystone.server.flask.application
File "/var/lib/openstack/lib/python3.12/site-packages/oslo_utils/excutils.py", line 266, in __exit__
[Thu Jul 09 01:52:25.237316 2026] [wsgi:error] [pid 11:tid 140372169553600] [remote 10.0.0.248:42838] 2026-07-09 01:52:25.225 11 ERROR keystone.server.flask.application self.force_reraise()
[Thu Jul 09 01:52:25.237318 2026] [wsgi:error] [pid 11:tid 140372169553600] [remote 10.0.0.248:42838] 2026-07-09 01:52:25.225 11 ERROR keystone.server.flask.application
File "/var/lib/openstack/lib/python3.12/site-packages/oslo_utils/excutils.py", line 232, in force_reraise
[Thu Jul 09 01:52:25.237319 2026] [wsgi:error] [pid 11:tid 140372169553600] [remote 10.0.0.248:42838] 2026-07-09 01:52:25.225 11 ERROR keystone.server.flask.application raise self.value
[Thu Jul 09 01:52:25.237320 2026] [wsgi:error] [pid 11:tid 140372169553600] [remote 10.0.0.248:42838] 2026-07-09 01:52:25.225 11 ERROR keystone.server.flask.application
File "/var/lib/openstack/lib/python3.12/site-packages/oslo_db/sqlalchemy/enginefacade.py", line 835, in _session
[Thu Jul 09 01:52:25.237322 2026] [wsgi:error] [pid 11:tid 140372169553600] [remote 10.0.0.248:42838] 2026-07-09 01:52:25.225 11 ERROR keystone.server.flask.application self._end_session_transaction(self.session)
[Thu Jul 09 01:52:25.237323 2026] [wsgi:error] [pid 11:tid 140372169553600] [remote 10.0.0.248:42838] 2026-07-09 01:52:25.225 11 ERROR keystone.server.flask.application
File "/var/lib/openstack/lib/python3.12/site-packages/oslo_db/sqlalchemy/enginefacade.py", line 748, in _end_session_transaction
[Thu Jul 09 01:52:25.237325 2026] [wsgi:error] [pid 11:tid 140372169553600] [remote 10.0.0.248:42838] 2026-07-09 01:52:25.225 11 ERROR keystone.server.flask.application session.commit()
[Thu Jul 09 01:52:25.237327 2026] [wsgi:error] [pid 11:tid 140372169553600] [remote 10.0.0.248:42838] 2026-07-09 01:52:25.225 11 ERROR keystone.server.flask.application
File "/var/lib/openstack/lib/python3.12/site-packages/sqlalchemy/orm/session.py", line 2034, in commit
[Thu Jul 09 01:52:25.237328 2026] [wsgi:error] [pid 11:tid 140372169553600] [remote 10.0.0.248:42838] 2026-07-09 01:52:25.225 11 ERROR keystone.server.flask.application trans.commit(_to_root=True)
[Thu Jul 09 01:52:25.237329 2026] [wsgi:error] [pid 11:tid 140372169553600] [remote 10.0.0.248:42838] 2026-07-09 01:52:25.225 11 ERROR keystone.server.flask.application File "", line 2, in commit
[Thu Jul 09 01:52:25.237331 2026] [wsgi:error] [pid 11:tid 140372169553600] [remote 10.0.0.248:42838] 2026-07-09 01:52:25.225 11 ERROR keystone.server.flask.application
File "/var/lib/openstack/lib/python3.12/site-packages/sqlalchemy/orm/state_changes.py", line 137, in _go
[Thu Jul 09 01:52:25.237332 2026] [wsgi:error] [pid 11:tid 140372169553600] [remote 10.0.0.248:42838] 2026-07-09 01:52:25.225 11 ERROR keystone.server.flask.application ret_value = fn(self, *arg, **kw)
[Thu Jul 09 01:52:25.237333 2026] [wsgi:error] [pid 11:tid 140372169553600] [remote 10.0.0.248:42838] 2026-07-09 01:52:25.225 11 ERROR keystone.server.flask.application ^^^^^^^^^^^^^^^^^^^^
[Thu Jul 09 01:52:25.237335 2026] [wsgi:error] [pid 11:tid 140372169553600] [remote 10.0.0.248:42838] 2026-07-09 01:52:25.225 11 ERROR keystone.server.flask.application
File "/var/lib/openstack/lib/python3.12/site-packages/sqlalchemy/orm/session.py", line 1315, in commit
[Thu Jul 09 01:52:25.237336 2026] [wsgi:error] [pid 11:tid 140372169553600] [remote 10.0.0.248:42838] 2026-07-09 01:52:25.225 11 ERROR keystone.server.flask.application self._prepare_impl()
[Thu Jul 09 01:52:25.237337 2026] [wsgi:error] [pid 11:tid 140372169553600] [remote 10.0.0.248:42838] 2026-07-09 01:52:25.225 11 ERROR keystone.server.flask.application File "", line 2, in _prepare_impl
[Thu Jul 09 01:52:25.237339 2026] [wsgi:error] [pid 11:tid 140372169553600] [remote 10.0.0.248:42838] 2026-07-09 01:52:25.225 11 ERROR keystone.server.flask.application
File "/var/lib/openstack/lib/python3.12/site-packages/sqlalchemy/orm/state_changes.py", line 137, in _go
[Thu Jul 09 01:52:25.237363 2026] [wsgi:error] [pid 11:tid 140372169553600] [remote 10.0.0.248:42838] 2026-07-09 01:52:25.225 11 ERROR keystone.server.flask.application ret_value = fn(self, *arg, **kw)
[Thu Jul 09 01:52:25.237365 2026] [wsgi:error] [pid 11:tid 140372169553600] [remote 10.0.0.248:42838] 2026-07-09 01:52:25.225 11 ERROR keystone.server.flask.application ^^^^^^^^^^^^^^^^^^^^
[Thu Jul 09 01:52:25.237366 2026] [wsgi:error] [pid 11:tid 140372169553600] [remote 10.0.0.248:42838] 2026-07-09 01:52:25.225 11 ERROR keystone.server.flask.application
File "/var/lib/openstack/lib/python3.12/site-packages/sqlalchemy/orm/session.py", line 1290, in _prepare_impl
[Thu Jul 09 01:52:25.237368 2026] [wsgi:error] [pid 11:tid 140372169553600] [remote 10.0.0.248:42838] 2026-07-09 01:52:25.225 11 ERROR keystone.server.flask.application self.session.flush()
[Thu Jul 09 01:52:25.237369 2026] [wsgi:error] [pid 11:tid 140372169553600] [remote 10.0.0.248:42838] 2026-07-09 01:52:25.225 11 ERROR keystone.server.flask.application
File "/var/lib/openstack/lib/python3.12/site-packages/sqlalchemy/orm/session.py", line 4352, in flush
[Thu Jul 09 01:52:25.237371 2026] [wsgi:error] [pid 11:tid 140372169553600] [remote 10.0.0.248:42838] 2026-07-09 01:52:25.225 11 ERROR keystone.server.flask.application self._flush(objects)
[Thu Jul 09 01:52:25.237373 2026] [wsgi:error] [pid 11:tid 140372169553600] [remote 10.0.0.248:42838] 2026-07-09 01:52:25.225 11 ERROR keystone.server.flask.application
File "/var/lib/openstack/lib/python3.12/site-packages/sqlalchemy/orm/session.py", line 4487, in _flush
[Thu Jul 09 01:52:25.237374 2026] [wsgi:error] [pid 11:tid 140372169553600] [remote 10.0.0.248:42838] 2026-07-09 01:52:25.225 11 ERROR keystone.server.flask.application with util.safe_reraise():
[Thu Jul 09 01:52:25.237376 2026] [wsgi:error] [pid 11:tid 140372169553600] [remote 10.0.0.248:42838] 2026-07-09 01:52:25.225 11 ERROR keystone.server.flask.application
File "/var/lib/openstack/lib/python3.12/site-packages/sqlalchemy/util/langhelpers.py", line 122, in __exit__
[Thu Jul 09 01:52:25.237378 2026] [wsgi:error] [pid 11:tid 140372169553600] [remote 10.0.0.248:42838] 2026-07-09 01:52:25.225 11 ERROR keystone.server.flask.application raise exc_value.with_traceback(exc_tb)
[Thu Jul 09 01:52:25.237379 2026] [wsgi:error] [pid 11:tid 140372169553600] [remote 10.0.0.248:42838] 2026-07-09 01:52:25.225 11 ERROR keystone.server.flask.application
File "/var/lib/openstack/lib/python3.12/site-packages/sqlalchemy/orm/session.py", line 4448, in _flush
[Thu Jul 09 01:52:25.237381 2026] [wsgi:error] [pid 11:tid 140372169553600] [remote 10.0.0.248:42838] 2026-07-09 01:52:25.225 11 ERROR keystone.server.flask.application flush_context.execute()
[Thu Jul 09 01:52:25.237382 2026] [wsgi:error] [pid 11:tid 140372169553600] [remote 10.0.0.248:42838] 2026-07-09 01:52:25.225 11 ERROR keystone.server.flask.application
