2026-07-10 01:02:08.327 7 INFO placement.requestlog [req-42d1b165-bfdc-465e-8b6e-dbd37a54778c req-76a08aaa-8090-4800-b67c-b8221bfc7a6d 790f21923e8946e5a4bf27bd64fffb53 21ec168f49c3452caaec72b7f2900559 - - 55386a1d57ec4b85801b7b529053a6af 55386a1d57ec4b85801b7b529053a6af] 199.204.45.53 "DELETE /allocations/6899e442-d6f9-491e-a227-fbaad1769166" status: 204 len: 0 microversion: 1.0 [pid: 7|app: 0|req: 341/684] 199.204.45.53 () {34 vars in 838 bytes} [Fri Jul 10 01:02:08 2026] DELETE /allocations/6899e442-d6f9-491e-a227-fbaad1769166 => generated 0 bytes in 26 msecs (HTTP/1.1 204) 5 headers in 198 bytes (1 switches on core 0)
2026-07-10 01:02:13.057 8 INFO placement.requestlog [None req-34647b7c-e46d-4190-ae8e-22b4bb2bc2d0 - - - - - -] 10.0.0.225 "GET /" status: 200 len: 136 microversion: 1.0
2026-07-10 01:02:13.060 7 INFO placement.requestlog [None req-bed58505-d1d2-4b89-8cb7-b77cfb19d0c7 - - - - - -] 10.0.0.225 "GET /" status: 200 len: 136 microversion: 1.0
2026-07-10 01:02:13.250 8 INFO placement.requestlog [None req-74b46122-453d-4bd0-a7bf-9e28f0fffa07 024b6eb83cec478ca330b7ad67ed3935 21ec168f49c3452caaec72b7f2900559 - - 55386a1d57ec4b85801b7b529053a6af 55386a1d57ec4b85801b7b529053a6af] 10.0.0.73 "GET /resource_providers/8e6b8497-809e-4604-9f0a-e38f6b38142f/aggregates" status: 404 len: 235 microversion: 1.1 [pid: 8|app: 0|req: 345/687] 10.0.0.73 () {32 vars in 822 bytes} [Fri Jul 10 01:02:13 2026] GET /resource_providers/8e6b8497-809e-4604-9f0a-e38f6b38142f/aggregates => generated 235 bytes in 11 msecs (HTTP/1.1 404) 5 headers in 202 bytes (1 switches on core 0)
2026-07-10 01:02:13.250 7 INFO placement.requestlog [None req-e36205bc-21b2-4580-a9a6-3e6af25004ea 024b6eb83cec478ca330b7ad67ed3935 21ec168f49c3452caaec72b7f2900559 - - 55386a1d57ec4b85801b7b529053a6af 55386a1d57ec4b85801b7b529053a6af] 10.0.0.73 "GET /resource_providers/8e6b8497-809e-4604-9f0a-e38f6b38142f/aggregates" status: 404 len: 235 microversion: 1.1 [pid: 7|app: 0|req: 343/688] 10.0.0.73 () {32 vars in 822 bytes} [Fri Jul 10 01:02:13 2026] GET /resource_providers/8e6b8497-809e-4604-9f0a-e38f6b38142f/aggregates => generated 235 bytes in 11 msecs (HTTP/1.1 404) 5 headers in 202 bytes (1 switches on core 0)
2026-07-10 01:02:13.268 8 INFO placement.requestlog [None req-03a2fc01-2b29-45ab-9b77-bc5991b653a3 024b6eb83cec478ca330b7ad67ed3935 21ec168f49c3452caaec72b7f2900559 - - 55386a1d57ec4b85801b7b529053a6af 55386a1d57ec4b85801b7b529053a6af] 10.0.0.73 "DELETE /resource_providers/8e6b8497-809e-4604-9f0a-e38f6b38142f" status: 404 len: 246 microversion: 1.1 [pid: 8|app: 0|req: 346/689] 10.0.0.73 () {34 vars in 822 bytes} [Fri Jul 10 01:02:13 2026] DELETE /resource_providers/8e6b8497-809e-4604-9f0a-e38f6b38142f => generated 246 bytes in 10 msecs (HTTP/1.1 404) 6 headers in 231 bytes (1 switches on core 0)
2026-07-10 01:02:13.274 7 INFO placement.requestlog [None req-2e75c1dd-69bb-4f63-baef-83c3b80a6bb5 024b6eb83cec478ca330b7ad67ed3935 21ec168f49c3452caaec72b7f2900559 - - 55386a1d57ec4b85801b7b529053a6af 55386a1d57ec4b85801b7b529053a6af] 10.0.0.73 "DELETE /resource_providers/8e6b8497-809e-4604-9f0a-e38f6b38142f" status: 404 len: 246 microversion: 1.1 [pid: 7|app: 0|req: 344/690] 10.0.0.73 () {34 vars in 822 bytes} [Fri Jul 10 01:02:13 2026] DELETE /resource_providers/8e6b8497-809e-4604-9f0a-e38f6b38142f => generated 246 bytes in 16 msecs (HTTP/1.1 404) 6 headers in 231 bytes (1 switches on core 0)
2026-07-10 01:02:17.697 8 INFO placement.requestlog [req-9886e138-d406-4bc6-bea1-34ff403113ff req-1ecd4362-7f7e-4ae4-abe8-4caca2523137 790f21923e8946e5a4bf27bd64fffb53 21ec168f49c3452caaec72b7f2900559 - - 55386a1d57ec4b85801b7b529053a6af 55386a1d57ec4b85801b7b529053a6af] 199.204.45.53 "GET /resource_providers/ac358f28-876b-4ac1-937a-6ee13249a25e/allocations" status: 200 len: 152 microversion: 1.0 [pid: 8|app: 0|req: 347/691] 199.204.45.53 () {32 vars in 854 bytes} [Fri Jul 10 01:02:17 2026] GET /resource_providers/ac358f28-876b-4ac1-937a-6ee13249a25e/allocations => generated 152 bytes in 17 msecs (HTTP/1.1 200) 6 headers in 224 bytes (1 switches on core 0)
2026-07-10 01:02:17.719 7 INFO placement.requestlog [req-9886e138-d406-4bc6-bea1-34ff403113ff req-6acf462a-4602-48a7-9f26-b8914b4f44b5 790f21923e8946e5a4bf27bd64fffb53 21ec168f49c3452caaec72b7f2900559 - - 55386a1d57ec4b85801b7b529053a6af 55386a1d57ec4b85801b7b529053a6af] 199.204.45.53 "GET /resource_providers/ac358f28-876b-4ac1-937a-6ee13249a25e/allocations" status: 200 len: 152 microversion: 1.0 [pid: 7|app: 0|req: 345/692] 199.204.45.53 () {32 vars in 854 bytes} [Fri Jul 10 01:02:17 2026] GET /resource_providers/ac358f28-876b-4ac1-937a-6ee13249a25e/allocations => generated 152 bytes in 13 msecs (HTTP/1.1 200) 6 headers in 224 bytes (1 switches on core 0)
2026-07-10 01:02:17.734 8 INFO placement.requestlog [req-9886e138-d406-4bc6-bea1-34ff403113ff req-aa5de984-ed51-408d-8b8d-4b4559f43df9 790f21923e8946e5a4bf27bd64fffb53 21ec168f49c3452caaec72b7f2900559 - - 55386a1d57ec4b85801b7b529053a6af 55386a1d57ec4b85801b7b529053a6af] 199.204.45.53 "GET /allocations/34613078-5361-4983-a310-98ce9b4ad27d" status: 200 len: 257 microversion: 1.28 [pid: 8|app: 0|req: 348/693] 199.204.45.53 () {34 vars in 860 bytes} [Fri Jul 10 01:02:17 2026] GET /allocations/34613078-5361-4983-a310-98ce9b4ad27d => generated 257 bytes in 12 msecs (HTTP/1.1 200) 8 headers in 296 bytes (1 switches on core 0)
2026-07-10 01:02:18.113 7 INFO placement.requestlog [None req-3dc5395e-a5f9-4f13-a45e-4263feb3ea52 024b6eb83cec478ca330b7ad67ed3935 21ec168f49c3452caaec72b7f2900559 - - 55386a1d57ec4b85801b7b529053a6af 55386a1d57ec4b85801b7b529053a6af] 10.0.0.73 "GET /resource_providers/966e8622-aaa3-4154-bd60-795b1a0e5437/aggregates" status: 404 len: 235 microversion: 1.1 [pid: 7|app: 0|req: 346/694] 10.0.0.73 () {32 vars in 822 bytes} [Fri Jul 10 01:02:18 2026] GET /resource_providers/966e8622-aaa3-4154-bd60-795b1a0e5437/aggregates => generated 235 bytes in 11 msecs (HTTP/1.1 404) 5 headers in 202 bytes (1 switches on core 0)
2026-07-10 01:02:18.115 8 INFO placement.requestlog [None req-aa61a1c7-d7ae-4c5d-8e2b-8aa4321ac2a4 024b6eb83cec478ca330b7ad67ed3935 21ec168f49c3452caaec72b7f2900559 - - 55386a1d57ec4b85801b7b529053a6af 55386a1d57ec4b85801b7b529053a6af] 10.0.0.73 "GET /resource_providers/966e8622-aaa3-4154-bd60-795b1a0e5437/aggregates" status: 404 len: 235 microversion: 1.1 [pid: 8|app: 0|req: 349/695] 10.0.0.73 () {32 vars in 822 bytes} [Fri Jul 10 01:02:18 2026] GET /resource_providers/966e8622-aaa3-4154-bd60-795b1a0e5437/aggregates => generated 235 bytes in 10 msecs (HTTP/1.1 404) 5 headers in 202 bytes (1 switches on core 0)
2026-07-10 01:02:18.125 7 INFO placement.requestlog [None req-b4388ede-ae38-4514-b8a2-041044539527 024b6eb83cec478ca330b7ad67ed3935 21ec168f49c3452caaec72b7f2900559 - - 55386a1d57ec4b85801b7b529053a6af 55386a1d57ec4b85801b7b529053a6af] 10.0.0.73 "DELETE /resource_providers/966e8622-aaa3-4154-bd60-795b1a0e5437" status: 404 len: 246 microversion: 1.1 [pid: 7|app: 0|req: 347/696] 10.0.0.73 () {34 vars in 822 bytes} [Fri Jul 10 01:02:18 2026] DELETE /resource_providers/966e8622-aaa3-4154-bd60-795b1a0e5437 => generated 246 bytes in 7 msecs (HTTP/1.1 404) 6 headers in 231 bytes (1 switches on core 0)
2026-07-10 01:02:18.129 8 INFO placement.requestlog [None req-e1060f59-6a3d-4958-9622-69ba8d23adbf 024b6eb83cec478ca330b7ad67ed3935 21ec168f49c3452caaec72b7f2900559 - - 55386a1d57ec4b85801b7b529053a6af 55386a1d57ec4b85801b7b529053a6af] 10.0.0.73 "DELETE /resource_providers/966e8622-aaa3-4154-bd60-795b1a0e5437" status: 404 len: 246 microversion: 1.1 [pid: 8|app: 0|req: 350/697] 10.0.0.73 () {34 vars in 822 bytes} [Fri Jul 10 01:02:18 2026] DELETE /resource_providers/966e8622-aaa3-4154-bd60-795b1a0e5437 => generated 246 bytes in 8 msecs (HTTP/1.1 404) 6 headers in 231 bytes (1 switches on core 0)
2026-07-10 01:02:20.140 7 INFO placement.requestlog [None req-a70b9754-6c87-45ea-b04d-afdcc3c007a7 024b6eb83cec478ca330b7ad67ed3935 21ec168f49c3452caaec72b7f2900559 - - 55386a1d57ec4b85801b7b529053a6af 55386a1d57ec4b85801b7b529053a6af] 10.0.0.73 "GET /resource_providers/5a9c715f-1834-4559-a457-c728baf3b620/aggregates" status: 404 len: 235 microversion: 1.1 [pid: 7|app: 0|req: 348/698] 10.0.0.73 () {32 vars in 822 bytes} [Fri Jul 10 01:02:20 2026] GET /resource_providers/5a9c715f-1834-4559-a457-c728baf3b620/aggregates => generated 235 bytes in 12 msecs (HTTP/1.1 404) 5 headers in 202 bytes (1 switches on core 0)
2026-07-10 01:02:20.144 8 INFO placement.requestlog [None req-2fe17cc0-37b5-48a6-bbab-af7fda2248b2 024b6eb83cec478ca330b7ad67ed3935 21ec168f49c3452caaec72b7f2900559 - - 55386a1d57ec4b85801b7b529053a6af 55386a1d57ec4b85801b7b529053a6af] 10.0.0.73 "GET /resource_providers/5a9c715f-1834-4559-a457-c728baf3b620/aggregates" status: 404 len: 235 microversion: 1.1 [pid: 8|app: 0|req: 351/699] 10.0.0.73 () {32 vars in 822 bytes} [Fri Jul 10 01:02:20 2026] GET /resource_providers/5a9c715f-1834-4559-a457-c728baf3b620/aggregates => generated 235 bytes in 11 msecs (HTTP/1.1 404) 5 headers in 202 bytes (1 switches on core 0)
2026-07-10 01:02:20.150 7 INFO placement.requestlog [None req-dfa1b8d0-9f77-4a06-b2c3-1a6490c135a7 024b6eb83cec478ca330b7ad67ed3935 21ec168f49c3452caaec72b7f2900559 - - 55386a1d57ec4b85801b7b529053a6af 55386a1d57ec4b85801b7b529053a6af] 10.0.0.73 "DELETE /resource_providers/5a9c715f-1834-4559-a457-c728baf3b620" status: 404 len: 246 microversion: 1.1 [pid: 7|app: 0|req: 349/700] 10.0.0.73 () {34 vars in 822 bytes} [Fri Jul 10 01:02:20 2026] DELETE /resource_providers/5a9c715f-1834-4559-a457-c728baf3b620 => generated 246 bytes in 5 msecs (HTTP/1.1 404) 6 headers in 231 bytes (1 switches on core 0)
2026-07-10 01:02:20.154 8 INFO placement.requestlog [None req-40626c1d-75ef-45ef-a6f5-78acb1b9c7e2 024b6eb83cec478ca330b7ad67ed3935 21ec168f49c3452caaec72b7f2900559 - - 55386a1d57ec4b85801b7b529053a6af 55386a1d57ec4b85801b7b529053a6af] 10.0.0.73 "DELETE /resource_providers/5a9c715f-1834-4559-a457-c728baf3b620" status: 404 len: 246 microversion: 1.1 [pid: 8|app: 0|req: 352/701] 10.0.0.73 () {34 vars in 822 bytes} [Fri Jul 10 01:02:20 2026] DELETE /resource_providers/5a9c715f-1834-4559-a457-c728baf3b620 => generated 246 bytes in 6 msecs (HTTP/1.1 404) 6 headers in 231 bytes (1 switches on core 0)
2026-07-10 01:02:20.166 8 INFO placement.requestlog [None req-1c673b21-d572-49ee-8b57-68251ad675fe 024b6eb83cec478ca330b7ad67ed3935 21ec168f49c3452caaec72b7f2900559 - - 55386a1d57ec4b85801b7b529053a6af 55386a1d57ec4b85801b7b529053a6af] 10.0.0.73 "GET /resource_providers/b56f3907-2ef6-4a12-9a43-efea6d14a589/aggregates" status: 404 len: 235 microversion: 1.1 [pid: 8|app: 0|req: 353/702] 10.0.0.73 () {32 vars in 822 bytes} [Fri Jul 10 01:02:20 2026] GET /resource_providers/b56f3907-2ef6-4a12-9a43-efea6d14a589/aggregates => generated 235 bytes in 8 msecs (HTTP/1.1 404) 5 headers in 202 bytes (1 switches on core 0)
2026-07-10 01:02:20.171 7 INFO placement.requestlog [None req-63ca67ab-cb5e-4d6c-be64-e380e4b18016 024b6eb83cec478ca330b7ad67ed3935 21ec168f49c3452caaec72b7f2900559 - - 55386a1d57ec4b85801b7b529053a6af 55386a1d57ec4b85801b7b529053a6af] 10.0.0.73 "GET /resource_providers/b56f3907-2ef6-4a12-9a43-efea6d14a589/aggregates" status: 404 len: 235 microversion: 1.1 [pid: 7|app: 0|req: 350/703] 10.0.0.73 () {32 vars in 822 bytes} [Fri Jul 10 01:02:20 2026] GET /resource_providers/b56f3907-2ef6-4a12-9a43-efea6d14a589/aggregates => generated 235 bytes in 15 msecs (HTTP/1.1 404) 5 headers in 202 bytes (1 switches on core 0)
2026-07-10 01:02:20.180 8 INFO placement.requestlog [None req-b8caadf2-1e92-40de-9bf5-038b70a1f561 024b6eb83cec478ca330b7ad67ed3935 21ec168f49c3452caaec72b7f2900559 - - 55386a1d57ec4b85801b7b529053a6af 55386a1d57ec4b85801b7b529053a6af] 10.0.0.73 "DELETE /resource_providers/b56f3907-2ef6-4a12-9a43-efea6d14a589" status: 404 len: 246 microversion: 1.1 [pid: 8|app: 0|req: 354/704] 10.0.0.73 () {34 vars in 822 bytes} [Fri Jul 10 01:02:20 2026] DELETE /resource_providers/b56f3907-2ef6-4a12-9a43-efea6d14a589 => generated 246 bytes in 10 msecs (HTTP/1.1 404) 6 headers in 231 bytes (1 switches on core 0)
2026-07-10 01:02:20.185 7 INFO placement.requestlog [None req-639e2337-53d0-4650-9a2b-7bea430dbf03 024b6eb83cec478ca330b7ad67ed3935 21ec168f49c3452caaec72b7f2900559 - - 55386a1d57ec4b85801b7b529053a6af 55386a1d57ec4b85801b7b529053a6af] 10.0.0.73 "DELETE /resource_providers/b56f3907-2ef6-4a12-9a43-efea6d14a589" status: 404 len: 246 microversion: 1.1 [pid: 7|app: 0|req: 351/705] 10.0.0.73 () {34 vars in 822 bytes} [Fri Jul 10 01:02:20 2026] DELETE /resource_providers/b56f3907-2ef6-4a12-9a43-efea6d14a589 => generated 246 bytes in 8 msecs (HTTP/1.1 404) 6 headers in 231 bytes (1 switches on core 0)
2026-07-10 01:02:22.212 7 INFO placement.requestlog [None req-6361a4d8-2773-4520-a60b-d2eb32f19174 024b6eb83cec478ca330b7ad67ed3935 21ec168f49c3452caaec72b7f2900559 - - 55386a1d57ec4b85801b7b529053a6af 55386a1d57ec4b85801b7b529053a6af] 10.0.0.73 "GET /resource_providers/393b7591-1145-4181-b422-b8de0dae2842/aggregates" status: 404 len: 235 microversion: 1.1 [pid: 7|app: 0|req: 352/706] 10.0.0.73 () {32 vars in 822 bytes} [Fri Jul 10 01:02:22 2026] GET /resource_providers/393b7591-1145-4181-b422-b8de0dae2842/aggregates => generated 235 bytes in 12 msecs (HTTP/1.1 404) 5 headers in 202 bytes (1 switches on core 0)
2026-07-10 01:02:22.213 8 INFO placement.requestlog [None req-ab05e90d-378b-45f9-a1ec-5157da60557b 024b6eb83cec478ca330b7ad67ed3935 21ec168f49c3452caaec72b7f2900559 - - 55386a1d57ec4b85801b7b529053a6af 55386a1d57ec4b85801b7b529053a6af] 10.0.0.73 "GET /resource_providers/393b7591-1145-4181-b422-b8de0dae2842/aggregates" status: 404 len: 235 microversion: 1.1 [pid: 8|app: 0|req: 355/707] 10.0.0.73 () {32 vars in 822 bytes} [Fri Jul 10 01:02:22 2026] GET /resource_providers/393b7591-1145-4181-b422-b8de0dae2842/aggregates => generated 235 bytes in 13 msecs (HTTP/1.1 404) 5 headers in 202 bytes (1 switches on core 0)
2026-07-10 01:02:22.225 7 INFO placement.requestlog [None req-90f2aef9-fa45-40dc-9476-b695931b7ed6 024b6eb83cec478ca330b7ad67ed3935 21ec168f49c3452caaec72b7f2900559 - - 55386a1d57ec4b85801b7b529053a6af 55386a1d57ec4b85801b7b529053a6af] 10.0.0.73 "DELETE /resource_providers/393b7591-1145-4181-b422-b8de0dae2842" status: 404 len: 246 microversion: 1.1 [pid: 7|app: 0|req: 353/708] 10.0.0.73 () {34 vars in 822 bytes} [Fri Jul 10 01:02:22 2026] DELETE /resource_providers/393b7591-1145-4181-b422-b8de0dae2842 => generated 246 bytes in 6 msecs (HTTP/1.1 404) 6 headers in 231 bytes (1 switches on core 0)
2026-07-10 01:02:22.230 8 INFO placement.requestlog [None req-baae5bd7-9dd5-4837-8128-9341eebeac07 024b6eb83cec478ca330b7ad67ed3935 21ec168f49c3452caaec72b7f2900559 - - 55386a1d57ec4b85801b7b529053a6af 55386a1d57ec4b85801b7b529053a6af] 10.0.0.73 "DELETE /resource_providers/393b7591-1145-4181-b422-b8de0dae2842" status: 404 len: 246 microversion: 1.1 [pid: 8|app: 0|req: 356/709] 10.0.0.73 () {34 vars in 822 bytes} [Fri Jul 10 01:02:22 2026] DELETE /resource_providers/393b7591-1145-4181-b422-b8de0dae2842 => generated 246 bytes in 9 msecs (HTTP/1.1 404) 6 headers in 231 bytes (1 switches on core 0)
2026-07-10 01:02:23.057 8 INFO placement.requestlog [None req-cf1947b1-f737-48e1-a4a4-986c0725cfcd - - - - - -] 10.0.0.225 "GET /" status: 200 len: 136 microversion: 1.0
2026-07-10 01:02:23.059 7 INFO placement.requestlog [None req-fda47d38-ec70-4498-84fe-64d4ac1cc7f8 - - - - - -] 10.0.0.225 "GET /" status: 200 len: 136 microversion: 1.0
2026-07-10 01:02:24.652 8 INFO placement.requestlog [None req-d8a1bc80-d5fa-4051-93e3-e88008f576f7 024b6eb83cec478ca330b7ad67ed3935 21ec168f49c3452caaec72b7f2900559 - - 55386a1d57ec4b85801b7b529053a6af 55386a1d57ec4b85801b7b529053a6af] 10.0.0.73 "GET /resource_providers/26561bd6-a93c-40ae-acef-3ec2d003b6af/aggregates" status: 404 len: 235 microversion: 1.1 [pid: 8|app: 0|req: 358/712] 10.0.0.73 () {32 vars in 822 bytes} [Fri Jul 10 01:02:24 2026] GET /resource_providers/26561bd6-a93c-40ae-acef-3ec2d003b6af/aggregates => generated 235 bytes in 9 msecs (HTTP/1.1 404) 5 headers in 202 bytes (1 switches on core 0)
2026-07-10 01:02:24.656 7 INFO placement.requestlog [None req-0de4d1aa-420b-475a-b412-d8aefe5a3d64 024b6eb83cec478ca330b7ad67ed3935 21ec168f49c3452caaec72b7f2900559 - - 55386a1d57ec4b85801b7b529053a6af 55386a1d57ec4b85801b7b529053a6af] 10.0.0.73 "GET /resource_providers/26561bd6-a93c-40ae-acef-3ec2d003b6af/aggregates" status: 404 len: 235 microversion: 1.1 [pid: 7|app: 0|req: 355/713] 10.0.0.73 () {32 vars in 822 bytes} [Fri Jul 10 01:02:24 2026] GET /resource_providers/26561bd6-a93c-40ae-acef-3ec2d003b6af/aggregates => generated 235 bytes in 12 msecs (HTTP/1.1 404) 5 headers in 202 bytes (1 switches on core 0)
2026-07-10 01:02:24.668 8 INFO placement.requestlog [None req-c3f014c6-c3b7-4be0-812b-3247faed008d 024b6eb83cec478ca330b7ad67ed3935 21ec168f49c3452caaec72b7f2900559 - - 55386a1d57ec4b85801b7b529053a6af 55386a1d57ec4b85801b7b529053a6af] 10.0.0.73 "DELETE /resource_providers/26561bd6-a93c-40ae-acef-3ec2d003b6af" status: 404 len: 246 microversion: 1.1 [pid: 8|app: 0|req: 359/714] 10.0.0.73 () {34 vars in 822 bytes} [Fri Jul 10 01:02:24 2026] DELETE /resource_providers/26561bd6-a93c-40ae-acef-3ec2d003b6af => generated 246 bytes in 9 msecs (HTTP/1.1 404) 6 headers in 231 bytes (1 switches on core 0)
2026-07-10 01:02:24.675 7 INFO placement.requestlog [None req-733b35a4-95ea-48c6-a14c-d25b7917d488 024b6eb83cec478ca330b7ad67ed3935 21ec168f49c3452caaec72b7f2900559 - - 55386a1d57ec4b85801b7b529053a6af 55386a1d57ec4b85801b7b529053a6af] 10.0.0.73 "DELETE /resource_providers/26561bd6-a93c-40ae-acef-3ec2d003b6af" status: 404 len: 246 microversion: 1.1 [pid: 7|app: 0|req: 356/715] 10.0.0.73 () {34 vars in 822 bytes} [Fri Jul 10 01:02:24 2026] DELETE /resource_providers/26561bd6-a93c-40ae-acef-3ec2d003b6af => generated 246 bytes in 12 msecs (HTTP/1.1 404) 6 headers in 231 bytes (1 switches on core 0)
2026-07-10 01:02:25.600 7 INFO placement.requestlog [None req-77effbac-e982-435c-8a89-452cd9118b26 024b6eb83cec478ca330b7ad67ed3935 21ec168f49c3452caaec72b7f2900559 - - 55386a1d57ec4b85801b7b529053a6af 55386a1d57ec4b85801b7b529053a6af] 10.0.0.73 "GET /resource_providers/e7c68238-e7d2-4a53-af71-4d0ae35a1306/aggregates" status: 404 len: 235 microversion: 1.1 [pid: 7|app: 0|req: 357/716] 10.0.0.73 () {32 vars in 822 bytes} [Fri Jul 10 01:02:25 2026] GET /resource_providers/e7c68238-e7d2-4a53-af71-4d0ae35a1306/aggregates => generated 235 bytes in 13 msecs (HTTP/1.1 404) 5 headers in 202 bytes (1 switches on core 0)
2026-07-10 01:02:25.602 8 INFO placement.requestlog [None req-1e57909b-d455-4345-8fae-6b4b10a63df0 024b6eb83cec478ca330b7ad67ed3935 21ec168f49c3452caaec72b7f2900559 - - 55386a1d57ec4b85801b7b529053a6af 55386a1d57ec4b85801b7b529053a6af] 10.0.0.73 "GET /resource_providers/e7c68238-e7d2-4a53-af71-4d0ae35a1306/aggregates" status: 404 len: 235 microversion: 1.1 [pid: 8|app: 0|req: 360/717] 10.0.0.73 () {32 vars in 822 bytes} [Fri Jul 10 01:02:25 2026] GET /resource_providers/e7c68238-e7d2-4a53-af71-4d0ae35a1306/aggregates => generated 235 bytes in 14 msecs (HTTP/1.1 404) 5 headers in 202 bytes (1 switches on core 0)
2026-07-10 01:02:25.620 7 INFO placement.requestlog [None req-a0d3cf96-e21b-48ce-9544-41cf88436a7e 024b6eb83cec478ca330b7ad67ed3935 21ec168f49c3452caaec72b7f2900559 - - 55386a1d57ec4b85801b7b529053a6af 55386a1d57ec4b85801b7b529053a6af] 10.0.0.73 "DELETE /resource_providers/e7c68238-e7d2-4a53-af71-4d0ae35a1306" status: 404 len: 246 microversion: 1.1 [pid: 7|app: 0|req: 358/718] 10.0.0.73 () {34 vars in 822 bytes} [Fri Jul 10 01:02:25 2026] DELETE /resource_providers/e7c68238-e7d2-4a53-af71-4d0ae35a1306 => generated 246 bytes in 9 msecs (HTTP/1.1 404) 6 headers in 231 bytes (1 switches on core 0)
2026-07-10 01:02:25.623 8 INFO placement.requestlog [None req-0c0291b9-80e1-42bc-8745-a3cd3f845c25 024b6eb83cec478ca330b7ad67ed3935 21ec168f49c3452caaec72b7f2900559 - - 55386a1d57ec4b85801b7b529053a6af 55386a1d57ec4b85801b7b529053a6af] 10.0.0.73 "DELETE /resource_providers/e7c68238-e7d2-4a53-af71-4d0ae35a1306" status: 404 len: 246 microversion: 1.1 [pid: 8|app: 0|req: 361/719] 10.0.0.73 () {34 vars in 822 bytes} [Fri Jul 10 01:02:25 2026] DELETE /resource_providers/e7c68238-e7d2-4a53-af71-4d0ae35a1306 => generated 246 bytes in 12 msecs (HTTP/1.1 404) 6 headers in 231 bytes (1 switches on core 0)
2026-07-10 01:02:26.692 7 INFO placement.requestlog [None req-c14913de-6a43-4518-a7df-5283f1776234 024b6eb83cec478ca330b7ad67ed3935 21ec168f49c3452caaec72b7f2900559 - - 55386a1d57ec4b85801b7b529053a6af 55386a1d57ec4b85801b7b529053a6af] 10.0.0.73 "GET /resource_providers/71754978-c647-4d7a-b843-cb773283f21a/aggregates" status: 404 len: 235 microversion: 1.1 [pid: 7|app: 0|req: 359/720] 10.0.0.73 () {32 vars in 822 bytes} [Fri Jul 10 01:02:26 2026] GET /resource_providers/71754978-c647-4d7a-b843-cb773283f21a/aggregates => generated 235 bytes in 14 msecs (HTTP/1.1 404) 5 headers in 202 bytes (1 switches on core 0)
2026-07-10 01:02:26.694 8 INFO placement.requestlog [None req-7d6057bf-420e-4d8f-aff3-2ccc034682f6 024b6eb83cec478ca330b7ad67ed3935 21ec168f49c3452caaec72b7f2900559 - - 55386a1d57ec4b85801b7b529053a6af 55386a1d57ec4b85801b7b529053a6af] 10.0.0.73 "GET /resource_providers/71754978-c647-4d7a-b843-cb773283f21a/aggregates" status: 404 len: 235 microversion: 1.1 [pid: 8|app: 0|req: 362/721] 10.0.0.73 () {32 vars in 822 bytes} [Fri Jul 10 01:02:26 2026] GET /resource_providers/71754978-c647-4d7a-b843-cb773283f21a/aggregates => generated 235 bytes in 12 msecs (HTTP/1.1 404) 5 headers in 202 bytes (1 switches on core 0)
2026-07-10 01:02:26.714 7 INFO placement.requestlog [None req-c1ce8818-f270-449e-97c6-1a48cb7f8bdd 024b6eb83cec478ca330b7ad67ed3935 21ec168f49c3452caaec72b7f2900559 - - 55386a1d57ec4b85801b7b529053a6af 55386a1d57ec4b85801b7b529053a6af] 10.0.0.73 "DELETE /resource_providers/71754978-c647-4d7a-b843-cb773283f21a" status: 404 len: 246 microversion: 1.1
2026-07-10 01:02:26.715 8 INFO placement.requestlog [None req-4cd31cf4-cdd4-477c-a36f-8d048bd66917 024b6eb83cec478ca330b7ad67ed3935 21ec168f49c3452caaec72b7f2900559 - - 55386a1d57ec4b85801b7b529053a6af 55386a1d57ec4b85801b7b529053a6af] 10.0.0.73 "DELETE /resource_providers/71754978-c647-4d7a-b843-cb773283f21a" status: 404 len: 246 microversion: 1.1 [pid: 7|app: 0|req: 360/722] 10.0.0.73 () {34 vars in 822 bytes} [Fri Jul 10 01:02:26 2026] DELETE /resource_providers/71754978-c647-4d7a-b843-cb773283f21a => generated 246 bytes in 10 msecs (HTTP/1.1 404) 6 headers in 231 bytes (1 switches on core 0) [pid: 8|app: 0|req: 363/723] 10.0.0.73 () {34 vars in 822 bytes} [Fri Jul 10 01:02:26 2026] DELETE /resource_providers/71754978-c647-4d7a-b843-cb773283f21a => generated 246 bytes in 10 msecs (HTTP/1.1 404) 6 headers in 231 bytes (1 switches on core 0)
2026-07-10 01:02:26.731 7 INFO placement.requestlog [None req-8f162dde-c88b-40ea-9328-1b145bdaa7ae 024b6eb83cec478ca330b7ad67ed3935 21ec168f49c3452caaec72b7f2900559 - - 55386a1d57ec4b85801b7b529053a6af 55386a1d57ec4b85801b7b529053a6af] 10.0.0.73 "GET /resource_providers/5482a5e2-0880-472e-9356-8685b40003f6/aggregates" status: 404 len: 235 microversion: 1.1 [pid: 7|app: 0|req: 361/724] 10.0.0.73 () {32 vars in 822 bytes} [Fri Jul 10 01:02:26 2026] GET /resource_providers/5482a5e2-0880-472e-9356-8685b40003f6/aggregates => generated 235 bytes in 10 msecs (HTTP/1.1 404) 5 headers in 202 bytes (1 switches on core 0)
2026-07-10 01:02:26.734 8 INFO placement.requestlog [None req-4338818b-7b74-4611-8253-818af9c1c5ad 024b6eb83cec478ca330b7ad67ed3935 21ec168f49c3452caaec72b7f2900559 - - 55386a1d57ec4b85801b7b529053a6af 55386a1d57ec4b85801b7b529053a6af] 10.0.0.73 "GET /resource_providers/5482a5e2-0880-472e-9356-8685b40003f6/aggregates" status: 404 len: 235 microversion: 1.1 [pid: 8|app: 0|req: 364/725] 10.0.0.73 () {32 vars in 822 bytes} [Fri Jul 10 01:02:26 2026] GET /resource_providers/5482a5e2-0880-472e-9356-8685b40003f6/aggregates => generated 235 bytes in 9 msecs (HTTP/1.1 404) 5 headers in 202 bytes (1 switches on core 0)
2026-07-10 01:02:26.744 7 INFO placement.requestlog [None req-d3e33044-687d-4947-b4d3-c0840411c485 024b6eb83cec478ca330b7ad67ed3935 21ec168f49c3452caaec72b7f2900559 - - 55386a1d57ec4b85801b7b529053a6af 55386a1d57ec4b85801b7b529053a6af] 10.0.0.73 "DELETE /resource_providers/5482a5e2-0880-472e-9356-8685b40003f6" status: 404 len: 246 microversion: 1.1 [pid: 7|app: 0|req: 362/726] 10.0.0.73 () {34 vars in 822 bytes} [Fri Jul 10 01:02:26 2026] DELETE /resource_providers/5482a5e2-0880-472e-9356-8685b40003f6 => generated 246 bytes in 6 msecs (HTTP/1.1 404) 6 headers in 231 bytes (1 switches on core 0)
2026-07-10 01:02:26.745 8 INFO placement.requestlog [None req-1da8002c-b97d-4806-aea7-4ce4252f2c80 024b6eb83cec478ca330b7ad67ed3935 21ec168f49c3452caaec72b7f2900559 - - 55386a1d57ec4b85801b7b529053a6af 55386a1d57ec4b85801b7b529053a6af] 10.0.0.73 "DELETE /resource_providers/5482a5e2-0880-472e-9356-8685b40003f6" status: 404 len: 246 microversion: 1.1 [pid: 8|app: 0|req: 365/727] 10.0.0.73 () {34 vars in 822 bytes} [Fri Jul 10 01:02:26 2026] DELETE /resource_providers/5482a5e2-0880-472e-9356-8685b40003f6 => generated 246 bytes in 7 msecs (HTTP/1.1 404) 6 headers in 231 bytes (1 switches on core 0)
2026-07-10 01:02:26.758 7 INFO placement.requestlog [None req-500052f0-93ef-4dfe-858a-8bccf22a3043 024b6eb83cec478ca330b7ad67ed3935 21ec168f49c3452caaec72b7f2900559 - - 55386a1d57ec4b85801b7b529053a6af 55386a1d57ec4b85801b7b529053a6af] 10.0.0.73 "GET /resource_providers/698cf14c-373d-4890-8eca-26e6d67356a9/aggregates" status: 404 len: 235 microversion: 1.1 [pid: 7|app: 0|req: 363/728] 10.0.0.73 () {32 vars in 822 bytes} [Fri Jul 10 01:02:26 2026] GET /resource_providers/698cf14c-373d-4890-8eca-26e6d67356a9/aggregates => generated 235 bytes in 11 msecs (HTTP/1.1 404) 5 headers in 202 bytes (1 switches on core 0)
2026-07-10 01:02:26.761 8 INFO placement.requestlog [None req-19d8f014-b337-4f75-accf-6b1d0e85600f 024b6eb83cec478ca330b7ad67ed3935 21ec168f49c3452caaec72b7f2900559 - - 55386a1d57ec4b85801b7b529053a6af 55386a1d57ec4b85801b7b529053a6af] 10.0.0.73 "GET /resource_providers/698cf14c-373d-4890-8eca-26e6d67356a9/aggregates" status: 404 len: 235 microversion: 1.1 [pid: 8|app: 0|req: 366/729] 10.0.0.73 () {32 vars in 822 bytes} [Fri Jul 10 01:02:26 2026] GET /resource_providers/698cf14c-373d-4890-8eca-26e6d67356a9/aggregates => generated 235 bytes in 9 msecs (HTTP/1.1 404) 5 headers in 202 bytes (1 switches on core 0)
2026-07-10 01:02:26.779 8 INFO placement.requestlog [None req-6f120a3c-7823-4735-9d69-5dc25085f05c 024b6eb83cec478ca330b7ad67ed3935 21ec168f49c3452caaec72b7f2900559 - - 55386a1d57ec4b85801b7b529053a6af 55386a1d57ec4b85801b7b529053a6af] 10.0.0.73 "DELETE /resource_providers/698cf14c-373d-4890-8eca-26e6d67356a9" status: 404 len: 246 microversion: 1.1 [pid: 8|app: 0|req: 367/730] 10.0.0.73 () {34 vars in 822 bytes} [Fri Jul 10 01:02:26 2026] DELETE /resource_providers/698cf14c-373d-4890-8eca-26e6d67356a9 => generated 246 bytes in 9 msecs (HTTP/1.1 404) 6 headers in 231 bytes (1 switches on core 0)
2026-07-10 01:02:26.782 7 INFO placement.requestlog [None req-9038ccec-26d1-4be0-8022-7e4e1cff2883 024b6eb83cec478ca330b7ad67ed3935 21ec168f49c3452caaec72b7f2900559 - - 55386a1d57ec4b85801b7b529053a6af 55386a1d57ec4b85801b7b529053a6af] 10.0.0.73 "DELETE /resource_providers/698cf14c-373d-4890-8eca-26e6d67356a9" status: 404 len: 246 microversion: 1.1 [pid: 7|app: 0|req: 364/731] 10.0.0.73 () {34 vars in 822 bytes} [Fri Jul 10 01:02:26 2026] DELETE /resource_providers/698cf14c-373d-4890-8eca-26e6d67356a9 => generated 246 bytes in 12 msecs (HTTP/1.1 404) 6 headers in 231 bytes (1 switches on core 0)
2026-07-10 01:02:26.799 7 INFO placement.requestlog [None req-2a48514a-7dc6-4159-ad38-4c9f93fabd04 024b6eb83cec478ca330b7ad67ed3935 21ec168f49c3452caaec72b7f2900559 - - 55386a1d57ec4b85801b7b529053a6af 55386a1d57ec4b85801b7b529053a6af] 10.0.0.73 "GET /resource_providers/e842a9c2-8d71-4bde-868f-b9b98d12df66/aggregates" status: 404 len: 235 microversion: 1.1 [pid: 7|app: 0|req: 365/732] 10.0.0.73 () {32 vars in 822 bytes} [Fri Jul 10 01:02:26 2026] GET /resource_providers/e842a9c2-8d71-4bde-868f-b9b98d12df66/aggregates => generated 235 bytes in 8 msecs (HTTP/1.1 404) 5 headers in 202 bytes (1 switches on core 0)
2026-07-10 01:02:26.803 8 INFO placement.requestlog [None req-91dd1f54-da00-4268-af75-771ab1ef4f81 024b6eb83cec478ca330b7ad67ed3935 21ec168f49c3452caaec72b7f2900559 - - 55386a1d57ec4b85801b7b529053a6af 55386a1d57ec4b85801b7b529053a6af] 10.0.0.73 "GET /resource_providers/e842a9c2-8d71-4bde-868f-b9b98d12df66/aggregates" status: 404 len: 235 microversion: 1.1 [pid: 8|app: 0|req: 368/733] 10.0.0.73 () {32 vars in 822 bytes} [Fri Jul 10 01:02:26 2026] GET /resource_providers/e842a9c2-8d71-4bde-868f-b9b98d12df66/aggregates => generated 235 bytes in 11 msecs (HTTP/1.1 404) 5 headers in 202 bytes (1 switches on core 0)
2026-07-10 01:02:26.818 7 INFO placement.requestlog [None req-eb97ccf8-b6a4-43e6-b476-35ed0708d6c1 024b6eb83cec478ca330b7ad67ed3935 21ec168f49c3452caaec72b7f2900559 - - 55386a1d57ec4b85801b7b529053a6af 55386a1d57ec4b85801b7b529053a6af] 10.0.0.73 "DELETE /resource_providers/e842a9c2-8d71-4bde-868f-b9b98d12df66" status: 404 len: 246 microversion: 1.1 [pid: 7|app: 0|req: 366/734] 10.0.0.73 () {34 vars in 822 bytes} [Fri Jul 10 01:02:26 2026] DELETE /resource_providers/e842a9c2-8d71-4bde-868f-b9b98d12df66 => generated 246 bytes in 7 msecs (HTTP/1.1 404) 6 headers in 231 bytes (1 switches on core 0)
2026-07-10 01:02:26.824 8 INFO placement.requestlog [None req-9af19dad-c127-4e2a-8b4e-21fadfbbd3af 024b6eb83cec478ca330b7ad67ed3935 21ec168f49c3452caaec72b7f2900559 - - 55386a1d57ec4b85801b7b529053a6af 55386a1d57ec4b85801b7b529053a6af] 10.0.0.73 "DELETE /resource_providers/e842a9c2-8d71-4bde-868f-b9b98d12df66" status: 404 len: 246 microversion: 1.1 [pid: 8|app: 0|req: 369/735] 10.0.0.73 () {34 vars in 822 bytes} [Fri Jul 10 01:02:26 2026] DELETE /resource_providers/e842a9c2-8d71-4bde-868f-b9b98d12df66 => generated 246 bytes in 12 msecs (HTTP/1.1 404) 6 headers in 231 bytes (1 switches on core 0)
2026-07-10 01:02:26.839 7 INFO placement.requestlog [None req-68f5ccca-8a99-4c06-94ea-8e20cf5e687c 024b6eb83cec478ca330b7ad67ed3935 21ec168f49c3452caaec72b7f2900559 - - 55386a1d57ec4b85801b7b529053a6af 55386a1d57ec4b85801b7b529053a6af] 10.0.0.73 "GET /resource_providers/2b912454-045b-4c9a-bbdf-7213d66923e3/aggregates" status: 404 len: 235 microversion: 1.1 [pid: 7|app: 0|req: 367/736] 10.0.0.73 () {32 vars in 822 bytes} [Fri Jul 10 01:02:26 2026] GET /resource_providers/2b912454-045b-4c9a-bbdf-7213d66923e3/aggregates => generated 235 bytes in 8 msecs (HTTP/1.1 404) 5 headers in 202 bytes (1 switches on core 0)
2026-07-10 01:02:26.839 8 INFO placement.requestlog [None req-c0a9b268-7af3-4a86-9c70-a992111db0f7 024b6eb83cec478ca330b7ad67ed3935 21ec168f49c3452caaec72b7f2900559 - - 55386a1d57ec4b85801b7b529053a6af 55386a1d57ec4b85801b7b529053a6af] 10.0.0.73 "GET /resource_providers/2b912454-045b-4c9a-bbdf-7213d66923e3/aggregates" status: 404 len: 235 microversion: 1.1 [pid: 8|app: 0|req: 370/737] 10.0.0.73 () {32 vars in 822 bytes} [Fri Jul 10 01:02:26 2026] GET /resource_providers/2b912454-045b-4c9a-bbdf-7213d66923e3/aggregates => generated 235 bytes in 8 msecs (HTTP/1.1 404) 5 headers in 202 bytes (1 switches on core 0)
2026-07-10 01:02:26.849 7 INFO placement.requestlog [None req-14372558-fb32-48ed-90fe-a9ca02cc3ab5 024b6eb83cec478ca330b7ad67ed3935 21ec168f49c3452caaec72b7f2900559 - - 55386a1d57ec4b85801b7b529053a6af 55386a1d57ec4b85801b7b529053a6af] 10.0.0.73 "DELETE /resource_providers/2b912454-045b-4c9a-bbdf-7213d66923e3" status: 404 len: 246 microversion: 1.1 [pid: 7|app: 0|req: 368/738] 10.0.0.73 () {34 vars in 822 bytes} [Fri Jul 10 01:02:26 2026] DELETE /resource_providers/2b912454-045b-4c9a-bbdf-7213d66923e3 => generated 246 bytes in 6 msecs (HTTP/1.1 404) 6 headers in 231 bytes (1 switches on core 0)
2026-07-10 01:02:26.857 8 INFO placement.requestlog [None req-97c9315f-4e05-4368-93b4-1e2a39fb4b76 024b6eb83cec478ca330b7ad67ed3935 21ec168f49c3452caaec72b7f2900559 - - 55386a1d57ec4b85801b7b529053a6af 55386a1d57ec4b85801b7b529053a6af] 10.0.0.73 "DELETE /resource_providers/2b912454-045b-4c9a-bbdf-7213d66923e3" status: 404 len: 246 microversion: 1.1 [pid: 8|app: 0|req: 371/739] 10.0.0.73 () {34 vars in 822 bytes} [Fri Jul 10 01:02:26 2026] DELETE /resource_providers/2b912454-045b-4c9a-bbdf-7213d66923e3 => generated 246 bytes in 10 msecs (HTTP/1.1 404) 6 headers in 231 bytes (1 switches on core 0)
2026-07-10 01:02:27.639 7 INFO placement.requestlog [None req-603fd1c5-d10f-4f69-860c-3e61eef1a290 024b6eb83cec478ca330b7ad67ed3935 21ec168f49c3452caaec72b7f2900559 - - 55386a1d57ec4b85801b7b529053a6af 55386a1d57ec4b85801b7b529053a6af] 10.0.0.73 "GET /resource_providers/ea3d4f04-3bd0-4c27-9616-239c39975048/aggregates" status: 404 len: 235 microversion: 1.1 [pid: 7|app: 0|req: 369/740] 10.0.0.73 () {32 vars in 822 bytes} [Fri Jul 10 01:02:27 2026] GET /resource_providers/ea3d4f04-3bd0-4c27-9616-239c39975048/aggregates => generated 235 bytes in 11 msecs (HTTP/1.1 404) 5 headers in 202 bytes (1 switches on core 0)
2026-07-10 01:02:27.647 8 INFO placement.requestlog [None req-ceaf56ef-0c2a-401e-9c04-873888643561 024b6eb83cec478ca330b7ad67ed3935 21ec168f49c3452caaec72b7f2900559 - - 55386a1d57ec4b85801b7b529053a6af 55386a1d57ec4b85801b7b529053a6af] 10.0.0.73 "GET /resource_providers/ea3d4f04-3bd0-4c27-9616-239c39975048/aggregates" status: 404 len: 235 microversion: 1.1 [pid: 8|app: 0|req: 372/741] 10.0.0.73 () {32 vars in 822 bytes} [Fri Jul 10 01:02:27 2026] GET /resource_providers/ea3d4f04-3bd0-4c27-9616-239c39975048/aggregates => generated 235 bytes in 13 msecs (HTTP/1.1 404) 5 headers in 202 bytes (1 switches on core 0)
2026-07-10 01:02:27.649 7 INFO placement.requestlog [None req-0517ccc2-f297-48b9-aca1-2aea51d0c366 024b6eb83cec478ca330b7ad67ed3935 21ec168f49c3452caaec72b7f2900559 - - 55386a1d57ec4b85801b7b529053a6af 55386a1d57ec4b85801b7b529053a6af] 10.0.0.73 "DELETE /resource_providers/ea3d4f04-3bd0-4c27-9616-239c39975048" status: 404 len: 246 microversion: 1.1 [pid: 7|app: 0|req: 370/742] 10.0.0.73 () {34 vars in 822 bytes} [Fri Jul 10 01:02:27 2026] DELETE /resource_providers/ea3d4f04-3bd0-4c27-9616-239c39975048 => generated 246 bytes in 6 msecs (HTTP/1.1 404) 6 headers in 231 bytes (1 switches on core 0)
2026-07-10 01:02:27.661 8 INFO placement.requestlog [None req-8f69ec13-c942-45d7-95c1-41db41ff8fec 024b6eb83cec478ca330b7ad67ed3935 21ec168f49c3452caaec72b7f2900559 - - 55386a1d57ec4b85801b7b529053a6af 55386a1d57ec4b85801b7b529053a6af] 10.0.0.73 "DELETE /resource_providers/ea3d4f04-3bd0-4c27-9616-239c39975048" status: 404 len: 246 microversion: 1.1 [pid: 8|app: 0|req: 373/743] 10.0.0.73 () {34 vars in 822 bytes} [Fri Jul 10 01:02:27 2026] DELETE /resource_providers/ea3d4f04-3bd0-4c27-9616-239c39975048 => generated 246 bytes in 10 msecs (HTTP/1.1 404) 6 headers in 231 bytes (1 switches on core 0)
2026-07-10 01:02:27.733 7 INFO placement.requestlog [req-2dc5d31d-4e53-4594-9c27-bb6ecaa1a4dd req-be8b7696-c525-45de-a0fd-bf46ab6362ed 790f21923e8946e5a4bf27bd64fffb53 21ec168f49c3452caaec72b7f2900559 - - 55386a1d57ec4b85801b7b529053a6af 55386a1d57ec4b85801b7b529053a6af] 10.0.0.124 "GET /allocation_candidates?limit=1000&resources=MEMORY_MB%3A512%2CVCPU%3A1&root_required=%21COMPUTE_STATUS_DISABLED" status: 200 len: 2372 microversion: 1.36 [pid: 7|app: 0|req: 371/744] 10.0.0.124 () {34 vars in 982 bytes} [Fri Jul 10 01:02:27 2026] GET /allocation_candidates?limit=1000&resources=MEMORY_MB%3A512%2CVCPU%3A1&root_required=%21COMPUTE_STATUS_DISABLED => generated 2372 bytes in 42 msecs (HTTP/1.1 200) 8 headers in 297 bytes (1 switches on core 0)
2026-07-10 01:02:27.759 8 INFO placement.requestlog [req-2dc5d31d-4e53-4594-9c27-bb6ecaa1a4dd req-4d4f2920-ff49-4d70-a6dc-8916b44b411d 790f21923e8946e5a4bf27bd64fffb53 21ec168f49c3452caaec72b7f2900559 - - 55386a1d57ec4b85801b7b529053a6af 55386a1d57ec4b85801b7b529053a6af] 10.0.0.124 "GET /allocations/c3b861c4-51d5-4996-903e-ae52b3c1ee13" status: 200 len: 19 microversion: 1.28 [pid: 8|app: 0|req: 374/745] 10.0.0.124 () {34 vars in 859 bytes} [Fri Jul 10 01:02:27 2026] GET /allocations/c3b861c4-51d5-4996-903e-ae52b3c1ee13 => generated 19 bytes in 13 msecs (HTTP/1.1 200) 8 headers in 295 bytes (1 switches on core 0)
2026-07-10 01:02:27.820 7 INFO placement.requestlog [req-2dc5d31d-4e53-4594-9c27-bb6ecaa1a4dd req-823510c9-aeca-4c31-94d6-652262bbf0ea 790f21923e8946e5a4bf27bd64fffb53 21ec168f49c3452caaec72b7f2900559 - - 55386a1d57ec4b85801b7b529053a6af 55386a1d57ec4b85801b7b529053a6af] 10.0.0.124 "PUT /allocations/c3b861c4-51d5-4996-903e-ae52b3c1ee13" status: 204 len: 0 microversion: 1.36 [pid: 7|app: 0|req: 372/746] 10.0.0.124 () {38 vars in 912 bytes} [Fri Jul 10 01:02:27 2026] PUT /allocations/c3b861c4-51d5-4996-903e-ae52b3c1ee13 => generated 0 bytes in 58 msecs (HTTP/1.1 204) 5 headers in 199 bytes (1 switches on core 0)
2026-07-10 01:02:29.333 8 INFO placement.requestlog [req-2dc5d31d-4e53-4594-9c27-bb6ecaa1a4dd req-2bc55713-0633-4fd6-9ecb-6a2b814df713 790f21923e8946e5a4bf27bd64fffb53 21ec168f49c3452caaec72b7f2900559 - - 55386a1d57ec4b85801b7b529053a6af 55386a1d57ec4b85801b7b529053a6af] 199.204.45.53 "GET /allocations/c3b861c4-51d5-4996-903e-ae52b3c1ee13" status: 200 len: 243 microversion: 1.28 [pid: 8|app: 0|req: 375/747] 199.204.45.53 () {34 vars in 860 bytes} [Fri Jul 10 01:02:29 2026] GET /allocations/c3b861c4-51d5-4996-903e-ae52b3c1ee13 => generated 243 bytes in 19 msecs (HTTP/1.1 200) 8 headers in 296 bytes (1 switches on core 0)
2026-07-10 01:02:30.373 7 INFO placement.requestlog [req-2dc5d31d-4e53-4594-9c27-bb6ecaa1a4dd req-5c24316e-8136-4b72-b4e7-3ae78914f145 790f21923e8946e5a4bf27bd64fffb53 21ec168f49c3452caaec72b7f2900559 - - 55386a1d57ec4b85801b7b529053a6af 55386a1d57ec4b85801b7b529053a6af] 199.204.45.53 "GET /resource_providers/ac358f28-876b-4ac1-937a-6ee13249a25e/allocations" status: 200 len: 238 microversion: 1.0 [pid: 7|app: 0|req: 373/748] 199.204.45.53 () {32 vars in 854 bytes} [Fri Jul 10 01:02:30 2026] GET /resource_providers/ac358f28-876b-4ac1-937a-6ee13249a25e/allocations => generated 238 bytes in 16 msecs (HTTP/1.1 200) 6 headers in 224 bytes (1 switches on core 0)
2026-07-10 01:02:30.396 8 INFO placement.requestlog [req-2dc5d31d-4e53-4594-9c27-bb6ecaa1a4dd req-318fc938-fc9f-4ab9-88e0-2af2a474faab 790f21923e8946e5a4bf27bd64fffb53 21ec168f49c3452caaec72b7f2900559 - - 55386a1d57ec4b85801b7b529053a6af 55386a1d57ec4b85801b7b529053a6af] 199.204.45.53 "GET /allocations/34613078-5361-4983-a310-98ce9b4ad27d" status: 200 len: 257 microversion: 1.28 [pid: 8|app: 0|req: 376/749] 199.204.45.53 () {34 vars in 860 bytes} [Fri Jul 10 01:02:30 2026] GET /allocations/34613078-5361-4983-a310-98ce9b4ad27d => generated 257 bytes in 20 msecs (HTTP/1.1 200) 8 headers in 296 bytes (1 switches on core 0)
2026-07-10 01:02:30.418 7 INFO placement.requestlog [req-2dc5d31d-4e53-4594-9c27-bb6ecaa1a4dd req-23f47447-6cbb-461f-abdb-82a6599c7fc4 790f21923e8946e5a4bf27bd64fffb53 21ec168f49c3452caaec72b7f2900559 - - 55386a1d57ec4b85801b7b529053a6af 55386a1d57ec4b85801b7b529053a6af] 199.204.45.53 "GET /allocations/c3b861c4-51d5-4996-903e-ae52b3c1ee13" status: 200 len: 243 microversion: 1.28 [pid: 7|app: 0|req: 374/750] 199.204.45.53 () {34 vars in 860 bytes} [Fri Jul 10 01:02:30 2026] GET /allocations/c3b861c4-51d5-4996-903e-ae52b3c1ee13 => generated 243 bytes in 16 msecs (HTTP/1.1 200) 8 headers in 296 bytes (1 switches on core 0)
2026-07-10 01:02:32.091 8 INFO placement.requestlog [req-0d416280-2439-4a79-98a5-9b81389c4f71 req-a57d89bb-0959-4d75-95cf-210f46dc3809 790f21923e8946e5a4bf27bd64fffb53 21ec168f49c3452caaec72b7f2900559 - - 55386a1d57ec4b85801b7b529053a6af 55386a1d57ec4b85801b7b529053a6af] 199.204.45.53 "GET /resource_providers/ac358f28-876b-4ac1-937a-6ee13249a25e/allocations" status: 200 len: 238 microversion: 1.0 [pid: 8|app: 0|req: 377/751] 199.204.45.53 () {32 vars in 854 bytes} [Fri Jul 10 01:02:32 2026] GET /resource_providers/ac358f28-876b-4ac1-937a-6ee13249a25e/allocations => generated 238 bytes in 18 msecs (HTTP/1.1 200) 6 headers in 224 bytes (1 switches on core 0)
2026-07-10 01:02:32.109 7 INFO placement.requestlog [req-0d416280-2439-4a79-98a5-9b81389c4f71 req-854b1a58-d8a9-44eb-ae61-95e388d54cb3 790f21923e8946e5a4bf27bd64fffb53 21ec168f49c3452caaec72b7f2900559 - - 55386a1d57ec4b85801b7b529053a6af 55386a1d57ec4b85801b7b529053a6af] 199.204.45.53 "GET /allocations/34613078-5361-4983-a310-98ce9b4ad27d" status: 200 len: 257 microversion: 1.28 [pid: 7|app: 0|req: 375/752] 199.204.45.53 () {34 vars in 860 bytes} [Fri Jul 10 01:02:32 2026] GET /allocations/34613078-5361-4983-a310-98ce9b4ad27d => generated 257 bytes in 10 msecs (HTTP/1.1 200) 8 headers in 296 bytes (1 switches on core 0)
2026-07-10 01:02:32.127 8 INFO placement.requestlog [req-0d416280-2439-4a79-98a5-9b81389c4f71 req-50958afa-35c1-4f28-8dbe-b944c7deccb4 790f21923e8946e5a4bf27bd64fffb53 21ec168f49c3452caaec72b7f2900559 - - 55386a1d57ec4b85801b7b529053a6af 55386a1d57ec4b85801b7b529053a6af] 199.204.45.53 "GET /allocations/c3b861c4-51d5-4996-903e-ae52b3c1ee13" status: 200 len: 243 microversion: 1.28 [pid: 8|app: 0|req: 378/753] 199.204.45.53 () {34 vars in 860 bytes} [Fri Jul 10 01:02:32 2026] GET /allocations/c3b861c4-51d5-4996-903e-ae52b3c1ee13 => generated 243 bytes in 11 msecs (HTTP/1.1 200) 8 headers in 296 bytes (1 switches on core 0)
2026-07-10 01:02:33.057 8 INFO placement.requestlog [None req-fb11caa6-3924-45de-8c94-bffafa01913e - - - - - -] 10.0.0.225 "GET /" status: 200 len: 136 microversion: 1.0
2026-07-10 01:02:33.057 7 INFO placement.requestlog [None req-fd3d7003-404a-4e1a-b44e-9f00eb6874c4 - - - - - -] 10.0.0.225 "GET /" status: 200 len: 136 microversion: 1.0
2026-07-10 01:02:33.206 8 INFO placement.requestlog [req-0d416280-2439-4a79-98a5-9b81389c4f71 req-0e2add8c-388f-4db5-93f6-6a593e71c9b5 790f21923e8946e5a4bf27bd64fffb53 21ec168f49c3452caaec72b7f2900559 - - 55386a1d57ec4b85801b7b529053a6af 55386a1d57ec4b85801b7b529053a6af] 199.204.45.53 "DELETE /allocations/34613078-5361-4983-a310-98ce9b4ad27d" status: 204 len: 0 microversion: 1.0 [pid: 8|app: 0|req: 380/756] 199.204.45.53 () {34 vars in 838 bytes} [Fri Jul 10 01:02:33 2026] DELETE /allocations/34613078-5361-4983-a310-98ce9b4ad27d => generated 0 bytes in 52 msecs (HTTP/1.1 204) 5 headers in 198 bytes (1 switches on core 0)
2026-07-10 01:02:33.209 7 INFO placement.requestlog [None req-0a7e0f01-59d8-4d7f-9509-1384215637c9 024b6eb83cec478ca330b7ad67ed3935 21ec168f49c3452caaec72b7f2900559 - - 55386a1d57ec4b85801b7b529053a6af 55386a1d57ec4b85801b7b529053a6af] 10.0.0.73 "GET /resource_providers/cf42bb36-d053-4a15-839f-89d154f02f91/aggregates" status: 404 len: 235 microversion: 1.1 [pid: 7|app: 0|req: 377/757] 10.0.0.73 () {32 vars in 822 bytes} [Fri Jul 10 01:02:33 2026] GET /resource_providers/cf42bb36-d053-4a15-839f-89d154f02f91/aggregates => generated 235 bytes in 17 msecs (HTTP/1.1 404) 5 headers in 202 bytes (1 switches on core 0)
2026-07-10 01:02:33.226 8 INFO placement.requestlog [None req-bf7a7693-468e-4f21-b4de-0d14f5bc07fd 024b6eb83cec478ca330b7ad67ed3935 21ec168f49c3452caaec72b7f2900559 - - 55386a1d57ec4b85801b7b529053a6af 55386a1d57ec4b85801b7b529053a6af] 10.0.0.73 "GET /resource_providers/cf42bb36-d053-4a15-839f-89d154f02f91/aggregates" status: 404 len: 235 microversion: 1.1 [pid: 8|app: 0|req: 381/758] 10.0.0.73 () {32 vars in 822 bytes} [Fri Jul 10 01:02:33 2026] GET /resource_providers/cf42bb36-d053-4a15-839f-89d154f02f91/aggregates => generated 235 bytes in 20 msecs (HTTP/1.1 404) 5 headers in 202 bytes (1 switches on core 0)
2026-07-10 01:02:33.228 7 INFO placement.requestlog [None req-6cb72ba7-e55e-4f00-af9e-300dd68832d3 024b6eb83cec478ca330b7ad67ed3935 21ec168f49c3452caaec72b7f2900559 - - 55386a1d57ec4b85801b7b529053a6af 55386a1d57ec4b85801b7b529053a6af] 10.0.0.73 "DELETE /resource_providers/cf42bb36-d053-4a15-839f-89d154f02f91" status: 404 len: 246 microversion: 1.1 [pid: 7|app: 0|req: 378/759] 10.0.0.73 () {34 vars in 822 bytes} [Fri Jul 10 01:02:33 2026] DELETE /resource_providers/cf42bb36-d053-4a15-839f-89d154f02f91 => generated 246 bytes in 11 msecs (HTTP/1.1 404) 6 headers in 231 bytes (1 switches on core 0)
2026-07-10 01:02:33.239 8 INFO placement.requestlog [None req-96a81e3e-f968-4129-9449-2fa34d15f346 024b6eb83cec478ca330b7ad67ed3935 21ec168f49c3452caaec72b7f2900559 - - 55386a1d57ec4b85801b7b529053a6af 55386a1d57ec4b85801b7b529053a6af] 10.0.0.73 "DELETE /resource_providers/cf42bb36-d053-4a15-839f-89d154f02f91" status: 404 len: 246 microversion: 1.1 [pid: 8|app: 0|req: 382/760] 10.0.0.73 () {34 vars in 822 bytes} [Fri Jul 10 01:02:33 2026] DELETE /resource_providers/cf42bb36-d053-4a15-839f-89d154f02f91 => generated 246 bytes in 10 msecs (HTTP/1.1 404) 6 headers in 231 bytes (1 switches on core 0)
2026-07-10 01:02:35.245 7 INFO placement.requestlog [None req-ce89b361-b99f-4d50-96b5-e8c138939b65 024b6eb83cec478ca330b7ad67ed3935 21ec168f49c3452caaec72b7f2900559 - - 55386a1d57ec4b85801b7b529053a6af 55386a1d57ec4b85801b7b529053a6af] 10.0.0.73 "GET /resource_providers/bcccd6e8-2fe3-4275-afc2-8a4395bc4922/aggregates" status: 404 len: 235 microversion: 1.1 [pid: 7|app: 0|req: 379/761] 10.0.0.73 () {32 vars in 822 bytes} [Fri Jul 10 01:02:35 2026] GET /resource_providers/bcccd6e8-2fe3-4275-afc2-8a4395bc4922/aggregates => generated 235 bytes in 11 msecs (HTTP/1.1 404) 5 headers in 202 bytes (1 switches on core 0)
2026-07-10 01:02:35.260 7 INFO placement.requestlog [None req-8fc628d1-1a70-48b8-ae62-46cbac959f49 024b6eb83cec478ca330b7ad67ed3935 21ec168f49c3452caaec72b7f2900559 - - 55386a1d57ec4b85801b7b529053a6af 55386a1d57ec4b85801b7b529053a6af] 10.0.0.73 "DELETE /resource_providers/bcccd6e8-2fe3-4275-afc2-8a4395bc4922" status: 404 len: 246 microversion: 1.1 [pid: 7|app: 0|req: 380/762] 10.0.0.73 () {34 vars in 822 bytes} [Fri Jul 10 01:02:35 2026] DELETE /resource_providers/bcccd6e8-2fe3-4275-afc2-8a4395bc4922 => generated 246 bytes in 9 msecs (HTTP/1.1 404) 6 headers in 231 bytes (1 switches on core 0)
2026-07-10 01:02:35.273 8 INFO placement.requestlog [None req-be298a2f-03ef-4b10-af97-76534d948daa 024b6eb83cec478ca330b7ad67ed3935 21ec168f49c3452caaec72b7f2900559 - - 55386a1d57ec4b85801b7b529053a6af 55386a1d57ec4b85801b7b529053a6af] 10.0.0.73 "GET /resource_providers/bcccd6e8-2fe3-4275-afc2-8a4395bc4922/aggregates" status: 404 len: 235 microversion: 1.1 [pid: 8|app: 0|req: 383/763] 10.0.0.73 () {32 vars in 822 bytes} [Fri Jul 10 01:02:35 2026] GET /resource_providers/bcccd6e8-2fe3-4275-afc2-8a4395bc4922/aggregates => generated 235 bytes in 25 msecs (HTTP/1.1 404) 5 headers in 202 bytes (1 switches on core 0)
2026-07-10 01:02:35.288 7 INFO placement.requestlog [None req-2738303c-92f5-4f11-be51-ce2aa3e70429 024b6eb83cec478ca330b7ad67ed3935 21ec168f49c3452caaec72b7f2900559 - - 55386a1d57ec4b85801b7b529053a6af 55386a1d57ec4b85801b7b529053a6af] 10.0.0.73 "DELETE /resource_providers/bcccd6e8-2fe3-4275-afc2-8a4395bc4922" status: 404 len: 246 microversion: 1.1 [pid: 7|app: 0|req: 381/764] 10.0.0.73 () {34 vars in 822 bytes} [Fri Jul 10 01:02:35 2026] DELETE /resource_providers/bcccd6e8-2fe3-4275-afc2-8a4395bc4922 => generated 246 bytes in 9 msecs (HTTP/1.1 404) 6 headers in 231 bytes (1 switches on core 0)
2026-07-10 01:02:37.277 8 INFO placement.requestlog [None req-6df0b248-0544-4549-bebe-ace143b4a9f3 024b6eb83cec478ca330b7ad67ed3935 21ec168f49c3452caaec72b7f2900559 - - 55386a1d57ec4b85801b7b529053a6af 55386a1d57ec4b85801b7b529053a6af] 10.0.0.73 "GET /resource_providers/f2f58dfd-2342-4d5c-8d6a-49791bcfa067/aggregates" status: 404 len: 235 microversion: 1.1 [pid: 8|app: 0|req: 384/765] 10.0.0.73 () {32 vars in 822 bytes} [Fri Jul 10 01:02:37 2026] GET /resource_providers/f2f58dfd-2342-4d5c-8d6a-49791bcfa067/aggregates => generated 235 bytes in 12 msecs (HTTP/1.1 404) 5 headers in 202 bytes (1 switches on core 0)
2026-07-10 01:02:37.292 7 INFO placement.requestlog [None req-03d67bd1-76e5-426f-b207-6a0b558a36e1 024b6eb83cec478ca330b7ad67ed3935 21ec168f49c3452caaec72b7f2900559 - - 55386a1d57ec4b85801b7b529053a6af 55386a1d57ec4b85801b7b529053a6af] 10.0.0.73 "DELETE /resource_providers/f2f58dfd-2342-4d5c-8d6a-49791bcfa067" status: 404 len: 246 microversion: 1.1 [pid: 7|app: 0|req: 382/766] 10.0.0.73 () {34 vars in 822 bytes} [Fri Jul 10 01:02:37 2026] DELETE /resource_providers/f2f58dfd-2342-4d5c-8d6a-49791bcfa067 => generated 246 bytes in 7 msecs (HTTP/1.1 404) 6 headers in 231 bytes (1 switches on core 0)
2026-07-10 01:02:37.299 8 INFO placement.requestlog [None req-e9404d55-49bf-4df8-bb07-bc6664d7677f 024b6eb83cec478ca330b7ad67ed3935 21ec168f49c3452caaec72b7f2900559 - - 55386a1d57ec4b85801b7b529053a6af 55386a1d57ec4b85801b7b529053a6af] 10.0.0.73 "GET /resource_providers/f2f58dfd-2342-4d5c-8d6a-49791bcfa067/aggregates" status: 404 len: 235 microversion: 1.1 [pid: 8|app: 0|req: 385/767] 10.0.0.73 () {32 vars in 822 bytes} [Fri Jul 10 01:02:37 2026] GET /resource_providers/f2f58dfd-2342-4d5c-8d6a-49791bcfa067/aggregates => generated 235 bytes in 6 msecs (HTTP/1.1 404) 5 headers in 202 bytes (1 switches on core 0)
2026-07-10 01:02:37.310 7 INFO placement.requestlog [None req-a8656542-afe1-46d1-a981-6d6f8c25709f 024b6eb83cec478ca330b7ad67ed3935 21ec168f49c3452caaec72b7f2900559 - - 55386a1d57ec4b85801b7b529053a6af 55386a1d57ec4b85801b7b529053a6af] 10.0.0.73 "DELETE /resource_providers/f2f58dfd-2342-4d5c-8d6a-49791bcfa067" status: 404 len: 246 microversion: 1.1 [pid: 7|app: 0|req: 383/768] 10.0.0.73 () {34 vars in 822 bytes} [Fri Jul 10 01:02:37 2026] DELETE /resource_providers/f2f58dfd-2342-4d5c-8d6a-49791bcfa067 => generated 246 bytes in 6 msecs (HTTP/1.1 404) 6 headers in 231 bytes (1 switches on core 0)
