2026-07-10 00:50:30.155 10 INFO neutron.api.wsgi [None req-dc235ea3-42f1-40d0-acec-fb8b0a0b930c b81e1998028545a3b6f2c38cae7035f1 ad5889d0256a493483d16a066b650057 - - default default] 10.0.0.98 "GET /v2.0/subnets HTTP/1.1" status: 200 len: 1484 time: 0.0295897
2026-07-10 00:50:30.162 10 INFO neutron.api.wsgi [None req-d9e392c0-12ca-47cd-95a3-d0acdaaf9642 b81e1998028545a3b6f2c38cae7035f1 ad5889d0256a493483d16a066b650057 - - default default] 10.0.0.98 "GET /v2.0/subnetpools HTTP/1.1" status: 200 len: 193 time: 0.0059943
2026-07-10 00:50:30.193 10 INFO neutron.api.wsgi [None req-8a3b3a0b-1991-4e18-9df4-4cce1c058829 b81e1998028545a3b6f2c38cae7035f1 ad5889d0256a493483d16a066b650057 - - default default] 10.0.0.98 "GET /v2.0/security-groups HTTP/1.1" status: 200 len: 17574 time: 0.0299344
2026-07-10 00:50:30.239 10 INFO neutron.api.wsgi [None req-b0a02885-90d3-4431-97e2-6077993f48ff b81e1998028545a3b6f2c38cae7035f1 ad5889d0256a493483d16a066b650057 - - default default] 10.0.0.98 "GET /v2.0/ports HTTP/1.1" status: 200 len: 5347 time: 0.0406952
2026-07-10 00:50:38.444 10 INFO neutron.api.wsgi [-] 10.0.0.225 "GET / HTTP/1.1" status: 200 len: 246 time: 0.0016456
2026-07-10 00:50:38.445 9 INFO neutron.api.wsgi [-] 10.0.0.225 "GET / HTTP/1.1" status: 200 len: 246 time: 0.0026922
2026-07-10 00:50:53.446 10 INFO neutron.api.wsgi [-] 10.0.0.225 "GET / HTTP/1.1" status: 200 len: 246 time: 0.0029407
2026-07-10 00:50:53.446 9 INFO neutron.api.wsgi [-] 10.0.0.225 "GET / HTTP/1.1" status: 200 len: 246 time: 0.0025022
2026-07-10 00:51:08.444 10 INFO neutron.api.wsgi [-] 10.0.0.225 "GET / HTTP/1.1" status: 200 len: 246 time: 0.0021503
2026-07-10 00:51:08.446 9 INFO neutron.api.wsgi [-] 10.0.0.225 "GET / HTTP/1.1" status: 200 len: 246 time: 0.0034916
2026-07-10 00:51:12.285 15 INFO neutron.plugins.ml2.drivers.ovn.mech_driver.ovsdb.maintenance [None req-62a055e7-209f-4a6c-8cc7-48be2bbe53eb - - - - - -] OVN maintenance task check_for_inconsistencies finished in 0.022 seconds
2026-07-10 00:51:23.444 10 INFO neutron.api.wsgi [-] 10.0.0.225 "GET / HTTP/1.1" status: 200 len: 246 time: 0.0016818
2026-07-10 00:51:23.446 10 INFO neutron.api.wsgi [-] 10.0.0.225 "GET / HTTP/1.1" status: 200 len: 246 time: 0.0016520
2026-07-10 00:51:30.020 10 INFO neutron.api.wsgi [None req-3580e0f2-cd2d-4fee-9c4f-cfa57da05e6d b81e1998028545a3b6f2c38cae7035f1 ad5889d0256a493483d16a066b650057 - - default default] 10.0.0.98 "GET /v2.0/ports HTTP/1.1" status: 200 len: 5347 time: 0.0874195
2026-07-10 00:51:30.043 10 INFO neutron.api.wsgi [None req-e9b942de-6889-430f-9942-9a12c147733f b81e1998028545a3b6f2c38cae7035f1 ad5889d0256a493483d16a066b650057 - - default default] 10.0.0.98 "GET /v2.0/routers HTTP/1.1" status: 200 len: 189 time: 0.0201809
2026-07-10 00:51:30.086 10 INFO neutron.api.wsgi [None req-1618d716-abbe-464e-8870-76ae731d6a3c b81e1998028545a3b6f2c38cae7035f1 ad5889d0256a493483d16a066b650057 - - default default] 10.0.0.98 "GET /v2.0/agents?binary=ovn-controller HTTP/1.1" status: 200 len: 591 time: 0.0396554
2026-07-10 00:51:30.108 10 INFO neutron.api.wsgi [None req-5c3ebc3b-ca75-4346-81f0-1bdcc246cbf6 b81e1998028545a3b6f2c38cae7035f1 ad5889d0256a493483d16a066b650057 - - default default] 10.0.0.98 "GET /v2.0/floatingips HTTP/1.1" status: 200 len: 193 time: 0.0212786
2026-07-10 00:51:30.147 10 INFO neutron.api.wsgi [None req-51fa4391-bcf3-4ddb-99af-b5d3f28aa119 b81e1998028545a3b6f2c38cae7035f1 ad5889d0256a493483d16a066b650057 - - default default] 10.0.0.98 "GET /v2.0/security-groups HTTP/1.1" status: 200 len: 17574 time: 0.0376236
2026-07-10 00:51:30.165 10 INFO neutron.api.wsgi [None req-b99c71c6-936d-4ae2-aa69-6130d3e2cab7 b81e1998028545a3b6f2c38cae7035f1 ad5889d0256a493483d16a066b650057 - - default default] 10.0.0.98 "GET /v2.0/network-ip-availabilities HTTP/1.1" status: 200 len: 1280 time: 0.0112185
2026-07-10 00:51:30.213 10 INFO neutron.api.wsgi [None req-094f0b99-70a8-431c-b34e-669d5403072e b81e1998028545a3b6f2c38cae7035f1 ad5889d0256a493483d16a066b650057 - - default default] 10.0.0.98 "GET /v2.0/networks HTTP/1.1" status: 200 len: 2350 time: 0.0462792
2026-07-10 00:51:30.238 10 INFO neutron.api.wsgi [None req-e62ece39-e773-47fe-8b0e-b53c0c522723 b81e1998028545a3b6f2c38cae7035f1 ad5889d0256a493483d16a066b650057 - - default default] 10.0.0.98 "GET /v2.0/subnets HTTP/1.1" status: 200 len: 1484 time: 0.0225935
2026-07-10 00:51:30.245 10 INFO neutron.api.wsgi [None req-5bdbba6f-3b4b-4ecb-8ddf-f95ad02e32eb b81e1998028545a3b6f2c38cae7035f1 ad5889d0256a493483d16a066b650057 - - default default] 10.0.0.98 "GET /v2.0/subnetpools HTTP/1.1" status: 200 len: 193 time: 0.0063779
2026-07-10 00:51:30.254 10 INFO neutron.api.wsgi [None req-c1180e9a-05c4-4900-9155-46fafc9d2329 b81e1998028545a3b6f2c38cae7035f1 ad5889d0256a493483d16a066b650057 - - default default] 10.0.0.98 "GET /v2.0/agents HTTP/1.1" status: 200 len: 1390 time: 0.0079689
2026-07-10 00:51:30.278 10 INFO neutron.api.wsgi [None req-d9caaf8f-a19c-4fa2-aab1-b5f75cb27d90 b81e1998028545a3b6f2c38cae7035f1 ad5889d0256a493483d16a066b650057 - - default default] 10.0.0.98 "GET /v2.0/subnets HTTP/1.1" status: 200 len: 1484 time: 0.0226078
2026-07-10 00:51:38.443 9 INFO neutron.api.wsgi [-] 10.0.0.225 "GET / HTTP/1.1" status: 200 len: 246 time: 0.0016162
2026-07-10 00:51:38.446 10 INFO neutron.api.wsgi [-] 10.0.0.225 "GET / HTTP/1.1" status: 200 len: 246 time: 0.0041840
2026-07-10 00:51:53.445 9 INFO neutron.api.wsgi [-] 10.0.0.225 "GET / HTTP/1.1" status: 200 len: 246 time: 0.0028450
2026-07-10 00:51:53.445 10 INFO neutron.api.wsgi [-] 10.0.0.225 "GET / HTTP/1.1" status: 200 len: 246 time: 0.0032527
2026-07-10 00:52:08.444 9 INFO neutron.api.wsgi [-] 10.0.0.225 "GET / HTTP/1.1" status: 200 len: 246 time: 0.0022166
2026-07-10 00:52:08.447 10 INFO neutron.api.wsgi [-] 10.0.0.225 "GET / HTTP/1.1" status: 200 len: 246 time: 0.0053794
2026-07-10 00:52:23.443 9 INFO neutron.api.wsgi [-] 10.0.0.225 "GET / HTTP/1.1" status: 200 len: 246 time: 0.0012515
2026-07-10 00:52:23.444 9 INFO neutron.api.wsgi [-] 10.0.0.225 "GET / HTTP/1.1" status: 200 len: 246 time: 0.0008924
2026-07-10 00:52:29.964 10 INFO neutron.api.wsgi [None req-20a424ad-7ba8-4789-8a49-9b7c61cd9a13 b81e1998028545a3b6f2c38cae7035f1 ad5889d0256a493483d16a066b650057 - - default default] 10.0.0.98 "GET /v2.0/routers HTTP/1.1" status: 200 len: 189 time: 0.0682898
2026-07-10 00:52:30.011 10 INFO neutron.api.wsgi [None req-29f3c8fb-3eba-4498-8a86-29c5be54fe61 b81e1998028545a3b6f2c38cae7035f1 ad5889d0256a493483d16a066b650057 - - default default] 10.0.0.98 "GET /v2.0/agents?binary=ovn-controller HTTP/1.1" status: 200 len: 591 time: 0.0462770
2026-07-10 00:52:30.025 10 INFO neutron.api.wsgi [None req-24212b45-a11d-44b2-a55e-a44a62b959f3 b81e1998028545a3b6f2c38cae7035f1 ad5889d0256a493483d16a066b650057 - - default default] 10.0.0.98 "GET /v2.0/network-ip-availabilities HTTP/1.1" status: 200 len: 1280 time: 0.0127544
2026-07-10 00:52:30.039 10 INFO neutron.api.wsgi [None req-8aaf7115-f0fb-4914-8f4c-d853a9496186 b81e1998028545a3b6f2c38cae7035f1 ad5889d0256a493483d16a066b650057 - - default default] 10.0.0.98 "GET /v2.0/floatingips HTTP/1.1" status: 200 len: 193 time: 0.0130248
2026-07-10 00:52:30.084 10 INFO neutron.api.wsgi [None req-26bfa09e-b236-4473-987e-4982810aa2a4 b81e1998028545a3b6f2c38cae7035f1 ad5889d0256a493483d16a066b650057 - - default default] 10.0.0.98 "GET /v2.0/networks HTTP/1.1" status: 200 len: 2350 time: 0.0444660
2026-07-10 00:52:30.141 10 INFO neutron.api.wsgi [None req-adaf3d10-91a4-49e5-8409-710f9eeaee0f b81e1998028545a3b6f2c38cae7035f1 ad5889d0256a493483d16a066b650057 - - default default] 10.0.0.98 "GET /v2.0/security-groups HTTP/1.1" status: 200 len: 17574 time: 0.0547385
2026-07-10 00:52:30.193 10 INFO neutron.api.wsgi [None req-8d64dd4a-69da-4136-8e8e-9fcf7567e44a b81e1998028545a3b6f2c38cae7035f1 ad5889d0256a493483d16a066b650057 - - default default] 10.0.0.98 "GET /v2.0/ports HTTP/1.1" status: 200 len: 5347 time: 0.0427394
2026-07-10 00:52:30.219 10 INFO neutron.api.wsgi [None req-e0890801-da02-4bc7-8c39-db6292936949 b81e1998028545a3b6f2c38cae7035f1 ad5889d0256a493483d16a066b650057 - - default default] 10.0.0.98 "GET /v2.0/subnets HTTP/1.1" status: 200 len: 1484 time: 0.0229361
2026-07-10 00:52:30.227 10 INFO neutron.api.wsgi [None req-e443b917-2906-4bef-b3fb-fc9fb79b48fa b81e1998028545a3b6f2c38cae7035f1 ad5889d0256a493483d16a066b650057 - - default default] 10.0.0.98 "GET /v2.0/subnetpools HTTP/1.1" status: 200 len: 193 time: 0.0072081
2026-07-10 00:52:30.238 10 INFO neutron.api.wsgi [None req-cacf2fae-2615-4939-8e38-71dc8536b132 b81e1998028545a3b6f2c38cae7035f1 ad5889d0256a493483d16a066b650057 - - default default] 10.0.0.98 "GET /v2.0/agents HTTP/1.1" status: 200 len: 1390 time: 0.0109770
2026-07-10 00:52:30.263 10 INFO neutron.api.wsgi [None req-d7fbd3dd-0ed9-47d8-a2b6-727858079018 b81e1998028545a3b6f2c38cae7035f1 ad5889d0256a493483d16a066b650057 - - default default] 10.0.0.98 "GET /v2.0/subnets HTTP/1.1" status: 200 len: 1484 time: 0.0236979
2026-07-10 00:52:38.445 10 INFO neutron.api.wsgi [-] 10.0.0.225 "GET / HTTP/1.1" status: 200 len: 246 time: 0.0025077
2026-07-10 00:52:38.446 9 INFO neutron.api.wsgi [-] 10.0.0.225 "GET / HTTP/1.1" status: 200 len: 246 time: 0.0031445
2026-07-10 00:52:53.444 9 INFO neutron.api.wsgi [-] 10.0.0.225 "GET / HTTP/1.1" status: 200 len: 246 time: 0.0014849
2026-07-10 00:52:53.444 10 INFO neutron.api.wsgi [-] 10.0.0.225 "GET / HTTP/1.1" status: 200 len: 246 time: 0.0016351
2026-07-10 00:53:08.445 9 INFO neutron.api.wsgi [-] 10.0.0.225 "GET / HTTP/1.1" status: 200 len: 246 time: 0.0026300
2026-07-10 00:53:08.446 10 INFO neutron.api.wsgi [-] 10.0.0.225 "GET / HTTP/1.1" status: 200 len: 246 time: 0.0038395
2026-07-10 00:53:23.444 9 INFO neutron.api.wsgi [-] 10.0.0.225 "GET / HTTP/1.1" status: 200 len: 246 time: 0.0016425
2026-07-10 00:53:23.446 9 INFO neutron.api.wsgi [-] 10.0.0.225 "GET / HTTP/1.1" status: 200 len: 246 time: 0.0012176
2026-07-10 00:53:29.992 10 INFO neutron.api.wsgi [None req-40b4848b-1ac2-48a0-8c69-ad3e874634d3 b81e1998028545a3b6f2c38cae7035f1 ad5889d0256a493483d16a066b650057 - - default default] 10.0.0.98 "GET /v2.0/subnets HTTP/1.1" status: 200 len: 1484 time: 0.0671272
2026-07-10 00:53:30.013 10 INFO neutron.api.wsgi [None req-e9d5b24c-6eb7-480b-89d2-ad2e9c3842bd b81e1998028545a3b6f2c38cae7035f1 ad5889d0256a493483d16a066b650057 - - default default] 10.0.0.98 "GET /v2.0/routers HTTP/1.1" status: 200 len: 189 time: 0.0154088
2026-07-10 00:53:30.039 10 INFO neutron.api.wsgi [None req-bc03483d-d1f0-4780-9d6e-8b489c91e664 b81e1998028545a3b6f2c38cae7035f1 ad5889d0256a493483d16a066b650057 - - default default] 10.0.0.98 "GET /v2.0/agents?binary=ovn-controller HTTP/1.1" status: 200 len: 591 time: 0.0254767
2026-07-10 00:53:30.060 10 INFO neutron.api.wsgi [None req-3c4be827-d836-43d1-89a9-0bdbf3b64443 b81e1998028545a3b6f2c38cae7035f1 ad5889d0256a493483d16a066b650057 - - default default] 10.0.0.98 "GET /v2.0/subnets HTTP/1.1" status: 200 len: 1484 time: 0.0204885
2026-07-10 00:53:30.067 10 INFO neutron.api.wsgi [None req-7ca70e95-5696-4f78-9229-74cb8e4fa3d8 b81e1998028545a3b6f2c38cae7035f1 ad5889d0256a493483d16a066b650057 - - default default] 10.0.0.98 "GET /v2.0/subnetpools HTTP/1.1" status: 200 len: 193 time: 0.0051408
2026-07-10 00:53:30.107 10 INFO neutron.api.wsgi [None req-59186fb6-cb48-4db3-9630-4baaa6c74c2d b81e1998028545a3b6f2c38cae7035f1 ad5889d0256a493483d16a066b650057 - - default default] 10.0.0.98 "GET /v2.0/networks HTTP/1.1" status: 200 len: 2350 time: 0.0395305
2026-07-10 00:53:30.144 10 INFO neutron.api.wsgi [None req-45f3490e-cc94-42ad-a686-c68f250d107c b81e1998028545a3b6f2c38cae7035f1 ad5889d0256a493483d16a066b650057 - - default default] 10.0.0.98 "GET /v2.0/ports HTTP/1.1" status: 200 len: 5347 time: 0.0344486
2026-07-10 00:53:30.177 10 INFO neutron.api.wsgi [None req-0ecad7b3-27a5-48c2-8640-94a87e68614f b81e1998028545a3b6f2c38cae7035f1 ad5889d0256a493483d16a066b650057 - - default default] 10.0.0.98 "GET /v2.0/security-groups HTTP/1.1" status: 200 len: 17574 time: 0.0276067
2026-07-10 00:53:30.190 10 INFO neutron.api.wsgi [None req-df33729d-ce71-4be1-8ae5-216dea0a959a b81e1998028545a3b6f2c38cae7035f1 ad5889d0256a493483d16a066b650057 - - default default] 10.0.0.98 "GET /v2.0/network-ip-availabilities HTTP/1.1" status: 200 len: 1280 time: 0.0085723
2026-07-10 00:53:30.202 10 INFO neutron.api.wsgi [None req-aa32a8f4-812c-4b63-babb-000b19d4092a b81e1998028545a3b6f2c38cae7035f1 ad5889d0256a493483d16a066b650057 - - default default] 10.0.0.98 "GET /v2.0/floatingips HTTP/1.1" status: 200 len: 193 time: 0.0114086
2026-07-10 00:53:30.214 10 INFO neutron.api.wsgi [None req-548e5fd3-7df2-4dfa-817f-c3656bf45c87 b81e1998028545a3b6f2c38cae7035f1 ad5889d0256a493483d16a066b650057 - - default default] 10.0.0.98 "GET /v2.0/agents HTTP/1.1" status: 200 len: 1390 time: 0.0104859
2026-07-10 00:53:38.449 10 INFO neutron.api.wsgi [-] 10.0.0.225 "GET / HTTP/1.1" status: 200 len: 246 time: 0.0026500
2026-07-10 00:53:38.449 9 INFO neutron.api.wsgi [-] 10.0.0.225 "GET / HTTP/1.1" status: 200 len: 246 time: 0.0051942
2026-07-10 00:53:53.446 9 INFO neutron.api.wsgi [-] 10.0.0.225 "GET / HTTP/1.1" status: 200 len: 246 time: 0.0026939
2026-07-10 00:53:53.450 9 INFO neutron.api.wsgi [-] 10.0.0.225 "GET / HTTP/1.1" status: 200 len: 246 time: 0.0019426
2026-07-10 00:54:08.445 10 INFO neutron.api.wsgi [-] 10.0.0.225 "GET / HTTP/1.1" status: 200 len: 246 time: 0.0031312
2026-07-10 00:54:08.445 9 INFO neutron.api.wsgi [-] 10.0.0.225 "GET / HTTP/1.1" status: 200 len: 246 time: 0.0030658
2026-07-10 00:54:23.446 10 INFO neutron.api.wsgi [-] 10.0.0.225 "GET / HTTP/1.1" status: 200 len: 246 time: 0.0034416
2026-07-10 00:54:23.446 9 INFO neutron.api.wsgi [-] 10.0.0.225 "GET / HTTP/1.1" status: 200 len: 246 time: 0.0033219
2026-07-10 00:54:30.076 10 INFO neutron.api.wsgi [None req-aa08709d-24e4-49ec-a9b5-72d2c199a786 b81e1998028545a3b6f2c38cae7035f1 ad5889d0256a493483d16a066b650057 - - default default] 10.0.0.98 "GET /v2.0/subnets HTTP/1.1" status: 200 len: 1484 time: 0.1159742
2026-07-10 00:54:30.101 10 INFO neutron.api.wsgi [None req-7bd0220f-4c0c-4776-be5d-6b4df11c4249 b81e1998028545a3b6f2c38cae7035f1 ad5889d0256a493483d16a066b650057 - - default default] 10.0.0.98 "GET /v2.0/subnets HTTP/1.1" status: 200 len: 1484 time: 0.0244002
2026-07-10 00:54:30.108 10 INFO neutron.api.wsgi [None req-1b6ba896-b309-4679-b966-3b1076e165b7 b81e1998028545a3b6f2c38cae7035f1 ad5889d0256a493483d16a066b650057 - - default default] 10.0.0.98 "GET /v2.0/subnetpools HTTP/1.1" status: 200 len: 193 time: 0.0059855
2026-07-10 00:54:30.137 10 INFO neutron.api.wsgi [None req-ddad4975-074f-4be1-b090-a49e475922e8 b81e1998028545a3b6f2c38cae7035f1 ad5889d0256a493483d16a066b650057 - - default default] 10.0.0.98 "GET /v2.0/agents HTTP/1.1" status: 200 len: 1390 time: 0.0278435
2026-07-10 00:54:30.189 10 INFO neutron.api.wsgi [None req-8c4d32ad-d15f-40a1-899a-ecd7e2b4d2a4 b81e1998028545a3b6f2c38cae7035f1 ad5889d0256a493483d16a066b650057 - - default default] 10.0.0.98 "GET /v2.0/networks HTTP/1.1" status: 200 len: 2350 time: 0.0508533
2026-07-10 00:54:30.205 10 INFO neutron.api.wsgi [None req-f6d15547-aa34-47dc-a5b0-d5cbf33b87d5 b81e1998028545a3b6f2c38cae7035f1 ad5889d0256a493483d16a066b650057 - - default default] 10.0.0.98 "GET /v2.0/routers HTTP/1.1" status: 200 len: 189 time: 0.0136592
2026-07-10 00:54:30.213 10 INFO neutron.api.wsgi [None req-40bedac8-3ff2-4dfb-9f3d-903c94c57cd8 b81e1998028545a3b6f2c38cae7035f1 ad5889d0256a493483d16a066b650057 - - default default] 10.0.0.98 "GET /v2.0/agents?binary=ovn-controller HTTP/1.1" status: 200 len: 591 time: 0.0074286
2026-07-10 00:54:30.221 10 INFO neutron.api.wsgi [None req-548a5102-4d64-4fc8-b1e7-74a5f8143e05 b81e1998028545a3b6f2c38cae7035f1 ad5889d0256a493483d16a066b650057 - - default default] 10.0.0.98 "GET /v2.0/network-ip-availabilities HTTP/1.1" status: 200 len: 1280 time: 0.0077703
2026-07-10 00:54:30.259 10 INFO neutron.api.wsgi [None req-64b117eb-8250-4955-98f3-35dfc66ddf06 b81e1998028545a3b6f2c38cae7035f1 ad5889d0256a493483d16a066b650057 - - default default] 10.0.0.98 "GET /v2.0/ports HTTP/1.1" status: 200 len: 5347 time: 0.0370512
2026-07-10 00:54:30.276 10 INFO neutron.api.wsgi [None req-0ed84fcf-eb4c-4ce7-bc8a-a1be977c1d3c b81e1998028545a3b6f2c38cae7035f1 ad5889d0256a493483d16a066b650057 - - default default] 10.0.0.98 "GET /v2.0/floatingips HTTP/1.1" status: 200 len: 193 time: 0.0128896
2026-07-10 00:54:30.309 10 INFO neutron.api.wsgi [None req-4ab3bf3b-6c01-425e-bb43-5e44b4a9cf31 b81e1998028545a3b6f2c38cae7035f1 ad5889d0256a493483d16a066b650057 - - default default] 10.0.0.98 "GET /v2.0/security-groups HTTP/1.1" status: 200 len: 17574 time: 0.0326676
2026-07-10 00:54:38.445 9 INFO neutron.api.wsgi [-] 10.0.0.225 "GET / HTTP/1.1" status: 200 len: 246 time: 0.0023723
2026-07-10 00:54:38.447 10 INFO neutron.api.wsgi [-] 10.0.0.225 "GET / HTTP/1.1" status: 200 len: 246 time: 0.0037861
2026-07-10 00:54:53.445 10 INFO neutron.api.wsgi [-] 10.0.0.225 "GET / HTTP/1.1" status: 200 len: 246 time: 0.0025680
2026-07-10 00:54:53.447 9 INFO neutron.api.wsgi [-] 10.0.0.225 "GET / HTTP/1.1" status: 200 len: 246 time: 0.0041757
2026-07-10 00:55:08.446 10 INFO neutron.api.wsgi [-] 10.0.0.225 "GET / HTTP/1.1" status: 200 len: 246 time: 0.0037258
2026-07-10 00:55:08.446 9 INFO neutron.api.wsgi [-] 10.0.0.225 "GET / HTTP/1.1" status: 200 len: 246 time: 0.0030634
2026-07-10 00:55:23.446 10 INFO neutron.api.wsgi [-] 10.0.0.225 "GET / HTTP/1.1" status: 200 len: 246 time: 0.0031221
2026-07-10 00:55:23.450 9 INFO neutron.api.wsgi [-] 10.0.0.225 "GET / HTTP/1.1" status: 200 len: 246 time: 0.0076351
2026-07-10 00:55:30.088 10 INFO neutron.api.wsgi [None req-2194c6b7-049e-46d7-8656-5214d89ad47e b81e1998028545a3b6f2c38cae7035f1 ad5889d0256a493483d16a066b650057 - - default default] 10.0.0.98 "GET /v2.0/security-groups HTTP/1.1" status: 200 len: 17574 time: 0.1447597
2026-07-10 00:55:30.144 10 INFO neutron.api.wsgi [None req-eadb51bd-e865-4979-8060-a47714613edc b81e1998028545a3b6f2c38cae7035f1 ad5889d0256a493483d16a066b650057 - - default default] 10.0.0.98 "GET /v2.0/agents HTTP/1.1" status: 200 len: 1390 time: 0.0468833
2026-07-10 00:55:30.169 10 INFO neutron.api.wsgi [None req-bf38f213-ab8f-45b4-816a-92bf5104e47c b81e1998028545a3b6f2c38cae7035f1 ad5889d0256a493483d16a066b650057 - - default default] 10.0.0.98 "GET /v2.0/subnets HTTP/1.1" status: 200 len: 1484 time: 0.0240858
2026-07-10 00:55:30.176 10 INFO neutron.api.wsgi [None req-62a06dc8-66e5-429e-b485-497ccae5d7f2 b81e1998028545a3b6f2c38cae7035f1 ad5889d0256a493483d16a066b650057 - - default default] 10.0.0.98 "GET /v2.0/subnetpools HTTP/1.1" status: 200 len: 193 time: 0.0057094
2026-07-10 00:55:30.192 10 INFO neutron.api.wsgi [None req-007966cb-ea74-4c4d-b13c-86eef53df919 b81e1998028545a3b6f2c38cae7035f1 ad5889d0256a493483d16a066b650057 - - default default] 10.0.0.98 "GET /v2.0/floatingips HTTP/1.1" status: 200 len: 193 time: 0.0146019
2026-07-10 00:55:30.202 10 INFO neutron.api.wsgi [None req-fde50ffc-9cde-4c51-b2dc-7a613f5acfaa b81e1998028545a3b6f2c38cae7035f1 ad5889d0256a493483d16a066b650057 - - default default] 10.0.0.98 "GET /v2.0/network-ip-availabilities HTTP/1.1" status: 200 len: 1280 time: 0.0093393
2026-07-10 00:55:30.234 10 INFO neutron.api.wsgi [None req-f090ec22-8b3e-423f-afb4-8fb22d0208dd b81e1998028545a3b6f2c38cae7035f1 ad5889d0256a493483d16a066b650057 - - default default] 10.0.0.98 "GET /v2.0/subnets HTTP/1.1" status: 200 len: 1484 time: 0.0310016
2026-07-10 00:55:30.275 10 INFO neutron.api.wsgi [None req-b34cb7a4-bb5c-4f52-9d87-d416f4c82f64 b81e1998028545a3b6f2c38cae7035f1 ad5889d0256a493483d16a066b650057 - - default default] 10.0.0.98 "GET /v2.0/ports HTTP/1.1" status: 200 len: 5347 time: 0.0388286
2026-07-10 00:55:30.296 10 INFO neutron.api.wsgi [None req-3c9c2752-8692-4eb6-8b5b-6314860333ee b81e1998028545a3b6f2c38cae7035f1 ad5889d0256a493483d16a066b650057 - - default default] 10.0.0.98 "GET /v2.0/routers HTTP/1.1" status: 200 len: 189 time: 0.0147405
2026-07-10 00:55:30.303 10 INFO neutron.api.wsgi [None req-f4929a33-2673-4101-87ba-1ad9d780fdd0 b81e1998028545a3b6f2c38cae7035f1 ad5889d0256a493483d16a066b650057 - - default default] 10.0.0.98 "GET /v2.0/agents?binary=ovn-controller HTTP/1.1" status: 200 len: 591 time: 0.0064313
2026-07-10 00:55:30.350 10 INFO neutron.api.wsgi [None req-28285686-ff68-43f1-a5c1-03dba9142a4f b81e1998028545a3b6f2c38cae7035f1 ad5889d0256a493483d16a066b650057 - - default default] 10.0.0.98 "GET /v2.0/networks HTTP/1.1" status: 200 len: 2350 time: 0.0456545
2026-07-10 00:55:38.444 9 INFO neutron.api.wsgi [-] 10.0.0.225 "GET / HTTP/1.1" status: 200 len: 246 time: 0.0020461
2026-07-10 00:55:38.447 9 INFO neutron.api.wsgi [-] 10.0.0.225 "GET / HTTP/1.1" status: 200 len: 246 time: 0.0020275
2026-07-10 00:55:53.445 10 INFO neutron.api.wsgi [-] 10.0.0.225 "GET / HTTP/1.1" status: 200 len: 246 time: 0.0027227
2026-07-10 00:55:53.446 9 INFO neutron.api.wsgi [-] 10.0.0.225 "GET / HTTP/1.1" status: 200 len: 246 time: 0.0034506
2026-07-10 00:56:08.444 9 INFO neutron.api.wsgi [-] 10.0.0.225 "GET / HTTP/1.1" status: 200 len: 246 time: 0.0016041
2026-07-10 00:56:08.445 10 INFO neutron.api.wsgi [-] 10.0.0.225 "GET / HTTP/1.1" status: 200 len: 246 time: 0.0026259
2026-07-10 00:56:12.310 15 INFO neutron.plugins.ml2.drivers.ovn.mech_driver.ovsdb.maintenance [None req-62a055e7-209f-4a6c-8cc7-48be2bbe53eb - - - - - -] OVN maintenance task check_for_inconsistencies finished in 0.021 seconds
2026-07-10 00:56:23.444 9 INFO neutron.api.wsgi [-] 10.0.0.225 "GET / HTTP/1.1" status: 200 len: 246 time: 0.0016651
2026-07-10 00:56:23.446 9 INFO neutron.api.wsgi [-] 10.0.0.225 "GET / HTTP/1.1" status: 200 len: 246 time: 0.0016243
2026-07-10 00:56:29.969 10 INFO neutron.api.wsgi [None req-8d165439-e311-4680-b599-06c8bce1cbfc b81e1998028545a3b6f2c38cae7035f1 ad5889d0256a493483d16a066b650057 - - default default] 10.0.0.98 "GET /v2.0/routers HTTP/1.1" status: 200 len: 189 time: 0.0503166
2026-07-10 00:56:30.006 10 INFO neutron.api.wsgi [None req-04b8a52a-16ff-4319-b338-272f5ae51014 b81e1998028545a3b6f2c38cae7035f1 ad5889d0256a493483d16a066b650057 - - default default] 10.0.0.98 "GET /v2.0/agents?binary=ovn-controller HTTP/1.1" status: 200 len: 591 time: 0.0364070
2026-07-10 00:56:30.033 10 INFO neutron.api.wsgi [None req-a9d77e01-1b73-4301-933e-67127e66c3fa b81e1998028545a3b6f2c38cae7035f1 ad5889d0256a493483d16a066b650057 - - default default] 10.0.0.98 "GET /v2.0/subnets HTTP/1.1" status: 200 len: 1484 time: 0.0263286
2026-07-10 00:56:30.040 10 INFO neutron.api.wsgi [None req-ec5bc471-24d6-401f-869c-ed9d23f3100a b81e1998028545a3b6f2c38cae7035f1 ad5889d0256a493483d16a066b650057 - - default default] 10.0.0.98 "GET /v2.0/subnetpools HTTP/1.1" status: 200 len: 193 time: 0.0057814
2026-07-10 00:56:30.051 10 INFO neutron.api.wsgi [None req-ebde7716-2503-4575-979f-382cde344c13 b81e1998028545a3b6f2c38cae7035f1 ad5889d0256a493483d16a066b650057 - - default default] 10.0.0.98 "GET /v2.0/floatingips HTTP/1.1" status: 200 len: 193 time: 0.0104508
2026-07-10 00:56:30.088 10 INFO neutron.api.wsgi [None req-32df5676-1dcb-4571-96d4-646fddf44c51 b81e1998028545a3b6f2c38cae7035f1 ad5889d0256a493483d16a066b650057 - - default default] 10.0.0.98 "GET /v2.0/networks HTTP/1.1" status: 200 len: 2350 time: 0.0365508
2026-07-10 00:56:30.122 10 INFO neutron.api.wsgi [None req-ee2ee0e8-c478-4353-adb6-59ba04266aaf b81e1998028545a3b6f2c38cae7035f1 ad5889d0256a493483d16a066b650057 - - default default] 10.0.0.98 "GET /v2.0/security-groups HTTP/1.1" status: 200 len: 17574 time: 0.0319531
2026-07-10 00:56:30.150 10 INFO neutron.api.wsgi [None req-33d23686-f1c2-4f2b-826a-26322a9b5e66 b81e1998028545a3b6f2c38cae7035f1 ad5889d0256a493483d16a066b650057 - - default default] 10.0.0.98 "GET /v2.0/subnets HTTP/1.1" status: 200 len: 1484 time: 0.0223367
2026-07-10 00:56:30.159 10 INFO neutron.api.wsgi [None req-cbd2aefd-d725-4149-b74a-0a2aea4eea6d b81e1998028545a3b6f2c38cae7035f1 ad5889d0256a493483d16a066b650057 - - default default] 10.0.0.98 "GET /v2.0/network-ip-availabilities HTTP/1.1" status: 200 len: 1280 time: 0.0077806
2026-07-10 00:56:30.166 10 INFO neutron.api.wsgi [None req-58e80c00-0754-456f-bda0-67cb8be0d6b8 b81e1998028545a3b6f2c38cae7035f1 ad5889d0256a493483d16a066b650057 - - default default] 10.0.0.98 "GET /v2.0/agents HTTP/1.1" status: 200 len: 1390 time: 0.0072217
2026-07-10 00:56:30.201 10 INFO neutron.api.wsgi [None req-daf48e0c-297b-4b58-bccf-7082d0253d1a b81e1998028545a3b6f2c38cae7035f1 ad5889d0256a493483d16a066b650057 - - default default] 10.0.0.98 "GET /v2.0/ports HTTP/1.1" status: 200 len: 5347 time: 0.0315566
2026-07-10 00:56:38.445 10 INFO neutron.api.wsgi [-] 10.0.0.225 "GET / HTTP/1.1" status: 200 len: 246 time: 0.0021553
2026-07-10 00:56:38.448 10 INFO neutron.api.wsgi [-] 10.0.0.225 "GET / HTTP/1.1" status: 200 len: 246 time: 0.0017149
2026-07-10 00:56:53.443 9 INFO neutron.api.wsgi [-] 10.0.0.225 "GET / HTTP/1.1" status: 200 len: 246 time: 0.0018089
2026-07-10 00:56:53.445 9 INFO neutron.api.wsgi [-] 10.0.0.225 "GET / HTTP/1.1" status: 200 len: 246 time: 0.0013475
2026-07-10 00:57:08.446 10 INFO neutron.api.wsgi [-] 10.0.0.225 "GET / HTTP/1.1" status: 200 len: 246 time: 0.0032754
2026-07-10 00:57:08.446 9 INFO neutron.api.wsgi [-] 10.0.0.225 "GET / HTTP/1.1" status: 200 len: 246 time: 0.0035906
2026-07-10 00:57:11.796 9 INFO neutron.pecan_wsgi.hooks.translation [None req-52743e79-db3f-49ea-b7f9-6f608e716a87 b81e1998028545a3b6f2c38cae7035f1 ad5889d0256a493483d16a066b650057 - - default default] GET failed (client error): The resource could not be found.
2026-07-10 00:57:11.799 9 INFO neutron.api.wsgi [None req-52743e79-db3f-49ea-b7f9-6f608e716a87 b81e1998028545a3b6f2c38cae7035f1 ad5889d0256a493483d16a066b650057 - - default default] 199.204.45.53,10.0.0.225 "GET /v2.0/networks/public HTTP/1.1" status: 404 len: 290 time: 0.0641055
2026-07-10 00:57:11.865 9 INFO neutron.api.wsgi [None req-060bcb8e-99ae-4e73-af4a-cd95521bdfa0 b81e1998028545a3b6f2c38cae7035f1 ad5889d0256a493483d16a066b650057 - - default default] 199.204.45.53,10.0.0.225 "GET /v2.0/networks?name=public HTTP/1.1" status: 200 len: 928 time: 0.0618691
2026-07-10 00:57:13.106 9 INFO neutron.pecan_wsgi.hooks.translation [None req-e360d803-0ca8-4705-8324-d72b077a3d83 b81e1998028545a3b6f2c38cae7035f1 ad5889d0256a493483d16a066b650057 - - default default] GET failed (client error): The resource could not be found.
2026-07-10 00:57:13.107 9 INFO neutron.api.wsgi [None req-e360d803-0ca8-4705-8324-d72b077a3d83 b81e1998028545a3b6f2c38cae7035f1 ad5889d0256a493483d16a066b650057 - - default default] 199.204.45.53,10.0.0.225 "GET /v2.0/networks/public HTTP/1.1" status: 404 len: 290 time: 0.0340371
2026-07-10 00:57:13.148 9 INFO neutron.api.wsgi [None req-4257420a-a540-420c-ac52-f5909b1745b3 b81e1998028545a3b6f2c38cae7035f1 ad5889d0256a493483d16a066b650057 - - default default] 199.204.45.53,10.0.0.225 "GET /v2.0/networks?name=public HTTP/1.1" status: 200 len: 928 time: 0.0377104
2026-07-10 00:57:13.169 9 INFO neutron.pecan_wsgi.hooks.translation [None req-a6d254fd-2ce6-4522-9a8d-d91519506e7b b81e1998028545a3b6f2c38cae7035f1 ad5889d0256a493483d16a066b650057 - - default default] GET failed (client error): The resource could not be found.
2026-07-10 00:57:13.170 9 INFO neutron.api.wsgi [None req-a6d254fd-2ce6-4522-9a8d-d91519506e7b b81e1998028545a3b6f2c38cae7035f1 ad5889d0256a493483d16a066b650057 - - default default] 199.204.45.53,10.0.0.225 "GET /v2.0/subnets/public-subnet?network_id=3bc58217-06a1-47e8-b7e9-00c2564b8f04 HTTP/1.1" status: 404 len: 295 time: 0.0127802
2026-07-10 00:57:13.200 9 INFO neutron.api.wsgi [None req-49a80a8a-3790-48a8-8f57-dd75274bb025 b81e1998028545a3b6f2c38cae7035f1 ad5889d0256a493483d16a066b650057 - - default default] 199.204.45.53,10.0.0.225 "GET /v2.0/subnets?name=public-subnet&network_id=3bc58217-06a1-47e8-b7e9-00c2564b8f04 HTTP/1.1" status: 200 len: 842 time: 0.0255694
2026-07-10 00:57:23.445 9 INFO neutron.api.wsgi [-] 10.0.0.225 "GET / HTTP/1.1" status: 200 len: 246 time: 0.0022049
2026-07-10 00:57:23.446 10 INFO neutron.api.wsgi [-] 10.0.0.225 "GET / HTTP/1.1" status: 200 len: 246 time: 0.0029237
2026-07-10 00:57:29.963 10 INFO neutron.api.wsgi [None req-80dd27ba-f549-4828-ae20-ce6671a3e2e4 b81e1998028545a3b6f2c38cae7035f1 ad5889d0256a493483d16a066b650057 - - default default] 10.0.0.98 "GET /v2.0/floatingips HTTP/1.1" status: 200 len: 193 time: 0.0519674
2026-07-10 00:57:30.004 10 INFO neutron.api.wsgi [None req-45ce2f95-109d-4bb2-9f4c-f0ae95ea2bf7 b81e1998028545a3b6f2c38cae7035f1 ad5889d0256a493483d16a066b650057 - - default default] 10.0.0.98 "GET /v2.0/security-groups HTTP/1.1" status: 200 len: 17574 time: 0.0399504
2026-07-10 00:57:30.036 10 INFO neutron.api.wsgi [None req-8f3ec008-c3b2-4578-97e6-86461106783d b81e1998028545a3b6f2c38cae7035f1 ad5889d0256a493483d16a066b650057 - - default default] 10.0.0.98 "GET /v2.0/subnets HTTP/1.1" status: 200 len: 1484 time: 0.0258231
2026-07-10 00:57:30.051 10 INFO neutron.api.wsgi [None req-b065de79-dffc-43f9-9c9d-471d2c089af4 b81e1998028545a3b6f2c38cae7035f1 ad5889d0256a493483d16a066b650057 - - default default] 10.0.0.98 "GET /v2.0/routers HTTP/1.1" status: 200 len: 189 time: 0.0139287
2026-07-10 00:57:30.087 10 INFO neutron.api.wsgi [None req-4e2c7755-2efc-4635-bf32-ab1409c25a77 b81e1998028545a3b6f2c38cae7035f1 ad5889d0256a493483d16a066b650057 - - default default] 10.0.0.98 "GET /v2.0/agents?binary=ovn-controller HTTP/1.1" status: 200 len: 591 time: 0.0358737
2026-07-10 00:57:30.102 10 INFO neutron.api.wsgi [None req-759a6db4-0bd0-4f88-a0f9-6ce36555ecab b81e1998028545a3b6f2c38cae7035f1 ad5889d0256a493483d16a066b650057 - - default default] 10.0.0.98 "GET /v2.0/agents HTTP/1.1" status: 200 len: 1390 time: 0.0134170
2026-07-10 00:57:30.112 10 INFO neutron.api.wsgi [None req-713e595e-b082-4097-9ad0-94e52d9ce873 b81e1998028545a3b6f2c38cae7035f1 ad5889d0256a493483d16a066b650057 - - default default] 10.0.0.98 "GET /v2.0/network-ip-availabilities HTTP/1.1" status: 200 len: 1280 time: 0.0089266
2026-07-10 00:57:30.162 10 INFO neutron.api.wsgi [None req-1b9d33d8-2ba7-4e35-80fb-f9b05cb1db92 b81e1998028545a3b6f2c38cae7035f1 ad5889d0256a493483d16a066b650057 - - default default] 10.0.0.98 "GET /v2.0/ports HTTP/1.1" status: 200 len: 5347 time: 0.0481796
2026-07-10 00:57:30.214 10 INFO neutron.api.wsgi [None req-4faf3d7f-d26c-46f2-8553-a8f09f36c6c1 b81e1998028545a3b6f2c38cae7035f1 ad5889d0256a493483d16a066b650057 - - default default] 10.0.0.98 "GET /v2.0/networks HTTP/1.1" status: 200 len: 2350 time: 0.0475092
2026-07-10 00:57:30.267 10 INFO neutron.api.wsgi [None req-1de6dab5-9da4-4262-8bb7-05a11ffba6cd b81e1998028545a3b6f2c38cae7035f1 ad5889d0256a493483d16a066b650057 - - default default] 10.0.0.98 "GET /v2.0/subnets HTTP/1.1" status: 200 len: 1484 time: 0.0499182
2026-07-10 00:57:30.273 10 INFO neutron.api.wsgi [None req-d323573d-291c-4047-b55a-3fc541c09ae3 b81e1998028545a3b6f2c38cae7035f1 ad5889d0256a493483d16a066b650057 - - default default] 10.0.0.98 "GET /v2.0/subnetpools HTTP/1.1" status: 200 len: 193 time: 0.0058076
2026-07-10 00:57:38.445 10 INFO neutron.api.wsgi [-] 10.0.0.225 "GET / HTTP/1.1" status: 200 len: 246 time: 0.0025916
2026-07-10 00:57:38.446 9 INFO neutron.api.wsgi [-] 10.0.0.225 "GET / HTTP/1.1" status: 200 len: 246 time: 0.0030897
2026-07-10 00:57:41.953 9 INFO neutron.pecan_wsgi.hooks.translation [None req-3927b584-7cba-4ac6-8530-b31abfb20be6 b81e1998028545a3b6f2c38cae7035f1 ad5889d0256a493483d16a066b650057 - - default default] GET failed (client error): The resource could not be found.
2026-07-10 00:57:41.954 9 INFO neutron.api.wsgi [None req-3927b584-7cba-4ac6-8530-b31abfb20be6 b81e1998028545a3b6f2c38cae7035f1 ad5889d0256a493483d16a066b650057 - - default default] 199.204.45.53,10.0.0.225 "GET /v2.0/networks/lb-mgmt-net HTTP/1.1" status: 404 len: 295 time: 0.0581725
2026-07-10 00:57:42.001 9 INFO neutron.api.wsgi [None req-93e4a589-f6f8-4ea8-9378-64e22e0bc83c b81e1998028545a3b6f2c38cae7035f1 ad5889d0256a493483d16a066b650057 - - default default] 199.204.45.53,10.0.0.225 "GET /v2.0/networks?name=lb-mgmt-net HTTP/1.1" status: 200 len: 913 time: 0.0425234
2026-07-10 00:57:43.009 9 INFO neutron.pecan_wsgi.hooks.translation [None req-c27ab3e0-ff19-439a-a9a1-726d77593147 b81e1998028545a3b6f2c38cae7035f1 ad5889d0256a493483d16a066b650057 - - default default] GET failed (client error): The resource could not be found.
2026-07-10 00:57:43.011 9 INFO neutron.api.wsgi [None req-c27ab3e0-ff19-439a-a9a1-726d77593147 b81e1998028545a3b6f2c38cae7035f1 ad5889d0256a493483d16a066b650057 - - default default] 199.204.45.53,10.0.0.225 "GET /v2.0/networks/lb-mgmt-net HTTP/1.1" status: 404 len: 295 time: 0.0494447
2026-07-10 00:57:43.063 9 INFO neutron.api.wsgi [None req-5bd3337b-dad6-4f38-9099-321ee67dca74 b81e1998028545a3b6f2c38cae7035f1 ad5889d0256a493483d16a066b650057 - - default default] 199.204.45.53,10.0.0.225 "GET /v2.0/networks?name=lb-mgmt-net HTTP/1.1" status: 200 len: 913 time: 0.0485439
2026-07-10 00:57:43.085 9 INFO neutron.pecan_wsgi.hooks.translation [None req-bb9b4659-abd4-450c-874d-1be32d9b5085 b81e1998028545a3b6f2c38cae7035f1 ad5889d0256a493483d16a066b650057 - - default default] GET failed (client error): The resource could not be found.
2026-07-10 00:57:43.087 9 INFO neutron.api.wsgi [None req-bb9b4659-abd4-450c-874d-1be32d9b5085 b81e1998028545a3b6f2c38cae7035f1 ad5889d0256a493483d16a066b650057 - - default default] 199.204.45.53,10.0.0.225 "GET /v2.0/subnets/lb-mgmt-subnet?network_id=fe68388a-da74-40ee-97db-c2a80b852e2b HTTP/1.1" status: 404 len: 296 time: 0.0152128
2026-07-10 00:57:43.122 9 INFO neutron.api.wsgi [None req-86f19dcb-ab16-4aff-89f2-8ed721095d6c b81e1998028545a3b6f2c38cae7035f1 ad5889d0256a493483d16a066b650057 - - default default] 199.204.45.53,10.0.0.225 "GET /v2.0/subnets?name=lb-mgmt-subnet&network_id=fe68388a-da74-40ee-97db-c2a80b852e2b HTTP/1.1" status: 200 len: 829 time: 0.0318172
2026-07-10 00:57:44.205 9 INFO neutron.api.v2.resource [None req-80062488-93ac-43f4-95d9-3abcee87c673 b81e1998028545a3b6f2c38cae7035f1 ad5889d0256a493483d16a066b650057 - - default default] show failed (client error): The resource could not be found.
2026-07-10 00:57:44.206 9 INFO neutron.api.wsgi [None req-80062488-93ac-43f4-95d9-3abcee87c673 b81e1998028545a3b6f2c38cae7035f1 ad5889d0256a493483d16a066b650057 - - default default] 199.204.45.53,10.0.0.225 "GET /v2.0/security-groups/lb-health-mgr-sec-grp HTTP/1.1" status: 404 len: 313 time: 0.0375373
2026-07-10 00:57:44.240 9 INFO neutron.api.wsgi [None req-2ad28e14-2b89-4f59-8784-f2e4ec74932a b81e1998028545a3b6f2c38cae7035f1 ad5889d0256a493483d16a066b650057 - - default default] 199.204.45.53,10.0.0.225 "GET /v2.0/security-groups?name=lb-health-mgr-sec-grp HTTP/1.1" status: 200 len: 4866 time: 0.0300035
2026-07-10 00:57:45.323 9 INFO neutron.api.wsgi [None req-d4e7f477-7e46-458a-a479-28177a367ad6 b81e1998028545a3b6f2c38cae7035f1 ad5889d0256a493483d16a066b650057 - - default default] 199.204.45.53,10.0.0.225 "GET /v2.0/security-groups/3a4c888c-d782-418d-a366-c11b671d1cba HTTP/1.1" status: 200 len: 4870 time: 0.0700374
2026-07-10 00:57:45.354 9 INFO neutron.api.wsgi [None req-4a458867-3a8e-49a9-934e-528575b52e93 b81e1998028545a3b6f2c38cae7035f1 ad5889d0256a493483d16a066b650057 - - default default] 199.204.45.53,10.0.0.225 "GET /v2.0/security-groups/3a4c888c-d782-418d-a366-c11b671d1cba HTTP/1.1" status: 200 len: 4870 time: 0.0258765
2026-07-10 00:57:45.383 9 INFO neutron.api.wsgi [None req-9bb9c1a0-c73d-4bc0-9c83-caf06d129c62 b81e1998028545a3b6f2c38cae7035f1 ad5889d0256a493483d16a066b650057 - - default default] 199.204.45.53,10.0.0.225 "GET /v2.0/security-group-rules/bb5849d1-7c13-425e-b1bd-edfe5248959b HTTP/1.1" status: 200 len: 776 time: 0.0218170
2026-07-10 00:57:46.282 9 INFO neutron.api.wsgi [None req-8c0809d4-ddaa-44e2-9738-9fab22a76274 b81e1998028545a3b6f2c38cae7035f1 ad5889d0256a493483d16a066b650057 - - default default] 199.204.45.53,10.0.0.225 "GET /v2.0/security-groups/3a4c888c-d782-418d-a366-c11b671d1cba HTTP/1.1" status: 200 len: 4870 time: 0.0664713
2026-07-10 00:57:46.325 9 INFO neutron.api.wsgi [None req-f54e027e-895d-480f-917f-d2bdf4a090d0 b81e1998028545a3b6f2c38cae7035f1 ad5889d0256a493483d16a066b650057 - - default default] 199.204.45.53,10.0.0.225 "GET /v2.0/security-groups/3a4c888c-d782-418d-a366-c11b671d1cba HTTP/1.1" status: 200 len: 4870 time: 0.0332007
2026-07-10 00:57:46.353 9 INFO neutron.api.wsgi [None req-2e96ae6d-d733-4e03-83f6-1a6bf2a0c621 b81e1998028545a3b6f2c38cae7035f1 ad5889d0256a493483d16a066b650057 - - default default] 199.204.45.53,10.0.0.225 "GET /v2.0/security-group-rules/845111ee-6055-470b-8b6b-146ef6e59bca HTTP/1.1" status: 200 len: 778 time: 0.0201309
2026-07-10 00:57:47.323 9 INFO neutron.api.wsgi [None req-1ac50949-e35f-41d4-9eb1-0d40b47a2714 b81e1998028545a3b6f2c38cae7035f1 ad5889d0256a493483d16a066b650057 - - default default] 199.204.45.53,10.0.0.225 "GET /v2.0/security-groups/3a4c888c-d782-418d-a366-c11b671d1cba HTTP/1.1" status: 200 len: 4870 time: 0.0628057
2026-07-10 00:57:47.363 9 INFO neutron.api.wsgi [None req-cf28c161-0975-408c-837f-9154f834b46c b81e1998028545a3b6f2c38cae7035f1 ad5889d0256a493483d16a066b650057 - - default default] 199.204.45.53,10.0.0.225 "GET /v2.0/security-groups/3a4c888c-d782-418d-a366-c11b671d1cba HTTP/1.1" status: 200 len: 4870 time: 0.0338230
2026-07-10 00:57:47.386 9 INFO neutron.api.wsgi [None req-571393c9-c180-4f2f-9d3d-1dc9082c594f b81e1998028545a3b6f2c38cae7035f1 ad5889d0256a493483d16a066b650057 - - default default] 199.204.45.53,10.0.0.225 "GET /v2.0/security-group-rules/cf5cd17d-f4a7-4204-b67a-4ceecb96bca3 HTTP/1.1" status: 200 len: 778 time: 0.0138314
2026-07-10 00:57:48.324 9 INFO neutron.api.wsgi [None req-5aab2aa0-24fc-46cf-b52f-10834e45c4cb b81e1998028545a3b6f2c38cae7035f1 ad5889d0256a493483d16a066b650057 - - default default] 199.204.45.53,10.0.0.225 "GET /v2.0/security-groups/3a4c888c-d782-418d-a366-c11b671d1cba HTTP/1.1" status: 200 len: 4870 time: 0.0591896
2026-07-10 00:57:48.361 9 INFO neutron.api.wsgi [None req-52c17fc8-be62-4680-99d7-831557cb990c b81e1998028545a3b6f2c38cae7035f1 ad5889d0256a493483d16a066b650057 - - default default] 199.204.45.53,10.0.0.225 "GET /v2.0/security-groups/3a4c888c-d782-418d-a366-c11b671d1cba HTTP/1.1" status: 200 len: 4870 time: 0.0294485
2026-07-10 00:57:48.382 9 INFO neutron.api.wsgi [None req-46c525b7-acff-4a50-95ad-a1bd73ba440c b81e1998028545a3b6f2c38cae7035f1 ad5889d0256a493483d16a066b650057 - - default default] 199.204.45.53,10.0.0.225 "GET /v2.0/security-group-rules/1fa2029b-36a1-475c-a144-26e0b35266d3 HTTP/1.1" status: 200 len: 778 time: 0.0134816
2026-07-10 00:57:49.343 9 INFO neutron.api.wsgi [None req-c10be85b-bb3a-41e0-99bf-e7e560b6edf7 b81e1998028545a3b6f2c38cae7035f1 ad5889d0256a493483d16a066b650057 - - default default] 199.204.45.53,10.0.0.225 "GET /v2.0/security-groups/3a4c888c-d782-418d-a366-c11b671d1cba HTTP/1.1" status: 200 len: 4870 time: 0.0572643
2026-07-10 00:57:49.395 9 INFO neutron.api.wsgi [None req-e74ce253-ff29-4aef-8602-f461d259f95c b81e1998028545a3b6f2c38cae7035f1 ad5889d0256a493483d16a066b650057 - - default default] 199.204.45.53,10.0.0.225 "GET /v2.0/security-groups/3a4c888c-d782-418d-a366-c11b671d1cba HTTP/1.1" status: 200 len: 4870 time: 0.0445857
2026-07-10 00:57:49.423 9 INFO neutron.api.wsgi [None req-c9a87204-277e-4352-9516-8819947f8e7b b81e1998028545a3b6f2c38cae7035f1 ad5889d0256a493483d16a066b650057 - - default default] 199.204.45.53,10.0.0.225 "GET /v2.0/security-group-rules/33f97573-5dd8-49b8-a38a-37a62ced0b5b HTTP/1.1" status: 200 len: 778 time: 0.0194476
2026-07-10 00:57:50.793 9 INFO neutron.api.wsgi [None req-1ed62083-44f0-436c-a313-efed23ad315c b81e1998028545a3b6f2c38cae7035f1 ad5889d0256a493483d16a066b650057 - - default default] 199.204.45.53,10.0.0.225 "GET /v2.0/networks/fe68388a-da74-40ee-97db-c2a80b852e2b HTTP/1.1" status: 200 len: 910 time: 0.0753942
2026-07-10 00:57:50.812 9 INFO neutron.pecan_wsgi.hooks.translation [None req-0efd00c2-4bf3-4685-9904-ed2b78b6380c b81e1998028545a3b6f2c38cae7035f1 ad5889d0256a493483d16a066b650057 - - default default] GET failed (client error): The resource could not be found.
2026-07-10 00:57:50.813 9 INFO neutron.api.wsgi [None req-0efd00c2-4bf3-4685-9904-ed2b78b6380c b81e1998028545a3b6f2c38cae7035f1 ad5889d0256a493483d16a066b650057 - - default default] 199.204.45.53,10.0.0.225 "GET /v2.0/ports/octavia-health-manager-port-instance?network_id=fe68388a-da74-40ee-97db-c2a80b852e2b HTTP/1.1" status: 404 len: 314 time: 0.0152676
2026-07-10 00:57:50.849 9 INFO neutron.api.wsgi [None req-3ccda227-5239-4dba-934c-86f43713ad64 b81e1998028545a3b6f2c38cae7035f1 ad5889d0256a493483d16a066b650057 - - default default] 199.204.45.53,10.0.0.225 "GET /v2.0/ports?name=octavia-health-manager-port-instance&network_id=fe68388a-da74-40ee-97db-c2a80b852e2b HTTP/1.1" status: 200 len: 1395 time: 0.0335548
2026-07-10 00:57:50.891 9 INFO neutron.api.wsgi [None req-91ed90fd-90f7-4302-8225-bcd52c188455 b81e1998028545a3b6f2c38cae7035f1 ad5889d0256a493483d16a066b650057 - - default default] 199.204.45.53,10.0.0.225 "GET /v2.0/security-groups/3a4c888c-d782-418d-a366-c11b671d1cba HTTP/1.1" status: 200 len: 4870 time: 0.0333238
2026-07-10 00:57:53.445 9 INFO neutron.api.wsgi [-] 10.0.0.225 "GET / HTTP/1.1" status: 200 len: 246 time: 0.0025280
2026-07-10 00:57:53.445 10 INFO neutron.api.wsgi [-] 10.0.0.225 "GET / HTTP/1.1" status: 200 len: 246 time: 0.0025995
2026-07-10 00:57:57.900 9 INFO neutron.pecan_wsgi.hooks.translation [None req-25a30990-f11a-4d12-902b-110aeb03c03a b81e1998028545a3b6f2c38cae7035f1 ad5889d0256a493483d16a066b650057 - - default default] GET failed (client error): The resource could not be found.
2026-07-10 00:57:57.902 9 INFO neutron.api.wsgi [None req-25a30990-f11a-4d12-902b-110aeb03c03a b81e1998028545a3b6f2c38cae7035f1 ad5889d0256a493483d16a066b650057 - - default default] 199.204.45.53,10.0.0.225 "GET /v2.0/ports/octavia-health-manager-port-instance HTTP/1.1" status: 404 len: 314 time: 0.0554941
2026-07-10 00:57:57.943 9 INFO neutron.api.wsgi [None req-a7b3a1ba-f947-49a3-8074-804a2882bfb0 b81e1998028545a3b6f2c38cae7035f1 ad5889d0256a493483d16a066b650057 - - default default] 199.204.45.53,10.0.0.225 "GET /v2.0/ports?name=octavia-health-manager-port-instance HTTP/1.1" status: 200 len: 1395 time: 0.0377915
2026-07-10 00:57:59.481 9 INFO neutron.api.wsgi [None req-d7edc199-1729-4f9e-8c3c-335658b8cde3 b81e1998028545a3b6f2c38cae7035f1 ad5889d0256a493483d16a066b650057 - - default default] 199.204.45.53,10.0.0.225 "GET /v2.0/ports HTTP/1.1" status: 200 len: 5347 time: 0.0793791
2026-07-10 00:58:00.587 9 INFO neutron.api.v2.resource [None req-d4dad7ef-8c63-4b6f-8b23-33287860caec b81e1998028545a3b6f2c38cae7035f1 ad5889d0256a493483d16a066b650057 - - default default] show failed (client error): The resource could not be found.
2026-07-10 00:58:00.588 9 INFO neutron.api.wsgi [None req-d4dad7ef-8c63-4b6f-8b23-33287860caec b81e1998028545a3b6f2c38cae7035f1 ad5889d0256a493483d16a066b650057 - - default default] 199.204.45.53,10.0.0.225 "GET /v2.0/security-groups/lb-mgmt-sec-grp HTTP/1.1" status: 404 len: 307 time: 0.0377851
2026-07-10 00:58:00.625 9 INFO neutron.api.wsgi [None req-3ee6f8cc-d63c-4c26-9555-546c1956a965 b81e1998028545a3b6f2c38cae7035f1 ad5889d0256a493483d16a066b650057 - - default default] 199.204.45.53,10.0.0.225 "GET /v2.0/security-groups?name=lb-mgmt-sec-grp HTTP/1.1" status: 200 len: 3057 time: 0.0340345
2026-07-10 00:58:01.749 9 INFO neutron.api.wsgi [None req-40ab6408-e299-4f32-aa30-7d5c26212b99 b81e1998028545a3b6f2c38cae7035f1 ad5889d0256a493483d16a066b650057 - - default default] 199.204.45.53,10.0.0.225 "GET /v2.0/security-groups/ef98e900-ee12-4c85-9037-4900475b8370 HTTP/1.1" status: 200 len: 3058 time: 0.0480776
2026-07-10 00:58:01.785 9 INFO neutron.api.wsgi [None req-9d4c756f-0082-45f1-bc92-53658b2e0bcf b81e1998028545a3b6f2c38cae7035f1 ad5889d0256a493483d16a066b650057 - - default default] 199.204.45.53,10.0.0.225 "GET /v2.0/security-groups/ef98e900-ee12-4c85-9037-4900475b8370 HTTP/1.1" status: 200 len: 3058 time: 0.0280969
2026-07-10 00:58:01.807 9 INFO neutron.api.wsgi [None req-10f7cb62-9b9e-46a6-8931-c18a5f254a75 b81e1998028545a3b6f2c38cae7035f1 ad5889d0256a493483d16a066b650057 - - default default] 199.204.45.53,10.0.0.225 "GET /v2.0/security-group-rules/b756d6a2-0614-48b6-8233-f06cbb1dabb7 HTTP/1.1" status: 200 len: 796 time: 0.0144606
2026-07-10 00:58:02.687 9 INFO neutron.api.wsgi [None req-664fe3cf-a9c0-4406-8b6b-927450cf468b b81e1998028545a3b6f2c38cae7035f1 ad5889d0256a493483d16a066b650057 - - default default] 199.204.45.53,10.0.0.225 "GET /v2.0/security-groups/ef98e900-ee12-4c85-9037-4900475b8370 HTTP/1.1" status: 200 len: 3058 time: 0.0564530
2026-07-10 00:58:02.718 9 INFO neutron.api.wsgi [None req-b74c4e31-d5f6-4e05-8535-41948ffaf735 b81e1998028545a3b6f2c38cae7035f1 ad5889d0256a493483d16a066b650057 - - default default] 199.204.45.53,10.0.0.225 "GET /v2.0/security-groups/ef98e900-ee12-4c85-9037-4900475b8370 HTTP/1.1" status: 200 len: 3058 time: 0.0239460
2026-07-10 00:58:02.736 9 INFO neutron.api.wsgi [None req-200bbabf-893c-46eb-bb4d-b2707dd685ba b81e1998028545a3b6f2c38cae7035f1 ad5889d0256a493483d16a066b650057 - - default default] 199.204.45.53,10.0.0.225 "GET /v2.0/security-group-rules/5004cf1c-e850-4ff9-8121-d247119845f5 HTTP/1.1" status: 200 len: 800 time: 0.0126584
2026-07-10 00:58:08.445 10 INFO neutron.api.wsgi [-] 10.0.0.225 "GET / HTTP/1.1" status: 200 len: 246 time: 0.0017011
2026-07-10 00:58:08.445 9 INFO neutron.api.wsgi [-] 10.0.0.225 "GET / HTTP/1.1" status: 200 len: 246 time: 0.0026081
2026-07-10 00:58:15.584 9 INFO neutron.api.wsgi [None req-4892a830-e892-4b1d-b091-e5f954ceabef b81e1998028545a3b6f2c38cae7035f1 ad5889d0256a493483d16a066b650057 - - default default] 199.204.45.53,10.0.0.225 "GET /v2.0/quotas/ad5889d0256a493483d16a066b650057 HTTP/1.1" status: 200 len: 466 time: 0.0160933
2026-07-10 00:58:23.444 9 INFO neutron.api.wsgi [-] 10.0.0.225 "GET / HTTP/1.1" status: 200 len: 246 time: 0.0017352
2026-07-10 00:58:23.445 10 INFO neutron.api.wsgi [-] 10.0.0.225 "GET / HTTP/1.1" status: 200 len: 246 time: 0.0024683
2026-07-10 00:58:30.063 10 INFO neutron.api.wsgi [None req-0ab024b4-d5bc-4cca-8d56-325c31338f54 b81e1998028545a3b6f2c38cae7035f1 ad5889d0256a493483d16a066b650057 - - default default] 10.0.0.98 "GET /v2.0/security-groups HTTP/1.1" status: 200 len: 17574 time: 0.0960619
2026-07-10 00:58:30.089 10 INFO neutron.api.wsgi [None req-e7454bfa-ad73-4082-8134-8b5c252443dc b81e1998028545a3b6f2c38cae7035f1 ad5889d0256a493483d16a066b650057 - - default default] 10.0.0.98 "GET /v2.0/subnets HTTP/1.1" status: 200 len: 1484 time: 0.0230811
2026-07-10 00:58:30.110 10 INFO neutron.api.wsgi [None req-fde10aca-6d5b-44fe-80a0-321a5c68cd6b b81e1998028545a3b6f2c38cae7035f1 ad5889d0256a493483d16a066b650057 - - default default] 10.0.0.98 "GET /v2.0/subnets HTTP/1.1" status: 200 len: 1484 time: 0.0207334
2026-07-10 00:58:30.117 10 INFO neutron.api.wsgi [None req-2c0533ce-6898-4522-b1df-5d2553ad5251 b81e1998028545a3b6f2c38cae7035f1 ad5889d0256a493483d16a066b650057 - - default default] 10.0.0.98 "GET /v2.0/subnetpools HTTP/1.1" status: 200 len: 193 time: 0.0060775
2026-07-10 00:58:30.157 10 INFO neutron.api.wsgi [None req-2091724d-8ef7-4ddb-bb99-03e1b3d32d0e b81e1998028545a3b6f2c38cae7035f1 ad5889d0256a493483d16a066b650057 - - default default] 10.0.0.98 "GET /v2.0/agents HTTP/1.1" status: 200 len: 1390 time: 0.0389066
2026-07-10 00:58:30.205 10 INFO neutron.api.wsgi [None req-99a773c6-5a0f-414e-a3df-25b2d39fef4e b81e1998028545a3b6f2c38cae7035f1 ad5889d0256a493483d16a066b650057 - - default default] 10.0.0.98 "GET /v2.0/networks HTTP/1.1" status: 200 len: 2350 time: 0.0472343
2026-07-10 00:58:30.250 10 INFO neutron.api.wsgi [None req-8f82d6f2-7272-4c48-a5cc-c0b3022732e0 b81e1998028545a3b6f2c38cae7035f1 ad5889d0256a493483d16a066b650057 - - default default] 10.0.0.98 "GET /v2.0/ports HTTP/1.1" status: 200 len: 5347 time: 0.0423019
2026-07-10 00:58:30.267 10 INFO neutron.api.wsgi [None req-6ba28ae2-1a2e-44bd-9674-87e2ac86665b b81e1998028545a3b6f2c38cae7035f1 ad5889d0256a493483d16a066b650057 - - default default] 10.0.0.98 "GET /v2.0/routers HTTP/1.1" status: 200 len: 189 time: 0.0132663
2026-07-10 00:58:30.275 10 INFO neutron.api.wsgi [None req-90886173-9738-4b3d-8e5b-ddbf8f938291 b81e1998028545a3b6f2c38cae7035f1 ad5889d0256a493483d16a066b650057 - - default default] 10.0.0.98 "GET /v2.0/agents?binary=ovn-controller HTTP/1.1" status: 200 len: 591 time: 0.0064170
2026-07-10 00:58:30.287 10 INFO neutron.api.wsgi [None req-c6cf9dc8-57c9-4162-a724-427ec03be854 b81e1998028545a3b6f2c38cae7035f1 ad5889d0256a493483d16a066b650057 - - default default] 10.0.0.98 "GET /v2.0/floatingips HTTP/1.1" status: 200 len: 193 time: 0.0116358
2026-07-10 00:58:30.296 10 INFO neutron.api.wsgi [None req-7015a682-9163-4173-9bae-2a4e0ef11a58 b81e1998028545a3b6f2c38cae7035f1 ad5889d0256a493483d16a066b650057 - - default default] 10.0.0.98 "GET /v2.0/network-ip-availabilities HTTP/1.1" status: 200 len: 1280 time: 0.0086398
2026-07-10 00:58:38.445 9 INFO neutron.api.wsgi [-] 10.0.0.225 "GET / HTTP/1.1" status: 200 len: 246 time: 0.0025868
2026-07-10 00:58:38.447 10 INFO neutron.api.wsgi [-] 10.0.0.225 "GET / HTTP/1.1" status: 200 len: 246 time: 0.0042348
2026-07-10 00:58:53.444 10 INFO neutron.api.wsgi [-] 10.0.0.225 "GET / HTTP/1.1" status: 200 len: 246 time: 0.0016849
2026-07-10 00:58:53.445 9 INFO neutron.api.wsgi [-] 10.0.0.225 "GET / HTTP/1.1" status: 200 len: 246 time: 0.0024772
2026-07-10 00:59:08.444 9 INFO neutron.api.wsgi [-] 10.0.0.225 "GET / HTTP/1.1" status: 200 len: 246 time: 0.0023308
2026-07-10 00:59:08.445 10 INFO neutron.api.wsgi [-] 10.0.0.225 "GET / HTTP/1.1" status: 200 len: 246 time: 0.0019658 /var/lib/openstack/lib/python3.12/site-packages/pycadf/identifier.py:71: UserWarning: Invalid uuid: unknown. To ensure interoperability, identifiers should be a valid uuid. warnings.warn(('Invalid uuid: %s. To ensure interoperability, '
