2026-07-10 00:59:10.693 10 INFO neutron.api.v2.resource [None req-7151488e-759f-42e8-9c35-977b7cb40267 b81e1998028545a3b6f2c38cae7035f1 ad5889d0256a493483d16a066b650057 - - default default] show failed (client error): The resource could not be found.
2026-07-10 00:59:10.694 10 INFO neutron.api.wsgi [None req-7151488e-759f-42e8-9c35-977b7cb40267 b81e1998028545a3b6f2c38cae7035f1 ad5889d0256a493483d16a066b650057 - - default default] 199.204.45.53,10.0.0.225 "GET /v2.0/security-groups/manila-service-security-group?project_id=21ec168f49c3452caaec72b7f2900559 HTTP/1.1" status: 404 len: 321 time: 0.0571370
2026-07-10 00:59:10.731 10 INFO neutron.api.wsgi [None req-c869a46a-23ff-46cb-b9fc-1d93069585ef b81e1998028545a3b6f2c38cae7035f1 ad5889d0256a493483d16a066b650057 - - default default] 199.204.45.53,10.0.0.225 "GET /v2.0/security-groups?name=manila-service-security-group&project_id=21ec168f49c3452caaec72b7f2900559 HTTP/1.1" status: 200 len: 4248 time: 0.0334244
2026-07-10 00:59:11.819 10 INFO neutron.api.wsgi [None req-47104dd4-b399-464e-8f83-ccd29f40a779 b81e1998028545a3b6f2c38cae7035f1 ad5889d0256a493483d16a066b650057 - - default default] 199.204.45.53,10.0.0.225 "GET /v2.0/security-groups/3b0e1168-23b3-48cf-9544-4fb476b610e4?project_id=21ec168f49c3452caaec72b7f2900559 HTTP/1.1" status: 200 len: 4251 time: 0.0688336
2026-07-10 00:59:11.860 10 INFO neutron.api.wsgi [None req-b254c8d1-95cb-46ef-8d3f-c185ad86cd1b b81e1998028545a3b6f2c38cae7035f1 ad5889d0256a493483d16a066b650057 - - default default] 199.204.45.53,10.0.0.225 "GET /v2.0/security-groups/3b0e1168-23b3-48cf-9544-4fb476b610e4 HTTP/1.1" status: 200 len: 4251 time: 0.0333066
2026-07-10 00:59:11.884 10 INFO neutron.api.wsgi [None req-956b9986-6ab2-4e1d-bd61-352d200838e1 b81e1998028545a3b6f2c38cae7035f1 ad5889d0256a493483d16a066b650057 - - default default] 199.204.45.53,10.0.0.225 "GET /v2.0/security-group-rules/70f01b2d-a628-4a2b-8e3e-c0ef99ff1791 HTTP/1.1" status: 200 len: 772 time: 0.0156708
2026-07-10 00:59:12.933 9 INFO neutron.api.wsgi [None req-5bc4134c-d61a-48b7-913e-60767df50285 b81e1998028545a3b6f2c38cae7035f1 ad5889d0256a493483d16a066b650057 - - default default] 199.204.45.53,10.0.0.225 "GET /v2.0/security-groups/3b0e1168-23b3-48cf-9544-4fb476b610e4?project_id=21ec168f49c3452caaec72b7f2900559 HTTP/1.1" status: 200 len: 4251 time: 0.0901251
2026-07-10 00:59:12.972 9 INFO neutron.api.wsgi [None req-380326c5-f430-467a-a815-cc92f8840d87 b81e1998028545a3b6f2c38cae7035f1 ad5889d0256a493483d16a066b650057 - - default default] 199.204.45.53,10.0.0.225 "GET /v2.0/security-groups/3b0e1168-23b3-48cf-9544-4fb476b610e4 HTTP/1.1" status: 200 len: 4251 time: 0.0321698
2026-07-10 00:59:13.000 9 INFO neutron.api.wsgi [None req-72330701-26d6-4afc-bebc-5f0e46cef7e0 b81e1998028545a3b6f2c38cae7035f1 ad5889d0256a493483d16a066b650057 - - default default] 199.204.45.53,10.0.0.225 "GET /v2.0/security-group-rules/46e3d01c-ea40-4fe1-b5fc-d89bc417ff03 HTTP/1.1" status: 200 len: 774 time: 0.0206015
2026-07-10 00:59:14.001 9 INFO neutron.api.wsgi [None req-4a47d02b-53e0-4f67-924e-670be3059665 b81e1998028545a3b6f2c38cae7035f1 ad5889d0256a493483d16a066b650057 - - default default] 199.204.45.53,10.0.0.225 "GET /v2.0/security-groups/3b0e1168-23b3-48cf-9544-4fb476b610e4?project_id=21ec168f49c3452caaec72b7f2900559 HTTP/1.1" status: 200 len: 4251 time: 0.0844200
2026-07-10 00:59:14.045 9 INFO neutron.api.wsgi [None req-5153e353-9a1c-4eaf-96ac-191686bf523c b81e1998028545a3b6f2c38cae7035f1 ad5889d0256a493483d16a066b650057 - - default default] 199.204.45.53,10.0.0.225 "GET /v2.0/security-groups/3b0e1168-23b3-48cf-9544-4fb476b610e4 HTTP/1.1" status: 200 len: 4251 time: 0.0324557
2026-07-10 00:59:14.068 9 INFO neutron.api.wsgi [None req-9ba0922c-4c06-46c6-9d0d-ddb7177880ee b81e1998028545a3b6f2c38cae7035f1 ad5889d0256a493483d16a066b650057 - - default default] 199.204.45.53,10.0.0.225 "GET /v2.0/security-group-rules/00c19c7c-7c8b-4ee7-9649-5c50e37c86dc HTTP/1.1" status: 200 len: 776 time: 0.0164826
2026-07-10 00:59:15.205 9 INFO neutron.api.wsgi [None req-c18e00a7-1258-49e7-bfe8-6b9355e094fe b81e1998028545a3b6f2c38cae7035f1 ad5889d0256a493483d16a066b650057 - - default default] 199.204.45.53,10.0.0.225 "GET /v2.0/security-groups/3b0e1168-23b3-48cf-9544-4fb476b610e4?project_id=21ec168f49c3452caaec72b7f2900559 HTTP/1.1" status: 200 len: 4251 time: 0.0540707
2026-07-10 00:59:15.239 9 INFO neutron.api.wsgi [None req-64ec3354-cfc4-4f80-92ea-e9b3861da348 b81e1998028545a3b6f2c38cae7035f1 ad5889d0256a493483d16a066b650057 - - default default] 199.204.45.53,10.0.0.225 "GET /v2.0/security-groups/3b0e1168-23b3-48cf-9544-4fb476b610e4 HTTP/1.1" status: 200 len: 4251 time: 0.0257986
2026-07-10 00:59:15.256 9 INFO neutron.api.wsgi [None req-407468cc-0d42-4628-9fa4-42ef13980bf0 b81e1998028545a3b6f2c38cae7035f1 ad5889d0256a493483d16a066b650057 - - default default] 199.204.45.53,10.0.0.225 "GET /v2.0/security-group-rules/32ce5e32-a6a7-4970-8379-85c104f5c069 HTTP/1.1" status: 200 len: 777 time: 0.0110657
2026-07-10 00:59:22.905 9 INFO neutron.api.wsgi [None req-83901eb5-7d4a-44de-8629-ed5082827a97 b81e1998028545a3b6f2c38cae7035f1 ad5889d0256a493483d16a066b650057 - - default default] 199.204.45.53,10.0.0.225 "GET /v2.0/quotas/21ec168f49c3452caaec72b7f2900559 HTTP/1.1" status: 200 len: 466 time: 0.0087781
2026-07-10 00:59:23.444 9 INFO neutron.api.wsgi [-] 10.0.0.225 "GET / HTTP/1.1" status: 200 len: 246 time: 0.0013323
2026-07-10 00:59:23.445 10 INFO neutron.api.wsgi [-] 10.0.0.225 "GET / HTTP/1.1" status: 200 len: 246 time: 0.0027664
2026-07-10 00:59:30.009 10 INFO neutron.api.wsgi [None req-8abbff2f-0159-428f-9a67-626a1c1d7932 b81e1998028545a3b6f2c38cae7035f1 ad5889d0256a493483d16a066b650057 - - default default] 10.0.0.98 "GET /v2.0/security-groups HTTP/1.1" status: 200 len: 17574 time: 0.0860760
2026-07-10 00:59:30.065 10 INFO neutron.api.wsgi [None req-c76aaffc-23d0-4bb8-b9b9-c3d3de2d176d b81e1998028545a3b6f2c38cae7035f1 ad5889d0256a493483d16a066b650057 - - default default] 10.0.0.98 "GET /v2.0/ports HTTP/1.1" status: 200 len: 5347 time: 0.0520959
2026-07-10 00:59:30.083 10 INFO neutron.api.wsgi [None req-5a354154-acfe-446a-afba-f193f1a57c43 b81e1998028545a3b6f2c38cae7035f1 ad5889d0256a493483d16a066b650057 - - default default] 10.0.0.98 "GET /v2.0/routers HTTP/1.1" status: 200 len: 189 time: 0.0140786
2026-07-10 00:59:30.118 10 INFO neutron.api.wsgi [None req-34ec748e-90d0-4dd1-9e8e-c1280c836de2 b81e1998028545a3b6f2c38cae7035f1 ad5889d0256a493483d16a066b650057 - - default default] 10.0.0.98 "GET /v2.0/agents?binary=ovn-controller HTTP/1.1" status: 200 len: 591 time: 0.0343714
2026-07-10 00:59:30.130 10 INFO neutron.api.wsgi [None req-8cb9c809-0449-418a-844f-71a94c7f75f2 b81e1998028545a3b6f2c38cae7035f1 ad5889d0256a493483d16a066b650057 - - default default] 10.0.0.98 "GET /v2.0/agents HTTP/1.1" status: 200 len: 1390 time: 0.0103478
2026-07-10 00:59:30.162 10 INFO neutron.api.wsgi [None req-47d47d0e-2d80-4afc-8f98-3c87fa6c5d2c b81e1998028545a3b6f2c38cae7035f1 ad5889d0256a493483d16a066b650057 - - default default] 10.0.0.98 "GET /v2.0/subnets HTTP/1.1" status: 200 len: 1484 time: 0.0310998
2026-07-10 00:59:30.175 10 INFO neutron.api.wsgi [None req-36896830-ce8a-40c6-b537-cda68a764886 b81e1998028545a3b6f2c38cae7035f1 ad5889d0256a493483d16a066b650057 - - default default] 10.0.0.98 "GET /v2.0/subnetpools HTTP/1.1" status: 200 len: 193 time: 0.0110455
2026-07-10 00:59:30.196 10 INFO neutron.api.wsgi [None req-a770bfb9-7024-4a6f-96c6-a0e57366e7e9 b81e1998028545a3b6f2c38cae7035f1 ad5889d0256a493483d16a066b650057 - - default default] 10.0.0.98 "GET /v2.0/subnets HTTP/1.1" status: 200 len: 1484 time: 0.0200953
2026-07-10 00:59:30.206 10 INFO neutron.api.wsgi [None req-04bfc2ea-a83b-4e88-9237-c9c66d5e04f3 b81e1998028545a3b6f2c38cae7035f1 ad5889d0256a493483d16a066b650057 - - default default] 10.0.0.98 "GET /v2.0/network-ip-availabilities HTTP/1.1" status: 200 len: 1280 time: 0.0075138
2026-07-10 00:59:30.218 10 INFO neutron.api.wsgi [None req-1ddd6d5b-f45d-49fd-ae9d-c22297c19ef0 b81e1998028545a3b6f2c38cae7035f1 ad5889d0256a493483d16a066b650057 - - default default] 10.0.0.98 "GET /v2.0/floatingips HTTP/1.1" status: 200 len: 193 time: 0.0112858
2026-07-10 00:59:30.257 10 INFO neutron.api.wsgi [None req-7058d45b-2f79-4db9-8cfe-f06ed04cd346 b81e1998028545a3b6f2c38cae7035f1 ad5889d0256a493483d16a066b650057 - - default default] 10.0.0.98 "GET /v2.0/networks HTTP/1.1" status: 200 len: 2350 time: 0.0391169
2026-07-10 00:59:38.445 9 INFO neutron.api.wsgi [-] 10.0.0.225 "GET / HTTP/1.1" status: 200 len: 246 time: 0.0028980
2026-07-10 00:59:38.446 10 INFO neutron.api.wsgi [-] 10.0.0.225 "GET / HTTP/1.1" status: 200 len: 246 time: 0.0027027
2026-07-10 00:59:53.444 10 INFO neutron.api.wsgi [-] 10.0.0.225 "GET / HTTP/1.1" status: 200 len: 246 time: 0.0016663
2026-07-10 00:59:53.450 10 INFO neutron.api.wsgi [-] 10.0.0.225 "GET / HTTP/1.1" status: 200 len: 246 time: 0.0027404
2026-07-10 01:00:08.443 10 INFO neutron.api.wsgi [-] 10.0.0.225 "GET / HTTP/1.1" status: 200 len: 246 time: 0.0018556
2026-07-10 01:00:08.445 9 INFO neutron.api.wsgi [-] 10.0.0.225 "GET / HTTP/1.1" status: 200 len: 246 time: 0.0030594
2026-07-10 01:00:17.815 9 INFO neutron.api.wsgi [None req-eaf90ac9-383f-4dfd-9fe9-2ff85f301ca1 b81e1998028545a3b6f2c38cae7035f1 ad5889d0256a493483d16a066b650057 - - default default] 199.204.45.53,10.0.0.225 "GET /v2.0/networks?name=public HTTP/1.1" status: 200 len: 928 time: 0.0742066
2026-07-10 01:00:23.443 10 INFO neutron.api.wsgi [-] 10.0.0.225 "GET / HTTP/1.1" status: 200 len: 246 time: 0.0016603
2026-07-10 01:00:23.447 9 INFO neutron.api.wsgi [-] 10.0.0.225 "GET / HTTP/1.1" status: 200 len: 246 time: 0.0048623
2026-07-10 01:00:29.974 10 INFO neutron.api.wsgi [None req-a3e8450e-b6e5-4e28-bcf8-65c61c679b5b b81e1998028545a3b6f2c38cae7035f1 ad5889d0256a493483d16a066b650057 - - default default] 10.0.0.98 "GET /v2.0/security-groups HTTP/1.1" status: 200 len: 17574 time: 0.0690525
2026-07-10 01:00:30.012 10 INFO neutron.api.wsgi [None req-fdb1355a-48d4-4e3a-861e-dade7803d9c5 b81e1998028545a3b6f2c38cae7035f1 ad5889d0256a493483d16a066b650057 - - default default] 10.0.0.98 "GET /v2.0/agents HTTP/1.1" status: 200 len: 1390 time: 0.0313663
2026-07-10 01:00:30.023 10 INFO neutron.api.wsgi [None req-4ba6c5d2-2955-45b9-983d-fe7f330cd59e b81e1998028545a3b6f2c38cae7035f1 ad5889d0256a493483d16a066b650057 - - default default] 10.0.0.98 "GET /v2.0/network-ip-availabilities HTTP/1.1" status: 200 len: 1280 time: 0.0095253
2026-07-10 01:00:30.048 10 INFO neutron.api.wsgi [None req-34c4c787-791f-41d2-8047-44910890d317 b81e1998028545a3b6f2c38cae7035f1 ad5889d0256a493483d16a066b650057 - - default default] 10.0.0.98 "GET /v2.0/subnets HTTP/1.1" status: 200 len: 1484 time: 0.0235736
2026-07-10 01:00:30.057 10 INFO neutron.api.wsgi [None req-3848cdaf-89fd-4fef-ab54-2c5424cd7c6e b81e1998028545a3b6f2c38cae7035f1 ad5889d0256a493483d16a066b650057 - - default default] 10.0.0.98 "GET /v2.0/subnetpools HTTP/1.1" status: 200 len: 193 time: 0.0078104
2026-07-10 01:00:30.092 10 INFO neutron.api.wsgi [None req-f3c9da11-3a46-4b3c-b29e-af06080031a5 b81e1998028545a3b6f2c38cae7035f1 ad5889d0256a493483d16a066b650057 - - default default] 10.0.0.98 "GET /v2.0/ports HTTP/1.1" status: 200 len: 5347 time: 0.0336421
2026-07-10 01:00:30.141 10 INFO neutron.api.wsgi [None req-c76ed7c9-5584-4cbd-b08b-737044e1960a b81e1998028545a3b6f2c38cae7035f1 ad5889d0256a493483d16a066b650057 - - default default] 10.0.0.98 "GET /v2.0/networks HTTP/1.1" status: 200 len: 2350 time: 0.0467079
2026-07-10 01:00:30.167 10 INFO neutron.api.wsgi [None req-7d08d4c4-e9df-489f-9429-ba719d4a2ddb b81e1998028545a3b6f2c38cae7035f1 ad5889d0256a493483d16a066b650057 - - default default] 10.0.0.98 "GET /v2.0/subnets HTTP/1.1" status: 200 len: 1484 time: 0.0233328
2026-07-10 01:00:30.181 10 INFO neutron.api.wsgi [None req-85535f93-7b53-4476-aafa-18e6da4c80ca b81e1998028545a3b6f2c38cae7035f1 ad5889d0256a493483d16a066b650057 - - default default] 10.0.0.98 "GET /v2.0/routers HTTP/1.1" status: 200 len: 189 time: 0.0122919
2026-07-10 01:00:30.190 10 INFO neutron.api.wsgi [None req-79f96fff-6b6f-43d8-a5be-7b59f476146d b81e1998028545a3b6f2c38cae7035f1 ad5889d0256a493483d16a066b650057 - - default default] 10.0.0.98 "GET /v2.0/agents?binary=ovn-controller HTTP/1.1" status: 200 len: 591 time: 0.0082130
2026-07-10 01:00:30.204 10 INFO neutron.api.wsgi [None req-c50bb3d0-22f2-4f8c-ba47-e4344b1e3eb1 b81e1998028545a3b6f2c38cae7035f1 ad5889d0256a493483d16a066b650057 - - default default] 10.0.0.98 "GET /v2.0/floatingips HTTP/1.1" status: 200 len: 193 time: 0.0130079
2026-07-10 01:00:38.445 9 INFO neutron.api.wsgi [-] 10.0.0.225 "GET / HTTP/1.1" status: 200 len: 246 time: 0.0023601
2026-07-10 01:00:38.447 9 INFO neutron.api.wsgi [-] 10.0.0.225 "GET / HTTP/1.1" status: 200 len: 246 time: 0.0012262
2026-07-10 01:00:53.445 10 INFO neutron.api.wsgi [-] 10.0.0.225 "GET / HTTP/1.1" status: 200 len: 246 time: 0.0018883
2026-07-10 01:00:53.447 9 INFO neutron.api.wsgi [-] 10.0.0.225 "GET / HTTP/1.1" status: 200 len: 246 time: 0.0030313
2026-07-10 01:00:57.181 9 INFO neutron.api.wsgi [None req-4a3e6c9f-75d4-4bed-a8d2-acd89b4875cf b81e1998028545a3b6f2c38cae7035f1 ad5889d0256a493483d16a066b650057 - - default default] 10.0.0.54 "GET /v2.0/networks HTTP/1.1" status: 200 len: 2369 time: 0.2239671
2026-07-10 01:00:58.274 10 INFO neutron.api.wsgi [None req-0e090633-1b70-467d-9ec6-683312667f5c b81e1998028545a3b6f2c38cae7035f1 ad5889d0256a493483d16a066b650057 - - default default] 10.0.0.54 "GET /v2.0/floatingips HTTP/1.1" status: 200 len: 212 time: 0.0166979
2026-07-10 01:00:58.290 10 INFO neutron.api.wsgi [None req-6f4d8f3c-120a-419f-b6c8-8a8ca499af2c b81e1998028545a3b6f2c38cae7035f1 ad5889d0256a493483d16a066b650057 - - default default] 10.0.0.54 "GET /v2.0/routers HTTP/1.1" status: 200 len: 208 time: 0.0121820
2026-07-10 01:00:58.332 10 INFO neutron.api.wsgi [None req-bf93bd02-0532-43f0-9f4f-5dfc587c2b32 b81e1998028545a3b6f2c38cae7035f1 ad5889d0256a493483d16a066b650057 - - default default] 10.0.0.54 "GET /v2.0/ports HTTP/1.1" status: 200 len: 5366 time: 0.0382907
2026-07-10 01:00:58.379 10 INFO neutron.api.wsgi [None req-b0b92399-0812-4ecd-ac94-cbcfb8b38f0e b81e1998028545a3b6f2c38cae7035f1 ad5889d0256a493483d16a066b650057 - - default default] 10.0.0.54 "GET /v2.0/subnets HTTP/1.1" status: 200 len: 1503 time: 0.0445292
2026-07-10 01:00:58.452 10 INFO neutron.api.wsgi [None req-0497801d-9170-4235-9c47-3ca31d21f07f b81e1998028545a3b6f2c38cae7035f1 ad5889d0256a493483d16a066b650057 - - default default] 10.0.0.54 "GET /v2.0/networks HTTP/1.1" status: 200 len: 2369 time: 0.0670137
2026-07-10 01:00:58.496 10 INFO neutron.api.wsgi [None req-b0458e13-9b6d-40d1-ab3c-4b5f94eebecb b81e1998028545a3b6f2c38cae7035f1 ad5889d0256a493483d16a066b650057 - - default default] 10.0.0.54 "GET /v2.0/security-groups HTTP/1.1" status: 200 len: 17593 time: 0.0378735
2026-07-10 01:00:58.510 10 INFO neutron.api.wsgi [None req-8c08f894-9dac-4916-8300-3ec64857fe26 b81e1998028545a3b6f2c38cae7035f1 ad5889d0256a493483d16a066b650057 - - default default] 10.0.0.54 "GET /v2.0/subnetpools HTTP/1.1" status: 200 len: 212 time: 0.0073969
2026-07-10 01:01:08.444 10 INFO neutron.api.wsgi [-] 10.0.0.225 "GET / HTTP/1.1" status: 200 len: 246 time: 0.0016296
2026-07-10 01:01:08.446 10 INFO neutron.api.wsgi [-] 10.0.0.225 "GET / HTTP/1.1" status: 200 len: 246 time: 0.0013173
2026-07-10 01:01:09.516 10 INFO neutron.db.ovn_revision_numbers_db [None req-c348fc91-6dcb-4590-8841-0d7b13b0a97c b81e1998028545a3b6f2c38cae7035f1 ad5889d0256a493483d16a066b650057 - - default default] Successfully bumped revision number for resource 00816278-d7f1-45b9-8684-04eb69148abf (type: security_groups) to 1
2026-07-10 01:01:09.526 9 INFO neutron.db.ovn_revision_numbers_db [None req-cd65490b-dfb6-4105-9338-1d031ebff8ed b81e1998028545a3b6f2c38cae7035f1 ad5889d0256a493483d16a066b650057 - - default default] Successfully bumped revision number for resource f2b9d35c-d1fd-491e-bba7-2687cb90e205 (type: security_groups) to 1
2026-07-10 01:01:09.528 10 INFO neutron.db.ovn_revision_numbers_db [None req-c348fc91-6dcb-4590-8841-0d7b13b0a97c b81e1998028545a3b6f2c38cae7035f1 ad5889d0256a493483d16a066b650057 - - default default] Successfully bumped revision number for resource 1c9669f5-ee9e-472f-a981-213832d14809 (type: security_group_rules) to 0
2026-07-10 01:01:09.540 10 INFO neutron.db.ovn_revision_numbers_db [None req-c348fc91-6dcb-4590-8841-0d7b13b0a97c b81e1998028545a3b6f2c38cae7035f1 ad5889d0256a493483d16a066b650057 - - default default] Successfully bumped revision number for resource bd404b4c-17e8-4138-a7d9-ec01aa4968b1 (type: security_group_rules) to 0
2026-07-10 01:01:09.542 9 INFO neutron.db.ovn_revision_numbers_db [None req-cd65490b-dfb6-4105-9338-1d031ebff8ed b81e1998028545a3b6f2c38cae7035f1 ad5889d0256a493483d16a066b650057 - - default default] Successfully bumped revision number for resource 0066ba43-7556-43aa-aa9b-ed02cff4fcb1 (type: security_group_rules) to 0
2026-07-10 01:01:09.566 10 INFO neutron.db.ovn_revision_numbers_db [None req-c348fc91-6dcb-4590-8841-0d7b13b0a97c b81e1998028545a3b6f2c38cae7035f1 ad5889d0256a493483d16a066b650057 - - default default] Successfully bumped revision number for resource c270053f-d7b4-4174-ace9-e7ee5fdb5cdf (type: security_group_rules) to 0
2026-07-10 01:01:09.578 9 INFO neutron.db.ovn_revision_numbers_db [None req-cd65490b-dfb6-4105-9338-1d031ebff8ed b81e1998028545a3b6f2c38cae7035f1 ad5889d0256a493483d16a066b650057 - - default default] Successfully bumped revision number for resource 44d6cad5-6ffd-4a62-8976-7625dfef7b60 (type: security_group_rules) to 0
2026-07-10 01:01:09.580 10 INFO neutron.db.ovn_revision_numbers_db [None req-c348fc91-6dcb-4590-8841-0d7b13b0a97c b81e1998028545a3b6f2c38cae7035f1 ad5889d0256a493483d16a066b650057 - - default default] Successfully bumped revision number for resource c6b528d2-68f0-4068-8ce9-22f2180b6ab5 (type: security_group_rules) to 0
2026-07-10 01:01:09.598 9 INFO neutron.db.ovn_revision_numbers_db [None req-cd65490b-dfb6-4105-9338-1d031ebff8ed b81e1998028545a3b6f2c38cae7035f1 ad5889d0256a493483d16a066b650057 - - default default] Successfully bumped revision number for resource 7f3bd87f-c77d-447d-9703-a96a898f7948 (type: security_group_rules) to 0
2026-07-10 01:01:09.617 9 INFO neutron.db.ovn_revision_numbers_db [None req-cd65490b-dfb6-4105-9338-1d031ebff8ed b81e1998028545a3b6f2c38cae7035f1 ad5889d0256a493483d16a066b650057 - - default default] Successfully bumped revision number for resource 98745b1c-ab79-4253-8f3c-678a46f54d43 (type: security_group_rules) to 0
2026-07-10 01:01:09.666 10 INFO neutron.db.segments_db [None req-c348fc91-6dcb-4590-8841-0d7b13b0a97c b81e1998028545a3b6f2c38cae7035f1 ad5889d0256a493483d16a066b650057 - - default default] Added segment 47c217f1-948d-4bac-900c-ec342c9758a7 of type geneve for network ba6b4544-a58f-4c82-8086-168511febd64
2026-07-10 01:01:09.692 9 INFO neutron.db.ovn_revision_numbers_db [None req-d06fd74b-168d-4f5c-abe7-59a77a6e31f7 b81e1998028545a3b6f2c38cae7035f1 ad5889d0256a493483d16a066b650057 - - default default] Successfully bumped revision number for resource 1a1f89d1-e2ab-4deb-950d-77f7dcc99f6f (type: security_groups) to 1
2026-07-10 01:01:09.706 9 INFO neutron.db.ovn_revision_numbers_db [None req-d06fd74b-168d-4f5c-abe7-59a77a6e31f7 b81e1998028545a3b6f2c38cae7035f1 ad5889d0256a493483d16a066b650057 - - default default] Successfully bumped revision number for resource 3894fe39-08d5-4d12-9071-aba7b2ec1c92 (type: security_group_rules) to 0
2026-07-10 01:01:09.717 9 INFO neutron.db.ovn_revision_numbers_db [None req-d06fd74b-168d-4f5c-abe7-59a77a6e31f7 b81e1998028545a3b6f2c38cae7035f1 ad5889d0256a493483d16a066b650057 - - default default] Successfully bumped revision number for resource 685add4b-0810-4a4a-b68f-de84f6c50f76 (type: security_group_rules) to 0
2026-07-10 01:01:09.732 9 INFO neutron.db.segments_db [None req-cd65490b-dfb6-4105-9338-1d031ebff8ed b81e1998028545a3b6f2c38cae7035f1 ad5889d0256a493483d16a066b650057 - - default default] Added segment f22d255f-b7d6-4b97-88ed-a5fdfd0f7f5e of type geneve for network 27ef0fb7-40ab-4bd6-9671-816bd7dfe638
2026-07-10 01:01:09.737 9 INFO neutron.db.ovn_revision_numbers_db [None req-d06fd74b-168d-4f5c-abe7-59a77a6e31f7 b81e1998028545a3b6f2c38cae7035f1 ad5889d0256a493483d16a066b650057 - - default default] Successfully bumped revision number for resource 705eca81-c25a-42ff-907b-5215ef695f54 (type: security_group_rules) to 0
2026-07-10 01:01:09.754 9 INFO neutron.db.ovn_revision_numbers_db [None req-d06fd74b-168d-4f5c-abe7-59a77a6e31f7 b81e1998028545a3b6f2c38cae7035f1 ad5889d0256a493483d16a066b650057 - - default default] Successfully bumped revision number for resource fb52ed78-f87d-4f15-ab1b-b3672c5a6c6c (type: security_group_rules) to 0
2026-07-10 01:01:09.770 10 INFO neutron.db.ovn_revision_numbers_db [None req-c348fc91-6dcb-4590-8841-0d7b13b0a97c b81e1998028545a3b6f2c38cae7035f1 ad5889d0256a493483d16a066b650057 - - default default] Successfully bumped revision number for resource ba6b4544-a58f-4c82-8086-168511febd64 (type: networks) to 1
2026-07-10 01:01:09.836 9 INFO neutron.db.segments_db [None req-d06fd74b-168d-4f5c-abe7-59a77a6e31f7 b81e1998028545a3b6f2c38cae7035f1 ad5889d0256a493483d16a066b650057 - - default default] Added segment 77bb3f41-8cfb-4e68-ab0a-a86115cb252b of type geneve for network 7de236d2-a4fe-4f61-9e19-41ba79537f20
2026-07-10 01:01:09.868 9 INFO neutron.db.ovn_revision_numbers_db [None req-cd65490b-dfb6-4105-9338-1d031ebff8ed b81e1998028545a3b6f2c38cae7035f1 ad5889d0256a493483d16a066b650057 - - default default] Successfully bumped revision number for resource 27ef0fb7-40ab-4bd6-9671-816bd7dfe638 (type: networks) to 1
2026-07-10 01:01:09.963 10 WARNING neutron.scheduler.dhcp_agent_scheduler [None req-c348fc91-6dcb-4590-8841-0d7b13b0a97c b81e1998028545a3b6f2c38cae7035f1 ad5889d0256a493483d16a066b650057 - - default default] No more DHCP agents
2026-07-10 01:01:09.964 10 WARNING neutron.api.rpc.agentnotifiers.dhcp_rpc_agent_api [None req-c348fc91-6dcb-4590-8841-0d7b13b0a97c b81e1998028545a3b6f2c38cae7035f1 ad5889d0256a493483d16a066b650057 - - default default] Unable to schedule network ba6b4544-a58f-4c82-8086-168511febd64: no agents available; will retry on subsequent port and subnet creation events.
2026-07-10 01:01:09.981 9 INFO neutron.db.ovn_revision_numbers_db [None req-d06fd74b-168d-4f5c-abe7-59a77a6e31f7 b81e1998028545a3b6f2c38cae7035f1 ad5889d0256a493483d16a066b650057 - - default default] Successfully bumped revision number for resource 7de236d2-a4fe-4f61-9e19-41ba79537f20 (type: networks) to 1
2026-07-10 01:01:10.024 10 INFO neutron.db.ovn_revision_numbers_db [None req-c348fc91-6dcb-4590-8841-0d7b13b0a97c b81e1998028545a3b6f2c38cae7035f1 ad5889d0256a493483d16a066b650057 - - default default] Successfully bumped revision number for resource 725fabbd-230c-4af2-801a-c7cbc6b1d764 (type: ports) to 1
2026-07-10 01:01:10.047 10 INFO neutron.api.wsgi [None req-c348fc91-6dcb-4590-8841-0d7b13b0a97c b81e1998028545a3b6f2c38cae7035f1 ad5889d0256a493483d16a066b650057 - - default default] 10.0.0.54 "POST /v2.0/networks HTTP/1.1" status: 201 len: 950 time: 0.8081713
2026-07-10 01:01:10.057 9 WARNING neutron.scheduler.dhcp_agent_scheduler [None req-cd65490b-dfb6-4105-9338-1d031ebff8ed b81e1998028545a3b6f2c38cae7035f1 ad5889d0256a493483d16a066b650057 - - default default] No more DHCP agents
2026-07-10 01:01:10.062 9 WARNING neutron.api.rpc.agentnotifiers.dhcp_rpc_agent_api [None req-cd65490b-dfb6-4105-9338-1d031ebff8ed b81e1998028545a3b6f2c38cae7035f1 ad5889d0256a493483d16a066b650057 - - default default] Unable to schedule network 27ef0fb7-40ab-4bd6-9671-816bd7dfe638: no agents available; will retry on subsequent port and subnet creation events.
2026-07-10 01:01:10.135 9 INFO neutron.db.ovn_revision_numbers_db [None req-cd65490b-dfb6-4105-9338-1d031ebff8ed b81e1998028545a3b6f2c38cae7035f1 ad5889d0256a493483d16a066b650057 - - default default] Successfully bumped revision number for resource a737e239-1662-4d88-ac61-8efdc6bbdf19 (type: ports) to 1
2026-07-10 01:01:10.155 9 INFO neutron.api.wsgi [None req-cd65490b-dfb6-4105-9338-1d031ebff8ed b81e1998028545a3b6f2c38cae7035f1 ad5889d0256a493483d16a066b650057 - - default default] 10.0.0.54 "POST /v2.0/networks HTTP/1.1" status: 201 len: 946 time: 0.8924093
2026-07-10 01:01:10.157 9 WARNING neutron.scheduler.dhcp_agent_scheduler [None req-d06fd74b-168d-4f5c-abe7-59a77a6e31f7 b81e1998028545a3b6f2c38cae7035f1 ad5889d0256a493483d16a066b650057 - - default default] No more DHCP agents
2026-07-10 01:01:10.159 9 WARNING neutron.api.rpc.agentnotifiers.dhcp_rpc_agent_api [None req-d06fd74b-168d-4f5c-abe7-59a77a6e31f7 b81e1998028545a3b6f2c38cae7035f1 ad5889d0256a493483d16a066b650057 - - default default] Unable to schedule network 7de236d2-a4fe-4f61-9e19-41ba79537f20: no agents available; will retry on subsequent port and subnet creation events.
2026-07-10 01:01:10.175 10 WARNING neutron.scheduler.dhcp_agent_scheduler [None req-ccf17711-5a46-4c58-9f55-1a38ffa15136 b81e1998028545a3b6f2c38cae7035f1 ad5889d0256a493483d16a066b650057 - - default default] No more DHCP agents
2026-07-10 01:01:10.176 10 WARNING neutron.api.rpc.agentnotifiers.dhcp_rpc_agent_api [None req-ccf17711-5a46-4c58-9f55-1a38ffa15136 b81e1998028545a3b6f2c38cae7035f1 ad5889d0256a493483d16a066b650057 - - default default] Unable to schedule network ba6b4544-a58f-4c82-8086-168511febd64: no agents available; will retry on subsequent port and subnet creation events.
2026-07-10 01:01:10.218 9 INFO neutron.db.ovn_revision_numbers_db [None req-d06fd74b-168d-4f5c-abe7-59a77a6e31f7 b81e1998028545a3b6f2c38cae7035f1 ad5889d0256a493483d16a066b650057 - - default default] Successfully bumped revision number for resource 95b705df-9917-4b73-8a61-3d9d458267cc (type: ports) to 1
2026-07-10 01:01:10.244 9 INFO neutron.api.wsgi [None req-d06fd74b-168d-4f5c-abe7-59a77a6e31f7 b81e1998028545a3b6f2c38cae7035f1 ad5889d0256a493483d16a066b650057 - - default default] 10.0.0.54 "POST /v2.0/networks HTTP/1.1" status: 201 len: 944 time: 0.7902687
2026-07-10 01:01:10.334 9 INFO neutron.db.ovn_revision_numbers_db [None req-91d3f208-8820-4140-b1fe-6c47e5e04214 b81e1998028545a3b6f2c38cae7035f1 ad5889d0256a493483d16a066b650057 - - default default] Successfully bumped revision number for resource 95590ed2-e72a-4f94-90fc-02fff64d9b95 (type: security_groups) to 1
2026-07-10 01:01:10.345 10 WARNING neutron.scheduler.dhcp_agent_scheduler [None req-9ddfad7b-c1c9-4b6e-a0f5-71c98d27a63c b81e1998028545a3b6f2c38cae7035f1 ad5889d0256a493483d16a066b650057 - - default default] No more DHCP agents
2026-07-10 01:01:10.347 9 INFO neutron.db.ovn_revision_numbers_db [None req-91d3f208-8820-4140-b1fe-6c47e5e04214 b81e1998028545a3b6f2c38cae7035f1 ad5889d0256a493483d16a066b650057 - - default default] Successfully bumped revision number for resource 1005267c-a6a8-45e9-bb17-4f1b911bd778 (type: security_group_rules) to 0
2026-07-10 01:01:10.353 10 WARNING neutron.api.rpc.agentnotifiers.dhcp_rpc_agent_api [None req-9ddfad7b-c1c9-4b6e-a0f5-71c98d27a63c b81e1998028545a3b6f2c38cae7035f1 ad5889d0256a493483d16a066b650057 - - default default] Unable to schedule network 27ef0fb7-40ab-4bd6-9671-816bd7dfe638: no agents available; will retry on subsequent port and subnet creation events.
2026-07-10 01:01:10.366 9 INFO neutron.db.ovn_revision_numbers_db [None req-91d3f208-8820-4140-b1fe-6c47e5e04214 b81e1998028545a3b6f2c38cae7035f1 ad5889d0256a493483d16a066b650057 - - default default] Successfully bumped revision number for resource 11bb29bf-990e-42bd-8539-301dbf86b741 (type: security_group_rules) to 0
2026-07-10 01:01:10.387 9 INFO neutron.db.ovn_revision_numbers_db [None req-91d3f208-8820-4140-b1fe-6c47e5e04214 b81e1998028545a3b6f2c38cae7035f1 ad5889d0256a493483d16a066b650057 - - default default] Successfully bumped revision number for resource 6945240e-8859-45ed-a3ff-6b630f0c9323 (type: security_group_rules) to 0
2026-07-10 01:01:10.402 9 INFO neutron.db.ovn_revision_numbers_db [None req-91d3f208-8820-4140-b1fe-6c47e5e04214 b81e1998028545a3b6f2c38cae7035f1 ad5889d0256a493483d16a066b650057 - - default default] Successfully bumped revision number for resource e7ece8f4-17e7-490f-afa0-d580cdc22333 (type: security_group_rules) to 0
2026-07-10 01:01:10.460 9 INFO neutron.api.wsgi [None req-91d3f208-8820-4140-b1fe-6c47e5e04214 b81e1998028545a3b6f2c38cae7035f1 ad5889d0256a493483d16a066b650057 - - default default] 10.0.0.54 "GET /v2.0/security-groups?tenant_id=a178e75b9bed436d86eb860d38282e01&name=default HTTP/1.1" status: 200 len: 3116 time: 0.3299801
2026-07-10 01:01:10.481 10 WARNING neutron.scheduler.dhcp_agent_scheduler [None req-609a99a1-a7d5-40fe-a878-d672edf9415e b81e1998028545a3b6f2c38cae7035f1 ad5889d0256a493483d16a066b650057 - - default default] No more DHCP agents
2026-07-10 01:01:10.484 10 WARNING neutron.api.rpc.agentnotifiers.dhcp_rpc_agent_api [None req-609a99a1-a7d5-40fe-a878-d672edf9415e b81e1998028545a3b6f2c38cae7035f1 ad5889d0256a493483d16a066b650057 - - default default] Unable to schedule network 7de236d2-a4fe-4f61-9e19-41ba79537f20: no agents available; will retry on subsequent port and subnet creation events.
2026-07-10 01:01:10.841 10 INFO neutron.db.ovn_revision_numbers_db [None req-b5ef1baf-242b-46ec-b799-c37266ec86f6 - - - - - -] Successfully bumped revision number for resource 725fabbd-230c-4af2-801a-c7cbc6b1d764 (type: ports) to 2
2026-07-10 01:01:10.891 10 INFO neutron.db.ovn_revision_numbers_db [None req-b5ef1baf-242b-46ec-b799-c37266ec86f6 - - - - - -] Successfully bumped revision number for resource d21a62a9-daa2-4b1f-8985-334691bace4b (type: subnets) to 0
2026-07-10 01:01:10.905 10 INFO neutron.api.wsgi [None req-52c9918b-52ee-4488-9cb8-d4508f123416 b81e1998028545a3b6f2c38cae7035f1 ad5889d0256a493483d16a066b650057 - - default default] 10.0.0.54 "DELETE /v2.0/security-groups/95590ed2-e72a-4f94-90fc-02fff64d9b95 HTTP/1.1" status: 204 len: 168 time: 0.4375591
2026-07-10 01:01:10.911 10 INFO neutron.api.wsgi [None req-ccf17711-5a46-4c58-9f55-1a38ffa15136 b81e1998028545a3b6f2c38cae7035f1 ad5889d0256a493483d16a066b650057 - - default default] 10.0.0.54 "POST /v2.0/subnets HTTP/1.1" status: 201 len: 895 time: 0.8588879
2026-07-10 01:01:11.012 10 INFO neutron.db.ovn_revision_numbers_db [None req-461943e5-c38f-47bc-b59a-ba4ce9db7058 - - - - - -] Successfully bumped revision number for resource a737e239-1662-4d88-ac61-8efdc6bbdf19 (type: ports) to 2
2026-07-10 01:01:11.050 10 INFO neutron.db.ovn_revision_numbers_db [None req-461943e5-c38f-47bc-b59a-ba4ce9db7058 - - - - - -] Successfully bumped revision number for resource a58ea36b-ecdc-41d6-81db-53c27d0fb823 (type: subnets) to 0
2026-07-10 01:01:11.061 10 INFO neutron.db.ovn_revision_numbers_db [None req-962e6d38-745c-412c-8581-d58f1700a8e3 - - - - - -] Successfully bumped revision number for resource 95b705df-9917-4b73-8a61-3d9d458267cc (type: ports) to 2
2026-07-10 01:01:11.065 10 INFO neutron.api.wsgi [None req-9ddfad7b-c1c9-4b6e-a0f5-71c98d27a63c b81e1998028545a3b6f2c38cae7035f1 ad5889d0256a493483d16a066b650057 - - default default] 10.0.0.54 "POST /v2.0/subnets HTTP/1.1" status: 201 len: 890 time: 0.9053795
2026-07-10 01:01:11.099 10 INFO neutron.db.ovn_revision_numbers_db [None req-962e6d38-745c-412c-8581-d58f1700a8e3 - - - - - -] Successfully bumped revision number for resource 15cba236-1824-40fa-998b-04a2c6963e68 (type: subnets) to 0
2026-07-10 01:01:11.119 10 INFO neutron.api.wsgi [None req-609a99a1-a7d5-40fe-a878-d672edf9415e b81e1998028545a3b6f2c38cae7035f1 ad5889d0256a493483d16a066b650057 - - default default] 10.0.0.54 "POST /v2.0/subnets HTTP/1.1" status: 201 len: 888 time: 0.8680615
2026-07-10 01:01:11.592 9 WARNING neutron.scheduler.dhcp_agent_scheduler [None req-26bd65f7-8e17-4d27-a66c-534aacd1148d b81e1998028545a3b6f2c38cae7035f1 ad5889d0256a493483d16a066b650057 - - default default] No more DHCP agents
2026-07-10 01:01:11.597 9 WARNING neutron.api.rpc.agentnotifiers.dhcp_rpc_agent_api [None req-26bd65f7-8e17-4d27-a66c-534aacd1148d b81e1998028545a3b6f2c38cae7035f1 ad5889d0256a493483d16a066b650057 - - default default] Unable to schedule network 3bc58217-06a1-47e8-b7e9-00c2564b8f04: no agents available; will retry on subsequent port and subnet creation events.
2026-07-10 01:01:11.646 9 WARNING neutron.scheduler.dhcp_agent_scheduler [None req-517f84cc-f93c-4f72-9b53-c15c1a54adca b81e1998028545a3b6f2c38cae7035f1 ad5889d0256a493483d16a066b650057 - - default default] No more DHCP agents
2026-07-10 01:01:11.648 9 WARNING neutron.api.rpc.agentnotifiers.dhcp_rpc_agent_api [None req-517f84cc-f93c-4f72-9b53-c15c1a54adca b81e1998028545a3b6f2c38cae7035f1 ad5889d0256a493483d16a066b650057 - - default default] Unable to schedule network 3bc58217-06a1-47e8-b7e9-00c2564b8f04: no agents available; will retry on subsequent port and subnet creation events.
2026-07-10 01:01:11.697 9 INFO neutron.db.ovn_revision_numbers_db [None req-26bd65f7-8e17-4d27-a66c-534aacd1148d b81e1998028545a3b6f2c38cae7035f1 ad5889d0256a493483d16a066b650057 - - default default] Successfully bumped revision number for resource 981431a1-2831-439e-89f6-a0588dbb03df (type: ports) to 1
2026-07-10 01:01:11.726 10 WARNING neutron.scheduler.dhcp_agent_scheduler [None req-d7346a64-b3d5-43ca-ba97-d56dcf95f16d b81e1998028545a3b6f2c38cae7035f1 ad5889d0256a493483d16a066b650057 - - default default] No more DHCP agents
2026-07-10 01:01:11.728 10 WARNING neutron.api.rpc.agentnotifiers.dhcp_rpc_agent_api [None req-d7346a64-b3d5-43ca-ba97-d56dcf95f16d b81e1998028545a3b6f2c38cae7035f1 ad5889d0256a493483d16a066b650057 - - default default] Unable to schedule network 3bc58217-06a1-47e8-b7e9-00c2564b8f04: no agents available; will retry on subsequent port and subnet creation events.
2026-07-10 01:01:11.776 9 INFO neutron.db.ovn_revision_numbers_db [None req-517f84cc-f93c-4f72-9b53-c15c1a54adca b81e1998028545a3b6f2c38cae7035f1 ad5889d0256a493483d16a066b650057 - - default default] Successfully bumped revision number for resource f1e1c959-a5b4-466e-900b-cb67b1252986 (type: ports) to 1
2026-07-10 01:01:11.840 10 INFO neutron.db.ovn_revision_numbers_db [None req-d7346a64-b3d5-43ca-ba97-d56dcf95f16d b81e1998028545a3b6f2c38cae7035f1 ad5889d0256a493483d16a066b650057 - - default default] Successfully bumped revision number for resource ed4f40b6-6228-4399-94c4-87cff41b8025 (type: ports) to 1
2026-07-10 01:01:12.006 9 INFO neutron.plugins.ml2.drivers.ovn.mech_driver.ovsdb.extensions.qos [None req-26bd65f7-8e17-4d27-a66c-534aacd1148d b81e1998028545a3b6f2c38cae7035f1 ad5889d0256a493483d16a066b650057 - - default default] Starting OVNClientQosExtension
2026-07-10 01:01:12.098 10 INFO neutron.plugins.ml2.drivers.ovn.mech_driver.ovsdb.extensions.qos [None req-d7346a64-b3d5-43ca-ba97-d56dcf95f16d b81e1998028545a3b6f2c38cae7035f1 ad5889d0256a493483d16a066b650057 - - default default] Starting OVNClientQosExtension
2026-07-10 01:01:12.339 15 INFO neutron.plugins.ml2.drivers.ovn.mech_driver.ovsdb.maintenance [None req-62a055e7-209f-4a6c-8cc7-48be2bbe53eb - - - - - -] OVN maintenance task check_for_inconsistencies finished in 0.049 seconds
2026-07-10 01:01:12.464 10 INFO neutron.plugins.ml2.drivers.ovn.mech_driver.ovsdb.commands [None req-0a1d19b9-3e0c-4908-a504-6dc6611e46dc - - - - - -] Schedule LRP lrp-ed4f40b6-6228-4399-94c4-87cff41b8025 on gateway e5929e1b-71c4-4d0f-851b-eddd482e630f with priority 1
2026-07-10 01:01:12.467 9 INFO neutron.plugins.ml2.drivers.ovn.mech_driver.ovsdb.commands [None req-de63255e-ff54-45fb-a85d-533e169c62c5 - - - - - -] Schedule LRP lrp-981431a1-2831-439e-89f6-a0588dbb03df on gateway e5929e1b-71c4-4d0f-851b-eddd482e630f with priority 1
2026-07-10 01:01:12.474 9 INFO neutron.plugins.ml2.drivers.ovn.mech_driver.mech_driver [-] OVN reports status up for port: ed4f40b6-6228-4399-94c4-87cff41b8025
2026-07-10 01:01:12.492 9 INFO neutron.plugins.ml2.plugin [None req-550192c8-b051-4371-9b9e-e2d7963d0ff7 - - - - - -] Attempt 1 to provision port ed4f40b6-6228-4399-94c4-87cff41b8025
2026-07-10 01:01:12.496 10 INFO neutron.plugins.ml2.drivers.ovn.mech_driver.ovsdb.ovsdb_monitor [-] Router 18204fdd-bb96-4bbb-8cd6-722e1720ae3b is bound to host instance
2026-07-10 01:01:12.513 10 INFO neutron.plugins.ml2.drivers.ovn.mech_driver.mech_driver [None req-76035d22-abcf-4898-9671-224a045e0b46 - - - - - -] OVN reports status up for port: 981431a1-2831-439e-89f6-a0588dbb03df
2026-07-10 01:01:12.535 10 INFO neutron.plugins.ml2.plugin [None req-76035d22-abcf-4898-9671-224a045e0b46 - - - - - -] Attempt 1 to provision port 981431a1-2831-439e-89f6-a0588dbb03df
2026-07-10 01:01:12.541 9 INFO neutron.db.ovn_revision_numbers_db [None req-26bd65f7-8e17-4d27-a66c-534aacd1148d b81e1998028545a3b6f2c38cae7035f1 ad5889d0256a493483d16a066b650057 - - default default] Successfully bumped revision number for resource 981431a1-2831-439e-89f6-a0588dbb03df (type: router_ports) to 1
2026-07-10 01:01:12.545 10 INFO neutron.db.ovn_revision_numbers_db [None req-d7346a64-b3d5-43ca-ba97-d56dcf95f16d b81e1998028545a3b6f2c38cae7035f1 ad5889d0256a493483d16a066b650057 - - default default] Successfully bumped revision number for resource ed4f40b6-6228-4399-94c4-87cff41b8025 (type: router_ports) to 1
2026-07-10 01:01:12.596 9 INFO neutron.plugins.ml2.drivers.ovn.mech_driver.ovsdb.commands [None req-de63255e-ff54-45fb-a85d-533e169c62c5 - - - - - -] Schedule LRP lrp-f1e1c959-a5b4-466e-900b-cb67b1252986 on gateway e5929e1b-71c4-4d0f-851b-eddd482e630f with priority 1
2026-07-10 01:01:12.622 9 INFO neutron.plugins.ml2.drivers.ovn.mech_driver.ovsdb.ovsdb_monitor [-] Router a548a86b-6731-413a-a577-3c09135a0734 is bound to host instance
2026-07-10 01:01:12.648 10 INFO neutron.db.ovn_revision_numbers_db [None req-d7346a64-b3d5-43ca-ba97-d56dcf95f16d b81e1998028545a3b6f2c38cae7035f1 ad5889d0256a493483d16a066b650057 - - default default] Successfully bumped revision number for resource 18204fdd-bb96-4bbb-8cd6-722e1720ae3b (type: routers) to 2
2026-07-10 01:01:12.656 9 INFO neutron.db.ovn_revision_numbers_db [None req-26bd65f7-8e17-4d27-a66c-534aacd1148d b81e1998028545a3b6f2c38cae7035f1 ad5889d0256a493483d16a066b650057 - - default default] Successfully bumped revision number for resource 9f4173ef-419e-4be3-ad8c-e2432e23324b (type: routers) to 2
2026-07-10 01:01:12.661 9 INFO neutron.db.ovn_revision_numbers_db [None req-517f84cc-f93c-4f72-9b53-c15c1a54adca b81e1998028545a3b6f2c38cae7035f1 ad5889d0256a493483d16a066b650057 - - default default] Successfully bumped revision number for resource f1e1c959-a5b4-466e-900b-cb67b1252986 (type: router_ports) to 1
2026-07-10 01:01:12.666 10 INFO neutron.api.wsgi [None req-d7346a64-b3d5-43ca-ba97-d56dcf95f16d b81e1998028545a3b6f2c38cae7035f1 ad5889d0256a493483d16a066b650057 - - default default] 10.0.0.54 "POST /v2.0/routers HTTP/1.1" status: 201 len: 1168 time: 1.5957935
2026-07-10 01:01:12.685 9 INFO neutron.api.wsgi [None req-26bd65f7-8e17-4d27-a66c-534aacd1148d b81e1998028545a3b6f2c38cae7035f1 ad5889d0256a493483d16a066b650057 - - default default] 10.0.0.54 "POST /v2.0/routers HTTP/1.1" status: 201 len: 1173 time: 1.7626622
2026-07-10 01:01:12.751 9 INFO neutron.db.ovn_revision_numbers_db [None req-517f84cc-f93c-4f72-9b53-c15c1a54adca b81e1998028545a3b6f2c38cae7035f1 ad5889d0256a493483d16a066b650057 - - default default] Successfully bumped revision number for resource a548a86b-6731-413a-a577-3c09135a0734 (type: routers) to 2
2026-07-10 01:01:12.771 9 INFO neutron.api.wsgi [None req-517f84cc-f93c-4f72-9b53-c15c1a54adca b81e1998028545a3b6f2c38cae7035f1 ad5889d0256a493483d16a066b650057 - - default default] 10.0.0.54 "POST /v2.0/routers HTTP/1.1" status: 201 len: 1166 time: 1.6363831
2026-07-10 01:01:12.889 9 INFO neutron.db.ovn_revision_numbers_db [None req-b31ac76e-89f9-44b2-92d1-762ca8a2f3cd b81e1998028545a3b6f2c38cae7035f1 ad5889d0256a493483d16a066b650057 - - default default] Successfully bumped revision number for resource 81e88678-e647-48cd-9c19-a0a39e438020 (type: security_groups) to 1
2026-07-10 01:01:12.906 9 INFO neutron.db.ovn_revision_numbers_db [None req-b31ac76e-89f9-44b2-92d1-762ca8a2f3cd b81e1998028545a3b6f2c38cae7035f1 ad5889d0256a493483d16a066b650057 - - default default] Successfully bumped revision number for resource 0bb41609-d7e3-44db-ad75-98870b9a1022 (type: security_group_rules) to 0
2026-07-10 01:01:12.924 9 INFO neutron.db.ovn_revision_numbers_db [None req-b31ac76e-89f9-44b2-92d1-762ca8a2f3cd b81e1998028545a3b6f2c38cae7035f1 ad5889d0256a493483d16a066b650057 - - default default] Successfully bumped revision number for resource 7819c032-bc9a-47d1-bbef-8ef2111cbb97 (type: security_group_rules) to 0
2026-07-10 01:01:12.937 9 INFO neutron.db.ovn_revision_numbers_db [None req-b31ac76e-89f9-44b2-92d1-762ca8a2f3cd b81e1998028545a3b6f2c38cae7035f1 ad5889d0256a493483d16a066b650057 - - default default] Successfully bumped revision number for resource 9caa15c4-0d25-4383-ba0f-8a8b858b7f1f (type: security_group_rules) to 0
2026-07-10 01:01:12.949 9 INFO neutron.db.ovn_revision_numbers_db [None req-b31ac76e-89f9-44b2-92d1-762ca8a2f3cd b81e1998028545a3b6f2c38cae7035f1 ad5889d0256a493483d16a066b650057 - - default default] Successfully bumped revision number for resource 9dc62e17-3ae3-4012-8368-6ad68753f59f (type: security_group_rules) to 0
2026-07-10 01:01:13.013 9 INFO neutron.db.segments_db [None req-b31ac76e-89f9-44b2-92d1-762ca8a2f3cd b81e1998028545a3b6f2c38cae7035f1 ad5889d0256a493483d16a066b650057 - - default default] Added segment 8e6b8497-809e-4604-9f0a-e38f6b38142f of type geneve for network e136c435-b784-41fe-b840-a2db89ec1476
2026-07-10 01:01:13.055 9 INFO neutron.db.ovn_revision_numbers_db [None req-e817f19e-8001-4045-aa08-f30f515603d8 - - - - - -] Successfully bumped revision number for resource f1e1c959-a5b4-466e-900b-cb67b1252986 (type: ports) to 1
2026-07-10 01:01:13.134 9 INFO neutron.db.ovn_revision_numbers_db [None req-b31ac76e-89f9-44b2-92d1-762ca8a2f3cd b81e1998028545a3b6f2c38cae7035f1 ad5889d0256a493483d16a066b650057 - - default default] Successfully bumped revision number for resource e136c435-b784-41fe-b840-a2db89ec1476 (type: networks) to 1
2026-07-10 01:01:13.288 9 WARNING neutron.scheduler.dhcp_agent_scheduler [None req-b31ac76e-89f9-44b2-92d1-762ca8a2f3cd b81e1998028545a3b6f2c38cae7035f1 ad5889d0256a493483d16a066b650057 - - default default] No more DHCP agents
2026-07-10 01:01:13.386 9 WARNING neutron.api.rpc.agentnotifiers.dhcp_rpc_agent_api [None req-b31ac76e-89f9-44b2-92d1-762ca8a2f3cd b81e1998028545a3b6f2c38cae7035f1 ad5889d0256a493483d16a066b650057 - - default default] Unable to schedule network e136c435-b784-41fe-b840-a2db89ec1476: no agents available; will retry on subsequent port and subnet creation events.
2026-07-10 01:01:13.396 10 INFO neutron.db.ovn_revision_numbers_db [None req-c1705864-e393-40ca-a4f8-7ce17e985407 - - - - - -] Successfully bumped revision number for resource ed4f40b6-6228-4399-94c4-87cff41b8025 (type: ports) to 1
2026-07-10 01:01:13.456 9 INFO neutron.db.ovn_revision_numbers_db [None req-b31ac76e-89f9-44b2-92d1-762ca8a2f3cd b81e1998028545a3b6f2c38cae7035f1 ad5889d0256a493483d16a066b650057 - - default default] Successfully bumped revision number for resource b7877775-4790-482c-90ac-2ee706f9f6d2 (type: ports) to 1
2026-07-10 01:01:13.471 9 INFO neutron.db.ovn_revision_numbers_db [None req-e817f19e-8001-4045-aa08-f30f515603d8 - - - - - -] Successfully bumped revision number for resource f1e1c959-a5b4-466e-900b-cb67b1252986 (type: ports) to 4
2026-07-10 01:01:13.484 9 INFO neutron.api.wsgi [None req-b31ac76e-89f9-44b2-92d1-762ca8a2f3cd b81e1998028545a3b6f2c38cae7035f1 ad5889d0256a493483d16a066b650057 - - default default] 10.0.0.54 "POST /v2.0/networks HTTP/1.1" status: 201 len: 953 time: 0.9282176
2026-07-10 01:01:13.616 10 WARNING neutron.scheduler.dhcp_agent_scheduler [None req-8730af77-1bca-4d6c-af01-1693be4c06eb b81e1998028545a3b6f2c38cae7035f1 ad5889d0256a493483d16a066b650057 - - default default] No more DHCP agents
2026-07-10 01:01:13.621 10 WARNING neutron.api.rpc.agentnotifiers.dhcp_rpc_agent_api [None req-8730af77-1bca-4d6c-af01-1693be4c06eb b81e1998028545a3b6f2c38cae7035f1 ad5889d0256a493483d16a066b650057 - - default default] Unable to schedule network 27ef0fb7-40ab-4bd6-9671-816bd7dfe638: no agents available; will retry on subsequent port and subnet creation events.
2026-07-10 01:01:13.634 10 WARNING neutron.scheduler.dhcp_agent_scheduler [None req-8b882dbd-a1d8-4cea-9524-bf0b96abcf2a b81e1998028545a3b6f2c38cae7035f1 ad5889d0256a493483d16a066b650057 - - default default] No more DHCP agents
2026-07-10 01:01:13.640 10 WARNING neutron.api.rpc.agentnotifiers.dhcp_rpc_agent_api [None req-8b882dbd-a1d8-4cea-9524-bf0b96abcf2a b81e1998028545a3b6f2c38cae7035f1 ad5889d0256a493483d16a066b650057 - - default default] Unable to schedule network ba6b4544-a58f-4c82-8086-168511febd64: no agents available; will retry on subsequent port and subnet creation events.
2026-07-10 01:01:13.650 9 WARNING neutron.scheduler.dhcp_agent_scheduler [None req-f4347b50-80f1-448c-9553-70d249003b80 b81e1998028545a3b6f2c38cae7035f1 ad5889d0256a493483d16a066b650057 - - default default] No more DHCP agents
2026-07-10 01:01:13.652 9 WARNING neutron.api.rpc.agentnotifiers.dhcp_rpc_agent_api [None req-f4347b50-80f1-448c-9553-70d249003b80 b81e1998028545a3b6f2c38cae7035f1 ad5889d0256a493483d16a066b650057 - - default default] Unable to schedule network e136c435-b784-41fe-b840-a2db89ec1476: no agents available; will retry on subsequent port and subnet creation events.
2026-07-10 01:01:13.727 10 WARNING neutron.scheduler.dhcp_agent_scheduler [None req-057a8805-9679-4d7f-9a2b-7c05ac674c68 b81e1998028545a3b6f2c38cae7035f1 ad5889d0256a493483d16a066b650057 - - default default] No more DHCP agents
2026-07-10 01:01:13.733 10 WARNING neutron.api.rpc.agentnotifiers.dhcp_rpc_agent_api [None req-057a8805-9679-4d7f-9a2b-7c05ac674c68 b81e1998028545a3b6f2c38cae7035f1 ad5889d0256a493483d16a066b650057 - - default default] Unable to schedule network 7de236d2-a4fe-4f61-9e19-41ba79537f20: no agents available; will retry on subsequent port and subnet creation events.
2026-07-10 01:01:13.815 9 INFO neutron.db.ovn_revision_numbers_db [None req-e817f19e-8001-4045-aa08-f30f515603d8 - - - - - -] Successfully bumped revision number for resource f1e1c959-a5b4-466e-900b-cb67b1252986 (type: ports) to 5
2026-07-10 01:01:13.821 10 INFO neutron.db.ovn_revision_numbers_db [None req-8730af77-1bca-4d6c-af01-1693be4c06eb b81e1998028545a3b6f2c38cae7035f1 ad5889d0256a493483d16a066b650057 - - default default] Successfully bumped revision number for resource 144cb329-1027-4290-982a-d5122645b112 (type: ports) to 1
2026-07-10 01:01:13.887 10 INFO neutron.db.ovn_revision_numbers_db [None req-8b882dbd-a1d8-4cea-9524-bf0b96abcf2a b81e1998028545a3b6f2c38cae7035f1 ad5889d0256a493483d16a066b650057 - - default default] Successfully bumped revision number for resource c14820ec-c7d9-472b-aa5d-5ba827956221 (type: ports) to 1
2026-07-10 01:01:14.027 10 INFO neutron.db.ovn_revision_numbers_db [None req-057a8805-9679-4d7f-9a2b-7c05ac674c68 b81e1998028545a3b6f2c38cae7035f1 ad5889d0256a493483d16a066b650057 - - default default] Successfully bumped revision number for resource 2424af37-0eb5-4a9f-9225-98f3f5248859 (type: ports) to 1
2026-07-10 01:01:14.074 9 INFO neutron.db.ovn_revision_numbers_db [None req-1b259f67-3239-42d4-a87e-ece4f14502db - - - - - -] Successfully bumped revision number for resource b7877775-4790-482c-90ac-2ee706f9f6d2 (type: ports) to 2
2026-07-10 01:01:14.102 9 INFO neutron.db.ovn_revision_numbers_db [None req-1b259f67-3239-42d4-a87e-ece4f14502db - - - - - -] Successfully bumped revision number for resource f3f44377-50d4-451d-aafc-e9edff1c6c5d (type: subnets) to 0
2026-07-10 01:01:14.115 9 INFO neutron.api.wsgi [None req-f4347b50-80f1-448c-9553-70d249003b80 b81e1998028545a3b6f2c38cae7035f1 ad5889d0256a493483d16a066b650057 - - default default] 10.0.0.54 "POST /v2.0/subnets HTTP/1.1" status: 201 len: 897 time: 0.6255934
2026-07-10 01:01:14.254 10 INFO neutron.db.ovn_revision_numbers_db [None req-c1705864-e393-40ca-a4f8-7ce17e985407 - - - - - -] Successfully bumped revision number for resource ed4f40b6-6228-4399-94c4-87cff41b8025 (type: ports) to 4
2026-07-10 01:01:14.511 9 WARNING neutron.scheduler.dhcp_agent_scheduler [None req-81486d96-db49-43d9-81b1-465cbe6d8210 b81e1998028545a3b6f2c38cae7035f1 ad5889d0256a493483d16a066b650057 - - default default] No more DHCP agents
2026-07-10 01:01:14.518 9 WARNING neutron.api.rpc.agentnotifiers.dhcp_rpc_agent_api [None req-81486d96-db49-43d9-81b1-465cbe6d8210 b81e1998028545a3b6f2c38cae7035f1 ad5889d0256a493483d16a066b650057 - - default default] Unable to schedule network 3bc58217-06a1-47e8-b7e9-00c2564b8f04: no agents available; will retry on subsequent port and subnet creation events.
2026-07-10 01:01:14.618 9 INFO neutron.db.ovn_revision_numbers_db [None req-81486d96-db49-43d9-81b1-465cbe6d8210 b81e1998028545a3b6f2c38cae7035f1 ad5889d0256a493483d16a066b650057 - - default default] Successfully bumped revision number for resource 85978560-f5c6-4866-87d6-691b7440cb4e (type: ports) to 1
2026-07-10 01:01:14.909 10 INFO neutron.db.ovn_revision_numbers_db [None req-c1705864-e393-40ca-a4f8-7ce17e985407 - - - - - -] Successfully bumped revision number for resource ed4f40b6-6228-4399-94c4-87cff41b8025 (type: ports) to 5
2026-07-10 01:01:14.959 9 INFO neutron.plugins.ml2.drivers.ovn.mech_driver.mech_driver [None req-550192c8-b051-4371-9b9e-e2d7963d0ff7 - - - - - -] OVN reports status up for port: f1e1c959-a5b4-466e-900b-cb67b1252986
2026-07-10 01:01:14.971 9 INFO neutron.plugins.ml2.plugin [None req-550192c8-b051-4371-9b9e-e2d7963d0ff7 - - - - - -] Attempt 1 to provision port f1e1c959-a5b4-466e-900b-cb67b1252986
2026-07-10 01:01:15.039 9 INFO neutron.plugins.ml2.drivers.ovn.mech_driver.mech_driver [None req-550192c8-b051-4371-9b9e-e2d7963d0ff7 - - - - - -] OVN reports status up for port: 144cb329-1027-4290-982a-d5122645b112
