2026-07-10 01:03:25.473 9 WARNING neutron.api.rpc.agentnotifiers.dhcp_rpc_agent_api [None req-f294b428-4125-4785-8d2d-1ac675a4ce0b b81e1998028545a3b6f2c38cae7035f1 ad5889d0256a493483d16a066b650057 - - default default] Unable to schedule network 2fd2478f-e6c8-492b-9eec-da4066c778d9: no agents available; will retry on subsequent port and subnet creation events.
2026-07-10 01:03:25.608 9 INFO neutron.api.wsgi [None req-76de7064-0025-4dcc-a4f9-a96acae29ec5 b81e1998028545a3b6f2c38cae7035f1 ad5889d0256a493483d16a066b650057 - - default default] 10.0.0.54 "DELETE /v2.0/security-groups/bca7df41-b8ac-4bd9-84f0-c1626561c5b6 HTTP/1.1" status: 204 len: 168 time: 0.2696314
2026-07-10 01:03:25.655 10 INFO neutron.services.segments.plugin [-] Segment 90b92341-010c-40a3-98ba-fe41a87e64e2 resource provider aggregate not found
2026-07-10 01:03:25.661 10 INFO neutron.services.segments.plugin [-] Segment 90b92341-010c-40a3-98ba-fe41a87e64e2 resource provider aggregate not found
2026-07-10 01:03:25.669 10 INFO neutron.services.segments.plugin [-] Segment 90b92341-010c-40a3-98ba-fe41a87e64e2 resource provider not found; error: Placement Client Error (4xx): {"errors": [{"status": 404, "title": "Not Found", "detail": "The resource could not be found.\n\n No resource provider with uuid 90b92341-010c-40a3-98ba-fe41a87e64e2 found for delete ", "request_id": "req-990995eb-b386-4640-9c65-340733ed443e"}]}
2026-07-10 01:03:25.678 10 INFO neutron.services.segments.plugin [-] Segment 90b92341-010c-40a3-98ba-fe41a87e64e2 resource provider not found; error: Placement Client Error (4xx): {"errors": [{"status": 404, "title": "Not Found", "detail": "The resource could not be found.\n\n No resource provider with uuid 90b92341-010c-40a3-98ba-fe41a87e64e2 found for delete ", "request_id": "req-bac29ad5-fa99-4548-8a26-6e0a7ac56b0f"}]}
2026-07-10 01:03:25.685 10 INFO neutron.api.wsgi [None req-7849fa27-961d-49d9-b03f-df596cd1e926 b81e1998028545a3b6f2c38cae7035f1 ad5889d0256a493483d16a066b650057 - - default default] 10.0.0.54 "DELETE /v2.0/networks/2f699102-49a9-420a-a66c-4f3d0c43a86c HTTP/1.1" status: 204 len: 168 time: 0.3690515
2026-07-10 01:03:25.876 10 INFO neutron.api.wsgi [None req-2992b206-d109-4928-b2eb-e5f67be8fc71 b81e1998028545a3b6f2c38cae7035f1 ad5889d0256a493483d16a066b650057 - - default default] 10.0.0.54 "GET /v2.0/security-groups?tenant_id=0dd8acb83f924a868a96da5367454367&name=default HTTP/1.1" status: 200 len: 3120 time: 0.0364146
2026-07-10 01:03:25.922 10 INFO neutron.db.ovn_revision_numbers_db [None req-c5a674ab-16aa-40f3-b08c-276d105d6bc8 b81e1998028545a3b6f2c38cae7035f1 ad5889d0256a493483d16a066b650057 - - default default] Successfully bumped revision number for resource d354271c-814d-41ca-8461-86380ca82e50 (type: security_groups) to 1
2026-07-10 01:03:25.928 9 INFO neutron.db.ovn_revision_numbers_db [None req-f294b428-4125-4785-8d2d-1ac675a4ce0b b81e1998028545a3b6f2c38cae7035f1 ad5889d0256a493483d16a066b650057 - - default default] Successfully bumped revision number for resource 1f7aa307-5443-48f3-8287-366a9fdd27c8 (type: router_ports) to 1
2026-07-10 01:03:25.936 9 INFO neutron.api.wsgi [None req-f294b428-4125-4785-8d2d-1ac675a4ce0b b81e1998028545a3b6f2c38cae7035f1 ad5889d0256a493483d16a066b650057 - - default default] 10.0.0.54 "PUT /v2.0/routers/c47243e6-03ea-4b6c-9958-8fd5acbc23e5/add_router_interface HTTP/1.1" status: 200 len: 503 time: 1.9163580
2026-07-10 01:03:25.953 10 INFO neutron.db.ovn_revision_numbers_db [None req-c5a674ab-16aa-40f3-b08c-276d105d6bc8 b81e1998028545a3b6f2c38cae7035f1 ad5889d0256a493483d16a066b650057 - - default default] Successfully bumped revision number for resource 334f97ce-1a59-4b0b-b3fa-3ea7a37dfa95 (type: security_group_rules) to 0
2026-07-10 01:03:25.970 10 INFO neutron.db.ovn_revision_numbers_db [None req-c5a674ab-16aa-40f3-b08c-276d105d6bc8 b81e1998028545a3b6f2c38cae7035f1 ad5889d0256a493483d16a066b650057 - - default default] Successfully bumped revision number for resource 4411eb95-d1a4-4140-b011-934235268b06 (type: security_group_rules) to 0
2026-07-10 01:03:25.992 10 INFO neutron.db.ovn_revision_numbers_db [None req-c5a674ab-16aa-40f3-b08c-276d105d6bc8 b81e1998028545a3b6f2c38cae7035f1 ad5889d0256a493483d16a066b650057 - - default default] Successfully bumped revision number for resource 7f2a7f1d-bb73-45a4-9a01-cd55f3dbe0ad (type: security_group_rules) to 0
2026-07-10 01:03:26.019 10 INFO neutron.db.ovn_revision_numbers_db [None req-c5a674ab-16aa-40f3-b08c-276d105d6bc8 b81e1998028545a3b6f2c38cae7035f1 ad5889d0256a493483d16a066b650057 - - default default] Successfully bumped revision number for resource 866b0fed-7e1d-4576-94da-097501d6f5ae (type: security_group_rules) to 0
2026-07-10 01:03:26.083 10 INFO neutron.api.wsgi [None req-c5a674ab-16aa-40f3-b08c-276d105d6bc8 b81e1998028545a3b6f2c38cae7035f1 ad5889d0256a493483d16a066b650057 - - default default] 10.0.0.54 "GET /v2.0/security-groups?tenant_id=c5a950f417cc49df99ecdfb8af9f44d6&name=default HTTP/1.1" status: 200 len: 3120 time: 0.3282454
2026-07-10 01:03:26.172 10 INFO neutron.api.wsgi [None req-5403548d-3aa0-4279-8006-7234dc73ebb2 b81e1998028545a3b6f2c38cae7035f1 ad5889d0256a493483d16a066b650057 - - default default] 10.0.0.54 "DELETE /v2.0/security-groups/32fc7cc1-9955-4186-bb65-f52c3f402ccb HTTP/1.1" status: 204 len: 168 time: 0.2773020
2026-07-10 01:03:26.320 10 INFO neutron.api.wsgi [None req-ecd15a7a-36c8-44eb-a66b-7e92458e43ea b81e1998028545a3b6f2c38cae7035f1 ad5889d0256a493483d16a066b650057 - - default default] 10.0.0.54 "DELETE /v2.0/security-groups/d354271c-814d-41ca-8461-86380ca82e50 HTTP/1.1" status: 204 len: 168 time: 0.2321775
2026-07-10 01:03:26.615 9 INFO neutron.db.ovn_revision_numbers_db [None req-3c0c8e72-20dd-4548-83f0-8cc3195e11a4 b81e1998028545a3b6f2c38cae7035f1 ad5889d0256a493483d16a066b650057 - - default default] Successfully bumped revision number for resource 41815927-9507-4788-aa53-afce9d089e1d (type: security_groups) to 1
2026-07-10 01:03:26.628 9 INFO neutron.db.ovn_revision_numbers_db [None req-3c0c8e72-20dd-4548-83f0-8cc3195e11a4 b81e1998028545a3b6f2c38cae7035f1 ad5889d0256a493483d16a066b650057 - - default default] Successfully bumped revision number for resource 3d3dc1e2-5308-4eab-80e0-3ba5296ae9fc (type: security_group_rules) to 0
2026-07-10 01:03:26.642 9 INFO neutron.db.ovn_revision_numbers_db [None req-3c0c8e72-20dd-4548-83f0-8cc3195e11a4 b81e1998028545a3b6f2c38cae7035f1 ad5889d0256a493483d16a066b650057 - - default default] Successfully bumped revision number for resource 40d179a2-0afc-44ec-a2aa-4776ac982794 (type: security_group_rules) to 0
2026-07-10 01:03:26.676 9 INFO neutron.db.ovn_revision_numbers_db [None req-3c0c8e72-20dd-4548-83f0-8cc3195e11a4 b81e1998028545a3b6f2c38cae7035f1 ad5889d0256a493483d16a066b650057 - - default default] Successfully bumped revision number for resource a26df9a1-ea5d-45e0-ad55-2e64423dd7d4 (type: security_group_rules) to 0
2026-07-10 01:03:26.693 9 INFO neutron.db.ovn_revision_numbers_db [None req-3c0c8e72-20dd-4548-83f0-8cc3195e11a4 b81e1998028545a3b6f2c38cae7035f1 ad5889d0256a493483d16a066b650057 - - default default] Successfully bumped revision number for resource e1945adf-3bb4-45e7-801c-a6fc7fbb4c21 (type: security_group_rules) to 0
2026-07-10 01:03:26.742 9 INFO neutron.api.wsgi [None req-3c0c8e72-20dd-4548-83f0-8cc3195e11a4 b81e1998028545a3b6f2c38cae7035f1 ad5889d0256a493483d16a066b650057 - - default default] 10.0.0.54 "GET /v2.0/security-groups?tenant_id=0edf48a49e6344b0a0f60cba2d4c8feb&name=default HTTP/1.1" status: 200 len: 3120 time: 0.2715793
2026-07-10 01:03:26.926 10 INFO neutron.plugins.ml2.drivers.ovn.mech_driver.mech_driver [None req-84c879e8-31f5-4278-9ef6-98cce7ac9394 - - - - - -] OVN reports status up for port: 1f7aa307-5443-48f3-8287-366a9fdd27c8
2026-07-10 01:03:26.933 10 INFO neutron.plugins.ml2.plugin [None req-84c879e8-31f5-4278-9ef6-98cce7ac9394 - - - - - -] Attempt 1 to provision port 1f7aa307-5443-48f3-8287-366a9fdd27c8
2026-07-10 01:03:26.983 10 INFO neutron.api.wsgi [None req-253fba3c-5378-4690-ad93-f660b13702ee b81e1998028545a3b6f2c38cae7035f1 ad5889d0256a493483d16a066b650057 - - default default] 10.0.0.54 "DELETE /v2.0/security-groups/41815927-9507-4788-aa53-afce9d089e1d HTTP/1.1" status: 204 len: 168 time: 0.2363517
2026-07-10 01:03:27.195 9 INFO neutron.db.ovn_revision_numbers_db [None req-b6b9500a-362c-4dc0-bc8e-be9a50980dc3 b81e1998028545a3b6f2c38cae7035f1 ad5889d0256a493483d16a066b650057 - - default default] Successfully bumped revision number for resource 509cb85f-2122-4784-bada-f3d11995314f (type: security_groups) to 1
2026-07-10 01:03:27.210 9 INFO neutron.db.ovn_revision_numbers_db [None req-b6b9500a-362c-4dc0-bc8e-be9a50980dc3 b81e1998028545a3b6f2c38cae7035f1 ad5889d0256a493483d16a066b650057 - - default default] Successfully bumped revision number for resource 12648a8b-578f-4525-bed6-251f040bc5dc (type: security_group_rules) to 0
2026-07-10 01:03:27.225 9 INFO neutron.db.ovn_revision_numbers_db [None req-b6b9500a-362c-4dc0-bc8e-be9a50980dc3 b81e1998028545a3b6f2c38cae7035f1 ad5889d0256a493483d16a066b650057 - - default default] Successfully bumped revision number for resource 3ef03bc4-1ab0-4224-ad80-5b0911229312 (type: security_group_rules) to 0
2026-07-10 01:03:27.240 9 INFO neutron.db.ovn_revision_numbers_db [None req-b6b9500a-362c-4dc0-bc8e-be9a50980dc3 b81e1998028545a3b6f2c38cae7035f1 ad5889d0256a493483d16a066b650057 - - default default] Successfully bumped revision number for resource 5fbe250e-0ee1-4776-b4cf-3c00ebf5aa52 (type: security_group_rules) to 0
2026-07-10 01:03:27.252 9 INFO neutron.db.ovn_revision_numbers_db [None req-b6b9500a-362c-4dc0-bc8e-be9a50980dc3 b81e1998028545a3b6f2c38cae7035f1 ad5889d0256a493483d16a066b650057 - - default default] Successfully bumped revision number for resource d84c8fa1-6006-4e26-99bf-7eaf44483dcb (type: security_group_rules) to 0
2026-07-10 01:03:27.270 10 INFO neutron.db.ovn_revision_numbers_db [None req-84c879e8-31f5-4278-9ef6-98cce7ac9394 - - - - - -] Successfully bumped revision number for resource 1f7aa307-5443-48f3-8287-366a9fdd27c8 (type: ports) to 2
2026-07-10 01:03:27.326 9 INFO neutron.db.segments_db [None req-b6b9500a-362c-4dc0-bc8e-be9a50980dc3 b81e1998028545a3b6f2c38cae7035f1 ad5889d0256a493483d16a066b650057 - - default default] Added segment ccad3f09-734c-4716-9bbc-2583cd9a9eb0 of type geneve for network cfeabc08-ed1a-4dad-823d-96862132de2a
2026-07-10 01:03:27.441 9 INFO neutron.db.ovn_revision_numbers_db [None req-b6b9500a-362c-4dc0-bc8e-be9a50980dc3 b81e1998028545a3b6f2c38cae7035f1 ad5889d0256a493483d16a066b650057 - - default default] Successfully bumped revision number for resource cfeabc08-ed1a-4dad-823d-96862132de2a (type: networks) to 1
2026-07-10 01:03:27.596 9 WARNING neutron.scheduler.dhcp_agent_scheduler [None req-b6b9500a-362c-4dc0-bc8e-be9a50980dc3 b81e1998028545a3b6f2c38cae7035f1 ad5889d0256a493483d16a066b650057 - - default default] No more DHCP agents
2026-07-10 01:03:27.597 9 WARNING neutron.api.rpc.agentnotifiers.dhcp_rpc_agent_api [None req-b6b9500a-362c-4dc0-bc8e-be9a50980dc3 b81e1998028545a3b6f2c38cae7035f1 ad5889d0256a493483d16a066b650057 - - default default] Unable to schedule network cfeabc08-ed1a-4dad-823d-96862132de2a: no agents available; will retry on subsequent port and subnet creation events.
2026-07-10 01:03:27.651 9 INFO neutron.db.ovn_revision_numbers_db [None req-b6b9500a-362c-4dc0-bc8e-be9a50980dc3 b81e1998028545a3b6f2c38cae7035f1 ad5889d0256a493483d16a066b650057 - - default default] Successfully bumped revision number for resource 91025e35-9b24-4285-86c0-13fd1d596263 (type: ports) to 1
2026-07-10 01:03:27.672 9 INFO neutron.api.wsgi [None req-b6b9500a-362c-4dc0-bc8e-be9a50980dc3 b81e1998028545a3b6f2c38cae7035f1 ad5889d0256a493483d16a066b650057 - - default default] 10.0.0.54 "POST /v2.0/networks HTTP/1.1" status: 201 len: 942 time: 0.6088400
2026-07-10 01:03:27.799 9 WARNING neutron.scheduler.dhcp_agent_scheduler [None req-30d40e0f-320b-4b36-9ab0-35bef9f7a22b b81e1998028545a3b6f2c38cae7035f1 ad5889d0256a493483d16a066b650057 - - default default] No more DHCP agents
2026-07-10 01:03:27.801 9 WARNING neutron.api.rpc.agentnotifiers.dhcp_rpc_agent_api [None req-30d40e0f-320b-4b36-9ab0-35bef9f7a22b b81e1998028545a3b6f2c38cae7035f1 ad5889d0256a493483d16a066b650057 - - default default] Unable to schedule network cfeabc08-ed1a-4dad-823d-96862132de2a: no agents available; will retry on subsequent port and subnet creation events.
2026-07-10 01:03:28.227 9 INFO neutron.db.ovn_revision_numbers_db [None req-6aa12024-f6df-4760-88fa-6a3164eebaaa - - - - - -] Successfully bumped revision number for resource 91025e35-9b24-4285-86c0-13fd1d596263 (type: ports) to 2
2026-07-10 01:03:28.252 9 INFO neutron.db.ovn_revision_numbers_db [None req-6aa12024-f6df-4760-88fa-6a3164eebaaa - - - - - -] Successfully bumped revision number for resource 7b5ca9e8-ad12-4e82-8827-07cbbd6fb71d (type: subnets) to 0
2026-07-10 01:03:28.267 9 INFO neutron.api.wsgi [None req-30d40e0f-320b-4b36-9ab0-35bef9f7a22b b81e1998028545a3b6f2c38cae7035f1 ad5889d0256a493483d16a066b650057 - - default default] 10.0.0.54 "POST /v2.0/subnets HTTP/1.1" status: 201 len: 886 time: 0.5876837
2026-07-10 01:03:28.465 10 INFO neutron.db.ovn_revision_numbers_db [None req-38018549-2d07-43f9-8045-9839bd805482 b81e1998028545a3b6f2c38cae7035f1 ad5889d0256a493483d16a066b650057 - - default default] Successfully bumped revision number for resource b77a3768-a38f-496c-9b8a-1d7fc78146c7 (type: security_groups) to 1
2026-07-10 01:03:28.481 10 INFO neutron.db.ovn_revision_numbers_db [None req-38018549-2d07-43f9-8045-9839bd805482 b81e1998028545a3b6f2c38cae7035f1 ad5889d0256a493483d16a066b650057 - - default default] Successfully bumped revision number for resource 1ca120a0-57cb-4f7e-ba6e-331cff645d07 (type: security_group_rules) to 0
2026-07-10 01:03:28.501 10 INFO neutron.db.ovn_revision_numbers_db [None req-38018549-2d07-43f9-8045-9839bd805482 b81e1998028545a3b6f2c38cae7035f1 ad5889d0256a493483d16a066b650057 - - default default] Successfully bumped revision number for resource 4400e52b-f1d2-436d-a6c6-7599693bbf82 (type: security_group_rules) to 0
2026-07-10 01:03:28.516 10 INFO neutron.db.ovn_revision_numbers_db [None req-38018549-2d07-43f9-8045-9839bd805482 b81e1998028545a3b6f2c38cae7035f1 ad5889d0256a493483d16a066b650057 - - default default] Successfully bumped revision number for resource a6405c94-910b-4b31-9cb9-89c9cf23ae75 (type: security_group_rules) to 0
2026-07-10 01:03:28.537 10 INFO neutron.db.ovn_revision_numbers_db [None req-38018549-2d07-43f9-8045-9839bd805482 b81e1998028545a3b6f2c38cae7035f1 ad5889d0256a493483d16a066b650057 - - default default] Successfully bumped revision number for resource e36fba5b-fe8c-4d93-a72b-0b8287eacc71 (type: security_group_rules) to 0
2026-07-10 01:03:28.588 10 INFO neutron.api.wsgi [None req-38018549-2d07-43f9-8045-9839bd805482 b81e1998028545a3b6f2c38cae7035f1 ad5889d0256a493483d16a066b650057 - - default default] 10.0.0.54 "GET /v2.0/security-groups?tenant_id=f5809d4f25b04177b384533345e8d9dc&name=default HTTP/1.1" status: 200 len: 3120 time: 0.3723917
2026-07-10 01:03:28.734 9 WARNING neutron.scheduler.dhcp_agent_scheduler [None req-a3448b03-cf3d-4ec7-aae2-8aa21efbea2f b81e1998028545a3b6f2c38cae7035f1 ad5889d0256a493483d16a066b650057 - - default default] No more DHCP agents
2026-07-10 01:03:28.735 9 WARNING neutron.api.rpc.agentnotifiers.dhcp_rpc_agent_api [None req-a3448b03-cf3d-4ec7-aae2-8aa21efbea2f b81e1998028545a3b6f2c38cae7035f1 ad5889d0256a493483d16a066b650057 - - default default] Unable to schedule network 3bc58217-06a1-47e8-b7e9-00c2564b8f04: no agents available; will retry on subsequent port and subnet creation events.
2026-07-10 01:03:28.791 10 INFO neutron.api.wsgi [None req-de96eec2-6dfe-439a-a6ad-93601305f5e7 b81e1998028545a3b6f2c38cae7035f1 ad5889d0256a493483d16a066b650057 - - default default] 10.0.0.54 "DELETE /v2.0/security-groups/b77a3768-a38f-496c-9b8a-1d7fc78146c7 HTTP/1.1" status: 204 len: 168 time: 0.1988792
2026-07-10 01:03:28.885 9 INFO neutron.db.ovn_revision_numbers_db [None req-a3448b03-cf3d-4ec7-aae2-8aa21efbea2f b81e1998028545a3b6f2c38cae7035f1 ad5889d0256a493483d16a066b650057 - - default default] Successfully bumped revision number for resource 0dfb0e92-aca7-4190-8131-31aea8ece625 (type: ports) to 1
2026-07-10 01:03:29.107 10 INFO neutron.db.ovn_revision_numbers_db [None req-a0ab9adf-e61a-4f91-a2a5-647c2af65c58 b81e1998028545a3b6f2c38cae7035f1 ad5889d0256a493483d16a066b650057 - - default default] Successfully bumped revision number for resource 91cbb1ec-c126-4400-8cf5-b6bc48078f64 (type: security_groups) to 1
2026-07-10 01:03:29.119 10 INFO neutron.db.ovn_revision_numbers_db [None req-a0ab9adf-e61a-4f91-a2a5-647c2af65c58 b81e1998028545a3b6f2c38cae7035f1 ad5889d0256a493483d16a066b650057 - - default default] Successfully bumped revision number for resource 17234409-d457-4a3d-a95b-c2a60dafb2e4 (type: security_group_rules) to 0
2026-07-10 01:03:29.158 10 INFO neutron.db.ovn_revision_numbers_db [None req-a0ab9adf-e61a-4f91-a2a5-647c2af65c58 b81e1998028545a3b6f2c38cae7035f1 ad5889d0256a493483d16a066b650057 - - default default] Successfully bumped revision number for resource 33f2aaff-8ca7-438c-aa45-9c68dc89e677 (type: security_group_rules) to 0
2026-07-10 01:03:29.171 10 INFO neutron.db.ovn_revision_numbers_db [None req-a0ab9adf-e61a-4f91-a2a5-647c2af65c58 b81e1998028545a3b6f2c38cae7035f1 ad5889d0256a493483d16a066b650057 - - default default] Successfully bumped revision number for resource 369e2373-eb8b-4059-b4a1-5b05a7291621 (type: security_group_rules) to 0
2026-07-10 01:03:29.202 10 INFO neutron.db.ovn_revision_numbers_db [None req-a0ab9adf-e61a-4f91-a2a5-647c2af65c58 b81e1998028545a3b6f2c38cae7035f1 ad5889d0256a493483d16a066b650057 - - default default] Successfully bumped revision number for resource 3f56488b-a2f1-4547-b348-a564ec11c559 (type: security_group_rules) to 0
2026-07-10 01:03:29.254 10 INFO neutron.api.wsgi [None req-a0ab9adf-e61a-4f91-a2a5-647c2af65c58 b81e1998028545a3b6f2c38cae7035f1 ad5889d0256a493483d16a066b650057 - - default default] 10.0.0.54 "GET /v2.0/security-groups?tenant_id=f4237c63f3d34e1a8a91895acfe9daa7&name=default HTTP/1.1" status: 200 len: 3120 time: 0.2782140
2026-07-10 01:03:29.513 10 INFO neutron.api.wsgi [None req-02edc3d7-bc82-4153-ab70-496ef0a62268 b81e1998028545a3b6f2c38cae7035f1 ad5889d0256a493483d16a066b650057 - - default default] 10.0.0.54 "DELETE /v2.0/security-groups/91cbb1ec-c126-4400-8cf5-b6bc48078f64 HTTP/1.1" status: 204 len: 168 time: 0.2512712
2026-07-10 01:03:29.559 9 INFO neutron.plugins.ml2.drivers.ovn.mech_driver.ovsdb.commands [None req-de63255e-ff54-45fb-a85d-533e169c62c5 - - - - - -] Schedule LRP lrp-0dfb0e92-aca7-4190-8131-31aea8ece625 on gateway e5929e1b-71c4-4d0f-851b-eddd482e630f with priority 1
2026-07-10 01:03:29.586 9 INFO neutron.plugins.ml2.drivers.ovn.mech_driver.ovsdb.ovsdb_monitor [None req-e2693ddf-db9c-4406-b0ad-8fcabb2f23b3 - - - - - -] Router 0564d59c-089d-458a-9f8b-a55f9a6e9eb8 is bound to host instance
2026-07-10 01:03:29.612 9 INFO neutron.db.ovn_revision_numbers_db [None req-a3448b03-cf3d-4ec7-aae2-8aa21efbea2f b81e1998028545a3b6f2c38cae7035f1 ad5889d0256a493483d16a066b650057 - - default default] Successfully bumped revision number for resource 0dfb0e92-aca7-4190-8131-31aea8ece625 (type: router_ports) to 1
2026-07-10 01:03:29.685 9 INFO neutron.db.ovn_revision_numbers_db [None req-a3448b03-cf3d-4ec7-aae2-8aa21efbea2f b81e1998028545a3b6f2c38cae7035f1 ad5889d0256a493483d16a066b650057 - - default default] Successfully bumped revision number for resource 0564d59c-089d-458a-9f8b-a55f9a6e9eb8 (type: routers) to 2
2026-07-10 01:03:29.700 9 INFO neutron.api.wsgi [None req-a3448b03-cf3d-4ec7-aae2-8aa21efbea2f b81e1998028545a3b6f2c38cae7035f1 ad5889d0256a493483d16a066b650057 - - default default] 10.0.0.54 "POST /v2.0/routers HTTP/1.1" status: 201 len: 1164 time: 1.4285905
2026-07-10 01:03:29.995 9 INFO neutron.db.ovn_revision_numbers_db [None req-e99f0463-de2c-4d08-8b64-d42ef0e148fc - - - - - -] Successfully bumped revision number for resource 0dfb0e92-aca7-4190-8131-31aea8ece625 (type: ports) to 1
2026-07-10 01:03:30.155 10 INFO neutron.api.wsgi [None req-f248d8c7-2dfa-4cb9-9ad2-e93ebc2ea02a b81e1998028545a3b6f2c38cae7035f1 ad5889d0256a493483d16a066b650057 - - default default] 10.0.0.98 "GET /v2.0/network-ip-availabilities HTTP/1.1" status: 200 len: 2220 time: 0.1986027
2026-07-10 01:03:30.174 10 WARNING neutron.scheduler.dhcp_agent_scheduler [None req-1d9f4f44-4931-4f89-8b75-7af7fa2002bf b81e1998028545a3b6f2c38cae7035f1 ad5889d0256a493483d16a066b650057 - - default default] No more DHCP agents
2026-07-10 01:03:30.175 10 WARNING neutron.api.rpc.agentnotifiers.dhcp_rpc_agent_api [None req-1d9f4f44-4931-4f89-8b75-7af7fa2002bf b81e1998028545a3b6f2c38cae7035f1 ad5889d0256a493483d16a066b650057 - - default default] Unable to schedule network cfeabc08-ed1a-4dad-823d-96862132de2a: no agents available; will retry on subsequent port and subnet creation events.
2026-07-10 01:03:30.182 10 INFO neutron.api.wsgi [None req-33674c81-ea55-448c-8631-98b80f7f6e5d b81e1998028545a3b6f2c38cae7035f1 ad5889d0256a493483d16a066b650057 - - default default] 10.0.0.98 "GET /v2.0/subnets HTTP/1.1" status: 200 len: 2838 time: 0.0251122
2026-07-10 01:03:30.199 10 INFO neutron.api.wsgi [None req-d9d39053-6103-4f93-aadd-c13c307afd48 b81e1998028545a3b6f2c38cae7035f1 ad5889d0256a493483d16a066b650057 - - default default] 10.0.0.98 "GET /v2.0/agents HTTP/1.1" status: 200 len: 1390 time: 0.0117633
2026-07-10 01:03:30.234 10 INFO neutron.api.wsgi [None req-65aaf2b7-85ec-4889-ae6e-f0d951e83919 b81e1998028545a3b6f2c38cae7035f1 ad5889d0256a493483d16a066b650057 - - default default] 10.0.0.98 "GET /v2.0/subnets HTTP/1.1" status: 200 len: 2838 time: 0.0335267
2026-07-10 01:03:30.247 10 INFO neutron.api.wsgi [None req-68fa6f95-4cab-4fbd-a6b8-79b33e888683 b81e1998028545a3b6f2c38cae7035f1 ad5889d0256a493483d16a066b650057 - - default default] 10.0.0.98 "GET /v2.0/subnetpools HTTP/1.1" status: 200 len: 193 time: 0.0106010
2026-07-10 01:03:30.255 9 INFO neutron.db.ovn_revision_numbers_db [None req-e99f0463-de2c-4d08-8b64-d42ef0e148fc - - - - - -] Successfully bumped revision number for resource 0dfb0e92-aca7-4190-8131-31aea8ece625 (type: ports) to 4
2026-07-10 01:03:30.312 10 INFO neutron.api.wsgi [None req-324b2179-c905-4dcf-87e8-793003754e13 b81e1998028545a3b6f2c38cae7035f1 ad5889d0256a493483d16a066b650057 - - default default] 10.0.0.98 "GET /v2.0/networks HTTP/1.1" status: 200 len: 3864 time: 0.0632966
2026-07-10 01:03:30.362 10 INFO neutron.api.wsgi [None req-041c8adf-958b-46d5-905b-41098e1db207 b81e1998028545a3b6f2c38cae7035f1 ad5889d0256a493483d16a066b650057 - - default default] 10.0.0.98 "GET /v2.0/security-groups HTTP/1.1" status: 200 len: 23382 time: 0.0473602
2026-07-10 01:03:30.417 10 INFO neutron.db.ovn_revision_numbers_db [None req-1d9f4f44-4931-4f89-8b75-7af7fa2002bf b81e1998028545a3b6f2c38cae7035f1 ad5889d0256a493483d16a066b650057 - - default default] Successfully bumped revision number for resource 1fd3cf72-825d-41f0-8c22-622d21e50917 (type: ports) to 1
2026-07-10 01:03:30.464 10 INFO neutron.api.wsgi [None req-a719477e-1ebb-4296-b76c-8bf607dba5a6 b81e1998028545a3b6f2c38cae7035f1 ad5889d0256a493483d16a066b650057 - - default default] 10.0.0.98 "GET /v2.0/routers HTTP/1.1" status: 200 len: 2111 time: 0.0970600
2026-07-10 01:03:30.476 10 INFO neutron.api.wsgi [None req-18c467a2-6fe6-4bc2-9fd6-4a73a3c65f9c b81e1998028545a3b6f2c38cae7035f1 ad5889d0256a493483d16a066b650057 - - default default] 10.0.0.98 "GET /v2.0/agents?binary=ovn-controller HTTP/1.1" status: 200 len: 591 time: 0.0101151
2026-07-10 01:03:30.501 10 INFO neutron.api.wsgi [None req-2a96b1df-ed23-4c15-a50f-567ea8c58027 b81e1998028545a3b6f2c38cae7035f1 ad5889d0256a493483d16a066b650057 - - default default] 10.0.0.98 "GET /v2.0/floatingips HTTP/1.1" status: 200 len: 193 time: 0.0209699
2026-07-10 01:03:30.551 9 INFO neutron.db.ovn_revision_numbers_db [None req-e99f0463-de2c-4d08-8b64-d42ef0e148fc - - - - - -] Successfully bumped revision number for resource 0dfb0e92-aca7-4190-8131-31aea8ece625 (type: ports) to 5
2026-07-10 01:03:30.556 10 INFO neutron.api.wsgi [None req-754272df-faff-4177-a253-a1559255e444 b81e1998028545a3b6f2c38cae7035f1 ad5889d0256a493483d16a066b650057 - - default default] 10.0.0.98 "GET /v2.0/ports HTTP/1.1" status: 200 len: 11796 time: 0.0533319
2026-07-10 01:03:30.745 10 INFO neutron.db.ovn_revision_numbers_db [None req-1c56abad-d882-41ff-a807-2eb29ca3b5ba b81e1998028545a3b6f2c38cae7035f1 ad5889d0256a493483d16a066b650057 - - default default] Successfully bumped revision number for resource 24f13271-499c-495b-ae36-30bc03383ed6 (type: security_groups) to 1
2026-07-10 01:03:30.769 10 INFO neutron.db.ovn_revision_numbers_db [None req-1c56abad-d882-41ff-a807-2eb29ca3b5ba b81e1998028545a3b6f2c38cae7035f1 ad5889d0256a493483d16a066b650057 - - default default] Successfully bumped revision number for resource 1732dd64-6081-413a-abb7-3d7438723656 (type: security_group_rules) to 0
2026-07-10 01:03:30.783 10 INFO neutron.db.ovn_revision_numbers_db [None req-1c56abad-d882-41ff-a807-2eb29ca3b5ba b81e1998028545a3b6f2c38cae7035f1 ad5889d0256a493483d16a066b650057 - - default default] Successfully bumped revision number for resource 65c32624-f2d6-433c-9e82-078b4c2535b3 (type: security_group_rules) to 0
2026-07-10 01:03:30.801 10 INFO neutron.db.ovn_revision_numbers_db [None req-1c56abad-d882-41ff-a807-2eb29ca3b5ba b81e1998028545a3b6f2c38cae7035f1 ad5889d0256a493483d16a066b650057 - - default default] Successfully bumped revision number for resource 7a0591fe-787b-41ee-886b-dceb6d9f5412 (type: security_group_rules) to 0
2026-07-10 01:03:30.821 10 INFO neutron.db.ovn_revision_numbers_db [None req-1c56abad-d882-41ff-a807-2eb29ca3b5ba b81e1998028545a3b6f2c38cae7035f1 ad5889d0256a493483d16a066b650057 - - default default] Successfully bumped revision number for resource d4dd226c-3391-4c64-baa3-081cd4547dfc (type: security_group_rules) to 0
2026-07-10 01:03:30.864 10 INFO neutron.api.wsgi [None req-1c56abad-d882-41ff-a807-2eb29ca3b5ba b81e1998028545a3b6f2c38cae7035f1 ad5889d0256a493483d16a066b650057 - - default default] 10.0.0.54 "GET /v2.0/security-groups?tenant_id=fd2ddfb8c8fd409fa36f40c30cc86561&name=default HTTP/1.1" status: 200 len: 3120 time: 0.4390740
2026-07-10 01:03:31.076 10 INFO neutron.db.ovn_revision_numbers_db [None req-1d9f4f44-4931-4f89-8b75-7af7fa2002bf b81e1998028545a3b6f2c38cae7035f1 ad5889d0256a493483d16a066b650057 - - default default] Successfully bumped revision number for resource 1fd3cf72-825d-41f0-8c22-622d21e50917 (type: ports) to 1
2026-07-10 01:03:31.113 10 INFO neutron.api.wsgi [None req-efead097-83dc-43cb-a642-7d5d61378360 b81e1998028545a3b6f2c38cae7035f1 ad5889d0256a493483d16a066b650057 - - default default] 10.0.0.54 "DELETE /v2.0/security-groups/24f13271-499c-495b-ae36-30bc03383ed6 HTTP/1.1" status: 204 len: 168 time: 0.2455170
2026-07-10 01:03:31.125 10 WARNING neutron.scheduler.dhcp_agent_scheduler [None req-1d9f4f44-4931-4f89-8b75-7af7fa2002bf b81e1998028545a3b6f2c38cae7035f1 ad5889d0256a493483d16a066b650057 - - default default] No more DHCP agents
2026-07-10 01:03:31.126 10 WARNING neutron.api.rpc.agentnotifiers.dhcp_rpc_agent_api [None req-1d9f4f44-4931-4f89-8b75-7af7fa2002bf b81e1998028545a3b6f2c38cae7035f1 ad5889d0256a493483d16a066b650057 - - default default] Unable to schedule network cfeabc08-ed1a-4dad-823d-96862132de2a: no agents available; will retry on subsequent port and subnet creation events.
2026-07-10 01:03:31.418 10 INFO neutron.db.ovn_revision_numbers_db [None req-c0d43ef1-0605-4c05-ad61-ca14326460db b81e1998028545a3b6f2c38cae7035f1 ad5889d0256a493483d16a066b650057 - - default default] Successfully bumped revision number for resource f04d7917-6d33-4482-8bf3-b08b6fcd70dc (type: security_groups) to 1
2026-07-10 01:03:31.442 10 INFO neutron.db.ovn_revision_numbers_db [None req-c0d43ef1-0605-4c05-ad61-ca14326460db b81e1998028545a3b6f2c38cae7035f1 ad5889d0256a493483d16a066b650057 - - default default] Successfully bumped revision number for resource 02edc935-4e5c-4c91-b2a8-8ab1f24de490 (type: security_group_rules) to 0
2026-07-10 01:03:31.472 10 INFO neutron.db.ovn_revision_numbers_db [None req-c0d43ef1-0605-4c05-ad61-ca14326460db b81e1998028545a3b6f2c38cae7035f1 ad5889d0256a493483d16a066b650057 - - default default] Successfully bumped revision number for resource 043abdd1-e920-45b5-ad63-891faa8cbd27 (type: security_group_rules) to 0
2026-07-10 01:03:31.491 10 INFO neutron.db.ovn_revision_numbers_db [None req-c0d43ef1-0605-4c05-ad61-ca14326460db b81e1998028545a3b6f2c38cae7035f1 ad5889d0256a493483d16a066b650057 - - default default] Successfully bumped revision number for resource 633e0356-f6e1-42bb-8f8b-bbee353db2dd (type: security_group_rules) to 0
2026-07-10 01:03:31.498 9 WARNING neutron_lib.context [None req-ca70afec-7229-46cf-9438-ebcd90e24512 501d1488a1e34c4fa111c66dc4ed24fa 33dc50c2d30745d3b006de11f5a453a9 - - default default] Method 'is_advsvc' is deprecated since 2023.2 release (neutron-lib 3.8.0) and will be removed once support for the old RBAC API policies will be removed from Neutron. Please use method 'is_service_role' instead.
2026-07-10 01:03:31.510 10 INFO neutron.db.ovn_revision_numbers_db [None req-c0d43ef1-0605-4c05-ad61-ca14326460db b81e1998028545a3b6f2c38cae7035f1 ad5889d0256a493483d16a066b650057 - - default default] Successfully bumped revision number for resource cfb88f49-5b32-443c-9db2-7ce6d56c2493 (type: security_group_rules) to 0
2026-07-10 01:03:31.575 10 INFO neutron.api.wsgi [None req-c0d43ef1-0605-4c05-ad61-ca14326460db b81e1998028545a3b6f2c38cae7035f1 ad5889d0256a493483d16a066b650057 - - default default] 10.0.0.54 "GET /v2.0/security-groups?tenant_id=a63b774961a64ec8a5b6dadaf067d869&name=default HTTP/1.1" status: 200 len: 3120 time: 0.3216903
2026-07-10 01:03:31.653 9 INFO neutron.db.ovn_revision_numbers_db [None req-ca70afec-7229-46cf-9438-ebcd90e24512 501d1488a1e34c4fa111c66dc4ed24fa 33dc50c2d30745d3b006de11f5a453a9 - - default default] Successfully bumped revision number for resource fb333c15-19c2-404f-9156-07298854f1b9 (type: security_groups) to 1
2026-07-10 01:03:31.676 9 INFO neutron.db.ovn_revision_numbers_db [None req-ca70afec-7229-46cf-9438-ebcd90e24512 501d1488a1e34c4fa111c66dc4ed24fa 33dc50c2d30745d3b006de11f5a453a9 - - default default] Successfully bumped revision number for resource 10acb017-3b5b-4908-8886-6dab86a54bac (type: security_group_rules) to 0
2026-07-10 01:03:31.697 9 INFO neutron.db.ovn_revision_numbers_db [None req-ca70afec-7229-46cf-9438-ebcd90e24512 501d1488a1e34c4fa111c66dc4ed24fa 33dc50c2d30745d3b006de11f5a453a9 - - default default] Successfully bumped revision number for resource 8dffd734-584c-4403-9b51-fab2cf21f17a (type: security_group_rules) to 0
2026-07-10 01:03:31.713 9 INFO neutron.db.ovn_revision_numbers_db [None req-ca70afec-7229-46cf-9438-ebcd90e24512 501d1488a1e34c4fa111c66dc4ed24fa 33dc50c2d30745d3b006de11f5a453a9 - - default default] Successfully bumped revision number for resource b876960e-3842-4e56-b8fa-f4e7014d2e01 (type: security_group_rules) to 0
2026-07-10 01:03:31.731 9 INFO neutron.db.ovn_revision_numbers_db [None req-ca70afec-7229-46cf-9438-ebcd90e24512 501d1488a1e34c4fa111c66dc4ed24fa 33dc50c2d30745d3b006de11f5a453a9 - - default default] Successfully bumped revision number for resource b98a16cd-83c2-472c-a4f4-661529c102fd (type: security_group_rules) to 0
2026-07-10 01:03:31.765 10 INFO neutron.db.ovn_revision_numbers_db [None req-1d9f4f44-4931-4f89-8b75-7af7fa2002bf b81e1998028545a3b6f2c38cae7035f1 ad5889d0256a493483d16a066b650057 - - default default] Successfully bumped revision number for resource 1fd3cf72-825d-41f0-8c22-622d21e50917 (type: router_ports) to 1
2026-07-10 01:03:31.769 10 INFO neutron.api.wsgi [None req-1d9f4f44-4931-4f89-8b75-7af7fa2002bf b81e1998028545a3b6f2c38cae7035f1 ad5889d0256a493483d16a066b650057 - - default default] 10.0.0.54 "PUT /v2.0/routers/0564d59c-089d-458a-9f8b-a55f9a6e9eb8/add_router_interface HTTP/1.1" status: 200 len: 503 time: 2.0582609
2026-07-10 01:03:31.843 9 INFO neutron.api.wsgi [None req-95df8221-9093-4f31-a18f-37d2dc2c957b b81e1998028545a3b6f2c38cae7035f1 ad5889d0256a493483d16a066b650057 - - default default] 10.0.0.54 "DELETE /v2.0/security-groups/f04d7917-6d33-4482-8bf3-b08b6fcd70dc HTTP/1.1" status: 204 len: 168 time: 0.2632821
2026-07-10 01:03:31.843 9 INFO neutron.db.ovn_revision_numbers_db [None req-ca70afec-7229-46cf-9438-ebcd90e24512 501d1488a1e34c4fa111c66dc4ed24fa 33dc50c2d30745d3b006de11f5a453a9 - - default default] Successfully bumped revision number for resource 2e471a88-5ba0-4243-bc05-17251f9a7916 (type: security_groups) to 1
2026-07-10 01:03:31.860 9 INFO neutron.db.ovn_revision_numbers_db [None req-ca70afec-7229-46cf-9438-ebcd90e24512 501d1488a1e34c4fa111c66dc4ed24fa 33dc50c2d30745d3b006de11f5a453a9 - - default default] Successfully bumped revision number for resource 7298466a-052e-44fc-bcec-bac977e67863 (type: security_group_rules) to 0
2026-07-10 01:03:31.873 9 INFO neutron.db.ovn_revision_numbers_db [None req-ca70afec-7229-46cf-9438-ebcd90e24512 501d1488a1e34c4fa111c66dc4ed24fa 33dc50c2d30745d3b006de11f5a453a9 - - default default] Successfully bumped revision number for resource f34031ac-2d40-4c6e-90aa-226ed1d2b160 (type: security_group_rules) to 0
2026-07-10 01:03:31.903 9 INFO neutron.api.wsgi [None req-ca70afec-7229-46cf-9438-ebcd90e24512 501d1488a1e34c4fa111c66dc4ed24fa 33dc50c2d30745d3b006de11f5a453a9 - - default default] 10.0.0.54 "POST /v2.0/security-groups HTTP/1.1" status: 201 len: 1801 time: 0.6154461
2026-07-10 01:03:31.914 9 WARNING neutron_lib.context [None req-4a60c937-fbd6-43a6-ae4d-f5e99f7ad71a 501d1488a1e34c4fa111c66dc4ed24fa 33dc50c2d30745d3b006de11f5a453a9 - - default default] Method 'is_advsvc' is deprecated since 2023.2 release (neutron-lib 3.8.0) and will be removed once support for the old RBAC API policies will be removed from Neutron. Please use method 'is_service_role' instead.
2026-07-10 01:03:32.013 9 INFO neutron.db.ovn_revision_numbers_db [None req-4a60c937-fbd6-43a6-ae4d-f5e99f7ad71a 501d1488a1e34c4fa111c66dc4ed24fa 33dc50c2d30745d3b006de11f5a453a9 - - default default] Successfully bumped revision number for resource 36f7f56d-aa95-446f-a918-b31c2603b81c (type: security_groups) to 1
2026-07-10 01:03:32.024 9 INFO neutron.db.ovn_revision_numbers_db [None req-4a60c937-fbd6-43a6-ae4d-f5e99f7ad71a 501d1488a1e34c4fa111c66dc4ed24fa 33dc50c2d30745d3b006de11f5a453a9 - - default default] Successfully bumped revision number for resource 4e210439-b77e-4650-982a-07fe9bc5ee68 (type: security_group_rules) to 0
2026-07-10 01:03:32.036 9 INFO neutron.db.ovn_revision_numbers_db [None req-4a60c937-fbd6-43a6-ae4d-f5e99f7ad71a 501d1488a1e34c4fa111c66dc4ed24fa 33dc50c2d30745d3b006de11f5a453a9 - - default default] Successfully bumped revision number for resource 599b7731-3330-4b96-9ef6-e267fe79cf17 (type: security_group_rules) to 0
2026-07-10 01:03:32.068 9 INFO neutron.api.wsgi [None req-4a60c937-fbd6-43a6-ae4d-f5e99f7ad71a 501d1488a1e34c4fa111c66dc4ed24fa 33dc50c2d30745d3b006de11f5a453a9 - - default default] 10.0.0.54 "POST /v2.0/security-groups HTTP/1.1" status: 201 len: 1801 time: 0.1581464
2026-07-10 01:03:32.081 9 WARNING neutron_lib.context [None req-9a2820e1-e3ad-4142-bef1-9b40f32e1534 501d1488a1e34c4fa111c66dc4ed24fa 33dc50c2d30745d3b006de11f5a453a9 - - default default] Method 'is_advsvc' is deprecated since 2023.2 release (neutron-lib 3.8.0) and will be removed once support for the old RBAC API policies will be removed from Neutron. Please use method 'is_service_role' instead.
2026-07-10 01:03:32.143 10 INFO neutron.db.ovn_revision_numbers_db [None req-b4a1129f-7f16-474d-b362-0081d65396dd b81e1998028545a3b6f2c38cae7035f1 ad5889d0256a493483d16a066b650057 - - default default] Successfully bumped revision number for resource b6c98dc8-fb77-42cd-99e1-e79ada3d210e (type: security_groups) to 1
2026-07-10 01:03:32.155 10 INFO neutron.db.ovn_revision_numbers_db [None req-b4a1129f-7f16-474d-b362-0081d65396dd b81e1998028545a3b6f2c38cae7035f1 ad5889d0256a493483d16a066b650057 - - default default] Successfully bumped revision number for resource 63bffdb7-c28a-4425-aa7e-03fcfb1d502d (type: security_group_rules) to 0
2026-07-10 01:03:32.166 10 INFO neutron.db.ovn_revision_numbers_db [None req-b4a1129f-7f16-474d-b362-0081d65396dd b81e1998028545a3b6f2c38cae7035f1 ad5889d0256a493483d16a066b650057 - - default default] Successfully bumped revision number for resource 68335440-3026-4f9f-a7aa-64df9a3b57fb (type: security_group_rules) to 0
2026-07-10 01:03:32.179 10 INFO neutron.db.ovn_revision_numbers_db [None req-b4a1129f-7f16-474d-b362-0081d65396dd b81e1998028545a3b6f2c38cae7035f1 ad5889d0256a493483d16a066b650057 - - default default] Successfully bumped revision number for resource 99c623fc-2924-44da-90c6-961186cebb68 (type: security_group_rules) to 0
2026-07-10 01:03:32.194 10 INFO neutron.db.ovn_revision_numbers_db [None req-b4a1129f-7f16-474d-b362-0081d65396dd b81e1998028545a3b6f2c38cae7035f1 ad5889d0256a493483d16a066b650057 - - default default] Successfully bumped revision number for resource f09999c2-5849-493a-b5ba-c0180bf936cc (type: security_group_rules) to 0
2026-07-10 01:03:32.204 9 INFO neutron.db.ovn_revision_numbers_db [None req-9a2820e1-e3ad-4142-bef1-9b40f32e1534 501d1488a1e34c4fa111c66dc4ed24fa 33dc50c2d30745d3b006de11f5a453a9 - - default default] Successfully bumped revision number for resource 28962aa0-ca6d-411e-9c50-721cff4e90c1 (type: security_groups) to 1
2026-07-10 01:03:32.217 9 INFO neutron.db.ovn_revision_numbers_db [None req-9a2820e1-e3ad-4142-bef1-9b40f32e1534 501d1488a1e34c4fa111c66dc4ed24fa 33dc50c2d30745d3b006de11f5a453a9 - - default default] Successfully bumped revision number for resource 506d7643-c1b9-40a9-bc92-26a7a4cada9e (type: security_group_rules) to 0
2026-07-10 01:03:32.229 9 INFO neutron.db.ovn_revision_numbers_db [None req-9a2820e1-e3ad-4142-bef1-9b40f32e1534 501d1488a1e34c4fa111c66dc4ed24fa 33dc50c2d30745d3b006de11f5a453a9 - - default default] Successfully bumped revision number for resource b0b928d0-05d4-4391-9165-b9edf80816e0 (type: security_group_rules) to 0
2026-07-10 01:03:32.229 10 INFO neutron.api.wsgi [None req-b4a1129f-7f16-474d-b362-0081d65396dd b81e1998028545a3b6f2c38cae7035f1 ad5889d0256a493483d16a066b650057 - - default default] 10.0.0.54 "GET /v2.0/security-groups?tenant_id=a8f30dd43d0844a08b857ce92a892824&name=default HTTP/1.1" status: 200 len: 3120 time: 0.3554652
2026-07-10 01:03:32.255 9 INFO neutron.api.wsgi [None req-9a2820e1-e3ad-4142-bef1-9b40f32e1534 501d1488a1e34c4fa111c66dc4ed24fa 33dc50c2d30745d3b006de11f5a453a9 - - default default] 10.0.0.54 "POST /v2.0/security-groups HTTP/1.1" status: 201 len: 1801 time: 0.1804729
2026-07-10 01:03:32.267 9 WARNING neutron_lib.context [None req-51c16669-429f-4c6d-9a9d-aee594760907 501d1488a1e34c4fa111c66dc4ed24fa 33dc50c2d30745d3b006de11f5a453a9 - - default default] Method 'is_advsvc' is deprecated since 2023.2 release (neutron-lib 3.8.0) and will be removed once support for the old RBAC API policies will be removed from Neutron. Please use method 'is_service_role' instead.
2026-07-10 01:03:32.336 9 WARNING neutron_lib.context [None req-da552073-f021-42b2-a200-db061189598d 5c89225c02c9461a815e1879c7289e7b bf6195d9cd3c4554859fa5c598095a43 - - default default] Method 'is_advsvc' is deprecated since 2023.2 release (neutron-lib 3.8.0) and will be removed once support for the old RBAC API policies will be removed from Neutron. Please use method 'is_service_role' instead.
2026-07-10 01:03:32.408 9 INFO neutron.db.ovn_revision_numbers_db [None req-51c16669-429f-4c6d-9a9d-aee594760907 501d1488a1e34c4fa111c66dc4ed24fa 33dc50c2d30745d3b006de11f5a453a9 - - default default] Successfully bumped revision number for resource 6f85c993-8738-4320-ba44-4143be9ee6f3 (type: security_groups) to 1
2026-07-10 01:03:32.433 10 INFO neutron.api.wsgi [None req-53e4bd2a-282e-4318-a682-bd8c976b9c47 b81e1998028545a3b6f2c38cae7035f1 ad5889d0256a493483d16a066b650057 - - default default] 10.0.0.54 "DELETE /v2.0/security-groups/b6c98dc8-fb77-42cd-99e1-e79ada3d210e HTTP/1.1" status: 204 len: 168 time: 0.1986520
2026-07-10 01:03:32.443 9 INFO neutron.db.ovn_revision_numbers_db [None req-51c16669-429f-4c6d-9a9d-aee594760907 501d1488a1e34c4fa111c66dc4ed24fa 33dc50c2d30745d3b006de11f5a453a9 - - default default] Successfully bumped revision number for resource cb93b66e-e558-46b5-85d5-ae8b4f04c54b (type: security_group_rules) to 0
2026-07-10 01:03:32.468 9 INFO neutron.db.ovn_revision_numbers_db [None req-51c16669-429f-4c6d-9a9d-aee594760907 501d1488a1e34c4fa111c66dc4ed24fa 33dc50c2d30745d3b006de11f5a453a9 - - default default] Successfully bumped revision number for resource e47c6fb3-14b4-4aae-8739-528d2ba6715d (type: security_group_rules) to 0
2026-07-10 01:03:32.515 9 INFO neutron.api.wsgi [None req-51c16669-429f-4c6d-9a9d-aee594760907 501d1488a1e34c4fa111c66dc4ed24fa 33dc50c2d30745d3b006de11f5a453a9 - - default default] 10.0.0.54 "POST /v2.0/security-groups HTTP/1.1" status: 201 len: 1801 time: 0.2524083
2026-07-10 01:03:32.521 9 INFO neutron.db.ovn_revision_numbers_db [None req-da552073-f021-42b2-a200-db061189598d 5c89225c02c9461a815e1879c7289e7b bf6195d9cd3c4554859fa5c598095a43 - - default default] Successfully bumped revision number for resource c198efb6-18f2-4648-add9-4db41da589bf (type: security_groups) to 1
2026-07-10 01:03:32.534 10 WARNING neutron_lib.context [None req-883efe44-155b-4603-b4bc-b9278fffb917 501d1488a1e34c4fa111c66dc4ed24fa 33dc50c2d30745d3b006de11f5a453a9 - - default default] Method 'is_advsvc' is deprecated since 2023.2 release (neutron-lib 3.8.0) and will be removed once support for the old RBAC API policies will be removed from Neutron. Please use method 'is_service_role' instead.
2026-07-10 01:03:32.535 9 INFO neutron.db.ovn_revision_numbers_db [None req-da552073-f021-42b2-a200-db061189598d 5c89225c02c9461a815e1879c7289e7b bf6195d9cd3c4554859fa5c598095a43 - - default default] Successfully bumped revision number for resource 1d616701-93d0-4739-9d40-4e0e00b4b3d8 (type: security_group_rules) to 0
2026-07-10 01:03:32.548 9 INFO neutron.db.ovn_revision_numbers_db [None req-da552073-f021-42b2-a200-db061189598d 5c89225c02c9461a815e1879c7289e7b bf6195d9cd3c4554859fa5c598095a43 - - default default] Successfully bumped revision number for resource c1e6454b-7e70-4748-936d-bad90ebaea9c (type: security_group_rules) to 0
2026-07-10 01:03:32.579 9 INFO neutron.api.wsgi [None req-da552073-f021-42b2-a200-db061189598d 5c89225c02c9461a815e1879c7289e7b bf6195d9cd3c4554859fa5c598095a43 - - default default] 10.0.0.54 "POST /v2.0/security-groups HTTP/1.1" status: 201 len: 1873 time: 0.2485638
2026-07-10 01:03:32.587 10 WARNING neutron_lib.context [None req-ff2f2527-88e6-4ceb-8ebe-1d843bc099c1 5c89225c02c9461a815e1879c7289e7b bf6195d9cd3c4554859fa5c598095a43 - - default default] Method 'is_advsvc' is deprecated since 2023.2 release (neutron-lib 3.8.0) and will be removed once support for the old RBAC API policies will be removed from Neutron. Please use method 'is_service_role' instead.
2026-07-10 01:03:32.636 10 INFO neutron.db.ovn_revision_numbers_db [None req-883efe44-155b-4603-b4bc-b9278fffb917 501d1488a1e34c4fa111c66dc4ed24fa 33dc50c2d30745d3b006de11f5a453a9 - - default default] Successfully bumped revision number for resource 08605ae0-b873-4eb3-b0cf-e0ccf6a4352f (type: security_groups) to 1
2026-07-10 01:03:32.654 10 INFO neutron.db.ovn_revision_numbers_db [None req-883efe44-155b-4603-b4bc-b9278fffb917 501d1488a1e34c4fa111c66dc4ed24fa 33dc50c2d30745d3b006de11f5a453a9 - - default default] Successfully bumped revision number for resource 337f2045-0242-4cfb-90c4-316bf59912e9 (type: security_group_rules) to 0
2026-07-10 01:03:32.672 10 INFO neutron.db.ovn_revision_numbers_db [None req-883efe44-155b-4603-b4bc-b9278fffb917 501d1488a1e34c4fa111c66dc4ed24fa 33dc50c2d30745d3b006de11f5a453a9 - - default default] Successfully bumped revision number for resource 57b7b661-c7fa-4b8c-b6cf-36e48e5e3638 (type: security_group_rules) to 0
2026-07-10 01:03:32.713 10 INFO neutron.db.ovn_revision_numbers_db [None req-ff2f2527-88e6-4ceb-8ebe-1d843bc099c1 5c89225c02c9461a815e1879c7289e7b bf6195d9cd3c4554859fa5c598095a43 - - default default] Successfully bumped revision number for resource af1be579-930b-400e-93ab-b06458c676d3 (type: security_group_rules) to 0
2026-07-10 01:03:32.723 10 INFO neutron.api.wsgi [None req-883efe44-155b-4603-b4bc-b9278fffb917 501d1488a1e34c4fa111c66dc4ed24fa 33dc50c2d30745d3b006de11f5a453a9 - - default default] 10.0.0.54 "POST /v2.0/security-groups HTTP/1.1" status: 201 len: 1801 time: 0.1953142
2026-07-10 01:03:32.760 10 INFO neutron.api.wsgi [None req-ff2f2527-88e6-4ceb-8ebe-1d843bc099c1 5c89225c02c9461a815e1879c7289e7b bf6195d9cd3c4554859fa5c598095a43 - - default default] 10.0.0.54 "POST /v2.0/security-group-rules HTTP/1.1" status: 201 len: 796 time: 0.1773992
2026-07-10 01:03:32.769 10 WARNING neutron_lib.context [None req-f17e1721-225c-431f-a05f-0df4f26ffd88 5c89225c02c9461a815e1879c7289e7b bf6195d9cd3c4554859fa5c598095a43 - - default default] Method 'is_advsvc' is deprecated since 2023.2 release (neutron-lib 3.8.0) and will be removed once support for the old RBAC API policies will be removed from Neutron. Please use method 'is_service_role' instead.
2026-07-10 01:03:32.772 10 INFO neutron.api.wsgi [None req-0d2cd042-fffb-4cc9-be41-42b6f348b2e9 501d1488a1e34c4fa111c66dc4ed24fa 33dc50c2d30745d3b006de11f5a453a9 - - default default] 10.0.0.54 "PUT /v2.0/security-groups/2e471a88-5ba0-4243-bc05-17251f9a7916/tags HTTP/1.1" status: 200 len: 210 time: 0.0372057
2026-07-10 01:03:32.821 9 INFO neutron.api.wsgi [None req-d65537ca-07d9-4bac-b265-acd96a56e4e8 501d1488a1e34c4fa111c66dc4ed24fa 33dc50c2d30745d3b006de11f5a453a9 - - default default] 10.0.0.54 "PUT /v2.0/security-groups/36f7f56d-aa95-446f-a918-b31c2603b81c/tags HTTP/1.1" status: 200 len: 218 time: 0.0425749
2026-07-10 01:03:32.861 9 INFO neutron.api.wsgi [None req-bd9b8656-99af-4eb1-b817-67e55ee3854c 501d1488a1e34c4fa111c66dc4ed24fa 33dc50c2d30745d3b006de11f5a453a9 - - default default] 10.0.0.54 "PUT /v2.0/security-groups/28962aa0-ca6d-411e-9c50-721cff4e90c1/tags HTTP/1.1" status: 200 len: 227 time: 0.0354285
2026-07-10 01:03:32.895 9 INFO neutron.api.wsgi [None req-34697d0b-d574-4dab-b616-da7fd41aa2ef 501d1488a1e34c4fa111c66dc4ed24fa 33dc50c2d30745d3b006de11f5a453a9 - - default default] 10.0.0.54 "PUT /v2.0/security-groups/6f85c993-8738-4320-ba44-4143be9ee6f3/tags HTTP/1.1" status: 200 len: 212 time: 0.0294149
2026-07-10 01:03:32.903 10 INFO neutron.db.ovn_revision_numbers_db [None req-f17e1721-225c-431f-a05f-0df4f26ffd88 5c89225c02c9461a815e1879c7289e7b bf6195d9cd3c4554859fa5c598095a43 - - default default] Successfully bumped revision number for resource c9954bd1-4001-4231-89af-4ccaf35005aa (type: security_group_rules) to 0
2026-07-10 01:03:32.957 10 INFO neutron.api.wsgi [None req-f17e1721-225c-431f-a05f-0df4f26ffd88 5c89225c02c9461a815e1879c7289e7b bf6195d9cd3c4554859fa5c598095a43 - - default default] 10.0.0.54 "POST /v2.0/security-group-rules HTTP/1.1" status: 201 len: 795 time: 0.1915135
2026-07-10 01:03:32.960 9 INFO neutron.api.wsgi [None req-fc82ed5a-a072-4250-a0fa-dc1bcdcc5f9e 501d1488a1e34c4fa111c66dc4ed24fa 33dc50c2d30745d3b006de11f5a453a9 - - default default] 10.0.0.54 "GET /v2.0/security-groups?tags=red HTTP/1.1" status: 200 len: 4999 time: 0.0589964
2026-07-10 01:03:32.965 9 WARNING neutron_lib.context [None req-d8aada73-4b64-4332-8ccd-4a4d7667cb11 5c89225c02c9461a815e1879c7289e7b bf6195d9cd3c4554859fa5c598095a43 - - default default] Method 'is_advsvc' is deprecated since 2023.2 release (neutron-lib 3.8.0) and will be removed once support for the old RBAC API policies will be removed from Neutron. Please use method 'is_service_role' instead.
2026-07-10 01:03:33.019 10 INFO neutron.api.wsgi [None req-db53ec91-4da9-4db2-82e6-f51a959e807c 501d1488a1e34c4fa111c66dc4ed24fa 33dc50c2d30745d3b006de11f5a453a9 - - default default] 10.0.0.54 "GET /v2.0/security-groups?tags=red%2Cblue HTTP/1.1" status: 200 len: 3413 time: 0.0521891
2026-07-10 01:03:33.077 10 INFO neutron.api.wsgi [None req-c562f717-5a5f-4d78-9574-097b9d28da2b 501d1488a1e34c4fa111c66dc4ed24fa 33dc50c2d30745d3b006de11f5a453a9 - - default default] 10.0.0.54 "GET /v2.0/security-groups?tags-any=blue HTTP/1.1" status: 200 len: 3413 time: 0.0540309
2026-07-10 01:03:33.093 10 WARNING neutron.plugins.ml2.drivers.ovn.mech_driver.ovsdb.ovn_client [None req-7a1ade6f-22e7-46ce-93f1-9261a7b57938 - - - - - -] No hosting information found for port 1f7aa307-5443-48f3-8287-366a9fdd27c8: RuntimeError: No hosting information found for port 1f7aa307-5443-48f3-8287-366a9fdd27c8
2026-07-10 01:03:33.117 9 INFO neutron.db.ovn_revision_numbers_db [None req-d8aada73-4b64-4332-8ccd-4a4d7667cb11 5c89225c02c9461a815e1879c7289e7b bf6195d9cd3c4554859fa5c598095a43 - - default default] Successfully bumped revision number for resource b86da210-9336-4be7-9b8f-569cb0c1a46b (type: security_group_rules) to 0
2026-07-10 01:03:33.134 9 INFO neutron.api.wsgi [None req-d285c142-0de3-4d6c-bb29-081496eb153d 501d1488a1e34c4fa111c66dc4ed24fa 33dc50c2d30745d3b006de11f5a453a9 - - default default] 10.0.0.54 "GET /v2.0/security-groups?tags-any=red%2Cblue HTTP/1.1" status: 200 len: 4999 time: 0.0516331
2026-07-10 01:03:33.171 10 INFO neutron.db.ovn_revision_numbers_db [None req-7a1ade6f-22e7-46ce-93f1-9261a7b57938 - - - - - -] Successfully bumped revision number for resource 1f7aa307-5443-48f3-8287-366a9fdd27c8 (type: router_ports) to 2
2026-07-10 01:03:33.172 9 INFO neutron.api.wsgi [None req-d8aada73-4b64-4332-8ccd-4a4d7667cb11 5c89225c02c9461a815e1879c7289e7b bf6195d9cd3c4554859fa5c598095a43 - - default default] 10.0.0.54 "POST /v2.0/security-group-rules HTTP/1.1" status: 201 len: 801 time: 0.2097576
