2026-07-10 01:03:01.918 10 INFO neutron.api.wsgi [None req-0ab1930d-06ef-44b1-b042-0240fcd84550 b3be9838221e455ea4c97d08e155deb6 74a3e93d1dc246159588b35028725a21 - - default default] 10.0.0.54 "DELETE /v2.0/networks/d78ed06c-da0d-4363-977d-ee5e9359fb7f HTTP/1.1" status: 204 len: 168 time: 0.4843478
2026-07-10 01:03:01.929 9 WARNING neutron_lib.context [None req-0c58c2ec-e5e4-4338-9809-e3c93aa435af b3be9838221e455ea4c97d08e155deb6 74a3e93d1dc246159588b35028725a21 - - default default] Method 'is_advsvc' is deprecated since 2023.2 release (neutron-lib 3.8.0) and will be removed once support for the old RBAC API policies will be removed from Neutron. Please use method 'is_service_role' instead.
2026-07-10 01:03:01.968 9 INFO neutron.api.wsgi [req-3213f794-f6fe-4c0a-a4f5-1bb8f5396a08 req-c0e99e30-5da7-4e0d-9fc9-fd8ea432d861 024b6eb83cec478ca330b7ad67ed3935 21ec168f49c3452caaec72b7f2900559 - - 55386a1d57ec4b85801b7b529053a6af 55386a1d57ec4b85801b7b529053a6af] 199.204.45.53 "GET /v2.0/networks?tenant_id=ec025f7776d948e09528f56fcd8b3454&shared=False HTTP/1.1" status: 200 len: 970 time: 0.0540662
2026-07-10 01:03:01.985 10 INFO neutron.db.ovn_revision_numbers_db [None req-21ae3bde-a9aa-456f-b64e-d37302e4e842 b81e1998028545a3b6f2c38cae7035f1 ad5889d0256a493483d16a066b650057 - - default default] Successfully bumped revision number for resource 55e563b1-2a85-4477-97cf-3052d3f3a845 (type: router_ports) to 1
2026-07-10 01:03:01.990 10 INFO neutron.api.wsgi [None req-21ae3bde-a9aa-456f-b64e-d37302e4e842 b81e1998028545a3b6f2c38cae7035f1 ad5889d0256a493483d16a066b650057 - - default default] 10.0.0.54 "PUT /v2.0/routers/b464b1f3-d322-4ebc-a927-e2ba3be99f25/add_router_interface HTTP/1.1" status: 200 len: 503 time: 2.2306077
2026-07-10 01:03:02.032 9 INFO neutron.api.wsgi [req-3213f794-f6fe-4c0a-a4f5-1bb8f5396a08 req-804e540e-c76e-4a7d-b0eb-cf0ef989f9a5 024b6eb83cec478ca330b7ad67ed3935 21ec168f49c3452caaec72b7f2900559 - - 55386a1d57ec4b85801b7b529053a6af 55386a1d57ec4b85801b7b529053a6af] 199.204.45.53 "GET /v2.0/networks?shared=True HTTP/1.1" status: 200 len: 952 time: 0.0583408
2026-07-10 01:03:02.182 9 WARNING neutron.scheduler.dhcp_agent_scheduler [None req-0c58c2ec-e5e4-4338-9809-e3c93aa435af b3be9838221e455ea4c97d08e155deb6 74a3e93d1dc246159588b35028725a21 - - default default] No more DHCP agents
2026-07-10 01:03:02.183 9 WARNING neutron.api.rpc.agentnotifiers.dhcp_rpc_agent_api [None req-0c58c2ec-e5e4-4338-9809-e3c93aa435af b3be9838221e455ea4c97d08e155deb6 74a3e93d1dc246159588b35028725a21 - - default default] Unable to schedule network 264d5654-39d3-4af7-a2b9-bf4bc44b93a3: no agents available; will retry on subsequent port and subnet creation events.
2026-07-10 01:03:02.247 9 INFO neutron.db.ovn_revision_numbers_db [None req-0c58c2ec-e5e4-4338-9809-e3c93aa435af b3be9838221e455ea4c97d08e155deb6 74a3e93d1dc246159588b35028725a21 - - default default] Successfully bumped revision number for resource 872fc4c1-868e-493d-a431-d7d21a9a3d7a (type: ports) to 1
2026-07-10 01:03:02.257 10 INFO neutron.db.ovn_revision_numbers_db [None req-2ee8869b-2621-467d-8010-536a1360e95a - - - - - -] Successfully bumped revision number for resource 55e563b1-2a85-4477-97cf-3052d3f3a845 (type: ports) to 2
2026-07-10 01:03:02.269 9 INFO neutron.api.wsgi [None req-0c58c2ec-e5e4-4338-9809-e3c93aa435af b3be9838221e455ea4c97d08e155deb6 74a3e93d1dc246159588b35028725a21 - - default default] 10.0.0.54 "POST /v2.0/ports HTTP/1.1" status: 201 len: 978 time: 0.3452668 /var/lib/openstack/lib/python3.12/site-packages/pycadf/identifier.py:71: UserWarning: Invalid uuid: neutron. To ensure interoperability, identifiers should be a valid uuid. warnings.warn(('Invalid uuid: %s. To ensure interoperability, '
2026-07-10 01:03:02.409 10 INFO neutron.api.wsgi [req-0503398e-de73-44d4-9108-462775015d33 req-06ff63a2-e4e1-4bc4-94ad-d87868a66caf 471485b697744ffba65f417ff90e880f ec025f7776d948e09528f56fcd8b3454 - - default default] 10.0.0.51 "GET /v2.0/ports?device_id=ea6bd126-ac9d-45d9-b90b-4621bb108ba2 HTTP/1.1" status: 200 len: 1172 time: 0.0346789
2026-07-10 01:03:02.445 10 INFO neutron.api.wsgi [req-0503398e-de73-44d4-9108-462775015d33 req-ebea07db-baa7-434b-b71d-2ffbf6f44303 471485b697744ffba65f417ff90e880f ec025f7776d948e09528f56fcd8b3454 - - default default] 10.0.0.51 "GET /v2.0/security-groups?id=65264cb6-5194-4cb8-ad70-ee6ebc33e58b&fields=id&fields=name HTTP/1.1" status: 200 len: 286 time: 0.0315995
2026-07-10 01:03:02.501 9 INFO neutron.plugins.ml2.drivers.ovn.mech_driver.mech_driver [None req-2a9e07a7-66cc-46da-b312-2813359fb8f0 - - - - - -] OVN reports status down for port: 872fc4c1-868e-493d-a431-d7d21a9a3d7a
2026-07-10 01:03:02.536 9 INFO neutron.db.ovn_revision_numbers_db [None req-e3fc75da-8ce6-4f2f-94ef-b4c70294e917 b3be9838221e455ea4c97d08e155deb6 74a3e93d1dc246159588b35028725a21 - - default default] Successfully bumped revision number for resource 872fc4c1-868e-493d-a431-d7d21a9a3d7a (type: ports) to 2
2026-07-10 01:03:02.561 9 INFO neutron.api.wsgi [None req-e3fc75da-8ce6-4f2f-94ef-b4c70294e917 b3be9838221e455ea4c97d08e155deb6 74a3e93d1dc246159588b35028725a21 - - default default] 10.0.0.54 "PUT /v2.0/ports/872fc4c1-868e-493d-a431-d7d21a9a3d7a HTTP/1.1" status: 200 len: 946 time: 0.2860596
2026-07-10 01:03:02.801 10 INFO neutron.api.wsgi [None req-9c8eb399-e592-4087-8567-a20a8f91e6ff b3be9838221e455ea4c97d08e155deb6 74a3e93d1dc246159588b35028725a21 - - default default] 10.0.0.54 "DELETE /v2.0/ports/872fc4c1-868e-493d-a431-d7d21a9a3d7a HTTP/1.1" status: 204 len: 168 time: 0.2342463
2026-07-10 01:03:02.847 10 INFO neutron.api.wsgi [None req-a09b926e-fa8f-4f7d-a058-b5358ee84966 b3be9838221e455ea4c97d08e155deb6 74a3e93d1dc246159588b35028725a21 - - default default] 10.0.0.54 "GET /v2.0/ports HTTP/1.1" status: 200 len: 1731 time: 0.0379124
2026-07-10 01:03:02.863 10 INFO neutron.pecan_wsgi.hooks.translation [None req-38ba1744-5ab5-42d7-a209-85453b09fc09 b3be9838221e455ea4c97d08e155deb6 74a3e93d1dc246159588b35028725a21 - - default default] GET failed (client error): The resource could not be found.
2026-07-10 01:03:02.864 10 INFO neutron.api.wsgi [None req-38ba1744-5ab5-42d7-a209-85453b09fc09 b3be9838221e455ea4c97d08e155deb6 74a3e93d1dc246159588b35028725a21 - - default default] 10.0.0.54 "GET /v2.0/ports/872fc4c1-868e-493d-a431-d7d21a9a3d7a HTTP/1.1" status: 404 len: 333 time: 0.0116713
2026-07-10 01:03:02.898 10 INFO neutron.api.wsgi [None req-7d6633e2-b238-49c5-a316-048e125c73dd b3be9838221e455ea4c97d08e155deb6 74a3e93d1dc246159588b35028725a21 - - default default] 10.0.0.54 "GET /v2.0/ports HTTP/1.1" status: 200 len: 1731 time: 0.0297949
2026-07-10 01:03:02.948 10 INFO neutron.api.wsgi [None req-eb9de83f-cc56-47c1-a2ca-75d2f2b1e67e b3be9838221e455ea4c97d08e155deb6 74a3e93d1dc246159588b35028725a21 - - default default] 10.0.0.54 "GET /v2.0/ports/3434904e-b938-43a6-908d-bbd14419b390 HTTP/1.1" status: 200 len: 971 time: 0.0437067
2026-07-10 01:03:02.965 10 INFO neutron.pecan_wsgi.hooks.translation [None req-06b3ae5f-18a6-4eac-8bec-8f2d1ca5b8f4 b3be9838221e455ea4c97d08e155deb6 74a3e93d1dc246159588b35028725a21 - - default default] DELETE failed (client error): The resource could not be found.
2026-07-10 01:03:02.967 10 INFO neutron.api.wsgi [None req-06b3ae5f-18a6-4eac-8bec-8f2d1ca5b8f4 b3be9838221e455ea4c97d08e155deb6 74a3e93d1dc246159588b35028725a21 - - default default] 10.0.0.54 "DELETE /v2.0/ports/aea591c6-e0ad-4ff3-ae2f-28ef7ebd120f HTTP/1.1" status: 404 len: 333 time: 0.0142062
2026-07-10 01:03:02.980 10 INFO neutron.pecan_wsgi.hooks.translation [None req-ce21669f-fa1a-4582-a4fa-e8ce2458b4b7 b3be9838221e455ea4c97d08e155deb6 74a3e93d1dc246159588b35028725a21 - - default default] DELETE failed (client error): The resource could not be found.
2026-07-10 01:03:02.982 10 INFO neutron.api.wsgi [None req-ce21669f-fa1a-4582-a4fa-e8ce2458b4b7 b3be9838221e455ea4c97d08e155deb6 74a3e93d1dc246159588b35028725a21 - - default default] 10.0.0.54 "DELETE /v2.0/subnets/94196db7-4a20-4f22-b979-7668d67ee0c5 HTTP/1.1" status: 404 len: 337 time: 0.0118465 /var/lib/openstack/lib/python3.12/site-packages/pycadf/identifier.py:71: UserWarning: Invalid uuid: neutron. To ensure interoperability, identifiers should be a valid uuid. warnings.warn(('Invalid uuid: %s. To ensure interoperability, '
2026-07-10 01:03:03.003 9 INFO neutron.pecan_wsgi.hooks.translation [None req-e92d93f0-a48d-472a-b9b6-d3066621e7f4 b3be9838221e455ea4c97d08e155deb6 74a3e93d1dc246159588b35028725a21 - - default default] DELETE failed (client error): The resource could not be found.
2026-07-10 01:03:03.009 9 INFO neutron.api.wsgi [None req-e92d93f0-a48d-472a-b9b6-d3066621e7f4 b3be9838221e455ea4c97d08e155deb6 74a3e93d1dc246159588b35028725a21 - - default default] 10.0.0.54 "DELETE /v2.0/subnets/81423eaf-f098-47ef-8867-4bfde1a346d9 HTTP/1.1" status: 404 len: 337 time: 0.0220816
2026-07-10 01:03:03.023 10 INFO neutron.api.wsgi [req-257c703d-dbdc-4898-8510-8e8f01c2eba9 req-dd6b3f43-7a06-4276-9795-c0d01c71d4ea c4fc28aaf63b4672b925359e84726bd4 0dd8acb83f924a868a96da5367454367 - - default default] 10.0.0.51 "GET /v2.0/networks?id=2f699102-49a9-420a-a66c-4f3d0c43a86c HTTP/1.1" status: 200 len: 877 time: 0.0401039
2026-07-10 01:03:03.036 10 INFO neutron.api.wsgi [req-257c703d-dbdc-4898-8510-8e8f01c2eba9 req-e50bef8c-4056-466e-b653-782fb3736e13 c4fc28aaf63b4672b925359e84726bd4 0dd8acb83f924a868a96da5367454367 - - default default] 10.0.0.51 "GET /v2.0/quotas/0dd8acb83f924a868a96da5367454367 HTTP/1.1" status: 200 len: 491 time: 0.0082366
2026-07-10 01:03:03.087 9 INFO neutron.api.wsgi [req-08589fc5-640f-407a-a238-d1ea583fc87f req-ebbfaa0e-dd76-4c32-b08f-890fffd846f1 024b6eb83cec478ca330b7ad67ed3935 21ec168f49c3452caaec72b7f2900559 - - 55386a1d57ec4b85801b7b529053a6af 55386a1d57ec4b85801b7b529053a6af] 199.204.45.53 "GET /v2.0/ports?tenant_id=ec025f7776d948e09528f56fcd8b3454&device_id=ea6bd126-ac9d-45d9-b90b-4621bb108ba2 HTTP/1.1" status: 200 len: 1411 time: 0.0388799
2026-07-10 01:03:03.109 9 INFO neutron.api.wsgi [req-08589fc5-640f-407a-a238-d1ea583fc87f req-6f8d3464-abf2-4913-8d25-9d57cee30b04 024b6eb83cec478ca330b7ad67ed3935 21ec168f49c3452caaec72b7f2900559 - - 55386a1d57ec4b85801b7b529053a6af 55386a1d57ec4b85801b7b529053a6af] 199.204.45.53 "GET /v2.0/floatingips?fixed_ip_address=10.100.0.13&port_id=daa0188f-41bd-48fb-94e8-10fc96793b71 HTTP/1.1" status: 200 len: 217 time: 0.0179656
2026-07-10 01:03:03.121 10 INFO neutron.api.wsgi [req-257c703d-dbdc-4898-8510-8e8f01c2eba9 req-eff49829-5c29-4a54-9447-8b1a20d05886 c4fc28aaf63b4672b925359e84726bd4 0dd8acb83f924a868a96da5367454367 - - default default] 10.0.0.51 "GET /v2.0/ports?tenant_id=0dd8acb83f924a868a96da5367454367&fields=id HTTP/1.1" status: 200 len: 302 time: 0.0794899
2026-07-10 01:03:03.144 9 INFO neutron.api.wsgi [req-08589fc5-640f-407a-a238-d1ea583fc87f req-5c8b20ca-b5b1-4152-a90b-09ceb1723bcc 024b6eb83cec478ca330b7ad67ed3935 21ec168f49c3452caaec72b7f2900559 - - 55386a1d57ec4b85801b7b529053a6af 55386a1d57ec4b85801b7b529053a6af] 199.204.45.53 "GET /v2.0/subnets?id=16fd624e-3bf5-4fdd-a6e1-27ea2965fa43 HTTP/1.1" status: 200 len: 889 time: 0.0304244
2026-07-10 01:03:03.169 10 INFO neutron.api.wsgi [req-257c703d-dbdc-4898-8510-8e8f01c2eba9 req-e8b88562-57d1-4e8f-8390-3ea401531e5e 024b6eb83cec478ca330b7ad67ed3935 21ec168f49c3452caaec72b7f2900559 - - 55386a1d57ec4b85801b7b529053a6af 55386a1d57ec4b85801b7b529053a6af] 10.0.0.51 "GET /v2.0/networks/2f699102-49a9-420a-a66c-4f3d0c43a86c?fields=segments HTTP/1.1" status: 200 len: 212 time: 0.0384638
2026-07-10 01:03:03.175 9 INFO neutron.api.wsgi [req-08589fc5-640f-407a-a238-d1ea583fc87f req-bffa307d-b10f-493d-833b-1071896e4c26 024b6eb83cec478ca330b7ad67ed3935 21ec168f49c3452caaec72b7f2900559 - - 55386a1d57ec4b85801b7b529053a6af 55386a1d57ec4b85801b7b529053a6af] 199.204.45.53 "GET /v2.0/ports?network_id=d70b7286-4e3c-4b03-8cab-eea7f6341437&device_owner=network%3Adhcp HTTP/1.1" status: 200 len: 210 time: 0.0241354
2026-07-10 01:03:03.214 10 INFO neutron.api.wsgi [req-257c703d-dbdc-4898-8510-8e8f01c2eba9 req-702de5b7-62cc-4df0-8f5e-42c81ff76151 024b6eb83cec478ca330b7ad67ed3935 21ec168f49c3452caaec72b7f2900559 - - 55386a1d57ec4b85801b7b529053a6af 55386a1d57ec4b85801b7b529053a6af] 10.0.0.51 "GET /v2.0/networks/2f699102-49a9-420a-a66c-4f3d0c43a86c?fields=provider%3Aphysical_network&fields=provider%3Anetwork_type HTTP/1.1" status: 200 len: 277 time: 0.0383079
2026-07-10 01:03:03.223 9 INFO neutron.api.wsgi [req-08589fc5-640f-407a-a238-d1ea583fc87f req-65d0f1b4-64ac-4b8d-a25a-3cb7c0c99dbe 024b6eb83cec478ca330b7ad67ed3935 21ec168f49c3452caaec72b7f2900559 - - 55386a1d57ec4b85801b7b529053a6af 55386a1d57ec4b85801b7b529053a6af] 199.204.45.53 "GET /v2.0/networks/d70b7286-4e3c-4b03-8cab-eea7f6341437?fields=segments HTTP/1.1" status: 200 len: 212 time: 0.0431669
2026-07-10 01:03:03.273 9 INFO neutron.api.wsgi [req-08589fc5-640f-407a-a238-d1ea583fc87f req-936e1539-0801-4070-b19d-efa2ea3a93d8 024b6eb83cec478ca330b7ad67ed3935 21ec168f49c3452caaec72b7f2900559 - - 55386a1d57ec4b85801b7b529053a6af 55386a1d57ec4b85801b7b529053a6af] 199.204.45.53 "GET /v2.0/networks/d70b7286-4e3c-4b03-8cab-eea7f6341437?fields=provider%3Aphysical_network&fields=provider%3Anetwork_type HTTP/1.1" status: 200 len: 277 time: 0.0396159
2026-07-10 01:03:03.314 9 INFO neutron.api.wsgi [None req-05e5200d-7f70-46a7-92b7-55313b0cd167 b3be9838221e455ea4c97d08e155deb6 74a3e93d1dc246159588b35028725a21 - - default default] 10.0.0.54 "DELETE /v2.0/ports/3434904e-b938-43a6-908d-bbd14419b390 HTTP/1.1" status: 204 len: 168 time: 0.2968223
2026-07-10 01:03:03.329 10 INFO neutron.api.wsgi [req-ced1b59f-9420-447b-8fe2-d7e00372505e req-017730e1-6328-48a0-b3b5-939c34ad0615 c4fc28aaf63b4672b925359e84726bd4 0dd8acb83f924a868a96da5367454367 - - default default] 10.0.0.51 "GET /v2.0/ports?device_id=d3c97873-eab1-41d6-9c0e-1d40b01c46f6 HTTP/1.1" status: 200 len: 210 time: 0.0188861
2026-07-10 01:03:03.538 10 INFO neutron.api.wsgi [req-05d7aef3-edbd-4402-9c8a-1764f75db880 req-d144bf14-14ea-46e9-bda3-18211c19ec58 471485b697744ffba65f417ff90e880f ec025f7776d948e09528f56fcd8b3454 - - default default] 10.0.0.51 "GET /v2.0/ports?device_id=ea6bd126-ac9d-45d9-b90b-4621bb108ba2 HTTP/1.1" status: 200 len: 1172 time: 0.0362961
2026-07-10 01:03:03.571 10 INFO neutron.api.wsgi [req-05d7aef3-edbd-4402-9c8a-1764f75db880 req-1d040b4f-7135-4d1f-808b-abe07b8fc415 471485b697744ffba65f417ff90e880f ec025f7776d948e09528f56fcd8b3454 - - default default] 10.0.0.51 "GET /v2.0/security-groups?id=65264cb6-5194-4cb8-ad70-ee6ebc33e58b&fields=id&fields=name HTTP/1.1" status: 200 len: 286 time: 0.0274544
2026-07-10 01:03:03.638 9 INFO neutron.services.segments.plugin [-] Segment 3500cdd9-0aa4-45f8-b440-3fd828428f50 resource provider aggregate not found
2026-07-10 01:03:03.643 9 INFO neutron.services.segments.plugin [-] Segment 3500cdd9-0aa4-45f8-b440-3fd828428f50 resource provider aggregate not found
2026-07-10 01:03:03.648 9 INFO neutron.services.segments.plugin [-] Segment 3500cdd9-0aa4-45f8-b440-3fd828428f50 resource provider not found; error: Placement Client Error (4xx): {"errors": [{"status": 404, "title": "Not Found", "detail": "The resource could not be found.\n\n No resource provider with uuid 3500cdd9-0aa4-45f8-b440-3fd828428f50 found for delete ", "request_id": "req-fa41bda7-5992-4369-aa94-4dcc9f8bb425"}]}
2026-07-10 01:03:03.656 9 INFO neutron.services.segments.plugin [-] Segment 3500cdd9-0aa4-45f8-b440-3fd828428f50 resource provider not found; error: Placement Client Error (4xx): {"errors": [{"status": 404, "title": "Not Found", "detail": "The resource could not be found.\n\n No resource provider with uuid 3500cdd9-0aa4-45f8-b440-3fd828428f50 found for delete ", "request_id": "req-0a5536a6-1989-4d08-8844-c389792a7002"}]}
2026-07-10 01:03:03.673 9 INFO neutron.api.wsgi [None req-5f9cd900-2803-4893-889c-7c327c1e39cd b3be9838221e455ea4c97d08e155deb6 74a3e93d1dc246159588b35028725a21 - - default default] 10.0.0.54 "DELETE /v2.0/networks/264d5654-39d3-4af7-a2b9-bf4bc44b93a3 HTTP/1.1" status: 204 len: 168 time: 0.3536663
2026-07-10 01:03:04.340 9 INFO neutron.api.wsgi [None req-9a29e1b8-e90d-4d8b-9553-e8ab5ca683df b81e1998028545a3b6f2c38cae7035f1 ad5889d0256a493483d16a066b650057 - - default default] 10.0.0.54 "GET /v2.0/security-groups?tenant_id=74a3e93d1dc246159588b35028725a21&name=default HTTP/1.1" status: 200 len: 3120 time: 0.2220986
2026-07-10 01:03:04.415 10 INFO neutron.api.wsgi [req-2eeab146-cdfa-4457-8ac0-c4f87ca47fcb req-75824404-267c-4c28-8037-0a0865752904 c4fc28aaf63b4672b925359e84726bd4 0dd8acb83f924a868a96da5367454367 - - default default] 10.0.0.51 "GET /v2.0/ports?device_id=d3c97873-eab1-41d6-9c0e-1d40b01c46f6 HTTP/1.1" status: 200 len: 210 time: 0.0230334
2026-07-10 01:03:04.571 9 INFO neutron.api.wsgi [None req-6ffe5ba5-0065-41bd-b01f-ce8f60296545 b81e1998028545a3b6f2c38cae7035f1 ad5889d0256a493483d16a066b650057 - - default default] 10.0.0.54 "DELETE /v2.0/security-groups/aaf6b65f-bae2-40e8-86e6-36381f94cf81 HTTP/1.1" status: 204 len: 168 time: 0.2250481
2026-07-10 01:03:04.677 10 INFO neutron.api.wsgi [req-f62c052b-129b-4576-acb1-84527907bae3 req-d81357c7-7a21-4c5b-b027-25b1f161d508 471485b697744ffba65f417ff90e880f ec025f7776d948e09528f56fcd8b3454 - - default default] 10.0.0.51 "GET /v2.0/ports?device_id=ea6bd126-ac9d-45d9-b90b-4621bb108ba2 HTTP/1.1" status: 200 len: 1172 time: 0.0403297
2026-07-10 01:03:04.717 10 INFO neutron.api.wsgi [req-f62c052b-129b-4576-acb1-84527907bae3 req-e44513ac-ef95-4b61-9f6a-c2f694a5c7a0 471485b697744ffba65f417ff90e880f ec025f7776d948e09528f56fcd8b3454 - - default default] 10.0.0.51 "GET /v2.0/security-groups?id=65264cb6-5194-4cb8-ad70-ee6ebc33e58b&fields=id&fields=name HTTP/1.1" status: 200 len: 286 time: 0.0334632
2026-07-10 01:03:04.914 9 WARNING neutron_lib.context [None req-881c887e-24c9-4b08-a18d-1c0dbce18036 dcdbee70dc19471ebfb2372bef8aabfa 3577d87742b34aa9887ce46c854c62a5 - - default default] Method 'is_advsvc' is deprecated since 2023.2 release (neutron-lib 3.8.0) and will be removed once support for the old RBAC API policies will be removed from Neutron. Please use method 'is_service_role' instead.
2026-07-10 01:03:05.054 9 INFO neutron.db.ovn_revision_numbers_db [None req-881c887e-24c9-4b08-a18d-1c0dbce18036 dcdbee70dc19471ebfb2372bef8aabfa 3577d87742b34aa9887ce46c854c62a5 - - default default] Successfully bumped revision number for resource c374f892-870c-4a22-9e68-9cad3b00f1fe (type: security_groups) to 1
2026-07-10 01:03:05.067 9 INFO neutron.db.ovn_revision_numbers_db [None req-881c887e-24c9-4b08-a18d-1c0dbce18036 dcdbee70dc19471ebfb2372bef8aabfa 3577d87742b34aa9887ce46c854c62a5 - - default default] Successfully bumped revision number for resource 1fb67e4a-b4f0-440a-a3f4-9b81834ff8d7 (type: security_group_rules) to 0
2026-07-10 01:03:05.080 9 INFO neutron.db.ovn_revision_numbers_db [None req-881c887e-24c9-4b08-a18d-1c0dbce18036 dcdbee70dc19471ebfb2372bef8aabfa 3577d87742b34aa9887ce46c854c62a5 - - default default] Successfully bumped revision number for resource 2e94b271-343f-47ed-8dee-808f759253d7 (type: security_group_rules) to 0
2026-07-10 01:03:05.092 9 INFO neutron.db.ovn_revision_numbers_db [None req-881c887e-24c9-4b08-a18d-1c0dbce18036 dcdbee70dc19471ebfb2372bef8aabfa 3577d87742b34aa9887ce46c854c62a5 - - default default] Successfully bumped revision number for resource 3a60a10a-3c63-4d57-8e5d-cc0201e17965 (type: security_group_rules) to 0
2026-07-10 01:03:05.104 9 INFO neutron.db.ovn_revision_numbers_db [None req-881c887e-24c9-4b08-a18d-1c0dbce18036 dcdbee70dc19471ebfb2372bef8aabfa 3577d87742b34aa9887ce46c854c62a5 - - default default] Successfully bumped revision number for resource 929f04b2-f90f-4d7b-abaf-bbc2d017538a (type: security_group_rules) to 0
2026-07-10 01:03:05.173 9 INFO neutron.db.segments_db [None req-881c887e-24c9-4b08-a18d-1c0dbce18036 dcdbee70dc19471ebfb2372bef8aabfa 3577d87742b34aa9887ce46c854c62a5 - - default default] Added segment 93334803-5bf5-489a-80c8-f92fd45367f7 of type geneve for network 8a635a35-9e56-4d47-aaf3-21f2a2c4cc9d
2026-07-10 01:03:05.281 9 INFO neutron.db.ovn_revision_numbers_db [None req-881c887e-24c9-4b08-a18d-1c0dbce18036 dcdbee70dc19471ebfb2372bef8aabfa 3577d87742b34aa9887ce46c854c62a5 - - default default] Successfully bumped revision number for resource 8a635a35-9e56-4d47-aaf3-21f2a2c4cc9d (type: networks) to 1
2026-07-10 01:03:05.437 9 INFO neutron.plugins.ml2.drivers.ovn.mech_driver.mech_driver [None req-2a9e07a7-66cc-46da-b312-2813359fb8f0 - - - - - -] OVN reports status up for port: daa0188f-41bd-48fb-94e8-10fc96793b71
2026-07-10 01:03:05.474 9 INFO neutron.plugins.ml2.plugin [None req-2a9e07a7-66cc-46da-b312-2813359fb8f0 - - - - - -] Attempt 1 to provision port daa0188f-41bd-48fb-94e8-10fc96793b71
2026-07-10 01:03:05.527 9 WARNING neutron.scheduler.dhcp_agent_scheduler [None req-881c887e-24c9-4b08-a18d-1c0dbce18036 dcdbee70dc19471ebfb2372bef8aabfa 3577d87742b34aa9887ce46c854c62a5 - - default default] No more DHCP agents
2026-07-10 01:03:05.534 10 INFO neutron.api.wsgi [req-14de1a64-c68e-4849-af48-6faff28fbf0c req-3775a0e2-309b-41bf-8fe2-1c8b00e08001 c4fc28aaf63b4672b925359e84726bd4 0dd8acb83f924a868a96da5367454367 - - default default] 10.0.0.51 "GET /v2.0/ports?device_id=d3c97873-eab1-41d6-9c0e-1d40b01c46f6 HTTP/1.1" status: 200 len: 210 time: 0.0288417
2026-07-10 01:03:05.537 9 WARNING neutron.api.rpc.agentnotifiers.dhcp_rpc_agent_api [None req-881c887e-24c9-4b08-a18d-1c0dbce18036 dcdbee70dc19471ebfb2372bef8aabfa 3577d87742b34aa9887ce46c854c62a5 - - default default] Unable to schedule network 8a635a35-9e56-4d47-aaf3-21f2a2c4cc9d: no agents available; will retry on subsequent port and subnet creation events.
2026-07-10 01:03:05.621 9 INFO neutron.db.ovn_revision_numbers_db [None req-881c887e-24c9-4b08-a18d-1c0dbce18036 dcdbee70dc19471ebfb2372bef8aabfa 3577d87742b34aa9887ce46c854c62a5 - - default default] Successfully bumped revision number for resource 702b1fac-fb75-44c0-8eff-e1c26587d552 (type: ports) to 1
2026-07-10 01:03:05.629 9 INFO neutron.notifiers.nova [-] Nova event matching ['req-5993e4d2-a335-483a-8727-4f63329be252'] response: {'server_uuid': 'ea6bd126-ac9d-45d9-b90b-4621bb108ba2', 'name': 'network-vif-plugged', 'status': 'completed', 'tag': 'daa0188f-41bd-48fb-94e8-10fc96793b71', 'code': 200}
2026-07-10 01:03:05.647 9 INFO neutron.api.wsgi [None req-881c887e-24c9-4b08-a18d-1c0dbce18036 dcdbee70dc19471ebfb2372bef8aabfa 3577d87742b34aa9887ce46c854c62a5 - - default default] 10.0.0.54 "POST /v2.0/networks HTTP/1.1" status: 201 len: 830 time: 0.8186600
2026-07-10 01:03:05.659 9 WARNING neutron_lib.context [None req-95c8cc30-0478-4744-b20b-fdac943b8205 dcdbee70dc19471ebfb2372bef8aabfa 3577d87742b34aa9887ce46c854c62a5 - - default default] Method 'is_advsvc' is deprecated since 2023.2 release (neutron-lib 3.8.0) and will be removed once support for the old RBAC API policies will be removed from Neutron. Please use method 'is_service_role' instead.
2026-07-10 01:03:05.792 9 INFO neutron.db.ovn_revision_numbers_db [None req-2a9e07a7-66cc-46da-b312-2813359fb8f0 - - - - - -] Successfully bumped revision number for resource daa0188f-41bd-48fb-94e8-10fc96793b71 (type: ports) to 5
2026-07-10 01:03:05.826 10 INFO neutron.api.wsgi [req-4441d7aa-9572-44fb-8bf4-4e92e81259cc req-41b21361-a179-4dfc-ad0f-c502996c0b68 471485b697744ffba65f417ff90e880f ec025f7776d948e09528f56fcd8b3454 - - default default] 10.0.0.51 "GET /v2.0/ports?device_id=ea6bd126-ac9d-45d9-b90b-4621bb108ba2 HTTP/1.1" status: 200 len: 1174 time: 0.0485070
2026-07-10 01:03:05.869 10 INFO neutron.api.wsgi [req-4441d7aa-9572-44fb-8bf4-4e92e81259cc req-578bd5c5-b20a-4bbc-b689-9070c958509b 471485b697744ffba65f417ff90e880f ec025f7776d948e09528f56fcd8b3454 - - default default] 10.0.0.51 "GET /v2.0/security-groups?id=65264cb6-5194-4cb8-ad70-ee6ebc33e58b&fields=id&fields=name HTTP/1.1" status: 200 len: 286 time: 0.0358977
2026-07-10 01:03:05.967 9 WARNING neutron.scheduler.dhcp_agent_scheduler [None req-95c8cc30-0478-4744-b20b-fdac943b8205 dcdbee70dc19471ebfb2372bef8aabfa 3577d87742b34aa9887ce46c854c62a5 - - default default] No more DHCP agents
2026-07-10 01:03:05.969 9 WARNING neutron.api.rpc.agentnotifiers.dhcp_rpc_agent_api [None req-95c8cc30-0478-4744-b20b-fdac943b8205 dcdbee70dc19471ebfb2372bef8aabfa 3577d87742b34aa9887ce46c854c62a5 - - default default] Unable to schedule network 8a635a35-9e56-4d47-aaf3-21f2a2c4cc9d: no agents available; will retry on subsequent port and subnet creation events.
2026-07-10 01:03:06.069 9 INFO neutron.db.ovn_revision_numbers_db [None req-95c8cc30-0478-4744-b20b-fdac943b8205 dcdbee70dc19471ebfb2372bef8aabfa 3577d87742b34aa9887ce46c854c62a5 - - default default] Successfully bumped revision number for resource 9bbfff03-c27b-49ad-999e-71e43ec03ff2 (type: ports) to 1
2026-07-10 01:03:06.092 9 INFO neutron.api.wsgi [None req-95c8cc30-0478-4744-b20b-fdac943b8205 dcdbee70dc19471ebfb2372bef8aabfa 3577d87742b34aa9887ce46c854c62a5 - - default default] 10.0.0.54 "POST /v2.0/ports HTTP/1.1" status: 201 len: 942 time: 0.4371166 /var/lib/openstack/lib/python3.12/site-packages/pycadf/identifier.py:71: UserWarning: Invalid uuid: neutron. To ensure interoperability, identifiers should be a valid uuid. warnings.warn(('Invalid uuid: %s. To ensure interoperability, '
2026-07-10 01:03:06.111 9 WARNING neutron_lib.context [None req-f1bf9b54-ab6c-4a46-abb2-d7aa45418b5a dcdbee70dc19471ebfb2372bef8aabfa 3577d87742b34aa9887ce46c854c62a5 - - default default] Method 'is_advsvc' is deprecated since 2023.2 release (neutron-lib 3.8.0) and will be removed once support for the old RBAC API policies will be removed from Neutron. Please use method 'is_service_role' instead.
2026-07-10 01:03:06.193 9 INFO neutron.db.segments_db [None req-f1bf9b54-ab6c-4a46-abb2-d7aa45418b5a dcdbee70dc19471ebfb2372bef8aabfa 3577d87742b34aa9887ce46c854c62a5 - - default default] Added segment a425f777-b4f6-412d-ac3e-6b65b4df3667 of type geneve for network fc751a86-bbf7-4b3a-a6f9-90ca4ed6fdbb
2026-07-10 01:03:06.302 9 INFO neutron.db.ovn_revision_numbers_db [None req-f1bf9b54-ab6c-4a46-abb2-d7aa45418b5a dcdbee70dc19471ebfb2372bef8aabfa 3577d87742b34aa9887ce46c854c62a5 - - default default] Successfully bumped revision number for resource fc751a86-bbf7-4b3a-a6f9-90ca4ed6fdbb (type: networks) to 1
2026-07-10 01:03:06.486 9 WARNING neutron.scheduler.dhcp_agent_scheduler [None req-f1bf9b54-ab6c-4a46-abb2-d7aa45418b5a dcdbee70dc19471ebfb2372bef8aabfa 3577d87742b34aa9887ce46c854c62a5 - - default default] No more DHCP agents
2026-07-10 01:03:06.487 9 WARNING neutron.api.rpc.agentnotifiers.dhcp_rpc_agent_api [None req-f1bf9b54-ab6c-4a46-abb2-d7aa45418b5a dcdbee70dc19471ebfb2372bef8aabfa 3577d87742b34aa9887ce46c854c62a5 - - default default] Unable to schedule network fc751a86-bbf7-4b3a-a6f9-90ca4ed6fdbb: no agents available; will retry on subsequent port and subnet creation events.
2026-07-10 01:03:06.544 9 INFO neutron.db.ovn_revision_numbers_db [None req-f1bf9b54-ab6c-4a46-abb2-d7aa45418b5a dcdbee70dc19471ebfb2372bef8aabfa 3577d87742b34aa9887ce46c854c62a5 - - default default] Successfully bumped revision number for resource 32dcb76e-527c-4a0c-bb9b-5b9563cd6214 (type: ports) to 1
2026-07-10 01:03:06.554 9 WARNING neutron_lib.context [None req-2d8cae94-4efb-419c-ae14-6519eb7ec9d0 01ccbb602986443980ffb0cca90cf8ba 39c50a3a101c486b9887c9a5f135f582 - - default default] Method 'is_advsvc' is deprecated since 2023.2 release (neutron-lib 3.8.0) and will be removed once support for the old RBAC API policies will be removed from Neutron. Please use method 'is_service_role' instead.
2026-07-10 01:03:06.593 9 INFO neutron.api.wsgi [None req-f1bf9b54-ab6c-4a46-abb2-d7aa45418b5a dcdbee70dc19471ebfb2372bef8aabfa 3577d87742b34aa9887ce46c854c62a5 - - default default] 10.0.0.54 "POST /v2.0/networks HTTP/1.1" status: 201 len: 830 time: 0.4876335
2026-07-10 01:03:06.603 9 WARNING neutron_lib.context [None req-fee66fe3-3a61-4f95-a739-d99e17742669 dcdbee70dc19471ebfb2372bef8aabfa 3577d87742b34aa9887ce46c854c62a5 - - default default] Method 'is_advsvc' is deprecated since 2023.2 release (neutron-lib 3.8.0) and will be removed once support for the old RBAC API policies will be removed from Neutron. Please use method 'is_service_role' instead.
2026-07-10 01:03:06.636 10 INFO neutron.api.wsgi [req-56b29d12-5573-4ae4-8cb2-b406c885134d req-8946912d-d7f5-424b-87e6-e04455254b74 c4fc28aaf63b4672b925359e84726bd4 0dd8acb83f924a868a96da5367454367 - - default default] 10.0.0.51 "GET /v2.0/ports?device_id=d3c97873-eab1-41d6-9c0e-1d40b01c46f6 HTTP/1.1" status: 200 len: 210 time: 0.0228333
2026-07-10 01:03:06.749 9 INFO neutron.db.ovn_revision_numbers_db [None req-2d8cae94-4efb-419c-ae14-6519eb7ec9d0 01ccbb602986443980ffb0cca90cf8ba 39c50a3a101c486b9887c9a5f135f582 - - default default] Successfully bumped revision number for resource 0753dfee-1985-42af-9c3b-e80badc837e0 (type: security_groups) to 1
2026-07-10 01:03:06.762 9 INFO neutron.db.ovn_revision_numbers_db [None req-2d8cae94-4efb-419c-ae14-6519eb7ec9d0 01ccbb602986443980ffb0cca90cf8ba 39c50a3a101c486b9887c9a5f135f582 - - default default] Successfully bumped revision number for resource 10081756-96c4-4764-b95f-42cc0ff69ade (type: security_group_rules) to 0
2026-07-10 01:03:06.783 9 INFO neutron.db.ovn_revision_numbers_db [None req-2d8cae94-4efb-419c-ae14-6519eb7ec9d0 01ccbb602986443980ffb0cca90cf8ba 39c50a3a101c486b9887c9a5f135f582 - - default default] Successfully bumped revision number for resource aee521f6-7438-45b5-980d-7a3afee03296 (type: security_group_rules) to 0
2026-07-10 01:03:06.810 9 INFO neutron.db.ovn_revision_numbers_db [None req-2d8cae94-4efb-419c-ae14-6519eb7ec9d0 01ccbb602986443980ffb0cca90cf8ba 39c50a3a101c486b9887c9a5f135f582 - - default default] Successfully bumped revision number for resource f83cba52-589d-4678-8f14-32134b013f20 (type: security_group_rules) to 0
2026-07-10 01:03:06.826 9 INFO neutron.db.ovn_revision_numbers_db [None req-2d8cae94-4efb-419c-ae14-6519eb7ec9d0 01ccbb602986443980ffb0cca90cf8ba 39c50a3a101c486b9887c9a5f135f582 - - default default] Successfully bumped revision number for resource f9c59520-e6bb-4e44-82e9-5154338f4feb (type: security_group_rules) to 0
2026-07-10 01:03:06.842 9 WARNING neutron.scheduler.dhcp_agent_scheduler [None req-fee66fe3-3a61-4f95-a739-d99e17742669 dcdbee70dc19471ebfb2372bef8aabfa 3577d87742b34aa9887ce46c854c62a5 - - default default] No more DHCP agents
2026-07-10 01:03:06.844 9 WARNING neutron.api.rpc.agentnotifiers.dhcp_rpc_agent_api [None req-fee66fe3-3a61-4f95-a739-d99e17742669 dcdbee70dc19471ebfb2372bef8aabfa 3577d87742b34aa9887ce46c854c62a5 - - default default] Unable to schedule network fc751a86-bbf7-4b3a-a6f9-90ca4ed6fdbb: no agents available; will retry on subsequent port and subnet creation events.
2026-07-10 01:03:06.896 9 INFO neutron.db.segments_db [None req-2d8cae94-4efb-419c-ae14-6519eb7ec9d0 01ccbb602986443980ffb0cca90cf8ba 39c50a3a101c486b9887c9a5f135f582 - - default default] Added segment 92c517dc-136a-4c6c-bfe6-cb64801664b1 of type geneve for network bcd01962-68e5-4b5e-8778-16f3c6fad2ca
2026-07-10 01:03:06.914 9 INFO neutron.db.ovn_revision_numbers_db [None req-fee66fe3-3a61-4f95-a739-d99e17742669 dcdbee70dc19471ebfb2372bef8aabfa 3577d87742b34aa9887ce46c854c62a5 - - default default] Successfully bumped revision number for resource f26e8c08-77eb-4c14-a565-7b80a9850710 (type: ports) to 1
2026-07-10 01:03:06.940 9 INFO neutron.api.wsgi [None req-fee66fe3-3a61-4f95-a739-d99e17742669 dcdbee70dc19471ebfb2372bef8aabfa 3577d87742b34aa9887ce46c854c62a5 - - default default] 10.0.0.54 "POST /v2.0/ports HTTP/1.1" status: 201 len: 942 time: 0.3402932 /var/lib/openstack/lib/python3.12/site-packages/pycadf/identifier.py:71: UserWarning: Invalid uuid: neutron. To ensure interoperability, identifiers should be a valid uuid. warnings.warn(('Invalid uuid: %s. To ensure interoperability, '
2026-07-10 01:03:06.948 9 WARNING neutron_lib.context [None req-36f4dbb9-eff2-4a1d-a9a9-1df3342a6a80 dcdbee70dc19471ebfb2372bef8aabfa 3577d87742b34aa9887ce46c854c62a5 - - default default] Method 'is_advsvc' is deprecated since 2023.2 release (neutron-lib 3.8.0) and will be removed once support for the old RBAC API policies will be removed from Neutron. Please use method 'is_service_role' instead.
2026-07-10 01:03:07.008 10 INFO neutron.api.wsgi [req-4240787a-2301-48f7-a852-bad71120fe88 req-aee4c183-41c9-4dd5-9294-84108151e67a 471485b697744ffba65f417ff90e880f ec025f7776d948e09528f56fcd8b3454 - - default default] 10.0.0.51 "GET /v2.0/ports?device_id=ea6bd126-ac9d-45d9-b90b-4621bb108ba2 HTTP/1.1" status: 200 len: 1174 time: 0.0645058
2026-07-10 01:03:07.019 9 INFO neutron.db.ovn_revision_numbers_db [None req-2d8cae94-4efb-419c-ae14-6519eb7ec9d0 01ccbb602986443980ffb0cca90cf8ba 39c50a3a101c486b9887c9a5f135f582 - - default default] Successfully bumped revision number for resource bcd01962-68e5-4b5e-8778-16f3c6fad2ca (type: networks) to 1
2026-07-10 01:03:07.042 9 INFO neutron.db.segments_db [None req-36f4dbb9-eff2-4a1d-a9a9-1df3342a6a80 dcdbee70dc19471ebfb2372bef8aabfa 3577d87742b34aa9887ce46c854c62a5 - - default default] Added segment 5e57bb01-151f-4904-9b87-18cddd7e6348 of type geneve for network 3ad4e15e-23f6-4732-bafe-cd053e1131c2
2026-07-10 01:03:07.051 10 INFO neutron.api.wsgi [req-4240787a-2301-48f7-a852-bad71120fe88 req-9927af65-8465-4343-b677-f68bdeb55771 471485b697744ffba65f417ff90e880f ec025f7776d948e09528f56fcd8b3454 - - default default] 10.0.0.51 "GET /v2.0/security-groups?id=65264cb6-5194-4cb8-ad70-ee6ebc33e58b&fields=id&fields=name HTTP/1.1" status: 200 len: 286 time: 0.0377638
2026-07-10 01:03:07.176 9 INFO neutron.db.ovn_revision_numbers_db [None req-36f4dbb9-eff2-4a1d-a9a9-1df3342a6a80 dcdbee70dc19471ebfb2372bef8aabfa 3577d87742b34aa9887ce46c854c62a5 - - default default] Successfully bumped revision number for resource 3ad4e15e-23f6-4732-bafe-cd053e1131c2 (type: networks) to 1
2026-07-10 01:03:07.197 9 WARNING neutron.scheduler.dhcp_agent_scheduler [None req-2d8cae94-4efb-419c-ae14-6519eb7ec9d0 01ccbb602986443980ffb0cca90cf8ba 39c50a3a101c486b9887c9a5f135f582 - - default default] No more DHCP agents
2026-07-10 01:03:07.199 9 WARNING neutron.api.rpc.agentnotifiers.dhcp_rpc_agent_api [None req-2d8cae94-4efb-419c-ae14-6519eb7ec9d0 01ccbb602986443980ffb0cca90cf8ba 39c50a3a101c486b9887c9a5f135f582 - - default default] Unable to schedule network bcd01962-68e5-4b5e-8778-16f3c6fad2ca: no agents available; will retry on subsequent port and subnet creation events.
2026-07-10 01:03:07.287 9 INFO neutron.db.ovn_revision_numbers_db [None req-2d8cae94-4efb-419c-ae14-6519eb7ec9d0 01ccbb602986443980ffb0cca90cf8ba 39c50a3a101c486b9887c9a5f135f582 - - default default] Successfully bumped revision number for resource a3ce31a6-5bca-4cdd-8e9e-b225bbeebf77 (type: ports) to 1
2026-07-10 01:03:07.314 9 INFO neutron.api.wsgi [None req-2d8cae94-4efb-419c-ae14-6519eb7ec9d0 01ccbb602986443980ffb0cca90cf8ba 39c50a3a101c486b9887c9a5f135f582 - - default default] 10.0.0.54 "POST /v2.0/networks HTTP/1.1" status: 201 len: 844 time: 0.9567001
2026-07-10 01:03:07.323 9 WARNING neutron_lib.context [None req-446424c3-1e1b-442b-8e43-3ad30bdefb4b 01ccbb602986443980ffb0cca90cf8ba 39c50a3a101c486b9887c9a5f135f582 - - default default] Method 'is_advsvc' is deprecated since 2023.2 release (neutron-lib 3.8.0) and will be removed once support for the old RBAC API policies will be removed from Neutron. Please use method 'is_service_role' instead.
2026-07-10 01:03:07.339 9 WARNING neutron.scheduler.dhcp_agent_scheduler [None req-36f4dbb9-eff2-4a1d-a9a9-1df3342a6a80 dcdbee70dc19471ebfb2372bef8aabfa 3577d87742b34aa9887ce46c854c62a5 - - default default] No more DHCP agents
2026-07-10 01:03:07.342 9 WARNING neutron.api.rpc.agentnotifiers.dhcp_rpc_agent_api [None req-36f4dbb9-eff2-4a1d-a9a9-1df3342a6a80 dcdbee70dc19471ebfb2372bef8aabfa 3577d87742b34aa9887ce46c854c62a5 - - default default] Unable to schedule network 3ad4e15e-23f6-4732-bafe-cd053e1131c2: no agents available; will retry on subsequent port and subnet creation events.
2026-07-10 01:03:07.444 9 INFO neutron.db.ovn_revision_numbers_db [None req-36f4dbb9-eff2-4a1d-a9a9-1df3342a6a80 dcdbee70dc19471ebfb2372bef8aabfa 3577d87742b34aa9887ce46c854c62a5 - - default default] Successfully bumped revision number for resource 436caa62-104e-417f-9e3f-c3a8cd66cd8d (type: ports) to 1
2026-07-10 01:03:07.473 9 INFO neutron.api.wsgi [None req-36f4dbb9-eff2-4a1d-a9a9-1df3342a6a80 dcdbee70dc19471ebfb2372bef8aabfa 3577d87742b34aa9887ce46c854c62a5 - - default default] 10.0.0.54 "POST /v2.0/networks HTTP/1.1" status: 201 len: 830 time: 0.5276120
2026-07-10 01:03:07.485 10 WARNING neutron_lib.context [None req-2337207f-81d4-42af-8fb1-ae5d3f37ea4c dcdbee70dc19471ebfb2372bef8aabfa 3577d87742b34aa9887ce46c854c62a5 - - default default] Method 'is_advsvc' is deprecated since 2023.2 release (neutron-lib 3.8.0) and will be removed once support for the old RBAC API policies will be removed from Neutron. Please use method 'is_service_role' instead.
2026-07-10 01:03:07.569 10 WARNING neutron.plugins.ml2.drivers.ovn.mech_driver.ovsdb.ovn_client [None req-84c879e8-31f5-4278-9ef6-98cce7ac9394 - - - - - -] No hosting information found for port 55e563b1-2a85-4477-97cf-3052d3f3a845: RuntimeError: No hosting information found for port 55e563b1-2a85-4477-97cf-3052d3f3a845
2026-07-10 01:03:07.610 9 WARNING neutron.scheduler.dhcp_agent_scheduler [None req-446424c3-1e1b-442b-8e43-3ad30bdefb4b 01ccbb602986443980ffb0cca90cf8ba 39c50a3a101c486b9887c9a5f135f582 - - default default] No more DHCP agents
2026-07-10 01:03:07.611 9 WARNING neutron.api.rpc.agentnotifiers.dhcp_rpc_agent_api [None req-446424c3-1e1b-442b-8e43-3ad30bdefb4b 01ccbb602986443980ffb0cca90cf8ba 39c50a3a101c486b9887c9a5f135f582 - - default default] Unable to schedule network bcd01962-68e5-4b5e-8778-16f3c6fad2ca: no agents available; will retry on subsequent port and subnet creation events. /var/lib/openstack/lib/python3.12/site-packages/pycadf/identifier.py:71: UserWarning: Invalid uuid: neutron. To ensure interoperability, identifiers should be a valid uuid. warnings.warn(('Invalid uuid: %s. To ensure interoperability, '
2026-07-10 01:03:07.661 9 INFO neutron.notifiers.nova [-] Nova event matching ['req-5fdd62de-e367-4af7-8165-19c0c559ff31'] response: {'server_uuid': 'ea6bd126-ac9d-45d9-b90b-4621bb108ba2', 'name': 'network-vif-plugged', 'status': 'completed', 'tag': 'daa0188f-41bd-48fb-94e8-10fc96793b71', 'code': 200}
2026-07-10 01:03:07.666 10 INFO neutron.db.ovn_revision_numbers_db [None req-84c879e8-31f5-4278-9ef6-98cce7ac9394 - - - - - -] Successfully bumped revision number for resource 55e563b1-2a85-4477-97cf-3052d3f3a845 (type: router_ports) to 2
2026-07-10 01:03:07.676 9 INFO neutron.api.wsgi [req-257c703d-dbdc-4898-8510-8e8f01c2eba9 req-ed6188de-597b-4876-9ecb-40b86d23319f c4fc28aaf63b4672b925359e84726bd4 0dd8acb83f924a868a96da5367454367 - - default default] 199.204.45.53 "GET /v2.0/networks?id=2f699102-49a9-420a-a66c-4f3d0c43a86c HTTP/1.1" status: 200 len: 877 time: 0.0625629
2026-07-10 01:03:07.688 9 WARNING neutron_lib.context [req-257c703d-dbdc-4898-8510-8e8f01c2eba9 req-3a9214d5-fd0c-4c3e-86d6-bd9a3fda42e9 c4fc28aaf63b4672b925359e84726bd4 0dd8acb83f924a868a96da5367454367 - - default default] Method 'is_advsvc' is deprecated since 2023.2 release (neutron-lib 3.8.0) and will be removed once support for the old RBAC API policies will be removed from Neutron. Please use method 'is_service_role' instead. /var/lib/openstack/lib/python3.12/site-packages/pycadf/identifier.py:71: UserWarning: Invalid uuid: neutron. To ensure interoperability, identifiers should be a valid uuid. warnings.warn(('Invalid uuid: %s. To ensure interoperability, '
2026-07-10 01:03:07.715 9 INFO neutron.db.ovn_revision_numbers_db [None req-446424c3-1e1b-442b-8e43-3ad30bdefb4b 01ccbb602986443980ffb0cca90cf8ba 39c50a3a101c486b9887c9a5f135f582 - - default default] Successfully bumped revision number for resource c3efc97f-5ef2-469f-bcd4-a9d071793f9c (type: ports) to 1
2026-07-10 01:03:07.731 10 INFO neutron.api.wsgi [req-73e0ec25-bbc0-49c9-9fce-0b5b45c71f58 req-677bc0ba-b96a-41c8-8f4e-bdf44c891d42 c4fc28aaf63b4672b925359e84726bd4 0dd8acb83f924a868a96da5367454367 - - default default] 10.0.0.51 "GET /v2.0/ports?device_id=d3c97873-eab1-41d6-9c0e-1d40b01c46f6 HTTP/1.1" status: 200 len: 210 time: 0.0258834
2026-07-10 01:03:07.747 9 INFO neutron.api.wsgi [None req-446424c3-1e1b-442b-8e43-3ad30bdefb4b 01ccbb602986443980ffb0cca90cf8ba 39c50a3a101c486b9887c9a5f135f582 - - default default] 10.0.0.54 "POST /v2.0/ports HTTP/1.1" status: 201 len: 974 time: 0.4290686 /var/lib/openstack/lib/python3.12/site-packages/pycadf/identifier.py:71: UserWarning: Invalid uuid: neutron. To ensure interoperability, identifiers should be a valid uuid. warnings.warn(('Invalid uuid: %s. To ensure interoperability, '
2026-07-10 01:03:07.760 10 WARNING neutron_lib.context [None req-4d81e5c1-5510-4e8e-966c-f9f2c0d92f1c 01ccbb602986443980ffb0cca90cf8ba 39c50a3a101c486b9887c9a5f135f582 - - default default] Method 'is_advsvc' is deprecated since 2023.2 release (neutron-lib 3.8.0) and will be removed once support for the old RBAC API policies will be removed from Neutron. Please use method 'is_service_role' instead.
2026-07-10 01:03:07.764 10 WARNING neutron.scheduler.dhcp_agent_scheduler [None req-2337207f-81d4-42af-8fb1-ae5d3f37ea4c dcdbee70dc19471ebfb2372bef8aabfa 3577d87742b34aa9887ce46c854c62a5 - - default default] No more DHCP agents
2026-07-10 01:03:07.767 10 WARNING neutron.api.rpc.agentnotifiers.dhcp_rpc_agent_api [None req-2337207f-81d4-42af-8fb1-ae5d3f37ea4c dcdbee70dc19471ebfb2372bef8aabfa 3577d87742b34aa9887ce46c854c62a5 - - default default] Unable to schedule network 3ad4e15e-23f6-4732-bafe-cd053e1131c2: no agents available; will retry on subsequent port and subnet creation events.
2026-07-10 01:03:07.838 10 INFO neutron.db.ovn_revision_numbers_db [None req-2337207f-81d4-42af-8fb1-ae5d3f37ea4c dcdbee70dc19471ebfb2372bef8aabfa 3577d87742b34aa9887ce46c854c62a5 - - default default] Successfully bumped revision number for resource cd2bfed2-7b82-4e5e-bca3-a9481e0f8d00 (type: ports) to 1
2026-07-10 01:03:07.855 10 INFO neutron.db.segments_db [None req-4d81e5c1-5510-4e8e-966c-f9f2c0d92f1c 01ccbb602986443980ffb0cca90cf8ba 39c50a3a101c486b9887c9a5f135f582 - - default default] Added segment 0bd726b7-59be-42a4-bc5e-2b5ea7667ed8 of type geneve for network 7b3cc539-ee14-4f63-92fb-ddf4ba24ff1b
2026-07-10 01:03:07.867 10 INFO neutron.api.wsgi [None req-2337207f-81d4-42af-8fb1-ae5d3f37ea4c dcdbee70dc19471ebfb2372bef8aabfa 3577d87742b34aa9887ce46c854c62a5 - - default default] 10.0.0.54 "POST /v2.0/ports HTTP/1.1" status: 201 len: 942 time: 0.3879497
2026-07-10 01:03:07.876 10 WARNING neutron_lib.context [None req-05737da8-4cbd-4e75-ac93-c8cf335cd408 dcdbee70dc19471ebfb2372bef8aabfa 3577d87742b34aa9887ce46c854c62a5 - - default default] Method 'is_advsvc' is deprecated since 2023.2 release (neutron-lib 3.8.0) and will be removed once support for the old RBAC API policies will be removed from Neutron. Please use method 'is_service_role' instead.
2026-07-10 01:03:07.972 10 INFO neutron.db.segments_db [None req-05737da8-4cbd-4e75-ac93-c8cf335cd408 dcdbee70dc19471ebfb2372bef8aabfa 3577d87742b34aa9887ce46c854c62a5 - - default default] Added segment 42dfe5b7-f984-4775-8e72-4e80fb57418c of type geneve for network 2f6ee32b-8b44-4312-adde-25baac6394ec
2026-07-10 01:03:07.992 9 WARNING neutron.scheduler.dhcp_agent_scheduler [req-257c703d-dbdc-4898-8510-8e8f01c2eba9 req-3a9214d5-fd0c-4c3e-86d6-bd9a3fda42e9 c4fc28aaf63b4672b925359e84726bd4 0dd8acb83f924a868a96da5367454367 - - default default] No more DHCP agents
2026-07-10 01:03:07.993 9 WARNING neutron.api.rpc.agentnotifiers.dhcp_rpc_agent_api [req-257c703d-dbdc-4898-8510-8e8f01c2eba9 req-3a9214d5-fd0c-4c3e-86d6-bd9a3fda42e9 c4fc28aaf63b4672b925359e84726bd4 0dd8acb83f924a868a96da5367454367 - - default default] Unable to schedule network 2f699102-49a9-420a-a66c-4f3d0c43a86c: no agents available; will retry on subsequent port and subnet creation events.
2026-07-10 01:03:08.005 10 INFO neutron.db.ovn_revision_numbers_db [None req-4d81e5c1-5510-4e8e-966c-f9f2c0d92f1c 01ccbb602986443980ffb0cca90cf8ba 39c50a3a101c486b9887c9a5f135f582 - - default default] Successfully bumped revision number for resource 7b3cc539-ee14-4f63-92fb-ddf4ba24ff1b (type: networks) to 1
2026-07-10 01:03:08.090 10 INFO neutron.db.ovn_revision_numbers_db [None req-05737da8-4cbd-4e75-ac93-c8cf335cd408 dcdbee70dc19471ebfb2372bef8aabfa 3577d87742b34aa9887ce46c854c62a5 - - default default] Successfully bumped revision number for resource 2f6ee32b-8b44-4312-adde-25baac6394ec (type: networks) to 1
2026-07-10 01:03:08.114 9 INFO neutron.db.ovn_revision_numbers_db [req-257c703d-dbdc-4898-8510-8e8f01c2eba9 req-3a9214d5-fd0c-4c3e-86d6-bd9a3fda42e9 c4fc28aaf63b4672b925359e84726bd4 0dd8acb83f924a868a96da5367454367 - - default default] Successfully bumped revision number for resource 09545576-ac0b-484b-96fe-e6efd5413ea6 (type: ports) to 1
2026-07-10 01:03:08.142 9 INFO neutron.api.wsgi [req-257c703d-dbdc-4898-8510-8e8f01c2eba9 req-3a9214d5-fd0c-4c3e-86d6-bd9a3fda42e9 c4fc28aaf63b4672b925359e84726bd4 0dd8acb83f924a868a96da5367454367 - - default default] 199.204.45.53 "POST /v2.0/ports HTTP/1.1" status: 201 len: 1158 time: 0.4598019 /var/lib/openstack/lib/python3.12/site-packages/pycadf/identifier.py:71: UserWarning: Invalid uuid: neutron. To ensure interoperability, identifiers should be a valid uuid. warnings.warn(('Invalid uuid: %s. To ensure interoperability, '
2026-07-10 01:03:08.191 10 INFO neutron.api.wsgi [req-5dee7708-9981-4503-a677-3b6c173023ec req-ff1cb1d8-7777-4ce9-b634-4a77639a1328 471485b697744ffba65f417ff90e880f ec025f7776d948e09528f56fcd8b3454 - - default default] 10.0.0.51 "GET /v2.0/ports?device_id=ea6bd126-ac9d-45d9-b90b-4621bb108ba2 HTTP/1.1" status: 200 len: 1174 time: 0.0548279
2026-07-10 01:03:08.217 10 WARNING neutron.scheduler.dhcp_agent_scheduler [None req-4d81e5c1-5510-4e8e-966c-f9f2c0d92f1c 01ccbb602986443980ffb0cca90cf8ba 39c50a3a101c486b9887c9a5f135f582 - - default default] No more DHCP agents
2026-07-10 01:03:08.220 10 WARNING neutron.api.rpc.agentnotifiers.dhcp_rpc_agent_api [None req-4d81e5c1-5510-4e8e-966c-f9f2c0d92f1c 01ccbb602986443980ffb0cca90cf8ba 39c50a3a101c486b9887c9a5f135f582 - - default default] Unable to schedule network 7b3cc539-ee14-4f63-92fb-ddf4ba24ff1b: no agents available; will retry on subsequent port and subnet creation events.
2026-07-10 01:03:08.242 10 INFO neutron.api.wsgi [req-5dee7708-9981-4503-a677-3b6c173023ec req-ae80bef2-5063-4572-aa74-4e600bd43336 471485b697744ffba65f417ff90e880f ec025f7776d948e09528f56fcd8b3454 - - default default] 10.0.0.51 "GET /v2.0/security-groups?id=65264cb6-5194-4cb8-ad70-ee6ebc33e58b&fields=id&fields=name HTTP/1.1" status: 200 len: 286 time: 0.0445497
2026-07-10 01:03:08.308 10 INFO neutron.db.ovn_revision_numbers_db [None req-4d81e5c1-5510-4e8e-966c-f9f2c0d92f1c 01ccbb602986443980ffb0cca90cf8ba 39c50a3a101c486b9887c9a5f135f582 - - default default] Successfully bumped revision number for resource 14b519f7-50cc-4538-84c7-648b9057eebc (type: ports) to 1
2026-07-10 01:03:08.309 10 WARNING neutron.scheduler.dhcp_agent_scheduler [None req-05737da8-4cbd-4e75-ac93-c8cf335cd408 dcdbee70dc19471ebfb2372bef8aabfa 3577d87742b34aa9887ce46c854c62a5 - - default default] No more DHCP agents
2026-07-10 01:03:08.310 10 WARNING neutron.api.rpc.agentnotifiers.dhcp_rpc_agent_api [None req-05737da8-4cbd-4e75-ac93-c8cf335cd408 dcdbee70dc19471ebfb2372bef8aabfa 3577d87742b34aa9887ce46c854c62a5 - - default default] Unable to schedule network 2f6ee32b-8b44-4312-adde-25baac6394ec: no agents available; will retry on subsequent port and subnet creation events.
2026-07-10 01:03:08.333 10 INFO neutron.api.wsgi [None req-4d81e5c1-5510-4e8e-966c-f9f2c0d92f1c 01ccbb602986443980ffb0cca90cf8ba 39c50a3a101c486b9887c9a5f135f582 - - default default] 10.0.0.54 "POST /v2.0/networks HTTP/1.1" status: 201 len: 830 time: 0.5781360
2026-07-10 01:03:08.342 10 WARNING neutron_lib.context [None req-e20d8a5e-d482-437c-8dd8-3cbf0da036af 01ccbb602986443980ffb0cca90cf8ba 39c50a3a101c486b9887c9a5f135f582 - - default default] Method 'is_advsvc' is deprecated since 2023.2 release (neutron-lib 3.8.0) and will be removed once support for the old RBAC API policies will be removed from Neutron. Please use method 'is_service_role' instead.
2026-07-10 01:03:08.372 10 INFO neutron.db.ovn_revision_numbers_db [None req-05737da8-4cbd-4e75-ac93-c8cf335cd408 dcdbee70dc19471ebfb2372bef8aabfa 3577d87742b34aa9887ce46c854c62a5 - - default default] Successfully bumped revision number for resource cb400b03-6c55-49da-9f2c-b470dc809f8a (type: ports) to 1
2026-07-10 01:03:08.399 10 INFO neutron.api.wsgi [None req-05737da8-4cbd-4e75-ac93-c8cf335cd408 dcdbee70dc19471ebfb2372bef8aabfa 3577d87742b34aa9887ce46c854c62a5 - - default default] 10.0.0.54 "POST /v2.0/networks HTTP/1.1" status: 201 len: 830 time: 0.5270669
2026-07-10 01:03:08.414 10 WARNING neutron_lib.context [None req-c1f7bf35-e638-4828-bdf2-5f1587f80f3b dcdbee70dc19471ebfb2372bef8aabfa 3577d87742b34aa9887ce46c854c62a5 - - default default] Method 'is_advsvc' is deprecated since 2023.2 release (neutron-lib 3.8.0) and will be removed once support for the old RBAC API policies will be removed from Neutron. Please use method 'is_service_role' instead.
2026-07-10 01:03:08.444 9 INFO neutron.api.wsgi [-] 10.0.0.225 "GET / HTTP/1.1" status: 200 len: 246 time: 0.0016470
2026-07-10 01:03:08.445 9 INFO neutron.api.wsgi [-] 10.0.0.225 "GET / HTTP/1.1" status: 200 len: 246 time: 0.0009429
2026-07-10 01:03:08.545 9 INFO neutron.db.ovn_revision_numbers_db [req-257c703d-dbdc-4898-8510-8e8f01c2eba9 req-77d85b39-7445-4ded-8cea-1565760aed14 024b6eb83cec478ca330b7ad67ed3935 21ec168f49c3452caaec72b7f2900559 - - 55386a1d57ec4b85801b7b529053a6af 55386a1d57ec4b85801b7b529053a6af] Successfully bumped revision number for resource 09545576-ac0b-484b-96fe-e6efd5413ea6 (type: ports) to 2
