2026-07-10 01:02:55.740 9 WARNING neutron.api.rpc.agentnotifiers.dhcp_rpc_agent_api [None req-d59b594c-1768-4078-84cb-1966481ac959 36785ca2b6b346398dfbfa64c630a106 a1d93745ad924a2f849c647d115936c3 - - default default] Unable to schedule network e89e494a-2c49-48ce-9222-7f16236f0397: no agents available; will retry on subsequent port and subnet creation events.
2026-07-10 01:02:56.154 9 INFO neutron.db.ovn_revision_numbers_db [None req-81934b91-8f6a-4c7c-a8ce-ff955c888d65 - - - - - -] Successfully bumped revision number for resource 8a6e95b8-5500-4e02-a867-cab583757b96 (type: ports) to 2
2026-07-10 01:02:56.197 9 INFO neutron.db.ovn_revision_numbers_db [None req-81934b91-8f6a-4c7c-a8ce-ff955c888d65 - - - - - -] Successfully bumped revision number for resource 25d329da-6fc9-4d2b-8178-bcf82c6511f4 (type: subnets) to 0
2026-07-10 01:02:56.213 9 INFO neutron.api.wsgi [None req-d59b594c-1768-4078-84cb-1966481ac959 36785ca2b6b346398dfbfa64c630a106 a1d93745ad924a2f849c647d115936c3 - - default default] 10.0.0.54 "POST /v2.0/subnets HTTP/1.1" status: 201 len: 846 time: 0.6319010
2026-07-10 01:02:56.314 10 WARNING neutron_lib.context [None req-04da90a3-f381-4e70-a901-74924d0d750a b3be9838221e455ea4c97d08e155deb6 74a3e93d1dc246159588b35028725a21 - - default default] Method 'is_advsvc' is deprecated since 2023.2 release (neutron-lib 3.8.0) and will be removed once support for the old RBAC API policies will be removed from Neutron. Please use method 'is_service_role' instead.
2026-07-10 01:02:56.469 9 INFO neutron.api.wsgi [None req-ab6146c9-c729-466f-bffb-fb80408c963e 36785ca2b6b346398dfbfa64c630a106 a1d93745ad924a2f849c647d115936c3 - - default default] 10.0.0.54 "POST /v2.0/rbac-policies HTTP/1.1" status: 201 len: 523 time: 0.2517092
2026-07-10 01:02:56.471 10 INFO neutron.db.ovn_revision_numbers_db [None req-04da90a3-f381-4e70-a901-74924d0d750a b3be9838221e455ea4c97d08e155deb6 74a3e93d1dc246159588b35028725a21 - - default default] Successfully bumped revision number for resource aaf6b65f-bae2-40e8-86e6-36381f94cf81 (type: security_groups) to 1
2026-07-10 01:02:56.474 9 INFO neutron.db.ovn_revision_numbers_db [None req-2c3fcfe5-8f2b-48c6-9245-84841b95ff6b b81e1998028545a3b6f2c38cae7035f1 ad5889d0256a493483d16a066b650057 - - default default] Successfully bumped revision number for resource 32fc7cc1-9955-4186-bb65-f52c3f402ccb (type: security_groups) to 1
2026-07-10 01:02:56.483 10 INFO neutron.db.ovn_revision_numbers_db [None req-04da90a3-f381-4e70-a901-74924d0d750a b3be9838221e455ea4c97d08e155deb6 74a3e93d1dc246159588b35028725a21 - - default default] Successfully bumped revision number for resource 5b48faab-4e7d-40e2-ad49-c12be7c63d68 (type: security_group_rules) to 0
2026-07-10 01:02:56.494 9 INFO neutron.db.ovn_revision_numbers_db [None req-2c3fcfe5-8f2b-48c6-9245-84841b95ff6b b81e1998028545a3b6f2c38cae7035f1 ad5889d0256a493483d16a066b650057 - - default default] Successfully bumped revision number for resource 04e5558c-49c8-43f6-bb4c-016d39c0eae7 (type: security_group_rules) to 0
2026-07-10 01:02:56.497 10 INFO neutron.db.ovn_revision_numbers_db [None req-04da90a3-f381-4e70-a901-74924d0d750a b3be9838221e455ea4c97d08e155deb6 74a3e93d1dc246159588b35028725a21 - - default default] Successfully bumped revision number for resource 97c835a3-4673-40c4-a421-1f7f3ccee0af (type: security_group_rules) to 0
2026-07-10 01:02:56.512 9 INFO neutron.db.ovn_revision_numbers_db [None req-2c3fcfe5-8f2b-48c6-9245-84841b95ff6b b81e1998028545a3b6f2c38cae7035f1 ad5889d0256a493483d16a066b650057 - - default default] Successfully bumped revision number for resource 58474627-531e-4f99-83d5-fb87d0d54454 (type: security_group_rules) to 0
2026-07-10 01:02:56.513 10 INFO neutron.db.ovn_revision_numbers_db [None req-04da90a3-f381-4e70-a901-74924d0d750a b3be9838221e455ea4c97d08e155deb6 74a3e93d1dc246159588b35028725a21 - - default default] Successfully bumped revision number for resource 9ccb32a8-34f7-4a9e-9b0d-01b1d4282e78 (type: security_group_rules) to 0
2026-07-10 01:02:56.527 10 INFO neutron.db.ovn_revision_numbers_db [None req-04da90a3-f381-4e70-a901-74924d0d750a b3be9838221e455ea4c97d08e155deb6 74a3e93d1dc246159588b35028725a21 - - default default] Successfully bumped revision number for resource ab601b6a-d943-42dd-90ce-421bf8a1c976 (type: security_group_rules) to 0
2026-07-10 01:02:56.528 9 INFO neutron.db.ovn_revision_numbers_db [None req-2c3fcfe5-8f2b-48c6-9245-84841b95ff6b b81e1998028545a3b6f2c38cae7035f1 ad5889d0256a493483d16a066b650057 - - default default] Successfully bumped revision number for resource cc08a01c-a474-4c6f-8b78-1f56a0de0552 (type: security_group_rules) to 0
2026-07-10 01:02:56.541 9 INFO neutron.db.ovn_revision_numbers_db [None req-2c3fcfe5-8f2b-48c6-9245-84841b95ff6b b81e1998028545a3b6f2c38cae7035f1 ad5889d0256a493483d16a066b650057 - - default default] Successfully bumped revision number for resource e9243a4e-55eb-41e7-81de-2cccf05fa8bf (type: security_group_rules) to 0
2026-07-10 01:02:56.594 10 INFO neutron.db.segments_db [None req-04da90a3-f381-4e70-a901-74924d0d750a b3be9838221e455ea4c97d08e155deb6 74a3e93d1dc246159588b35028725a21 - - default default] Added segment 3500cdd9-0aa4-45f8-b440-3fd828428f50 of type geneve for network 264d5654-39d3-4af7-a2b9-bf4bc44b93a3
2026-07-10 01:02:56.705 10 INFO neutron.db.ovn_revision_numbers_db [None req-04da90a3-f381-4e70-a901-74924d0d750a b3be9838221e455ea4c97d08e155deb6 74a3e93d1dc246159588b35028725a21 - - default default] Successfully bumped revision number for resource 264d5654-39d3-4af7-a2b9-bf4bc44b93a3 (type: networks) to 1
2026-07-10 01:02:56.823 10 INFO neutron.api.wsgi [req-97a1c541-ecee-4417-bb63-86bf7eba0ac3 req-c4e8a299-6fa2-48fb-a708-fa00f6be758e 471485b697744ffba65f417ff90e880f ec025f7776d948e09528f56fcd8b3454 - - default default] 10.0.0.51 "GET /v2.0/ports?device_id=ea6bd126-ac9d-45d9-b90b-4621bb108ba2 HTTP/1.1" status: 200 len: 210 time: 0.0224869
2026-07-10 01:02:56.897 10 WARNING neutron.scheduler.dhcp_agent_scheduler [None req-04da90a3-f381-4e70-a901-74924d0d750a b3be9838221e455ea4c97d08e155deb6 74a3e93d1dc246159588b35028725a21 - - default default] No more DHCP agents
2026-07-10 01:02:56.898 10 WARNING neutron.api.rpc.agentnotifiers.dhcp_rpc_agent_api [None req-04da90a3-f381-4e70-a901-74924d0d750a b3be9838221e455ea4c97d08e155deb6 74a3e93d1dc246159588b35028725a21 - - default default] Unable to schedule network 264d5654-39d3-4af7-a2b9-bf4bc44b93a3: no agents available; will retry on subsequent port and subnet creation events.
2026-07-10 01:02:56.902 10 INFO neutron.api.wsgi [None req-f59a4e1e-6447-42c3-ae67-02bce99decd4 9f3da8ea0c274d40b92403ddefdd6112 c84189a254cd4f57815a0414316d21a0 - - default default] 10.0.0.54 "GET /v2.0/networks/e89e494a-2c49-48ce-9222-7f16236f0397 HTTP/1.1" status: 200 len: 849 time: 0.0701208
2026-07-10 01:02:56.961 10 INFO neutron.db.ovn_revision_numbers_db [None req-04da90a3-f381-4e70-a901-74924d0d750a b3be9838221e455ea4c97d08e155deb6 74a3e93d1dc246159588b35028725a21 - - default default] Successfully bumped revision number for resource cc082e9a-da62-43bf-b0fc-2f1f33deabb7 (type: ports) to 1
2026-07-10 01:02:57.003 10 INFO neutron.api.wsgi [None req-04da90a3-f381-4e70-a901-74924d0d750a b3be9838221e455ea4c97d08e155deb6 74a3e93d1dc246159588b35028725a21 - - default default] 10.0.0.54 "POST /v2.0/networks HTTP/1.1" status: 201 len: 848 time: 0.8696461
2026-07-10 01:02:57.013 10 WARNING neutron_lib.context [None req-8f0e66cc-88d0-4859-addf-8a74b6123b32 b3be9838221e455ea4c97d08e155deb6 74a3e93d1dc246159588b35028725a21 - - default default] Method 'is_advsvc' is deprecated since 2023.2 release (neutron-lib 3.8.0) and will be removed once support for the old RBAC API policies will be removed from Neutron. Please use method 'is_service_role' instead.
2026-07-10 01:02:57.053 9 INFO neutron.db.segments_db [None req-2c3fcfe5-8f2b-48c6-9245-84841b95ff6b b81e1998028545a3b6f2c38cae7035f1 ad5889d0256a493483d16a066b650057 - - default default] Added segment 90b92341-010c-40a3-98ba-fe41a87e64e2 of type geneve for network 2f699102-49a9-420a-a66c-4f3d0c43a86c
2026-07-10 01:02:57.167 9 INFO neutron.db.ovn_revision_numbers_db [None req-2c3fcfe5-8f2b-48c6-9245-84841b95ff6b b81e1998028545a3b6f2c38cae7035f1 ad5889d0256a493483d16a066b650057 - - default default] Successfully bumped revision number for resource 2f699102-49a9-420a-a66c-4f3d0c43a86c (type: networks) to 1
2026-07-10 01:02:57.234 10 WARNING neutron.scheduler.dhcp_agent_scheduler [None req-8f0e66cc-88d0-4859-addf-8a74b6123b32 b3be9838221e455ea4c97d08e155deb6 74a3e93d1dc246159588b35028725a21 - - default default] No more DHCP agents
2026-07-10 01:02:57.235 10 WARNING neutron.api.rpc.agentnotifiers.dhcp_rpc_agent_api [None req-8f0e66cc-88d0-4859-addf-8a74b6123b32 b3be9838221e455ea4c97d08e155deb6 74a3e93d1dc246159588b35028725a21 - - default default] Unable to schedule network 264d5654-39d3-4af7-a2b9-bf4bc44b93a3: no agents available; will retry on subsequent port and subnet creation events. /var/lib/openstack/lib/python3.12/site-packages/pycadf/identifier.py:71: UserWarning: Invalid uuid: neutron. To ensure interoperability, identifiers should be a valid uuid. warnings.warn(('Invalid uuid: %s. To ensure interoperability, '
2026-07-10 01:02:57.300 10 INFO neutron.pecan_wsgi.hooks.translation [None req-29a4f8d9-7a99-4f9c-8193-78e7328ff2bf e61a8348af464bf69b8b77f79b5907ff 88c9a1660c1b4d79bd19190a72cbe8b2 - - default default] GET failed (client error): The resource could not be found.
2026-07-10 01:02:57.303 10 INFO neutron.api.wsgi [None req-29a4f8d9-7a99-4f9c-8193-78e7328ff2bf e61a8348af464bf69b8b77f79b5907ff 88c9a1660c1b4d79bd19190a72cbe8b2 - - default default] 10.0.0.54 "GET /v2.0/networks/e89e494a-2c49-48ce-9222-7f16236f0397 HTTP/1.1" status: 404 len: 339 time: 0.0538418
2026-07-10 01:02:57.317 9 WARNING neutron.scheduler.dhcp_agent_scheduler [None req-2c3fcfe5-8f2b-48c6-9245-84841b95ff6b b81e1998028545a3b6f2c38cae7035f1 ad5889d0256a493483d16a066b650057 - - default default] No more DHCP agents
2026-07-10 01:02:57.319 9 WARNING neutron.api.rpc.agentnotifiers.dhcp_rpc_agent_api [None req-2c3fcfe5-8f2b-48c6-9245-84841b95ff6b b81e1998028545a3b6f2c38cae7035f1 ad5889d0256a493483d16a066b650057 - - default default] Unable to schedule network 2f699102-49a9-420a-a66c-4f3d0c43a86c: no agents available; will retry on subsequent port and subnet creation events.
2026-07-10 01:02:57.323 10 INFO neutron.db.ovn_revision_numbers_db [None req-8f0e66cc-88d0-4859-addf-8a74b6123b32 b3be9838221e455ea4c97d08e155deb6 74a3e93d1dc246159588b35028725a21 - - default default] Successfully bumped revision number for resource 3434904e-b938-43a6-908d-bbd14419b390 (type: ports) to 1
2026-07-10 01:02:57.348 10 INFO neutron.api.wsgi [None req-8f0e66cc-88d0-4859-addf-8a74b6123b32 b3be9838221e455ea4c97d08e155deb6 74a3e93d1dc246159588b35028725a21 - - default default] 10.0.0.54 "POST /v2.0/ports HTTP/1.1" status: 201 len: 976 time: 0.3396196
2026-07-10 01:02:57.359 10 WARNING neutron_lib.context [None req-47c9f418-9cc7-46e7-b37e-96f4a0529a11 b3be9838221e455ea4c97d08e155deb6 74a3e93d1dc246159588b35028725a21 - - default default] Method 'is_advsvc' is deprecated since 2023.2 release (neutron-lib 3.8.0) and will be removed once support for the old RBAC API policies will be removed from Neutron. Please use method 'is_service_role' instead.
2026-07-10 01:02:57.390 9 INFO neutron.db.ovn_revision_numbers_db [None req-2c3fcfe5-8f2b-48c6-9245-84841b95ff6b b81e1998028545a3b6f2c38cae7035f1 ad5889d0256a493483d16a066b650057 - - default default] Successfully bumped revision number for resource feb52bf9-dac8-4828-911f-cd7fdaf36ebf (type: ports) to 1
2026-07-10 01:02:57.425 9 INFO neutron.api.wsgi [None req-2c3fcfe5-8f2b-48c6-9245-84841b95ff6b b81e1998028545a3b6f2c38cae7035f1 ad5889d0256a493483d16a066b650057 - - default default] 10.0.0.54 "POST /v2.0/networks HTTP/1.1" status: 201 len: 948 time: 1.2360325
2026-07-10 01:02:57.458 10 INFO neutron.db.segments_db [None req-47c9f418-9cc7-46e7-b37e-96f4a0529a11 b3be9838221e455ea4c97d08e155deb6 74a3e93d1dc246159588b35028725a21 - - default default] Added segment 1ca05c03-5568-47a8-91e8-e20d2ceb4aae of type geneve for network c7a92775-fa0b-41d0-a7d9-7a963ec4b2ed
2026-07-10 01:02:57.600 10 INFO neutron.db.ovn_revision_numbers_db [None req-47c9f418-9cc7-46e7-b37e-96f4a0529a11 b3be9838221e455ea4c97d08e155deb6 74a3e93d1dc246159588b35028725a21 - - default default] Successfully bumped revision number for resource c7a92775-fa0b-41d0-a7d9-7a963ec4b2ed (type: networks) to 1
2026-07-10 01:02:57.603 10 WARNING neutron.scheduler.dhcp_agent_scheduler [None req-9bf5ac0e-cd36-4bb4-bd74-e1eb9ae6c0ab b81e1998028545a3b6f2c38cae7035f1 ad5889d0256a493483d16a066b650057 - - default default] No more DHCP agents
2026-07-10 01:02:57.609 10 WARNING neutron.api.rpc.agentnotifiers.dhcp_rpc_agent_api [None req-9bf5ac0e-cd36-4bb4-bd74-e1eb9ae6c0ab b81e1998028545a3b6f2c38cae7035f1 ad5889d0256a493483d16a066b650057 - - default default] Unable to schedule network 2f699102-49a9-420a-a66c-4f3d0c43a86c: no agents available; will retry on subsequent port and subnet creation events.
2026-07-10 01:02:57.635 9 WARNING neutron.plugins.ml2.drivers.ovn.mech_driver.ovsdb.ovn_client [None req-2a9e07a7-66cc-46da-b312-2813359fb8f0 - - - - - -] No hosting information found for port 514401e9-0090-4b55-a3f8-a84329a58513: RuntimeError: No hosting information found for port 514401e9-0090-4b55-a3f8-a84329a58513
2026-07-10 01:02:57.707 9 INFO neutron.db.ovn_revision_numbers_db [None req-2a9e07a7-66cc-46da-b312-2813359fb8f0 - - - - - -] Successfully bumped revision number for resource 514401e9-0090-4b55-a3f8-a84329a58513 (type: router_ports) to 2
2026-07-10 01:02:57.766 10 WARNING neutron.scheduler.dhcp_agent_scheduler [None req-47c9f418-9cc7-46e7-b37e-96f4a0529a11 b3be9838221e455ea4c97d08e155deb6 74a3e93d1dc246159588b35028725a21 - - default default] No more DHCP agents
2026-07-10 01:02:57.767 10 WARNING neutron.api.rpc.agentnotifiers.dhcp_rpc_agent_api [None req-47c9f418-9cc7-46e7-b37e-96f4a0529a11 b3be9838221e455ea4c97d08e155deb6 74a3e93d1dc246159588b35028725a21 - - default default] Unable to schedule network c7a92775-fa0b-41d0-a7d9-7a963ec4b2ed: no agents available; will retry on subsequent port and subnet creation events.
2026-07-10 01:02:57.800 9 INFO neutron.services.segments.plugin [-] Segment bc0b9257-eb24-4adf-a0b6-97b4f3bf4b29 resource provider aggregate not found
2026-07-10 01:02:57.804 9 INFO neutron.services.segments.plugin [-] Segment bc0b9257-eb24-4adf-a0b6-97b4f3bf4b29 resource provider aggregate not found
2026-07-10 01:02:57.813 9 INFO neutron.services.segments.plugin [-] Segment bc0b9257-eb24-4adf-a0b6-97b4f3bf4b29 resource provider not found; error: Placement Client Error (4xx): {"errors": [{"status": 404, "title": "Not Found", "detail": "The resource could not be found.\n\n No resource provider with uuid bc0b9257-eb24-4adf-a0b6-97b4f3bf4b29 found for delete ", "request_id": "req-e7f32751-b7ba-466a-8fe5-7776ad31565c"}]}
2026-07-10 01:02:57.818 9 INFO neutron.services.segments.plugin [-] Segment bc0b9257-eb24-4adf-a0b6-97b4f3bf4b29 resource provider not found; error: Placement Client Error (4xx): {"errors": [{"status": 404, "title": "Not Found", "detail": "The resource could not be found.\n\n No resource provider with uuid bc0b9257-eb24-4adf-a0b6-97b4f3bf4b29 found for delete ", "request_id": "req-a494b776-f17e-4a95-a753-35e9d8db3565"}]}
2026-07-10 01:02:57.838 9 INFO neutron.api.wsgi [None req-8fe82aff-77dc-4c4d-ad29-e64a41aeccb4 36785ca2b6b346398dfbfa64c630a106 a1d93745ad924a2f849c647d115936c3 - - default default] 10.0.0.54 "DELETE /v2.0/networks/e89e494a-2c49-48ce-9222-7f16236f0397 HTTP/1.1" status: 204 len: 168 time: 0.5300579
2026-07-10 01:02:57.842 10 INFO neutron.db.ovn_revision_numbers_db [None req-47c9f418-9cc7-46e7-b37e-96f4a0529a11 b3be9838221e455ea4c97d08e155deb6 74a3e93d1dc246159588b35028725a21 - - default default] Successfully bumped revision number for resource 8c966333-e406-4bf0-9b9f-41e6f88d9fe9 (type: ports) to 1
2026-07-10 01:02:57.854 9 INFO neutron.pecan_wsgi.hooks.translation [None req-8505c833-e2d1-4a1a-b235-f22671c2c375 36785ca2b6b346398dfbfa64c630a106 a1d93745ad924a2f849c647d115936c3 - - default default] DELETE failed (client error): The resource could not be found.
2026-07-10 01:02:57.856 9 INFO neutron.api.wsgi [None req-8505c833-e2d1-4a1a-b235-f22671c2c375 36785ca2b6b346398dfbfa64c630a106 a1d93745ad924a2f849c647d115936c3 - - default default] 10.0.0.54 "DELETE /v2.0/subnets/8cb750c8-c3d7-40cb-a03e-bca54ac7d814 HTTP/1.1" status: 404 len: 337 time: 0.0123839
2026-07-10 01:02:57.863 10 INFO neutron.api.wsgi [None req-47c9f418-9cc7-46e7-b37e-96f4a0529a11 b3be9838221e455ea4c97d08e155deb6 74a3e93d1dc246159588b35028725a21 - - default default] 10.0.0.54 "POST /v2.0/networks HTTP/1.1" status: 201 len: 835 time: 0.5095952
2026-07-10 01:02:57.873 10 WARNING neutron_lib.context [None req-7945e8e8-60bb-4e72-aff3-00241675f317 b3be9838221e455ea4c97d08e155deb6 74a3e93d1dc246159588b35028725a21 - - default default] Method 'is_advsvc' is deprecated since 2023.2 release (neutron-lib 3.8.0) and will be removed once support for the old RBAC API policies will be removed from Neutron. Please use method 'is_service_role' instead.
2026-07-10 01:02:57.885 9 INFO neutron.pecan_wsgi.hooks.translation [None req-1f89b432-30bc-4686-8c7c-377797f1315b 36785ca2b6b346398dfbfa64c630a106 a1d93745ad924a2f849c647d115936c3 - - default default] DELETE failed (client error): The resource could not be found.
2026-07-10 01:02:57.888 9 INFO neutron.api.wsgi [None req-1f89b432-30bc-4686-8c7c-377797f1315b 36785ca2b6b346398dfbfa64c630a106 a1d93745ad924a2f849c647d115936c3 - - default default] 10.0.0.54 "DELETE /v2.0/subnets/4bc07fff-a0d5-4231-8b35-b7528d28070c HTTP/1.1" status: 404 len: 337 time: 0.0266421
2026-07-10 01:02:57.901 9 INFO neutron.pecan_wsgi.hooks.translation [None req-962bf502-31b8-462d-9b81-6897ebf6fc5a 36785ca2b6b346398dfbfa64c630a106 a1d93745ad924a2f849c647d115936c3 - - default default] DELETE failed (client error): The resource could not be found.
2026-07-10 01:02:57.904 9 INFO neutron.api.wsgi [None req-962bf502-31b8-462d-9b81-6897ebf6fc5a 36785ca2b6b346398dfbfa64c630a106 a1d93745ad924a2f849c647d115936c3 - - default default] 10.0.0.54 "DELETE /v2.0/subnets/25d329da-6fc9-4d2b-8178-bcf82c6511f4 HTTP/1.1" status: 404 len: 337 time: 0.0102215
2026-07-10 01:02:57.911 10 INFO neutron.api.wsgi [req-1494a2ea-0398-4e46-9cea-018ad2e857cc req-f4acc916-d77d-4098-b325-2ea6b5a7c09f 471485b697744ffba65f417ff90e880f ec025f7776d948e09528f56fcd8b3454 - - default default] 10.0.0.51 "GET /v2.0/ports?device_id=ea6bd126-ac9d-45d9-b90b-4621bb108ba2 HTTP/1.1" status: 200 len: 210 time: 0.0225301
2026-07-10 01:02:58.094 10 WARNING neutron.scheduler.dhcp_agent_scheduler [None req-7945e8e8-60bb-4e72-aff3-00241675f317 b3be9838221e455ea4c97d08e155deb6 74a3e93d1dc246159588b35028725a21 - - default default] No more DHCP agents
2026-07-10 01:02:58.096 10 WARNING neutron.api.rpc.agentnotifiers.dhcp_rpc_agent_api [None req-7945e8e8-60bb-4e72-aff3-00241675f317 b3be9838221e455ea4c97d08e155deb6 74a3e93d1dc246159588b35028725a21 - - default default] Unable to schedule network c7a92775-fa0b-41d0-a7d9-7a963ec4b2ed: no agents available; will retry on subsequent port and subnet creation events.
2026-07-10 01:02:58.113 10 INFO neutron.db.ovn_revision_numbers_db [None req-8d8dc776-f316-483f-94fc-8d71d2738d80 - - - - - -] Successfully bumped revision number for resource feb52bf9-dac8-4828-911f-cd7fdaf36ebf (type: ports) to 2
2026-07-10 01:02:58.121 10 INFO neutron.db.ovn_revision_numbers_db [None req-7945e8e8-60bb-4e72-aff3-00241675f317 b3be9838221e455ea4c97d08e155deb6 74a3e93d1dc246159588b35028725a21 - - default default] Successfully bumped revision number for resource 81423eaf-f098-47ef-8867-4bfde1a346d9 (type: subnets) to 0
2026-07-10 01:02:58.136 10 INFO neutron.api.wsgi [None req-7945e8e8-60bb-4e72-aff3-00241675f317 b3be9838221e455ea4c97d08e155deb6 74a3e93d1dc246159588b35028725a21 - - default default] 10.0.0.54 "POST /v2.0/subnets HTTP/1.1" status: 201 len: 845 time: 0.2675438
2026-07-10 01:02:58.144 10 WARNING neutron_lib.context [None req-eeccb345-be4d-47ec-9431-5d6dfc60d192 b3be9838221e455ea4c97d08e155deb6 74a3e93d1dc246159588b35028725a21 - - default default] Method 'is_advsvc' is deprecated since 2023.2 release (neutron-lib 3.8.0) and will be removed once support for the old RBAC API policies will be removed from Neutron. Please use method 'is_service_role' instead.
2026-07-10 01:02:58.146 10 INFO neutron.db.ovn_revision_numbers_db [None req-8d8dc776-f316-483f-94fc-8d71d2738d80 - - - - - -] Successfully bumped revision number for resource 79d173c0-835a-4c0b-855a-deec8e2a349b (type: subnets) to 0
2026-07-10 01:02:58.161 10 INFO neutron.api.wsgi [None req-9bf5ac0e-cd36-4bb4-bd74-e1eb9ae6c0ab b81e1998028545a3b6f2c38cae7035f1 ad5889d0256a493483d16a066b650057 - - default default] 10.0.0.54 "POST /v2.0/subnets HTTP/1.1" status: 201 len: 892 time: 0.7281983
2026-07-10 01:02:58.563 10 WARNING neutron.scheduler.dhcp_agent_scheduler [None req-eeccb345-be4d-47ec-9431-5d6dfc60d192 b3be9838221e455ea4c97d08e155deb6 74a3e93d1dc246159588b35028725a21 - - default default] No more DHCP agents
2026-07-10 01:02:58.566 10 WARNING neutron.api.rpc.agentnotifiers.dhcp_rpc_agent_api [None req-eeccb345-be4d-47ec-9431-5d6dfc60d192 b3be9838221e455ea4c97d08e155deb6 74a3e93d1dc246159588b35028725a21 - - default default] Unable to schedule network c7a92775-fa0b-41d0-a7d9-7a963ec4b2ed: no agents available; will retry on subsequent port and subnet creation events.
2026-07-10 01:02:58.643 10 WARNING neutron.scheduler.dhcp_agent_scheduler [None req-79fbc32b-3451-4583-acc9-7bfadba38c95 b81e1998028545a3b6f2c38cae7035f1 ad5889d0256a493483d16a066b650057 - - default default] No more DHCP agents
2026-07-10 01:02:58.646 10 WARNING neutron.api.rpc.agentnotifiers.dhcp_rpc_agent_api [None req-79fbc32b-3451-4583-acc9-7bfadba38c95 b81e1998028545a3b6f2c38cae7035f1 ad5889d0256a493483d16a066b650057 - - default default] Unable to schedule network 3bc58217-06a1-47e8-b7e9-00c2564b8f04: no agents available; will retry on subsequent port and subnet creation events.
2026-07-10 01:02:58.666 10 INFO neutron.db.ovn_revision_numbers_db [None req-eeccb345-be4d-47ec-9431-5d6dfc60d192 b3be9838221e455ea4c97d08e155deb6 74a3e93d1dc246159588b35028725a21 - - default default] Successfully bumped revision number for resource d1b3e2b0-684d-4cfa-ba4f-2070041782f6 (type: ports) to 1
2026-07-10 01:02:58.690 10 INFO neutron.api.wsgi [None req-eeccb345-be4d-47ec-9431-5d6dfc60d192 b3be9838221e455ea4c97d08e155deb6 74a3e93d1dc246159588b35028725a21 - - default default] 10.0.0.54 "POST /v2.0/ports HTTP/1.1" status: 201 len: 1165 time: 0.5486813
2026-07-10 01:02:58.758 10 INFO neutron.db.ovn_revision_numbers_db [None req-79fbc32b-3451-4583-acc9-7bfadba38c95 b81e1998028545a3b6f2c38cae7035f1 ad5889d0256a493483d16a066b650057 - - default default] Successfully bumped revision number for resource d1b73eb8-91d4-4dcd-a550-862085d80eb2 (type: ports) to 1
2026-07-10 01:02:58.965 9 INFO neutron.db.ovn_revision_numbers_db [None req-b20ccd99-ef6c-466c-acfa-cf528d1003f1 b81e1998028545a3b6f2c38cae7035f1 ad5889d0256a493483d16a066b650057 - - default default] Successfully bumped revision number for resource cbfe2b93-c4d9-4b6b-bb3f-28432eb8bcbc (type: security_groups) to 1
2026-07-10 01:02:58.990 9 INFO neutron.db.ovn_revision_numbers_db [None req-b20ccd99-ef6c-466c-acfa-cf528d1003f1 b81e1998028545a3b6f2c38cae7035f1 ad5889d0256a493483d16a066b650057 - - default default] Successfully bumped revision number for resource 5ff09ca8-531c-44c1-b881-f6d53096c565 (type: security_group_rules) to 0 /var/lib/openstack/lib/python3.12/site-packages/pycadf/identifier.py:71: UserWarning: Invalid uuid: neutron. To ensure interoperability, identifiers should be a valid uuid. warnings.warn(('Invalid uuid: %s. To ensure interoperability, '
2026-07-10 01:02:59.008 9 INFO neutron.db.ovn_revision_numbers_db [None req-b20ccd99-ef6c-466c-acfa-cf528d1003f1 b81e1998028545a3b6f2c38cae7035f1 ad5889d0256a493483d16a066b650057 - - default default] Successfully bumped revision number for resource 771d9389-b708-4612-a685-06bd5c223202 (type: security_group_rules) to 0
2026-07-10 01:02:59.011 10 INFO neutron.api.wsgi [req-812cd462-696f-4f51-99e5-f07d933b24ce req-ad296e38-6b50-4baa-aa5d-f528fa440ee3 471485b697744ffba65f417ff90e880f ec025f7776d948e09528f56fcd8b3454 - - default default] 10.0.0.51 "GET /v2.0/ports?device_id=ea6bd126-ac9d-45d9-b90b-4621bb108ba2 HTTP/1.1" status: 200 len: 210 time: 0.0201728
2026-07-10 01:02:59.025 9 INFO neutron.api.wsgi [None req-b5a79764-e3a9-4a65-a0d7-b283e6e6b132 b3be9838221e455ea4c97d08e155deb6 74a3e93d1dc246159588b35028725a21 - - default default] 10.0.0.54 "DELETE /v2.0/ports/d1b3e2b0-684d-4cfa-ba4f-2070041782f6 HTTP/1.1" status: 204 len: 168 time: 0.3289597
2026-07-10 01:02:59.033 9 INFO neutron.db.ovn_revision_numbers_db [None req-b20ccd99-ef6c-466c-acfa-cf528d1003f1 b81e1998028545a3b6f2c38cae7035f1 ad5889d0256a493483d16a066b650057 - - default default] Successfully bumped revision number for resource b2d21e4b-ba3e-40f4-b0fc-eb6fd7ab6ad3 (type: security_group_rules) to 0
2026-07-10 01:02:59.048 9 INFO neutron.db.ovn_revision_numbers_db [None req-b20ccd99-ef6c-466c-acfa-cf528d1003f1 b81e1998028545a3b6f2c38cae7035f1 ad5889d0256a493483d16a066b650057 - - default default] Successfully bumped revision number for resource ccf6fc61-817b-43f8-bd07-98ca896a893a (type: security_group_rules) to 0
2026-07-10 01:02:59.056 10 INFO neutron.pecan_wsgi.hooks.translation [None req-edd4ff87-b612-4777-9917-6e6c03e1da46 b3be9838221e455ea4c97d08e155deb6 74a3e93d1dc246159588b35028725a21 - - default default] DELETE failed (client error): The resource could not be found.
2026-07-10 01:02:59.058 10 INFO neutron.api.wsgi [None req-edd4ff87-b612-4777-9917-6e6c03e1da46 b3be9838221e455ea4c97d08e155deb6 74a3e93d1dc246159588b35028725a21 - - default default] 10.0.0.54 "DELETE /v2.0/ports/d1b3e2b0-684d-4cfa-ba4f-2070041782f6 HTTP/1.1" status: 404 len: 333 time: 0.0222094
2026-07-10 01:02:59.086 9 INFO neutron.pecan_wsgi.hooks.translation [None req-e8bbbadc-8d39-4f80-b48b-80c0df612969 b3be9838221e455ea4c97d08e155deb6 74a3e93d1dc246159588b35028725a21 - - default default] GET failed (client error): The resource could not be found.
2026-07-10 01:02:59.087 9 INFO neutron.api.wsgi [None req-e8bbbadc-8d39-4f80-b48b-80c0df612969 b3be9838221e455ea4c97d08e155deb6 74a3e93d1dc246159588b35028725a21 - - default default] 10.0.0.54 "GET /v2.0/ports/d1b3e2b0-684d-4cfa-ba4f-2070041782f6 HTTP/1.1" status: 404 len: 333 time: 0.0178101
2026-07-10 01:02:59.100 9 INFO neutron.api.wsgi [None req-b20ccd99-ef6c-466c-acfa-cf528d1003f1 b81e1998028545a3b6f2c38cae7035f1 ad5889d0256a493483d16a066b650057 - - default default] 10.0.0.54 "GET /v2.0/security-groups?tenant_id=c84189a254cd4f57815a0414316d21a0&name=default HTTP/1.1" status: 200 len: 3120 time: 0.4437923
2026-07-10 01:02:59.256 9 INFO neutron.api.wsgi [None req-5928543a-bb2a-4dbb-8e1f-bb11b5919601 b3be9838221e455ea4c97d08e155deb6 74a3e93d1dc246159588b35028725a21 - - default default] 10.0.0.54 "DELETE /v2.0/subnets/81423eaf-f098-47ef-8867-4bfde1a346d9 HTTP/1.1" status: 204 len: 168 time: 0.1625957
2026-07-10 01:02:59.338 9 INFO neutron.api.wsgi [None req-56abc06f-110c-44f0-b478-c60c8cea6766 b81e1998028545a3b6f2c38cae7035f1 ad5889d0256a493483d16a066b650057 - - default default] 10.0.0.54 "DELETE /v2.0/security-groups/cbfe2b93-c4d9-4b6b-bb3f-28432eb8bcbc HTTP/1.1" status: 204 len: 168 time: 0.2271197
2026-07-10 01:02:59.567 9 INFO neutron.db.ovn_revision_numbers_db [None req-c5711710-3afb-4c0f-a91c-692858df8b6b b81e1998028545a3b6f2c38cae7035f1 ad5889d0256a493483d16a066b650057 - - default default] Successfully bumped revision number for resource 88813109-3cfd-4da3-8c40-a2507839740b (type: security_groups) to 1
2026-07-10 01:02:59.569 10 INFO neutron.plugins.ml2.drivers.ovn.mech_driver.ovsdb.commands [None req-0a1d19b9-3e0c-4908-a504-6dc6611e46dc - - - - - -] Schedule LRP lrp-d1b73eb8-91d4-4dcd-a550-862085d80eb2 on gateway e5929e1b-71c4-4d0f-851b-eddd482e630f with priority 1
2026-07-10 01:02:59.577 10 INFO neutron.plugins.ml2.drivers.ovn.mech_driver.mech_driver [None req-2ee8869b-2621-467d-8010-536a1360e95a - - - - - -] OVN reports status up for port: d1b73eb8-91d4-4dcd-a550-862085d80eb2
2026-07-10 01:02:59.592 9 INFO neutron.db.ovn_revision_numbers_db [None req-c5711710-3afb-4c0f-a91c-692858df8b6b b81e1998028545a3b6f2c38cae7035f1 ad5889d0256a493483d16a066b650057 - - default default] Successfully bumped revision number for resource a4a94292-2267-41b2-b9f9-eaa7a7101bb3 (type: security_group_rules) to 0
2026-07-10 01:02:59.600 10 INFO neutron.plugins.ml2.drivers.ovn.mech_driver.ovsdb.ovsdb_monitor [None req-ba5a256e-18c2-4db7-86b0-71ef24c8c7f7 - - - - - -] Router b464b1f3-d322-4ebc-a927-e2ba3be99f25 is bound to host instance
2026-07-10 01:02:59.609 9 INFO neutron.db.ovn_revision_numbers_db [None req-c5711710-3afb-4c0f-a91c-692858df8b6b b81e1998028545a3b6f2c38cae7035f1 ad5889d0256a493483d16a066b650057 - - default default] Successfully bumped revision number for resource a977e64a-7eb5-4b35-8195-09ddd61d5cf1 (type: security_group_rules) to 0
2026-07-10 01:02:59.610 10 INFO neutron.plugins.ml2.plugin [None req-2ee8869b-2621-467d-8010-536a1360e95a - - - - - -] Attempt 1 to provision port d1b73eb8-91d4-4dcd-a550-862085d80eb2
2026-07-10 01:02:59.622 9 INFO neutron.db.ovn_revision_numbers_db [None req-c5711710-3afb-4c0f-a91c-692858df8b6b b81e1998028545a3b6f2c38cae7035f1 ad5889d0256a493483d16a066b650057 - - default default] Successfully bumped revision number for resource ce1dd523-3757-4abd-8719-0f8959cabbde (type: security_group_rules) to 0
2026-07-10 01:02:59.625 10 INFO neutron.db.ovn_revision_numbers_db [None req-79fbc32b-3451-4583-acc9-7bfadba38c95 b81e1998028545a3b6f2c38cae7035f1 ad5889d0256a493483d16a066b650057 - - default default] Successfully bumped revision number for resource d1b73eb8-91d4-4dcd-a550-862085d80eb2 (type: router_ports) to 1
2026-07-10 01:02:59.643 9 INFO neutron.api.wsgi [None req-268b661e-82b5-4aa6-aac3-348d56b10f7a b3be9838221e455ea4c97d08e155deb6 74a3e93d1dc246159588b35028725a21 - - default default] 10.0.0.54 "DELETE /v2.0/networks/c7a92775-fa0b-41d0-a7d9-7a963ec4b2ed HTTP/1.1" status: 204 len: 168 time: 0.3811140
2026-07-10 01:02:59.644 9 INFO neutron.db.ovn_revision_numbers_db [None req-c5711710-3afb-4c0f-a91c-692858df8b6b b81e1998028545a3b6f2c38cae7035f1 ad5889d0256a493483d16a066b650057 - - default default] Successfully bumped revision number for resource d6e8266f-7492-4ba3-9ddc-13273fcc060a (type: security_group_rules) to 0
2026-07-10 01:02:59.659 9 WARNING neutron_lib.context [None req-89b78fd8-1b19-4822-8c6e-eab08bd3c7dc b3be9838221e455ea4c97d08e155deb6 74a3e93d1dc246159588b35028725a21 - - default default] Method 'is_advsvc' is deprecated since 2023.2 release (neutron-lib 3.8.0) and will be removed once support for the old RBAC API policies will be removed from Neutron. Please use method 'is_service_role' instead.
2026-07-10 01:02:59.687 9 INFO neutron.api.wsgi [None req-c5711710-3afb-4c0f-a91c-692858df8b6b b81e1998028545a3b6f2c38cae7035f1 ad5889d0256a493483d16a066b650057 - - default default] 10.0.0.54 "GET /v2.0/security-groups?tenant_id=88c9a1660c1b4d79bd19190a72cbe8b2&name=default HTTP/1.1" status: 200 len: 3120 time: 0.2444372
2026-07-10 01:02:59.728 10 INFO neutron.db.ovn_revision_numbers_db [None req-79fbc32b-3451-4583-acc9-7bfadba38c95 b81e1998028545a3b6f2c38cae7035f1 ad5889d0256a493483d16a066b650057 - - default default] Successfully bumped revision number for resource b464b1f3-d322-4ebc-a927-e2ba3be99f25 (type: routers) to 2
2026-07-10 01:02:59.738 9 INFO neutron.db.segments_db [None req-89b78fd8-1b19-4822-8c6e-eab08bd3c7dc b3be9838221e455ea4c97d08e155deb6 74a3e93d1dc246159588b35028725a21 - - default default] Added segment 1514069e-0a82-4372-be6c-64271824bc8e of type geneve for network d78ed06c-da0d-4363-977d-ee5e9359fb7f
2026-07-10 01:02:59.754 10 INFO neutron.api.wsgi [None req-79fbc32b-3451-4583-acc9-7bfadba38c95 b81e1998028545a3b6f2c38cae7035f1 ad5889d0256a493483d16a066b650057 - - default default] 10.0.0.54 "POST /v2.0/routers HTTP/1.1" status: 201 len: 1170 time: 1.5889020
2026-07-10 01:02:59.830 9 INFO neutron.services.segments.plugin [-] Segment 1ca05c03-5568-47a8-91e8-e20d2ceb4aae resource provider aggregate not found
2026-07-10 01:02:59.844 9 INFO neutron.services.segments.plugin [-] Segment 1ca05c03-5568-47a8-91e8-e20d2ceb4aae resource provider not found; error: Placement Client Error (4xx): {"errors": [{"status": 404, "title": "Not Found", "detail": "The resource could not be found.\n\n No resource provider with uuid 1ca05c03-5568-47a8-91e8-e20d2ceb4aae found for delete ", "request_id": "req-3bf01e52-95ba-42a1-9fb1-9675fc329268"}]}
2026-07-10 01:02:59.847 9 INFO neutron.services.segments.plugin [-] Segment 1ca05c03-5568-47a8-91e8-e20d2ceb4aae resource provider aggregate not found
2026-07-10 01:02:59.864 9 INFO neutron.services.segments.plugin [-] Segment 1ca05c03-5568-47a8-91e8-e20d2ceb4aae resource provider not found; error: Placement Client Error (4xx): {"errors": [{"status": 404, "title": "Not Found", "detail": "The resource could not be found.\n\n No resource provider with uuid 1ca05c03-5568-47a8-91e8-e20d2ceb4aae found for delete ", "request_id": "req-0dfb4a17-b1cc-4750-ba0b-eeb642053508"}]}
2026-07-10 01:02:59.874 9 INFO neutron.db.ovn_revision_numbers_db [None req-89b78fd8-1b19-4822-8c6e-eab08bd3c7dc b3be9838221e455ea4c97d08e155deb6 74a3e93d1dc246159588b35028725a21 - - default default] Successfully bumped revision number for resource d78ed06c-da0d-4363-977d-ee5e9359fb7f (type: networks) to 1
2026-07-10 01:03:00.033 9 INFO neutron.api.wsgi [req-08589fc5-640f-407a-a238-d1ea583fc87f req-3d7d54d7-f1dc-4b72-8999-ed07065947d4 471485b697744ffba65f417ff90e880f ec025f7776d948e09528f56fcd8b3454 - - default default] 199.204.45.53 "GET /v2.0/networks?id=d70b7286-4e3c-4b03-8cab-eea7f6341437 HTTP/1.1" status: 200 len: 871 time: 0.0485559
2026-07-10 01:03:00.041 9 WARNING neutron_lib.context [req-08589fc5-640f-407a-a238-d1ea583fc87f req-878c9ce2-f9b8-4650-84eb-0de7dae03227 471485b697744ffba65f417ff90e880f ec025f7776d948e09528f56fcd8b3454 - - default default] Method 'is_advsvc' is deprecated since 2023.2 release (neutron-lib 3.8.0) and will be removed once support for the old RBAC API policies will be removed from Neutron. Please use method 'is_service_role' instead.
2026-07-10 01:03:00.058 9 WARNING neutron.scheduler.dhcp_agent_scheduler [None req-89b78fd8-1b19-4822-8c6e-eab08bd3c7dc b3be9838221e455ea4c97d08e155deb6 74a3e93d1dc246159588b35028725a21 - - default default] No more DHCP agents
2026-07-10 01:03:00.061 9 WARNING neutron.api.rpc.agentnotifiers.dhcp_rpc_agent_api [None req-89b78fd8-1b19-4822-8c6e-eab08bd3c7dc b3be9838221e455ea4c97d08e155deb6 74a3e93d1dc246159588b35028725a21 - - default default] Unable to schedule network d78ed06c-da0d-4363-977d-ee5e9359fb7f: no agents available; will retry on subsequent port and subnet creation events.
2026-07-10 01:03:00.063 10 INFO neutron.api.wsgi [None req-900c7c8d-ecea-4135-b4b1-45693deaffc4 b81e1998028545a3b6f2c38cae7035f1 ad5889d0256a493483d16a066b650057 - - default default] 10.0.0.54 "DELETE /v2.0/security-groups/88813109-3cfd-4da3-8c40-a2507839740b HTTP/1.1" status: 204 len: 168 time: 0.3685658
2026-07-10 01:03:00.108 10 INFO neutron.api.wsgi [req-3e21237f-ac55-4448-9e43-67e7f5145c0c req-4fd59090-bde7-40e8-b3cf-6731fbf0357c 471485b697744ffba65f417ff90e880f ec025f7776d948e09528f56fcd8b3454 - - default default] 10.0.0.51 "GET /v2.0/ports?device_id=ea6bd126-ac9d-45d9-b90b-4621bb108ba2 HTTP/1.1" status: 200 len: 210 time: 0.0281918
2026-07-10 01:03:00.125 9 INFO neutron.db.ovn_revision_numbers_db [None req-89b78fd8-1b19-4822-8c6e-eab08bd3c7dc b3be9838221e455ea4c97d08e155deb6 74a3e93d1dc246159588b35028725a21 - - default default] Successfully bumped revision number for resource e114390e-7f46-47af-9ea2-2e93d8dc1e0a (type: ports) to 1
2026-07-10 01:03:00.153 9 INFO neutron.api.wsgi [None req-89b78fd8-1b19-4822-8c6e-eab08bd3c7dc b3be9838221e455ea4c97d08e155deb6 74a3e93d1dc246159588b35028725a21 - - default default] 10.0.0.54 "POST /v2.0/networks HTTP/1.1" status: 201 len: 835 time: 0.4994080
2026-07-10 01:03:00.163 9 WARNING neutron_lib.context [None req-70ec92c2-1e60-4636-8606-f20536658d0a b3be9838221e455ea4c97d08e155deb6 74a3e93d1dc246159588b35028725a21 - - default default] Method 'is_advsvc' is deprecated since 2023.2 release (neutron-lib 3.8.0) and will be removed once support for the old RBAC API policies will be removed from Neutron. Please use method 'is_service_role' instead.
2026-07-10 01:03:00.250 10 INFO neutron.db.ovn_revision_numbers_db [None req-28fa14a4-fdb0-46d0-9f47-41aea7913852 - - - - - -] Successfully bumped revision number for resource d1b73eb8-91d4-4dcd-a550-862085d80eb2 (type: ports) to 1
2026-07-10 01:03:00.271 9 INFO neutron.api.wsgi [None req-4e1bcf46-25b9-4886-b3e7-a61a6c320a1e b81e1998028545a3b6f2c38cae7035f1 ad5889d0256a493483d16a066b650057 - - default default] 10.0.0.54 "GET /v2.0/security-groups?tenant_id=a1d93745ad924a2f849c647d115936c3&name=default HTTP/1.1" status: 200 len: 3120 time: 0.0531151
2026-07-10 01:03:00.346 10 WARNING neutron.scheduler.dhcp_agent_scheduler [None req-21ae3bde-a9aa-456f-b64e-d37302e4e842 b81e1998028545a3b6f2c38cae7035f1 ad5889d0256a493483d16a066b650057 - - default default] No more DHCP agents
2026-07-10 01:03:00.348 10 WARNING neutron.api.rpc.agentnotifiers.dhcp_rpc_agent_api [None req-21ae3bde-a9aa-456f-b64e-d37302e4e842 b81e1998028545a3b6f2c38cae7035f1 ad5889d0256a493483d16a066b650057 - - default default] Unable to schedule network 2f699102-49a9-420a-a66c-4f3d0c43a86c: no agents available; will retry on subsequent port and subnet creation events.
2026-07-10 01:03:00.403 9 WARNING neutron.scheduler.dhcp_agent_scheduler [req-08589fc5-640f-407a-a238-d1ea583fc87f req-878c9ce2-f9b8-4650-84eb-0de7dae03227 471485b697744ffba65f417ff90e880f ec025f7776d948e09528f56fcd8b3454 - - default default] No more DHCP agents
2026-07-10 01:03:00.408 9 WARNING neutron.api.rpc.agentnotifiers.dhcp_rpc_agent_api [req-08589fc5-640f-407a-a238-d1ea583fc87f req-878c9ce2-f9b8-4650-84eb-0de7dae03227 471485b697744ffba65f417ff90e880f ec025f7776d948e09528f56fcd8b3454 - - default default] Unable to schedule network d70b7286-4e3c-4b03-8cab-eea7f6341437: no agents available; will retry on subsequent port and subnet creation events.
2026-07-10 01:03:00.420 9 WARNING neutron.scheduler.dhcp_agent_scheduler [None req-70ec92c2-1e60-4636-8606-f20536658d0a b3be9838221e455ea4c97d08e155deb6 74a3e93d1dc246159588b35028725a21 - - default default] No more DHCP agents
2026-07-10 01:03:00.423 9 WARNING neutron.api.rpc.agentnotifiers.dhcp_rpc_agent_api [None req-70ec92c2-1e60-4636-8606-f20536658d0a b3be9838221e455ea4c97d08e155deb6 74a3e93d1dc246159588b35028725a21 - - default default] Unable to schedule network d78ed06c-da0d-4363-977d-ee5e9359fb7f: no agents available; will retry on subsequent port and subnet creation events.
2026-07-10 01:03:00.468 9 INFO neutron.db.ovn_revision_numbers_db [None req-70ec92c2-1e60-4636-8606-f20536658d0a b3be9838221e455ea4c97d08e155deb6 74a3e93d1dc246159588b35028725a21 - - default default] Successfully bumped revision number for resource 94196db7-4a20-4f22-b979-7668d67ee0c5 (type: subnets) to 0
2026-07-10 01:03:00.493 9 INFO neutron.api.wsgi [None req-70ec92c2-1e60-4636-8606-f20536658d0a b3be9838221e455ea4c97d08e155deb6 74a3e93d1dc246159588b35028725a21 - - default default] 10.0.0.54 "POST /v2.0/subnets HTTP/1.1" status: 201 len: 845 time: 0.3336966 /var/lib/openstack/lib/python3.12/site-packages/pycadf/identifier.py:71: UserWarning: Invalid uuid: neutron. To ensure interoperability, identifiers should be a valid uuid. warnings.warn(('Invalid uuid: %s. To ensure interoperability, '
2026-07-10 01:03:00.505 9 WARNING neutron_lib.context [None req-b769c6e2-0d59-45d6-9c38-689e8ba8997a b3be9838221e455ea4c97d08e155deb6 74a3e93d1dc246159588b35028725a21 - - default default] Method 'is_advsvc' is deprecated since 2023.2 release (neutron-lib 3.8.0) and will be removed once support for the old RBAC API policies will be removed from Neutron. Please use method 'is_service_role' instead.
2026-07-10 01:03:00.517 10 INFO neutron.db.ovn_revision_numbers_db [None req-21ae3bde-a9aa-456f-b64e-d37302e4e842 b81e1998028545a3b6f2c38cae7035f1 ad5889d0256a493483d16a066b650057 - - default default] Successfully bumped revision number for resource 55e563b1-2a85-4477-97cf-3052d3f3a845 (type: ports) to 1
2026-07-10 01:03:00.587 9 INFO neutron.db.ovn_revision_numbers_db [req-08589fc5-640f-407a-a238-d1ea583fc87f req-878c9ce2-f9b8-4650-84eb-0de7dae03227 471485b697744ffba65f417ff90e880f ec025f7776d948e09528f56fcd8b3454 - - default default] Successfully bumped revision number for resource daa0188f-41bd-48fb-94e8-10fc96793b71 (type: ports) to 1
2026-07-10 01:03:00.595 9 INFO neutron.api.wsgi [None req-6fad05a5-9105-4e98-b002-40909e9f6f95 b81e1998028545a3b6f2c38cae7035f1 ad5889d0256a493483d16a066b650057 - - default default] 10.0.0.54 "DELETE /v2.0/security-groups/23bdaa00-2810-42dc-a471-909516c1f45e HTTP/1.1" status: 204 len: 168 time: 0.3190839
2026-07-10 01:03:00.612 9 INFO neutron.api.wsgi [req-08589fc5-640f-407a-a238-d1ea583fc87f req-878c9ce2-f9b8-4650-84eb-0de7dae03227 471485b697744ffba65f417ff90e880f ec025f7776d948e09528f56fcd8b3454 - - default default] 199.204.45.53 "POST /v2.0/ports HTTP/1.1" status: 201 len: 1162 time: 0.5759223
2026-07-10 01:03:00.639 10 INFO neutron.db.ovn_revision_numbers_db [None req-28fa14a4-fdb0-46d0-9f47-41aea7913852 - - - - - -] Successfully bumped revision number for resource d1b73eb8-91d4-4dcd-a550-862085d80eb2 (type: ports) to 4
2026-07-10 01:03:00.814 9 WARNING neutron.scheduler.dhcp_agent_scheduler [None req-b769c6e2-0d59-45d6-9c38-689e8ba8997a b3be9838221e455ea4c97d08e155deb6 74a3e93d1dc246159588b35028725a21 - - default default] No more DHCP agents
2026-07-10 01:03:00.816 9 WARNING neutron.api.rpc.agentnotifiers.dhcp_rpc_agent_api [None req-b769c6e2-0d59-45d6-9c38-689e8ba8997a b3be9838221e455ea4c97d08e155deb6 74a3e93d1dc246159588b35028725a21 - - default default] Unable to schedule network d78ed06c-da0d-4363-977d-ee5e9359fb7f: no agents available; will retry on subsequent port and subnet creation events.
2026-07-10 01:03:00.915 9 INFO neutron.db.ovn_revision_numbers_db [None req-b769c6e2-0d59-45d6-9c38-689e8ba8997a b3be9838221e455ea4c97d08e155deb6 74a3e93d1dc246159588b35028725a21 - - default default] Successfully bumped revision number for resource aea591c6-e0ad-4ff3-ae2f-28ef7ebd120f (type: ports) to 1
2026-07-10 01:03:00.941 9 INFO neutron.api.wsgi [None req-b769c6e2-0d59-45d6-9c38-689e8ba8997a b3be9838221e455ea4c97d08e155deb6 74a3e93d1dc246159588b35028725a21 - - default default] 10.0.0.54 "POST /v2.0/ports HTTP/1.1" status: 201 len: 1123 time: 0.4411361 /var/lib/openstack/lib/python3.12/site-packages/pycadf/identifier.py:71: UserWarning: Invalid uuid: neutron. To ensure interoperability, identifiers should be a valid uuid. warnings.warn(('Invalid uuid: %s. To ensure interoperability, '
2026-07-10 01:03:01.013 10 INFO neutron.db.ovn_revision_numbers_db [None req-28fa14a4-fdb0-46d0-9f47-41aea7913852 - - - - - -] Successfully bumped revision number for resource d1b73eb8-91d4-4dcd-a550-862085d80eb2 (type: ports) to 5
2026-07-10 01:03:01.063 9 INFO neutron.db.ovn_revision_numbers_db [req-08589fc5-640f-407a-a238-d1ea583fc87f req-9fce8149-238e-4a48-ad10-304c2e668d50 024b6eb83cec478ca330b7ad67ed3935 21ec168f49c3452caaec72b7f2900559 - - 55386a1d57ec4b85801b7b529053a6af 55386a1d57ec4b85801b7b529053a6af] Successfully bumped revision number for resource daa0188f-41bd-48fb-94e8-10fc96793b71 (type: ports) to 2
2026-07-10 01:03:01.166 10 INFO neutron.db.ovn_revision_numbers_db [None req-21ae3bde-a9aa-456f-b64e-d37302e4e842 b81e1998028545a3b6f2c38cae7035f1 ad5889d0256a493483d16a066b650057 - - default default] Successfully bumped revision number for resource 55e563b1-2a85-4477-97cf-3052d3f3a845 (type: ports) to 1
2026-07-10 01:03:01.240 9 INFO neutron.api.wsgi [None req-d609f157-6865-4af5-80e8-5e0d249edaf3 b3be9838221e455ea4c97d08e155deb6 74a3e93d1dc246159588b35028725a21 - - default default] 10.0.0.54 "DELETE /v2.0/ports/aea591c6-e0ad-4ff3-ae2f-28ef7ebd120f HTTP/1.1" status: 204 len: 168 time: 0.2920716 /var/lib/openstack/lib/python3.12/site-packages/pycadf/identifier.py:71: UserWarning: Invalid uuid: neutron. To ensure interoperability, identifiers should be a valid uuid. warnings.warn(('Invalid uuid: %s. To ensure interoperability, '
2026-07-10 01:03:01.258 10 INFO neutron.api.wsgi [req-62697f10-59a4-4e58-a7f9-0dcf5a26e8ae req-0d585e56-42ca-46f3-88ca-12a258f4b910 471485b697744ffba65f417ff90e880f ec025f7776d948e09528f56fcd8b3454 - - default default] 10.0.0.51 "GET /v2.0/ports?device_id=ea6bd126-ac9d-45d9-b90b-4621bb108ba2 HTTP/1.1" status: 200 len: 1172 time: 0.0788958
2026-07-10 01:03:01.259 10 WARNING neutron.scheduler.dhcp_agent_scheduler [None req-21ae3bde-a9aa-456f-b64e-d37302e4e842 b81e1998028545a3b6f2c38cae7035f1 ad5889d0256a493483d16a066b650057 - - default default] No more DHCP agents
2026-07-10 01:03:01.259 9 INFO neutron.pecan_wsgi.hooks.translation [None req-84ead1da-cf92-40b3-97be-2d6a0e1388ea b3be9838221e455ea4c97d08e155deb6 74a3e93d1dc246159588b35028725a21 - - default default] GET failed (client error): The resource could not be found.
2026-07-10 01:03:01.260 9 INFO neutron.api.wsgi [None req-84ead1da-cf92-40b3-97be-2d6a0e1388ea b3be9838221e455ea4c97d08e155deb6 74a3e93d1dc246159588b35028725a21 - - default default] 10.0.0.54 "GET /v2.0/ports/aea591c6-e0ad-4ff3-ae2f-28ef7ebd120f HTTP/1.1" status: 404 len: 333 time: 0.0146577
2026-07-10 01:03:01.261 10 WARNING neutron.api.rpc.agentnotifiers.dhcp_rpc_agent_api [None req-21ae3bde-a9aa-456f-b64e-d37302e4e842 b81e1998028545a3b6f2c38cae7035f1 ad5889d0256a493483d16a066b650057 - - default default] Unable to schedule network 2f699102-49a9-420a-a66c-4f3d0c43a86c: no agents available; will retry on subsequent port and subnet creation events.
2026-07-10 01:03:01.302 9 INFO neutron.db.ovn_revision_numbers_db [req-08589fc5-640f-407a-a238-d1ea583fc87f req-9fce8149-238e-4a48-ad10-304c2e668d50 024b6eb83cec478ca330b7ad67ed3935 21ec168f49c3452caaec72b7f2900559 - - 55386a1d57ec4b85801b7b529053a6af 55386a1d57ec4b85801b7b529053a6af] Successfully bumped revision number for resource daa0188f-41bd-48fb-94e8-10fc96793b71 (type: ports) to 4
2026-07-10 01:03:01.312 10 INFO neutron.api.wsgi [req-62697f10-59a4-4e58-a7f9-0dcf5a26e8ae req-5a6a1d10-e53b-4cec-ab02-36c378ec61da 471485b697744ffba65f417ff90e880f ec025f7776d948e09528f56fcd8b3454 - - default default] 10.0.0.51 "GET /v2.0/security-groups?id=65264cb6-5194-4cb8-ad70-ee6ebc33e58b&fields=id&fields=name HTTP/1.1" status: 200 len: 286 time: 0.0393429
2026-07-10 01:03:01.323 9 INFO neutron.api.wsgi [req-08589fc5-640f-407a-a238-d1ea583fc87f req-9fce8149-238e-4a48-ad10-304c2e668d50 024b6eb83cec478ca330b7ad67ed3935 21ec168f49c3452caaec72b7f2900559 - - 55386a1d57ec4b85801b7b529053a6af 55386a1d57ec4b85801b7b529053a6af] 199.204.45.53 "PUT /v2.0/ports/daa0188f-41bd-48fb-94e8-10fc96793b71 HTTP/1.1" status: 200 len: 1408 time: 0.7047191
2026-07-10 01:03:01.359 9 INFO neutron.notifiers.nova [-] Nova event matching ['req-d1b984e7-4df0-45ed-b505-9a24a6f3ecd4'] response: {'name': 'network-changed', 'server_uuid': 'ea6bd126-ac9d-45d9-b90b-4621bb108ba2', 'tag': 'daa0188f-41bd-48fb-94e8-10fc96793b71', 'status': 'completed', 'code': 200}
2026-07-10 01:03:01.426 9 INFO neutron.api.wsgi [None req-2acfed2e-0eb6-4372-aa96-977913c839d2 b3be9838221e455ea4c97d08e155deb6 74a3e93d1dc246159588b35028725a21 - - default default] 10.0.0.54 "DELETE /v2.0/subnets/94196db7-4a20-4f22-b979-7668d67ee0c5 HTTP/1.1" status: 204 len: 168 time: 0.1579969
2026-07-10 01:03:01.761 10 INFO neutron.plugins.ml2.drivers.ovn.mech_driver.mech_driver [None req-2ee8869b-2621-467d-8010-536a1360e95a - - - - - -] OVN reports status up for port: 55e563b1-2a85-4477-97cf-3052d3f3a845
2026-07-10 01:03:01.774 10 INFO neutron.plugins.ml2.plugin [None req-2ee8869b-2621-467d-8010-536a1360e95a - - - - - -] Attempt 1 to provision port 55e563b1-2a85-4477-97cf-3052d3f3a845
2026-07-10 01:03:01.842 10 INFO neutron.services.segments.plugin [-] Segment 1514069e-0a82-4372-be6c-64271824bc8e resource provider aggregate not found
2026-07-10 01:03:01.845 10 INFO neutron.services.segments.plugin [-] Segment 1514069e-0a82-4372-be6c-64271824bc8e resource provider aggregate not found
2026-07-10 01:03:01.859 10 INFO neutron.services.segments.plugin [-] Segment 1514069e-0a82-4372-be6c-64271824bc8e resource provider not found; error: Placement Client Error (4xx): {"errors": [{"status": 404, "title": "Not Found", "detail": "The resource could not be found.\n\n No resource provider with uuid 1514069e-0a82-4372-be6c-64271824bc8e found for delete ", "request_id": "req-43321bae-856c-473a-9b4a-78a5457e60ed"}]}
2026-07-10 01:03:01.859 10 INFO neutron.services.segments.plugin [-] Segment 1514069e-0a82-4372-be6c-64271824bc8e resource provider not found; error: Placement Client Error (4xx): {"errors": [{"status": 404, "title": "Not Found", "detail": "The resource could not be found.\n\n No resource provider with uuid 1514069e-0a82-4372-be6c-64271824bc8e found for delete ", "request_id": "req-f0ac3711-1380-49b4-8703-d934d9357ea6"}]}
2026-07-10 01:03:01.910 9 INFO neutron.api.wsgi [req-3213f794-f6fe-4c0a-a4f5-1bb8f5396a08 req-36120c4b-0d11-4611-84de-fa6c0d54a06a 024b6eb83cec478ca330b7ad67ed3935 21ec168f49c3452caaec72b7f2900559 - - 55386a1d57ec4b85801b7b529053a6af 55386a1d57ec4b85801b7b529053a6af] 199.204.45.53 "GET /v2.0/ports?tenant_id=ec025f7776d948e09528f56fcd8b3454&device_id=ea6bd126-ac9d-45d9-b90b-4621bb108ba2 HTTP/1.1" status: 200 len: 1411 time: 0.0415294
