2026-07-10 01:02:33.564 9 INFO neutron.pecan_wsgi.hooks.translation [None req-d0991490-2abb-4c49-b655-7264e63c437d 5b44f9e22a1245819b2e694534b0a0d0 c9a86e6638d549dbbc9fa2ca314d077a - - default default] DELETE failed (client error): The resource could not be found.
2026-07-10 01:02:33.566 9 INFO neutron.api.wsgi [None req-d0991490-2abb-4c49-b655-7264e63c437d 5b44f9e22a1245819b2e694534b0a0d0 c9a86e6638d549dbbc9fa2ca314d077a - - default default] 10.0.0.54 "DELETE /v2.0/networks/1bf2b9e6-58e5-445a-89ff-a410f6d1c77a HTTP/1.1" status: 404 len: 339 time: 0.0087359
2026-07-10 01:02:33.699 9 INFO neutron.api.wsgi [None req-afac2fe2-3b89-436a-89dc-3b7d985b545f 5b44f9e22a1245819b2e694534b0a0d0 c9a86e6638d549dbbc9fa2ca314d077a - - default default] 10.0.0.54 "DELETE /v2.0/subnets/c1136d9e-0713-40b4-8b4b-01f0d07620f8 HTTP/1.1" status: 204 len: 168 time: 0.1264801
2026-07-10 01:02:33.779 9 INFO neutron.api.wsgi [req-b3c18b5a-4396-4d8d-bf55-623bb2c6c4f9 req-233019cf-01d5-4f26-b130-64ec0ef38c6b 024b6eb83cec478ca330b7ad67ed3935 21ec168f49c3452caaec72b7f2900559 - - 55386a1d57ec4b85801b7b529053a6af 55386a1d57ec4b85801b7b529053a6af] 199.204.45.53 "GET /v2.0/ports?tenant_id=92c6136b7d6745c38a15b7ddd9607148&device_id=c3b861c4-51d5-4996-903e-ae52b3c1ee13 HTTP/1.1" status: 200 len: 1407 time: 0.0322361
2026-07-10 01:02:33.832 9 INFO neutron.api.wsgi [req-b3c18b5a-4396-4d8d-bf55-623bb2c6c4f9 req-941a71b6-0685-432f-bcd9-c0eea9bf9f82 024b6eb83cec478ca330b7ad67ed3935 21ec168f49c3452caaec72b7f2900559 - - 55386a1d57ec4b85801b7b529053a6af 55386a1d57ec4b85801b7b529053a6af] 199.204.45.53 "GET /v2.0/networks?tenant_id=92c6136b7d6745c38a15b7ddd9607148&shared=False HTTP/1.1" status: 200 len: 978 time: 0.0472302
2026-07-10 01:02:33.893 9 INFO neutron.api.wsgi [req-b3c18b5a-4396-4d8d-bf55-623bb2c6c4f9 req-3aef8001-7afc-400c-8e4d-68fedcb833e8 024b6eb83cec478ca330b7ad67ed3935 21ec168f49c3452caaec72b7f2900559 - - 55386a1d57ec4b85801b7b529053a6af 55386a1d57ec4b85801b7b529053a6af] 199.204.45.53 "GET /v2.0/networks?shared=True HTTP/1.1" status: 200 len: 952 time: 0.0565269
2026-07-10 01:02:34.035 10 INFO neutron.api.wsgi [None req-9e392e61-e549-4506-982e-04b413500456 6636b79a84ed4d128c6f4b4217900795 f23bfe5f9c0d486f9d14b9acba6511fc - - default default] 10.0.0.54 "DELETE /v2.0/security-groups/d30a886f-ad86-434a-991b-a3dfa54a70ab HTTP/1.1" status: 204 len: 168 time: 0.1447582
2026-07-10 01:02:34.042 9 INFO neutron.api.wsgi [None req-a682ba89-8b0b-4654-89b3-7425b29c93a1 5b44f9e22a1245819b2e694534b0a0d0 c9a86e6638d549dbbc9fa2ca314d077a - - default default] 10.0.0.54 "DELETE /v2.0/networks/d5307427-aa8d-4448-9053-9a713169f909 HTTP/1.1" status: 204 len: 168 time: 0.3375480
2026-07-10 01:02:34.053 9 INFO neutron.api.v2.resource [None req-dfe6b540-687b-4a03-97f4-00f452d9daa8 6636b79a84ed4d128c6f4b4217900795 f23bfe5f9c0d486f9d14b9acba6511fc - - default default] show failed (client error): The resource could not be found.
2026-07-10 01:02:34.054 9 INFO neutron.api.wsgi [None req-dfe6b540-687b-4a03-97f4-00f452d9daa8 6636b79a84ed4d128c6f4b4217900795 f23bfe5f9c0d486f9d14b9acba6511fc - - default default] 10.0.0.54 "GET /v2.0/security-groups/d30a886f-ad86-434a-991b-a3dfa54a70ab HTTP/1.1" status: 404 len: 347 time: 0.0081077
2026-07-10 01:02:34.343 9 INFO neutron.api.wsgi [None req-318e4ae9-8f76-492e-ae88-7bebf4327fcb 6636b79a84ed4d128c6f4b4217900795 f23bfe5f9c0d486f9d14b9acba6511fc - - default default] 10.0.0.54 "DELETE /v2.0/floatingips/fe08ef8b-1cd3-4122-b2c8-32598b4863a2 HTTP/1.1" status: 204 len: 168 time: 0.2842956
2026-07-10 01:02:34.388 10 INFO neutron.api.wsgi [req-ab446ffb-a262-496c-8c4e-6a67a595a296 req-78b85e8d-f20a-4f04-a3b2-8e9b2b1bf361 125d2bca70424ef9a0c707234182216f 92c6136b7d6745c38a15b7ddd9607148 - - default default] 10.0.0.51 "GET /v2.0/ports?device_id=c3b861c4-51d5-4996-903e-ae52b3c1ee13 HTTP/1.1" status: 200 len: 1168 time: 0.0538697
2026-07-10 01:02:34.435 10 INFO neutron.api.wsgi [req-ab446ffb-a262-496c-8c4e-6a67a595a296 req-c2e5f662-37e1-43f6-b4cb-a859cc6efafb 125d2bca70424ef9a0c707234182216f 92c6136b7d6745c38a15b7ddd9607148 - - default default] 10.0.0.51 "GET /v2.0/security-groups?id=e89538f9-645b-49e5-95d7-dfcd47b7a59c&fields=id&fields=name HTTP/1.1" status: 200 len: 313 time: 0.0401943
2026-07-10 01:02:34.767 10 INFO neutron.api.wsgi [None req-9f7ccd97-54af-4e2b-b2a6-7f0aba816650 b81e1998028545a3b6f2c38cae7035f1 ad5889d0256a493483d16a066b650057 - - default default] 10.0.0.54 "GET /v2.0/security-groups?tenant_id=c9a86e6638d549dbbc9fa2ca314d077a&name=default HTTP/1.1" status: 200 len: 3120 time: 0.1324780
2026-07-10 01:02:34.934 9 INFO neutron.api.wsgi [req-2dc5d31d-4e53-4594-9c27-bb6ecaa1a4dd req-a4021b88-ce44-4748-8089-4ca4794a5c97 024b6eb83cec478ca330b7ad67ed3935 21ec168f49c3452caaec72b7f2900559 - - 55386a1d57ec4b85801b7b529053a6af 55386a1d57ec4b85801b7b529053a6af] 199.204.45.53 "GET /v2.0/ports?tenant_id=92c6136b7d6745c38a15b7ddd9607148&device_id=c3b861c4-51d5-4996-903e-ae52b3c1ee13 HTTP/1.1" status: 200 len: 1407 time: 0.0301130
2026-07-10 01:02:34.984 10 INFO neutron.api.wsgi [None req-1d645e58-4d47-4237-95a0-a901a75c3952 b81e1998028545a3b6f2c38cae7035f1 ad5889d0256a493483d16a066b650057 - - default default] 10.0.0.54 "DELETE /v2.0/security-groups/4c9c2050-da47-4c14-9cfd-dcb61ed53895 HTTP/1.1" status: 204 len: 168 time: 0.2128923
2026-07-10 01:02:35.165 9 INFO neutron.api.wsgi [req-2dc5d31d-4e53-4594-9c27-bb6ecaa1a4dd req-d0d69124-2872-48ef-99f3-31f2536a5efb 024b6eb83cec478ca330b7ad67ed3935 21ec168f49c3452caaec72b7f2900559 - - 55386a1d57ec4b85801b7b529053a6af 55386a1d57ec4b85801b7b529053a6af] 199.204.45.53 "GET /v2.0/floatingips?fixed_ip_address=10.100.0.7&port_id=2b89981e-a615-461d-9886-8213a16f4e60 HTTP/1.1" status: 200 len: 217 time: 0.2246583
2026-07-10 01:02:35.203 9 INFO neutron.api.wsgi [req-2dc5d31d-4e53-4594-9c27-bb6ecaa1a4dd req-6ef3bc21-f586-4f40-906f-1c8adc99acb2 024b6eb83cec478ca330b7ad67ed3935 21ec168f49c3452caaec72b7f2900559 - - 55386a1d57ec4b85801b7b529053a6af 55386a1d57ec4b85801b7b529053a6af] 199.204.45.53 "GET /v2.0/subnets?id=1381ee09-26c8-4229-a9f5-3150daad38cb HTTP/1.1" status: 200 len: 897 time: 0.0333922
2026-07-10 01:02:35.225 9 INFO neutron.api.wsgi [req-2dc5d31d-4e53-4594-9c27-bb6ecaa1a4dd req-e2e263de-3efd-4494-b16e-3bec3965328f 024b6eb83cec478ca330b7ad67ed3935 21ec168f49c3452caaec72b7f2900559 - - 55386a1d57ec4b85801b7b529053a6af 55386a1d57ec4b85801b7b529053a6af] 199.204.45.53 "GET /v2.0/ports?network_id=e859962e-741f-42fc-a848-4ab0c27d4b62&device_owner=network%3Adhcp HTTP/1.1" status: 200 len: 210 time: 0.0175285
2026-07-10 01:02:35.247 9 INFO neutron.services.segments.plugin [-] Segment bcccd6e8-2fe3-4275-afc2-8a4395bc4922 resource provider aggregate not found
2026-07-10 01:02:35.261 9 INFO neutron.services.segments.plugin [-] Segment bcccd6e8-2fe3-4275-afc2-8a4395bc4922 resource provider not found; error: Placement Client Error (4xx): {"errors": [{"status": 404, "title": "Not Found", "detail": "The resource could not be found.\n\n No resource provider with uuid bcccd6e8-2fe3-4275-afc2-8a4395bc4922 found for delete ", "request_id": "req-8fc628d1-1a70-48b8-ae62-46cbac959f49"}]}
2026-07-10 01:02:35.275 9 INFO neutron.services.segments.plugin [-] Segment bcccd6e8-2fe3-4275-afc2-8a4395bc4922 resource provider aggregate not found
2026-07-10 01:02:35.282 9 INFO neutron.api.wsgi [req-2dc5d31d-4e53-4594-9c27-bb6ecaa1a4dd req-51cc8e87-8aa0-4df5-90c8-15cb365637f5 024b6eb83cec478ca330b7ad67ed3935 21ec168f49c3452caaec72b7f2900559 - - 55386a1d57ec4b85801b7b529053a6af 55386a1d57ec4b85801b7b529053a6af] 199.204.45.53 "GET /v2.0/networks/e859962e-741f-42fc-a848-4ab0c27d4b62?fields=segments HTTP/1.1" status: 200 len: 212 time: 0.0495226
2026-07-10 01:02:35.289 9 INFO neutron.services.segments.plugin [-] Segment bcccd6e8-2fe3-4275-afc2-8a4395bc4922 resource provider not found; error: Placement Client Error (4xx): {"errors": [{"status": 404, "title": "Not Found", "detail": "The resource could not be found.\n\n No resource provider with uuid bcccd6e8-2fe3-4275-afc2-8a4395bc4922 found for delete ", "request_id": "req-2738303c-92f5-4f11-be51-ce2aa3e70429"}]}
2026-07-10 01:02:35.340 9 INFO neutron.api.wsgi [req-2dc5d31d-4e53-4594-9c27-bb6ecaa1a4dd req-676712b5-d141-4a35-9916-2fde3cc73c61 024b6eb83cec478ca330b7ad67ed3935 21ec168f49c3452caaec72b7f2900559 - - 55386a1d57ec4b85801b7b529053a6af 55386a1d57ec4b85801b7b529053a6af] 199.204.45.53 "GET /v2.0/networks/e859962e-741f-42fc-a848-4ab0c27d4b62?fields=provider%3Aphysical_network&fields=provider%3Anetwork_type HTTP/1.1" status: 200 len: 277 time: 0.0539238
2026-07-10 01:02:35.565 10 INFO neutron.api.wsgi [req-89bde6f4-4c6e-4ea7-8cf5-44c5d8183b35 req-3cca31ff-9246-4429-a797-a2ce9c944da2 125d2bca70424ef9a0c707234182216f 92c6136b7d6745c38a15b7ddd9607148 - - default default] 10.0.0.51 "GET /v2.0/ports?device_id=c3b861c4-51d5-4996-903e-ae52b3c1ee13 HTTP/1.1" status: 200 len: 1168 time: 0.0336707
2026-07-10 01:02:35.625 10 INFO neutron.api.wsgi [req-89bde6f4-4c6e-4ea7-8cf5-44c5d8183b35 req-a44f0ff8-60d1-45e7-9abc-2a4caf3333ad 125d2bca70424ef9a0c707234182216f 92c6136b7d6745c38a15b7ddd9607148 - - default default] 10.0.0.51 "GET /v2.0/security-groups?id=e89538f9-645b-49e5-95d7-dfcd47b7a59c&fields=id&fields=name HTTP/1.1" status: 200 len: 313 time: 0.0547338
2026-07-10 01:02:35.663 9 INFO neutron.api.wsgi [None req-20f7983b-c98f-48bd-92a4-7a485f925f27 b81e1998028545a3b6f2c38cae7035f1 ad5889d0256a493483d16a066b650057 - - default default] 10.0.0.54 "PUT /v2.0/routers/d35bcd7d-eae8-4658-a6a6-d9c144e5a5ae/remove_router_interface HTTP/1.1" status: 200 len: 503 time: 1.3144143
2026-07-10 01:02:35.760 9 INFO neutron.db.ovn_revision_numbers_db [None req-b7ccba2a-8350-49df-9aeb-2251f4af8f4f b81e1998028545a3b6f2c38cae7035f1 ad5889d0256a493483d16a066b650057 - - default default] Successfully bumped revision number for resource fe494e7f-0a99-4f9a-b800-fce0d79e1024 (type: security_groups) to 1
2026-07-10 01:02:35.773 9 INFO neutron.db.ovn_revision_numbers_db [None req-b7ccba2a-8350-49df-9aeb-2251f4af8f4f b81e1998028545a3b6f2c38cae7035f1 ad5889d0256a493483d16a066b650057 - - default default] Successfully bumped revision number for resource 0759ab3f-11b0-4568-bfaf-0153f61ff664 (type: security_group_rules) to 0
2026-07-10 01:02:35.788 9 INFO neutron.db.ovn_revision_numbers_db [None req-b7ccba2a-8350-49df-9aeb-2251f4af8f4f b81e1998028545a3b6f2c38cae7035f1 ad5889d0256a493483d16a066b650057 - - default default] Successfully bumped revision number for resource 50279e7c-8b1b-41b7-95ab-57b37357ccb3 (type: security_group_rules) to 0
2026-07-10 01:02:35.804 9 INFO neutron.db.ovn_revision_numbers_db [None req-b7ccba2a-8350-49df-9aeb-2251f4af8f4f b81e1998028545a3b6f2c38cae7035f1 ad5889d0256a493483d16a066b650057 - - default default] Successfully bumped revision number for resource 7a8c77e5-1f46-407f-b96e-2928acf3cdc4 (type: security_group_rules) to 0
2026-07-10 01:02:35.817 9 INFO neutron.db.ovn_revision_numbers_db [None req-b7ccba2a-8350-49df-9aeb-2251f4af8f4f b81e1998028545a3b6f2c38cae7035f1 ad5889d0256a493483d16a066b650057 - - default default] Successfully bumped revision number for resource e5d20107-630f-4e75-82ff-2a5f161d52ce (type: security_group_rules) to 0
2026-07-10 01:02:35.858 9 INFO neutron.api.wsgi [None req-b7ccba2a-8350-49df-9aeb-2251f4af8f4f b81e1998028545a3b6f2c38cae7035f1 ad5889d0256a493483d16a066b650057 - - default default] 10.0.0.54 "GET /v2.0/security-groups?tenant_id=0209f0d43fda47988c74232f2f059476&name=default HTTP/1.1" status: 200 len: 3120 time: 0.3662474 /var/lib/openstack/lib/python3.12/site-packages/pycadf/identifier.py:71: UserWarning: Invalid uuid: neutron. To ensure interoperability, identifiers should be a valid uuid. warnings.warn(('Invalid uuid: %s. To ensure interoperability, '
2026-07-10 01:02:36.069 9 INFO neutron.api.wsgi [None req-6b8e8fc4-e28e-4be8-b5e9-311e3547d479 b81e1998028545a3b6f2c38cae7035f1 ad5889d0256a493483d16a066b650057 - - default default] 10.0.0.54 "DELETE /v2.0/security-groups/fe494e7f-0a99-4f9a-b800-fce0d79e1024 HTTP/1.1" status: 204 len: 168 time: 0.2056644
2026-07-10 01:02:36.386 10 INFO neutron.api.wsgi [None req-47d6241c-79b8-49f7-a793-29da2ab97173 b81e1998028545a3b6f2c38cae7035f1 ad5889d0256a493483d16a066b650057 - - default default] 10.0.0.54 "DELETE /v2.0/routers/d35bcd7d-eae8-4658-a6a6-d9c144e5a5ae HTTP/1.1" status: 204 len: 168 time: 0.7169316
2026-07-10 01:02:36.539 10 INFO neutron.api.wsgi [None req-d2f76896-4907-4e72-80d5-3494db519855 b81e1998028545a3b6f2c38cae7035f1 ad5889d0256a493483d16a066b650057 - - default default] 10.0.0.54 "DELETE /v2.0/subnets/9bd877f0-5094-4567-9d76-bff045e1f51c HTTP/1.1" status: 204 len: 168 time: 0.1472616
2026-07-10 01:02:36.732 10 INFO neutron.api.wsgi [req-7306704d-8606-49b3-aab0-07e2cf015e61 req-3e35c57b-cde2-4fbd-ac34-921eadb1e23e 125d2bca70424ef9a0c707234182216f 92c6136b7d6745c38a15b7ddd9607148 - - default default] 10.0.0.51 "GET /v2.0/ports?device_id=c3b861c4-51d5-4996-903e-ae52b3c1ee13 HTTP/1.1" status: 200 len: 1168 time: 0.0427454
2026-07-10 01:02:36.766 10 INFO neutron.api.wsgi [req-7306704d-8606-49b3-aab0-07e2cf015e61 req-87129a76-bfa1-42a4-8db8-14ee5633ec69 125d2bca70424ef9a0c707234182216f 92c6136b7d6745c38a15b7ddd9607148 - - default default] 10.0.0.51 "GET /v2.0/security-groups?id=e89538f9-645b-49e5-95d7-dfcd47b7a59c&fields=id&fields=name HTTP/1.1" status: 200 len: 313 time: 0.0274220
2026-07-10 01:02:36.834 10 WARNING neutron_lib.context [None req-bceb0493-b872-4203-8d41-98475355fcfa 348a1cab9bb640349e1f04b893b70689 92ae52780f0a458d95674243d249b2ee - - default default] Method 'is_advsvc' is deprecated since 2023.2 release (neutron-lib 3.8.0) and will be removed once support for the old RBAC API policies will be removed from Neutron. Please use method 'is_service_role' instead.
2026-07-10 01:02:36.898 9 INFO neutron.api.wsgi [None req-f9e4ad09-eba4-4cb5-b40e-d857922e2219 b81e1998028545a3b6f2c38cae7035f1 ad5889d0256a493483d16a066b650057 - - default default] 10.0.0.54 "DELETE /v2.0/networks/00035ebf-eb35-42f9-9809-70fff125623a HTTP/1.1" status: 204 len: 168 time: 0.3509688
2026-07-10 01:02:36.969 10 INFO neutron.db.ovn_revision_numbers_db [None req-bceb0493-b872-4203-8d41-98475355fcfa 348a1cab9bb640349e1f04b893b70689 92ae52780f0a458d95674243d249b2ee - - default default] Successfully bumped revision number for resource 710760a5-3a8b-4820-ac87-26d78fdb0b8a (type: security_groups) to 1
2026-07-10 01:02:36.984 10 INFO neutron.db.ovn_revision_numbers_db [None req-bceb0493-b872-4203-8d41-98475355fcfa 348a1cab9bb640349e1f04b893b70689 92ae52780f0a458d95674243d249b2ee - - default default] Successfully bumped revision number for resource 06d48292-b09b-4d29-9bfb-d875efab2f05 (type: security_group_rules) to 0
2026-07-10 01:02:36.997 10 INFO neutron.db.ovn_revision_numbers_db [None req-bceb0493-b872-4203-8d41-98475355fcfa 348a1cab9bb640349e1f04b893b70689 92ae52780f0a458d95674243d249b2ee - - default default] Successfully bumped revision number for resource 3c1c7ffe-2ff3-4cfe-bfde-9232c37eebc6 (type: security_group_rules) to 0
2026-07-10 01:02:37.009 10 INFO neutron.db.ovn_revision_numbers_db [None req-bceb0493-b872-4203-8d41-98475355fcfa 348a1cab9bb640349e1f04b893b70689 92ae52780f0a458d95674243d249b2ee - - default default] Successfully bumped revision number for resource 554e8586-e6e6-4c08-9628-47cbd536e2df (type: security_group_rules) to 0
2026-07-10 01:02:37.021 10 INFO neutron.db.ovn_revision_numbers_db [None req-bceb0493-b872-4203-8d41-98475355fcfa 348a1cab9bb640349e1f04b893b70689 92ae52780f0a458d95674243d249b2ee - - default default] Successfully bumped revision number for resource 78d936d2-ae32-43f6-ae65-7ee0ff55acad (type: security_group_rules) to 0
2026-07-10 01:02:37.065 9 INFO neutron.api.wsgi [None req-9e92c5fd-ccee-4f4f-a721-3a6bb185b745 b81e1998028545a3b6f2c38cae7035f1 ad5889d0256a493483d16a066b650057 - - default default] 10.0.0.54 "GET /v2.0/security-groups?tenant_id=f23bfe5f9c0d486f9d14b9acba6511fc&name=default HTTP/1.1" status: 200 len: 3120 time: 0.0272453
2026-07-10 01:02:37.096 10 INFO neutron.db.segments_db [None req-bceb0493-b872-4203-8d41-98475355fcfa 348a1cab9bb640349e1f04b893b70689 92ae52780f0a458d95674243d249b2ee - - default default] Added segment fef65cc7-6a1b-4b3b-a7da-e46a1a2f5fe3 of type geneve for network 0a26cde8-6e67-4266-87e3-3aef763de6b6
2026-07-10 01:02:37.224 10 INFO neutron.db.ovn_revision_numbers_db [None req-bceb0493-b872-4203-8d41-98475355fcfa 348a1cab9bb640349e1f04b893b70689 92ae52780f0a458d95674243d249b2ee - - default default] Successfully bumped revision number for resource 0a26cde8-6e67-4266-87e3-3aef763de6b6 (type: networks) to 1
2026-07-10 01:02:37.253 9 INFO neutron.api.wsgi [None req-6d965522-f69e-40b0-95fc-eecd99af452f b81e1998028545a3b6f2c38cae7035f1 ad5889d0256a493483d16a066b650057 - - default default] 10.0.0.54 "DELETE /v2.0/security-groups/257735f0-82be-490f-a175-2788fe9633e6 HTTP/1.1" status: 204 len: 168 time: 0.1822250
2026-07-10 01:02:37.278 9 INFO neutron.services.segments.plugin [-] Segment f2f58dfd-2342-4d5c-8d6a-49791bcfa067 resource provider aggregate not found
2026-07-10 01:02:37.293 9 INFO neutron.services.segments.plugin [-] Segment f2f58dfd-2342-4d5c-8d6a-49791bcfa067 resource provider not found; error: Placement Client Error (4xx): {"errors": [{"status": 404, "title": "Not Found", "detail": "The resource could not be found.\n\n No resource provider with uuid f2f58dfd-2342-4d5c-8d6a-49791bcfa067 found for delete ", "request_id": "req-03d67bd1-76e5-426f-b207-6a0b558a36e1"}]}
2026-07-10 01:02:37.300 9 INFO neutron.services.segments.plugin [-] Segment f2f58dfd-2342-4d5c-8d6a-49791bcfa067 resource provider aggregate not found
2026-07-10 01:02:37.310 9 INFO neutron.services.segments.plugin [-] Segment f2f58dfd-2342-4d5c-8d6a-49791bcfa067 resource provider not found; error: Placement Client Error (4xx): {"errors": [{"status": 404, "title": "Not Found", "detail": "The resource could not be found.\n\n No resource provider with uuid f2f58dfd-2342-4d5c-8d6a-49791bcfa067 found for delete ", "request_id": "req-a8656542-afe1-46d1-a981-6d6f8c25709f"}]}
2026-07-10 01:02:37.421 10 WARNING neutron.scheduler.dhcp_agent_scheduler [None req-bceb0493-b872-4203-8d41-98475355fcfa 348a1cab9bb640349e1f04b893b70689 92ae52780f0a458d95674243d249b2ee - - default default] No more DHCP agents
2026-07-10 01:02:37.424 10 WARNING neutron.api.rpc.agentnotifiers.dhcp_rpc_agent_api [None req-bceb0493-b872-4203-8d41-98475355fcfa 348a1cab9bb640349e1f04b893b70689 92ae52780f0a458d95674243d249b2ee - - default default] Unable to schedule network 0a26cde8-6e67-4266-87e3-3aef763de6b6: no agents available; will retry on subsequent port and subnet creation events.
2026-07-10 01:02:37.508 10 INFO neutron.db.ovn_revision_numbers_db [None req-bceb0493-b872-4203-8d41-98475355fcfa 348a1cab9bb640349e1f04b893b70689 92ae52780f0a458d95674243d249b2ee - - default default] Successfully bumped revision number for resource 54e235fc-0848-4d74-9b11-6cd34a975abe (type: ports) to 1
2026-07-10 01:02:37.531 10 INFO neutron.api.wsgi [None req-bceb0493-b872-4203-8d41-98475355fcfa 348a1cab9bb640349e1f04b893b70689 92ae52780f0a458d95674243d249b2ee - - default default] 10.0.0.54 "POST /v2.0/networks HTTP/1.1" status: 201 len: 842 time: 0.8086853
2026-07-10 01:02:37.576 10 WARNING neutron_lib.context [None req-c2eb6dfc-33f6-4574-aa45-1154cfcfd801 348a1cab9bb640349e1f04b893b70689 92ae52780f0a458d95674243d249b2ee - - default default] Method 'is_advsvc' is deprecated since 2023.2 release (neutron-lib 3.8.0) and will be removed once support for the old RBAC API policies will be removed from Neutron. Please use method 'is_service_role' instead.
2026-07-10 01:02:37.739 10 WARNING neutron.scheduler.dhcp_agent_scheduler [None req-c2eb6dfc-33f6-4574-aa45-1154cfcfd801 348a1cab9bb640349e1f04b893b70689 92ae52780f0a458d95674243d249b2ee - - default default] No more DHCP agents
2026-07-10 01:02:37.740 10 WARNING neutron.api.rpc.agentnotifiers.dhcp_rpc_agent_api [None req-c2eb6dfc-33f6-4574-aa45-1154cfcfd801 348a1cab9bb640349e1f04b893b70689 92ae52780f0a458d95674243d249b2ee - - default default] Unable to schedule network 0a26cde8-6e67-4266-87e3-3aef763de6b6: no agents available; will retry on subsequent port and subnet creation events.
2026-07-10 01:02:37.879 10 INFO neutron.api.wsgi [req-d5a932fa-8544-415e-913c-80ff44466679 req-7739ec5c-a381-4f99-b45e-680d86a70612 125d2bca70424ef9a0c707234182216f 92c6136b7d6745c38a15b7ddd9607148 - - default default] 10.0.0.51 "GET /v2.0/ports?device_id=c3b861c4-51d5-4996-903e-ae52b3c1ee13 HTTP/1.1" status: 200 len: 1168 time: 0.0488846
2026-07-10 01:02:37.921 10 INFO neutron.api.wsgi [req-d5a932fa-8544-415e-913c-80ff44466679 req-94b76126-89dc-4cfe-a926-282200143c70 125d2bca70424ef9a0c707234182216f 92c6136b7d6745c38a15b7ddd9607148 - - default default] 10.0.0.51 "GET /v2.0/security-groups?id=e89538f9-645b-49e5-95d7-dfcd47b7a59c&fields=id&fields=name HTTP/1.1" status: 200 len: 313 time: 0.0364206
2026-07-10 01:02:38.163 10 INFO neutron.db.ovn_revision_numbers_db [None req-fae43bd3-78ab-4b35-9ec8-a07d4a8bb063 - - - - - -] Successfully bumped revision number for resource 54e235fc-0848-4d74-9b11-6cd34a975abe (type: ports) to 2
2026-07-10 01:02:38.187 10 INFO neutron.db.ovn_revision_numbers_db [None req-fae43bd3-78ab-4b35-9ec8-a07d4a8bb063 - - - - - -] Successfully bumped revision number for resource 21e20fe1-2b86-4d8d-8cb4-f7609dce0280 (type: subnets) to 0
2026-07-10 01:02:38.202 10 INFO neutron.api.wsgi [None req-c2eb6dfc-33f6-4574-aa45-1154cfcfd801 348a1cab9bb640349e1f04b893b70689 92ae52780f0a458d95674243d249b2ee - - default default] 10.0.0.54 "POST /v2.0/subnets HTTP/1.1" status: 201 len: 840 time: 0.6330020
2026-07-10 01:02:38.213 10 WARNING neutron_lib.context [None req-1d16f816-176c-411f-a429-014d12f82f97 348a1cab9bb640349e1f04b893b70689 92ae52780f0a458d95674243d249b2ee - - default default] Method 'is_advsvc' is deprecated since 2023.2 release (neutron-lib 3.8.0) and will be removed once support for the old RBAC API policies will be removed from Neutron. Please use method 'is_service_role' instead.
2026-07-10 01:02:38.300 10 INFO neutron.db.segments_db [None req-1d16f816-176c-411f-a429-014d12f82f97 348a1cab9bb640349e1f04b893b70689 92ae52780f0a458d95674243d249b2ee - - default default] Added segment cc3808b1-ee10-4631-8dc3-d434071a5508 of type geneve for network d5dea3e1-544a-4312-b866-6d84bffa1dc8
2026-07-10 01:02:38.420 10 INFO neutron.db.ovn_revision_numbers_db [None req-1d16f816-176c-411f-a429-014d12f82f97 348a1cab9bb640349e1f04b893b70689 92ae52780f0a458d95674243d249b2ee - - default default] Successfully bumped revision number for resource d5dea3e1-544a-4312-b866-6d84bffa1dc8 (type: networks) to 1
2026-07-10 01:02:38.445 9 INFO neutron.api.wsgi [-] 10.0.0.225 "GET / HTTP/1.1" status: 200 len: 246 time: 0.0030799
2026-07-10 01:02:38.447 9 INFO neutron.api.wsgi [-] 10.0.0.225 "GET / HTTP/1.1" status: 200 len: 246 time: 0.0013101
2026-07-10 01:02:38.610 10 WARNING neutron.scheduler.dhcp_agent_scheduler [None req-1d16f816-176c-411f-a429-014d12f82f97 348a1cab9bb640349e1f04b893b70689 92ae52780f0a458d95674243d249b2ee - - default default] No more DHCP agents
2026-07-10 01:02:38.612 10 WARNING neutron.api.rpc.agentnotifiers.dhcp_rpc_agent_api [None req-1d16f816-176c-411f-a429-014d12f82f97 348a1cab9bb640349e1f04b893b70689 92ae52780f0a458d95674243d249b2ee - - default default] Unable to schedule network d5dea3e1-544a-4312-b866-6d84bffa1dc8: no agents available; will retry on subsequent port and subnet creation events.
2026-07-10 01:02:38.676 10 INFO neutron.db.ovn_revision_numbers_db [None req-1d16f816-176c-411f-a429-014d12f82f97 348a1cab9bb640349e1f04b893b70689 92ae52780f0a458d95674243d249b2ee - - default default] Successfully bumped revision number for resource 23152627-0b5d-4837-99a1-aea1798fb7e1 (type: ports) to 1
2026-07-10 01:02:38.697 10 INFO neutron.api.wsgi [None req-1d16f816-176c-411f-a429-014d12f82f97 348a1cab9bb640349e1f04b893b70689 92ae52780f0a458d95674243d249b2ee - - default default] 10.0.0.54 "POST /v2.0/networks HTTP/1.1" status: 201 len: 843 time: 0.4875903
2026-07-10 01:02:38.846 10 INFO neutron.db.ovn_revision_numbers_db [None req-a45855a7-42d4-40b6-9e39-c71af5ddebae 348a1cab9bb640349e1f04b893b70689 92ae52780f0a458d95674243d249b2ee - - default default] Successfully bumped revision number for resource d5dea3e1-544a-4312-b866-6d84bffa1dc8 (type: networks) to 2
2026-07-10 01:02:38.849 10 INFO neutron.api.wsgi [None req-a45855a7-42d4-40b6-9e39-c71af5ddebae 348a1cab9bb640349e1f04b893b70689 92ae52780f0a458d95674243d249b2ee - - default default] 10.0.0.54 "PUT /v2.0/networks/d5dea3e1-544a-4312-b866-6d84bffa1dc8 HTTP/1.1" status: 200 len: 792 time: 0.1432047
2026-07-10 01:02:38.857 10 WARNING neutron_lib.context [None req-f7607734-0140-4253-b9ae-6b608ac8b0f4 348a1cab9bb640349e1f04b893b70689 92ae52780f0a458d95674243d249b2ee - - default default] Method 'is_advsvc' is deprecated since 2023.2 release (neutron-lib 3.8.0) and will be removed once support for the old RBAC API policies will be removed from Neutron. Please use method 'is_service_role' instead.
2026-07-10 01:02:39.033 10 WARNING neutron.scheduler.dhcp_agent_scheduler [None req-f7607734-0140-4253-b9ae-6b608ac8b0f4 348a1cab9bb640349e1f04b893b70689 92ae52780f0a458d95674243d249b2ee - - default default] No more DHCP agents
2026-07-10 01:02:39.036 10 WARNING neutron.api.rpc.agentnotifiers.dhcp_rpc_agent_api [None req-f7607734-0140-4253-b9ae-6b608ac8b0f4 348a1cab9bb640349e1f04b893b70689 92ae52780f0a458d95674243d249b2ee - - default default] Unable to schedule network d5dea3e1-544a-4312-b866-6d84bffa1dc8: no agents available; will retry on subsequent port and subnet creation events.
2026-07-10 01:02:39.068 10 INFO neutron.api.wsgi [req-b4e170a7-9e40-49f0-a0ed-c03a0e127938 req-4b627e52-61b4-4032-815e-d3c0e6470b4a 125d2bca70424ef9a0c707234182216f 92c6136b7d6745c38a15b7ddd9607148 - - default default] 10.0.0.51 "GET /v2.0/ports?device_id=c3b861c4-51d5-4996-903e-ae52b3c1ee13 HTTP/1.1" status: 200 len: 1168 time: 0.0881257
2026-07-10 01:02:39.113 10 INFO neutron.api.wsgi [req-b4e170a7-9e40-49f0-a0ed-c03a0e127938 req-d45a9975-a2cc-43f5-8145-dafb98c6d3f3 125d2bca70424ef9a0c707234182216f 92c6136b7d6745c38a15b7ddd9607148 - - default default] 10.0.0.51 "GET /v2.0/security-groups?id=e89538f9-645b-49e5-95d7-dfcd47b7a59c&fields=id&fields=name HTTP/1.1" status: 200 len: 313 time: 0.0386462
2026-07-10 01:02:39.494 10 INFO neutron.db.ovn_revision_numbers_db [None req-2cbf59af-8948-4352-8da8-bb62b53e316a - - - - - -] Successfully bumped revision number for resource 23152627-0b5d-4837-99a1-aea1798fb7e1 (type: ports) to 2
2026-07-10 01:02:39.541 10 INFO neutron.db.ovn_revision_numbers_db [None req-2cbf59af-8948-4352-8da8-bb62b53e316a - - - - - -] Successfully bumped revision number for resource d018b56f-9cd8-4c56-b79d-c8bcf97b2221 (type: subnets) to 0
2026-07-10 01:02:39.556 10 INFO neutron.api.wsgi [None req-f7607734-0140-4253-b9ae-6b608ac8b0f4 348a1cab9bb640349e1f04b893b70689 92ae52780f0a458d95674243d249b2ee - - default default] 10.0.0.54 "POST /v2.0/subnets HTTP/1.1" status: 201 len: 825 time: 0.7021761
2026-07-10 01:02:39.868 10 INFO neutron.db.ovn_revision_numbers_db [None req-1efc384e-9e53-40cd-8637-adde36f489c8 348a1cab9bb640349e1f04b893b70689 92ae52780f0a458d95674243d249b2ee - - default default] Successfully bumped revision number for resource d018b56f-9cd8-4c56-b79d-c8bcf97b2221 (type: subnets) to 1
2026-07-10 01:02:39.872 10 INFO neutron.api.wsgi [None req-1efc384e-9e53-40cd-8637-adde36f489c8 348a1cab9bb640349e1f04b893b70689 92ae52780f0a458d95674243d249b2ee - - default default] 10.0.0.54 "PUT /v2.0/subnets/d018b56f-9cd8-4c56-b79d-c8bcf97b2221 HTTP/1.1" status: 200 len: 830 time: 0.3005292
2026-07-10 01:02:40.234 9 INFO neutron.plugins.ml2.drivers.ovn.mech_driver.mech_driver [None req-712c0947-b49e-465c-b18c-18caa3dda00c - - - - - -] OVN reports status up for port: 2b89981e-a615-461d-9886-8213a16f4e60
2026-07-10 01:02:40.258 9 INFO neutron.db.ovn_revision_numbers_db [None req-a007399f-a0e6-4530-9d84-76484caf4b40 b81e1998028545a3b6f2c38cae7035f1 ad5889d0256a493483d16a066b650057 - - default default] Successfully bumped revision number for resource 05aa8d64-4dde-4100-9ce6-6c5f4c4c7941 (type: security_groups) to 1
2026-07-10 01:02:40.260 9 INFO neutron.plugins.ml2.plugin [None req-712c0947-b49e-465c-b18c-18caa3dda00c - - - - - -] Attempt 1 to provision port 2b89981e-a615-461d-9886-8213a16f4e60
2026-07-10 01:02:40.276 10 INFO neutron.api.wsgi [req-89a355a2-eccb-4f94-b161-a7475e6dd56c req-ec56358c-2a02-434f-afbf-27da811e424d 125d2bca70424ef9a0c707234182216f 92c6136b7d6745c38a15b7ddd9607148 - - default default] 10.0.0.51 "GET /v2.0/ports?device_id=c3b861c4-51d5-4996-903e-ae52b3c1ee13 HTTP/1.1" status: 200 len: 1168 time: 0.0524821
2026-07-10 01:02:40.277 9 INFO neutron.db.ovn_revision_numbers_db [None req-a007399f-a0e6-4530-9d84-76484caf4b40 b81e1998028545a3b6f2c38cae7035f1 ad5889d0256a493483d16a066b650057 - - default default] Successfully bumped revision number for resource 2c5ef21d-997a-409e-8f7e-47b35d3397e9 (type: security_group_rules) to 0
2026-07-10 01:02:40.313 9 INFO neutron.db.ovn_revision_numbers_db [None req-a007399f-a0e6-4530-9d84-76484caf4b40 b81e1998028545a3b6f2c38cae7035f1 ad5889d0256a493483d16a066b650057 - - default default] Successfully bumped revision number for resource 7624a7c7-2e2e-446e-9a42-ac2280469a6f (type: security_group_rules) to 0
2026-07-10 01:02:40.326 9 INFO neutron.db.ovn_revision_numbers_db [None req-a007399f-a0e6-4530-9d84-76484caf4b40 b81e1998028545a3b6f2c38cae7035f1 ad5889d0256a493483d16a066b650057 - - default default] Successfully bumped revision number for resource ecdc5368-f090-44cb-a800-52456a799244 (type: security_group_rules) to 0
2026-07-10 01:02:40.328 10 INFO neutron.api.wsgi [req-89a355a2-eccb-4f94-b161-a7475e6dd56c req-0b84073c-f354-4a80-b565-fba7e16bb1ad 125d2bca70424ef9a0c707234182216f 92c6136b7d6745c38a15b7ddd9607148 - - default default] 10.0.0.51 "GET /v2.0/security-groups?id=e89538f9-645b-49e5-95d7-dfcd47b7a59c&fields=id&fields=name HTTP/1.1" status: 200 len: 313 time: 0.0441394
2026-07-10 01:02:40.343 9 INFO neutron.db.ovn_revision_numbers_db [None req-a007399f-a0e6-4530-9d84-76484caf4b40 b81e1998028545a3b6f2c38cae7035f1 ad5889d0256a493483d16a066b650057 - - default default] Successfully bumped revision number for resource fad5fc91-79c2-4ae7-a509-5d14f79f01ce (type: security_group_rules) to 0
2026-07-10 01:02:40.383 9 INFO neutron.notifiers.nova [-] Nova event matching ['req-1ecbd7f8-c792-45e3-b299-b4d8f92bd86d'] response: {'server_uuid': 'c3b861c4-51d5-4996-903e-ae52b3c1ee13', 'name': 'network-vif-plugged', 'status': 'completed', 'tag': '2b89981e-a615-461d-9886-8213a16f4e60', 'code': 200}
2026-07-10 01:02:40.396 9 INFO neutron.api.wsgi [None req-a007399f-a0e6-4530-9d84-76484caf4b40 b81e1998028545a3b6f2c38cae7035f1 ad5889d0256a493483d16a066b650057 - - default default] 10.0.0.54 "GET /v2.0/security-groups?tenant_id=48898522a8fd42bda47758db943839d6&name=default HTTP/1.1" status: 200 len: 3120 time: 0.4388516
2026-07-10 01:02:40.465 10 INFO neutron.services.segments.plugin [-] Segment cc3808b1-ee10-4631-8dc3-d434071a5508 resource provider aggregate not found
2026-07-10 01:02:40.470 10 INFO neutron.services.segments.plugin [-] Segment cc3808b1-ee10-4631-8dc3-d434071a5508 resource provider aggregate not found
2026-07-10 01:02:40.482 10 INFO neutron.services.segments.plugin [-] Segment cc3808b1-ee10-4631-8dc3-d434071a5508 resource provider not found; error: Placement Client Error (4xx): {"errors": [{"status": 404, "title": "Not Found", "detail": "The resource could not be found.\n\n No resource provider with uuid cc3808b1-ee10-4631-8dc3-d434071a5508 found for delete ", "request_id": "req-9471567b-1257-435d-aca9-25814ea428ea"}]}
2026-07-10 01:02:40.491 10 INFO neutron.services.segments.plugin [-] Segment cc3808b1-ee10-4631-8dc3-d434071a5508 resource provider not found; error: Placement Client Error (4xx): {"errors": [{"status": 404, "title": "Not Found", "detail": "The resource could not be found.\n\n No resource provider with uuid cc3808b1-ee10-4631-8dc3-d434071a5508 found for delete ", "request_id": "req-a959d7e1-790a-4cea-8cba-d56dc2a5180a"}]}
2026-07-10 01:02:40.498 9 INFO neutron.db.ovn_revision_numbers_db [None req-712c0947-b49e-465c-b18c-18caa3dda00c - - - - - -] Successfully bumped revision number for resource 2b89981e-a615-461d-9886-8213a16f4e60 (type: ports) to 5
2026-07-10 01:02:40.501 10 INFO neutron.api.wsgi [None req-e1862364-0d52-4a58-8e82-634ae0e05547 348a1cab9bb640349e1f04b893b70689 92ae52780f0a458d95674243d249b2ee - - default default] 10.0.0.54 "DELETE /v2.0/networks/d5dea3e1-544a-4312-b866-6d84bffa1dc8 HTTP/1.1" status: 204 len: 168 time: 0.6155164
2026-07-10 01:02:40.513 10 INFO neutron.pecan_wsgi.hooks.translation [None req-44b0ad66-8e84-430a-ac8f-a9ae267bb1ce 348a1cab9bb640349e1f04b893b70689 92ae52780f0a458d95674243d249b2ee - - default default] DELETE failed (client error): The resource could not be found.
2026-07-10 01:02:40.515 10 INFO neutron.api.wsgi [None req-44b0ad66-8e84-430a-ac8f-a9ae267bb1ce 348a1cab9bb640349e1f04b893b70689 92ae52780f0a458d95674243d249b2ee - - default default] 10.0.0.54 "DELETE /v2.0/networks/d5dea3e1-544a-4312-b866-6d84bffa1dc8 HTTP/1.1" status: 404 len: 339 time: 0.0098572
2026-07-10 01:02:40.578 10 INFO neutron.api.wsgi [None req-2885c692-987b-4f02-84e3-cef151629dfe 348a1cab9bb640349e1f04b893b70689 92ae52780f0a458d95674243d249b2ee - - default default] 10.0.0.54 "GET /v2.0/networks?router%3Aexternal=True HTTP/1.1" status: 200 len: 845 time: 0.0547330 /var/lib/openstack/lib/python3.12/site-packages/pycadf/identifier.py:71: UserWarning: Invalid uuid: neutron. To ensure interoperability, identifiers should be a valid uuid. warnings.warn(('Invalid uuid: %s. To ensure interoperability, '
2026-07-10 01:02:40.609 9 INFO neutron.api.wsgi [None req-29554fe6-a984-44ff-98ae-dbd7346948a3 348a1cab9bb640349e1f04b893b70689 92ae52780f0a458d95674243d249b2ee - - default default] 10.0.0.54 "GET /v2.0/subnets?network_id=3bc58217-06a1-47e8-b7e9-00c2564b8f04 HTTP/1.1" status: 200 len: 843 time: 0.0254197
2026-07-10 01:02:40.617 9 INFO neutron.api.wsgi [None req-9636576b-57ec-44fc-b138-c51c1888b4a6 348a1cab9bb640349e1f04b893b70689 92ae52780f0a458d95674243d249b2ee - - default default] 10.0.0.54 "GET /v2.0/extensions HTTP/1.1" status: 200 len: 19293 time: 0.0037210
2026-07-10 01:02:40.652 10 INFO neutron.api.wsgi [None req-831b409c-d782-41e0-a0be-f16b202d1cf1 b81e1998028545a3b6f2c38cae7035f1 ad5889d0256a493483d16a066b650057 - - default default] 10.0.0.54 "DELETE /v2.0/security-groups/05aa8d64-4dde-4100-9ce6-6c5f4c4c7941 HTTP/1.1" status: 204 len: 168 time: 0.2497165
2026-07-10 01:02:40.662 9 INFO neutron.api.wsgi [None req-fe390c60-2ec1-4505-aab9-111ba73e4d32 348a1cab9bb640349e1f04b893b70689 92ae52780f0a458d95674243d249b2ee - - default default] 10.0.0.54 "GET /v2.0/networks HTTP/1.1" status: 200 len: 1503 time: 0.0403104
2026-07-10 01:02:40.688 9 INFO neutron.api.wsgi [None req-22938144-bf44-4b02-b2c0-1083b846d507 348a1cab9bb640349e1f04b893b70689 92ae52780f0a458d95674243d249b2ee - - default default] 10.0.0.54 "GET /v2.0/subnets HTTP/1.1" status: 200 len: 1475 time: 0.0222588
2026-07-10 01:02:40.735 9 INFO neutron.api.wsgi [None req-de3dae69-4cf1-406a-8805-fc00fd4c0e62 348a1cab9bb640349e1f04b893b70689 92ae52780f0a458d95674243d249b2ee - - default default] 10.0.0.54 "GET /v2.0/networks/0a26cde8-6e67-4266-87e3-3aef763de6b6 HTTP/1.1" status: 200 len: 862 time: 0.0419860
2026-07-10 01:02:40.773 9 INFO neutron.api.wsgi [None req-97b17540-3c01-4b06-adf4-698a2066dea2 348a1cab9bb640349e1f04b893b70689 92ae52780f0a458d95674243d249b2ee - - default default] 10.0.0.54 "GET /v2.0/subnets/21e20fe1-2b86-4d8d-8cb4-f7609dce0280 HTTP/1.1" status: 200 len: 835 time: 0.0268683
2026-07-10 01:02:40.797 9 INFO neutron.pecan_wsgi.hooks.translation [None req-4db5b997-8493-4611-9517-926c4936f67c 348a1cab9bb640349e1f04b893b70689 92ae52780f0a458d95674243d249b2ee - - default default] DELETE failed (client error): The resource could not be found.
2026-07-10 01:02:40.800 9 INFO neutron.api.wsgi [None req-4db5b997-8493-4611-9517-926c4936f67c 348a1cab9bb640349e1f04b893b70689 92ae52780f0a458d95674243d249b2ee - - default default] 10.0.0.54 "DELETE /v2.0/subnets/d018b56f-9cd8-4c56-b79d-c8bcf97b2221 HTTP/1.1" status: 404 len: 337 time: 0.0193088
2026-07-10 01:02:40.814 9 INFO neutron.pecan_wsgi.hooks.translation [None req-d761a572-7b1e-40ca-90c2-9e71be23063c 348a1cab9bb640349e1f04b893b70689 92ae52780f0a458d95674243d249b2ee - - default default] DELETE failed (client error): The resource could not be found.
2026-07-10 01:02:40.816 9 INFO neutron.api.wsgi [None req-d761a572-7b1e-40ca-90c2-9e71be23063c 348a1cab9bb640349e1f04b893b70689 92ae52780f0a458d95674243d249b2ee - - default default] 10.0.0.54 "DELETE /v2.0/networks/d5dea3e1-544a-4312-b866-6d84bffa1dc8 HTTP/1.1" status: 404 len: 339 time: 0.0131717
2026-07-10 01:02:41.017 9 INFO neutron.api.wsgi [None req-00780c58-407f-4a59-b0be-7829ce39bbe0 348a1cab9bb640349e1f04b893b70689 92ae52780f0a458d95674243d249b2ee - - default default] 10.0.0.54 "DELETE /v2.0/subnets/21e20fe1-2b86-4d8d-8cb4-f7609dce0280 HTTP/1.1" status: 204 len: 168 time: 0.1970034
2026-07-10 01:02:41.353 9 INFO neutron.services.segments.plugin [-] Segment fef65cc7-6a1b-4b3b-a7da-e46a1a2f5fe3 resource provider aggregate not found
2026-07-10 01:02:41.367 9 INFO neutron.services.segments.plugin [-] Segment fef65cc7-6a1b-4b3b-a7da-e46a1a2f5fe3 resource provider aggregate not found
2026-07-10 01:02:41.377 9 INFO neutron.services.segments.plugin [-] Segment fef65cc7-6a1b-4b3b-a7da-e46a1a2f5fe3 resource provider not found; error: Placement Client Error (4xx): {"errors": [{"status": 404, "title": "Not Found", "detail": "The resource could not be found.\n\n No resource provider with uuid fef65cc7-6a1b-4b3b-a7da-e46a1a2f5fe3 found for delete ", "request_id": "req-d339b6ca-5d6e-4c09-af20-f87f697ed248"}]}
2026-07-10 01:02:41.378 9 INFO neutron.services.segments.plugin [-] Segment fef65cc7-6a1b-4b3b-a7da-e46a1a2f5fe3 resource provider not found; error: Placement Client Error (4xx): {"errors": [{"status": 404, "title": "Not Found", "detail": "The resource could not be found.\n\n No resource provider with uuid fef65cc7-6a1b-4b3b-a7da-e46a1a2f5fe3 found for delete ", "request_id": "req-da8aafdd-bd4e-40cb-b4a0-e4dd145e6728"}]}
2026-07-10 01:02:41.410 9 INFO neutron.api.wsgi [None req-a83f00f5-94c7-4dcc-a9e9-09fbd7ca66bb 348a1cab9bb640349e1f04b893b70689 92ae52780f0a458d95674243d249b2ee - - default default] 10.0.0.54 "DELETE /v2.0/networks/0a26cde8-6e67-4266-87e3-3aef763de6b6 HTTP/1.1" status: 204 len: 168 time: 0.3854804
2026-07-10 01:02:41.449 10 INFO neutron.api.wsgi [req-9125e847-f793-4238-b7a4-64a299def716 req-ec8a1485-a087-4e33-803e-a7b65d46f5e8 125d2bca70424ef9a0c707234182216f 92c6136b7d6745c38a15b7ddd9607148 - - default default] 10.0.0.51 "GET /v2.0/ports?device_id=c3b861c4-51d5-4996-903e-ae52b3c1ee13 HTTP/1.1" status: 200 len: 1170 time: 0.0441506
2026-07-10 01:02:41.491 10 INFO neutron.api.wsgi [req-9125e847-f793-4238-b7a4-64a299def716 req-a61c2723-51fa-48d7-be20-2566c48c93e8 125d2bca70424ef9a0c707234182216f 92c6136b7d6745c38a15b7ddd9607148 - - default default] 10.0.0.51 "GET /v2.0/security-groups?id=e89538f9-645b-49e5-95d7-dfcd47b7a59c&fields=id&fields=name HTTP/1.1" status: 200 len: 313 time: 0.0368772
2026-07-10 01:02:42.061 10 INFO neutron.api.wsgi [None req-91268721-d2a9-445c-932d-00cbb0152b44 b81e1998028545a3b6f2c38cae7035f1 ad5889d0256a493483d16a066b650057 - - default default] 10.0.0.54 "GET /v2.0/security-groups?tenant_id=92ae52780f0a458d95674243d249b2ee&name=default HTTP/1.1" status: 200 len: 3120 time: 0.1904504
2026-07-10 01:02:42.275 10 INFO neutron.api.wsgi [None req-49cb7f79-21a9-4040-96c0-697eeab79f26 b81e1998028545a3b6f2c38cae7035f1 ad5889d0256a493483d16a066b650057 - - default default] 10.0.0.54 "DELETE /v2.0/security-groups/710760a5-3a8b-4820-ac87-26d78fdb0b8a HTTP/1.1" status: 204 len: 168 time: 0.2084489
2026-07-10 01:02:42.428 9 INFO neutron.notifiers.nova [-] Nova event matching ['req-45fa36e2-aa56-4569-a513-12e9d8da3c8e'] response: {'server_uuid': 'c3b861c4-51d5-4996-903e-ae52b3c1ee13', 'name': 'network-vif-plugged', 'status': 'completed', 'tag': '2b89981e-a615-461d-9886-8213a16f4e60', 'code': 200}
2026-07-10 01:02:42.590 10 INFO neutron.api.wsgi [req-6142bfd6-70c4-4712-84c0-b874509128bf req-535f8f52-82b2-4bec-b6a0-8f23f3cef452 125d2bca70424ef9a0c707234182216f 92c6136b7d6745c38a15b7ddd9607148 - - default default] 10.0.0.51 "GET /v2.0/ports?device_id=c3b861c4-51d5-4996-903e-ae52b3c1ee13 HTTP/1.1" status: 200 len: 1170 time: 0.0329323
2026-07-10 01:02:42.635 10 INFO neutron.api.wsgi [req-6142bfd6-70c4-4712-84c0-b874509128bf req-057374ea-ae5c-4f2a-8a89-a652c5082bd4 125d2bca70424ef9a0c707234182216f 92c6136b7d6745c38a15b7ddd9607148 - - default default] 10.0.0.51 "GET /v2.0/security-groups?id=e89538f9-645b-49e5-95d7-dfcd47b7a59c&fields=id&fields=name HTTP/1.1" status: 200 len: 313 time: 0.0379491
2026-07-10 01:02:42.738 10 INFO neutron.api.wsgi [req-b4556070-cbe9-41c3-866f-213d48863c97 req-5d39640e-7c86-4039-ab02-f70d2a9c7c11 125d2bca70424ef9a0c707234182216f 92c6136b7d6745c38a15b7ddd9607148 - - default default] 10.0.0.51 "GET /v2.0/ports?device_id=c3b861c4-51d5-4996-903e-ae52b3c1ee13 HTTP/1.1" status: 200 len: 1170 time: 0.0394766
2026-07-10 01:02:43.222 10 INFO neutron.db.ovn_revision_numbers_db [None req-053293bd-a330-4c22-98d7-02dd51c8463d 125d2bca70424ef9a0c707234182216f 92c6136b7d6745c38a15b7ddd9607148 - - default default] Successfully bumped revision number for resource 24fab4ea-d94f-456e-8d3d-99148097f5d8 (type: floatingips) to 1
2026-07-10 01:02:43.319 10 INFO neutron.db.ovn_revision_numbers_db [None req-053293bd-a330-4c22-98d7-02dd51c8463d 125d2bca70424ef9a0c707234182216f 92c6136b7d6745c38a15b7ddd9607148 - - default default] Successfully bumped revision number for resource 24fab4ea-d94f-456e-8d3d-99148097f5d8 (type: floatingips) to 2
2026-07-10 01:02:43.319 10 INFO neutron.db.l3_db [None req-053293bd-a330-4c22-98d7-02dd51c8463d 125d2bca70424ef9a0c707234182216f 92c6136b7d6745c38a15b7ddd9607148 - - default default] Floating IP 24fab4ea-d94f-456e-8d3d-99148097f5d8 associated. External IP: 10.96.250.215, port: 2b89981e-a615-461d-9886-8213a16f4e60.
2026-07-10 01:02:43.359 10 INFO neutron.api.wsgi [None req-053293bd-a330-4c22-98d7-02dd51c8463d 125d2bca70424ef9a0c707234182216f 92c6136b7d6745c38a15b7ddd9607148 - - default default] 10.0.0.54 "PUT /v2.0/floatingips/24fab4ea-d94f-456e-8d3d-99148097f5d8 HTTP/1.1" status: 200 len: 1049 time: 0.6054702
2026-07-10 01:02:43.420 10 INFO neutron.notifiers.nova [-] Nova event matching ['req-bd84016d-0982-4da4-9364-22956b5ab3dd'] response: {'name': 'network-changed', 'server_uuid': 'c3b861c4-51d5-4996-903e-ae52b3c1ee13', 'tag': '2b89981e-a615-461d-9886-8213a16f4e60', 'status': 'completed', 'code': 200} /var/lib/openstack/lib/python3.12/site-packages/pycadf/identifier.py:71: UserWarning: Invalid uuid: neutron. To ensure interoperability, identifiers should be a valid uuid. warnings.warn(('Invalid uuid: %s. To ensure interoperability, '
2026-07-10 01:02:43.453 10 INFO neutron.api.wsgi [req-deb90ce0-bc4c-4797-b89d-761b0f1392da req-782c3a0b-a194-451a-9250-d4419450809b 125d2bca70424ef9a0c707234182216f 92c6136b7d6745c38a15b7ddd9607148 - - default default] 10.0.0.51 "GET /v2.0/ports?device_id=c3b861c4-51d5-4996-903e-ae52b3c1ee13 HTTP/1.1" status: 200 len: 1170 time: 0.0313134
2026-07-10 01:02:43.492 10 INFO neutron.api.wsgi [req-deb90ce0-bc4c-4797-b89d-761b0f1392da req-17edd008-cd65-4530-9756-336729bb8733 125d2bca70424ef9a0c707234182216f 92c6136b7d6745c38a15b7ddd9607148 - - default default] 10.0.0.51 "GET /v2.0/security-groups?id=e89538f9-645b-49e5-95d7-dfcd47b7a59c&fields=id&fields=name HTTP/1.1" status: 200 len: 313 time: 0.0349257
2026-07-10 01:02:43.802 10 INFO neutron.api.wsgi [req-dabe3368-947f-4010-9c40-208325f79951 req-35d3a8de-3d87-421a-bff4-a02f955b8eeb 125d2bca70424ef9a0c707234182216f 92c6136b7d6745c38a15b7ddd9607148 - - default default] 10.0.0.51 "GET /v2.0/ports?device_id=c3b861c4-51d5-4996-903e-ae52b3c1ee13 HTTP/1.1" status: 200 len: 1170 time: 0.0309649
2026-07-10 01:02:43.833 10 INFO neutron.api.wsgi [req-dabe3368-947f-4010-9c40-208325f79951 req-dbe48aa6-d79d-4848-9617-f8c356658a13 125d2bca70424ef9a0c707234182216f 92c6136b7d6745c38a15b7ddd9607148 - - default default] 10.0.0.51 "GET /v2.0/security-groups?id=e89538f9-645b-49e5-95d7-dfcd47b7a59c&fields=id&fields=name HTTP/1.1" status: 200 len: 313 time: 0.0249693
2026-07-10 01:02:43.973 9 INFO neutron.api.wsgi [req-953ba7ae-7fe3-4071-9b63-9c43e76fff02 req-7ab1cd94-65fb-494f-aa94-b73bf8fce968 024b6eb83cec478ca330b7ad67ed3935 21ec168f49c3452caaec72b7f2900559 - - 55386a1d57ec4b85801b7b529053a6af 55386a1d57ec4b85801b7b529053a6af] 199.204.45.53 "GET /v2.0/ports?tenant_id=92c6136b7d6745c38a15b7ddd9607148&device_id=c3b861c4-51d5-4996-903e-ae52b3c1ee13 HTTP/1.1" status: 200 len: 1409 time: 0.0432403
2026-07-10 01:02:44.035 9 INFO neutron.api.wsgi [req-953ba7ae-7fe3-4071-9b63-9c43e76fff02 req-1fbf94bb-f7fe-4490-b53e-be04a8d35708 024b6eb83cec478ca330b7ad67ed3935 21ec168f49c3452caaec72b7f2900559 - - 55386a1d57ec4b85801b7b529053a6af 55386a1d57ec4b85801b7b529053a6af] 199.204.45.53 "GET /v2.0/networks?id=e859962e-741f-42fc-a848-4ab0c27d4b62 HTTP/1.1" status: 200 len: 978 time: 0.0561874
2026-07-10 01:02:44.087 9 INFO neutron.api.wsgi [req-953ba7ae-7fe3-4071-9b63-9c43e76fff02 req-c023fd1c-4d37-44dc-be6e-29a21ff35190 024b6eb83cec478ca330b7ad67ed3935 21ec168f49c3452caaec72b7f2900559 - - 55386a1d57ec4b85801b7b529053a6af 55386a1d57ec4b85801b7b529053a6af] 199.204.45.53 "GET /v2.0/floatingips?fixed_ip_address=10.100.0.7&port_id=2b89981e-a615-461d-9886-8213a16f4e60 HTTP/1.1" status: 200 len: 1059 time: 0.0474646
2026-07-10 01:02:44.118 9 INFO neutron.api.wsgi [req-953ba7ae-7fe3-4071-9b63-9c43e76fff02 req-b1a2fa16-a5c2-4679-9b31-cdc386a71956 024b6eb83cec478ca330b7ad67ed3935 21ec168f49c3452caaec72b7f2900559 - - 55386a1d57ec4b85801b7b529053a6af 55386a1d57ec4b85801b7b529053a6af] 199.204.45.53 "GET /v2.0/subnets?id=1381ee09-26c8-4229-a9f5-3150daad38cb HTTP/1.1" status: 200 len: 897 time: 0.0244746
2026-07-10 01:02:44.147 9 INFO neutron.api.wsgi [req-953ba7ae-7fe3-4071-9b63-9c43e76fff02 req-a62ad12d-110b-4919-9fc8-1d3b473f953c 024b6eb83cec478ca330b7ad67ed3935 21ec168f49c3452caaec72b7f2900559 - - 55386a1d57ec4b85801b7b529053a6af 55386a1d57ec4b85801b7b529053a6af] 199.204.45.53 "GET /v2.0/ports?network_id=e859962e-741f-42fc-a848-4ab0c27d4b62&device_owner=network%3Adhcp HTTP/1.1" status: 200 len: 210 time: 0.0238445
2026-07-10 01:02:44.202 9 INFO neutron.api.wsgi [req-953ba7ae-7fe3-4071-9b63-9c43e76fff02 req-7027fcbb-fe49-496e-b11a-a4148fb900de 024b6eb83cec478ca330b7ad67ed3935 21ec168f49c3452caaec72b7f2900559 - - 55386a1d57ec4b85801b7b529053a6af 55386a1d57ec4b85801b7b529053a6af] 199.204.45.53 "GET /v2.0/networks/e859962e-741f-42fc-a848-4ab0c27d4b62?fields=segments HTTP/1.1" status: 200 len: 212 time: 0.0509369
2026-07-10 01:02:44.276 9 INFO neutron.api.wsgi [req-953ba7ae-7fe3-4071-9b63-9c43e76fff02 req-5922cc29-24ba-4a99-82e7-08ab960f57af 024b6eb83cec478ca330b7ad67ed3935 21ec168f49c3452caaec72b7f2900559 - - 55386a1d57ec4b85801b7b529053a6af 55386a1d57ec4b85801b7b529053a6af] 199.204.45.53 "GET /v2.0/networks/e859962e-741f-42fc-a848-4ab0c27d4b62?fields=provider%3Aphysical_network&fields=provider%3Anetwork_type HTTP/1.1" status: 200 len: 277 time: 0.0641279
2026-07-10 01:02:44.302 9 INFO neutron.plugins.ml2.drivers.ovn.mech_driver.mech_driver [None req-9603e4da-3282-439a-8ef4-d8df506f7446 - - - - - -] OVN reports status down for port: 2b89981e-a615-461d-9886-8213a16f4e60
2026-07-10 01:02:44.469 9 INFO neutron.notifiers.nova [-] Nova event matching ['req-f17c7488-c0d0-453c-afb6-4cecdcb4f46d'] response: {'server_uuid': 'c3b861c4-51d5-4996-903e-ae52b3c1ee13', 'name': 'network-vif-unplugged', 'status': 'completed', 'tag': '2b89981e-a615-461d-9886-8213a16f4e60', 'code': 200}
2026-07-10 01:02:44.563 9 INFO neutron.db.ovn_revision_numbers_db [None req-9603e4da-3282-439a-8ef4-d8df506f7446 - - - - - -] Successfully bumped revision number for resource 2b89981e-a615-461d-9886-8213a16f4e60 (type: ports) to 6
2026-07-10 01:02:44.968 10 INFO neutron.api.wsgi [req-70667143-c446-419f-bd4f-89f9be2fefc5 req-35c3f4eb-4a72-4292-9cea-7bc289ed60cd 125d2bca70424ef9a0c707234182216f 92c6136b7d6745c38a15b7ddd9607148 - - default default] 10.0.0.51 "GET /v2.0/ports?device_id=c3b861c4-51d5-4996-903e-ae52b3c1ee13 HTTP/1.1" status: 200 len: 1168 time: 0.0726416
2026-07-10 01:02:45.013 10 INFO neutron.api.wsgi [req-70667143-c446-419f-bd4f-89f9be2fefc5 req-83387882-04ec-4308-9bfe-327efa628083 125d2bca70424ef9a0c707234182216f 92c6136b7d6745c38a15b7ddd9607148 - - default default] 10.0.0.51 "GET /v2.0/security-groups?id=e89538f9-645b-49e5-95d7-dfcd47b7a59c&fields=id&fields=name HTTP/1.1" status: 200 len: 313 time: 0.0373526 /var/lib/openstack/lib/python3.12/site-packages/pycadf/identifier.py:71: UserWarning: Invalid uuid: neutron. To ensure interoperability, identifiers should be a valid uuid. warnings.warn(('Invalid uuid: %s. To ensure interoperability, '
2026-07-10 01:02:45.586 9 INFO neutron.api.wsgi [req-2748e5f2-1e46-4e57-8fc4-c48f3ec58310 req-87e68b91-a87a-405b-839a-3c744c284c7f 125d2bca70424ef9a0c707234182216f 92c6136b7d6745c38a15b7ddd9607148 - - default default] 199.204.45.53 "GET /v2.0/ports?device_id=c3b861c4-51d5-4996-903e-ae52b3c1ee13 HTTP/1.1" status: 200 len: 1168 time: 0.0809991 /var/lib/openstack/lib/python3.12/site-packages/pycadf/identifier.py:71: UserWarning: Invalid uuid: neutron. To ensure interoperability, identifiers should be a valid uuid. warnings.warn(('Invalid uuid: %s. To ensure interoperability, '
