2026-07-10 01:05:10.167 10 INFO neutron.api.wsgi [None req-52e0c9d6-b9b1-43a0-9093-0a258ef3f4ca f5bf6606bd0e4c6596e2117e879906be 761b33bf484d407da56b5a9fc28b7504 - - default default] 10.0.0.54 "PUT /v2.0/vpn/endpoint-groups/1a748056-9e6f-406c-a128-74219bbd7dd5 HTTP/1.1" status: 200 len: 483 time: 0.0252526
2026-07-10 01:05:10.174 10 INFO neutron.db.ovn_revision_numbers_db [None req-3b329868-e542-4cb6-affb-72c9f90ade28 95ca6d00a58b456893b6fef00ff7b8b2 1ac625fd8d51481b8b4b12146f093d51 - - default default] Successfully bumped revision number for resource 7bce8c66-f0fb-4f90-a365-01250b894f44 (type: security_group_rules) to 0
2026-07-10 01:05:10.190 10 INFO neutron.api.wsgi [None req-2d4b142a-9b19-4731-9969-653a6c2f9a64 f5bf6606bd0e4c6596e2117e879906be 761b33bf484d407da56b5a9fc28b7504 - - default default] 10.0.0.54 "GET /v2.0/vpn/endpoint-groups/1a748056-9e6f-406c-a128-74219bbd7dd5 HTTP/1.1" status: 200 len: 483 time: 0.0173342
2026-07-10 01:05:10.220 9 INFO neutron.api.wsgi [None req-c670fcb9-0888-4744-951c-ac001f33d2c5 f5bf6606bd0e4c6596e2117e879906be 761b33bf484d407da56b5a9fc28b7504 - - default default] 10.0.0.54 "DELETE /v2.0/vpn/endpoint-groups/1a748056-9e6f-406c-a128-74219bbd7dd5 HTTP/1.1" status: 204 len: 168 time: 0.0235608
2026-07-10 01:05:10.236 9 INFO neutron.api.wsgi [None req-65be860f-03b5-4c17-9825-8ca78f39d979 f5bf6606bd0e4c6596e2117e879906be 761b33bf484d407da56b5a9fc28b7504 - - default default] 10.0.0.54 "GET /v2.0/vpn/endpoint-groups HTTP/1.1" status: 200 len: 826 time: 0.0112433
2026-07-10 01:05:10.248 9 INFO neutron.api.wsgi [None req-f7813e32-f310-4324-8d56-d1e3f218c7f9 f5bf6606bd0e4c6596e2117e879906be 761b33bf484d407da56b5a9fc28b7504 - - default default] 10.0.0.54 "GET /v2.0/vpn/endpoint-groups HTTP/1.1" status: 200 len: 826 time: 0.0076931
2026-07-10 01:05:10.255 9 WARNING neutron_lib.context [None req-2017b757-2c0b-4c8d-8b01-11f930659fa3 f5bf6606bd0e4c6596e2117e879906be 761b33bf484d407da56b5a9fc28b7504 - - default default] Method 'is_advsvc' is deprecated since 2023.2 release (neutron-lib 3.8.0) and will be removed once support for the old RBAC API policies will be removed from Neutron. Please use method 'is_service_role' instead.
2026-07-10 01:05:10.290 9 INFO neutron.api.wsgi [None req-2017b757-2c0b-4c8d-8b01-11f930659fa3 f5bf6606bd0e4c6596e2117e879906be 761b33bf484d407da56b5a9fc28b7504 - - default default] 10.0.0.54 "POST /v2.0/vpn/ikepolicies HTTP/1.1" status: 201 len: 601 time: 0.0374818
2026-07-10 01:05:10.314 10 INFO neutron.db.ovn_revision_numbers_db [None req-3b329868-e542-4cb6-affb-72c9f90ade28 95ca6d00a58b456893b6fef00ff7b8b2 1ac625fd8d51481b8b4b12146f093d51 - - default default] Successfully bumped revision number for resource 2b7b0d66-c886-452a-984e-439df00c9e02 (type: security_groups) to 1
2026-07-10 01:05:10.327 10 INFO neutron.api.wsgi [None req-9cde737c-a167-4d3d-8f7c-3a7e1ef5b079 f5bf6606bd0e4c6596e2117e879906be 761b33bf484d407da56b5a9fc28b7504 - - default default] 10.0.0.54 "PUT /v2.0/vpn/ikepolicies/fb097cd6-0274-4284-ad9d-5a4509958ed7 HTTP/1.1" status: 200 len: 612 time: 0.0324197
2026-07-10 01:05:10.329 10 INFO neutron.db.ovn_revision_numbers_db [None req-3b329868-e542-4cb6-affb-72c9f90ade28 95ca6d00a58b456893b6fef00ff7b8b2 1ac625fd8d51481b8b4b12146f093d51 - - default default] Successfully bumped revision number for resource 5185bb43-6e8e-4822-b3b2-b729e4003aeb (type: security_group_rules) to 0
2026-07-10 01:05:10.341 10 INFO neutron.db.ovn_revision_numbers_db [None req-3b329868-e542-4cb6-affb-72c9f90ade28 95ca6d00a58b456893b6fef00ff7b8b2 1ac625fd8d51481b8b4b12146f093d51 - - default default] Successfully bumped revision number for resource de113b4c-51f7-4a99-9757-e8327618f3cf (type: security_group_rules) to 0
2026-07-10 01:05:10.343 9 INFO neutron.api.wsgi [None req-f1299965-bb85-4705-a92f-e7f7d5158eef f5bf6606bd0e4c6596e2117e879906be 761b33bf484d407da56b5a9fc28b7504 - - default default] 10.0.0.54 "GET /v2.0/vpn/ikepolicies/fb097cd6-0274-4284-ad9d-5a4509958ed7 HTTP/1.1" status: 200 len: 612 time: 0.0095553
2026-07-10 01:05:10.381 9 INFO neutron.api.wsgi [None req-74719a2d-c898-4de4-a6b6-78654e9435bc f5bf6606bd0e4c6596e2117e879906be 761b33bf484d407da56b5a9fc28b7504 - - default default] 10.0.0.54 "DELETE /v2.0/vpn/ikepolicies/fb097cd6-0274-4284-ad9d-5a4509958ed7 HTTP/1.1" status: 204 len: 168 time: 0.0336075
2026-07-10 01:05:10.404 10 INFO neutron.api.wsgi [None req-3b329868-e542-4cb6-affb-72c9f90ade28 95ca6d00a58b456893b6fef00ff7b8b2 1ac625fd8d51481b8b4b12146f093d51 - - default default] 10.0.0.54 "POST /v2.0/security-groups HTTP/1.1" status: 201 len: 1826 time: 0.7254021
2026-07-10 01:05:10.414 10 INFO neutron.api.wsgi [None req-9669cf5a-c69d-4276-b9d7-b0766f2346e2 f5bf6606bd0e4c6596e2117e879906be 761b33bf484d407da56b5a9fc28b7504 - - default default] 10.0.0.54 "GET /v2.0/vpn/ikepolicies HTTP/1.1" status: 200 len: 602 time: 0.0274379
2026-07-10 01:05:10.427 10 INFO neutron.api.wsgi [None req-3ba8dc5d-5294-4696-bcce-ea840fd8ef1a f5bf6606bd0e4c6596e2117e879906be 761b33bf484d407da56b5a9fc28b7504 - - default default] 10.0.0.54 "GET /v2.0/vpn/ikepolicies HTTP/1.1" status: 200 len: 602 time: 0.0081732
2026-07-10 01:05:10.429 10 INFO neutron.db.ovn_revision_numbers_db [None req-9d3e51b7-fbd1-4657-a0a9-ec42605c80e2 f1605540799940d6a8c6802153d04f9d 8bbd1757e6f3481f8a206f9152e1a87a - - default default] Successfully bumped revision number for resource 994ee8a9-4012-442a-b4fe-a7b597334a7c (type: router_ports) to 1
2026-07-10 01:05:10.433 10 INFO neutron.api.wsgi [None req-9d3e51b7-fbd1-4657-a0a9-ec42605c80e2 f1605540799940d6a8c6802153d04f9d 8bbd1757e6f3481f8a206f9152e1a87a - - default default] 10.0.0.54 "PUT /v2.0/routers/9dd33876-3d56-47b0-aa3a-81a637ea8423/add_router_interface HTTP/1.1" status: 200 len: 503 time: 1.9069467
2026-07-10 01:05:10.439 9 WARNING neutron_lib.context [None req-782c9839-abf7-48bc-a1c1-996e21a7fa01 f5bf6606bd0e4c6596e2117e879906be 761b33bf484d407da56b5a9fc28b7504 - - default default] Method 'is_advsvc' is deprecated since 2023.2 release (neutron-lib 3.8.0) and will be removed once support for the old RBAC API policies will be removed from Neutron. Please use method 'is_service_role' instead.
2026-07-10 01:05:10.480 9 INFO neutron.api.wsgi [None req-b15359dc-d394-4f23-af55-7e7fe0e2c575 95ca6d00a58b456893b6fef00ff7b8b2 1ac625fd8d51481b8b4b12146f093d51 - - default default] 10.0.0.54 "GET /v2.0/security-groups HTTP/1.1" status: 200 len: 4730 time: 0.0644400
2026-07-10 01:05:10.496 9 INFO neutron.api.wsgi [None req-782c9839-abf7-48bc-a1c1-996e21a7fa01 f5bf6606bd0e4c6596e2117e879906be 761b33bf484d407da56b5a9fc28b7504 - - default default] 10.0.0.54 "POST /v2.0/vpn/ipsecpolicies HTTP/1.1" status: 201 len: 610 time: 0.0626216
2026-07-10 01:05:10.575 10 INFO neutron.api.wsgi [None req-8f4fa5fa-6760-42d7-b508-ec89533efb9f f5bf6606bd0e4c6596e2117e879906be 761b33bf484d407da56b5a9fc28b7504 - - default default] 10.0.0.54 "PUT /v2.0/vpn/ipsecpolicies/40e8cbc8-2709-46bc-a2b8-628343144f3c HTTP/1.1" status: 200 len: 625 time: 0.0738471
2026-07-10 01:05:10.617 9 INFO neutron.api.wsgi [None req-a93f2012-34b6-4bf7-8fd0-c340d35cf318 f5bf6606bd0e4c6596e2117e879906be 761b33bf484d407da56b5a9fc28b7504 - - default default] 10.0.0.54 "DELETE /v2.0/vpn/ipsecpolicies/40e8cbc8-2709-46bc-a2b8-628343144f3c HTTP/1.1" status: 204 len: 168 time: 0.0307739
2026-07-10 01:05:10.628 9 INFO neutron.api.v2.resource [None req-95c054ca-4773-4bb5-8524-21e52eb29ecf f5bf6606bd0e4c6596e2117e879906be 761b33bf484d407da56b5a9fc28b7504 - - default default] delete failed (client error): The resource could not be found.
2026-07-10 01:05:10.629 9 INFO neutron.api.wsgi [None req-95c054ca-4773-4bb5-8524-21e52eb29ecf f5bf6606bd0e4c6596e2117e879906be 761b33bf484d407da56b5a9fc28b7504 - - default default] 10.0.0.54 "DELETE /v2.0/vpn/ipsecpolicies/40e8cbc8-2709-46bc-a2b8-628343144f3c HTTP/1.1" status: 404 len: 346 time: 0.0071847
2026-07-10 01:05:10.640 9 INFO neutron.api.v2.resource [None req-03bd6b1f-3624-4ddb-829b-223ffb8cc514 f5bf6606bd0e4c6596e2117e879906be 761b33bf484d407da56b5a9fc28b7504 - - default default] delete failed (client error): The resource could not be found.
2026-07-10 01:05:10.641 9 INFO neutron.api.wsgi [None req-03bd6b1f-3624-4ddb-829b-223ffb8cc514 f5bf6606bd0e4c6596e2117e879906be 761b33bf484d407da56b5a9fc28b7504 - - default default] 10.0.0.54 "DELETE /v2.0/vpn/ipsecpolicies/40e8cbc8-2709-46bc-a2b8-628343144f3c HTTP/1.1" status: 404 len: 346 time: 0.0068657
2026-07-10 01:05:10.644 10 INFO neutron.db.ovn_revision_numbers_db [None req-15feac8e-ba39-4e57-ba25-073eeb975b72 95ca6d00a58b456893b6fef00ff7b8b2 1ac625fd8d51481b8b4b12146f093d51 - - default default] Successfully bumped revision number for resource 2b7b0d66-c886-452a-984e-439df00c9e02 (type: security_groups) to 2
2026-07-10 01:05:10.654 9 WARNING neutron_lib.context [None req-1700ed9b-0414-4b08-a290-aa0c0155f393 f5bf6606bd0e4c6596e2117e879906be 761b33bf484d407da56b5a9fc28b7504 - - default default] Method 'is_advsvc' is deprecated since 2023.2 release (neutron-lib 3.8.0) and will be removed once support for the old RBAC API policies will be removed from Neutron. Please use method 'is_service_role' instead.
2026-07-10 01:05:10.677 10 INFO neutron.api.wsgi [None req-15feac8e-ba39-4e57-ba25-073eeb975b72 95ca6d00a58b456893b6fef00ff7b8b2 1ac625fd8d51481b8b4b12146f093d51 - - default default] 10.0.0.54 "PUT /v2.0/security-groups/2b7b0d66-c886-452a-984e-439df00c9e02 HTTP/1.1" status: 200 len: 1861 time: 0.1910007
2026-07-10 01:05:10.708 10 INFO neutron.api.wsgi [None req-d185b0bc-77a6-4f1d-86c7-5472d30cb420 95ca6d00a58b456893b6fef00ff7b8b2 1ac625fd8d51481b8b4b12146f093d51 - - default default] 10.0.0.54 "GET /v2.0/security-groups/2b7b0d66-c886-452a-984e-439df00c9e02 HTTP/1.1" status: 200 len: 1861 time: 0.0251741
2026-07-10 01:05:10.736 9 INFO neutron.db.segments_db [None req-1700ed9b-0414-4b08-a290-aa0c0155f393 f5bf6606bd0e4c6596e2117e879906be 761b33bf484d407da56b5a9fc28b7504 - - default default] Added segment 40ce195b-1840-48a6-9a32-7739bb49d4fc of type geneve for network 45bf74ce-4c9e-454e-88cc-ad4af9e75a1e
2026-07-10 01:05:10.839 10 INFO neutron.api.wsgi [None req-e6799779-aa36-496e-9a67-c8a60e217ef1 95ca6d00a58b456893b6fef00ff7b8b2 1ac625fd8d51481b8b4b12146f093d51 - - default default] 10.0.0.54 "DELETE /v2.0/security-groups/2b7b0d66-c886-452a-984e-439df00c9e02 HTTP/1.1" status: 204 len: 168 time: 0.1264307
2026-07-10 01:05:10.841 9 INFO neutron.db.ovn_revision_numbers_db [None req-1700ed9b-0414-4b08-a290-aa0c0155f393 f5bf6606bd0e4c6596e2117e879906be 761b33bf484d407da56b5a9fc28b7504 - - default default] Successfully bumped revision number for resource 45bf74ce-4c9e-454e-88cc-ad4af9e75a1e (type: networks) to 1
2026-07-10 01:05:10.877 9 INFO neutron.api.wsgi [None req-13c9564f-8611-4db3-81b6-b5a28d42d773 95ca6d00a58b456893b6fef00ff7b8b2 1ac625fd8d51481b8b4b12146f093d51 - - default default] 10.0.0.54 "GET /v2.0/security-groups HTTP/1.1" status: 200 len: 3124 time: 0.0331576
2026-07-10 01:05:10.901 10 INFO neutron.api.v2.resource [None req-0d4f9727-116e-4c5a-959e-889acd3912ab 95ca6d00a58b456893b6fef00ff7b8b2 1ac625fd8d51481b8b4b12146f093d51 - - default default] delete failed (client error): The resource could not be found.
2026-07-10 01:05:10.902 10 INFO neutron.api.wsgi [None req-0d4f9727-116e-4c5a-959e-889acd3912ab 95ca6d00a58b456893b6fef00ff7b8b2 1ac625fd8d51481b8b4b12146f093d51 - - default default] 10.0.0.54 "DELETE /v2.0/security-groups/2b7b0d66-c886-452a-984e-439df00c9e02 HTTP/1.1" status: 404 len: 347 time: 0.0198791
2026-07-10 01:05:10.916 9 WARNING neutron_lib.context [None req-7b5db093-c903-4cc1-a696-d581d5896ce7 95ca6d00a58b456893b6fef00ff7b8b2 1ac625fd8d51481b8b4b12146f093d51 - - default default] Method 'is_advsvc' is deprecated since 2023.2 release (neutron-lib 3.8.0) and will be removed once support for the old RBAC API policies will be removed from Neutron. Please use method 'is_service_role' instead.
2026-07-10 01:05:11.020 10 WARNING neutron.scheduler.dhcp_agent_scheduler [None req-95f62e31-de07-4af8-804b-c7581524610d f1605540799940d6a8c6802153d04f9d 8bbd1757e6f3481f8a206f9152e1a87a - - default default] No more DHCP agents
2026-07-10 01:05:11.023 10 WARNING neutron.api.rpc.agentnotifiers.dhcp_rpc_agent_api [None req-95f62e31-de07-4af8-804b-c7581524610d f1605540799940d6a8c6802153d04f9d 8bbd1757e6f3481f8a206f9152e1a87a - - default default] Unable to schedule network e12e8376-e861-4144-816e-7eff9973a72a: no agents available; will retry on subsequent port and subnet creation events.
2026-07-10 01:05:11.057 9 WARNING neutron.scheduler.dhcp_agent_scheduler [None req-1700ed9b-0414-4b08-a290-aa0c0155f393 f5bf6606bd0e4c6596e2117e879906be 761b33bf484d407da56b5a9fc28b7504 - - default default] No more DHCP agents
2026-07-10 01:05:11.062 9 WARNING neutron.api.rpc.agentnotifiers.dhcp_rpc_agent_api [None req-1700ed9b-0414-4b08-a290-aa0c0155f393 f5bf6606bd0e4c6596e2117e879906be 761b33bf484d407da56b5a9fc28b7504 - - default default] Unable to schedule network 45bf74ce-4c9e-454e-88cc-ad4af9e75a1e: no agents available; will retry on subsequent port and subnet creation events.
2026-07-10 01:05:11.087 9 INFO neutron.db.ovn_revision_numbers_db [None req-7b5db093-c903-4cc1-a696-d581d5896ce7 95ca6d00a58b456893b6fef00ff7b8b2 1ac625fd8d51481b8b4b12146f093d51 - - default default] Successfully bumped revision number for resource c97d5997-f0e7-46e3-8686-e28b2ca3897c (type: security_groups) to 1
2026-07-10 01:05:11.113 9 INFO neutron.db.ovn_revision_numbers_db [None req-7b5db093-c903-4cc1-a696-d581d5896ce7 95ca6d00a58b456893b6fef00ff7b8b2 1ac625fd8d51481b8b4b12146f093d51 - - default default] Successfully bumped revision number for resource 728fbeac-6f04-4361-9b10-7d17f9122af7 (type: security_group_rules) to 0
2026-07-10 01:05:11.133 9 INFO neutron.db.ovn_revision_numbers_db [None req-7b5db093-c903-4cc1-a696-d581d5896ce7 95ca6d00a58b456893b6fef00ff7b8b2 1ac625fd8d51481b8b4b12146f093d51 - - default default] Successfully bumped revision number for resource e97ff2da-07bb-43d3-8f62-f53aa029d087 (type: security_group_rules) to 0
2026-07-10 01:05:11.146 9 INFO neutron.db.ovn_revision_numbers_db [None req-1700ed9b-0414-4b08-a290-aa0c0155f393 f5bf6606bd0e4c6596e2117e879906be 761b33bf484d407da56b5a9fc28b7504 - - default default] Successfully bumped revision number for resource e2cedf4b-c202-49a0-a9df-d6d62cbf37a0 (type: ports) to 1
2026-07-10 01:05:11.153 10 INFO neutron.db.ovn_revision_numbers_db [None req-95f62e31-de07-4af8-804b-c7581524610d f1605540799940d6a8c6802153d04f9d 8bbd1757e6f3481f8a206f9152e1a87a - - default default] Successfully bumped revision number for resource 745f118f-d3b8-4d43-aea4-caf192f70722 (type: ports) to 1
2026-07-10 01:05:11.166 9 INFO neutron.api.wsgi [None req-1700ed9b-0414-4b08-a290-aa0c0155f393 f5bf6606bd0e4c6596e2117e879906be 761b33bf484d407da56b5a9fc28b7504 - - default default] 10.0.0.54 "POST /v2.0/networks HTTP/1.1" status: 201 len: 830 time: 0.5150430
2026-07-10 01:05:11.170 9 INFO neutron.api.wsgi [None req-7b5db093-c903-4cc1-a696-d581d5896ce7 95ca6d00a58b456893b6fef00ff7b8b2 1ac625fd8d51481b8b4b12146f093d51 - - default default] 10.0.0.54 "POST /v2.0/security-groups HTTP/1.1" status: 201 len: 1827 time: 0.2606320
2026-07-10 01:05:11.181 10 WARNING neutron_lib.context [None req-69435e60-4ae8-4afe-af2c-4db5aa802808 95ca6d00a58b456893b6fef00ff7b8b2 1ac625fd8d51481b8b4b12146f093d51 - - default default] Method 'is_advsvc' is deprecated since 2023.2 release (neutron-lib 3.8.0) and will be removed once support for the old RBAC API policies will be removed from Neutron. Please use method 'is_service_role' instead.
2026-07-10 01:05:11.182 9 WARNING neutron_lib.context [None req-0a5ae84e-d0fc-4e84-b0e3-2bcba68dadf4 f5bf6606bd0e4c6596e2117e879906be 761b33bf484d407da56b5a9fc28b7504 - - default default] Method 'is_advsvc' is deprecated since 2023.2 release (neutron-lib 3.8.0) and will be removed once support for the old RBAC API policies will be removed from Neutron. Please use method 'is_service_role' instead.
2026-07-10 01:05:11.321 9 INFO neutron.plugins.ml2.drivers.ovn.mech_driver.mech_driver [None req-52a41e2b-5ad9-4de1-8432-c7b5f8a5f835 - - - - - -] OVN reports status up for port: 994ee8a9-4012-442a-b4fe-a7b597334a7c
2026-07-10 01:05:11.328 9 INFO neutron.plugins.ml2.plugin [None req-52a41e2b-5ad9-4de1-8432-c7b5f8a5f835 - - - - - -] Attempt 1 to provision port 994ee8a9-4012-442a-b4fe-a7b597334a7c
2026-07-10 01:05:11.365 10 INFO neutron.db.ovn_revision_numbers_db [None req-69435e60-4ae8-4afe-af2c-4db5aa802808 95ca6d00a58b456893b6fef00ff7b8b2 1ac625fd8d51481b8b4b12146f093d51 - - default default] Successfully bumped revision number for resource 1101107f-4a03-417f-be00-fe0fd095b860 (type: security_group_rules) to 0
2026-07-10 01:05:11.422 9 WARNING neutron.scheduler.dhcp_agent_scheduler [None req-0a5ae84e-d0fc-4e84-b0e3-2bcba68dadf4 f5bf6606bd0e4c6596e2117e879906be 761b33bf484d407da56b5a9fc28b7504 - - default default] No more DHCP agents
2026-07-10 01:05:11.423 9 WARNING neutron.api.rpc.agentnotifiers.dhcp_rpc_agent_api [None req-0a5ae84e-d0fc-4e84-b0e3-2bcba68dadf4 f5bf6606bd0e4c6596e2117e879906be 761b33bf484d407da56b5a9fc28b7504 - - default default] Unable to schedule network 45bf74ce-4c9e-454e-88cc-ad4af9e75a1e: no agents available; will retry on subsequent port and subnet creation events.
2026-07-10 01:05:11.451 10 INFO neutron.api.wsgi [None req-69435e60-4ae8-4afe-af2c-4db5aa802808 95ca6d00a58b456893b6fef00ff7b8b2 1ac625fd8d51481b8b4b12146f093d51 - - default default] 10.0.0.54 "POST /v2.0/security-group-rules HTTP/1.1" status: 201 len: 800 time: 0.2746165
2026-07-10 01:05:11.525 9 INFO neutron.api.wsgi [None req-8910ad68-78e2-4cbe-9e39-29719aeeb505 95ca6d00a58b456893b6fef00ff7b8b2 1ac625fd8d51481b8b4b12146f093d51 - - default default] 10.0.0.54 "GET /v2.0/security-group-rules/1101107f-4a03-417f-be00-fe0fd095b860 HTTP/1.1" status: 200 len: 795 time: 0.0642874
2026-07-10 01:05:11.661 9 INFO neutron.api.wsgi [None req-88bd527c-ab61-4975-9f37-a3079c2b39a0 95ca6d00a58b456893b6fef00ff7b8b2 1ac625fd8d51481b8b4b12146f093d51 - - default default] 10.0.0.54 "GET /v2.0/security-group-rules HTTP/1.1" status: 200 len: 4333 time: 0.1177647
2026-07-10 01:05:11.784 10 INFO neutron.api.wsgi [None req-3655e42f-9110-423e-bc51-5c5d3531324d 95ca6d00a58b456893b6fef00ff7b8b2 1ac625fd8d51481b8b4b12146f093d51 - - default default] 10.0.0.54 "DELETE /v2.0/security-group-rules/1101107f-4a03-417f-be00-fe0fd095b860 HTTP/1.1" status: 204 len: 168 time: 0.1181085
2026-07-10 01:05:11.893 9 INFO neutron.db.ovn_revision_numbers_db [None req-52a41e2b-5ad9-4de1-8432-c7b5f8a5f835 - - - - - -] Successfully bumped revision number for resource 994ee8a9-4012-442a-b4fe-a7b597334a7c (type: ports) to 2
2026-07-10 01:05:12.008 9 INFO neutron.db.ovn_revision_numbers_db [None req-5aae2a60-039c-4afc-9615-c82087df10e9 - - - - - -] Successfully bumped revision number for resource e2cedf4b-c202-49a0-a9df-d6d62cbf37a0 (type: ports) to 2
2026-07-10 01:05:12.038 9 INFO neutron.db.ovn_revision_numbers_db [None req-5aae2a60-039c-4afc-9615-c82087df10e9 - - - - - -] Successfully bumped revision number for resource 29328fe7-cd78-4139-968a-fe4de1ab81a9 (type: subnets) to 0
2026-07-10 01:05:12.053 9 INFO neutron.api.wsgi [None req-0a5ae84e-d0fc-4e84-b0e3-2bcba68dadf4 f5bf6606bd0e4c6596e2117e879906be 761b33bf484d407da56b5a9fc28b7504 - - default default] 10.0.0.54 "POST /v2.0/subnets HTTP/1.1" status: 201 len: 828 time: 0.8808599
2026-07-10 01:05:12.063 9 WARNING neutron_lib.context [None req-181f3370-8fbc-4230-9e79-0c275807c46f f5bf6606bd0e4c6596e2117e879906be 761b33bf484d407da56b5a9fc28b7504 - - default default] Method 'is_advsvc' is deprecated since 2023.2 release (neutron-lib 3.8.0) and will be removed once support for the old RBAC API policies will be removed from Neutron. Please use method 'is_service_role' instead.
2026-07-10 01:05:12.195 10 INFO neutron.api.wsgi [None req-cd117f57-c48d-439a-9242-d0b9f0189630 95ca6d00a58b456893b6fef00ff7b8b2 1ac625fd8d51481b8b4b12146f093d51 - - default default] 10.0.0.54 "GET /v2.0/security-group-rules HTTP/1.1" status: 200 len: 3755 time: 0.4064190
2026-07-10 01:05:12.206 9 WARNING neutron_lib.context [None req-65aa8252-1e43-4523-a5c8-1af64da1c313 95ca6d00a58b456893b6fef00ff7b8b2 1ac625fd8d51481b8b4b12146f093d51 - - default default] Method 'is_advsvc' is deprecated since 2023.2 release (neutron-lib 3.8.0) and will be removed once support for the old RBAC API policies will be removed from Neutron. Please use method 'is_service_role' instead.
2026-07-10 01:05:12.240 10 INFO neutron.plugins.ml2.drivers.ovn.mech_driver.mech_driver [None req-f1995fdb-c206-4741-a7c4-c73a9953f998 - - - - - -] OVN reports status up for port: 745f118f-d3b8-4d43-aea4-caf192f70722
2026-07-10 01:05:12.250 10 INFO neutron.plugins.ml2.plugin [None req-f1995fdb-c206-4741-a7c4-c73a9953f998 - - - - - -] Attempt 1 to provision port 745f118f-d3b8-4d43-aea4-caf192f70722
2026-07-10 01:05:12.263 10 INFO neutron.db.ovn_revision_numbers_db [None req-95f62e31-de07-4af8-804b-c7581524610d f1605540799940d6a8c6802153d04f9d 8bbd1757e6f3481f8a206f9152e1a87a - - default default] Successfully bumped revision number for resource 745f118f-d3b8-4d43-aea4-caf192f70722 (type: ports) to 1
2026-07-10 01:05:12.322 10 WARNING neutron.scheduler.dhcp_agent_scheduler [None req-95f62e31-de07-4af8-804b-c7581524610d f1605540799940d6a8c6802153d04f9d 8bbd1757e6f3481f8a206f9152e1a87a - - default default] No more DHCP agents
2026-07-10 01:05:12.324 10 WARNING neutron.api.rpc.agentnotifiers.dhcp_rpc_agent_api [None req-95f62e31-de07-4af8-804b-c7581524610d f1605540799940d6a8c6802153d04f9d 8bbd1757e6f3481f8a206f9152e1a87a - - default default] Unable to schedule network e12e8376-e861-4144-816e-7eff9973a72a: no agents available; will retry on subsequent port and subnet creation events.
2026-07-10 01:05:12.339 9 INFO neutron.db.ovn_revision_numbers_db [None req-65aa8252-1e43-4523-a5c8-1af64da1c313 95ca6d00a58b456893b6fef00ff7b8b2 1ac625fd8d51481b8b4b12146f093d51 - - default default] Successfully bumped revision number for resource cfbd5556-4c22-404c-aba8-12177bf13eea (type: security_group_rules) to 0
2026-07-10 01:05:12.377 9 INFO neutron.api.wsgi [None req-65aa8252-1e43-4523-a5c8-1af64da1c313 95ca6d00a58b456893b6fef00ff7b8b2 1ac625fd8d51481b8b4b12146f093d51 - - default default] 10.0.0.54 "POST /v2.0/security-group-rules HTTP/1.1" status: 201 len: 800 time: 0.1750479
2026-07-10 01:05:12.415 9 INFO neutron.api.wsgi [None req-5bbfb497-7834-46ee-80ea-34b6f86e882e 95ca6d00a58b456893b6fef00ff7b8b2 1ac625fd8d51481b8b4b12146f093d51 - - default default] 10.0.0.54 "GET /v2.0/security-group-rules/cfbd5556-4c22-404c-aba8-12177bf13eea HTTP/1.1" status: 200 len: 795 time: 0.0264945
2026-07-10 01:05:12.494 10 INFO neutron.api.wsgi [None req-8d4fc42d-0f12-48c6-b267-b68644c19141 95ca6d00a58b456893b6fef00ff7b8b2 1ac625fd8d51481b8b4b12146f093d51 - - default default] 10.0.0.54 "GET /v2.0/security-group-rules HTTP/1.1" status: 200 len: 4333 time: 0.0723939
2026-07-10 01:05:12.503 9 WARNING neutron.scheduler.dhcp_agent_scheduler [None req-181f3370-8fbc-4230-9e79-0c275807c46f f5bf6606bd0e4c6596e2117e879906be 761b33bf484d407da56b5a9fc28b7504 - - default default] No more DHCP agents
2026-07-10 01:05:12.504 9 WARNING neutron.api.rpc.agentnotifiers.dhcp_rpc_agent_api [None req-181f3370-8fbc-4230-9e79-0c275807c46f f5bf6606bd0e4c6596e2117e879906be 761b33bf484d407da56b5a9fc28b7504 - - default default] Unable to schedule network 3bc58217-06a1-47e8-b7e9-00c2564b8f04: no agents available; will retry on subsequent port and subnet creation events.
2026-07-10 01:05:12.612 9 INFO neutron.db.ovn_revision_numbers_db [None req-181f3370-8fbc-4230-9e79-0c275807c46f f5bf6606bd0e4c6596e2117e879906be 761b33bf484d407da56b5a9fc28b7504 - - default default] Successfully bumped revision number for resource a95a70fa-3d6d-4e9e-a31e-e55bf39573da (type: ports) to 1
2026-07-10 01:05:12.702 10 INFO neutron.api.wsgi [None req-4bcbd550-be23-4ec4-bdac-91bb87d300d7 95ca6d00a58b456893b6fef00ff7b8b2 1ac625fd8d51481b8b4b12146f093d51 - - default default] 10.0.0.54 "DELETE /v2.0/security-group-rules/cfbd5556-4c22-404c-aba8-12177bf13eea HTTP/1.1" status: 204 len: 168 time: 0.1962569
2026-07-10 01:05:12.733 10 INFO neutron.db.ovn_revision_numbers_db [None req-f1995fdb-c206-4741-a7c4-c73a9953f998 - - - - - -] Successfully bumped revision number for resource 745f118f-d3b8-4d43-aea4-caf192f70722 (type: ports) to 2
2026-07-10 01:05:12.786 10 INFO neutron.api.wsgi [None req-15cf6631-4620-41f8-8d6a-790f0d0babdc 95ca6d00a58b456893b6fef00ff7b8b2 1ac625fd8d51481b8b4b12146f093d51 - - default default] 10.0.0.54 "GET /v2.0/security-group-rules HTTP/1.1" status: 200 len: 3755 time: 0.0788260
2026-07-10 01:05:12.807 9 WARNING neutron_lib.context [None req-61fdf274-245f-4bb8-83b7-fecacf1015a9 95ca6d00a58b456893b6fef00ff7b8b2 1ac625fd8d51481b8b4b12146f093d51 - - default default] Method 'is_advsvc' is deprecated since 2023.2 release (neutron-lib 3.8.0) and will be removed once support for the old RBAC API policies will be removed from Neutron. Please use method 'is_service_role' instead.
2026-07-10 01:05:12.890 10 INFO neutron.db.ovn_revision_numbers_db [None req-95f62e31-de07-4af8-804b-c7581524610d f1605540799940d6a8c6802153d04f9d 8bbd1757e6f3481f8a206f9152e1a87a - - default default] Successfully bumped revision number for resource 745f118f-d3b8-4d43-aea4-caf192f70722 (type: router_ports) to 1
2026-07-10 01:05:12.898 10 INFO neutron.api.wsgi [None req-95f62e31-de07-4af8-804b-c7581524610d f1605540799940d6a8c6802153d04f9d 8bbd1757e6f3481f8a206f9152e1a87a - - default default] 10.0.0.54 "PUT /v2.0/routers/9dd33876-3d56-47b0-aa3a-81a637ea8423/add_router_interface HTTP/1.1" status: 200 len: 503 time: 2.4586618
2026-07-10 01:05:13.032 9 INFO neutron.db.ovn_revision_numbers_db [None req-61fdf274-245f-4bb8-83b7-fecacf1015a9 95ca6d00a58b456893b6fef00ff7b8b2 1ac625fd8d51481b8b4b12146f093d51 - - default default] Successfully bumped revision number for resource fc21b4d1-6ad1-425f-bbb5-5519c92bbfa0 (type: security_group_rules) to 0
2026-07-10 01:05:13.098 9 INFO neutron.api.wsgi [None req-61fdf274-245f-4bb8-83b7-fecacf1015a9 95ca6d00a58b456893b6fef00ff7b8b2 1ac625fd8d51481b8b4b12146f093d51 - - default default] 10.0.0.54 "POST /v2.0/security-group-rules HTTP/1.1" status: 201 len: 801 time: 0.2949789
2026-07-10 01:05:13.120 9 INFO neutron.api.wsgi [None req-557043a0-8298-4572-8527-89d1656a0359 95ca6d00a58b456893b6fef00ff7b8b2 1ac625fd8d51481b8b4b12146f093d51 - - default default] 10.0.0.54 "GET /v2.0/security-group-rules/fc21b4d1-6ad1-425f-bbb5-5519c92bbfa0 HTTP/1.1" status: 200 len: 796 time: 0.0172226
2026-07-10 01:05:13.201 10 INFO neutron.api.wsgi [None req-59b5fd3f-e72a-40d6-ac80-25b6f3803cd1 95ca6d00a58b456893b6fef00ff7b8b2 1ac625fd8d51481b8b4b12146f093d51 - - default default] 10.0.0.54 "GET /v2.0/security-group-rules HTTP/1.1" status: 200 len: 4334 time: 0.0714397
2026-07-10 01:05:13.336 9 INFO neutron.plugins.ml2.drivers.ovn.mech_driver.ovsdb.commands [None req-de63255e-ff54-45fb-a85d-533e169c62c5 - - - - - -] Schedule LRP lrp-a95a70fa-3d6d-4e9e-a31e-e55bf39573da on gateway e5929e1b-71c4-4d0f-851b-eddd482e630f with priority 1
2026-07-10 01:05:13.418 9 INFO neutron.db.ovn_revision_numbers_db [None req-181f3370-8fbc-4230-9e79-0c275807c46f f5bf6606bd0e4c6596e2117e879906be 761b33bf484d407da56b5a9fc28b7504 - - default default] Successfully bumped revision number for resource a95a70fa-3d6d-4e9e-a31e-e55bf39573da (type: router_ports) to 1
2026-07-10 01:05:13.441 9 INFO neutron.api.wsgi [None req-51f412d3-40b5-45e5-a8cd-3e4fc7bc2893 95ca6d00a58b456893b6fef00ff7b8b2 1ac625fd8d51481b8b4b12146f093d51 - - default default] 10.0.0.54 "DELETE /v2.0/security-group-rules/fc21b4d1-6ad1-425f-bbb5-5519c92bbfa0 HTTP/1.1" status: 204 len: 168 time: 0.2327871
2026-07-10 01:05:13.505 9 INFO neutron.db.ovn_revision_numbers_db [None req-181f3370-8fbc-4230-9e79-0c275807c46f f5bf6606bd0e4c6596e2117e879906be 761b33bf484d407da56b5a9fc28b7504 - - default default] Successfully bumped revision number for resource 1c707e7c-cf63-45d4-a790-c1f9acad4679 (type: routers) to 2
2026-07-10 01:05:13.523 9 INFO neutron.api.wsgi [None req-181f3370-8fbc-4230-9e79-0c275807c46f f5bf6606bd0e4c6596e2117e879906be 761b33bf484d407da56b5a9fc28b7504 - - default default] 10.0.0.54 "POST /v2.0/routers HTTP/1.1" status: 201 len: 1135 time: 1.4645638
2026-07-10 01:05:13.534 10 INFO neutron.api.wsgi [None req-29f0ff17-290a-4447-9e25-e8c008615213 95ca6d00a58b456893b6fef00ff7b8b2 1ac625fd8d51481b8b4b12146f093d51 - - default default] 10.0.0.54 "GET /v2.0/security-group-rules HTTP/1.1" status: 200 len: 3755 time: 0.0864470
2026-07-10 01:05:13.615 10 WARNING neutron.scheduler.dhcp_agent_scheduler [None req-ea22f999-9b3a-4550-9af5-bfbd5370635e f1605540799940d6a8c6802153d04f9d 8bbd1757e6f3481f8a206f9152e1a87a - - default default] No more DHCP agents
2026-07-10 01:05:13.616 10 WARNING neutron.api.rpc.agentnotifiers.dhcp_rpc_agent_api [None req-ea22f999-9b3a-4550-9af5-bfbd5370635e f1605540799940d6a8c6802153d04f9d 8bbd1757e6f3481f8a206f9152e1a87a - - default default] Unable to schedule network 5ebcb30d-ba75-45c9-a767-d5a569c307d5: no agents available; will retry on subsequent port and subnet creation events.
2026-07-10 01:05:13.686 10 INFO neutron.api.wsgi [None req-d6265343-0897-4491-9e74-22fbf3d7ebcf 95ca6d00a58b456893b6fef00ff7b8b2 1ac625fd8d51481b8b4b12146f093d51 - - default default] 10.0.0.54 "DELETE /v2.0/security-groups/c97d5997-f0e7-46e3-8686-e28b2ca3897c HTTP/1.1" status: 204 len: 168 time: 0.1467571
2026-07-10 01:05:13.753 9 INFO neutron.api.wsgi [None req-72eee351-c752-46c5-b66e-fc100709e5af 95ca6d00a58b456893b6fef00ff7b8b2 1ac625fd8d51481b8b4b12146f093d51 - - default default] 10.0.0.54 "GET /v2.0/security-groups HTTP/1.1" status: 200 len: 3124 time: 0.0551832
2026-07-10 01:05:13.794 10 INFO neutron.db.ovn_revision_numbers_db [None req-ea22f999-9b3a-4550-9af5-bfbd5370635e f1605540799940d6a8c6802153d04f9d 8bbd1757e6f3481f8a206f9152e1a87a - - default default] Successfully bumped revision number for resource 3355d15a-b8d5-4734-9737-e345499c0315 (type: ports) to 1
2026-07-10 01:05:13.806 10 INFO neutron.api.wsgi [None req-1a885e5a-6555-4fd9-80e6-aa1c9025cb19 95ca6d00a58b456893b6fef00ff7b8b2 1ac625fd8d51481b8b4b12146f093d51 - - default default] 10.0.0.54 "GET /v2.0/security-groups HTTP/1.1" status: 200 len: 3124 time: 0.0410602
2026-07-10 01:05:14.148 9 WARNING neutron.scheduler.dhcp_agent_scheduler [None req-2f534957-071a-4260-b5c3-7bd111bf6257 f5bf6606bd0e4c6596e2117e879906be 761b33bf484d407da56b5a9fc28b7504 - - default default] No more DHCP agents
2026-07-10 01:05:14.149 9 WARNING neutron.api.rpc.agentnotifiers.dhcp_rpc_agent_api [None req-2f534957-071a-4260-b5c3-7bd111bf6257 f5bf6606bd0e4c6596e2117e879906be 761b33bf484d407da56b5a9fc28b7504 - - default default] Unable to schedule network 45bf74ce-4c9e-454e-88cc-ad4af9e75a1e: no agents available; will retry on subsequent port and subnet creation events.
2026-07-10 01:05:14.284 9 INFO neutron.db.ovn_revision_numbers_db [None req-2f534957-071a-4260-b5c3-7bd111bf6257 f5bf6606bd0e4c6596e2117e879906be 761b33bf484d407da56b5a9fc28b7504 - - default default] Successfully bumped revision number for resource d4b7276f-a55d-447e-9894-763f6582840a (type: ports) to 1
2026-07-10 01:05:14.538 10 INFO neutron.api.wsgi [None req-afaf9bf0-0ac8-42a9-b039-fde20af1a4ac b81e1998028545a3b6f2c38cae7035f1 ad5889d0256a493483d16a066b650057 - - default default] 10.0.0.54 "GET /v2.0/security-groups?tenant_id=1ac625fd8d51481b8b4b12146f093d51&name=default HTTP/1.1" status: 200 len: 3124 time: 0.1573713
2026-07-10 01:05:14.552 10 INFO neutron.db.ovn_revision_numbers_db [None req-ea22f999-9b3a-4550-9af5-bfbd5370635e f1605540799940d6a8c6802153d04f9d 8bbd1757e6f3481f8a206f9152e1a87a - - default default] Successfully bumped revision number for resource 3355d15a-b8d5-4734-9737-e345499c0315 (type: ports) to 1
2026-07-10 01:05:14.624 10 WARNING neutron.scheduler.dhcp_agent_scheduler [None req-ea22f999-9b3a-4550-9af5-bfbd5370635e f1605540799940d6a8c6802153d04f9d 8bbd1757e6f3481f8a206f9152e1a87a - - default default] No more DHCP agents
2026-07-10 01:05:14.631 10 WARNING neutron.api.rpc.agentnotifiers.dhcp_rpc_agent_api [None req-ea22f999-9b3a-4550-9af5-bfbd5370635e f1605540799940d6a8c6802153d04f9d 8bbd1757e6f3481f8a206f9152e1a87a - - default default] Unable to schedule network 5ebcb30d-ba75-45c9-a767-d5a569c307d5: no agents available; will retry on subsequent port and subnet creation events.
2026-07-10 01:05:14.824 10 INFO neutron.api.wsgi [None req-93b67d45-f849-477d-aee2-7c5bd4c5f2ea b81e1998028545a3b6f2c38cae7035f1 ad5889d0256a493483d16a066b650057 - - default default] 10.0.0.54 "DELETE /v2.0/security-groups/ac920753-a62b-4709-a1b6-2fdec3711bf9 HTTP/1.1" status: 204 len: 168 time: 0.2790551
2026-07-10 01:05:14.992 9 INFO neutron.db.ovn_revision_numbers_db [None req-2f534957-071a-4260-b5c3-7bd111bf6257 f5bf6606bd0e4c6596e2117e879906be 761b33bf484d407da56b5a9fc28b7504 - - default default] Successfully bumped revision number for resource d4b7276f-a55d-447e-9894-763f6582840a (type: ports) to 1
2026-07-10 01:05:15.019 10 INFO neutron.db.ovn_revision_numbers_db [None req-ea22f999-9b3a-4550-9af5-bfbd5370635e f1605540799940d6a8c6802153d04f9d 8bbd1757e6f3481f8a206f9152e1a87a - - default default] Successfully bumped revision number for resource 3355d15a-b8d5-4734-9737-e345499c0315 (type: router_ports) to 1
2026-07-10 01:05:15.024 10 INFO neutron.api.wsgi [None req-ea22f999-9b3a-4550-9af5-bfbd5370635e f1605540799940d6a8c6802153d04f9d 8bbd1757e6f3481f8a206f9152e1a87a - - default default] 10.0.0.54 "PUT /v2.0/routers/9dd33876-3d56-47b0-aa3a-81a637ea8423/add_router_interface HTTP/1.1" status: 200 len: 503 time: 2.1109715
2026-07-10 01:05:15.054 9 WARNING neutron.scheduler.dhcp_agent_scheduler [None req-2f534957-071a-4260-b5c3-7bd111bf6257 f5bf6606bd0e4c6596e2117e879906be 761b33bf484d407da56b5a9fc28b7504 - - default default] No more DHCP agents
2026-07-10 01:05:15.055 9 WARNING neutron.api.rpc.agentnotifiers.dhcp_rpc_agent_api [None req-2f534957-071a-4260-b5c3-7bd111bf6257 f5bf6606bd0e4c6596e2117e879906be 761b33bf484d407da56b5a9fc28b7504 - - default default] Unable to schedule network 45bf74ce-4c9e-454e-88cc-ad4af9e75a1e: no agents available; will retry on subsequent port and subnet creation events.
2026-07-10 01:05:15.107 9 WARNING neutron_lib.context [None req-177b5096-2cfa-412b-ad27-0a3fff6d3928 f1605540799940d6a8c6802153d04f9d 8bbd1757e6f3481f8a206f9152e1a87a - - default default] Method 'is_advsvc' is deprecated since 2023.2 release (neutron-lib 3.8.0) and will be removed once support for the old RBAC API policies will be removed from Neutron. Please use method 'is_service_role' instead.
2026-07-10 01:05:15.236 9 INFO neutron.db.ovn_revision_numbers_db [None req-177b5096-2cfa-412b-ad27-0a3fff6d3928 f1605540799940d6a8c6802153d04f9d 8bbd1757e6f3481f8a206f9152e1a87a - - default default] Successfully bumped revision number for resource 91f2cd79-9258-49e2-8cfd-1006e56ca12d (type: security_groups) to 1
2026-07-10 01:05:15.249 9 INFO neutron.db.ovn_revision_numbers_db [None req-177b5096-2cfa-412b-ad27-0a3fff6d3928 f1605540799940d6a8c6802153d04f9d 8bbd1757e6f3481f8a206f9152e1a87a - - default default] Successfully bumped revision number for resource 347ff12a-24fb-4533-9905-3e24b68f420b (type: security_group_rules) to 0
2026-07-10 01:05:15.264 9 INFO neutron.db.ovn_revision_numbers_db [None req-177b5096-2cfa-412b-ad27-0a3fff6d3928 f1605540799940d6a8c6802153d04f9d 8bbd1757e6f3481f8a206f9152e1a87a - - default default] Successfully bumped revision number for resource 4ee310ff-742b-4d6d-aed8-a67e27ae454f (type: security_group_rules) to 0
2026-07-10 01:05:15.322 9 INFO neutron.api.wsgi [None req-177b5096-2cfa-412b-ad27-0a3fff6d3928 f1605540799940d6a8c6802153d04f9d 8bbd1757e6f3481f8a206f9152e1a87a - - default default] 10.0.0.54 "POST /v2.0/security-groups HTTP/1.1" status: 201 len: 1830 time: 0.2314484
2026-07-10 01:05:15.336 10 WARNING neutron_lib.context [None req-7230994a-fe36-49b2-80cf-bf43324cb788 f1605540799940d6a8c6802153d04f9d 8bbd1757e6f3481f8a206f9152e1a87a - - default default] Method 'is_advsvc' is deprecated since 2023.2 release (neutron-lib 3.8.0) and will be removed once support for the old RBAC API policies will be removed from Neutron. Please use method 'is_service_role' instead.
2026-07-10 01:05:15.428 9 INFO neutron.db.ovn_revision_numbers_db [None req-2f534957-071a-4260-b5c3-7bd111bf6257 f5bf6606bd0e4c6596e2117e879906be 761b33bf484d407da56b5a9fc28b7504 - - default default] Successfully bumped revision number for resource d4b7276f-a55d-447e-9894-763f6582840a (type: router_ports) to 1
2026-07-10 01:05:15.436 9 INFO neutron.api.wsgi [None req-2f534957-071a-4260-b5c3-7bd111bf6257 f5bf6606bd0e4c6596e2117e879906be 761b33bf484d407da56b5a9fc28b7504 - - default default] 10.0.0.54 "PUT /v2.0/routers/1c707e7c-cf63-45d4-a790-c1f9acad4679/add_router_interface HTTP/1.1" status: 200 len: 503 time: 1.9065287
2026-07-10 01:05:15.450 9 WARNING neutron_lib.context [None req-a832181b-4592-4996-ba49-ef50b4ef6baa f5bf6606bd0e4c6596e2117e879906be 761b33bf484d407da56b5a9fc28b7504 - - default default] Method 'is_advsvc' is deprecated since 2023.2 release (neutron-lib 3.8.0) and will be removed once support for the old RBAC API policies will be removed from Neutron. Please use method 'is_service_role' instead.
2026-07-10 01:05:15.507 10 INFO neutron.db.ovn_revision_numbers_db [None req-7230994a-fe36-49b2-80cf-bf43324cb788 f1605540799940d6a8c6802153d04f9d 8bbd1757e6f3481f8a206f9152e1a87a - - default default] Successfully bumped revision number for resource f9c5ada4-0e10-4132-962d-7dbd43cce491 (type: security_group_rules) to 0
2026-07-10 01:05:15.548 10 INFO neutron.api.wsgi [None req-7230994a-fe36-49b2-80cf-bf43324cb788 f1605540799940d6a8c6802153d04f9d 8bbd1757e6f3481f8a206f9152e1a87a - - default default] 10.0.0.54 "POST /v2.0/security-group-rules HTTP/1.1" status: 201 len: 796 time: 0.2185152
2026-07-10 01:05:15.558 10 WARNING neutron_lib.context [None req-8ab41ed3-3f21-4c2c-acdf-90e3a07d04b6 f1605540799940d6a8c6802153d04f9d 8bbd1757e6f3481f8a206f9152e1a87a - - default default] Method 'is_advsvc' is deprecated since 2023.2 release (neutron-lib 3.8.0) and will be removed once support for the old RBAC API policies will be removed from Neutron. Please use method 'is_service_role' instead.
2026-07-10 01:05:15.665 10 INFO neutron.db.ovn_revision_numbers_db [None req-8ab41ed3-3f21-4c2c-acdf-90e3a07d04b6 f1605540799940d6a8c6802153d04f9d 8bbd1757e6f3481f8a206f9152e1a87a - - default default] Successfully bumped revision number for resource 285ccf13-297a-499f-9d17-d7a2ddb1bbc5 (type: security_group_rules) to 0
2026-07-10 01:05:15.702 10 INFO neutron.api.wsgi [None req-8ab41ed3-3f21-4c2c-acdf-90e3a07d04b6 f1605540799940d6a8c6802153d04f9d 8bbd1757e6f3481f8a206f9152e1a87a - - default default] 10.0.0.54 "POST /v2.0/security-group-rules HTTP/1.1" status: 201 len: 796 time: 0.1471598
2026-07-10 01:05:15.711 10 WARNING neutron_lib.context [None req-f737229b-2e37-4293-b1bc-e15695d60ce0 f1605540799940d6a8c6802153d04f9d 8bbd1757e6f3481f8a206f9152e1a87a - - default default] Method 'is_advsvc' is deprecated since 2023.2 release (neutron-lib 3.8.0) and will be removed once support for the old RBAC API policies will be removed from Neutron. Please use method 'is_service_role' instead.
2026-07-10 01:05:15.832 10 INFO neutron.db.ovn_revision_numbers_db [None req-f737229b-2e37-4293-b1bc-e15695d60ce0 f1605540799940d6a8c6802153d04f9d 8bbd1757e6f3481f8a206f9152e1a87a - - default default] Successfully bumped revision number for resource 63957c69-c8c5-4440-b7cd-ab2055675bd8 (type: security_group_rules) to 0
2026-07-10 01:05:15.857 10 INFO neutron.api.wsgi [None req-f737229b-2e37-4293-b1bc-e15695d60ce0 f1605540799940d6a8c6802153d04f9d 8bbd1757e6f3481f8a206f9152e1a87a - - default default] 10.0.0.54 "POST /v2.0/security-group-rules HTTP/1.1" status: 201 len: 798 time: 0.1495843
2026-07-10 01:05:15.866 10 WARNING neutron_lib.context [None req-32430d47-70e1-45e7-89ae-5faaddae3bd7 f1605540799940d6a8c6802153d04f9d 8bbd1757e6f3481f8a206f9152e1a87a - - default default] Method 'is_advsvc' is deprecated since 2023.2 release (neutron-lib 3.8.0) and will be removed once support for the old RBAC API policies will be removed from Neutron. Please use method 'is_service_role' instead.
2026-07-10 01:05:15.969 9 WARNING neutron.scheduler.dhcp_agent_scheduler [None req-a005fda7-5bef-4901-809e-58f34d4b0459 - - - - - -] No more DHCP agents
2026-07-10 01:05:15.971 9 WARNING neutron.api.rpc.agentnotifiers.dhcp_rpc_agent_api [None req-a005fda7-5bef-4901-809e-58f34d4b0459 - - - - - -] Unable to schedule network 3bc58217-06a1-47e8-b7e9-00c2564b8f04: no agents available; will retry on subsequent port and subnet creation events.
2026-07-10 01:05:15.982 10 INFO neutron.db.ovn_revision_numbers_db [None req-32430d47-70e1-45e7-89ae-5faaddae3bd7 f1605540799940d6a8c6802153d04f9d 8bbd1757e6f3481f8a206f9152e1a87a - - default default] Successfully bumped revision number for resource 788c1d39-4cec-434a-8b7f-5b11771d28b5 (type: security_group_rules) to 0
2026-07-10 01:05:16.025 10 INFO neutron.api.wsgi [None req-32430d47-70e1-45e7-89ae-5faaddae3bd7 f1605540799940d6a8c6802153d04f9d 8bbd1757e6f3481f8a206f9152e1a87a - - default default] 10.0.0.54 "POST /v2.0/security-group-rules HTTP/1.1" status: 201 len: 800 time: 0.1623952
2026-07-10 01:05:16.039 10 WARNING neutron_lib.context [None req-f0af18b6-6be3-4fd3-a945-1279d9110e96 f1605540799940d6a8c6802153d04f9d 8bbd1757e6f3481f8a206f9152e1a87a - - default default] Method 'is_advsvc' is deprecated since 2023.2 release (neutron-lib 3.8.0) and will be removed once support for the old RBAC API policies will be removed from Neutron. Please use method 'is_service_role' instead.
2026-07-10 01:05:16.116 9 INFO neutron.db.ovn_revision_numbers_db [None req-a005fda7-5bef-4901-809e-58f34d4b0459 - - - - - -] Successfully bumped revision number for resource 79a355f5-aaf8-4102-ae18-fc2bd7b8c086 (type: ports) to 1
2026-07-10 01:05:16.210 10 INFO neutron.db.ovn_revision_numbers_db [None req-f0af18b6-6be3-4fd3-a945-1279d9110e96 f1605540799940d6a8c6802153d04f9d 8bbd1757e6f3481f8a206f9152e1a87a - - default default] Successfully bumped revision number for resource fec6cee6-4c8d-4ba7-b3ef-743c84ae3c17 (type: security_group_rules) to 0
2026-07-10 01:05:16.248 10 INFO neutron.api.wsgi [None req-f0af18b6-6be3-4fd3-a945-1279d9110e96 f1605540799940d6a8c6802153d04f9d 8bbd1757e6f3481f8a206f9152e1a87a - - default default] 10.0.0.54 "POST /v2.0/security-group-rules HTTP/1.1" status: 201 len: 800 time: 0.2138426
2026-07-10 01:05:16.258 10 WARNING neutron_lib.context [None req-3efc1c3d-41af-4eeb-9299-68d6df042a32 f1605540799940d6a8c6802153d04f9d 8bbd1757e6f3481f8a206f9152e1a87a - - default default] Method 'is_advsvc' is deprecated since 2023.2 release (neutron-lib 3.8.0) and will be removed once support for the old RBAC API policies will be removed from Neutron. Please use method 'is_service_role' instead.
2026-07-10 01:05:16.346 9 INFO neutron.db.ovn_revision_numbers_db [None req-a005fda7-5bef-4901-809e-58f34d4b0459 - - - - - -] Successfully bumped revision number for resource 79a355f5-aaf8-4102-ae18-fc2bd7b8c086 (type: ports) to 3
2026-07-10 01:05:16.418 9 INFO neutron.db.segments_db [None req-a005fda7-5bef-4901-809e-58f34d4b0459 - - - - - -] Added segment 80749864-f5bb-4b87-93a9-c230e7b45f64 of type geneve for network ab745811-f03b-40b5-ae34-22456d01b488
2026-07-10 01:05:16.419 10 INFO neutron.db.ovn_revision_numbers_db [None req-3efc1c3d-41af-4eeb-9299-68d6df042a32 f1605540799940d6a8c6802153d04f9d 8bbd1757e6f3481f8a206f9152e1a87a - - default default] Successfully bumped revision number for resource e64528a0-e0fe-4f8f-b8e6-2adbefcce2d5 (type: security_group_rules) to 0
2026-07-10 01:05:16.454 10 INFO neutron.api.wsgi [None req-3efc1c3d-41af-4eeb-9299-68d6df042a32 f1605540799940d6a8c6802153d04f9d 8bbd1757e6f3481f8a206f9152e1a87a - - default default] 10.0.0.54 "POST /v2.0/security-group-rules HTTP/1.1" status: 201 len: 796 time: 0.2006311
2026-07-10 01:05:16.466 10 WARNING neutron_lib.context [None req-ec19f4bc-a0f5-4222-a50a-4f964b279d01 f1605540799940d6a8c6802153d04f9d 8bbd1757e6f3481f8a206f9152e1a87a - - default default] Method 'is_advsvc' is deprecated since 2023.2 release (neutron-lib 3.8.0) and will be removed once support for the old RBAC API policies will be removed from Neutron. Please use method 'is_service_role' instead.
2026-07-10 01:05:16.549 9 INFO neutron.db.ovn_revision_numbers_db [None req-a546ce0c-d0c9-468b-b4ad-81e642bfc019 - - - - - -] Successfully bumped revision number for resource ab745811-f03b-40b5-ae34-22456d01b488 (type: networks) to 1
2026-07-10 01:05:16.615 10 INFO neutron.db.ovn_revision_numbers_db [None req-ec19f4bc-a0f5-4222-a50a-4f964b279d01 f1605540799940d6a8c6802153d04f9d 8bbd1757e6f3481f8a206f9152e1a87a - - default default] Successfully bumped revision number for resource 5ac1a8ff-d1c6-4f16-a6c4-13bbc1b1ec0b (type: security_group_rules) to 0
2026-07-10 01:05:16.642 10 INFO neutron.api.wsgi [None req-ec19f4bc-a0f5-4222-a50a-4f964b279d01 f1605540799940d6a8c6802153d04f9d 8bbd1757e6f3481f8a206f9152e1a87a - - default default] 10.0.0.54 "POST /v2.0/security-group-rules HTTP/1.1" status: 201 len: 796 time: 0.1805685
2026-07-10 01:05:16.654 10 WARNING neutron_lib.context [None req-3688a8e6-b105-42d7-b87d-3d76eae380f1 f1605540799940d6a8c6802153d04f9d 8bbd1757e6f3481f8a206f9152e1a87a - - default default] Method 'is_advsvc' is deprecated since 2023.2 release (neutron-lib 3.8.0) and will be removed once support for the old RBAC API policies will be removed from Neutron. Please use method 'is_service_role' instead.
2026-07-10 01:05:16.692 9 WARNING neutron.scheduler.dhcp_agent_scheduler [None req-a546ce0c-d0c9-468b-b4ad-81e642bfc019 - - - - - -] No more DHCP agents
2026-07-10 01:05:16.694 9 WARNING neutron.api.rpc.agentnotifiers.dhcp_rpc_agent_api [None req-a546ce0c-d0c9-468b-b4ad-81e642bfc019 - - - - - -] Unable to schedule network ab745811-f03b-40b5-ae34-22456d01b488: no agents available; will retry on subsequent port and subnet creation events.
2026-07-10 01:05:16.780 10 INFO neutron.db.ovn_revision_numbers_db [None req-3688a8e6-b105-42d7-b87d-3d76eae380f1 f1605540799940d6a8c6802153d04f9d 8bbd1757e6f3481f8a206f9152e1a87a - - default default] Successfully bumped revision number for resource b6656f83-d852-4a93-8c8c-8027694562fa (type: security_group_rules) to 0
2026-07-10 01:05:16.781 9 INFO neutron.db.ovn_revision_numbers_db [None req-a546ce0c-d0c9-468b-b4ad-81e642bfc019 - - - - - -] Successfully bumped revision number for resource a1213762-9ca9-4a9f-b90c-ade9ebaf1cf6 (type: ports) to 1
2026-07-10 01:05:16.808 10 INFO neutron.api.wsgi [None req-3688a8e6-b105-42d7-b87d-3d76eae380f1 f1605540799940d6a8c6802153d04f9d 8bbd1757e6f3481f8a206f9152e1a87a - - default default] 10.0.0.54 "POST /v2.0/security-group-rules HTTP/1.1" status: 201 len: 796 time: 0.1577473
2026-07-10 01:05:16.820 10 WARNING neutron_lib.context [None req-a6fb5c6e-20e2-4d34-8b32-06c995ff1480 f1605540799940d6a8c6802153d04f9d 8bbd1757e6f3481f8a206f9152e1a87a - - default default] Method 'is_advsvc' is deprecated since 2023.2 release (neutron-lib 3.8.0) and will be removed once support for the old RBAC API policies will be removed from Neutron. Please use method 'is_service_role' instead.
2026-07-10 01:05:16.895 9 WARNING neutron.scheduler.dhcp_agent_scheduler [None req-a546ce0c-d0c9-468b-b4ad-81e642bfc019 - - - - - -] No more DHCP agents
2026-07-10 01:05:16.896 9 WARNING neutron.api.rpc.agentnotifiers.dhcp_rpc_agent_api [None req-a546ce0c-d0c9-468b-b4ad-81e642bfc019 - - - - - -] Unable to schedule network ab745811-f03b-40b5-ae34-22456d01b488: no agents available; will retry on subsequent port and subnet creation events.
2026-07-10 01:05:16.926 9 INFO neutron.db.ovn_revision_numbers_db [None req-a546ce0c-d0c9-468b-b4ad-81e642bfc019 - - - - - -] Successfully bumped revision number for resource 74f19f52-bbc3-400e-8641-c277b617e41d (type: subnets) to 0
2026-07-10 01:05:16.948 10 INFO neutron.db.ovn_revision_numbers_db [None req-a6fb5c6e-20e2-4d34-8b32-06c995ff1480 f1605540799940d6a8c6802153d04f9d 8bbd1757e6f3481f8a206f9152e1a87a - - default default] Successfully bumped revision number for resource a52630bf-434a-4059-acf1-995ef2cdaaa7 (type: security_group_rules) to 0
2026-07-10 01:05:16.975 10 INFO neutron.api.wsgi [None req-a6fb5c6e-20e2-4d34-8b32-06c995ff1480 f1605540799940d6a8c6802153d04f9d 8bbd1757e6f3481f8a206f9152e1a87a - - default default] 10.0.0.54 "POST /v2.0/security-group-rules HTTP/1.1" status: 201 len: 798 time: 0.1593113
2026-07-10 01:05:16.986 9 WARNING neutron_lib.context [None req-615ad095-ebdc-4f5c-ad38-2b4f6dc9560f f1605540799940d6a8c6802153d04f9d 8bbd1757e6f3481f8a206f9152e1a87a - - default default] Method 'is_advsvc' is deprecated since 2023.2 release (neutron-lib 3.8.0) and will be removed once support for the old RBAC API policies will be removed from Neutron. Please use method 'is_service_role' instead.
2026-07-10 01:05:17.176 9 INFO neutron.db.ovn_revision_numbers_db [None req-615ad095-ebdc-4f5c-ad38-2b4f6dc9560f f1605540799940d6a8c6802153d04f9d 8bbd1757e6f3481f8a206f9152e1a87a - - default default] Successfully bumped revision number for resource 8685d314-d44c-429a-ada6-b968e259e1a9 (type: security_group_rules) to 0
2026-07-10 01:05:17.217 9 INFO neutron.api.wsgi [None req-615ad095-ebdc-4f5c-ad38-2b4f6dc9560f f1605540799940d6a8c6802153d04f9d 8bbd1757e6f3481f8a206f9152e1a87a - - default default] 10.0.0.54 "POST /v2.0/security-group-rules HTTP/1.1" status: 201 len: 800 time: 0.2356548
2026-07-10 01:05:17.233 10 WARNING neutron_lib.context [None req-525a527c-11ea-490d-a1bb-5d9da5d3dfe3 f1605540799940d6a8c6802153d04f9d 8bbd1757e6f3481f8a206f9152e1a87a - - default default] Method 'is_advsvc' is deprecated since 2023.2 release (neutron-lib 3.8.0) and will be removed once support for the old RBAC API policies will be removed from Neutron. Please use method 'is_service_role' instead.
