2026-07-10 01:01:37.398 9 INFO neutron.notifiers.nova [-] Nova event matching ['req-b3f5b794-5620-4f3f-a4d7-f42f756244fb'] response: {'server_uuid': '6899e442-d6f9-491e-a227-fbaad1769166', 'name': 'network-vif-plugged', 'status': 'completed', 'tag': 'a0f7199f-23a7-415e-ad29-1f61c0b73e98', 'code': 200}
2026-07-10 01:01:37.573 9 INFO neutron.db.ovn_revision_numbers_db [None req-2c520851-f3dd-47eb-b05a-b3f2f0423af3 - - - - - -] Successfully bumped revision number for resource a0f7199f-23a7-415e-ad29-1f61c0b73e98 (type: ports) to 5
2026-07-10 01:01:37.636 10 INFO neutron.api.wsgi [req-932d14de-b7f9-4540-9bc3-889e40e10ff1 req-4373821f-9bc0-413b-a7b9-b975b521ea11 7ba9e2fbaa8d42c0b1ec0da408f6cebc c625ef23e8704628af58efab52303c19 - - default default] 10.0.0.51 "GET /v2.0/security-groups?id=4167c49c-3962-408c-9dd1-a0b571cb2a70&fields=id&fields=name HTTP/1.1" status: 200 len: 312 time: 0.2785189
2026-07-10 01:01:37.641 10 INFO neutron.api.wsgi [req-3c974569-490a-48a5-8646-65c04c9a262e req-6701eb16-7793-4ba7-b7ec-37ed53165c50 6cd91d2679394c31b8bc4f95452f8f31 e026e0c155014406ab9f322eacc34288 - - default default] 10.0.0.51 "GET /v2.0/ports?device_id=7d0866f9-7cac-4db6-b0db-bd0ec7787789 HTTP/1.1" status: 200 len: 210 time: 0.2107236
2026-07-10 01:01:37.728 10 INFO neutron.notifiers.nova [-] Nova event matching ['req-1d94e4a4-41a7-4bfe-8951-ea56c7257dbd'] response: {'server_uuid': '3de8638a-8ded-4f5b-ab4c-999ca4b8f3f4', 'name': 'network-vif-plugged', 'status': 'completed', 'tag': '82040487-7012-47ed-a6f9-2b83a214e2af', 'code': 200}
2026-07-10 01:01:38.090 10 INFO neutron.api.wsgi [req-cd6fccce-37bf-4f44-8b57-26da1f712445 req-406613d1-35f0-4ce0-9e80-80660efa8a85 6636b79a84ed4d128c6f4b4217900795 f23bfe5f9c0d486f9d14b9acba6511fc - - default default] 10.0.0.51 "GET /v2.0/ports?device_id=34613078-5361-4983-a310-98ce9b4ad27d HTTP/1.1" status: 200 len: 210 time: 0.0222373
2026-07-10 01:01:38.185 10 INFO neutron.api.wsgi [req-d7995897-7346-4c17-9064-0100afd59c9a req-c82a4156-9c52-4fda-9370-80c4f7ba2ffc a4e8e28b68d84377b7c553a191d4f276 8130143a4d15478c86672ae3ecf1b4bb - - default default] 10.0.0.51 "GET /v2.0/ports?device_id=6899e442-d6f9-491e-a227-fbaad1769166 HTTP/1.1" status: 200 len: 1170 time: 0.0349858
2026-07-10 01:01:38.223 10 INFO neutron.api.wsgi [req-d7995897-7346-4c17-9064-0100afd59c9a req-7f27cd5b-eac6-4109-9337-2734ab6fab7c a4e8e28b68d84377b7c553a191d4f276 8130143a4d15478c86672ae3ecf1b4bb - - default default] 10.0.0.51 "GET /v2.0/security-groups?id=2671b057-7fef-479a-ad31-2b5c0dfb22f9&fields=id&fields=name HTTP/1.1" status: 200 len: 313 time: 0.0327480
2026-07-10 01:01:38.445 9 INFO neutron.api.wsgi [-] 10.0.0.225 "GET / HTTP/1.1" status: 200 len: 246 time: 0.0025055
2026-07-10 01:01:38.449 10 INFO neutron.api.wsgi [-] 10.0.0.225 "GET / HTTP/1.1" status: 200 len: 246 time: 0.0058584
2026-07-10 01:01:38.724 10 INFO neutron.api.wsgi [req-aaf2e41f-0365-4e42-b533-fa696b9f612b req-f864a172-32ab-4b1c-8359-3fd3421e12cc 6cd91d2679394c31b8bc4f95452f8f31 e026e0c155014406ab9f322eacc34288 - - default default] 10.0.0.51 "GET /v2.0/ports?device_id=7d0866f9-7cac-4db6-b0db-bd0ec7787789 HTTP/1.1" status: 200 len: 210 time: 0.0262632
2026-07-10 01:01:38.752 10 INFO neutron.api.wsgi [req-905cb359-41a5-434c-81c3-4420a5cc3cff req-3a26047f-2a10-4099-a139-a30cc6475d87 7ba9e2fbaa8d42c0b1ec0da408f6cebc c625ef23e8704628af58efab52303c19 - - default default] 10.0.0.51 "GET /v2.0/ports?device_id=3de8638a-8ded-4f5b-ab4c-999ca4b8f3f4 HTTP/1.1" status: 200 len: 1170 time: 0.0365415
2026-07-10 01:01:38.797 10 INFO neutron.api.wsgi [req-905cb359-41a5-434c-81c3-4420a5cc3cff req-5426322f-7a32-4b41-8799-37b36cf92e38 7ba9e2fbaa8d42c0b1ec0da408f6cebc c625ef23e8704628af58efab52303c19 - - default default] 10.0.0.51 "GET /v2.0/security-groups?id=4167c49c-3962-408c-9dd1-a0b571cb2a70&fields=id&fields=name HTTP/1.1" status: 200 len: 312 time: 0.0398679 /var/lib/openstack/lib/python3.12/site-packages/pycadf/identifier.py:71: UserWarning: Invalid uuid: neutron. To ensure interoperability, identifiers should be a valid uuid. warnings.warn(('Invalid uuid: %s. To ensure interoperability, '
2026-07-10 01:01:39.146 9 INFO neutron.api.wsgi [req-13d25027-67b4-4211-b9c5-bd6905fadbf0 req-ee22740b-6439-42e2-b442-5467c8c90987 6636b79a84ed4d128c6f4b4217900795 f23bfe5f9c0d486f9d14b9acba6511fc - - default default] 199.204.45.53 "GET /v2.0/networks?id=00035ebf-eb35-42f9-9809-70fff125623a HTTP/1.1" status: 200 len: 874 time: 0.0427568
2026-07-10 01:01:39.169 10 INFO neutron.api.wsgi [req-db6e5c43-cbe8-4098-b259-aa1d3e8623f6 req-d57b57de-3a22-412c-8241-ac5e5ee3eb6a 6636b79a84ed4d128c6f4b4217900795 f23bfe5f9c0d486f9d14b9acba6511fc - - default default] 10.0.0.51 "GET /v2.0/ports?device_id=34613078-5361-4983-a310-98ce9b4ad27d HTTP/1.1" status: 200 len: 210 time: 0.0151267
2026-07-10 01:01:39.181 9 INFO neutron.api.wsgi [req-13d25027-67b4-4211-b9c5-bd6905fadbf0 req-102194c3-d53d-4974-bf2d-36d64dd178fe 6636b79a84ed4d128c6f4b4217900795 f23bfe5f9c0d486f9d14b9acba6511fc - - default default] 199.204.45.53 "GET /v2.0/security-groups?fields=id&fields=name&tenant_id=f23bfe5f9c0d486f9d14b9acba6511fc HTTP/1.1" status: 200 len: 380 time: 0.0314980
2026-07-10 01:01:39.188 9 WARNING neutron_lib.context [req-13d25027-67b4-4211-b9c5-bd6905fadbf0 req-e907ca86-f0fe-40e7-8995-13bb60f00eaf 6636b79a84ed4d128c6f4b4217900795 f23bfe5f9c0d486f9d14b9acba6511fc - - default default] Method 'is_advsvc' is deprecated since 2023.2 release (neutron-lib 3.8.0) and will be removed once support for the old RBAC API policies will be removed from Neutron. Please use method 'is_service_role' instead.
2026-07-10 01:01:39.347 10 INFO neutron.api.wsgi [req-e5dcc603-babb-41f9-b807-d4314cb3893c req-8862a516-4e65-4d77-b484-7bb7f6d59830 a4e8e28b68d84377b7c553a191d4f276 8130143a4d15478c86672ae3ecf1b4bb - - default default] 10.0.0.51 "GET /v2.0/ports?device_id=6899e442-d6f9-491e-a227-fbaad1769166 HTTP/1.1" status: 200 len: 1170 time: 0.0592682
2026-07-10 01:01:39.398 10 INFO neutron.api.wsgi [req-e5dcc603-babb-41f9-b807-d4314cb3893c req-954e4cb5-0774-43c7-8d3a-8e8486b44f29 a4e8e28b68d84377b7c553a191d4f276 8130143a4d15478c86672ae3ecf1b4bb - - default default] 10.0.0.51 "GET /v2.0/security-groups?id=2671b057-7fef-479a-ad31-2b5c0dfb22f9&fields=id&fields=name HTTP/1.1" status: 200 len: 313 time: 0.0443027
2026-07-10 01:01:39.447 9 INFO neutron.notifiers.nova [-] Nova event matching ['req-9c481e94-f1d5-4b79-883e-277e96b0aec2'] response: {'server_uuid': '6899e442-d6f9-491e-a227-fbaad1769166', 'name': 'network-vif-plugged', 'status': 'completed', 'tag': 'a0f7199f-23a7-415e-ad29-1f61c0b73e98', 'code': 200}
2026-07-10 01:01:39.493 9 WARNING neutron.scheduler.dhcp_agent_scheduler [req-13d25027-67b4-4211-b9c5-bd6905fadbf0 req-e907ca86-f0fe-40e7-8995-13bb60f00eaf 6636b79a84ed4d128c6f4b4217900795 f23bfe5f9c0d486f9d14b9acba6511fc - - default default] No more DHCP agents
2026-07-10 01:01:39.494 9 WARNING neutron.api.rpc.agentnotifiers.dhcp_rpc_agent_api [req-13d25027-67b4-4211-b9c5-bd6905fadbf0 req-e907ca86-f0fe-40e7-8995-13bb60f00eaf 6636b79a84ed4d128c6f4b4217900795 f23bfe5f9c0d486f9d14b9acba6511fc - - default default] Unable to schedule network 00035ebf-eb35-42f9-9809-70fff125623a: no agents available; will retry on subsequent port and subnet creation events.
2026-07-10 01:01:39.537 10 INFO neutron.api.wsgi [req-4defc204-fa02-462a-9e8d-bc4c1bb77e21 req-3e26701b-088d-4699-96ec-36eee66fb235 a4e8e28b68d84377b7c553a191d4f276 8130143a4d15478c86672ae3ecf1b4bb - - default default] 10.0.0.51 "GET /v2.0/ports?device_id=6899e442-d6f9-491e-a227-fbaad1769166 HTTP/1.1" status: 200 len: 1170 time: 0.0431406
2026-07-10 01:01:39.705 9 INFO neutron.db.ovn_revision_numbers_db [req-13d25027-67b4-4211-b9c5-bd6905fadbf0 req-e907ca86-f0fe-40e7-8995-13bb60f00eaf 6636b79a84ed4d128c6f4b4217900795 f23bfe5f9c0d486f9d14b9acba6511fc - - default default] Successfully bumped revision number for resource 310d5509-cf4a-4577-a7de-655434726d6c (type: ports) to 1
2026-07-10 01:01:39.726 9 INFO neutron.api.wsgi [req-13d25027-67b4-4211-b9c5-bd6905fadbf0 req-e907ca86-f0fe-40e7-8995-13bb60f00eaf 6636b79a84ed4d128c6f4b4217900795 f23bfe5f9c0d486f9d14b9acba6511fc - - default default] 199.204.45.53 "POST /v2.0/ports HTTP/1.1" status: 201 len: 1158 time: 0.5419104 /var/lib/openstack/lib/python3.12/site-packages/pycadf/identifier.py:71: UserWarning: Invalid uuid: neutron. To ensure interoperability, identifiers should be a valid uuid. warnings.warn(('Invalid uuid: %s. To ensure interoperability, '
2026-07-10 01:01:39.769 10 INFO neutron.notifiers.nova [-] Nova event matching ['req-48d03b5f-ba45-4704-be80-9c2c92b90486'] response: {'server_uuid': '3de8638a-8ded-4f5b-ab4c-999ca4b8f3f4', 'name': 'network-vif-plugged', 'status': 'completed', 'tag': '82040487-7012-47ed-a6f9-2b83a214e2af', 'code': 200}
2026-07-10 01:01:39.819 10 INFO neutron.api.wsgi [req-65bdad09-5cce-46fb-af10-682ce8b97573 req-82df53df-43f2-4f1a-a299-13e5dde6ceb9 6cd91d2679394c31b8bc4f95452f8f31 e026e0c155014406ab9f322eacc34288 - - default default] 10.0.0.51 "GET /v2.0/ports?device_id=7d0866f9-7cac-4db6-b0db-bd0ec7787789 HTTP/1.1" status: 200 len: 210 time: 0.0221882
2026-07-10 01:01:39.913 10 INFO neutron.api.wsgi [req-0b5d42a0-7bce-4a8c-885e-6c11a50a3152 req-d1fa1b8d-32dd-4738-a41d-152cc856980e 7ba9e2fbaa8d42c0b1ec0da408f6cebc c625ef23e8704628af58efab52303c19 - - default default] 10.0.0.51 "GET /v2.0/ports?device_id=3de8638a-8ded-4f5b-ab4c-999ca4b8f3f4 HTTP/1.1" status: 200 len: 1170 time: 0.0478425
2026-07-10 01:01:39.971 10 INFO neutron.api.wsgi [req-0b5d42a0-7bce-4a8c-885e-6c11a50a3152 req-d4f689ba-4370-4b91-a5c7-8b0a63d242e7 7ba9e2fbaa8d42c0b1ec0da408f6cebc c625ef23e8704628af58efab52303c19 - - default default] 10.0.0.51 "GET /v2.0/security-groups?id=4167c49c-3962-408c-9dd1-a0b571cb2a70&fields=id&fields=name HTTP/1.1" status: 200 len: 312 time: 0.0506544
2026-07-10 01:01:40.075 10 INFO neutron.api.wsgi [req-7891be8b-08ea-4c2e-ae7f-1f6460e17928 req-f31c4102-b2b2-4119-8470-a87ea14c4ee3 7ba9e2fbaa8d42c0b1ec0da408f6cebc c625ef23e8704628af58efab52303c19 - - default default] 10.0.0.51 "GET /v2.0/ports?device_id=3de8638a-8ded-4f5b-ab4c-999ca4b8f3f4 HTTP/1.1" status: 200 len: 1170 time: 0.0447738 /var/lib/openstack/lib/python3.12/site-packages/pycadf/identifier.py:71: UserWarning: Invalid uuid: neutron. To ensure interoperability, identifiers should be a valid uuid. warnings.warn(('Invalid uuid: %s. To ensure interoperability, '
2026-07-10 01:01:40.207 10 INFO neutron.db.ovn_revision_numbers_db [None req-efba94bb-2331-4da1-80e3-e629f5906316 a4e8e28b68d84377b7c553a191d4f276 8130143a4d15478c86672ae3ecf1b4bb - - default default] Successfully bumped revision number for resource 7c4107ec-322f-470c-8090-f801857c690f (type: floatingips) to 1
2026-07-10 01:01:40.236 9 INFO neutron.db.ovn_revision_numbers_db [req-13d25027-67b4-4211-b9c5-bd6905fadbf0 req-38d59e9c-58b5-47c4-bbcb-83a806c5c57e 024b6eb83cec478ca330b7ad67ed3935 21ec168f49c3452caaec72b7f2900559 - - 55386a1d57ec4b85801b7b529053a6af 55386a1d57ec4b85801b7b529053a6af] Successfully bumped revision number for resource 310d5509-cf4a-4577-a7de-655434726d6c (type: ports) to 2
2026-07-10 01:01:40.318 10 INFO neutron.api.wsgi [req-5e1d5745-a961-4b6d-8013-1721b2703e2b req-e1ee8a84-d4f0-4b92-aef3-ebcb0e8eb8e5 6636b79a84ed4d128c6f4b4217900795 f23bfe5f9c0d486f9d14b9acba6511fc - - default default] 10.0.0.51 "GET /v2.0/ports?device_id=34613078-5361-4983-a310-98ce9b4ad27d HTTP/1.1" status: 200 len: 1168 time: 0.0839171
2026-07-10 01:01:40.356 10 INFO neutron.api.wsgi [req-5e1d5745-a961-4b6d-8013-1721b2703e2b req-5925c709-6fcc-415b-90f9-8ba81e46c15f 6636b79a84ed4d128c6f4b4217900795 f23bfe5f9c0d486f9d14b9acba6511fc - - default default] 10.0.0.51 "GET /v2.0/security-groups?id=d30a886f-ad86-434a-991b-a3dfa54a70ab&fields=id&fields=name HTTP/1.1" status: 200 len: 313 time: 0.0329556
2026-07-10 01:01:40.358 10 INFO neutron.db.ovn_revision_numbers_db [None req-efba94bb-2331-4da1-80e3-e629f5906316 a4e8e28b68d84377b7c553a191d4f276 8130143a4d15478c86672ae3ecf1b4bb - - default default] Successfully bumped revision number for resource 7c4107ec-322f-470c-8090-f801857c690f (type: floatingips) to 2
2026-07-10 01:01:40.359 10 INFO neutron.db.l3_db [None req-efba94bb-2331-4da1-80e3-e629f5906316 a4e8e28b68d84377b7c553a191d4f276 8130143a4d15478c86672ae3ecf1b4bb - - default default] Floating IP 7c4107ec-322f-470c-8090-f801857c690f associated. External IP: 10.96.250.201, port: a0f7199f-23a7-415e-ad29-1f61c0b73e98.
2026-07-10 01:01:40.388 10 INFO neutron.api.wsgi [None req-efba94bb-2331-4da1-80e3-e629f5906316 a4e8e28b68d84377b7c553a191d4f276 8130143a4d15478c86672ae3ecf1b4bb - - default default] 10.0.0.54 "PUT /v2.0/floatingips/7c4107ec-322f-470c-8090-f801857c690f HTTP/1.1" status: 200 len: 1049 time: 0.8375795
2026-07-10 01:01:40.463 10 INFO neutron.api.wsgi [req-29672fdf-24d3-442a-81f1-a07e7b198377 req-63f61890-4a12-4d99-bc92-0b43ded6640b a4e8e28b68d84377b7c553a191d4f276 8130143a4d15478c86672ae3ecf1b4bb - - default default] 10.0.0.51 "GET /v2.0/ports?device_id=6899e442-d6f9-491e-a227-fbaad1769166 HTTP/1.1" status: 200 len: 1170 time: 0.0298262
2026-07-10 01:01:40.505 10 INFO neutron.api.wsgi [req-29672fdf-24d3-442a-81f1-a07e7b198377 req-bf08cd30-a756-413b-b6e4-356ee5fde7f2 a4e8e28b68d84377b7c553a191d4f276 8130143a4d15478c86672ae3ecf1b4bb - - default default] 10.0.0.51 "GET /v2.0/security-groups?id=2671b057-7fef-479a-ad31-2b5c0dfb22f9&fields=id&fields=name HTTP/1.1" status: 200 len: 313 time: 0.0331049
2026-07-10 01:01:40.840 9 INFO neutron.db.ovn_revision_numbers_db [req-13d25027-67b4-4211-b9c5-bd6905fadbf0 req-38d59e9c-58b5-47c4-bbcb-83a806c5c57e 024b6eb83cec478ca330b7ad67ed3935 21ec168f49c3452caaec72b7f2900559 - - 55386a1d57ec4b85801b7b529053a6af 55386a1d57ec4b85801b7b529053a6af] Successfully bumped revision number for resource 310d5509-cf4a-4577-a7de-655434726d6c (type: ports) to 4
2026-07-10 01:01:40.866 9 INFO neutron.api.wsgi [req-13d25027-67b4-4211-b9c5-bd6905fadbf0 req-38d59e9c-58b5-47c4-bbcb-83a806c5c57e 024b6eb83cec478ca330b7ad67ed3935 21ec168f49c3452caaec72b7f2900559 - - 55386a1d57ec4b85801b7b529053a6af 55386a1d57ec4b85801b7b529053a6af] 199.204.45.53 "PUT /v2.0/ports/310d5509-cf4a-4577-a7de-655434726d6c HTTP/1.1" status: 200 len: 1404 time: 1.1359761
2026-07-10 01:01:40.901 10 INFO neutron.api.wsgi [req-9c239fb9-f343-48b6-8e46-ddc187953941 req-0de3e520-3e0f-4249-8273-80753eae631b 6cd91d2679394c31b8bc4f95452f8f31 e026e0c155014406ab9f322eacc34288 - - default default] 10.0.0.51 "GET /v2.0/ports?device_id=7d0866f9-7cac-4db6-b0db-bd0ec7787789 HTTP/1.1" status: 200 len: 210 time: 0.0188942
2026-07-10 01:01:41.025 9 INFO neutron.db.ovn_revision_numbers_db [None req-f4d65b92-0b59-46ff-9cd6-84b6af4e3d6a 7ba9e2fbaa8d42c0b1ec0da408f6cebc c625ef23e8704628af58efab52303c19 - - default default] Successfully bumped revision number for resource 8ef6fcf2-f956-44d4-ac0e-66f904c0d838 (type: floatingips) to 1
2026-07-10 01:01:41.155 9 INFO neutron.db.ovn_revision_numbers_db [None req-f4d65b92-0b59-46ff-9cd6-84b6af4e3d6a 7ba9e2fbaa8d42c0b1ec0da408f6cebc c625ef23e8704628af58efab52303c19 - - default default] Successfully bumped revision number for resource 8ef6fcf2-f956-44d4-ac0e-66f904c0d838 (type: floatingips) to 2
2026-07-10 01:01:41.155 9 INFO neutron.db.l3_db [None req-f4d65b92-0b59-46ff-9cd6-84b6af4e3d6a 7ba9e2fbaa8d42c0b1ec0da408f6cebc c625ef23e8704628af58efab52303c19 - - default default] Floating IP 8ef6fcf2-f956-44d4-ac0e-66f904c0d838 associated. External IP: 10.96.250.208, port: 82040487-7012-47ed-a6f9-2b83a214e2af.
2026-07-10 01:01:41.202 9 INFO neutron.api.wsgi [None req-f4d65b92-0b59-46ff-9cd6-84b6af4e3d6a 7ba9e2fbaa8d42c0b1ec0da408f6cebc c625ef23e8704628af58efab52303c19 - - default default] 10.0.0.54 "PUT /v2.0/floatingips/8ef6fcf2-f956-44d4-ac0e-66f904c0d838 HTTP/1.1" status: 200 len: 1049 time: 1.1097488
2026-07-10 01:01:41.310 10 INFO neutron.api.wsgi [req-0a0d4e9b-0295-48a4-a1a5-d07c4497a4ea req-28f770b5-d582-4694-9494-9733dc06d20e 7ba9e2fbaa8d42c0b1ec0da408f6cebc c625ef23e8704628af58efab52303c19 - - default default] 10.0.0.51 "GET /v2.0/ports?device_id=3de8638a-8ded-4f5b-ab4c-999ca4b8f3f4 HTTP/1.1" status: 200 len: 1170 time: 0.0356529 /var/lib/openstack/lib/python3.12/site-packages/pycadf/identifier.py:71: UserWarning: Invalid uuid: neutron. To ensure interoperability, identifiers should be a valid uuid. warnings.warn(('Invalid uuid: %s. To ensure interoperability, '
2026-07-10 01:01:41.356 10 INFO neutron.api.wsgi [req-0a0d4e9b-0295-48a4-a1a5-d07c4497a4ea req-594dcc97-9b6b-4881-be96-10e8ff0607f3 7ba9e2fbaa8d42c0b1ec0da408f6cebc c625ef23e8704628af58efab52303c19 - - default default] 10.0.0.51 "GET /v2.0/security-groups?id=4167c49c-3962-408c-9dd1-a0b571cb2a70&fields=id&fields=name HTTP/1.1" status: 200 len: 312 time: 0.0351324
2026-07-10 01:01:41.387 9 INFO neutron.api.wsgi [req-6b3c1afa-c1e5-4e93-9a64-9eeb5018597e req-be6efe06-4241-412a-acfd-d9a624c19f2f 6cd91d2679394c31b8bc4f95452f8f31 e026e0c155014406ab9f322eacc34288 - - default default] 199.204.45.53 "GET /v2.0/networks?id=baf91051-1dbd-467c-80d5-9d92733b0587 HTTP/1.1" status: 200 len: 869 time: 0.0621533
2026-07-10 01:01:41.437 9 INFO neutron.api.wsgi [req-6b3c1afa-c1e5-4e93-9a64-9eeb5018597e req-5b496eed-bf43-4434-84dc-601b9e16aa85 6cd91d2679394c31b8bc4f95452f8f31 e026e0c155014406ab9f322eacc34288 - - default default] 199.204.45.53 "GET /v2.0/security-groups?fields=id&fields=name&tenant_id=e026e0c155014406ab9f322eacc34288 HTTP/1.1" status: 200 len: 379 time: 0.0397706
2026-07-10 01:01:41.443 9 WARNING neutron_lib.context [req-6b3c1afa-c1e5-4e93-9a64-9eeb5018597e req-3e33fefc-cb21-4fea-a22c-f85fb7776cf8 6cd91d2679394c31b8bc4f95452f8f31 e026e0c155014406ab9f322eacc34288 - - default default] Method 'is_advsvc' is deprecated since 2023.2 release (neutron-lib 3.8.0) and will be removed once support for the old RBAC API policies will be removed from Neutron. Please use method 'is_service_role' instead.
2026-07-10 01:01:41.493 10 INFO neutron.api.wsgi [req-7d1ca877-6b5d-47e0-bf66-b23340b8f8d0 req-c6da148c-c37b-48d4-b3dd-81092225d8fd 6636b79a84ed4d128c6f4b4217900795 f23bfe5f9c0d486f9d14b9acba6511fc - - default default] 10.0.0.51 "GET /v2.0/ports?device_id=34613078-5361-4983-a310-98ce9b4ad27d HTTP/1.1" status: 200 len: 1168 time: 0.0439601
2026-07-10 01:01:41.534 10 INFO neutron.api.wsgi [req-7d1ca877-6b5d-47e0-bf66-b23340b8f8d0 req-fa6f8fee-b511-4067-9fac-2b2e2e26813d 6636b79a84ed4d128c6f4b4217900795 f23bfe5f9c0d486f9d14b9acba6511fc - - default default] 10.0.0.51 "GET /v2.0/security-groups?id=d30a886f-ad86-434a-991b-a3dfa54a70ab&fields=id&fields=name HTTP/1.1" status: 200 len: 313 time: 0.0342350
2026-07-10 01:01:41.535 9 INFO neutron.notifiers.nova [-] Nova event matching ['req-0ebe2e0a-f5af-420f-978d-f134b830f772'] response: {'name': 'network-changed', 'server_uuid': '34613078-5361-4983-a310-98ce9b4ad27d', 'tag': '310d5509-cf4a-4577-a7de-655434726d6c', 'status': 'completed', 'code': 200}
2026-07-10 01:01:41.535 9 INFO neutron.notifiers.nova [-] Nova event matching ['req-0ebe2e0a-f5af-420f-978d-f134b830f772'] response: {'name': 'network-changed', 'server_uuid': '3de8638a-8ded-4f5b-ab4c-999ca4b8f3f4', 'tag': '82040487-7012-47ed-a6f9-2b83a214e2af', 'status': 'completed', 'code': 200}
2026-07-10 01:01:41.720 10 INFO neutron.api.wsgi [req-e58166f4-2e6c-44fb-a286-9d7a37f9be7f req-8d6d8192-3ad7-45ca-9056-4c5875f9121e 7ba9e2fbaa8d42c0b1ec0da408f6cebc c625ef23e8704628af58efab52303c19 - - default default] 10.0.0.51 "GET /v2.0/ports?device_id=3de8638a-8ded-4f5b-ab4c-999ca4b8f3f4 HTTP/1.1" status: 200 len: 1170 time: 0.0320516
2026-07-10 01:01:41.755 10 INFO neutron.api.wsgi [req-e58166f4-2e6c-44fb-a286-9d7a37f9be7f req-101ed38b-5dd1-4419-bfe2-2b456a4da497 7ba9e2fbaa8d42c0b1ec0da408f6cebc c625ef23e8704628af58efab52303c19 - - default default] 10.0.0.51 "GET /v2.0/security-groups?id=4167c49c-3962-408c-9dd1-a0b571cb2a70&fields=id&fields=name HTTP/1.1" status: 200 len: 312 time: 0.0278797
2026-07-10 01:01:41.766 9 WARNING neutron.scheduler.dhcp_agent_scheduler [req-6b3c1afa-c1e5-4e93-9a64-9eeb5018597e req-3e33fefc-cb21-4fea-a22c-f85fb7776cf8 6cd91d2679394c31b8bc4f95452f8f31 e026e0c155014406ab9f322eacc34288 - - default default] No more DHCP agents
2026-07-10 01:01:41.767 9 WARNING neutron.api.rpc.agentnotifiers.dhcp_rpc_agent_api [req-6b3c1afa-c1e5-4e93-9a64-9eeb5018597e req-3e33fefc-cb21-4fea-a22c-f85fb7776cf8 6cd91d2679394c31b8bc4f95452f8f31 e026e0c155014406ab9f322eacc34288 - - default default] Unable to schedule network baf91051-1dbd-467c-80d5-9d92733b0587: no agents available; will retry on subsequent port and subnet creation events.
2026-07-10 01:01:41.799 10 INFO neutron.notifiers.nova [-] Nova event matching ['req-3e4b503b-89ed-44b6-b4cc-568fb439d2c3'] response: {'name': 'network-changed', 'server_uuid': '6899e442-d6f9-491e-a227-fbaad1769166', 'tag': 'a0f7199f-23a7-415e-ad29-1f61c0b73e98', 'status': 'completed', 'code': 200} /var/lib/openstack/lib/python3.12/site-packages/pycadf/identifier.py:71: UserWarning: Invalid uuid: neutron. To ensure interoperability, identifiers should be a valid uuid. warnings.warn(('Invalid uuid: %s. To ensure interoperability, '
2026-07-10 01:01:41.904 9 INFO neutron.db.ovn_revision_numbers_db [req-6b3c1afa-c1e5-4e93-9a64-9eeb5018597e req-3e33fefc-cb21-4fea-a22c-f85fb7776cf8 6cd91d2679394c31b8bc4f95452f8f31 e026e0c155014406ab9f322eacc34288 - - default default] Successfully bumped revision number for resource c3812d70-81f6-4430-8469-abdd0a83f12f (type: ports) to 1
2026-07-10 01:01:41.912 9 INFO neutron.api.wsgi [req-13d25027-67b4-4211-b9c5-bd6905fadbf0 req-e96fe1c3-1f95-4d6f-9b11-d148198d60e3 024b6eb83cec478ca330b7ad67ed3935 21ec168f49c3452caaec72b7f2900559 - - 55386a1d57ec4b85801b7b529053a6af 55386a1d57ec4b85801b7b529053a6af] 199.204.45.53 "GET /v2.0/ports?tenant_id=f23bfe5f9c0d486f9d14b9acba6511fc&device_id=34613078-5361-4983-a310-98ce9b4ad27d HTTP/1.1" status: 200 len: 1407 time: 0.0315013
2026-07-10 01:01:41.931 9 INFO neutron.api.wsgi [req-13d25027-67b4-4211-b9c5-bd6905fadbf0 req-dc8bb124-54a5-49c5-aeff-036848c4a7cb 024b6eb83cec478ca330b7ad67ed3935 21ec168f49c3452caaec72b7f2900559 - - 55386a1d57ec4b85801b7b529053a6af 55386a1d57ec4b85801b7b529053a6af] 199.204.45.53 "GET /v2.0/floatingips?fixed_ip_address=10.100.0.3&port_id=310d5509-cf4a-4577-a7de-655434726d6c HTTP/1.1" status: 200 len: 217 time: 0.0132143
2026-07-10 01:01:41.936 9 INFO neutron.api.wsgi [req-6b3c1afa-c1e5-4e93-9a64-9eeb5018597e req-3e33fefc-cb21-4fea-a22c-f85fb7776cf8 6cd91d2679394c31b8bc4f95452f8f31 e026e0c155014406ab9f322eacc34288 - - default default] 199.204.45.53 "POST /v2.0/ports HTTP/1.1" status: 201 len: 1162 time: 0.4958220
2026-07-10 01:01:41.972 9 INFO neutron.api.wsgi [req-13d25027-67b4-4211-b9c5-bd6905fadbf0 req-569cf200-fe69-4da9-9ecc-4e9e3f5a9009 024b6eb83cec478ca330b7ad67ed3935 21ec168f49c3452caaec72b7f2900559 - - 55386a1d57ec4b85801b7b529053a6af 55386a1d57ec4b85801b7b529053a6af] 199.204.45.53 "GET /v2.0/subnets?id=9bd877f0-5094-4567-9d76-bff045e1f51c HTTP/1.1" status: 200 len: 892 time: 0.0330515
2026-07-10 01:01:41.995 9 INFO neutron.api.wsgi [req-13d25027-67b4-4211-b9c5-bd6905fadbf0 req-a4e2509b-66e5-451a-a544-5c8e9cb0eaa7 024b6eb83cec478ca330b7ad67ed3935 21ec168f49c3452caaec72b7f2900559 - - 55386a1d57ec4b85801b7b529053a6af 55386a1d57ec4b85801b7b529053a6af] 199.204.45.53 "GET /v2.0/ports?network_id=00035ebf-eb35-42f9-9809-70fff125623a&device_owner=network%3Adhcp HTTP/1.1" status: 200 len: 210 time: 0.0173802
2026-07-10 01:01:42.028 10 INFO neutron.api.wsgi [req-66593d2c-f209-48ad-b22e-8cc2befa96a8 req-03d001b4-f1e9-42cf-9b90-16eb0c7501b4 6cd91d2679394c31b8bc4f95452f8f31 e026e0c155014406ab9f322eacc34288 - - default default] 10.0.0.51 "GET /v2.0/ports?device_id=7d0866f9-7cac-4db6-b0db-bd0ec7787789 HTTP/1.1" status: 200 len: 1160 time: 0.0643706
2026-07-10 01:01:42.045 9 INFO neutron.api.wsgi [req-13d25027-67b4-4211-b9c5-bd6905fadbf0 req-5ed07dfb-6ef7-4247-9d87-a370039ebd26 024b6eb83cec478ca330b7ad67ed3935 21ec168f49c3452caaec72b7f2900559 - - 55386a1d57ec4b85801b7b529053a6af 55386a1d57ec4b85801b7b529053a6af] 199.204.45.53 "GET /v2.0/networks/00035ebf-eb35-42f9-9809-70fff125623a?fields=segments HTTP/1.1" status: 200 len: 212 time: 0.0443814
2026-07-10 01:01:42.063 10 INFO neutron.api.wsgi [req-66593d2c-f209-48ad-b22e-8cc2befa96a8 req-d4571ff8-5e6a-4598-881e-c20dd698584f 6cd91d2679394c31b8bc4f95452f8f31 e026e0c155014406ab9f322eacc34288 - - default default] 10.0.0.51 "GET /v2.0/security-groups?id=932b258c-5558-49e5-8592-520043243cef&fields=id&fields=name HTTP/1.1" status: 200 len: 312 time: 0.0282345
2026-07-10 01:01:42.091 9 INFO neutron.api.wsgi [req-13d25027-67b4-4211-b9c5-bd6905fadbf0 req-3037e9a2-4134-4fb1-95e3-14f9680dfcf3 024b6eb83cec478ca330b7ad67ed3935 21ec168f49c3452caaec72b7f2900559 - - 55386a1d57ec4b85801b7b529053a6af 55386a1d57ec4b85801b7b529053a6af] 199.204.45.53 "GET /v2.0/networks/00035ebf-eb35-42f9-9809-70fff125623a?fields=provider%3Aphysical_network&fields=provider%3Anetwork_type HTTP/1.1" status: 200 len: 277 time: 0.0413933
2026-07-10 01:01:42.243 10 INFO neutron.plugins.ml2.drivers.ovn.mech_driver.mech_driver [None req-e07f3e84-ed43-493e-851a-4f3b03642812 - - - - - -] OVN reports status down for port: 82040487-7012-47ed-a6f9-2b83a214e2af /var/lib/openstack/lib/python3.12/site-packages/pycadf/identifier.py:71: UserWarning: Invalid uuid: neutron. To ensure interoperability, identifiers should be a valid uuid. warnings.warn(('Invalid uuid: %s. To ensure interoperability, '
2026-07-10 01:01:42.328 9 INFO neutron.db.ovn_revision_numbers_db [req-6b3c1afa-c1e5-4e93-9a64-9eeb5018597e req-3c87facd-f5ef-492e-9750-95c27d531bbd 024b6eb83cec478ca330b7ad67ed3935 21ec168f49c3452caaec72b7f2900559 - - 55386a1d57ec4b85801b7b529053a6af 55386a1d57ec4b85801b7b529053a6af] Successfully bumped revision number for resource c3812d70-81f6-4430-8469-abdd0a83f12f (type: ports) to 2
2026-07-10 01:01:42.357 9 INFO neutron.api.wsgi [req-d4974a2c-a041-48cf-a923-b9022e22efdc req-e477a9f1-7ad0-4a46-ad9d-ebde1a704ac0 024b6eb83cec478ca330b7ad67ed3935 21ec168f49c3452caaec72b7f2900559 - - 55386a1d57ec4b85801b7b529053a6af 55386a1d57ec4b85801b7b529053a6af] 199.204.45.53 "GET /v2.0/ports?tenant_id=8130143a4d15478c86672ae3ecf1b4bb&device_id=6899e442-d6f9-491e-a227-fbaad1769166 HTTP/1.1" status: 200 len: 1409 time: 0.0488858
2026-07-10 01:01:42.443 9 INFO neutron.api.wsgi [req-d4974a2c-a041-48cf-a923-b9022e22efdc req-e7a129a2-8988-4454-a3c1-a7d761e6394f 024b6eb83cec478ca330b7ad67ed3935 21ec168f49c3452caaec72b7f2900559 - - 55386a1d57ec4b85801b7b529053a6af 55386a1d57ec4b85801b7b529053a6af] 199.204.45.53 "GET /v2.0/networks?id=e136c435-b784-41fe-b840-a2db89ec1476 HTTP/1.1" status: 200 len: 981 time: 0.0803957
2026-07-10 01:01:42.505 9 INFO neutron.api.wsgi [req-d4974a2c-a041-48cf-a923-b9022e22efdc req-b1248ad1-42f7-4f4e-8088-b3150cd7a83a 024b6eb83cec478ca330b7ad67ed3935 21ec168f49c3452caaec72b7f2900559 - - 55386a1d57ec4b85801b7b529053a6af 55386a1d57ec4b85801b7b529053a6af] 199.204.45.53 "GET /v2.0/floatingips?fixed_ip_address=10.100.0.9&port_id=a0f7199f-23a7-415e-ad29-1f61c0b73e98 HTTP/1.1" status: 200 len: 1059 time: 0.0561209
2026-07-10 01:01:42.555 10 INFO neutron.db.ovn_revision_numbers_db [None req-e07f3e84-ed43-493e-851a-4f3b03642812 - - - - - -] Successfully bumped revision number for resource 82040487-7012-47ed-a6f9-2b83a214e2af (type: ports) to 6
2026-07-10 01:01:42.569 9 INFO neutron.api.wsgi [req-d4974a2c-a041-48cf-a923-b9022e22efdc req-a7b53277-aba3-4e19-824b-2fca39c6b7a2 024b6eb83cec478ca330b7ad67ed3935 21ec168f49c3452caaec72b7f2900559 - - 55386a1d57ec4b85801b7b529053a6af 55386a1d57ec4b85801b7b529053a6af] 199.204.45.53 "GET /v2.0/subnets?id=f3f44377-50d4-451d-aafc-e9edff1c6c5d HTTP/1.1" status: 200 len: 900 time: 0.0597107 /var/lib/openstack/lib/python3.12/site-packages/pycadf/identifier.py:71: UserWarning: Invalid uuid: neutron. To ensure interoperability, identifiers should be a valid uuid. warnings.warn(('Invalid uuid: %s. To ensure interoperability, '
2026-07-10 01:01:42.587 9 INFO neutron.api.wsgi [req-d4974a2c-a041-48cf-a923-b9022e22efdc req-ee5b4ec3-3f44-485c-8a7c-cb6fbab50fe6 024b6eb83cec478ca330b7ad67ed3935 21ec168f49c3452caaec72b7f2900559 - - 55386a1d57ec4b85801b7b529053a6af 55386a1d57ec4b85801b7b529053a6af] 199.204.45.53 "GET /v2.0/ports?network_id=e136c435-b784-41fe-b840-a2db89ec1476&device_owner=network%3Adhcp HTTP/1.1" status: 200 len: 210 time: 0.0140479 /var/lib/openstack/lib/python3.12/site-packages/pycadf/identifier.py:71: UserWarning: Invalid uuid: neutron. To ensure interoperability, identifiers should be a valid uuid. warnings.warn(('Invalid uuid: %s. To ensure interoperability, '
2026-07-10 01:01:42.624 10 INFO neutron.api.wsgi [req-d642d5d8-83af-486f-889b-59b5a7e83a11 req-9ffce5fb-bec8-4163-92fc-5d78904be6f4 6636b79a84ed4d128c6f4b4217900795 f23bfe5f9c0d486f9d14b9acba6511fc - - default default] 10.0.0.51 "GET /v2.0/ports?device_id=34613078-5361-4983-a310-98ce9b4ad27d HTTP/1.1" status: 200 len: 1168 time: 0.0345979
2026-07-10 01:01:42.633 9 INFO neutron.api.wsgi [req-d4974a2c-a041-48cf-a923-b9022e22efdc req-019502bb-e5b5-4bd0-ae71-d6fc7ec93eb9 024b6eb83cec478ca330b7ad67ed3935 21ec168f49c3452caaec72b7f2900559 - - 55386a1d57ec4b85801b7b529053a6af 55386a1d57ec4b85801b7b529053a6af] 199.204.45.53 "GET /v2.0/networks/e136c435-b784-41fe-b840-a2db89ec1476?fields=segments HTTP/1.1" status: 200 len: 212 time: 0.0402546
2026-07-10 01:01:42.659 10 INFO neutron.api.wsgi [req-d642d5d8-83af-486f-889b-59b5a7e83a11 req-91f77708-2d35-4eef-abcb-9b3f49694d58 6636b79a84ed4d128c6f4b4217900795 f23bfe5f9c0d486f9d14b9acba6511fc - - default default] 10.0.0.51 "GET /v2.0/security-groups?id=d30a886f-ad86-434a-991b-a3dfa54a70ab&fields=id&fields=name HTTP/1.1" status: 200 len: 313 time: 0.0285966
2026-07-10 01:01:42.668 9 INFO neutron.db.ovn_revision_numbers_db [req-6b3c1afa-c1e5-4e93-9a64-9eeb5018597e req-3c87facd-f5ef-492e-9750-95c27d531bbd 024b6eb83cec478ca330b7ad67ed3935 21ec168f49c3452caaec72b7f2900559 - - 55386a1d57ec4b85801b7b529053a6af 55386a1d57ec4b85801b7b529053a6af] Successfully bumped revision number for resource c3812d70-81f6-4430-8469-abdd0a83f12f (type: ports) to 4
2026-07-10 01:01:42.678 9 INFO neutron.api.wsgi [req-d4974a2c-a041-48cf-a923-b9022e22efdc req-5ad30ee8-2721-4b0a-922e-0c1e52bff7a8 024b6eb83cec478ca330b7ad67ed3935 21ec168f49c3452caaec72b7f2900559 - - 55386a1d57ec4b85801b7b529053a6af 55386a1d57ec4b85801b7b529053a6af] 199.204.45.53 "GET /v2.0/networks/e136c435-b784-41fe-b840-a2db89ec1476?fields=provider%3Aphysical_network&fields=provider%3Anetwork_type HTTP/1.1" status: 200 len: 277 time: 0.0403285
2026-07-10 01:01:42.685 9 INFO neutron.api.wsgi [req-6b3c1afa-c1e5-4e93-9a64-9eeb5018597e req-3c87facd-f5ef-492e-9750-95c27d531bbd 024b6eb83cec478ca330b7ad67ed3935 21ec168f49c3452caaec72b7f2900559 - - 55386a1d57ec4b85801b7b529053a6af 55386a1d57ec4b85801b7b529053a6af] 199.204.45.53 "PUT /v2.0/ports/c3812d70-81f6-4430-8469-abdd0a83f12f HTTP/1.1" status: 200 len: 1408 time: 0.7451227
2026-07-10 01:01:42.897 10 INFO neutron.api.wsgi [req-f65553dc-aa78-4a68-97a6-9689d181500d req-8c8fadcc-5de1-4991-b9e0-05ce90a81bbb 7ba9e2fbaa8d42c0b1ec0da408f6cebc c625ef23e8704628af58efab52303c19 - - default default] 10.0.0.51 "GET /v2.0/ports?device_id=3de8638a-8ded-4f5b-ab4c-999ca4b8f3f4 HTTP/1.1" status: 200 len: 1168 time: 0.0676491
2026-07-10 01:01:42.937 10 INFO neutron.api.wsgi [req-f65553dc-aa78-4a68-97a6-9689d181500d req-3d8eacd0-89f4-4c13-bff2-a661022ee781 7ba9e2fbaa8d42c0b1ec0da408f6cebc c625ef23e8704628af58efab52303c19 - - default default] 10.0.0.51 "GET /v2.0/security-groups?id=4167c49c-3962-408c-9dd1-a0b571cb2a70&fields=id&fields=name HTTP/1.1" status: 200 len: 312 time: 0.0329819
2026-07-10 01:01:43.134 9 INFO neutron.api.wsgi [req-bc72a7f2-837c-451e-8fe5-1346a205e61d req-2d1b95b2-106d-4443-ba97-87524cc21b17 024b6eb83cec478ca330b7ad67ed3935 21ec168f49c3452caaec72b7f2900559 - - 55386a1d57ec4b85801b7b529053a6af 55386a1d57ec4b85801b7b529053a6af] 199.204.45.53 "GET /v2.0/ports?tenant_id=f23bfe5f9c0d486f9d14b9acba6511fc&device_id=34613078-5361-4983-a310-98ce9b4ad27d HTTP/1.1" status: 200 len: 1407 time: 0.0290124
2026-07-10 01:01:43.170 10 INFO neutron.api.wsgi [req-bc24d8e4-0725-4540-87c6-c4915dd0b6d0 req-ea1319b3-5804-44a8-8d28-6e2b6747d225 6cd91d2679394c31b8bc4f95452f8f31 e026e0c155014406ab9f322eacc34288 - - default default] 10.0.0.51 "GET /v2.0/ports?device_id=7d0866f9-7cac-4db6-b0db-bd0ec7787789 HTTP/1.1" status: 200 len: 1172 time: 0.0412035
2026-07-10 01:01:43.175 9 INFO neutron.api.wsgi [req-bc72a7f2-837c-451e-8fe5-1346a205e61d req-df98ef07-31c4-4369-b0dc-1bf3eb9d0e52 024b6eb83cec478ca330b7ad67ed3935 21ec168f49c3452caaec72b7f2900559 - - 55386a1d57ec4b85801b7b529053a6af 55386a1d57ec4b85801b7b529053a6af] 199.204.45.53 "GET /v2.0/networks?id=00035ebf-eb35-42f9-9809-70fff125623a HTTP/1.1" status: 200 len: 973 time: 0.0377009
2026-07-10 01:01:43.202 9 INFO neutron.api.wsgi [req-bc72a7f2-837c-451e-8fe5-1346a205e61d req-34025cd0-2a4f-47bb-972f-1eaeb1f462a5 024b6eb83cec478ca330b7ad67ed3935 21ec168f49c3452caaec72b7f2900559 - - 55386a1d57ec4b85801b7b529053a6af 55386a1d57ec4b85801b7b529053a6af] 199.204.45.53 "GET /v2.0/floatingips?fixed_ip_address=10.100.0.3&port_id=310d5509-cf4a-4577-a7de-655434726d6c HTTP/1.1" status: 200 len: 217 time: 0.0189552
2026-07-10 01:01:43.212 10 INFO neutron.api.wsgi [req-bc24d8e4-0725-4540-87c6-c4915dd0b6d0 req-157ac671-f622-42c4-af93-b444a2eeef0d 6cd91d2679394c31b8bc4f95452f8f31 e026e0c155014406ab9f322eacc34288 - - default default] 10.0.0.51 "GET /v2.0/security-groups?id=932b258c-5558-49e5-8592-520043243cef&fields=id&fields=name HTTP/1.1" status: 200 len: 312 time: 0.0356812
2026-07-10 01:01:43.231 9 INFO neutron.api.wsgi [req-bc72a7f2-837c-451e-8fe5-1346a205e61d req-de58f26b-d418-4471-8ed5-750ea149d656 024b6eb83cec478ca330b7ad67ed3935 21ec168f49c3452caaec72b7f2900559 - - 55386a1d57ec4b85801b7b529053a6af 55386a1d57ec4b85801b7b529053a6af] 199.204.45.53 "GET /v2.0/subnets?id=9bd877f0-5094-4567-9d76-bff045e1f51c HTTP/1.1" status: 200 len: 892 time: 0.0241172
2026-07-10 01:01:43.250 9 INFO neutron.api.wsgi [req-bc72a7f2-837c-451e-8fe5-1346a205e61d req-84209eb5-9da3-4c36-a7d5-a7a5e5b3d9c1 024b6eb83cec478ca330b7ad67ed3935 21ec168f49c3452caaec72b7f2900559 - - 55386a1d57ec4b85801b7b529053a6af 55386a1d57ec4b85801b7b529053a6af] 199.204.45.53 "GET /v2.0/ports?network_id=00035ebf-eb35-42f9-9809-70fff125623a&device_owner=network%3Adhcp HTTP/1.1" status: 200 len: 210 time: 0.0139935
2026-07-10 01:01:43.300 9 INFO neutron.api.wsgi [req-bc72a7f2-837c-451e-8fe5-1346a205e61d req-cd5924c4-f45f-4b5c-a1bb-2392bb527a5b 024b6eb83cec478ca330b7ad67ed3935 21ec168f49c3452caaec72b7f2900559 - - 55386a1d57ec4b85801b7b529053a6af 55386a1d57ec4b85801b7b529053a6af] 199.204.45.53 "GET /v2.0/networks/00035ebf-eb35-42f9-9809-70fff125623a?fields=segments HTTP/1.1" status: 200 len: 212 time: 0.0451407
2026-07-10 01:01:43.349 9 INFO neutron.api.wsgi [req-bc72a7f2-837c-451e-8fe5-1346a205e61d req-18090249-0679-472f-8648-863ef65db14a 024b6eb83cec478ca330b7ad67ed3935 21ec168f49c3452caaec72b7f2900559 - - 55386a1d57ec4b85801b7b529053a6af 55386a1d57ec4b85801b7b529053a6af] 199.204.45.53 "GET /v2.0/networks/00035ebf-eb35-42f9-9809-70fff125623a?fields=provider%3Aphysical_network&fields=provider%3Anetwork_type HTTP/1.1" status: 200 len: 277 time: 0.0437202
2026-07-10 01:01:43.524 9 INFO neutron.api.wsgi [req-7785d4bc-1108-439b-a63d-516381f9d12b req-de9483f6-9b83-422b-9e6f-4474c43ebd1f 7ba9e2fbaa8d42c0b1ec0da408f6cebc c625ef23e8704628af58efab52303c19 - - default default] 199.204.45.53 "GET /v2.0/ports?device_id=3de8638a-8ded-4f5b-ab4c-999ca4b8f3f4 HTTP/1.1" status: 200 len: 1168 time: 0.0913897
2026-07-10 01:01:43.570 9 INFO neutron.notifiers.nova [-] Nova event matching ['req-369869bb-671b-403a-87a9-2e6830ebe4ff'] response: {'name': 'network-changed', 'server_uuid': '7d0866f9-7cac-4db6-b0db-bd0ec7787789', 'tag': 'c3812d70-81f6-4430-8469-abdd0a83f12f', 'status': 'completed', 'code': 200}
2026-07-10 01:01:43.744 10 INFO neutron.api.wsgi [req-99c5e4dc-fb33-4867-9042-448113f7254b req-cfa36be8-45ac-40a4-a4b8-f4dd467fead3 6636b79a84ed4d128c6f4b4217900795 f23bfe5f9c0d486f9d14b9acba6511fc - - default default] 10.0.0.51 "GET /v2.0/ports?device_id=34613078-5361-4983-a310-98ce9b4ad27d HTTP/1.1" status: 200 len: 1168 time: 0.0276718
2026-07-10 01:01:43.761 9 INFO neutron.api.wsgi [req-6b3c1afa-c1e5-4e93-9a64-9eeb5018597e req-f9dec2a1-d28f-4504-843a-e2f389f2ab31 024b6eb83cec478ca330b7ad67ed3935 21ec168f49c3452caaec72b7f2900559 - - 55386a1d57ec4b85801b7b529053a6af 55386a1d57ec4b85801b7b529053a6af] 199.204.45.53 "GET /v2.0/ports?tenant_id=e026e0c155014406ab9f322eacc34288&device_id=7d0866f9-7cac-4db6-b0db-bd0ec7787789 HTTP/1.1" status: 200 len: 1411 time: 0.0546176
2026-07-10 01:01:43.787 9 INFO neutron.api.wsgi [req-6b3c1afa-c1e5-4e93-9a64-9eeb5018597e req-77bafcb8-cf55-4e7c-9f04-3ac85d67d964 024b6eb83cec478ca330b7ad67ed3935 21ec168f49c3452caaec72b7f2900559 - - 55386a1d57ec4b85801b7b529053a6af 55386a1d57ec4b85801b7b529053a6af] 199.204.45.53 "GET /v2.0/floatingips?fixed_ip_address=10.100.0.11&port_id=c3812d70-81f6-4430-8469-abdd0a83f12f HTTP/1.1" status: 200 len: 217 time: 0.0175667
2026-07-10 01:01:43.788 10 INFO neutron.api.wsgi [req-99c5e4dc-fb33-4867-9042-448113f7254b req-4c654714-6697-4082-8981-989155291e1b 6636b79a84ed4d128c6f4b4217900795 f23bfe5f9c0d486f9d14b9acba6511fc - - default default] 10.0.0.51 "GET /v2.0/security-groups?id=d30a886f-ad86-434a-991b-a3dfa54a70ab&fields=id&fields=name HTTP/1.1" status: 200 len: 313 time: 0.0385952
2026-07-10 01:01:43.830 9 INFO neutron.api.wsgi [req-6b3c1afa-c1e5-4e93-9a64-9eeb5018597e req-baac3f71-7f27-446c-8d24-0bb8e71ff569 024b6eb83cec478ca330b7ad67ed3935 21ec168f49c3452caaec72b7f2900559 - - 55386a1d57ec4b85801b7b529053a6af 55386a1d57ec4b85801b7b529053a6af] 199.204.45.53 "GET /v2.0/subnets?id=f0372787-84e5-4b08-902f-bd298ce50455 HTTP/1.1" status: 200 len: 887 time: 0.0367484
2026-07-10 01:01:43.842 10 INFO neutron.notifiers.nova [-] Nova event matching ['req-36333347-361e-41e0-af5a-715fd30c6250'] response: {'server_uuid': '3de8638a-8ded-4f5b-ab4c-999ca4b8f3f4', 'name': 'network-vif-unplugged', 'status': 'completed', 'tag': '82040487-7012-47ed-a6f9-2b83a214e2af', 'code': 200}
2026-07-10 01:01:43.842 10 INFO neutron.notifiers.nova [-] Nova event matching ['req-36333347-361e-41e0-af5a-715fd30c6250'] response: {'server_uuid': '3de8638a-8ded-4f5b-ab4c-999ca4b8f3f4', 'name': 'network-vif-unplugged', 'status': 'completed', 'tag': '82040487-7012-47ed-a6f9-2b83a214e2af', 'code': 200}
2026-07-10 01:01:43.855 9 INFO neutron.api.wsgi [req-6b3c1afa-c1e5-4e93-9a64-9eeb5018597e req-2934af40-1717-48ec-9f98-823ef88c25b0 024b6eb83cec478ca330b7ad67ed3935 21ec168f49c3452caaec72b7f2900559 - - 55386a1d57ec4b85801b7b529053a6af 55386a1d57ec4b85801b7b529053a6af] 199.204.45.53 "GET /v2.0/ports?network_id=baf91051-1dbd-467c-80d5-9d92733b0587&device_owner=network%3Adhcp HTTP/1.1" status: 200 len: 210 time: 0.0155139
2026-07-10 01:01:43.942 9 INFO neutron.db.l3_db [req-7785d4bc-1108-439b-a63d-516381f9d12b req-15a22567-e03c-449b-ac84-f981f5a09e50 7ba9e2fbaa8d42c0b1ec0da408f6cebc c625ef23e8704628af58efab52303c19 - - default default] Floating IP 8ef6fcf2-f956-44d4-ac0e-66f904c0d838 disassociated. External IP: 10.96.250.208, port: 82040487-7012-47ed-a6f9-2b83a214e2af.
2026-07-10 01:01:43.947 9 INFO neutron.api.wsgi [req-6b3c1afa-c1e5-4e93-9a64-9eeb5018597e req-88875cd7-7d02-479e-aa35-b0fd9791d18e 024b6eb83cec478ca330b7ad67ed3935 21ec168f49c3452caaec72b7f2900559 - - 55386a1d57ec4b85801b7b529053a6af 55386a1d57ec4b85801b7b529053a6af] 199.204.45.53 "GET /v2.0/networks/baf91051-1dbd-467c-80d5-9d92733b0587?fields=segments HTTP/1.1" status: 200 len: 212 time: 0.0874593 /var/lib/openstack/lib/python3.12/site-packages/pycadf/identifier.py:71: UserWarning: Invalid uuid: neutron. To ensure interoperability, identifiers should be a valid uuid. warnings.warn(('Invalid uuid: %s. To ensure interoperability, '
2026-07-10 01:01:44.010 9 INFO neutron.api.wsgi [req-6b3c1afa-c1e5-4e93-9a64-9eeb5018597e req-3c69642b-75d5-482e-85de-bb9d04629d20 024b6eb83cec478ca330b7ad67ed3935 21ec168f49c3452caaec72b7f2900559 - - 55386a1d57ec4b85801b7b529053a6af 55386a1d57ec4b85801b7b529053a6af] 199.204.45.53 "GET /v2.0/networks/baf91051-1dbd-467c-80d5-9d92733b0587?fields=provider%3Aphysical_network&fields=provider%3Anetwork_type HTTP/1.1" status: 200 len: 277 time: 0.0515642
2026-07-10 01:01:44.049 9 INFO neutron.api.wsgi [req-7785d4bc-1108-439b-a63d-516381f9d12b req-15a22567-e03c-449b-ac84-f981f5a09e50 7ba9e2fbaa8d42c0b1ec0da408f6cebc c625ef23e8704628af58efab52303c19 - - default default] 199.204.45.53 "DELETE /v2.0/ports/82040487-7012-47ed-a6f9-2b83a214e2af HTTP/1.1" status: 204 len: 173 time: 0.5177081
2026-07-10 01:01:44.411 9 INFO neutron.api.wsgi [req-bc72a7f2-837c-451e-8fe5-1346a205e61d req-9f96d1e0-9aec-4437-86ee-ce86012db163 024b6eb83cec478ca330b7ad67ed3935 21ec168f49c3452caaec72b7f2900559 - - 55386a1d57ec4b85801b7b529053a6af 55386a1d57ec4b85801b7b529053a6af] 199.204.45.53 "GET /v2.0/ports?tenant_id=c625ef23e8704628af58efab52303c19&device_id=3de8638a-8ded-4f5b-ab4c-999ca4b8f3f4 HTTP/1.1" status: 200 len: 210 time: 0.0178678
2026-07-10 01:01:44.496 10 INFO neutron.plugins.ml2.drivers.ovn.mech_driver.mech_driver [None req-fde37c81-6782-4d9e-b268-0b37367974a7 - - - - - -] OVN reports status up for port: 310d5509-cf4a-4577-a7de-655434726d6c
2026-07-10 01:01:44.506 10 INFO neutron.api.wsgi [req-27439588-7936-48cf-9f97-1ecd28cd537a req-381f83e1-4561-4386-a7bd-b332d6c83904 7ba9e2fbaa8d42c0b1ec0da408f6cebc c625ef23e8704628af58efab52303c19 - - default default] 10.0.0.51 "GET /v2.0/ports?device_id=3de8638a-8ded-4f5b-ab4c-999ca4b8f3f4 HTTP/1.1" status: 200 len: 210 time: 0.3381078
2026-07-10 01:01:44.522 10 INFO neutron.plugins.ml2.plugin [None req-fde37c81-6782-4d9e-b268-0b37367974a7 - - - - - -] Attempt 1 to provision port 310d5509-cf4a-4577-a7de-655434726d6c
2026-07-10 01:01:44.546 10 INFO neutron.api.wsgi [req-9e6cd080-a95d-4586-9215-96efd74c8311 req-f4ac2499-68c7-4b83-896b-de419b6db7e2 6cd91d2679394c31b8bc4f95452f8f31 e026e0c155014406ab9f322eacc34288 - - default default] 10.0.0.51 "GET /v2.0/ports?device_id=7d0866f9-7cac-4db6-b0db-bd0ec7787789 HTTP/1.1" status: 200 len: 1172 time: 0.0542786
2026-07-10 01:01:44.595 10 INFO neutron.api.wsgi [req-9e6cd080-a95d-4586-9215-96efd74c8311 req-0b4cae3d-df2d-478d-94f1-90af84d37a90 6cd91d2679394c31b8bc4f95452f8f31 e026e0c155014406ab9f322eacc34288 - - default default] 10.0.0.51 "GET /v2.0/security-groups?id=932b258c-5558-49e5-8592-520043243cef&fields=id&fields=name HTTP/1.1" status: 200 len: 312 time: 0.0362670
2026-07-10 01:01:44.773 10 INFO neutron.db.ovn_revision_numbers_db [None req-fde37c81-6782-4d9e-b268-0b37367974a7 - - - - - -] Successfully bumped revision number for resource 310d5509-cf4a-4577-a7de-655434726d6c (type: ports) to 5 /var/lib/openstack/lib/python3.12/site-packages/pycadf/identifier.py:71: UserWarning: Invalid uuid: neutron. To ensure interoperability, identifiers should be a valid uuid. warnings.warn(('Invalid uuid: %s. To ensure interoperability, '
2026-07-10 01:01:44.877 10 INFO neutron.api.wsgi [req-7ddf3c68-e684-472d-b9bc-98d4f9b37f76 req-6d55366b-36e1-4739-8610-40ddc4d296f9 6636b79a84ed4d128c6f4b4217900795 f23bfe5f9c0d486f9d14b9acba6511fc - - default default] 10.0.0.51 "GET /v2.0/ports?device_id=34613078-5361-4983-a310-98ce9b4ad27d HTTP/1.1" status: 200 len: 1170 time: 0.0341094
2026-07-10 01:01:44.914 10 INFO neutron.api.wsgi [req-7ddf3c68-e684-472d-b9bc-98d4f9b37f76 req-c2a48606-ff38-49ec-a2fd-800ec3fb608a 6636b79a84ed4d128c6f4b4217900795 f23bfe5f9c0d486f9d14b9acba6511fc - - default default] 10.0.0.51 "GET /v2.0/security-groups?id=d30a886f-ad86-434a-991b-a3dfa54a70ab&fields=id&fields=name HTTP/1.1" status: 200 len: 313 time: 0.0320661
2026-07-10 01:01:45.054 9 INFO neutron.api.wsgi [req-84966fca-ca40-47e2-8f9e-b300d4c30920 req-1dd8fe1d-3fce-4a3c-9d58-4fb8ec72641f 024b6eb83cec478ca330b7ad67ed3935 21ec168f49c3452caaec72b7f2900559 - - 55386a1d57ec4b85801b7b529053a6af 55386a1d57ec4b85801b7b529053a6af] 199.204.45.53 "GET /v2.0/ports?tenant_id=e026e0c155014406ab9f322eacc34288&device_id=7d0866f9-7cac-4db6-b0db-bd0ec7787789 HTTP/1.1" status: 200 len: 1411 time: 0.0290611
2026-07-10 01:01:45.103 9 INFO neutron.api.wsgi [req-84966fca-ca40-47e2-8f9e-b300d4c30920 req-b011df86-1acd-4ee9-8734-6ab0edd4965d 024b6eb83cec478ca330b7ad67ed3935 21ec168f49c3452caaec72b7f2900559 - - 55386a1d57ec4b85801b7b529053a6af 55386a1d57ec4b85801b7b529053a6af] 199.204.45.53 "GET /v2.0/networks?id=baf91051-1dbd-467c-80d5-9d92733b0587 HTTP/1.1" status: 200 len: 968 time: 0.0416646
2026-07-10 01:01:45.122 9 INFO neutron.api.wsgi [req-84966fca-ca40-47e2-8f9e-b300d4c30920 req-a95e5a04-1473-4c12-a8b3-c009d1141279 024b6eb83cec478ca330b7ad67ed3935 21ec168f49c3452caaec72b7f2900559 - - 55386a1d57ec4b85801b7b529053a6af 55386a1d57ec4b85801b7b529053a6af] 199.204.45.53 "GET /v2.0/floatingips?fixed_ip_address=10.100.0.11&port_id=c3812d70-81f6-4430-8469-abdd0a83f12f HTTP/1.1" status: 200 len: 217 time: 0.0130403
2026-07-10 01:01:45.145 9 INFO neutron.api.wsgi [req-84966fca-ca40-47e2-8f9e-b300d4c30920 req-fca624db-9d10-4007-8589-3d25ffaba4b4 024b6eb83cec478ca330b7ad67ed3935 21ec168f49c3452caaec72b7f2900559 - - 55386a1d57ec4b85801b7b529053a6af 55386a1d57ec4b85801b7b529053a6af] 199.204.45.53 "GET /v2.0/subnets?id=f0372787-84e5-4b08-902f-bd298ce50455 HTTP/1.1" status: 200 len: 887 time: 0.0176945
2026-07-10 01:01:45.163 9 INFO neutron.api.wsgi [req-84966fca-ca40-47e2-8f9e-b300d4c30920 req-c753aeb1-de1f-4280-bf29-8c4e661b3d1d 024b6eb83cec478ca330b7ad67ed3935 21ec168f49c3452caaec72b7f2900559 - - 55386a1d57ec4b85801b7b529053a6af 55386a1d57ec4b85801b7b529053a6af] 199.204.45.53 "GET /v2.0/ports?network_id=baf91051-1dbd-467c-80d5-9d92733b0587&device_owner=network%3Adhcp HTTP/1.1" status: 200 len: 210 time: 0.0111675
2026-07-10 01:01:45.194 9 INFO neutron.api.wsgi [req-84966fca-ca40-47e2-8f9e-b300d4c30920 req-e8ed5b36-a988-4337-8eb2-ba97bc2c2bde 024b6eb83cec478ca330b7ad67ed3935 21ec168f49c3452caaec72b7f2900559 - - 55386a1d57ec4b85801b7b529053a6af 55386a1d57ec4b85801b7b529053a6af] 199.204.45.53 "GET /v2.0/networks/baf91051-1dbd-467c-80d5-9d92733b0587?fields=segments HTTP/1.1" status: 200 len: 212 time: 0.0275755
2026-07-10 01:01:45.241 9 INFO neutron.api.wsgi [req-84966fca-ca40-47e2-8f9e-b300d4c30920 req-34425721-c556-4efa-871e-9ccf7c3410d7 024b6eb83cec478ca330b7ad67ed3935 21ec168f49c3452caaec72b7f2900559 - - 55386a1d57ec4b85801b7b529053a6af 55386a1d57ec4b85801b7b529053a6af] 199.204.45.53 "GET /v2.0/networks/baf91051-1dbd-467c-80d5-9d92733b0587?fields=provider%3Aphysical_network&fields=provider%3Anetwork_type HTTP/1.1" status: 200 len: 277 time: 0.0423164
2026-07-10 01:01:45.605 10 INFO neutron.api.wsgi [req-f9d3e420-dfbd-4e20-90a7-d13c7986e387 req-c074d6fd-a0e7-4110-aa51-eb28aab75bb2 7ba9e2fbaa8d42c0b1ec0da408f6cebc c625ef23e8704628af58efab52303c19 - - default default] 10.0.0.51 "GET /v2.0/ports?device_id=3de8638a-8ded-4f5b-ab4c-999ca4b8f3f4 HTTP/1.1" status: 200 len: 210 time: 0.0241625
2026-07-10 01:01:45.616 9 INFO neutron.notifiers.nova [-] Nova event matching ['req-4b362f4a-ea5f-4544-b9d9-858d6ab49450'] response: {'server_uuid': '3de8638a-8ded-4f5b-ab4c-999ca4b8f3f4', 'name': 'network-vif-deleted', 'tag': '82040487-7012-47ed-a6f9-2b83a214e2af', 'status': 'completed', 'code': 200}
2026-07-10 01:01:45.704 10 INFO neutron.api.wsgi [req-a997ac80-3f2b-4b8e-9796-23ef9739cf01 req-eaf496f3-9d23-4155-974d-97b43adaee02 6cd91d2679394c31b8bc4f95452f8f31 e026e0c155014406ab9f322eacc34288 - - default default] 10.0.0.51 "GET /v2.0/ports?device_id=7d0866f9-7cac-4db6-b0db-bd0ec7787789 HTTP/1.1" status: 200 len: 1172 time: 0.0347846
2026-07-10 01:01:45.742 10 INFO neutron.api.wsgi [req-a997ac80-3f2b-4b8e-9796-23ef9739cf01 req-da1bfe3a-0ea1-4be4-bfab-594790c5d558 6cd91d2679394c31b8bc4f95452f8f31 e026e0c155014406ab9f322eacc34288 - - default default] 10.0.0.51 "GET /v2.0/security-groups?id=932b258c-5558-49e5-8592-520043243cef&fields=id&fields=name HTTP/1.1" status: 200 len: 312 time: 0.0319047
2026-07-10 01:01:45.875 10 INFO neutron.notifiers.nova [-] Nova event matching ['req-fb17bb7e-a9c6-43c2-a9b3-d0640e486c81'] response: {'server_uuid': '34613078-5361-4983-a310-98ce9b4ad27d', 'name': 'network-vif-plugged', 'status': 'completed', 'tag': '310d5509-cf4a-4577-a7de-655434726d6c', 'code': 200}
2026-07-10 01:01:45.876 10 INFO neutron.notifiers.nova [-] Nova event matching ['req-fb17bb7e-a9c6-43c2-a9b3-d0640e486c81'] response: {'server_uuid': '34613078-5361-4983-a310-98ce9b4ad27d', 'name': 'network-vif-plugged', 'status': 'completed', 'tag': '310d5509-cf4a-4577-a7de-655434726d6c', 'code': 200}
2026-07-10 01:01:46.072 10 INFO neutron.api.wsgi [req-d3677808-f50a-4c36-b106-0b468a2c8947 req-9e7198ad-13be-4923-b1b4-761c26df06ed 6636b79a84ed4d128c6f4b4217900795 f23bfe5f9c0d486f9d14b9acba6511fc - - default default] 10.0.0.51 "GET /v2.0/ports?device_id=34613078-5361-4983-a310-98ce9b4ad27d HTTP/1.1" status: 200 len: 1170 time: 0.0889907
2026-07-10 01:01:46.129 10 INFO neutron.api.wsgi [req-d3677808-f50a-4c36-b106-0b468a2c8947 req-799925d8-18a7-44c2-9b99-dac6f45baa2f 6636b79a84ed4d128c6f4b4217900795 f23bfe5f9c0d486f9d14b9acba6511fc - - default default] 10.0.0.51 "GET /v2.0/security-groups?id=d30a886f-ad86-434a-991b-a3dfa54a70ab&fields=id&fields=name HTTP/1.1" status: 200 len: 313 time: 0.0462248
2026-07-10 01:01:46.194 10 INFO neutron.plugins.ml2.drivers.ovn.mech_driver.mech_driver [None req-710b3db0-42ae-4629-bc5a-f88d820010a0 - - - - - -] OVN reports status up for port: c3812d70-81f6-4430-8469-abdd0a83f12f
2026-07-10 01:01:46.208 10 INFO neutron.plugins.ml2.plugin [None req-710b3db0-42ae-4629-bc5a-f88d820010a0 - - - - - -] Attempt 1 to provision port c3812d70-81f6-4430-8469-abdd0a83f12f
