2026-07-10 01:06:07.819 10 INFO neutron.api.wsgi [req-4ca40f0f-908f-477b-bfd3-0866bc09883e req-7a299bf3-5522-41df-8177-28eedb4a77a1 22cf38ec069a4b3aab466437885b6160 1d57a0c4a073494f943022cb610fb948 - - default default] 10.0.0.51 "GET /v2.0/ports?device_id=7b83775d-81ba-434b-8b67-816846cebd10 HTTP/1.1" status: 200 len: 1172 time: 0.0349247
2026-07-10 01:06:07.860 10 INFO neutron.api.wsgi [req-4ca40f0f-908f-477b-bfd3-0866bc09883e req-dd904202-587d-4d68-b3bd-77a2258a7499 22cf38ec069a4b3aab466437885b6160 1d57a0c4a073494f943022cb610fb948 - - default default] 10.0.0.51 "GET /v2.0/security-groups?id=0f482ad9-4312-46f5-968b-e458e4c7655a&fields=id&fields=name HTTP/1.1" status: 200 len: 312 time: 0.0339017
2026-07-10 01:06:08.396 9 INFO neutron.plugins.ml2.drivers.ovn.mech_driver.mech_driver [None req-7807ea3b-09d6-42bd-86b4-686611d73f62 - - - - - -] OVN reports status up for port: 142ad7d0-54be-44cf-bfc2-05c4fb6af33a
2026-07-10 01:06:08.412 9 INFO neutron.plugins.ml2.plugin [None req-7807ea3b-09d6-42bd-86b4-686611d73f62 - - - - - -] Attempt 1 to provision port 142ad7d0-54be-44cf-bfc2-05c4fb6af33a
2026-07-10 01:06:08.444 10 INFO neutron.api.wsgi [-] 10.0.0.225 "GET / HTTP/1.1" status: 200 len: 246 time: 0.0016842
2026-07-10 01:06:08.446 10 INFO neutron.api.wsgi [-] 10.0.0.225 "GET / HTTP/1.1" status: 200 len: 246 time: 0.0012181
2026-07-10 01:06:08.563 9 INFO neutron.notifiers.nova [-] Nova event matching ['req-80018ad9-8ad8-47d3-888e-78d9a9fdb3e4'] response: {'server_uuid': '7b83775d-81ba-434b-8b67-816846cebd10', 'name': 'network-vif-plugged', 'status': 'completed', 'tag': '142ad7d0-54be-44cf-bfc2-05c4fb6af33a', 'code': 200}
2026-07-10 01:06:08.704 9 INFO neutron.db.ovn_revision_numbers_db [None req-7807ea3b-09d6-42bd-86b4-686611d73f62 - - - - - -] Successfully bumped revision number for resource 142ad7d0-54be-44cf-bfc2-05c4fb6af33a (type: ports) to 5
2026-07-10 01:06:08.971 10 INFO neutron.api.wsgi [req-a3028616-cb2d-46c3-aaab-0a9cca1e4054 req-289460b6-6b1b-4ca9-b43c-274a557e1232 22cf38ec069a4b3aab466437885b6160 1d57a0c4a073494f943022cb610fb948 - - default default] 10.0.0.51 "GET /v2.0/ports?device_id=7b83775d-81ba-434b-8b67-816846cebd10 HTTP/1.1" status: 200 len: 1174 time: 0.0367165
2026-07-10 01:06:09.019 10 INFO neutron.api.wsgi [req-a3028616-cb2d-46c3-aaab-0a9cca1e4054 req-78a4088c-8de6-49d8-a9bd-1165e318ff88 22cf38ec069a4b3aab466437885b6160 1d57a0c4a073494f943022cb610fb948 - - default default] 10.0.0.51 "GET /v2.0/security-groups?id=0f482ad9-4312-46f5-968b-e458e4c7655a&fields=id&fields=name HTTP/1.1" status: 200 len: 312 time: 0.0422559
2026-07-10 01:06:10.161 10 INFO neutron.api.wsgi [req-77fbddbd-f857-4955-ba9e-34cb9bd9d1c0 req-a453d46f-bed1-49b9-bd21-c4da920d9b6c 22cf38ec069a4b3aab466437885b6160 1d57a0c4a073494f943022cb610fb948 - - default default] 10.0.0.51 "GET /v2.0/ports?device_id=7b83775d-81ba-434b-8b67-816846cebd10 HTTP/1.1" status: 200 len: 1174 time: 0.0758469
2026-07-10 01:06:10.200 10 INFO neutron.api.wsgi [req-77fbddbd-f857-4955-ba9e-34cb9bd9d1c0 req-790fc1d2-dc8b-4723-a4b3-33ef82c782fe 22cf38ec069a4b3aab466437885b6160 1d57a0c4a073494f943022cb610fb948 - - default default] 10.0.0.51 "GET /v2.0/security-groups?id=0f482ad9-4312-46f5-968b-e458e4c7655a&fields=id&fields=name HTTP/1.1" status: 200 len: 312 time: 0.0334668
2026-07-10 01:06:10.273 10 INFO neutron.api.wsgi [None req-4d66aa80-4fba-4dff-a376-2bdd6660a718 b81e1998028545a3b6f2c38cae7035f1 ad5889d0256a493483d16a066b650057 - - default default] 199.204.45.53 "GET /v2.0/extensions/security-group HTTP/1.1" status: 200 len: 369 time: 0.0402393
2026-07-10 01:06:10.282 10 INFO neutron.api.wsgi [None req-cbf0f106-687c-4be2-a613-7408a4b8edf2 b81e1998028545a3b6f2c38cae7035f1 ad5889d0256a493483d16a066b650057 - - default default] 199.204.45.53 "GET /v2.0/extensions/dns-integration HTTP/1.1" status: 200 len: 371 time: 0.0039001
2026-07-10 01:06:10.289 10 INFO neutron.api.wsgi [None req-4d22b1ad-ea27-4246-ab60-1936dc6fa13f b81e1998028545a3b6f2c38cae7035f1 ad5889d0256a493483d16a066b650057 - - default default] 199.204.45.53 "GET /v2.0/extensions/qos HTTP/1.1" status: 200 len: 365 time: 0.0033677
2026-07-10 01:06:10.296 10 INFO neutron.api.wsgi [None req-4f15c14e-0f0b-4a45-944a-13bc9c59ce26 b81e1998028545a3b6f2c38cae7035f1 ad5889d0256a493483d16a066b650057 - - default default] 199.204.45.53 "GET /v2.0/extensions/allowed-address-pairs HTTP/1.1" status: 200 len: 383 time: 0.0034537
2026-07-10 01:06:10.301 10 INFO neutron.api.wsgi [req-4151434f-1a6d-4aca-a7b8-494361f6d4e1 req-9fa09797-0fd5-4576-96fb-b72bfecad3db 22cf38ec069a4b3aab466437885b6160 1d57a0c4a073494f943022cb610fb948 - - default default] 10.0.0.51 "GET /v2.0/ports?device_id=7b83775d-81ba-434b-8b67-816846cebd10 HTTP/1.1" status: 200 len: 1174 time: 0.0419357
2026-07-10 01:06:10.331 10 INFO neutron.api.wsgi [None req-51f7a54e-6f72-4f12-8586-2eb4333fe410 b81e1998028545a3b6f2c38cae7035f1 ad5889d0256a493483d16a066b650057 - - default default] 199.204.45.53 "GET /v2.0/ports/43a506de-b186-4ce8-9653-88e751b31d19 HTTP/1.1" status: 200 len: 1332 time: 0.0301547
2026-07-10 01:06:10.344 10 INFO neutron.api.wsgi [req-4151434f-1a6d-4aca-a7b8-494361f6d4e1 req-7fc3318c-93d7-4bc8-b8c0-4a023233543d 22cf38ec069a4b3aab466437885b6160 1d57a0c4a073494f943022cb610fb948 - - default default] 10.0.0.51 "GET /v2.0/security-groups?id=0f482ad9-4312-46f5-968b-e458e4c7655a&fields=id&fields=name HTTP/1.1" status: 200 len: 312 time: 0.0375640
2026-07-10 01:06:10.409 10 INFO neutron.api.wsgi [None req-7d9b3b60-1c97-4ac9-a914-13ff115cd4b1 03c22685a122465cacf1922b1cd825de c7d51270b8af4337a5ecea34af77acf2 - - default default] 10.0.0.54 "GET /v2.0/ports?device_id=7b83775d-81ba-434b-8b67-816846cebd10 HTTP/1.1" status: 200 len: 1408 time: 0.0369067
2026-07-10 01:06:10.545 10 INFO neutron.api.wsgi [None req-d8d8bf3b-0b54-4857-b94a-8c83ac718aed b81e1998028545a3b6f2c38cae7035f1 ad5889d0256a493483d16a066b650057 - - default default] 199.204.45.53 "GET /v2.0/extensions/security-group HTTP/1.1" status: 200 len: 369 time: 0.0043421
2026-07-10 01:06:10.552 10 INFO neutron.api.wsgi [None req-e6520624-2581-4084-abbe-2ce12a9ef60b b81e1998028545a3b6f2c38cae7035f1 ad5889d0256a493483d16a066b650057 - - default default] 199.204.45.53 "GET /v2.0/extensions/dns-integration HTTP/1.1" status: 200 len: 371 time: 0.0035944
2026-07-10 01:06:10.572 10 INFO neutron.api.wsgi [None req-a067262a-b2f6-43b1-9625-689083574674 b81e1998028545a3b6f2c38cae7035f1 ad5889d0256a493483d16a066b650057 - - default default] 199.204.45.53 "GET /v2.0/extensions/qos HTTP/1.1" status: 200 len: 365 time: 0.0056632
2026-07-10 01:06:10.580 10 INFO neutron.api.wsgi [None req-fdee8f4e-eed6-4450-ab88-73813a1a0840 b81e1998028545a3b6f2c38cae7035f1 ad5889d0256a493483d16a066b650057 - - default default] 199.204.45.53 "GET /v2.0/extensions/allowed-address-pairs HTTP/1.1" status: 200 len: 383 time: 0.0040102
2026-07-10 01:06:10.594 10 INFO neutron.api.v2.resource [None req-1e163c79-0204-4382-b383-fb469e4dfaa7 b81e1998028545a3b6f2c38cae7035f1 ad5889d0256a493483d16a066b650057 - - default default] show failed (client error): The resource could not be found.
2026-07-10 01:06:10.595 10 INFO neutron.api.wsgi [None req-1e163c79-0204-4382-b383-fb469e4dfaa7 b81e1998028545a3b6f2c38cae7035f1 ad5889d0256a493483d16a066b650057 - - default default] 199.204.45.53 "GET /v2.0/security-groups/lb-9a2cad3e-d712-4d47-b291-cfb46904320c HTTP/1.1" status: 404 len: 355 time: 0.0104940
2026-07-10 01:06:10.600 9 INFO neutron.notifiers.nova [-] Nova event matching ['req-a4ed894f-770f-4067-8ee0-f955607fc1d9'] response: {'server_uuid': '7b83775d-81ba-434b-8b67-816846cebd10', 'name': 'network-vif-plugged', 'status': 'completed', 'tag': '142ad7d0-54be-44cf-bfc2-05c4fb6af33a', 'code': 200}
2026-07-10 01:06:10.627 10 INFO neutron.api.wsgi [None req-516de1be-7442-495b-b437-afe64d14a293 b81e1998028545a3b6f2c38cae7035f1 ad5889d0256a493483d16a066b650057 - - default default] 199.204.45.53 "GET /v2.0/security-groups?name=lb-9a2cad3e-d712-4d47-b291-cfb46904320c HTTP/1.1" status: 200 len: 221 time: 0.0308220
2026-07-10 01:06:10.766 10 INFO neutron.db.ovn_revision_numbers_db [None req-a849df0f-7af8-46b2-9832-e4db8548fd73 b81e1998028545a3b6f2c38cae7035f1 ad5889d0256a493483d16a066b650057 - - default default] Successfully bumped revision number for resource 6c186afe-3d88-4a8d-9089-9815f2b714a0 (type: security_groups) to 1
2026-07-10 01:06:10.781 10 INFO neutron.db.ovn_revision_numbers_db [None req-a849df0f-7af8-46b2-9832-e4db8548fd73 b81e1998028545a3b6f2c38cae7035f1 ad5889d0256a493483d16a066b650057 - - default default] Successfully bumped revision number for resource 292d4790-204a-452d-a10c-c95c46d1dad8 (type: security_group_rules) to 0
2026-07-10 01:06:10.799 10 INFO neutron.db.ovn_revision_numbers_db [None req-a849df0f-7af8-46b2-9832-e4db8548fd73 b81e1998028545a3b6f2c38cae7035f1 ad5889d0256a493483d16a066b650057 - - default default] Successfully bumped revision number for resource 5e476557-83e0-4aaf-8e72-45fff6346fea (type: security_group_rules) to 0
2026-07-10 01:06:10.847 10 INFO neutron.api.wsgi [None req-a849df0f-7af8-46b2-9832-e4db8548fd73 b81e1998028545a3b6f2c38cae7035f1 ad5889d0256a493483d16a066b650057 - - default default] 199.204.45.53 "POST /v2.0/security-groups HTTP/1.1" status: 201 len: 1843 time: 0.2154245
2026-07-10 01:06:10.889 10 INFO neutron.api.wsgi [None req-e9c04554-b1be-4e74-bc6e-69dca1f0f172 b81e1998028545a3b6f2c38cae7035f1 ad5889d0256a493483d16a066b650057 - - default default] 199.204.45.53 "GET /v2.0/security-group-rules?security_group_id=6c186afe-3d88-4a8d-9089-9815f2b714a0 HTTP/1.1" status: 200 len: 1382 time: 0.0370989
2026-07-10 01:06:10.960 10 INFO neutron.db.ovn_revision_numbers_db [None req-428eae89-e23a-404a-8917-63d64b6fd9f8 22cf38ec069a4b3aab466437885b6160 1d57a0c4a073494f943022cb610fb948 - - default default] Successfully bumped revision number for resource f2452607-0e24-45c0-bda4-b99775a976ff (type: floatingips) to 4
2026-07-10 01:06:11.083 10 INFO neutron.db.ovn_revision_numbers_db [None req-428eae89-e23a-404a-8917-63d64b6fd9f8 22cf38ec069a4b3aab466437885b6160 1d57a0c4a073494f943022cb610fb948 - - default default] Successfully bumped revision number for resource f2452607-0e24-45c0-bda4-b99775a976ff (type: floatingips) to 5
2026-07-10 01:06:11.083 10 INFO neutron.db.l3_db [None req-428eae89-e23a-404a-8917-63d64b6fd9f8 22cf38ec069a4b3aab466437885b6160 1d57a0c4a073494f943022cb610fb948 - - default default] Floating IP f2452607-0e24-45c0-bda4-b99775a976ff associated. External IP: 10.96.250.220, port: 142ad7d0-54be-44cf-bfc2-05c4fb6af33a.
2026-07-10 01:06:11.111 10 INFO neutron.api.wsgi [None req-428eae89-e23a-404a-8917-63d64b6fd9f8 22cf38ec069a4b3aab466437885b6160 1d57a0c4a073494f943022cb610fb948 - - default default] 10.0.0.54 "PUT /v2.0/floatingips/f2452607-0e24-45c0-bda4-b99775a976ff HTTP/1.1" status: 200 len: 1050 time: 0.6944258
2026-07-10 01:06:11.145 10 INFO neutron.notifiers.nova [-] Nova event matching ['req-e4639658-8cec-418a-9e3f-68b59f3a6fd5'] response: {'name': 'network-changed', 'server_uuid': '7b83775d-81ba-434b-8b67-816846cebd10', 'tag': '142ad7d0-54be-44cf-bfc2-05c4fb6af33a', 'status': 'completed', 'code': 200}
2026-07-10 01:06:11.159 10 INFO neutron.api.wsgi [None req-35618cb7-6339-4d98-bf39-748af2261961 22cf38ec069a4b3aab466437885b6160 1d57a0c4a073494f943022cb610fb948 - - default default] 10.0.0.54 "GET /v2.0/floatingips/f2452607-0e24-45c0-bda4-b99775a976ff HTTP/1.1" status: 200 len: 1052 time: 0.0411375
2026-07-10 01:06:11.293 10 INFO neutron.db.ovn_revision_numbers_db [None req-2cad36e3-8128-41e4-b530-f731314f6100 b81e1998028545a3b6f2c38cae7035f1 ad5889d0256a493483d16a066b650057 - - default default] Successfully bumped revision number for resource 43a506de-b186-4ce8-9653-88e751b31d19 (type: ports) to 2
2026-07-10 01:06:11.303 10 INFO neutron.api.wsgi [None req-2cad36e3-8128-41e4-b530-f731314f6100 b81e1998028545a3b6f2c38cae7035f1 ad5889d0256a493483d16a066b650057 - - default default] 199.204.45.53 "PUT /v2.0/ports/43a506de-b186-4ce8-9653-88e751b31d19 HTTP/1.1" status: 200 len: 1332 time: 0.4031105 /var/lib/openstack/lib/python3.12/site-packages/pycadf/identifier.py:71: UserWarning: Invalid uuid: neutron. To ensure interoperability, identifiers should be a valid uuid. warnings.warn(('Invalid uuid: %s. To ensure interoperability, '
2026-07-10 01:06:11.361 10 INFO neutron.api.wsgi [None req-fb38775a-24be-4d54-bf76-b577252a4bb9 b81e1998028545a3b6f2c38cae7035f1 ad5889d0256a493483d16a066b650057 - - default default] 199.204.45.53 "GET /v2.0/extensions/security-group HTTP/1.1" status: 200 len: 369 time: 0.0061758
2026-07-10 01:06:11.369 10 INFO neutron.api.wsgi [None req-c3e2efbb-2e6d-4af0-a047-a24035fc6865 b81e1998028545a3b6f2c38cae7035f1 ad5889d0256a493483d16a066b650057 - - default default] 199.204.45.53 "GET /v2.0/extensions/dns-integration HTTP/1.1" status: 200 len: 371 time: 0.0035536
2026-07-10 01:06:11.377 10 INFO neutron.api.wsgi [None req-8b14c4a2-f231-4625-a662-7df03606b7a6 b81e1998028545a3b6f2c38cae7035f1 ad5889d0256a493483d16a066b650057 - - default default] 199.204.45.53 "GET /v2.0/extensions/qos HTTP/1.1" status: 200 len: 365 time: 0.0042534
2026-07-10 01:06:11.384 10 INFO neutron.api.wsgi [None req-3af1eb33-3d62-4c45-9121-f5802ad3bcd7 b81e1998028545a3b6f2c38cae7035f1 ad5889d0256a493483d16a066b650057 - - default default] 199.204.45.53 "GET /v2.0/extensions/allowed-address-pairs HTTP/1.1" status: 200 len: 383 time: 0.0039089
2026-07-10 01:06:11.417 10 INFO neutron.api.wsgi [None req-5c37311a-a9e4-4c8f-8157-cacd4f99bb65 b81e1998028545a3b6f2c38cae7035f1 ad5889d0256a493483d16a066b650057 - - default default] 199.204.45.53 "GET /v2.0/subnets/91015b79-c964-4a83-9313-0c2e8e236bb5 HTTP/1.1" status: 200 len: 874 time: 0.0290844 /var/lib/openstack/lib/python3.12/site-packages/pycadf/identifier.py:71: UserWarning: Invalid uuid: neutron. To ensure interoperability, identifiers should be a valid uuid. warnings.warn(('Invalid uuid: %s. To ensure interoperability, '
2026-07-10 01:06:11.697 9 INFO neutron.api.wsgi [req-2ed047ee-184c-46dd-a0d4-be3d404e9c5c req-ef4457e9-4f08-4402-91fe-aaaef4ee6a82 024b6eb83cec478ca330b7ad67ed3935 21ec168f49c3452caaec72b7f2900559 - - 55386a1d57ec4b85801b7b529053a6af 55386a1d57ec4b85801b7b529053a6af] 199.204.45.53 "GET /v2.0/ports?tenant_id=1d57a0c4a073494f943022cb610fb948&device_id=7b83775d-81ba-434b-8b67-816846cebd10 HTTP/1.1" status: 200 len: 1413 time: 0.0420809
2026-07-10 01:06:11.748 9 INFO neutron.api.wsgi [req-2ed047ee-184c-46dd-a0d4-be3d404e9c5c req-31fefcfb-4a2e-4c3c-b9fe-a384f702af3b 024b6eb83cec478ca330b7ad67ed3935 21ec168f49c3452caaec72b7f2900559 - - 55386a1d57ec4b85801b7b529053a6af 55386a1d57ec4b85801b7b529053a6af] 199.204.45.53 "GET /v2.0/networks?id=783cdec7-fce3-4967-bb80-8e6de09a21c2 HTTP/1.1" status: 200 len: 958 time: 0.0441496
2026-07-10 01:06:11.789 9 INFO neutron.api.wsgi [req-2ed047ee-184c-46dd-a0d4-be3d404e9c5c req-941cb833-0f0e-4b9c-9aae-0960e66fcfda 024b6eb83cec478ca330b7ad67ed3935 21ec168f49c3452caaec72b7f2900559 - - 55386a1d57ec4b85801b7b529053a6af 55386a1d57ec4b85801b7b529053a6af] 199.204.45.53 "GET /v2.0/floatingips?fixed_ip_address=10.100.0.10&port_id=142ad7d0-54be-44cf-bfc2-05c4fb6af33a HTTP/1.1" status: 200 len: 1060 time: 0.0342381
2026-07-10 01:06:11.821 9 INFO neutron.api.wsgi [req-2ed047ee-184c-46dd-a0d4-be3d404e9c5c req-e72dc120-773c-4920-a8e5-ae9bb40321d8 024b6eb83cec478ca330b7ad67ed3935 21ec168f49c3452caaec72b7f2900559 - - 55386a1d57ec4b85801b7b529053a6af 55386a1d57ec4b85801b7b529053a6af] 199.204.45.53 "GET /v2.0/subnets?id=e56ffc4b-efbb-433b-b7d8-b9a346513c13 HTTP/1.1" status: 200 len: 877 time: 0.0253897
2026-07-10 01:06:11.843 9 INFO neutron.api.wsgi [req-2ed047ee-184c-46dd-a0d4-be3d404e9c5c req-9ebe4bea-232c-4e9a-a1d6-955dc7a71acb 024b6eb83cec478ca330b7ad67ed3935 21ec168f49c3452caaec72b7f2900559 - - 55386a1d57ec4b85801b7b529053a6af 55386a1d57ec4b85801b7b529053a6af] 199.204.45.53 "GET /v2.0/ports?network_id=783cdec7-fce3-4967-bb80-8e6de09a21c2&device_owner=network%3Adhcp HTTP/1.1" status: 200 len: 210 time: 0.0170360
2026-07-10 01:06:11.889 9 INFO neutron.api.wsgi [req-2ed047ee-184c-46dd-a0d4-be3d404e9c5c req-6ee3d0f4-9f7a-490e-a2ab-2bf8fba0f6cb 024b6eb83cec478ca330b7ad67ed3935 21ec168f49c3452caaec72b7f2900559 - - 55386a1d57ec4b85801b7b529053a6af 55386a1d57ec4b85801b7b529053a6af] 199.204.45.53 "GET /v2.0/networks/783cdec7-fce3-4967-bb80-8e6de09a21c2?fields=segments HTTP/1.1" status: 200 len: 212 time: 0.0415337
2026-07-10 01:06:11.929 9 INFO neutron.api.wsgi [req-2ed047ee-184c-46dd-a0d4-be3d404e9c5c req-97fb99f1-2dfa-4ceb-8a8a-cde6143a3376 024b6eb83cec478ca330b7ad67ed3935 21ec168f49c3452caaec72b7f2900559 - - 55386a1d57ec4b85801b7b529053a6af 55386a1d57ec4b85801b7b529053a6af] 199.204.45.53 "GET /v2.0/networks/783cdec7-fce3-4967-bb80-8e6de09a21c2?fields=provider%3Aphysical_network&fields=provider%3Anetwork_type HTTP/1.1" status: 200 len: 277 time: 0.0341222
2026-07-10 01:06:12.418 15 INFO neutron.db.ovn_revision_numbers_db [None req-62a055e7-209f-4a6c-8cc7-48be2bbe53eb - - - - - -] Successfully bumped revision number for resource 594827c3-e6d9-4125-be6d-35a192e411d6 (type: networks) to 3
2026-07-10 01:06:12.502 15 INFO neutron.db.ovn_revision_numbers_db [None req-62a055e7-209f-4a6c-8cc7-48be2bbe53eb - - - - - -] Successfully bumped revision number for resource e12e8376-e861-4144-816e-7eff9973a72a (type: networks) to 3
2026-07-10 01:06:12.566 15 INFO neutron.db.ovn_revision_numbers_db [None req-62a055e7-209f-4a6c-8cc7-48be2bbe53eb - - - - - -] Successfully bumped revision number for resource 5ebcb30d-ba75-45c9-a767-d5a569c307d5 (type: networks) to 3
2026-07-10 01:06:12.814 15 INFO neutron.db.ovn_revision_numbers_db [None req-62a055e7-209f-4a6c-8cc7-48be2bbe53eb - - - - - -] Successfully bumped revision number for resource 9dd33876-3d56-47b0-aa3a-81a637ea8423 (type: routers) to 5
2026-07-10 01:06:13.007 15 INFO neutron.db.ovn_revision_numbers_db [None req-62a055e7-209f-4a6c-8cc7-48be2bbe53eb - - - - - -] Successfully bumped revision number for resource f6348c66-f2b9-449a-86c0-cae745a6738c (type: router_ports) to 5
2026-07-10 01:06:14.910 15 INFO neutron.plugins.ml2.drivers.ovn.mech_driver.ovsdb.maintenance [None req-62a055e7-209f-4a6c-8cc7-48be2bbe53eb - - - - - -] OVN maintenance task check_for_inconsistencies finished in 2.619 seconds
2026-07-10 01:06:18.773 10 INFO neutron.api.wsgi [req-cdf0e5eb-7217-4b60-bab3-035d9ef6f9b8 req-8b521dbd-ae48-4209-91e3-ec01110fd9fb b81e1998028545a3b6f2c38cae7035f1 ad5889d0256a493483d16a066b650057 - - default default] 10.0.0.51 "GET /v2.0/security-groups?id=ef98e900-ee12-4c85-9037-4900475b8370&fields=id HTTP/1.1" status: 200 len: 267 time: 0.0540235
2026-07-10 01:06:18.835 10 INFO neutron.api.wsgi [req-cdf0e5eb-7217-4b60-bab3-035d9ef6f9b8 req-6ddf84a1-0c01-4cd0-8fe7-5757bfe27fdd b81e1998028545a3b6f2c38cae7035f1 ad5889d0256a493483d16a066b650057 - - default default] 10.0.0.51 "GET /v2.0/networks?id=fe68388a-da74-40ee-97db-c2a80b852e2b HTTP/1.1" status: 200 len: 937 time: 0.0541656
2026-07-10 01:06:18.854 10 INFO neutron.api.wsgi [req-cdf0e5eb-7217-4b60-bab3-035d9ef6f9b8 req-efeed1a6-b4cc-42cf-b805-7ad7abbf83bb b81e1998028545a3b6f2c38cae7035f1 ad5889d0256a493483d16a066b650057 - - default default] 10.0.0.51 "GET /v2.0/quotas/ad5889d0256a493483d16a066b650057 HTTP/1.1" status: 200 len: 490 time: 0.0114384
2026-07-10 01:06:18.916 10 INFO neutron.api.wsgi [req-cdf0e5eb-7217-4b60-bab3-035d9ef6f9b8 req-30ee9f00-006b-427d-8364-394c85aa8830 b81e1998028545a3b6f2c38cae7035f1 ad5889d0256a493483d16a066b650057 - - default default] 10.0.0.51 "GET /v2.0/ports?tenant_id=ad5889d0256a493483d16a066b650057&fields=id HTTP/1.1" status: 200 len: 348 time: 0.0569632
2026-07-10 01:06:18.970 10 INFO neutron.api.wsgi [req-cdf0e5eb-7217-4b60-bab3-035d9ef6f9b8 req-4f4e9bf4-0c2f-4109-ba1f-b6233ed30541 024b6eb83cec478ca330b7ad67ed3935 21ec168f49c3452caaec72b7f2900559 - - 55386a1d57ec4b85801b7b529053a6af 55386a1d57ec4b85801b7b529053a6af] 10.0.0.51 "GET /v2.0/networks/fe68388a-da74-40ee-97db-c2a80b852e2b?fields=segments HTTP/1.1" status: 200 len: 212 time: 0.0421362
2026-07-10 01:06:19.015 10 INFO neutron.api.wsgi [req-cdf0e5eb-7217-4b60-bab3-035d9ef6f9b8 req-684103ac-a3cb-4e78-83d5-b74bc77e4b30 024b6eb83cec478ca330b7ad67ed3935 21ec168f49c3452caaec72b7f2900559 - - 55386a1d57ec4b85801b7b529053a6af 55386a1d57ec4b85801b7b529053a6af] 10.0.0.51 "GET /v2.0/networks/fe68388a-da74-40ee-97db-c2a80b852e2b?fields=provider%3Aphysical_network&fields=provider%3Anetwork_type HTTP/1.1" status: 200 len: 277 time: 0.0386510
2026-07-10 01:06:19.596 9 INFO neutron.api.wsgi [req-d7a32abb-624a-40cd-a1fa-ad5c823c877a req-b0eef776-78ef-4de5-ac98-5d2f4e6fb920 024b6eb83cec478ca330b7ad67ed3935 21ec168f49c3452caaec72b7f2900559 - - 55386a1d57ec4b85801b7b529053a6af 55386a1d57ec4b85801b7b529053a6af] 10.0.0.55 "GET /v2.0/ports?device_id=7b83775d-81ba-434b-8b67-816846cebd10 HTTP/1.1" status: 200 len: 1413 time: 0.0353928
2026-07-10 01:06:19.635 9 INFO neutron.api.wsgi [req-d7a32abb-624a-40cd-a1fa-ad5c823c877a req-df696088-9e7b-46c7-80d6-6647d53bf81b 024b6eb83cec478ca330b7ad67ed3935 21ec168f49c3452caaec72b7f2900559 - - 55386a1d57ec4b85801b7b529053a6af 55386a1d57ec4b85801b7b529053a6af] 10.0.0.55 "GET /v2.0/security-groups?id=0f482ad9-4312-46f5-968b-e458e4c7655a&fields=id&fields=name HTTP/1.1" status: 200 len: 312 time: 0.0329030
2026-07-10 01:06:19.709 10 INFO neutron.api.wsgi [req-23ac5c44-17c5-4684-aa2d-37eabcc93b12 req-cda454b0-e985-4b12-9a6f-25d362a03d47 b81e1998028545a3b6f2c38cae7035f1 ad5889d0256a493483d16a066b650057 - - default default] 10.0.0.51 "GET /v2.0/ports?device_id=613a7078-6e01-4177-8f58-3066c3de6380 HTTP/1.1" status: 200 len: 210 time: 0.0194674
2026-07-10 01:06:19.775 10 INFO neutron.api.wsgi [req-27335aca-cc63-4ffb-9e44-76292d912707 req-cbb51b7b-8628-4923-85ab-082a3ddc40a4 b81e1998028545a3b6f2c38cae7035f1 ad5889d0256a493483d16a066b650057 - - default default] 10.0.0.51 "GET /v2.0/ports?device_id=613a7078-6e01-4177-8f58-3066c3de6380 HTTP/1.1" status: 200 len: 210 time: 0.0274906
2026-07-10 01:06:22.664 10 INFO neutron.api.wsgi [req-8a544c1e-a278-4b98-8306-95439b71d95e req-1799bbf5-8e79-485c-8a36-a6606b86010b b81e1998028545a3b6f2c38cae7035f1 ad5889d0256a493483d16a066b650057 - - default default] 10.0.0.51 "GET /v2.0/ports?device_id=613a7078-6e01-4177-8f58-3066c3de6380 HTTP/1.1" status: 200 len: 210 time: 0.3132765
2026-07-10 01:06:22.743 10 INFO neutron.api.wsgi [req-1a30fe26-1c81-4cfa-b8a2-a2d62700f329 req-9ff57289-bbe1-426e-9221-0c5b3bcb099c b81e1998028545a3b6f2c38cae7035f1 ad5889d0256a493483d16a066b650057 - - default default] 10.0.0.51 "GET /v2.0/ports?device_id=613a7078-6e01-4177-8f58-3066c3de6380 HTTP/1.1" status: 200 len: 210 time: 0.0153046
2026-07-10 01:06:22.783 10 INFO neutron.api.wsgi [req-b50e13b8-2523-4938-bb75-2b3a75800605 req-13f56512-3600-44d4-994d-b2ae0ae22903 22cf38ec069a4b3aab466437885b6160 1d57a0c4a073494f943022cb610fb948 - - default default] 10.0.0.51 "GET /v2.0/ports?device_id=7b83775d-81ba-434b-8b67-816846cebd10 HTTP/1.1" status: 200 len: 1174 time: 0.1237006
2026-07-10 01:06:22.822 10 INFO neutron.api.wsgi [req-b50e13b8-2523-4938-bb75-2b3a75800605 req-3c434739-bcec-4e88-a3a9-efc9e7006532 22cf38ec069a4b3aab466437885b6160 1d57a0c4a073494f943022cb610fb948 - - default default] 10.0.0.51 "GET /v2.0/security-groups?id=0f482ad9-4312-46f5-968b-e458e4c7655a&fields=id&fields=name HTTP/1.1" status: 200 len: 312 time: 0.0331070
2026-07-10 01:06:23.074 9 INFO neutron.plugins.ml2.drivers.ovn.mech_driver.mech_driver [None req-f6c53b26-3ae1-48cd-b078-e52a4119c3ed - - - - - -] OVN reports status down for port: 142ad7d0-54be-44cf-bfc2-05c4fb6af33a
2026-07-10 01:06:23.195 9 INFO neutron.notifiers.nova [-] Nova event matching ['req-bd9d2ede-688f-4be0-9704-f6111d4b0fbb'] response: {'server_uuid': '7b83775d-81ba-434b-8b67-816846cebd10', 'name': 'network-vif-unplugged', 'status': 'completed', 'tag': '142ad7d0-54be-44cf-bfc2-05c4fb6af33a', 'code': 200}
2026-07-10 01:06:23.292 9 INFO neutron.db.ovn_revision_numbers_db [None req-f6c53b26-3ae1-48cd-b078-e52a4119c3ed - - - - - -] Successfully bumped revision number for resource 142ad7d0-54be-44cf-bfc2-05c4fb6af33a (type: ports) to 6
2026-07-10 01:06:23.445 9 INFO neutron.api.wsgi [-] 10.0.0.225 "GET / HTTP/1.1" status: 200 len: 246 time: 0.0018687
2026-07-10 01:06:23.448 9 INFO neutron.api.wsgi [-] 10.0.0.225 "GET / HTTP/1.1" status: 200 len: 246 time: 0.0018301 /var/lib/openstack/lib/python3.12/site-packages/pycadf/identifier.py:71: UserWarning: Invalid uuid: neutron. To ensure interoperability, identifiers should be a valid uuid. warnings.warn(('Invalid uuid: %s. To ensure interoperability, '
2026-07-10 01:06:23.643 9 INFO neutron.api.wsgi [req-cdf0e5eb-7217-4b60-bab3-035d9ef6f9b8 req-197644fa-bc72-43e5-9f1b-8a16fbe0fcae b81e1998028545a3b6f2c38cae7035f1 ad5889d0256a493483d16a066b650057 - - default default] 199.204.45.53 "GET /v2.0/networks?id=fe68388a-da74-40ee-97db-c2a80b852e2b HTTP/1.1" status: 200 len: 937 time: 0.0481312
2026-07-10 01:06:23.688 9 INFO neutron.api.wsgi [req-cdf0e5eb-7217-4b60-bab3-035d9ef6f9b8 req-6a414400-7136-422b-a4fb-71ccbd973b84 b81e1998028545a3b6f2c38cae7035f1 ad5889d0256a493483d16a066b650057 - - default default] 199.204.45.53 "GET /v2.0/security-groups?fields=id&fields=name&tenant_id=ad5889d0256a493483d16a066b650057 HTTP/1.1" status: 200 len: 542 time: 0.0388594
2026-07-10 01:06:23.924 9 WARNING neutron.scheduler.dhcp_agent_scheduler [req-cdf0e5eb-7217-4b60-bab3-035d9ef6f9b8 req-fcb83ecd-5bfd-47df-b167-91e906014791 b81e1998028545a3b6f2c38cae7035f1 ad5889d0256a493483d16a066b650057 - - default default] No more DHCP agents
2026-07-10 01:06:23.925 9 WARNING neutron.api.rpc.agentnotifiers.dhcp_rpc_agent_api [req-cdf0e5eb-7217-4b60-bab3-035d9ef6f9b8 req-fcb83ecd-5bfd-47df-b167-91e906014791 b81e1998028545a3b6f2c38cae7035f1 ad5889d0256a493483d16a066b650057 - - default default] Unable to schedule network fe68388a-da74-40ee-97db-c2a80b852e2b: no agents available; will retry on subsequent port and subnet creation events.
2026-07-10 01:06:23.925 10 INFO neutron.api.wsgi [req-a7540e5d-0ac1-4286-8d6c-0acec5ee85c0 req-8f8f9d10-c1b5-4c65-bae2-0bc052039de7 22cf38ec069a4b3aab466437885b6160 1d57a0c4a073494f943022cb610fb948 - - default default] 10.0.0.51 "GET /v2.0/ports?device_id=7b83775d-81ba-434b-8b67-816846cebd10 HTTP/1.1" status: 200 len: 1172 time: 0.0398819
2026-07-10 01:06:23.965 10 INFO neutron.api.wsgi [req-a7540e5d-0ac1-4286-8d6c-0acec5ee85c0 req-bd9f8444-717c-41a6-acd1-1f964b1302e4 22cf38ec069a4b3aab466437885b6160 1d57a0c4a073494f943022cb610fb948 - - default default] 10.0.0.51 "GET /v2.0/security-groups?id=0f482ad9-4312-46f5-968b-e458e4c7655a&fields=id&fields=name HTTP/1.1" status: 200 len: 312 time: 0.0336730
2026-07-10 01:06:24.064 9 INFO neutron.db.ovn_revision_numbers_db [req-cdf0e5eb-7217-4b60-bab3-035d9ef6f9b8 req-fcb83ecd-5bfd-47df-b167-91e906014791 b81e1998028545a3b6f2c38cae7035f1 ad5889d0256a493483d16a066b650057 - - default default] Successfully bumped revision number for resource 2abc278c-5870-48f2-b374-89c8d8138f7d (type: ports) to 1
2026-07-10 01:06:24.089 9 INFO neutron.api.wsgi [req-cdf0e5eb-7217-4b60-bab3-035d9ef6f9b8 req-fcb83ecd-5bfd-47df-b167-91e906014791 b81e1998028545a3b6f2c38cae7035f1 ad5889d0256a493483d16a066b650057 - - default default] 199.204.45.53 "POST /v2.0/ports HTTP/1.1" status: 201 len: 1283 time: 0.3967125 /var/lib/openstack/lib/python3.12/site-packages/pycadf/identifier.py:71: UserWarning: Invalid uuid: neutron. To ensure interoperability, identifiers should be a valid uuid. warnings.warn(('Invalid uuid: %s. To ensure interoperability, '
2026-07-10 01:06:24.342 9 INFO neutron.api.wsgi [req-07b8665b-e18f-4f23-9c30-bdc9d53fc231 req-9200b38f-48d2-423d-914c-8564777ecc1e 22cf38ec069a4b3aab466437885b6160 1d57a0c4a073494f943022cb610fb948 - - default default] 199.204.45.53 "GET /v2.0/ports?device_id=7b83775d-81ba-434b-8b67-816846cebd10 HTTP/1.1" status: 200 len: 1172 time: 0.0767384 /var/lib/openstack/lib/python3.12/site-packages/pycadf/identifier.py:71: UserWarning: Invalid uuid: neutron. To ensure interoperability, identifiers should be a valid uuid. warnings.warn(('Invalid uuid: %s. To ensure interoperability, '
2026-07-10 01:06:24.531 9 INFO neutron.db.ovn_revision_numbers_db [req-cdf0e5eb-7217-4b60-bab3-035d9ef6f9b8 req-9919de91-edfa-4c7c-97eb-76d20550c237 024b6eb83cec478ca330b7ad67ed3935 21ec168f49c3452caaec72b7f2900559 - - 55386a1d57ec4b85801b7b529053a6af 55386a1d57ec4b85801b7b529053a6af] Successfully bumped revision number for resource 2abc278c-5870-48f2-b374-89c8d8138f7d (type: ports) to 2
2026-07-10 01:06:24.817 9 INFO neutron.db.l3_db [req-07b8665b-e18f-4f23-9c30-bdc9d53fc231 req-065636b8-96ff-41ce-b131-22969e032082 22cf38ec069a4b3aab466437885b6160 1d57a0c4a073494f943022cb610fb948 - - default default] Floating IP f2452607-0e24-45c0-bda4-b99775a976ff disassociated. External IP: 10.96.250.220, port: 142ad7d0-54be-44cf-bfc2-05c4fb6af33a.
2026-07-10 01:06:24.903 9 INFO neutron.db.ovn_revision_numbers_db [req-cdf0e5eb-7217-4b60-bab3-035d9ef6f9b8 req-9919de91-edfa-4c7c-97eb-76d20550c237 024b6eb83cec478ca330b7ad67ed3935 21ec168f49c3452caaec72b7f2900559 - - 55386a1d57ec4b85801b7b529053a6af 55386a1d57ec4b85801b7b529053a6af] Successfully bumped revision number for resource 2abc278c-5870-48f2-b374-89c8d8138f7d (type: ports) to 4
2026-07-10 01:06:24.947 9 INFO neutron.api.wsgi [req-cdf0e5eb-7217-4b60-bab3-035d9ef6f9b8 req-9919de91-edfa-4c7c-97eb-76d20550c237 024b6eb83cec478ca330b7ad67ed3935 21ec168f49c3452caaec72b7f2900559 - - 55386a1d57ec4b85801b7b529053a6af 55386a1d57ec4b85801b7b529053a6af] 199.204.45.53 "PUT /v2.0/ports/2abc278c-5870-48f2-b374-89c8d8138f7d HTTP/1.1" status: 200 len: 1408 time: 0.8517122
2026-07-10 01:06:24.951 9 INFO neutron.api.wsgi [req-07b8665b-e18f-4f23-9c30-bdc9d53fc231 req-065636b8-96ff-41ce-b131-22969e032082 22cf38ec069a4b3aab466437885b6160 1d57a0c4a073494f943022cb610fb948 - - default default] 199.204.45.53 "DELETE /v2.0/ports/142ad7d0-54be-44cf-bfc2-05c4fb6af33a HTTP/1.1" status: 204 len: 173 time: 0.6045589
2026-07-10 01:06:25.045 10 INFO neutron.api.wsgi [req-cfaf798f-7e83-4b9e-9f37-fa5831047815 req-fb3ba013-b8d2-4b76-90bc-fac2d847cb75 22cf38ec069a4b3aab466437885b6160 1d57a0c4a073494f943022cb610fb948 - - default default] 10.0.0.51 "GET /v2.0/ports?device_id=7b83775d-81ba-434b-8b67-816846cebd10 HTTP/1.1" status: 200 len: 210 time: 0.0203629
2026-07-10 01:06:25.236 9 INFO neutron.notifiers.nova [-] Nova event matching ['req-e389135d-58bf-43af-bcaa-0002a8792ff9'] response: {'server_uuid': '7b83775d-81ba-434b-8b67-816846cebd10', 'name': 'network-vif-unplugged', 'status': 'completed', 'tag': '142ad7d0-54be-44cf-bfc2-05c4fb6af33a', 'code': 200}
2026-07-10 01:06:25.236 9 INFO neutron.notifiers.nova [-] Nova event matching ['req-e389135d-58bf-43af-bcaa-0002a8792ff9'] response: {'name': 'network-changed', 'server_uuid': '613a7078-6e01-4177-8f58-3066c3de6380', 'tag': '2abc278c-5870-48f2-b374-89c8d8138f7d', 'status': 'completed', 'code': 200}
2026-07-10 01:06:25.236 9 INFO neutron.notifiers.nova [-] Nova event matching ['req-e389135d-58bf-43af-bcaa-0002a8792ff9'] response: {'server_uuid': '7b83775d-81ba-434b-8b67-816846cebd10', 'name': 'network-vif-deleted', 'tag': '142ad7d0-54be-44cf-bfc2-05c4fb6af33a', 'status': 'completed', 'code': 200}
2026-07-10 01:06:25.639 10 INFO neutron.api.wsgi [req-eb1e2e0a-6c21-4626-9ce6-809351a9e2c5 req-fed26c50-3100-4196-8f45-91bc3072414d b81e1998028545a3b6f2c38cae7035f1 ad5889d0256a493483d16a066b650057 - - default default] 10.0.0.51 "GET /v2.0/ports?device_id=613a7078-6e01-4177-8f58-3066c3de6380 HTTP/1.1" status: 200 len: 1411 time: 0.0327611
2026-07-10 01:06:25.674 10 INFO neutron.api.wsgi [req-eb1e2e0a-6c21-4626-9ce6-809351a9e2c5 req-702da930-1ac4-410d-84ba-5012b320fa5c b81e1998028545a3b6f2c38cae7035f1 ad5889d0256a493483d16a066b650057 - - default default] 10.0.0.51 "GET /v2.0/security-groups?id=ef98e900-ee12-4c85-9037-4900475b8370&fields=id&fields=name HTTP/1.1" status: 200 len: 294 time: 0.0297544
2026-07-10 01:06:25.772 10 INFO neutron.api.wsgi [req-5b905f1d-1d82-4e54-aa8d-2420830e54d5 req-261ab26e-1f61-419a-8eaa-ae575718fb08 b81e1998028545a3b6f2c38cae7035f1 ad5889d0256a493483d16a066b650057 - - default default] 10.0.0.51 "GET /v2.0/ports?device_id=613a7078-6e01-4177-8f58-3066c3de6380 HTTP/1.1" status: 200 len: 1411 time: 0.0334003 /var/lib/openstack/lib/python3.12/site-packages/pycadf/identifier.py:71: UserWarning: Invalid uuid: neutron. To ensure interoperability, identifiers should be a valid uuid. warnings.warn(('Invalid uuid: %s. To ensure interoperability, '
2026-07-10 01:06:25.887 9 INFO neutron.api.wsgi [req-2808418c-b85a-4859-af71-29015b1de13d req-4996faf5-1ea2-49a9-bdf9-e97af41a83e0 024b6eb83cec478ca330b7ad67ed3935 21ec168f49c3452caaec72b7f2900559 - - 55386a1d57ec4b85801b7b529053a6af 55386a1d57ec4b85801b7b529053a6af] 199.204.45.53 "GET /v2.0/ports?tenant_id=ad5889d0256a493483d16a066b650057&device_id=613a7078-6e01-4177-8f58-3066c3de6380 HTTP/1.1" status: 200 len: 1411 time: 0.1398053
2026-07-10 01:06:25.932 9 INFO neutron.api.wsgi [req-2808418c-b85a-4859-af71-29015b1de13d req-cc738237-b94d-485e-8f2b-e08a1d1efd4d 024b6eb83cec478ca330b7ad67ed3935 21ec168f49c3452caaec72b7f2900559 - - 55386a1d57ec4b85801b7b529053a6af 55386a1d57ec4b85801b7b529053a6af] 199.204.45.53 "GET /v2.0/networks?tenant_id=ad5889d0256a493483d16a066b650057&shared=False HTTP/1.1" status: 200 len: 937 time: 0.0383930
2026-07-10 01:06:25.988 9 INFO neutron.api.wsgi [req-2808418c-b85a-4859-af71-29015b1de13d req-0c4ed93b-6325-4954-8fcd-b51384cca5b2 024b6eb83cec478ca330b7ad67ed3935 21ec168f49c3452caaec72b7f2900559 - - 55386a1d57ec4b85801b7b529053a6af 55386a1d57ec4b85801b7b529053a6af] 199.204.45.53 "GET /v2.0/networks?shared=True HTTP/1.1" status: 200 len: 952 time: 0.0488479
2026-07-10 01:06:26.127 10 INFO neutron.api.wsgi [req-1c255658-8c48-46d9-91f8-5f9493970245 req-0c415158-4a0c-47c1-9695-de1051e43d61 22cf38ec069a4b3aab466437885b6160 1d57a0c4a073494f943022cb610fb948 - - default default] 10.0.0.51 "GET /v2.0/ports?device_id=7b83775d-81ba-434b-8b67-816846cebd10 HTTP/1.1" status: 200 len: 210 time: 0.0175889
2026-07-10 01:06:26.291 9 INFO neutron.api.wsgi [req-ad8946c2-4a62-40b9-8980-144ebe404fe7 req-41f32afc-40c3-4faf-8670-490dee634031 024b6eb83cec478ca330b7ad67ed3935 21ec168f49c3452caaec72b7f2900559 - - 55386a1d57ec4b85801b7b529053a6af 55386a1d57ec4b85801b7b529053a6af] 199.204.45.53 "GET /v2.0/ports?device_id=38c6e47d-528a-48d3-bcf2-954be942ab88&fields=binding%3Ahost_id&fields=binding%3Avif_type HTTP/1.1" status: 200 len: 265 time: 0.0315957
2026-07-10 01:06:27.035 9 INFO neutron.api.wsgi [req-cdf0e5eb-7217-4b60-bab3-035d9ef6f9b8 req-3adbc96a-01a9-4f26-8af4-bbd5fa4d2005 024b6eb83cec478ca330b7ad67ed3935 21ec168f49c3452caaec72b7f2900559 - - 55386a1d57ec4b85801b7b529053a6af 55386a1d57ec4b85801b7b529053a6af] 199.204.45.53 "GET /v2.0/ports?tenant_id=ad5889d0256a493483d16a066b650057&device_id=613a7078-6e01-4177-8f58-3066c3de6380 HTTP/1.1" status: 200 len: 1411 time: 0.0297627
2026-07-10 01:06:27.059 9 INFO neutron.api.wsgi [req-cdf0e5eb-7217-4b60-bab3-035d9ef6f9b8 req-22c6b844-a5ad-484f-b8bd-b1cae08e1d09 024b6eb83cec478ca330b7ad67ed3935 21ec168f49c3452caaec72b7f2900559 - - 55386a1d57ec4b85801b7b529053a6af 55386a1d57ec4b85801b7b529053a6af] 199.204.45.53 "GET /v2.0/floatingips?fixed_ip_address=172.24.0.49&port_id=2abc278c-5870-48f2-b374-89c8d8138f7d HTTP/1.1" status: 200 len: 217 time: 0.0168142
2026-07-10 01:06:27.092 9 INFO neutron.api.wsgi [req-cdf0e5eb-7217-4b60-bab3-035d9ef6f9b8 req-27eee14e-22ad-4f98-b3a8-bcfef7a410f2 024b6eb83cec478ca330b7ad67ed3935 21ec168f49c3452caaec72b7f2900559 - - 55386a1d57ec4b85801b7b529053a6af 55386a1d57ec4b85801b7b529053a6af] 199.204.45.53 "GET /v2.0/subnets?id=97700317-392b-42a2-81b5-755588b6ecba HTTP/1.1" status: 200 len: 853 time: 0.0281334
2026-07-10 01:06:27.114 9 INFO neutron.api.wsgi [req-cdf0e5eb-7217-4b60-bab3-035d9ef6f9b8 req-e16e34b7-70e5-49c8-b7a8-db7bdc86fa73 024b6eb83cec478ca330b7ad67ed3935 21ec168f49c3452caaec72b7f2900559 - - 55386a1d57ec4b85801b7b529053a6af 55386a1d57ec4b85801b7b529053a6af] 199.204.45.53 "GET /v2.0/ports?network_id=fe68388a-da74-40ee-97db-c2a80b852e2b&device_owner=network%3Adhcp HTTP/1.1" status: 200 len: 210 time: 0.0170631
2026-07-10 01:06:27.165 9 INFO neutron.api.wsgi [req-cdf0e5eb-7217-4b60-bab3-035d9ef6f9b8 req-33a0e0ff-4ffd-438d-a1e8-204cd1110858 024b6eb83cec478ca330b7ad67ed3935 21ec168f49c3452caaec72b7f2900559 - - 55386a1d57ec4b85801b7b529053a6af 55386a1d57ec4b85801b7b529053a6af] 199.204.45.53 "GET /v2.0/networks/fe68388a-da74-40ee-97db-c2a80b852e2b?fields=segments HTTP/1.1" status: 200 len: 212 time: 0.0478163
2026-07-10 01:06:27.208 9 INFO neutron.api.wsgi [req-cdf0e5eb-7217-4b60-bab3-035d9ef6f9b8 req-0b817bd1-1f24-43c0-815a-6a423d8fdecf 024b6eb83cec478ca330b7ad67ed3935 21ec168f49c3452caaec72b7f2900559 - - 55386a1d57ec4b85801b7b529053a6af 55386a1d57ec4b85801b7b529053a6af] 199.204.45.53 "GET /v2.0/networks/fe68388a-da74-40ee-97db-c2a80b852e2b?fields=provider%3Aphysical_network&fields=provider%3Anetwork_type HTTP/1.1" status: 200 len: 277 time: 0.0380318
2026-07-10 01:06:27.230 10 INFO neutron.api.wsgi [req-5284da05-c6e6-4308-8da2-12d783f39775 req-ab3f34fa-062b-4550-940e-69b36d2cf928 22cf38ec069a4b3aab466437885b6160 1d57a0c4a073494f943022cb610fb948 - - default default] 10.0.0.51 "GET /v2.0/ports?device_id=7b83775d-81ba-434b-8b67-816846cebd10 HTTP/1.1" status: 200 len: 210 time: 0.0270977
2026-07-10 01:06:27.338 9 INFO neutron.api.wsgi [req-ad8946c2-4a62-40b9-8980-144ebe404fe7 req-da1cdec1-4d69-4f88-90fe-da8e02484cba 024b6eb83cec478ca330b7ad67ed3935 21ec168f49c3452caaec72b7f2900559 - - 55386a1d57ec4b85801b7b529053a6af 55386a1d57ec4b85801b7b529053a6af] 199.204.45.53 "GET /v2.0/ports?tenant_id=8bbd1757e6f3481f8a206f9152e1a87a&device_id=38c6e47d-528a-48d3-bcf2-954be942ab88 HTTP/1.1" status: 200 len: 1638 time: 0.0298991
2026-07-10 01:06:27.898 9 INFO neutron.api.wsgi [req-ad8946c2-4a62-40b9-8980-144ebe404fe7 req-ad33152d-45d8-4373-85be-c7ccae659e00 024b6eb83cec478ca330b7ad67ed3935 21ec168f49c3452caaec72b7f2900559 - - 55386a1d57ec4b85801b7b529053a6af 55386a1d57ec4b85801b7b529053a6af] 199.204.45.53 "GET /v2.0/networks?id=e12e8376-e861-4144-816e-7eff9973a72a HTTP/1.1" status: 200 len: 1002 time: 0.0495660
2026-07-10 01:06:27.949 9 INFO neutron.api.wsgi [req-ad8946c2-4a62-40b9-8980-144ebe404fe7 req-7473b588-4122-4654-86b5-e753b144e6dd 024b6eb83cec478ca330b7ad67ed3935 21ec168f49c3452caaec72b7f2900559 - - 55386a1d57ec4b85801b7b529053a6af 55386a1d57ec4b85801b7b529053a6af] 199.204.45.53 "GET /v2.0/floatingips?fixed_ip_address=10.2.1.117&port_id=3d0989c9-6173-49e5-91a3-5d1287c53c41 HTTP/1.1" status: 200 len: 1059 time: 0.0450523
2026-07-10 01:06:27.971 9 INFO neutron.api.wsgi [req-ad8946c2-4a62-40b9-8980-144ebe404fe7 req-959d47b3-69f2-41a8-8c13-8d82f1210f73 024b6eb83cec478ca330b7ad67ed3935 21ec168f49c3452caaec72b7f2900559 - - 55386a1d57ec4b85801b7b529053a6af 55386a1d57ec4b85801b7b529053a6af] 199.204.45.53 "GET /v2.0/floatingips?fixed_ip_address=fd7b%3Af9f7%3Afff%3A4eca%3A%3A12e&port_id=3d0989c9-6173-49e5-91a3-5d1287c53c41 HTTP/1.1" status: 200 len: 217 time: 0.0165203
2026-07-10 01:06:28.009 9 INFO neutron.api.wsgi [req-ad8946c2-4a62-40b9-8980-144ebe404fe7 req-79538a3b-838c-4c02-9008-425d48690197 024b6eb83cec478ca330b7ad67ed3935 21ec168f49c3452caaec72b7f2900559 - - 55386a1d57ec4b85801b7b529053a6af 55386a1d57ec4b85801b7b529053a6af] 199.204.45.53 "GET /v2.0/subnets?id=be41339b-3926-4a86-bf36-0adab5cd50a4&id=a30fbee6-baa9-450f-8526-7997b9299f1c HTTP/1.1" status: 200 len: 1610 time: 0.0338778
2026-07-10 01:06:28.038 9 INFO neutron.api.wsgi [req-ad8946c2-4a62-40b9-8980-144ebe404fe7 req-289e1197-d963-4a6c-ae09-5438c126d358 024b6eb83cec478ca330b7ad67ed3935 21ec168f49c3452caaec72b7f2900559 - - 55386a1d57ec4b85801b7b529053a6af 55386a1d57ec4b85801b7b529053a6af] 199.204.45.53 "GET /v2.0/ports?network_id=e12e8376-e861-4144-816e-7eff9973a72a&device_owner=network%3Adhcp HTTP/1.1" status: 200 len: 210 time: 0.0240443
2026-07-10 01:06:28.057 9 INFO neutron.api.wsgi [req-ad8946c2-4a62-40b9-8980-144ebe404fe7 req-8b1424b2-cb6b-427a-8c9f-27c148b1517a 024b6eb83cec478ca330b7ad67ed3935 21ec168f49c3452caaec72b7f2900559 - - 55386a1d57ec4b85801b7b529053a6af 55386a1d57ec4b85801b7b529053a6af] 199.204.45.53 "GET /v2.0/ports?network_id=e12e8376-e861-4144-816e-7eff9973a72a&device_owner=network%3Adhcp HTTP/1.1" status: 200 len: 210 time: 0.0132616
2026-07-10 01:06:28.120 9 INFO neutron.api.wsgi [req-ad8946c2-4a62-40b9-8980-144ebe404fe7 req-54be5384-5fb1-4875-a0ed-f2d1ec736a56 024b6eb83cec478ca330b7ad67ed3935 21ec168f49c3452caaec72b7f2900559 - - 55386a1d57ec4b85801b7b529053a6af 55386a1d57ec4b85801b7b529053a6af] 199.204.45.53 "GET /v2.0/networks/e12e8376-e861-4144-816e-7eff9973a72a?fields=segments HTTP/1.1" status: 200 len: 212 time: 0.0576832
2026-07-10 01:06:28.166 9 INFO neutron.api.wsgi [req-ad8946c2-4a62-40b9-8980-144ebe404fe7 req-1a25bd40-aae5-473e-8a9f-78871133a0cb 024b6eb83cec478ca330b7ad67ed3935 21ec168f49c3452caaec72b7f2900559 - - 55386a1d57ec4b85801b7b529053a6af 55386a1d57ec4b85801b7b529053a6af] 199.204.45.53 "GET /v2.0/networks/e12e8376-e861-4144-816e-7eff9973a72a?fields=provider%3Aphysical_network&fields=provider%3Anetwork_type HTTP/1.1" status: 200 len: 277 time: 0.0395885
2026-07-10 01:06:28.501 10 INFO neutron.api.wsgi [None req-a5cc55cd-5a03-4bf1-92ae-2d3c31644c21 22cf38ec069a4b3aab466437885b6160 1d57a0c4a073494f943022cb610fb948 - - default default] 10.0.0.54 "DELETE /v2.0/security-groups/0f482ad9-4312-46f5-968b-e458e4c7655a HTTP/1.1" status: 204 len: 168 time: 0.2179997
2026-07-10 01:06:28.548 10 INFO neutron.api.wsgi [req-7826a10e-51de-4961-a617-35bf90220022 req-2a8b79b3-5c24-4a07-8a6c-c4560e76428f b81e1998028545a3b6f2c38cae7035f1 ad5889d0256a493483d16a066b650057 - - default default] 10.0.0.51 "GET /v2.0/ports?device_id=613a7078-6e01-4177-8f58-3066c3de6380 HTTP/1.1" status: 200 len: 1411 time: 0.0379257
2026-07-10 01:06:28.580 10 INFO neutron.api.wsgi [req-7826a10e-51de-4961-a617-35bf90220022 req-a08f490b-eb7f-4661-ad1f-56178151d246 b81e1998028545a3b6f2c38cae7035f1 ad5889d0256a493483d16a066b650057 - - default default] 10.0.0.51 "GET /v2.0/security-groups?id=ef98e900-ee12-4c85-9037-4900475b8370&fields=id&fields=name HTTP/1.1" status: 200 len: 294 time: 0.0254028
2026-07-10 01:06:28.655 10 INFO neutron.api.wsgi [req-85a094fe-285a-436b-8ac9-db9c22eb2166 req-b3822be2-d5ce-4899-97e2-9adaeef4d858 b81e1998028545a3b6f2c38cae7035f1 ad5889d0256a493483d16a066b650057 - - default default] 10.0.0.51 "GET /v2.0/ports?device_id=613a7078-6e01-4177-8f58-3066c3de6380 HTTP/1.1" status: 200 len: 1411 time: 0.0312843
2026-07-10 01:06:28.806 9 INFO neutron.api.wsgi [None req-418ba4c4-c642-4e50-a4ef-c09c563ea222 22cf38ec069a4b3aab466437885b6160 1d57a0c4a073494f943022cb610fb948 - - default default] 10.0.0.54 "DELETE /v2.0/floatingips/f2452607-0e24-45c0-bda4-b99775a976ff HTTP/1.1" status: 204 len: 168 time: 0.2711618
2026-07-10 01:06:29.009 10 INFO neutron.api.wsgi [req-d79ee05f-8830-42c8-97bc-d51232760478 req-3785262b-a2d0-477c-bb40-0b957c6259a5 22cf38ec069a4b3aab466437885b6160 1d57a0c4a073494f943022cb610fb948 - - default default] 10.0.0.51 "GET /v2.0/ports?device_id=5d1825ee-1262-4672-8394-0704d5610d74 HTTP/1.1" status: 200 len: 1170 time: 0.0732069
2026-07-10 01:06:29.046 10 INFO neutron.api.wsgi [req-d79ee05f-8830-42c8-97bc-d51232760478 req-edf40556-ba19-4b63-9d38-03abe32c0f7b 22cf38ec069a4b3aab466437885b6160 1d57a0c4a073494f943022cb610fb948 - - default default] 10.0.0.51 "GET /v2.0/security-groups?id=f52374ec-f380-4f85-a939-8c2632e08746&fields=id&fields=name HTTP/1.1" status: 200 len: 312 time: 0.0328360
2026-07-10 01:06:29.505 10 INFO neutron.plugins.ml2.drivers.ovn.mech_driver.mech_driver [None req-24467d67-61ba-4fb9-a138-32fa2ba80999 - - - - - -] OVN reports status down for port: aaa98e1d-3e9a-40e3-90ed-a3aa46379f30
2026-07-10 01:06:29.639 10 INFO neutron.notifiers.nova [-] Nova event matching ['req-4d2f874e-cf6c-421e-9d04-f42df382fc0b'] response: {'server_uuid': '5d1825ee-1262-4672-8394-0704d5610d74', 'name': 'network-vif-unplugged', 'status': 'completed', 'tag': 'aaa98e1d-3e9a-40e3-90ed-a3aa46379f30', 'code': 200}
2026-07-10 01:06:29.749 10 INFO neutron.db.ovn_revision_numbers_db [None req-24467d67-61ba-4fb9-a138-32fa2ba80999 - - - - - -] Successfully bumped revision number for resource aaa98e1d-3e9a-40e3-90ed-a3aa46379f30 (type: ports) to 6 /var/lib/openstack/lib/python3.12/site-packages/pycadf/identifier.py:71: UserWarning: Invalid uuid: neutron. To ensure interoperability, identifiers should be a valid uuid. warnings.warn(('Invalid uuid: %s. To ensure interoperability, '
2026-07-10 01:06:30.016 10 INFO neutron.api.wsgi [None req-bd167509-3708-411a-8db2-e90542f4f27f b81e1998028545a3b6f2c38cae7035f1 ad5889d0256a493483d16a066b650057 - - default default] 10.0.0.98 "GET /v2.0/agents HTTP/1.1" status: 200 len: 1390 time: 0.0493762
2026-07-10 01:06:30.079 10 INFO neutron.api.wsgi [None req-14c066dc-3d6c-487e-9876-c61e40d63183 b81e1998028545a3b6f2c38cae7035f1 ad5889d0256a493483d16a066b650057 - - default default] 10.0.0.98 "GET /v2.0/networks HTTP/1.1" status: 200 len: 5466 time: 0.0612867
2026-07-10 01:06:30.136 10 INFO neutron.api.wsgi [None req-b5e6d566-eb21-4964-8dbd-fc5e911ed4f9 b81e1998028545a3b6f2c38cae7035f1 ad5889d0256a493483d16a066b650057 - - default default] 10.0.0.98 "GET /v2.0/security-groups HTTP/1.1" status: 200 len: 38704 time: 0.0524185
2026-07-10 01:06:30.145 10 INFO neutron.api.wsgi [req-5078bdde-40bb-4499-a490-04c94effc63f req-9d66fa7b-58e7-4068-b714-22be80e4b2b7 22cf38ec069a4b3aab466437885b6160 1d57a0c4a073494f943022cb610fb948 - - default default] 10.0.0.51 "GET /v2.0/ports?device_id=5d1825ee-1262-4672-8394-0704d5610d74 HTTP/1.1" status: 200 len: 1168 time: 0.0430529
2026-07-10 01:06:30.188 10 INFO neutron.api.wsgi [None req-ce9fea0c-9213-4ab7-8cae-94f2ed8144a6 b81e1998028545a3b6f2c38cae7035f1 ad5889d0256a493483d16a066b650057 - - default default] 10.0.0.98 "GET /v2.0/subnets HTTP/1.1" status: 200 len: 6351 time: 0.0396938
2026-07-10 01:06:30.200 10 INFO neutron.api.wsgi [req-5078bdde-40bb-4499-a490-04c94effc63f req-f7923a7a-16e1-43a9-ae79-76b5ccd3a3a3 22cf38ec069a4b3aab466437885b6160 1d57a0c4a073494f943022cb610fb948 - - default default] 10.0.0.51 "GET /v2.0/security-groups?id=f52374ec-f380-4f85-a939-8c2632e08746&fields=id&fields=name HTTP/1.1" status: 200 len: 312 time: 0.0454855
2026-07-10 01:06:30.233 10 INFO neutron.api.wsgi [None req-6cbf571b-7881-4673-a7e2-59c2d95ec4b6 b81e1998028545a3b6f2c38cae7035f1 ad5889d0256a493483d16a066b650057 - - default default] 10.0.0.98 "GET /v2.0/subnets HTTP/1.1" status: 200 len: 6351 time: 0.0407820
2026-07-10 01:06:30.242 10 INFO neutron.api.wsgi [None req-7bad5fcb-45a1-42ea-9386-22b84b51ca02 b81e1998028545a3b6f2c38cae7035f1 ad5889d0256a493483d16a066b650057 - - default default] 10.0.0.98 "GET /v2.0/subnetpools HTTP/1.1" status: 200 len: 193 time: 0.0068398
2026-07-10 01:06:30.282 10 INFO neutron.api.wsgi [None req-07cc4479-f690-498e-b5bc-15e2edb9a9e5 b81e1998028545a3b6f2c38cae7035f1 ad5889d0256a493483d16a066b650057 - - default default] 10.0.0.98 "GET /v2.0/floatingips HTTP/1.1" status: 200 len: 1879 time: 0.0389526
2026-07-10 01:06:30.347 9 INFO neutron.api.wsgi [req-d8b3dd3d-be7f-4f65-a323-b988d8f3e363 req-aae09850-eb6f-4fd2-b24b-6ac4efa024c7 024b6eb83cec478ca330b7ad67ed3935 21ec168f49c3452caaec72b7f2900559 - - 55386a1d57ec4b85801b7b529053a6af 55386a1d57ec4b85801b7b529053a6af] 199.204.45.53 "GET /v2.0/ports?device_id=613a7078-6e01-4177-8f58-3066c3de6380 HTTP/1.1" status: 200 len: 1411 time: 0.0380981
2026-07-10 01:06:30.368 10 INFO neutron.api.wsgi [None req-c229c4e4-5691-4d30-a63f-ea97dd6bbdd6 b81e1998028545a3b6f2c38cae7035f1 ad5889d0256a493483d16a066b650057 - - default default] 10.0.0.98 "GET /v2.0/ports HTTP/1.1" status: 200 len: 24324 time: 0.0841968
2026-07-10 01:06:30.400 9 INFO neutron.api.wsgi [req-d8b3dd3d-be7f-4f65-a323-b988d8f3e363 req-2b2e3297-cebe-4422-8e08-de9ee8e6cab4 024b6eb83cec478ca330b7ad67ed3935 21ec168f49c3452caaec72b7f2900559 - - 55386a1d57ec4b85801b7b529053a6af 55386a1d57ec4b85801b7b529053a6af] 199.204.45.53 "GET /v2.0/security-groups?id=ef98e900-ee12-4c85-9037-4900475b8370&fields=id&fields=name HTTP/1.1" status: 200 len: 294 time: 0.0468459
2026-07-10 01:06:30.447 10 INFO neutron.api.wsgi [None req-62ecb596-c629-4f87-9f2d-01a0fa51fc2d b81e1998028545a3b6f2c38cae7035f1 ad5889d0256a493483d16a066b650057 - - default default] 10.0.0.98 "GET /v2.0/routers HTTP/1.1" status: 200 len: 2103 time: 0.0636706
2026-07-10 01:06:30.457 10 INFO neutron.api.wsgi [None req-5b3e45a5-bc46-4dbb-839f-c1eb3a799b73 b81e1998028545a3b6f2c38cae7035f1 ad5889d0256a493483d16a066b650057 - - default default] 10.0.0.98 "GET /v2.0/agents?binary=ovn-controller HTTP/1.1" status: 200 len: 591 time: 0.0094702
2026-07-10 01:06:30.476 10 INFO neutron.api.wsgi [None req-97ad1ce9-aed9-417e-b649-8b5ca20a2cc2 b81e1998028545a3b6f2c38cae7035f1 ad5889d0256a493483d16a066b650057 - - default default] 10.0.0.98 "GET /v2.0/network-ip-availabilities HTTP/1.1" status: 200 len: 3808 time: 0.0181036
2026-07-10 01:06:30.500 9 INFO neutron.plugins.ml2.drivers.ovn.mech_driver.mech_driver [None req-d783fdd8-1e73-4703-9d44-fd82c5f08e40 - - - - - -] OVN reports status up for port: 2abc278c-5870-48f2-b374-89c8d8138f7d
2026-07-10 01:06:30.513 9 INFO neutron.plugins.ml2.plugin [None req-d783fdd8-1e73-4703-9d44-fd82c5f08e40 - - - - - -] Attempt 1 to provision port 2abc278c-5870-48f2-b374-89c8d8138f7d
2026-07-10 01:06:30.667 9 INFO neutron.notifiers.nova [-] Nova event matching ['req-8bd8a769-6cc0-427e-8d89-9343347d7f7e'] response: {'server_uuid': '613a7078-6e01-4177-8f58-3066c3de6380', 'name': 'network-vif-plugged', 'status': 'completed', 'tag': '2abc278c-5870-48f2-b374-89c8d8138f7d', 'code': 200}
2026-07-10 01:06:30.749 9 INFO neutron.db.ovn_revision_numbers_db [None req-d783fdd8-1e73-4703-9d44-fd82c5f08e40 - - - - - -] Successfully bumped revision number for resource 2abc278c-5870-48f2-b374-89c8d8138f7d (type: ports) to 5
