2026-07-10 01:01:29.126 9 INFO neutron.api.wsgi [req-117c12f8-8686-4a0b-8e11-c497f5f619d1 req-8d7473b0-af4b-4bbe-898f-f7da0afce25d 024b6eb83cec478ca330b7ad67ed3935 21ec168f49c3452caaec72b7f2900559 - - 55386a1d57ec4b85801b7b529053a6af 55386a1d57ec4b85801b7b529053a6af] 199.204.45.53 "GET /v2.0/ports?tenant_id=8130143a4d15478c86672ae3ecf1b4bb&device_id=6899e442-d6f9-491e-a227-fbaad1769166 HTTP/1.1" status: 200 len: 1407 time: 0.0535748
2026-07-10 01:01:29.134 10 INFO neutron.db.ovn_revision_numbers_db [None req-031ee14c-204a-41a1-b00a-fea2814338e3 b81e1998028545a3b6f2c38cae7035f1 ad5889d0256a493483d16a066b650057 - - default default] Successfully bumped revision number for resource d35bcd7d-eae8-4658-a6a6-d9c144e5a5ae (type: routers) to 2
2026-07-10 01:01:29.151 10 INFO neutron.api.wsgi [None req-031ee14c-204a-41a1-b00a-fea2814338e3 b81e1998028545a3b6f2c38cae7035f1 ad5889d0256a493483d16a066b650057 - - default default] 10.0.0.54 "POST /v2.0/routers HTTP/1.1" status: 201 len: 1167 time: 1.5529442
2026-07-10 01:01:29.165 9 INFO neutron.api.wsgi [req-117c12f8-8686-4a0b-8e11-c497f5f619d1 req-bcd8329f-16e2-4554-bf71-1bf39355983e 024b6eb83cec478ca330b7ad67ed3935 21ec168f49c3452caaec72b7f2900559 - - 55386a1d57ec4b85801b7b529053a6af 55386a1d57ec4b85801b7b529053a6af] 199.204.45.53 "GET /v2.0/floatingips?fixed_ip_address=10.100.0.9&port_id=a0f7199f-23a7-415e-ad29-1f61c0b73e98 HTTP/1.1" status: 200 len: 217 time: 0.0263441
2026-07-10 01:01:29.204 9 INFO neutron.api.wsgi [req-df6a750a-0842-4438-96b8-75720f00e3f7 req-06fae1b4-2049-484a-b9a1-a9cc47f808cc 024b6eb83cec478ca330b7ad67ed3935 21ec168f49c3452caaec72b7f2900559 - - 55386a1d57ec4b85801b7b529053a6af 55386a1d57ec4b85801b7b529053a6af] 199.204.45.53 "GET /v2.0/networks?id=27ef0fb7-40ab-4bd6-9671-816bd7dfe638 HTTP/1.1" status: 200 len: 974 time: 0.0819867
2026-07-10 01:01:29.211 9 INFO neutron.api.wsgi [req-117c12f8-8686-4a0b-8e11-c497f5f619d1 req-d52c2c96-f880-4763-b149-07556f948700 024b6eb83cec478ca330b7ad67ed3935 21ec168f49c3452caaec72b7f2900559 - - 55386a1d57ec4b85801b7b529053a6af 55386a1d57ec4b85801b7b529053a6af] 199.204.45.53 "GET /v2.0/subnets?id=f3f44377-50d4-451d-aafc-e9edff1c6c5d HTTP/1.1" status: 200 len: 900 time: 0.0421755
2026-07-10 01:01:29.220 10 INFO neutron.plugins.ml2.drivers.ovn.mech_driver.ovsdb.commands [None req-0a1d19b9-3e0c-4908-a504-6dc6611e46dc - - - - - -] Schedule LRP lrp-9518cfc3-59df-4a50-8862-e47a83e0f2bb on gateway e5929e1b-71c4-4d0f-851b-eddd482e630f with priority 1
2026-07-10 01:01:29.244 9 INFO neutron.api.wsgi [req-df6a750a-0842-4438-96b8-75720f00e3f7 req-88625f89-cbf4-45b2-a5cb-e70b39cad35c 024b6eb83cec478ca330b7ad67ed3935 21ec168f49c3452caaec72b7f2900559 - - 55386a1d57ec4b85801b7b529053a6af 55386a1d57ec4b85801b7b529053a6af] 199.204.45.53 "GET /v2.0/floatingips?fixed_ip_address=10.100.0.3&port_id=82040487-7012-47ed-a6f9-2b83a214e2af HTTP/1.1" status: 200 len: 217 time: 0.0324159
2026-07-10 01:01:29.245 9 INFO neutron.api.wsgi [req-117c12f8-8686-4a0b-8e11-c497f5f619d1 req-33917f4c-0cc1-4f09-bfd5-0ae39396c578 024b6eb83cec478ca330b7ad67ed3935 21ec168f49c3452caaec72b7f2900559 - - 55386a1d57ec4b85801b7b529053a6af 55386a1d57ec4b85801b7b529053a6af] 199.204.45.53 "GET /v2.0/ports?network_id=e136c435-b784-41fe-b840-a2db89ec1476&device_owner=network%3Adhcp HTTP/1.1" status: 200 len: 210 time: 0.0305316
2026-07-10 01:01:29.313 9 INFO neutron.api.wsgi [req-df6a750a-0842-4438-96b8-75720f00e3f7 req-69a35a2a-23fb-44f7-8e6d-51d4e1e816e7 024b6eb83cec478ca330b7ad67ed3935 21ec168f49c3452caaec72b7f2900559 - - 55386a1d57ec4b85801b7b529053a6af 55386a1d57ec4b85801b7b529053a6af] 199.204.45.53 "GET /v2.0/subnets?id=a58ea36b-ecdc-41d6-81db-53c27d0fb823 HTTP/1.1" status: 200 len: 893 time: 0.0610650
2026-07-10 01:01:29.333 9 INFO neutron.api.wsgi [req-117c12f8-8686-4a0b-8e11-c497f5f619d1 req-8e9f7880-50e0-4077-b81e-abddb72cef54 024b6eb83cec478ca330b7ad67ed3935 21ec168f49c3452caaec72b7f2900559 - - 55386a1d57ec4b85801b7b529053a6af 55386a1d57ec4b85801b7b529053a6af] 199.204.45.53 "GET /v2.0/networks/e136c435-b784-41fe-b840-a2db89ec1476?fields=segments HTTP/1.1" status: 200 len: 212 time: 0.0806260
2026-07-10 01:01:29.343 9 INFO neutron.notifiers.nova [-] Nova event matching ['req-7f236922-be32-4651-a790-c26c95c289fd'] response: {'name': 'network-changed', 'server_uuid': '6899e442-d6f9-491e-a227-fbaad1769166', 'tag': 'a0f7199f-23a7-415e-ad29-1f61c0b73e98', 'status': 'completed', 'code': 200}
2026-07-10 01:01:29.345 9 INFO neutron.api.wsgi [req-df6a750a-0842-4438-96b8-75720f00e3f7 req-776d47c7-e7e3-4f01-bb30-e0ef28e5d68d 024b6eb83cec478ca330b7ad67ed3935 21ec168f49c3452caaec72b7f2900559 - - 55386a1d57ec4b85801b7b529053a6af 55386a1d57ec4b85801b7b529053a6af] 199.204.45.53 "GET /v2.0/ports?network_id=27ef0fb7-40ab-4bd6-9671-816bd7dfe638&device_owner=network%3Adhcp HTTP/1.1" status: 200 len: 210 time: 0.0245628
2026-07-10 01:01:29.404 10 INFO neutron.db.ovn_revision_numbers_db [None req-cf9f21f1-5d33-40a1-922f-8c8d3d5bbd62 b81e1998028545a3b6f2c38cae7035f1 ad5889d0256a493483d16a066b650057 - - default default] Successfully bumped revision number for resource 9518cfc3-59df-4a50-8862-e47a83e0f2bb (type: router_ports) to 1
2026-07-10 01:01:29.432 9 INFO neutron.api.wsgi [req-117c12f8-8686-4a0b-8e11-c497f5f619d1 req-bb2fd92b-7fbb-4f33-840c-1a4e1f7c5d26 024b6eb83cec478ca330b7ad67ed3935 21ec168f49c3452caaec72b7f2900559 - - 55386a1d57ec4b85801b7b529053a6af 55386a1d57ec4b85801b7b529053a6af] 199.204.45.53 "GET /v2.0/networks/e136c435-b784-41fe-b840-a2db89ec1476?fields=provider%3Aphysical_network&fields=provider%3Anetwork_type HTTP/1.1" status: 200 len: 277 time: 0.0669034
2026-07-10 01:01:29.436 9 INFO neutron.api.wsgi [req-df6a750a-0842-4438-96b8-75720f00e3f7 req-49332476-3b66-4973-b2f9-3da6b92eba8f 024b6eb83cec478ca330b7ad67ed3935 21ec168f49c3452caaec72b7f2900559 - - 55386a1d57ec4b85801b7b529053a6af 55386a1d57ec4b85801b7b529053a6af] 199.204.45.53 "GET /v2.0/networks/27ef0fb7-40ab-4bd6-9671-816bd7dfe638?fields=segments HTTP/1.1" status: 200 len: 212 time: 0.0717275
2026-07-10 01:01:29.484 10 INFO neutron.db.ovn_revision_numbers_db [None req-cf9f21f1-5d33-40a1-922f-8c8d3d5bbd62 b81e1998028545a3b6f2c38cae7035f1 ad5889d0256a493483d16a066b650057 - - default default] Successfully bumped revision number for resource b07f9114-f0fe-4c99-b43d-dca4739f14ab (type: routers) to 2
2026-07-10 01:01:29.502 9 INFO neutron.api.wsgi [req-df6a750a-0842-4438-96b8-75720f00e3f7 req-331000fa-68a7-413e-8abe-fc22585d43a2 024b6eb83cec478ca330b7ad67ed3935 21ec168f49c3452caaec72b7f2900559 - - 55386a1d57ec4b85801b7b529053a6af 55386a1d57ec4b85801b7b529053a6af] 199.204.45.53 "GET /v2.0/networks/27ef0fb7-40ab-4bd6-9671-816bd7dfe638?fields=provider%3Aphysical_network&fields=provider%3Anetwork_type HTTP/1.1" status: 200 len: 277 time: 0.0609839
2026-07-10 01:01:29.514 10 INFO neutron.api.wsgi [None req-cf9f21f1-5d33-40a1-922f-8c8d3d5bbd62 b81e1998028545a3b6f2c38cae7035f1 ad5889d0256a493483d16a066b650057 - - default default] 10.0.0.54 "POST /v2.0/routers HTTP/1.1" status: 201 len: 1162 time: 1.8274536
2026-07-10 01:01:29.583 10 WARNING neutron.plugins.ml2.drivers.ovn.mech_driver.ovsdb.ovn_client [None req-2eea4925-1dba-4c6c-9680-0a187a427473 - - - - - -] No hosting information found for port 5ad0a7e1-9445-4ed8-b50f-dcca3e320fd0: RuntimeError: No hosting information found for port 5ad0a7e1-9445-4ed8-b50f-dcca3e320fd0
2026-07-10 01:01:29.653 10 INFO neutron.api.wsgi [req-77db8280-0831-4b83-93f8-d9d3187cb655 req-b4f66865-c176-4e25-92de-af587774617e a4e8e28b68d84377b7c553a191d4f276 8130143a4d15478c86672ae3ecf1b4bb - - default default] 10.0.0.51 "GET /v2.0/ports?device_id=6899e442-d6f9-491e-a227-fbaad1769166 HTTP/1.1" status: 200 len: 1168 time: 0.0746720
2026-07-10 01:01:29.654 9 INFO neutron.db.ovn_revision_numbers_db [None req-148fae12-9e09-4eb8-b0af-8b1ecc860ff7 - - - - - -] Successfully bumped revision number for resource f2e1fb90-dcfe-4e3d-93fb-7de36f6338a7 (type: ports) to 1
2026-07-10 01:01:29.719 10 INFO neutron.api.wsgi [req-77db8280-0831-4b83-93f8-d9d3187cb655 req-b02b891b-8730-41f4-9edf-781f44eac9d1 a4e8e28b68d84377b7c553a191d4f276 8130143a4d15478c86672ae3ecf1b4bb - - default default] 10.0.0.51 "GET /v2.0/security-groups?id=2671b057-7fef-479a-ad31-2b5c0dfb22f9&fields=id&fields=name HTTP/1.1" status: 200 len: 313 time: 0.0591753
2026-07-10 01:01:29.751 10 INFO neutron.db.ovn_revision_numbers_db [None req-2eea4925-1dba-4c6c-9680-0a187a427473 - - - - - -] Successfully bumped revision number for resource 5ad0a7e1-9445-4ed8-b50f-dcca3e320fd0 (type: router_ports) to 2
2026-07-10 01:01:29.869 10 WARNING neutron.scheduler.dhcp_agent_scheduler [None req-f83b88f8-461e-4059-b66f-c10903905730 b81e1998028545a3b6f2c38cae7035f1 ad5889d0256a493483d16a066b650057 - - default default] No more DHCP agents
2026-07-10 01:01:29.871 10 WARNING neutron.api.rpc.agentnotifiers.dhcp_rpc_agent_api [None req-f83b88f8-461e-4059-b66f-c10903905730 b81e1998028545a3b6f2c38cae7035f1 ad5889d0256a493483d16a066b650057 - - default default] Unable to schedule network 00035ebf-eb35-42f9-9809-70fff125623a: no agents available; will retry on subsequent port and subnet creation events.
2026-07-10 01:01:29.941 9 INFO neutron.db.ovn_revision_numbers_db [None req-148fae12-9e09-4eb8-b0af-8b1ecc860ff7 - - - - - -] Successfully bumped revision number for resource f2e1fb90-dcfe-4e3d-93fb-7de36f6338a7 (type: ports) to 4
2026-07-10 01:01:30.026 10 INFO neutron.db.ovn_revision_numbers_db [None req-f83b88f8-461e-4059-b66f-c10903905730 b81e1998028545a3b6f2c38cae7035f1 ad5889d0256a493483d16a066b650057 - - default default] Successfully bumped revision number for resource 6d7b6637-a3a3-47f6-a6d4-8e9204b41cbc (type: ports) to 1
2026-07-10 01:01:30.094 10 INFO neutron.api.wsgi [None req-b587d834-14a8-4db6-8ea7-1020508aec84 b81e1998028545a3b6f2c38cae7035f1 ad5889d0256a493483d16a066b650057 - - default default] 10.0.0.98 "GET /v2.0/ports HTTP/1.1" status: 200 len: 21449 time: 0.1438701
2026-07-10 01:01:30.122 10 INFO neutron.api.wsgi [None req-c9d14611-252e-4ed1-8c55-bf09b5577405 b81e1998028545a3b6f2c38cae7035f1 ad5889d0256a493483d16a066b650057 - - default default] 10.0.0.98 "GET /v2.0/network-ip-availabilities HTTP/1.1" status: 200 len: 3192 time: 0.0173924
2026-07-10 01:01:30.185 10 WARNING neutron.scheduler.dhcp_agent_scheduler [None req-fc85c365-5efa-48b9-b46f-5fa560631ede b81e1998028545a3b6f2c38cae7035f1 ad5889d0256a493483d16a066b650057 - - default default] No more DHCP agents
2026-07-10 01:01:30.189 10 WARNING neutron.api.rpc.agentnotifiers.dhcp_rpc_agent_api [None req-fc85c365-5efa-48b9-b46f-5fa560631ede b81e1998028545a3b6f2c38cae7035f1 ad5889d0256a493483d16a066b650057 - - default default] Unable to schedule network baf91051-1dbd-467c-80d5-9d92733b0587: no agents available; will retry on subsequent port and subnet creation events.
2026-07-10 01:01:30.216 10 INFO neutron.api.wsgi [None req-bb7a47e2-b60d-4600-b7f7-a3530a6129e8 b81e1998028545a3b6f2c38cae7035f1 ad5889d0256a493483d16a066b650057 - - default default] 10.0.0.98 "GET /v2.0/networks HTTP/1.1" status: 200 len: 5394 time: 0.0919797
2026-07-10 01:01:30.219 9 INFO neutron.db.ovn_revision_numbers_db [None req-148fae12-9e09-4eb8-b0af-8b1ecc860ff7 - - - - - -] Successfully bumped revision number for resource f2e1fb90-dcfe-4e3d-93fb-7de36f6338a7 (type: ports) to 5
2026-07-10 01:01:30.251 10 INFO neutron.api.wsgi [req-574fa55a-8e8c-4ec6-bfa1-ba1e524f1fe4 req-ebfbcde7-7d69-47dc-83a6-8b54a3ac09a0 7ba9e2fbaa8d42c0b1ec0da408f6cebc c625ef23e8704628af58efab52303c19 - - default default] 10.0.0.51 "GET /v2.0/ports?device_id=3de8638a-8ded-4f5b-ab4c-999ca4b8f3f4 HTTP/1.1" status: 200 len: 1168 time: 0.0649080
2026-07-10 01:01:30.284 9 INFO neutron.plugins.ml2.drivers.ovn.mech_driver.ovsdb.ovsdb_monitor [None req-148fae12-9e09-4eb8-b0af-8b1ecc860ff7 - - - - - -] Router b07f9114-f0fe-4c99-b43d-dca4739f14ab is bound to host instance
2026-07-10 01:01:30.294 10 INFO neutron.api.wsgi [None req-e2cd91d7-7556-4be2-a3d4-133e4bb799d0 b81e1998028545a3b6f2c38cae7035f1 ad5889d0256a493483d16a066b650057 - - default default] 10.0.0.98 "GET /v2.0/security-groups HTTP/1.1" status: 200 len: 34912 time: 0.0742266
2026-07-10 01:01:30.344 10 INFO neutron.api.wsgi [req-574fa55a-8e8c-4ec6-bfa1-ba1e524f1fe4 req-02ddd03f-ea2f-4067-9790-9d7baa8f4970 7ba9e2fbaa8d42c0b1ec0da408f6cebc c625ef23e8704628af58efab52303c19 - - default default] 10.0.0.51 "GET /v2.0/security-groups?id=4167c49c-3962-408c-9dd1-a0b571cb2a70&fields=id&fields=name HTTP/1.1" status: 200 len: 312 time: 0.0869102
2026-07-10 01:01:30.403 10 INFO neutron.api.wsgi [None req-bcbb48d2-b0f9-4d80-986a-0282286d5b4c b81e1998028545a3b6f2c38cae7035f1 ad5889d0256a493483d16a066b650057 - - default default] 10.0.0.98 "GET /v2.0/routers HTTP/1.1" status: 200 len: 4049 time: 0.0981822
2026-07-10 01:01:30.422 10 INFO neutron.api.wsgi [None req-75069ec0-e814-4289-8b83-dd624fb4c86e b81e1998028545a3b6f2c38cae7035f1 ad5889d0256a493483d16a066b650057 - - default default] 10.0.0.98 "GET /v2.0/agents?binary=ovn-controller HTTP/1.1" status: 200 len: 591 time: 0.0127184
2026-07-10 01:01:30.445 10 INFO neutron.db.ovn_revision_numbers_db [None req-fc85c365-5efa-48b9-b46f-5fa560631ede b81e1998028545a3b6f2c38cae7035f1 ad5889d0256a493483d16a066b650057 - - default default] Successfully bumped revision number for resource e6396406-3ee3-4c8b-aac5-ecde27278112 (type: ports) to 1
2026-07-10 01:01:30.458 10 INFO neutron.api.wsgi [None req-c90c1bfa-c5b6-42bd-9ffb-9e8aa7b5dde4 b81e1998028545a3b6f2c38cae7035f1 ad5889d0256a493483d16a066b650057 - - default default] 10.0.0.98 "GET /v2.0/subnets HTTP/1.1" status: 200 len: 4208 time: 0.0336552
2026-07-10 01:01:30.471 10 INFO neutron.api.wsgi [None req-b23babac-6982-4849-83bd-432d07443d79 b81e1998028545a3b6f2c38cae7035f1 ad5889d0256a493483d16a066b650057 - - default default] 10.0.0.98 "GET /v2.0/agents HTTP/1.1" status: 200 len: 1390 time: 0.0114982
2026-07-10 01:01:30.485 9 INFO neutron.api.wsgi [req-c2a2d715-32cb-4df7-9823-bc8cc868d54a req-731c2fa1-107b-4753-93cc-4de4490d7bb0 024b6eb83cec478ca330b7ad67ed3935 21ec168f49c3452caaec72b7f2900559 - - 55386a1d57ec4b85801b7b529053a6af 55386a1d57ec4b85801b7b529053a6af] 199.204.45.53 "GET /v2.0/ports?tenant_id=8130143a4d15478c86672ae3ecf1b4bb&device_id=6899e442-d6f9-491e-a227-fbaad1769166 HTTP/1.1" status: 200 len: 1407 time: 0.0384574
2026-07-10 01:01:30.525 10 INFO neutron.api.wsgi [None req-ff810e60-2845-4a95-a126-08e3b530e13b b81e1998028545a3b6f2c38cae7035f1 ad5889d0256a493483d16a066b650057 - - default default] 10.0.0.98 "GET /v2.0/subnets HTTP/1.1" status: 200 len: 4208 time: 0.0407999
2026-07-10 01:01:30.543 10 INFO neutron.api.wsgi [None req-44366b9e-0ce4-418a-8976-d3f2a2873519 b81e1998028545a3b6f2c38cae7035f1 ad5889d0256a493483d16a066b650057 - - default default] 10.0.0.98 "GET /v2.0/subnetpools HTTP/1.1" status: 200 len: 193 time: 0.0148375
2026-07-10 01:01:30.574 10 INFO neutron.api.wsgi [None req-b590b877-9fe2-4175-92a8-f54cb3c0520c b81e1998028545a3b6f2c38cae7035f1 ad5889d0256a493483d16a066b650057 - - default default] 10.0.0.98 "GET /v2.0/floatingips HTTP/1.1" status: 200 len: 1269 time: 0.0294468
2026-07-10 01:01:30.667 9 INFO neutron.api.wsgi [req-c2a2d715-32cb-4df7-9823-bc8cc868d54a req-3bb56c2a-cea8-410d-b694-27c622fdbaf9 024b6eb83cec478ca330b7ad67ed3935 21ec168f49c3452caaec72b7f2900559 - - 55386a1d57ec4b85801b7b529053a6af 55386a1d57ec4b85801b7b529053a6af] 199.204.45.53 "GET /v2.0/networks?id=e136c435-b784-41fe-b840-a2db89ec1476 HTTP/1.1" status: 200 len: 981 time: 0.1781595
2026-07-10 01:01:30.694 9 INFO neutron.api.wsgi [req-c2a2d715-32cb-4df7-9823-bc8cc868d54a req-ff3e460a-9e3a-40c5-b327-e42cea26aede 024b6eb83cec478ca330b7ad67ed3935 21ec168f49c3452caaec72b7f2900559 - - 55386a1d57ec4b85801b7b529053a6af 55386a1d57ec4b85801b7b529053a6af] 199.204.45.53 "GET /v2.0/floatingips?fixed_ip_address=10.100.0.9&port_id=a0f7199f-23a7-415e-ad29-1f61c0b73e98 HTTP/1.1" status: 200 len: 217 time: 0.0208013
2026-07-10 01:01:30.721 9 INFO neutron.api.wsgi [req-c2a2d715-32cb-4df7-9823-bc8cc868d54a req-0d53e18a-700a-4753-8410-95d842b6cac5 024b6eb83cec478ca330b7ad67ed3935 21ec168f49c3452caaec72b7f2900559 - - 55386a1d57ec4b85801b7b529053a6af 55386a1d57ec4b85801b7b529053a6af] 199.204.45.53 "GET /v2.0/subnets?id=f3f44377-50d4-451d-aafc-e9edff1c6c5d HTTP/1.1" status: 200 len: 900 time: 0.0217483
2026-07-10 01:01:30.746 9 INFO neutron.api.wsgi [req-c2a2d715-32cb-4df7-9823-bc8cc868d54a req-8f4deec6-b8ce-452d-bd0b-08a6f3508c30 024b6eb83cec478ca330b7ad67ed3935 21ec168f49c3452caaec72b7f2900559 - - 55386a1d57ec4b85801b7b529053a6af 55386a1d57ec4b85801b7b529053a6af] 199.204.45.53 "GET /v2.0/ports?network_id=e136c435-b784-41fe-b840-a2db89ec1476&device_owner=network%3Adhcp HTTP/1.1" status: 200 len: 210 time: 0.0192814
2026-07-10 01:01:30.797 9 INFO neutron.api.wsgi [req-c2a2d715-32cb-4df7-9823-bc8cc868d54a req-97cf6939-86f9-4e77-818c-bf536ce852dd 024b6eb83cec478ca330b7ad67ed3935 21ec168f49c3452caaec72b7f2900559 - - 55386a1d57ec4b85801b7b529053a6af 55386a1d57ec4b85801b7b529053a6af] 199.204.45.53 "GET /v2.0/networks/e136c435-b784-41fe-b840-a2db89ec1476?fields=segments HTTP/1.1" status: 200 len: 212 time: 0.0476761
2026-07-10 01:01:30.866 9 INFO neutron.api.wsgi [req-c2a2d715-32cb-4df7-9823-bc8cc868d54a req-40b6e148-0ec0-4f9e-8144-8319199eac05 024b6eb83cec478ca330b7ad67ed3935 21ec168f49c3452caaec72b7f2900559 - - 55386a1d57ec4b85801b7b529053a6af 55386a1d57ec4b85801b7b529053a6af] 199.204.45.53 "GET /v2.0/networks/e136c435-b784-41fe-b840-a2db89ec1476?fields=provider%3Aphysical_network&fields=provider%3Anetwork_type HTTP/1.1" status: 200 len: 277 time: 0.0631783
2026-07-10 01:01:30.897 9 INFO neutron.db.ovn_revision_numbers_db [None req-7602120b-8123-4fb2-902b-09d8d3986892 - - - - - -] Successfully bumped revision number for resource 9518cfc3-59df-4a50-8862-e47a83e0f2bb (type: ports) to 1
2026-07-10 01:01:30.960 10 INFO neutron.api.wsgi [req-7d2f2180-b363-4446-9909-5ec567ab06a0 req-5328980e-2363-46ac-a416-590c1d2a5198 a4e8e28b68d84377b7c553a191d4f276 8130143a4d15478c86672ae3ecf1b4bb - - default default] 10.0.0.51 "GET /v2.0/ports?device_id=6899e442-d6f9-491e-a227-fbaad1769166 HTTP/1.1" status: 200 len: 1168 time: 0.1791623
2026-07-10 01:01:31.019 10 INFO neutron.api.wsgi [req-7d2f2180-b363-4446-9909-5ec567ab06a0 req-5371d9d9-dee1-4c2d-b32d-84cc82b3a5c8 a4e8e28b68d84377b7c553a191d4f276 8130143a4d15478c86672ae3ecf1b4bb - - default default] 10.0.0.51 "GET /v2.0/security-groups?id=2671b057-7fef-479a-ad31-2b5c0dfb22f9&fields=id&fields=name HTTP/1.1" status: 200 len: 313 time: 0.0501971
2026-07-10 01:01:31.024 10 INFO neutron.plugins.ml2.drivers.ovn.mech_driver.mech_driver [None req-2eea4925-1dba-4c6c-9680-0a187a427473 - - - - - -] OVN reports status up for port: 6d7b6637-a3a3-47f6-a6d4-8e9204b41cbc
2026-07-10 01:01:31.038 10 INFO neutron.plugins.ml2.plugin [None req-2eea4925-1dba-4c6c-9680-0a187a427473 - - - - - -] Attempt 1 to provision port 6d7b6637-a3a3-47f6-a6d4-8e9204b41cbc
2026-07-10 01:01:31.057 10 INFO neutron.db.ovn_revision_numbers_db [None req-f83b88f8-461e-4059-b66f-c10903905730 b81e1998028545a3b6f2c38cae7035f1 ad5889d0256a493483d16a066b650057 - - default default] Successfully bumped revision number for resource 6d7b6637-a3a3-47f6-a6d4-8e9204b41cbc (type: ports) to 1
2026-07-10 01:01:31.130 10 WARNING neutron.scheduler.dhcp_agent_scheduler [None req-f83b88f8-461e-4059-b66f-c10903905730 b81e1998028545a3b6f2c38cae7035f1 ad5889d0256a493483d16a066b650057 - - default default] No more DHCP agents
2026-07-10 01:01:31.131 10 WARNING neutron.api.rpc.agentnotifiers.dhcp_rpc_agent_api [None req-f83b88f8-461e-4059-b66f-c10903905730 b81e1998028545a3b6f2c38cae7035f1 ad5889d0256a493483d16a066b650057 - - default default] Unable to schedule network 00035ebf-eb35-42f9-9809-70fff125623a: no agents available; will retry on subsequent port and subnet creation events.
2026-07-10 01:01:31.181 9 INFO neutron.db.ovn_revision_numbers_db [None req-7602120b-8123-4fb2-902b-09d8d3986892 - - - - - -] Successfully bumped revision number for resource 9518cfc3-59df-4a50-8862-e47a83e0f2bb (type: ports) to 4
2026-07-10 01:01:31.354 10 INFO neutron.db.ovn_revision_numbers_db [None req-fc85c365-5efa-48b9-b46f-5fa560631ede b81e1998028545a3b6f2c38cae7035f1 ad5889d0256a493483d16a066b650057 - - default default] Successfully bumped revision number for resource e6396406-3ee3-4c8b-aac5-ecde27278112 (type: ports) to 1
2026-07-10 01:01:31.405 9 INFO neutron.plugins.ml2.drivers.ovn.mech_driver.mech_driver [None req-bb0088a3-3606-4b67-abf1-315bf219445c - - - - - -] OVN reports status up for port: 9518cfc3-59df-4a50-8862-e47a83e0f2bb
2026-07-10 01:01:31.414 9 INFO neutron.db.ovn_revision_numbers_db [None req-7602120b-8123-4fb2-902b-09d8d3986892 - - - - - -] Successfully bumped revision number for resource 9518cfc3-59df-4a50-8862-e47a83e0f2bb (type: ports) to 5
2026-07-10 01:01:31.417 9 INFO neutron.plugins.ml2.plugin [None req-bb0088a3-3606-4b67-abf1-315bf219445c - - - - - -] Attempt 1 to provision port 9518cfc3-59df-4a50-8862-e47a83e0f2bb
2026-07-10 01:01:31.447 10 WARNING neutron.scheduler.dhcp_agent_scheduler [None req-fc85c365-5efa-48b9-b46f-5fa560631ede b81e1998028545a3b6f2c38cae7035f1 ad5889d0256a493483d16a066b650057 - - default default] No more DHCP agents
2026-07-10 01:01:31.451 10 WARNING neutron.api.rpc.agentnotifiers.dhcp_rpc_agent_api [None req-fc85c365-5efa-48b9-b46f-5fa560631ede b81e1998028545a3b6f2c38cae7035f1 ad5889d0256a493483d16a066b650057 - - default default] Unable to schedule network baf91051-1dbd-467c-80d5-9d92733b0587: no agents available; will retry on subsequent port and subnet creation events.
2026-07-10 01:01:31.493 9 INFO neutron.plugins.ml2.drivers.ovn.mech_driver.mech_driver [None req-bb0088a3-3606-4b67-abf1-315bf219445c - - - - - -] OVN reports status up for port: e6396406-3ee3-4c8b-aac5-ecde27278112
2026-07-10 01:01:31.497 9 INFO neutron.plugins.ml2.plugin [None req-bb0088a3-3606-4b67-abf1-315bf219445c - - - - - -] Attempt 1 to provision port e6396406-3ee3-4c8b-aac5-ecde27278112
2026-07-10 01:01:31.563 10 INFO neutron.api.wsgi [req-e009af93-deec-46cb-9bc3-3a8f6f2b1d30 req-bc94469e-d8df-41d5-805a-7434d8b3acbb 7ba9e2fbaa8d42c0b1ec0da408f6cebc c625ef23e8704628af58efab52303c19 - - default default] 10.0.0.51 "GET /v2.0/ports?device_id=3de8638a-8ded-4f5b-ab4c-999ca4b8f3f4 HTTP/1.1" status: 200 len: 1168 time: 0.1471586
2026-07-10 01:01:31.589 10 INFO neutron.db.ovn_revision_numbers_db [None req-2eea4925-1dba-4c6c-9680-0a187a427473 - - - - - -] Successfully bumped revision number for resource 6d7b6637-a3a3-47f6-a6d4-8e9204b41cbc (type: ports) to 2
2026-07-10 01:01:31.638 10 INFO neutron.api.wsgi [req-e009af93-deec-46cb-9bc3-3a8f6f2b1d30 req-96780816-3f2f-4747-87b8-f1a86cb058bb 7ba9e2fbaa8d42c0b1ec0da408f6cebc c625ef23e8704628af58efab52303c19 - - default default] 10.0.0.51 "GET /v2.0/security-groups?id=4167c49c-3962-408c-9dd1-a0b571cb2a70&fields=id&fields=name HTTP/1.1" status: 200 len: 312 time: 0.0659580
2026-07-10 01:01:31.734 9 INFO neutron.db.ovn_revision_numbers_db [None req-bb0088a3-3606-4b67-abf1-315bf219445c - - - - - -] Successfully bumped revision number for resource e6396406-3ee3-4c8b-aac5-ecde27278112 (type: ports) to 2
2026-07-10 01:01:32.129 10 INFO neutron.api.wsgi [req-af94320c-2938-4cd3-a2d9-b0f33d1dea36 req-3d5447f0-abbd-40a8-914a-ea1a5ec1b625 a4e8e28b68d84377b7c553a191d4f276 8130143a4d15478c86672ae3ecf1b4bb - - default default] 10.0.0.51 "GET /v2.0/ports?device_id=6899e442-d6f9-491e-a227-fbaad1769166 HTTP/1.1" status: 200 len: 1168 time: 0.0579309
2026-07-10 01:01:32.191 10 INFO neutron.api.wsgi [req-af94320c-2938-4cd3-a2d9-b0f33d1dea36 req-3d2b6609-4faf-4e5f-84f1-9a95523b5bed a4e8e28b68d84377b7c553a191d4f276 8130143a4d15478c86672ae3ecf1b4bb - - default default] 10.0.0.51 "GET /v2.0/security-groups?id=2671b057-7fef-479a-ad31-2b5c0dfb22f9&fields=id&fields=name HTTP/1.1" status: 200 len: 313 time: 0.0587039
2026-07-10 01:01:32.258 10 INFO neutron.db.ovn_revision_numbers_db [None req-f83b88f8-461e-4059-b66f-c10903905730 b81e1998028545a3b6f2c38cae7035f1 ad5889d0256a493483d16a066b650057 - - default default] Successfully bumped revision number for resource 6d7b6637-a3a3-47f6-a6d4-8e9204b41cbc (type: router_ports) to 1
2026-07-10 01:01:32.263 10 INFO neutron.api.wsgi [None req-f83b88f8-461e-4059-b66f-c10903905730 b81e1998028545a3b6f2c38cae7035f1 ad5889d0256a493483d16a066b650057 - - default default] 10.0.0.54 "PUT /v2.0/routers/d35bcd7d-eae8-4658-a6a6-d9c144e5a5ae/add_router_interface HTTP/1.1" status: 200 len: 503 time: 3.1018856
2026-07-10 01:01:32.420 10 INFO neutron.db.ovn_revision_numbers_db [None req-fc85c365-5efa-48b9-b46f-5fa560631ede b81e1998028545a3b6f2c38cae7035f1 ad5889d0256a493483d16a066b650057 - - default default] Successfully bumped revision number for resource e6396406-3ee3-4c8b-aac5-ecde27278112 (type: router_ports) to 1
2026-07-10 01:01:32.427 10 INFO neutron.api.wsgi [None req-fc85c365-5efa-48b9-b46f-5fa560631ede b81e1998028545a3b6f2c38cae7035f1 ad5889d0256a493483d16a066b650057 - - default default] 10.0.0.54 "PUT /v2.0/routers/b07f9114-f0fe-4c99-b43d-dca4739f14ab/add_router_interface HTTP/1.1" status: 200 len: 503 time: 2.9059753
2026-07-10 01:01:32.740 9 WARNING neutron_lib.context [None req-2c8e3b48-f781-49ae-b669-da2972a9b05f 6636b79a84ed4d128c6f4b4217900795 f23bfe5f9c0d486f9d14b9acba6511fc - - default default] Method 'is_advsvc' is deprecated since 2023.2 release (neutron-lib 3.8.0) and will be removed once support for the old RBAC API policies will be removed from Neutron. Please use method 'is_service_role' instead.
2026-07-10 01:01:32.748 10 INFO neutron.api.wsgi [req-9b63484b-0399-4ca0-ad53-63f70631bd95 req-82ba7a5f-3020-444e-8cd8-0d78bd57b6cd 7ba9e2fbaa8d42c0b1ec0da408f6cebc c625ef23e8704628af58efab52303c19 - - default default] 10.0.0.51 "GET /v2.0/ports?device_id=3de8638a-8ded-4f5b-ab4c-999ca4b8f3f4 HTTP/1.1" status: 200 len: 1168 time: 0.0451167
2026-07-10 01:01:32.791 10 INFO neutron.api.wsgi [req-9b63484b-0399-4ca0-ad53-63f70631bd95 req-c9b70e61-d22a-41fe-af85-2d534e19674d 7ba9e2fbaa8d42c0b1ec0da408f6cebc c625ef23e8704628af58efab52303c19 - - default default] 10.0.0.51 "GET /v2.0/security-groups?id=4167c49c-3962-408c-9dd1-a0b571cb2a70&fields=id&fields=name HTTP/1.1" status: 200 len: 312 time: 0.0349553
2026-07-10 01:01:32.852 9 INFO neutron.db.ovn_revision_numbers_db [None req-2c8e3b48-f781-49ae-b669-da2972a9b05f 6636b79a84ed4d128c6f4b4217900795 f23bfe5f9c0d486f9d14b9acba6511fc - - default default] Successfully bumped revision number for resource d30a886f-ad86-434a-991b-a3dfa54a70ab (type: security_groups) to 1
2026-07-10 01:01:32.864 9 INFO neutron.db.ovn_revision_numbers_db [None req-2c8e3b48-f781-49ae-b669-da2972a9b05f 6636b79a84ed4d128c6f4b4217900795 f23bfe5f9c0d486f9d14b9acba6511fc - - default default] Successfully bumped revision number for resource 9914a17f-a2d9-4685-91d9-23f56f2e3522 (type: security_group_rules) to 0
2026-07-10 01:01:32.877 9 INFO neutron.db.ovn_revision_numbers_db [None req-2c8e3b48-f781-49ae-b669-da2972a9b05f 6636b79a84ed4d128c6f4b4217900795 f23bfe5f9c0d486f9d14b9acba6511fc - - default default] Successfully bumped revision number for resource b4e9907f-f597-4996-86cc-e6d62a895862 (type: security_group_rules) to 0
2026-07-10 01:01:32.888 10 WARNING neutron_lib.context [None req-05dd6410-705d-45a8-bec0-6b85dc5d83a4 6cd91d2679394c31b8bc4f95452f8f31 e026e0c155014406ab9f322eacc34288 - - default default] Method 'is_advsvc' is deprecated since 2023.2 release (neutron-lib 3.8.0) and will be removed once support for the old RBAC API policies will be removed from Neutron. Please use method 'is_service_role' instead.
2026-07-10 01:01:32.904 9 INFO neutron.api.wsgi [None req-2c8e3b48-f781-49ae-b669-da2972a9b05f 6636b79a84ed4d128c6f4b4217900795 f23bfe5f9c0d486f9d14b9acba6511fc - - default default] 10.0.0.54 "POST /v2.0/security-groups HTTP/1.1" status: 201 len: 1860 time: 0.1682308
2026-07-10 01:01:32.914 9 WARNING neutron_lib.context [None req-ef5c61e1-6711-4f81-95ba-af916066306b 6636b79a84ed4d128c6f4b4217900795 f23bfe5f9c0d486f9d14b9acba6511fc - - default default] Method 'is_advsvc' is deprecated since 2023.2 release (neutron-lib 3.8.0) and will be removed once support for the old RBAC API policies will be removed from Neutron. Please use method 'is_service_role' instead.
2026-07-10 01:01:32.989 10 INFO neutron.db.ovn_revision_numbers_db [None req-05dd6410-705d-45a8-bec0-6b85dc5d83a4 6cd91d2679394c31b8bc4f95452f8f31 e026e0c155014406ab9f322eacc34288 - - default default] Successfully bumped revision number for resource 932b258c-5558-49e5-8592-520043243cef (type: security_groups) to 1
2026-07-10 01:01:33.001 10 INFO neutron.db.ovn_revision_numbers_db [None req-05dd6410-705d-45a8-bec0-6b85dc5d83a4 6cd91d2679394c31b8bc4f95452f8f31 e026e0c155014406ab9f322eacc34288 - - default default] Successfully bumped revision number for resource 44c6fb13-e3c0-42e5-9de6-30a9f11a70cd (type: security_group_rules) to 0
2026-07-10 01:01:33.015 10 INFO neutron.db.ovn_revision_numbers_db [None req-05dd6410-705d-45a8-bec0-6b85dc5d83a4 6cd91d2679394c31b8bc4f95452f8f31 e026e0c155014406ab9f322eacc34288 - - default default] Successfully bumped revision number for resource 4f154ef0-46b4-46b2-b807-731db16105aa (type: security_group_rules) to 0
2026-07-10 01:01:33.035 9 INFO neutron.db.ovn_revision_numbers_db [None req-ef5c61e1-6711-4f81-95ba-af916066306b 6636b79a84ed4d128c6f4b4217900795 f23bfe5f9c0d486f9d14b9acba6511fc - - default default] Successfully bumped revision number for resource 9783018c-afb7-4e0f-adbe-bdf43352e239 (type: security_group_rules) to 0
2026-07-10 01:01:33.048 10 INFO neutron.api.wsgi [None req-05dd6410-705d-45a8-bec0-6b85dc5d83a4 6cd91d2679394c31b8bc4f95452f8f31 e026e0c155014406ab9f322eacc34288 - - default default] 10.0.0.54 "POST /v2.0/security-groups HTTP/1.1" status: 201 len: 1859 time: 0.1676197
2026-07-10 01:01:33.058 10 WARNING neutron_lib.context [None req-367dfc2f-bae5-4437-8b84-8c19d0123095 6cd91d2679394c31b8bc4f95452f8f31 e026e0c155014406ab9f322eacc34288 - - default default] Method 'is_advsvc' is deprecated since 2023.2 release (neutron-lib 3.8.0) and will be removed once support for the old RBAC API policies will be removed from Neutron. Please use method 'is_service_role' instead.
2026-07-10 01:01:33.067 9 INFO neutron.api.wsgi [None req-ef5c61e1-6711-4f81-95ba-af916066306b 6636b79a84ed4d128c6f4b4217900795 f23bfe5f9c0d486f9d14b9acba6511fc - - default default] 10.0.0.54 "POST /v2.0/security-group-rules HTTP/1.1" status: 201 len: 796 time: 0.1562703
2026-07-10 01:01:33.076 9 WARNING neutron_lib.context [None req-ccc30b16-1dd4-4169-837d-981048ea8a28 6636b79a84ed4d128c6f4b4217900795 f23bfe5f9c0d486f9d14b9acba6511fc - - default default] Method 'is_advsvc' is deprecated since 2023.2 release (neutron-lib 3.8.0) and will be removed once support for the old RBAC API policies will be removed from Neutron. Please use method 'is_service_role' instead.
2026-07-10 01:01:33.168 10 INFO neutron.db.ovn_revision_numbers_db [None req-367dfc2f-bae5-4437-8b84-8c19d0123095 6cd91d2679394c31b8bc4f95452f8f31 e026e0c155014406ab9f322eacc34288 - - default default] Successfully bumped revision number for resource 5cdb6a3b-fe00-40e5-8987-71da317172e0 (type: security_group_rules) to 0
2026-07-10 01:01:33.186 9 INFO neutron.db.ovn_revision_numbers_db [None req-ccc30b16-1dd4-4169-837d-981048ea8a28 6636b79a84ed4d128c6f4b4217900795 f23bfe5f9c0d486f9d14b9acba6511fc - - default default] Successfully bumped revision number for resource 462bf545-42f0-4d63-9de5-d9eaab2ecbea (type: security_group_rules) to 0
2026-07-10 01:01:33.205 10 INFO neutron.api.wsgi [None req-367dfc2f-bae5-4437-8b84-8c19d0123095 6cd91d2679394c31b8bc4f95452f8f31 e026e0c155014406ab9f322eacc34288 - - default default] 10.0.0.54 "POST /v2.0/security-group-rules HTTP/1.1" status: 201 len: 796 time: 0.1512740
2026-07-10 01:01:33.216 9 WARNING neutron_lib.context [None req-d0c57377-a36e-4ca0-abd3-4014d1ffc648 6cd91d2679394c31b8bc4f95452f8f31 e026e0c155014406ab9f322eacc34288 - - default default] Method 'is_advsvc' is deprecated since 2023.2 release (neutron-lib 3.8.0) and will be removed once support for the old RBAC API policies will be removed from Neutron. Please use method 'is_service_role' instead.
2026-07-10 01:01:33.221 9 INFO neutron.api.wsgi [None req-ccc30b16-1dd4-4169-837d-981048ea8a28 6636b79a84ed4d128c6f4b4217900795 f23bfe5f9c0d486f9d14b9acba6511fc - - default default] 10.0.0.54 "POST /v2.0/security-group-rules HTTP/1.1" status: 201 len: 801 time: 0.1485667
2026-07-10 01:01:33.229 9 WARNING neutron_lib.context [None req-1cc7fa57-9daf-44ac-9336-3577ef152323 6636b79a84ed4d128c6f4b4217900795 f23bfe5f9c0d486f9d14b9acba6511fc - - default default] Method 'is_advsvc' is deprecated since 2023.2 release (neutron-lib 3.8.0) and will be removed once support for the old RBAC API policies will be removed from Neutron. Please use method 'is_service_role' instead.
2026-07-10 01:01:33.319 10 INFO neutron.api.wsgi [req-50caa828-b722-407a-b405-08d1dbd41782 req-d2beb782-5ae0-4f84-b7ba-75c805c70748 a4e8e28b68d84377b7c553a191d4f276 8130143a4d15478c86672ae3ecf1b4bb - - default default] 10.0.0.51 "GET /v2.0/ports?device_id=6899e442-d6f9-491e-a227-fbaad1769166 HTTP/1.1" status: 200 len: 1168 time: 0.0670366
2026-07-10 01:01:33.351 10 INFO neutron.api.wsgi [req-50caa828-b722-407a-b405-08d1dbd41782 req-e56abc73-208c-4efc-b6f0-145aba34d246 a4e8e28b68d84377b7c553a191d4f276 8130143a4d15478c86672ae3ecf1b4bb - - default default] 10.0.0.51 "GET /v2.0/security-groups?id=2671b057-7fef-479a-ad31-2b5c0dfb22f9&fields=id&fields=name HTTP/1.1" status: 200 len: 313 time: 0.0281270
2026-07-10 01:01:33.394 9 INFO neutron.db.ovn_revision_numbers_db [None req-d0c57377-a36e-4ca0-abd3-4014d1ffc648 6cd91d2679394c31b8bc4f95452f8f31 e026e0c155014406ab9f322eacc34288 - - default default] Successfully bumped revision number for resource 5bf0bec1-f587-46a1-94eb-0a1c2e7f4c53 (type: security_group_rules) to 0
2026-07-10 01:01:33.435 9 INFO neutron.api.wsgi [None req-d0c57377-a36e-4ca0-abd3-4014d1ffc648 6cd91d2679394c31b8bc4f95452f8f31 e026e0c155014406ab9f322eacc34288 - - default default] 10.0.0.54 "POST /v2.0/security-group-rules HTTP/1.1" status: 201 len: 801 time: 0.2246695
2026-07-10 01:01:33.443 9 WARNING neutron_lib.context [None req-e65c7ccf-01be-4764-9965-23cb358e560b 6cd91d2679394c31b8bc4f95452f8f31 e026e0c155014406ab9f322eacc34288 - - default default] Method 'is_advsvc' is deprecated since 2023.2 release (neutron-lib 3.8.0) and will be removed once support for the old RBAC API policies will be removed from Neutron. Please use method 'is_service_role' instead.
2026-07-10 01:01:33.503 9 WARNING neutron.scheduler.dhcp_agent_scheduler [None req-1cc7fa57-9daf-44ac-9336-3577ef152323 6636b79a84ed4d128c6f4b4217900795 f23bfe5f9c0d486f9d14b9acba6511fc - - default default] No more DHCP agents
2026-07-10 01:01:33.504 9 WARNING neutron.api.rpc.agentnotifiers.dhcp_rpc_agent_api [None req-1cc7fa57-9daf-44ac-9336-3577ef152323 6636b79a84ed4d128c6f4b4217900795 f23bfe5f9c0d486f9d14b9acba6511fc - - default default] Unable to schedule network 3bc58217-06a1-47e8-b7e9-00c2564b8f04: no agents available; will retry on subsequent port and subnet creation events.
2026-07-10 01:01:33.741 9 WARNING neutron.scheduler.dhcp_agent_scheduler [None req-e65c7ccf-01be-4764-9965-23cb358e560b 6cd91d2679394c31b8bc4f95452f8f31 e026e0c155014406ab9f322eacc34288 - - default default] No more DHCP agents
2026-07-10 01:01:33.743 9 WARNING neutron.api.rpc.agentnotifiers.dhcp_rpc_agent_api [None req-e65c7ccf-01be-4764-9965-23cb358e560b 6cd91d2679394c31b8bc4f95452f8f31 e026e0c155014406ab9f322eacc34288 - - default default] Unable to schedule network 3bc58217-06a1-47e8-b7e9-00c2564b8f04: no agents available; will retry on subsequent port and subnet creation events.
2026-07-10 01:01:33.838 9 INFO neutron.api.wsgi [None req-1cc7fa57-9daf-44ac-9336-3577ef152323 6636b79a84ed4d128c6f4b4217900795 f23bfe5f9c0d486f9d14b9acba6511fc - - default default] 10.0.0.54 "POST /v2.0/floatingips HTTP/1.1" status: 201 len: 751 time: 0.6123805
2026-07-10 01:01:33.899 10 INFO neutron.api.wsgi [req-36033946-28aa-4512-9f10-d0584e129c77 req-69bccd95-e4d1-4e2e-91e4-c1cbb67fa27f 7ba9e2fbaa8d42c0b1ec0da408f6cebc c625ef23e8704628af58efab52303c19 - - default default] 10.0.0.51 "GET /v2.0/ports?device_id=3de8638a-8ded-4f5b-ab4c-999ca4b8f3f4 HTTP/1.1" status: 200 len: 1168 time: 0.0367739
2026-07-10 01:01:33.942 10 INFO neutron.api.wsgi [req-36033946-28aa-4512-9f10-d0584e129c77 req-1249287f-f00d-4e00-a947-c2f54a03d82d 7ba9e2fbaa8d42c0b1ec0da408f6cebc c625ef23e8704628af58efab52303c19 - - default default] 10.0.0.51 "GET /v2.0/security-groups?id=4167c49c-3962-408c-9dd1-a0b571cb2a70&fields=id&fields=name HTTP/1.1" status: 200 len: 312 time: 0.0367141
2026-07-10 01:01:34.045 9 INFO neutron.api.wsgi [None req-e65c7ccf-01be-4764-9965-23cb358e560b 6cd91d2679394c31b8bc4f95452f8f31 e026e0c155014406ab9f322eacc34288 - - default default] 10.0.0.54 "POST /v2.0/floatingips HTTP/1.1" status: 201 len: 751 time: 0.6041741
2026-07-10 01:01:34.321 10 INFO neutron.api.wsgi [req-13d25027-67b4-4211-b9c5-bd6905fadbf0 req-af8b493d-b7bd-434c-b156-c0de3271ad38 6636b79a84ed4d128c6f4b4217900795 f23bfe5f9c0d486f9d14b9acba6511fc - - default default] 10.0.0.51 "GET /v2.0/security-groups?name=tempest-securitygroup--2080826624&fields=id&tenant_id=f23bfe5f9c0d486f9d14b9acba6511fc HTTP/1.1" status: 200 len: 267 time: 0.0679429
2026-07-10 01:01:34.382 10 INFO neutron.api.wsgi [req-13d25027-67b4-4211-b9c5-bd6905fadbf0 req-24d97a6b-eb53-4718-a83b-73f378ef8b45 6636b79a84ed4d128c6f4b4217900795 f23bfe5f9c0d486f9d14b9acba6511fc - - default default] 10.0.0.51 "GET /v2.0/networks?id=00035ebf-eb35-42f9-9809-70fff125623a HTTP/1.1" status: 200 len: 874 time: 0.0567443
2026-07-10 01:01:34.401 10 INFO neutron.api.wsgi [req-13d25027-67b4-4211-b9c5-bd6905fadbf0 req-1dbd3602-0ed5-4d93-b020-84482348163d 6636b79a84ed4d128c6f4b4217900795 f23bfe5f9c0d486f9d14b9acba6511fc - - default default] 10.0.0.51 "GET /v2.0/quotas/f23bfe5f9c0d486f9d14b9acba6511fc HTTP/1.1" status: 200 len: 491 time: 0.0137806
2026-07-10 01:01:34.506 10 INFO neutron.api.wsgi [req-13d25027-67b4-4211-b9c5-bd6905fadbf0 req-c1ad61a8-e8b9-48c9-a99e-46f3300de9ca 6636b79a84ed4d128c6f4b4217900795 f23bfe5f9c0d486f9d14b9acba6511fc - - default default] 10.0.0.51 "GET /v2.0/ports?tenant_id=f23bfe5f9c0d486f9d14b9acba6511fc&fields=id HTTP/1.1" status: 200 len: 302 time: 0.0998924
2026-07-10 01:01:34.509 10 INFO neutron.api.wsgi [req-6b3c1afa-c1e5-4e93-9a64-9eeb5018597e req-f844c685-a37d-4648-a27b-7dac6e121b8d 6cd91d2679394c31b8bc4f95452f8f31 e026e0c155014406ab9f322eacc34288 - - default default] 10.0.0.51 "GET /v2.0/security-groups?name=tempest-securitygroup--166172608&fields=id&tenant_id=e026e0c155014406ab9f322eacc34288 HTTP/1.1" status: 200 len: 267 time: 0.0444906
2026-07-10 01:01:34.567 10 INFO neutron.api.wsgi [req-6b3c1afa-c1e5-4e93-9a64-9eeb5018597e req-76dc4817-89f7-4626-bd2d-bd111867b245 6cd91d2679394c31b8bc4f95452f8f31 e026e0c155014406ab9f322eacc34288 - - default default] 10.0.0.51 "GET /v2.0/networks?id=baf91051-1dbd-467c-80d5-9d92733b0587 HTTP/1.1" status: 200 len: 869 time: 0.0501027
2026-07-10 01:01:34.569 10 INFO neutron.api.wsgi [req-13d25027-67b4-4211-b9c5-bd6905fadbf0 req-3156d0bf-c285-42fa-ac32-78229a2cafbf 024b6eb83cec478ca330b7ad67ed3935 21ec168f49c3452caaec72b7f2900559 - - 55386a1d57ec4b85801b7b529053a6af 55386a1d57ec4b85801b7b529053a6af] 10.0.0.51 "GET /v2.0/networks/00035ebf-eb35-42f9-9809-70fff125623a?fields=segments HTTP/1.1" status: 200 len: 212 time: 0.0438232
2026-07-10 01:01:34.581 10 INFO neutron.api.wsgi [req-6b3c1afa-c1e5-4e93-9a64-9eeb5018597e req-ce20f2f1-63ce-4d96-9c00-3bb284f51cf8 6cd91d2679394c31b8bc4f95452f8f31 e026e0c155014406ab9f322eacc34288 - - default default] 10.0.0.51 "GET /v2.0/quotas/e026e0c155014406ab9f322eacc34288 HTTP/1.1" status: 200 len: 491 time: 0.0094550
2026-07-10 01:01:34.624 10 INFO neutron.api.wsgi [req-13d25027-67b4-4211-b9c5-bd6905fadbf0 req-aceeef55-48be-486b-96a8-d6625a2ccad4 024b6eb83cec478ca330b7ad67ed3935 21ec168f49c3452caaec72b7f2900559 - - 55386a1d57ec4b85801b7b529053a6af 55386a1d57ec4b85801b7b529053a6af] 10.0.0.51 "GET /v2.0/networks/00035ebf-eb35-42f9-9809-70fff125623a?fields=provider%3Aphysical_network&fields=provider%3Anetwork_type HTTP/1.1" status: 200 len: 277 time: 0.0476787
2026-07-10 01:01:34.655 10 INFO neutron.api.wsgi [req-6b3c1afa-c1e5-4e93-9a64-9eeb5018597e req-e589d4dd-139e-497e-a51c-29f8bb1e9aad 6cd91d2679394c31b8bc4f95452f8f31 e026e0c155014406ab9f322eacc34288 - - default default] 10.0.0.51 "GET /v2.0/ports?tenant_id=e026e0c155014406ab9f322eacc34288&fields=id HTTP/1.1" status: 200 len: 302 time: 0.0697501
2026-07-10 01:01:34.757 10 INFO neutron.api.wsgi [req-acbe55e4-af45-4b9d-a835-8ac2fa9c5b8c req-1faf808e-c199-4bd8-a86d-e29be1529aee a4e8e28b68d84377b7c553a191d4f276 8130143a4d15478c86672ae3ecf1b4bb - - default default] 10.0.0.51 "GET /v2.0/ports?device_id=6899e442-d6f9-491e-a227-fbaad1769166 HTTP/1.1" status: 200 len: 1168 time: 0.0335600
2026-07-10 01:01:34.797 10 INFO neutron.api.wsgi [req-acbe55e4-af45-4b9d-a835-8ac2fa9c5b8c req-0a24efc3-ec11-4938-9bda-6379b073d1e6 a4e8e28b68d84377b7c553a191d4f276 8130143a4d15478c86672ae3ecf1b4bb - - default default] 10.0.0.51 "GET /v2.0/security-groups?id=2671b057-7fef-479a-ad31-2b5c0dfb22f9&fields=id&fields=name HTTP/1.1" status: 200 len: 313 time: 0.0343797
2026-07-10 01:01:34.846 10 INFO neutron.api.wsgi [req-2d315308-fbfa-4024-b9f8-b7413bfca399 req-e4e9b4e0-7ff1-402f-ab00-d320cffda208 6636b79a84ed4d128c6f4b4217900795 f23bfe5f9c0d486f9d14b9acba6511fc - - default default] 10.0.0.51 "GET /v2.0/ports?device_id=34613078-5361-4983-a310-98ce9b4ad27d HTTP/1.1" status: 200 len: 210 time: 0.0235667
2026-07-10 01:01:35.012 10 INFO neutron.api.wsgi [req-6b3c1afa-c1e5-4e93-9a64-9eeb5018597e req-27359e63-e84b-4f72-8c45-fb18071a858a 024b6eb83cec478ca330b7ad67ed3935 21ec168f49c3452caaec72b7f2900559 - - 55386a1d57ec4b85801b7b529053a6af 55386a1d57ec4b85801b7b529053a6af] 10.0.0.51 "GET /v2.0/extensions HTTP/1.1" status: 200 len: 19298 time: 0.0415196
2026-07-10 01:01:35.051 10 INFO neutron.api.wsgi [req-2da66646-1a7b-4fae-b6f1-f34165311e22 req-fa5af2d4-1c65-474a-8369-1da77b3efcd7 7ba9e2fbaa8d42c0b1ec0da408f6cebc c625ef23e8704628af58efab52303c19 - - default default] 10.0.0.51 "GET /v2.0/ports?device_id=3de8638a-8ded-4f5b-ab4c-999ca4b8f3f4 HTTP/1.1" status: 200 len: 1168 time: 0.0544095
2026-07-10 01:01:35.080 10 INFO neutron.api.wsgi [req-6b3c1afa-c1e5-4e93-9a64-9eeb5018597e req-ba416478-752d-4c26-8a0b-bfbeef4f49a6 024b6eb83cec478ca330b7ad67ed3935 21ec168f49c3452caaec72b7f2900559 - - 55386a1d57ec4b85801b7b529053a6af 55386a1d57ec4b85801b7b529053a6af] 10.0.0.51 "GET /v2.0/networks/baf91051-1dbd-467c-80d5-9d92733b0587?fields=segments HTTP/1.1" status: 200 len: 212 time: 0.0596733
2026-07-10 01:01:35.097 10 INFO neutron.api.wsgi [req-2da66646-1a7b-4fae-b6f1-f34165311e22 req-65c7ec79-4afa-4cb9-a4d3-668802a111d9 7ba9e2fbaa8d42c0b1ec0da408f6cebc c625ef23e8704628af58efab52303c19 - - default default] 10.0.0.51 "GET /v2.0/security-groups?id=4167c49c-3962-408c-9dd1-a0b571cb2a70&fields=id&fields=name HTTP/1.1" status: 200 len: 312 time: 0.0403488
2026-07-10 01:01:35.130 10 INFO neutron.api.wsgi [req-6b3c1afa-c1e5-4e93-9a64-9eeb5018597e req-e17f7158-8218-446c-8dc1-f86b24e24c12 024b6eb83cec478ca330b7ad67ed3935 21ec168f49c3452caaec72b7f2900559 - - 55386a1d57ec4b85801b7b529053a6af 55386a1d57ec4b85801b7b529053a6af] 10.0.0.51 "GET /v2.0/networks/baf91051-1dbd-467c-80d5-9d92733b0587?fields=provider%3Aphysical_network&fields=provider%3Anetwork_type HTTP/1.1" status: 200 len: 277 time: 0.0408173
2026-07-10 01:01:35.273 10 INFO neutron.api.wsgi [req-326b88b2-0b37-43cd-80e7-5bf4c81da1e3 req-d5f57664-2f87-412d-a1f9-7a9d015318c7 6cd91d2679394c31b8bc4f95452f8f31 e026e0c155014406ab9f322eacc34288 - - default default] 10.0.0.51 "GET /v2.0/ports?device_id=7d0866f9-7cac-4db6-b0db-bd0ec7787789 HTTP/1.1" status: 200 len: 210 time: 0.0211513
2026-07-10 01:01:35.900 10 INFO neutron.api.wsgi [req-739c802f-5402-4c85-b472-89b9565a2369 req-cd90e371-fb06-4b55-bbc5-7b7922474ba2 a4e8e28b68d84377b7c553a191d4f276 8130143a4d15478c86672ae3ecf1b4bb - - default default] 10.0.0.51 "GET /v2.0/ports?device_id=6899e442-d6f9-491e-a227-fbaad1769166 HTTP/1.1" status: 200 len: 1168 time: 0.0400455
2026-07-10 01:01:35.914 10 INFO neutron.api.wsgi [req-79e91cac-aca3-48bb-9524-75c8be126d9a req-cdcd8a5a-ba38-43eb-942d-ec494b681d1e 6636b79a84ed4d128c6f4b4217900795 f23bfe5f9c0d486f9d14b9acba6511fc - - default default] 10.0.0.51 "GET /v2.0/ports?device_id=34613078-5361-4983-a310-98ce9b4ad27d HTTP/1.1" status: 200 len: 210 time: 0.0142848
2026-07-10 01:01:35.936 10 INFO neutron.api.wsgi [req-739c802f-5402-4c85-b472-89b9565a2369 req-35667a55-8d6d-4832-9bcf-e678d9849416 a4e8e28b68d84377b7c553a191d4f276 8130143a4d15478c86672ae3ecf1b4bb - - default default] 10.0.0.51 "GET /v2.0/security-groups?id=2671b057-7fef-479a-ad31-2b5c0dfb22f9&fields=id&fields=name HTTP/1.1" status: 200 len: 313 time: 0.0307701
2026-07-10 01:01:36.188 10 INFO neutron.api.wsgi [req-becf0d00-5212-4e1d-82f3-5a48d7fa83b3 req-1ead8cad-a46c-4cbb-89b2-996512eea419 7ba9e2fbaa8d42c0b1ec0da408f6cebc c625ef23e8704628af58efab52303c19 - - default default] 10.0.0.51 "GET /v2.0/ports?device_id=3de8638a-8ded-4f5b-ab4c-999ca4b8f3f4 HTTP/1.1" status: 200 len: 1168 time: 0.0295615
2026-07-10 01:01:36.221 10 INFO neutron.api.wsgi [req-becf0d00-5212-4e1d-82f3-5a48d7fa83b3 req-d335d041-a10c-440a-af3f-41be6727a816 7ba9e2fbaa8d42c0b1ec0da408f6cebc c625ef23e8704628af58efab52303c19 - - default default] 10.0.0.51 "GET /v2.0/security-groups?id=4167c49c-3962-408c-9dd1-a0b571cb2a70&fields=id&fields=name HTTP/1.1" status: 200 len: 312 time: 0.0304608
2026-07-10 01:01:36.352 10 INFO neutron.api.wsgi [req-2212c4b7-2df3-4854-96d9-36a8c3b9a994 req-3386ca4b-c5d6-4f57-a537-38e6a1a1dd92 6cd91d2679394c31b8bc4f95452f8f31 e026e0c155014406ab9f322eacc34288 - - default default] 10.0.0.51 "GET /v2.0/ports?device_id=7d0866f9-7cac-4db6-b0db-bd0ec7787789 HTTP/1.1" status: 200 len: 210 time: 0.0164559
2026-07-10 01:01:36.947 10 WARNING neutron.plugins.ml2.drivers.ovn.mech_driver.ovsdb.ovn_client [None req-c07b5e1d-7666-4efd-a204-d7e31ee18489 - - - - - -] No hosting information found for port 6d7b6637-a3a3-47f6-a6d4-8e9204b41cbc: RuntimeError: No hosting information found for port 6d7b6637-a3a3-47f6-a6d4-8e9204b41cbc
2026-07-10 01:01:36.991 10 INFO neutron.api.wsgi [req-82341633-53d5-4d79-b0e6-9ec33a81058a req-f11c0618-94f0-4254-ad66-16dfa5162b71 6636b79a84ed4d128c6f4b4217900795 f23bfe5f9c0d486f9d14b9acba6511fc - - default default] 10.0.0.51 "GET /v2.0/ports?device_id=34613078-5361-4983-a310-98ce9b4ad27d HTTP/1.1" status: 200 len: 210 time: 0.0199285
2026-07-10 01:01:37.029 10 INFO neutron.api.wsgi [req-4badbd11-a0f3-4101-b3c4-f98419efd0ad req-fcc4f67b-2040-44e8-b9f5-649e88d75da5 a4e8e28b68d84377b7c553a191d4f276 8130143a4d15478c86672ae3ecf1b4bb - - default default] 10.0.0.51 "GET /v2.0/ports?device_id=6899e442-d6f9-491e-a227-fbaad1769166 HTTP/1.1" status: 200 len: 1168 time: 0.0366755
2026-07-10 01:01:37.042 10 INFO neutron.db.ovn_revision_numbers_db [None req-c07b5e1d-7666-4efd-a204-d7e31ee18489 - - - - - -] Successfully bumped revision number for resource 6d7b6637-a3a3-47f6-a6d4-8e9204b41cbc (type: router_ports) to 2
2026-07-10 01:01:37.042 10 INFO neutron.plugins.ml2.drivers.ovn.mech_driver.mech_driver [None req-c07b5e1d-7666-4efd-a204-d7e31ee18489 - - - - - -] OVN reports status up for port: 82040487-7012-47ed-a6f9-2b83a214e2af
2026-07-10 01:01:37.055 10 INFO neutron.plugins.ml2.plugin [None req-c07b5e1d-7666-4efd-a204-d7e31ee18489 - - - - - -] Attempt 1 to provision port 82040487-7012-47ed-a6f9-2b83a214e2af
2026-07-10 01:01:37.081 10 INFO neutron.api.wsgi [req-4badbd11-a0f3-4101-b3c4-f98419efd0ad req-b7623ce7-a8b0-46ce-80e9-d74a8818c23b a4e8e28b68d84377b7c553a191d4f276 8130143a4d15478c86672ae3ecf1b4bb - - default default] 10.0.0.51 "GET /v2.0/security-groups?id=2671b057-7fef-479a-ad31-2b5c0dfb22f9&fields=id&fields=name HTTP/1.1" status: 200 len: 313 time: 0.0448577
2026-07-10 01:01:37.186 9 WARNING neutron.plugins.ml2.drivers.ovn.mech_driver.ovsdb.ovn_client [None req-2c520851-f3dd-47eb-b05a-b3f2f0423af3 - - - - - -] No hosting information found for port e6396406-3ee3-4c8b-aac5-ecde27278112: RuntimeError: No hosting information found for port e6396406-3ee3-4c8b-aac5-ecde27278112
2026-07-10 01:01:37.250 9 INFO neutron.db.ovn_revision_numbers_db [None req-2c520851-f3dd-47eb-b05a-b3f2f0423af3 - - - - - -] Successfully bumped revision number for resource e6396406-3ee3-4c8b-aac5-ecde27278112 (type: router_ports) to 2
2026-07-10 01:01:37.250 9 INFO neutron.plugins.ml2.drivers.ovn.mech_driver.mech_driver [None req-2c520851-f3dd-47eb-b05a-b3f2f0423af3 - - - - - -] OVN reports status up for port: a0f7199f-23a7-415e-ad29-1f61c0b73e98
2026-07-10 01:01:37.262 10 INFO neutron.db.ovn_revision_numbers_db [None req-c07b5e1d-7666-4efd-a204-d7e31ee18489 - - - - - -] Successfully bumped revision number for resource 82040487-7012-47ed-a6f9-2b83a214e2af (type: ports) to 5
2026-07-10 01:01:37.263 9 INFO neutron.plugins.ml2.plugin [None req-2c520851-f3dd-47eb-b05a-b3f2f0423af3 - - - - - -] Attempt 1 to provision port a0f7199f-23a7-415e-ad29-1f61c0b73e98
2026-07-10 01:01:37.354 10 INFO neutron.api.wsgi [req-932d14de-b7f9-4540-9bc3-889e40e10ff1 req-63457c65-4f28-4930-a797-9453c175943c 7ba9e2fbaa8d42c0b1ec0da408f6cebc c625ef23e8704628af58efab52303c19 - - default default] 10.0.0.51 "GET /v2.0/ports?device_id=3de8638a-8ded-4f5b-ab4c-999ca4b8f3f4 HTTP/1.1" status: 200 len: 1170 time: 0.0761466 /var/lib/openstack/lib/python3.12/site-packages/pycadf/identifier.py:71: UserWarning: Invalid uuid: neutron. To ensure interoperability, identifiers should be a valid uuid. warnings.warn(('Invalid uuid: %s. To ensure interoperability, '
