2026-07-10 01:02:25.088 9 INFO neutron.api.wsgi [None req-722fdffb-86a1-4b55-8121-4e56e621cf8f 1b83a15408554424bf07530835ac8b56 aca827dea5474da896d9e13bcd595dd7 - - default default] 10.0.0.54 "DELETE /v2.0/subnets/f0d16a51-556a-4420-835d-6109a9fe0c79 HTTP/1.1" status: 204 len: 168 time: 0.1269088
2026-07-10 01:02:25.212 9 INFO neutron.api.wsgi [None req-9601554d-ace7-4985-ad7f-bcd6af83b432 1b83a15408554424bf07530835ac8b56 aca827dea5474da896d9e13bcd595dd7 - - default default] 10.0.0.54 "DELETE /v2.0/subnets/0f1b8505-37c9-45bd-a984-53529a476c41 HTTP/1.1" status: 204 len: 168 time: 0.1178780
2026-07-10 01:02:25.244 10 INFO neutron.api.wsgi [None req-edbd3783-9616-4bd8-b558-751f9ce5190b 1b83a15408554424bf07530835ac8b56 aca827dea5474da896d9e13bcd595dd7 - - default default] 10.0.0.54 "GET /v2.0/subnets HTTP/1.1" status: 200 len: 843 time: 0.0276833
2026-07-10 01:02:25.333 10 INFO neutron.api.wsgi [None req-31a5e527-45b9-439a-8203-fb4df5bb65e4 cd51b0f2216d44cd88012e0ea28e9867 4d0dd32ae6ef4f348ed44c19605e0fd5 - - default default] 10.0.0.54 "DELETE /v2.0/networks/28ca2a84-9c31-4336-839b-6634194c92db HTTP/1.1" status: 204 len: 168 time: 0.3026206
2026-07-10 01:02:25.605 9 INFO neutron.services.segments.plugin [-] Segment e7c68238-e7d2-4a53-af71-4d0ae35a1306 resource provider aggregate not found
2026-07-10 01:02:25.609 9 INFO neutron.services.segments.plugin [-] Segment e7c68238-e7d2-4a53-af71-4d0ae35a1306 resource provider aggregate not found
2026-07-10 01:02:25.621 9 INFO neutron.services.segments.plugin [-] Segment e7c68238-e7d2-4a53-af71-4d0ae35a1306 resource provider not found; error: Placement Client Error (4xx): {"errors": [{"status": 404, "title": "Not Found", "detail": "The resource could not be found.\n\n No resource provider with uuid e7c68238-e7d2-4a53-af71-4d0ae35a1306 found for delete ", "request_id": "req-a0d3cf96-e21b-48ce-9544-41cf88436a7e"}]}
2026-07-10 01:02:25.625 9 INFO neutron.services.segments.plugin [-] Segment e7c68238-e7d2-4a53-af71-4d0ae35a1306 resource provider not found; error: Placement Client Error (4xx): {"errors": [{"status": 404, "title": "Not Found", "detail": "The resource could not be found.\n\n No resource provider with uuid e7c68238-e7d2-4a53-af71-4d0ae35a1306 found for delete ", "request_id": "req-0c0291b9-80e1-42bc-8745-a3cd3f845c25"}]}
2026-07-10 01:02:25.634 9 INFO neutron.api.wsgi [None req-889ce3d6-3c82-49e1-a978-9dc7a36093d6 1b83a15408554424bf07530835ac8b56 aca827dea5474da896d9e13bcd595dd7 - - default default] 10.0.0.54 "DELETE /v2.0/networks/824887c6-e755-4edf-86d3-112ff0229284 HTTP/1.1" status: 204 len: 168 time: 0.3830652
2026-07-10 01:02:25.735 9 INFO neutron.api.wsgi [None req-e54bf041-96a2-44a4-ad11-a738569001f6 cd51b0f2216d44cd88012e0ea28e9867 4d0dd32ae6ef4f348ed44c19605e0fd5 - - default default] 10.0.0.54 "DELETE /v2.0/networks/55b7ab49-b67c-4392-b33b-446fdda6a4c0 HTTP/1.1" status: 204 len: 168 time: 0.3966558
2026-07-10 01:02:26.011 10 INFO neutron.api.wsgi [None req-2ede42fe-04b8-439c-84a4-594d666ec7af 1b83a15408554424bf07530835ac8b56 aca827dea5474da896d9e13bcd595dd7 - - default default] 10.0.0.54 "DELETE /v2.0/networks/17cd11e9-3cf9-403d-8e7c-ae1e84f97c16 HTTP/1.1" status: 204 len: 168 time: 0.3701906
2026-07-10 01:02:26.347 10 INFO neutron.api.wsgi [None req-14c73518-c5a4-4b19-b7bc-9fef907b195b 1b83a15408554424bf07530835ac8b56 aca827dea5474da896d9e13bcd595dd7 - - default default] 10.0.0.54 "DELETE /v2.0/networks/76988940-1ba3-43ff-be82-83ea1ce09a4c HTTP/1.1" status: 204 len: 168 time: 0.3328314
2026-07-10 01:02:26.378 9 INFO neutron.api.wsgi [None req-697fac6b-2bf1-44eb-af4a-8e277fe419e7 b81e1998028545a3b6f2c38cae7035f1 ad5889d0256a493483d16a066b650057 - - default default] 10.0.0.54 "GET /v2.0/security-groups?tenant_id=4d0dd32ae6ef4f348ed44c19605e0fd5&name=default HTTP/1.1" status: 200 len: 3120 time: 0.1137412
2026-07-10 01:02:26.392 9 WARNING neutron.plugins.ml2.drivers.ovn.mech_driver.ovsdb.ovn_client [None req-712c0947-b49e-465c-b18c-18caa3dda00c - - - - - -] No hosting information found for port 413e7a8e-aed2-405c-8e5a-3859937ea6c5: RuntimeError: No hosting information found for port 413e7a8e-aed2-405c-8e5a-3859937ea6c5
2026-07-10 01:02:26.478 9 INFO neutron.db.ovn_revision_numbers_db [None req-712c0947-b49e-465c-b18c-18caa3dda00c - - - - - -] Successfully bumped revision number for resource 413e7a8e-aed2-405c-8e5a-3859937ea6c5 (type: router_ports) to 2
2026-07-10 01:02:26.583 9 INFO neutron.api.wsgi [None req-156d5e63-446e-4eb8-b6fc-d179e1d44234 b81e1998028545a3b6f2c38cae7035f1 ad5889d0256a493483d16a066b650057 - - default default] 10.0.0.54 "DELETE /v2.0/security-groups/11074fb0-5462-4005-9040-574c59890ecd HTTP/1.1" status: 204 len: 168 time: 0.1973898
2026-07-10 01:02:26.696 10 INFO neutron.api.wsgi [None req-eb7fd3ac-e8bd-4d89-b77f-da8fc1daccff 1b83a15408554424bf07530835ac8b56 aca827dea5474da896d9e13bcd595dd7 - - default default] 10.0.0.54 "DELETE /v2.0/networks/03e598c8-5d36-4dc8-b3ef-4a5536d78b9c HTTP/1.1" status: 204 len: 168 time: 0.3442218
2026-07-10 01:02:26.697 10 INFO neutron.services.segments.plugin [-] Segment 71754978-c647-4d7a-b843-cb773283f21a resource provider aggregate not found
2026-07-10 01:02:26.701 10 INFO neutron.services.segments.plugin [-] Segment 71754978-c647-4d7a-b843-cb773283f21a resource provider aggregate not found
2026-07-10 01:02:26.716 10 INFO neutron.services.segments.plugin [-] Segment 71754978-c647-4d7a-b843-cb773283f21a resource provider not found; error: Placement Client Error (4xx): {"errors": [{"status": 404, "title": "Not Found", "detail": "The resource could not be found.\n\n No resource provider with uuid 71754978-c647-4d7a-b843-cb773283f21a found for delete ", "request_id": "req-c1ce8818-f270-449e-97c6-1a48cb7f8bdd"}]}
2026-07-10 01:02:26.722 10 INFO neutron.services.segments.plugin [-] Segment 71754978-c647-4d7a-b843-cb773283f21a resource provider not found; error: Placement Client Error (4xx): {"errors": [{"status": 404, "title": "Not Found", "detail": "The resource could not be found.\n\n No resource provider with uuid 71754978-c647-4d7a-b843-cb773283f21a found for delete ", "request_id": "req-4cd31cf4-cdd4-477c-a36f-8d048bd66917"}]}
2026-07-10 01:02:26.732 10 INFO neutron.services.segments.plugin [-] Segment 5482a5e2-0880-472e-9356-8685b40003f6 resource provider aggregate not found
2026-07-10 01:02:26.735 10 INFO neutron.services.segments.plugin [-] Segment 5482a5e2-0880-472e-9356-8685b40003f6 resource provider aggregate not found
2026-07-10 01:02:26.745 10 INFO neutron.services.segments.plugin [-] Segment 5482a5e2-0880-472e-9356-8685b40003f6 resource provider not found; error: Placement Client Error (4xx): {"errors": [{"status": 404, "title": "Not Found", "detail": "The resource could not be found.\n\n No resource provider with uuid 5482a5e2-0880-472e-9356-8685b40003f6 found for delete ", "request_id": "req-d3e33044-687d-4947-b4d3-c0840411c485"}]}
2026-07-10 01:02:26.749 10 INFO neutron.services.segments.plugin [-] Segment 5482a5e2-0880-472e-9356-8685b40003f6 resource provider not found; error: Placement Client Error (4xx): {"errors": [{"status": 404, "title": "Not Found", "detail": "The resource could not be found.\n\n No resource provider with uuid 5482a5e2-0880-472e-9356-8685b40003f6 found for delete ", "request_id": "req-1da8002c-b97d-4806-aea7-4ce4252f2c80"}]}
2026-07-10 01:02:26.760 10 INFO neutron.services.segments.plugin [-] Segment 698cf14c-373d-4890-8eca-26e6d67356a9 resource provider aggregate not found
2026-07-10 01:02:26.765 10 INFO neutron.services.segments.plugin [-] Segment 698cf14c-373d-4890-8eca-26e6d67356a9 resource provider aggregate not found
2026-07-10 01:02:26.781 10 INFO neutron.services.segments.plugin [-] Segment 698cf14c-373d-4890-8eca-26e6d67356a9 resource provider not found; error: Placement Client Error (4xx): {"errors": [{"status": 404, "title": "Not Found", "detail": "The resource could not be found.\n\n No resource provider with uuid 698cf14c-373d-4890-8eca-26e6d67356a9 found for delete ", "request_id": "req-6f120a3c-7823-4735-9d69-5dc25085f05c"}]}
2026-07-10 01:02:26.787 10 INFO neutron.services.segments.plugin [-] Segment 698cf14c-373d-4890-8eca-26e6d67356a9 resource provider not found; error: Placement Client Error (4xx): {"errors": [{"status": 404, "title": "Not Found", "detail": "The resource could not be found.\n\n No resource provider with uuid 698cf14c-373d-4890-8eca-26e6d67356a9 found for delete ", "request_id": "req-9038ccec-26d1-4be0-8022-7e4e1cff2883"}]}
2026-07-10 01:02:26.801 10 INFO neutron.services.segments.plugin [-] Segment e842a9c2-8d71-4bde-868f-b9b98d12df66 resource provider aggregate not found
2026-07-10 01:02:26.807 10 INFO neutron.services.segments.plugin [-] Segment e842a9c2-8d71-4bde-868f-b9b98d12df66 resource provider aggregate not found
2026-07-10 01:02:26.819 10 INFO neutron.services.segments.plugin [-] Segment e842a9c2-8d71-4bde-868f-b9b98d12df66 resource provider not found; error: Placement Client Error (4xx): {"errors": [{"status": 404, "title": "Not Found", "detail": "The resource could not be found.\n\n No resource provider with uuid e842a9c2-8d71-4bde-868f-b9b98d12df66 found for delete ", "request_id": "req-eb97ccf8-b6a4-43e6-b476-35ed0708d6c1"}]}
2026-07-10 01:02:26.825 10 INFO neutron.services.segments.plugin [-] Segment e842a9c2-8d71-4bde-868f-b9b98d12df66 resource provider not found; error: Placement Client Error (4xx): {"errors": [{"status": 404, "title": "Not Found", "detail": "The resource could not be found.\n\n No resource provider with uuid e842a9c2-8d71-4bde-868f-b9b98d12df66 found for delete ", "request_id": "req-9af19dad-c127-4e2a-8b4e-21fadfbbd3af"}]}
2026-07-10 01:02:26.840 10 INFO neutron.services.segments.plugin [-] Segment 2b912454-045b-4c9a-bbdf-7213d66923e3 resource provider aggregate not found
2026-07-10 01:02:26.844 10 INFO neutron.services.segments.plugin [-] Segment 2b912454-045b-4c9a-bbdf-7213d66923e3 resource provider aggregate not found
2026-07-10 01:02:26.850 10 INFO neutron.services.segments.plugin [-] Segment 2b912454-045b-4c9a-bbdf-7213d66923e3 resource provider not found; error: Placement Client Error (4xx): {"errors": [{"status": 404, "title": "Not Found", "detail": "The resource could not be found.\n\n No resource provider with uuid 2b912454-045b-4c9a-bbdf-7213d66923e3 found for delete ", "request_id": "req-14372558-fb32-48ed-90fe-a9ca02cc3ab5"}]}
2026-07-10 01:02:26.858 10 INFO neutron.services.segments.plugin [-] Segment 2b912454-045b-4c9a-bbdf-7213d66923e3 resource provider not found; error: Placement Client Error (4xx): {"errors": [{"status": 404, "title": "Not Found", "detail": "The resource could not be found.\n\n No resource provider with uuid 2b912454-045b-4c9a-bbdf-7213d66923e3 found for delete ", "request_id": "req-97c9315f-4e05-4368-93b4-1e2a39fb4b76"}]}
2026-07-10 01:02:27.129 10 INFO neutron.api.wsgi [req-2dc5d31d-4e53-4594-9c27-bb6ecaa1a4dd req-825f4ff1-eb8a-41a2-9e41-6b547e9d28c0 125d2bca70424ef9a0c707234182216f 92c6136b7d6745c38a15b7ddd9607148 - - default default] 10.0.0.51 "GET /v2.0/security-groups?name=tempest-securitygroup--1291565695&fields=id&tenant_id=92c6136b7d6745c38a15b7ddd9607148 HTTP/1.1" status: 200 len: 267 time: 0.0352244
2026-07-10 01:02:27.177 10 INFO neutron.api.wsgi [req-2dc5d31d-4e53-4594-9c27-bb6ecaa1a4dd req-58c50fc3-468a-46a0-836b-4cadfd9f5173 125d2bca70424ef9a0c707234182216f 92c6136b7d6745c38a15b7ddd9607148 - - default default] 10.0.0.51 "GET /v2.0/networks?id=e859962e-741f-42fc-a848-4ab0c27d4b62 HTTP/1.1" status: 200 len: 879 time: 0.0408242
2026-07-10 01:02:27.188 10 INFO neutron.api.wsgi [req-2dc5d31d-4e53-4594-9c27-bb6ecaa1a4dd req-7bb8b165-cf4b-43d0-a470-9eb31ad08b80 125d2bca70424ef9a0c707234182216f 92c6136b7d6745c38a15b7ddd9607148 - - default default] 10.0.0.51 "GET /v2.0/quotas/92c6136b7d6745c38a15b7ddd9607148 HTTP/1.1" status: 200 len: 491 time: 0.0076988
2026-07-10 01:02:27.261 10 INFO neutron.api.wsgi [req-2dc5d31d-4e53-4594-9c27-bb6ecaa1a4dd req-68df2a66-a75c-4eb5-996f-1839af44a896 125d2bca70424ef9a0c707234182216f 92c6136b7d6745c38a15b7ddd9607148 - - default default] 10.0.0.51 "GET /v2.0/ports?tenant_id=92c6136b7d6745c38a15b7ddd9607148&fields=id HTTP/1.1" status: 200 len: 302 time: 0.0680358
2026-07-10 01:02:27.286 9 INFO neutron.api.wsgi [None req-6bb4df78-55cc-4cd5-bb63-fdbc56839e97 b81e1998028545a3b6f2c38cae7035f1 ad5889d0256a493483d16a066b650057 - - default default] 10.0.0.54 "GET /v2.0/security-groups?tenant_id=aca827dea5474da896d9e13bcd595dd7&name=default HTTP/1.1" status: 200 len: 3120 time: 0.1431699
2026-07-10 01:02:27.331 10 INFO neutron.api.wsgi [req-2dc5d31d-4e53-4594-9c27-bb6ecaa1a4dd req-4d432d52-1e1e-4082-afec-d4f225cccd88 024b6eb83cec478ca330b7ad67ed3935 21ec168f49c3452caaec72b7f2900559 - - 55386a1d57ec4b85801b7b529053a6af 55386a1d57ec4b85801b7b529053a6af] 10.0.0.51 "GET /v2.0/networks/e859962e-741f-42fc-a848-4ab0c27d4b62?fields=segments HTTP/1.1" status: 200 len: 212 time: 0.0585809
2026-07-10 01:02:27.398 10 INFO neutron.api.wsgi [req-2dc5d31d-4e53-4594-9c27-bb6ecaa1a4dd req-7c311063-b805-4cb2-9384-6b6cfcec487f 024b6eb83cec478ca330b7ad67ed3935 21ec168f49c3452caaec72b7f2900559 - - 55386a1d57ec4b85801b7b529053a6af 55386a1d57ec4b85801b7b529053a6af] 10.0.0.51 "GET /v2.0/networks/e859962e-741f-42fc-a848-4ab0c27d4b62?fields=provider%3Aphysical_network&fields=provider%3Anetwork_type HTTP/1.1" status: 200 len: 277 time: 0.0591509
2026-07-10 01:02:27.550 10 INFO neutron.api.wsgi [None req-6a5dd9d2-3a69-48a8-85da-a03f831f5ef6 b81e1998028545a3b6f2c38cae7035f1 ad5889d0256a493483d16a066b650057 - - default default] 10.0.0.54 "DELETE /v2.0/security-groups/5cc72869-8d5c-4773-9fce-5871789f3ba7 HTTP/1.1" status: 204 len: 168 time: 0.2583673
2026-07-10 01:02:27.640 9 INFO neutron.services.segments.plugin [-] Segment ea3d4f04-3bd0-4c27-9616-239c39975048 resource provider aggregate not found
2026-07-10 01:02:27.648 9 INFO neutron.services.segments.plugin [-] Segment ea3d4f04-3bd0-4c27-9616-239c39975048 resource provider aggregate not found
2026-07-10 01:02:27.652 9 INFO neutron.services.segments.plugin [-] Segment ea3d4f04-3bd0-4c27-9616-239c39975048 resource provider not found; error: Placement Client Error (4xx): {"errors": [{"status": 404, "title": "Not Found", "detail": "The resource could not be found.\n\n No resource provider with uuid ea3d4f04-3bd0-4c27-9616-239c39975048 found for delete ", "request_id": "req-0517ccc2-f297-48b9-aca1-2aea51d0c366"}]}
2026-07-10 01:02:27.662 9 INFO neutron.services.segments.plugin [-] Segment ea3d4f04-3bd0-4c27-9616-239c39975048 resource provider not found; error: Placement Client Error (4xx): {"errors": [{"status": 404, "title": "Not Found", "detail": "The resource could not be found.\n\n No resource provider with uuid ea3d4f04-3bd0-4c27-9616-239c39975048 found for delete ", "request_id": "req-8f69ec13-c942-45d7-95c1-41db41ff8fec"}]}
2026-07-10 01:02:27.721 10 INFO neutron.api.wsgi [req-92d8e245-3dad-427b-965d-4d90aec2735d req-16599bf8-cf7d-452c-84f6-7aa5aaf4e1ee 125d2bca70424ef9a0c707234182216f 92c6136b7d6745c38a15b7ddd9607148 - - default default] 10.0.0.51 "GET /v2.0/ports?device_id=c3b861c4-51d5-4996-903e-ae52b3c1ee13 HTTP/1.1" status: 200 len: 210 time: 0.0329030
2026-07-10 01:02:27.987 10 INFO neutron.api.wsgi [req-25fdf9da-0271-4050-ad8b-a8be64f19e9f req-2f660d1b-0dc5-4ed4-9474-07e6ea1ebfb5 6636b79a84ed4d128c6f4b4217900795 f23bfe5f9c0d486f9d14b9acba6511fc - - default default] 10.0.0.51 "GET /v2.0/ports?device_id=34613078-5361-4983-a310-98ce9b4ad27d HTTP/1.1" status: 200 len: 1170 time: 0.0893886
2026-07-10 01:02:28.027 10 INFO neutron.api.wsgi [req-25fdf9da-0271-4050-ad8b-a8be64f19e9f req-277fb34a-8039-44b9-ae88-af23bbfd6fc5 6636b79a84ed4d128c6f4b4217900795 f23bfe5f9c0d486f9d14b9acba6511fc - - default default] 10.0.0.51 "GET /v2.0/security-groups?id=d30a886f-ad86-434a-991b-a3dfa54a70ab&fields=id&fields=name HTTP/1.1" status: 200 len: 313 time: 0.0318637
2026-07-10 01:02:28.249 10 INFO neutron.api.wsgi [req-62a02342-be62-4fee-bb81-7630fe46822c req-70999d5a-2294-4824-aa2a-b90cd954ad70 6636b79a84ed4d128c6f4b4217900795 f23bfe5f9c0d486f9d14b9acba6511fc - - default default] 10.0.0.51 "GET /v2.0/ports?device_id=34613078-5361-4983-a310-98ce9b4ad27d HTTP/1.1" status: 200 len: 1170 time: 0.0521557
2026-07-10 01:02:28.282 10 INFO neutron.api.wsgi [req-62a02342-be62-4fee-bb81-7630fe46822c req-4027f545-9845-441d-bb95-e87b8f92b591 6636b79a84ed4d128c6f4b4217900795 f23bfe5f9c0d486f9d14b9acba6511fc - - default default] 10.0.0.51 "GET /v2.0/security-groups?id=d30a886f-ad86-434a-991b-a3dfa54a70ab&fields=id&fields=name HTTP/1.1" status: 200 len: 313 time: 0.0268674
2026-07-10 01:02:28.762 10 INFO neutron.plugins.ml2.drivers.ovn.mech_driver.mech_driver [None req-ebc9377e-b9bc-439c-848e-c3c8ab399ac0 - - - - - -] OVN reports status down for port: 310d5509-cf4a-4577-a7de-655434726d6c
2026-07-10 01:02:28.812 10 INFO neutron.api.wsgi [req-f0f8fea2-0cea-4dce-98be-30acc6ce19e1 req-81d148e0-ba96-4083-b4a6-8f77192e9737 125d2bca70424ef9a0c707234182216f 92c6136b7d6745c38a15b7ddd9607148 - - default default] 10.0.0.51 "GET /v2.0/ports?device_id=c3b861c4-51d5-4996-903e-ae52b3c1ee13 HTTP/1.1" status: 200 len: 210 time: 0.0257559
2026-07-10 01:02:28.983 10 INFO neutron.notifiers.nova [-] Nova event matching ['req-5102bec6-5e28-471d-b148-1cc4a80e9dab'] response: {'server_uuid': '34613078-5361-4983-a310-98ce9b4ad27d', 'name': 'network-vif-unplugged', 'status': 'completed', 'tag': '310d5509-cf4a-4577-a7de-655434726d6c', 'code': 200}
2026-07-10 01:02:29.094 10 INFO neutron.db.ovn_revision_numbers_db [None req-ebc9377e-b9bc-439c-848e-c3c8ab399ac0 - - - - - -] Successfully bumped revision number for resource 310d5509-cf4a-4577-a7de-655434726d6c (type: ports) to 8 /var/lib/openstack/lib/python3.12/site-packages/pycadf/identifier.py:71: UserWarning: Invalid uuid: neutron. To ensure interoperability, identifiers should be a valid uuid. warnings.warn(('Invalid uuid: %s. To ensure interoperability, '
2026-07-10 01:02:29.398 10 INFO neutron.api.wsgi [req-9f269428-c068-46f6-88b4-481503275011 req-bf64441b-f5fc-4255-bdbd-dcd782fcf68a 6636b79a84ed4d128c6f4b4217900795 f23bfe5f9c0d486f9d14b9acba6511fc - - default default] 10.0.0.51 "GET /v2.0/ports?device_id=34613078-5361-4983-a310-98ce9b4ad27d HTTP/1.1" status: 200 len: 1168 time: 0.0565028
2026-07-10 01:02:29.455 10 INFO neutron.api.wsgi [req-9f269428-c068-46f6-88b4-481503275011 req-eb53ea8e-94e6-4d2f-866c-295caab5681a 6636b79a84ed4d128c6f4b4217900795 f23bfe5f9c0d486f9d14b9acba6511fc - - default default] 10.0.0.51 "GET /v2.0/security-groups?id=d30a886f-ad86-434a-991b-a3dfa54a70ab&fields=id&fields=name HTTP/1.1" status: 200 len: 313 time: 0.0490584
2026-07-10 01:02:29.703 9 WARNING neutron_lib.context [None req-76a6d5e6-98b8-4c01-9b05-f2d0ce66267e 5b44f9e22a1245819b2e694534b0a0d0 c9a86e6638d549dbbc9fa2ca314d077a - - default default] Method 'is_advsvc' is deprecated since 2023.2 release (neutron-lib 3.8.0) and will be removed once support for the old RBAC API policies will be removed from Neutron. Please use method 'is_service_role' instead.
2026-07-10 01:02:29.823 9 INFO neutron.db.ovn_revision_numbers_db [None req-76a6d5e6-98b8-4c01-9b05-f2d0ce66267e 5b44f9e22a1245819b2e694534b0a0d0 c9a86e6638d549dbbc9fa2ca314d077a - - default default] Successfully bumped revision number for resource 4c9c2050-da47-4c14-9cfd-dcb61ed53895 (type: security_groups) to 1
2026-07-10 01:02:29.837 9 INFO neutron.db.ovn_revision_numbers_db [None req-76a6d5e6-98b8-4c01-9b05-f2d0ce66267e 5b44f9e22a1245819b2e694534b0a0d0 c9a86e6638d549dbbc9fa2ca314d077a - - default default] Successfully bumped revision number for resource 5f38aaad-27a8-4295-8c78-7015901c3dc4 (type: security_group_rules) to 0
2026-07-10 01:02:29.852 9 INFO neutron.db.ovn_revision_numbers_db [None req-76a6d5e6-98b8-4c01-9b05-f2d0ce66267e 5b44f9e22a1245819b2e694534b0a0d0 c9a86e6638d549dbbc9fa2ca314d077a - - default default] Successfully bumped revision number for resource 6534f7fc-3321-4065-80d3-ef4e4ff27507 (type: security_group_rules) to 0
2026-07-10 01:02:29.865 9 INFO neutron.db.ovn_revision_numbers_db [None req-76a6d5e6-98b8-4c01-9b05-f2d0ce66267e 5b44f9e22a1245819b2e694534b0a0d0 c9a86e6638d549dbbc9fa2ca314d077a - - default default] Successfully bumped revision number for resource 70e5f40f-322e-4f9f-9711-c4fbcd3a071d (type: security_group_rules) to 0
2026-07-10 01:02:29.879 9 INFO neutron.db.ovn_revision_numbers_db [None req-76a6d5e6-98b8-4c01-9b05-f2d0ce66267e 5b44f9e22a1245819b2e694534b0a0d0 c9a86e6638d549dbbc9fa2ca314d077a - - default default] Successfully bumped revision number for resource 7298e6a8-48dc-4339-be2d-6336cb9d8c00 (type: security_group_rules) to 0
2026-07-10 01:02:29.903 10 INFO neutron.api.wsgi [req-98e8ebe7-8188-49b4-bbc1-cfcc2c11d0a7 req-e2f22c5d-ffbb-4198-87c4-420979310684 125d2bca70424ef9a0c707234182216f 92c6136b7d6745c38a15b7ddd9607148 - - default default] 10.0.0.51 "GET /v2.0/ports?device_id=c3b861c4-51d5-4996-903e-ae52b3c1ee13 HTTP/1.1" status: 200 len: 210 time: 0.0199673
2026-07-10 01:02:29.962 9 INFO neutron.db.segments_db [None req-76a6d5e6-98b8-4c01-9b05-f2d0ce66267e 5b44f9e22a1245819b2e694534b0a0d0 c9a86e6638d549dbbc9fa2ca314d077a - - default default] Added segment bcccd6e8-2fe3-4275-afc2-8a4395bc4922 of type geneve for network d5307427-aa8d-4448-9053-9a713169f909
2026-07-10 01:02:30.083 10 INFO neutron.api.wsgi [None req-d4d6cfc5-2d67-4725-9904-7c9052809017 b81e1998028545a3b6f2c38cae7035f1 ad5889d0256a493483d16a066b650057 - - default default] 10.0.0.98 "GET /v2.0/ports HTTP/1.1" status: 200 len: 14982 time: 0.1360872
2026-07-10 01:02:30.093 9 INFO neutron.api.wsgi [req-0d416280-2439-4a79-98a5-9b81389c4f71 req-9850a684-dfef-40be-90d2-1b9eae5e0e64 6636b79a84ed4d128c6f4b4217900795 f23bfe5f9c0d486f9d14b9acba6511fc - - default default] 199.204.45.53 "GET /v2.0/ports?device_id=34613078-5361-4983-a310-98ce9b4ad27d HTTP/1.1" status: 200 len: 1168 time: 0.0995743
2026-07-10 01:02:30.107 9 INFO neutron.db.ovn_revision_numbers_db [None req-76a6d5e6-98b8-4c01-9b05-f2d0ce66267e 5b44f9e22a1245819b2e694534b0a0d0 c9a86e6638d549dbbc9fa2ca314d077a - - default default] Successfully bumped revision number for resource d5307427-aa8d-4448-9053-9a713169f909 (type: networks) to 1
2026-07-10 01:02:30.116 10 INFO neutron.api.wsgi [None req-891a43d2-49ec-46cd-bb2f-96bb7d1a68b7 b81e1998028545a3b6f2c38cae7035f1 ad5889d0256a493483d16a066b650057 - - default default] 10.0.0.98 "GET /v2.0/network-ip-availabilities HTTP/1.1" status: 200 len: 2526 time: 0.0200286
2026-07-10 01:02:30.152 10 INFO neutron.api.wsgi [None req-aca8c1fb-eb99-406b-948e-be0ff7f15ed1 b81e1998028545a3b6f2c38cae7035f1 ad5889d0256a493483d16a066b650057 - - default default] 10.0.0.98 "GET /v2.0/subnets HTTP/1.1" status: 200 len: 2849 time: 0.0350866
2026-07-10 01:02:30.164 10 INFO neutron.api.wsgi [None req-b5d763be-43ce-4ff5-91d2-decde488cd0c b81e1998028545a3b6f2c38cae7035f1 ad5889d0256a493483d16a066b650057 - - default default] 10.0.0.98 "GET /v2.0/subnetpools HTTP/1.1" status: 200 len: 193 time: 0.0106709
2026-07-10 01:02:30.214 10 INFO neutron.api.wsgi [None req-6e7f0819-b673-42bc-a3d3-377799e936cb b81e1998028545a3b6f2c38cae7035f1 ad5889d0256a493483d16a066b650057 - - default default] 10.0.0.98 "GET /v2.0/networks HTTP/1.1" status: 200 len: 4598 time: 0.0491390
2026-07-10 01:02:30.259 10 INFO neutron.api.wsgi [None req-32ca1a2b-46b1-48ea-9e80-81def4e55062 b81e1998028545a3b6f2c38cae7035f1 ad5889d0256a493483d16a066b650057 - - default default] 10.0.0.98 "GET /v2.0/security-groups HTTP/1.1" status: 200 len: 32017 time: 0.0406647
2026-07-10 01:02:30.296 9 WARNING neutron.scheduler.dhcp_agent_scheduler [None req-76a6d5e6-98b8-4c01-9b05-f2d0ce66267e 5b44f9e22a1245819b2e694534b0a0d0 c9a86e6638d549dbbc9fa2ca314d077a - - default default] No more DHCP agents
2026-07-10 01:02:30.298 9 WARNING neutron.api.rpc.agentnotifiers.dhcp_rpc_agent_api [None req-76a6d5e6-98b8-4c01-9b05-f2d0ce66267e 5b44f9e22a1245819b2e694534b0a0d0 c9a86e6638d549dbbc9fa2ca314d077a - - default default] Unable to schedule network d5307427-aa8d-4448-9053-9a713169f909: no agents available; will retry on subsequent port and subnet creation events.
2026-07-10 01:02:30.301 10 INFO neutron.api.wsgi [None req-67c77fb1-f85f-42f2-ac35-d22dd43947ad b81e1998028545a3b6f2c38cae7035f1 ad5889d0256a493483d16a066b650057 - - default default] 10.0.0.98 "GET /v2.0/subnets HTTP/1.1" status: 200 len: 2849 time: 0.0321305
2026-07-10 01:02:30.401 9 INFO neutron.db.ovn_revision_numbers_db [None req-76a6d5e6-98b8-4c01-9b05-f2d0ce66267e 5b44f9e22a1245819b2e694534b0a0d0 c9a86e6638d549dbbc9fa2ca314d077a - - default default] Successfully bumped revision number for resource 48600ae1-cb20-4aec-b209-7387f4ac9acb (type: ports) to 1
2026-07-10 01:02:30.430 9 INFO neutron.db.l3_db [req-0d416280-2439-4a79-98a5-9b81389c4f71 req-53f6ffd3-49eb-40e4-92e6-1763e1ab8caa 6636b79a84ed4d128c6f4b4217900795 f23bfe5f9c0d486f9d14b9acba6511fc - - default default] Floating IP fe08ef8b-1cd3-4122-b2c8-32598b4863a2 disassociated. External IP: 10.96.250.219, port: 310d5509-cf4a-4577-a7de-655434726d6c.
2026-07-10 01:02:30.434 9 INFO neutron.api.wsgi [None req-76a6d5e6-98b8-4c01-9b05-f2d0ce66267e 5b44f9e22a1245819b2e694534b0a0d0 c9a86e6638d549dbbc9fa2ca314d077a - - default default] 10.0.0.54 "POST /v2.0/networks HTTP/1.1" status: 201 len: 847 time: 0.8006215
2026-07-10 01:02:30.550 9 INFO neutron.api.wsgi [req-0d416280-2439-4a79-98a5-9b81389c4f71 req-53f6ffd3-49eb-40e4-92e6-1763e1ab8caa 6636b79a84ed4d128c6f4b4217900795 f23bfe5f9c0d486f9d14b9acba6511fc - - default default] 199.204.45.53 "DELETE /v2.0/ports/310d5509-cf4a-4577-a7de-655434726d6c HTTP/1.1" status: 204 len: 173 time: 0.4546876
2026-07-10 01:02:30.591 9 INFO neutron.notifiers.nova [-] Nova event matching ['req-3dc5ca91-8b04-4fd7-ba47-07644cf1e57d'] response: {'server_uuid': '34613078-5361-4983-a310-98ce9b4ad27d', 'name': 'network-vif-deleted', 'tag': '310d5509-cf4a-4577-a7de-655434726d6c', 'status': 'completed', 'code': 200}
2026-07-10 01:02:30.623 10 INFO neutron.api.wsgi [req-a0745c40-3a2c-44ce-ab0b-6e4cf04c484b req-eb2632f1-541c-41a1-a5a2-98ebe95f3764 6636b79a84ed4d128c6f4b4217900795 f23bfe5f9c0d486f9d14b9acba6511fc - - default default] 10.0.0.51 "GET /v2.0/ports?device_id=34613078-5361-4983-a310-98ce9b4ad27d HTTP/1.1" status: 200 len: 210 time: 0.0431950
2026-07-10 01:02:30.643 10 INFO neutron.api.wsgi [None req-6c95c2f5-8301-4220-b6bb-220aea615ec6 b81e1998028545a3b6f2c38cae7035f1 ad5889d0256a493483d16a066b650057 - - default default] 10.0.0.98 "GET /v2.0/routers HTTP/1.1" status: 200 len: 2122 time: 0.3405249 /var/lib/openstack/lib/python3.12/site-packages/pycadf/identifier.py:71: UserWarning: Invalid uuid: neutron. To ensure interoperability, identifiers should be a valid uuid. warnings.warn(('Invalid uuid: %s. To ensure interoperability, '
2026-07-10 01:02:30.652 10 INFO neutron.api.wsgi [None req-cb59f505-f4b7-4512-8949-6f93f27db390 b81e1998028545a3b6f2c38cae7035f1 ad5889d0256a493483d16a066b650057 - - default default] 10.0.0.98 "GET /v2.0/agents?binary=ovn-controller HTTP/1.1" status: 200 len: 591 time: 0.0076203
2026-07-10 01:02:30.661 10 INFO neutron.api.wsgi [None req-a56a2ba6-f888-4c24-8b5f-358e46c28472 b81e1998028545a3b6f2c38cae7035f1 ad5889d0256a493483d16a066b650057 - - default default] 10.0.0.98 "GET /v2.0/agents HTTP/1.1" status: 200 len: 1390 time: 0.0084100
2026-07-10 01:02:30.679 10 INFO neutron.api.wsgi [None req-22c425bf-0beb-4596-9ece-81824743c04f b81e1998028545a3b6f2c38cae7035f1 ad5889d0256a493483d16a066b650057 - - default default] 10.0.0.98 "GET /v2.0/floatingips HTTP/1.1" status: 200 len: 1269 time: 0.0165915
2026-07-10 01:02:31.003 10 INFO neutron.api.wsgi [req-257fb898-ab94-408e-a8e0-a0a59ad285d8 req-e7c308dc-2575-4ddd-aba9-3f3236b93b2d 125d2bca70424ef9a0c707234182216f 92c6136b7d6745c38a15b7ddd9607148 - - default default] 10.0.0.51 "GET /v2.0/ports?device_id=c3b861c4-51d5-4996-903e-ae52b3c1ee13 HTTP/1.1" status: 200 len: 210 time: 0.0260656
2026-07-10 01:02:31.031 9 WARNING neutron_lib.context [None req-a874566b-8397-4027-a9d5-3be8a54d7621 5b44f9e22a1245819b2e694534b0a0d0 c9a86e6638d549dbbc9fa2ca314d077a - - default default] Method 'is_advsvc' is deprecated since 2023.2 release (neutron-lib 3.8.0) and will be removed once support for the old RBAC API policies will be removed from Neutron. Please use method 'is_service_role' instead.
2026-07-10 01:02:31.041 10 INFO neutron.notifiers.nova [-] Nova event matching ['req-74b9a822-3e0d-4a99-90bc-b8953707ae1d'] response: {'server_uuid': '34613078-5361-4983-a310-98ce9b4ad27d', 'name': 'network-vif-unplugged', 'status': 'completed', 'tag': '310d5509-cf4a-4577-a7de-655434726d6c', 'code': 200}
2026-07-10 01:02:31.223 9 WARNING neutron.scheduler.dhcp_agent_scheduler [None req-a874566b-8397-4027-a9d5-3be8a54d7621 5b44f9e22a1245819b2e694534b0a0d0 c9a86e6638d549dbbc9fa2ca314d077a - - default default] No more DHCP agents
2026-07-10 01:02:31.224 9 WARNING neutron.api.rpc.agentnotifiers.dhcp_rpc_agent_api [None req-a874566b-8397-4027-a9d5-3be8a54d7621 5b44f9e22a1245819b2e694534b0a0d0 c9a86e6638d549dbbc9fa2ca314d077a - - default default] Unable to schedule network d5307427-aa8d-4448-9053-9a713169f909: no agents available; will retry on subsequent port and subnet creation events.
2026-07-10 01:02:31.251 9 INFO neutron.db.ovn_revision_numbers_db [None req-a874566b-8397-4027-a9d5-3be8a54d7621 5b44f9e22a1245819b2e694534b0a0d0 c9a86e6638d549dbbc9fa2ca314d077a - - default default] Successfully bumped revision number for resource c1136d9e-0713-40b4-8b4b-01f0d07620f8 (type: subnets) to 0
2026-07-10 01:02:31.265 9 INFO neutron.api.wsgi [None req-a874566b-8397-4027-a9d5-3be8a54d7621 5b44f9e22a1245819b2e694534b0a0d0 c9a86e6638d549dbbc9fa2ca314d077a - - default default] 10.0.0.54 "POST /v2.0/subnets HTTP/1.1" status: 201 len: 872 time: 0.2418370
2026-07-10 01:02:31.276 9 WARNING neutron_lib.context [None req-07ce39dd-e99d-4757-a111-dfc5705774e7 5b44f9e22a1245819b2e694534b0a0d0 c9a86e6638d549dbbc9fa2ca314d077a - - default default] Method 'is_advsvc' is deprecated since 2023.2 release (neutron-lib 3.8.0) and will be removed once support for the old RBAC API policies will be removed from Neutron. Please use method 'is_service_role' instead.
2026-07-10 01:02:31.353 9 INFO neutron.db.segments_db [None req-07ce39dd-e99d-4757-a111-dfc5705774e7 5b44f9e22a1245819b2e694534b0a0d0 c9a86e6638d549dbbc9fa2ca314d077a - - default default] Added segment cf42bb36-d053-4a15-839f-89d154f02f91 of type geneve for network 1bf2b9e6-58e5-445a-89ff-a410f6d1c77a
2026-07-10 01:02:31.394 10 INFO neutron.db.ovn_revision_numbers_db [None req-bd4a97c1-6102-42b1-a61c-3cd9f5d19b00 b81e1998028545a3b6f2c38cae7035f1 ad5889d0256a493483d16a066b650057 - - default default] Successfully bumped revision number for resource 6b00afe1-bee3-4f6c-b89a-4317e2bb1464 (type: security_groups) to 1
2026-07-10 01:02:31.415 10 INFO neutron.db.ovn_revision_numbers_db [None req-bd4a97c1-6102-42b1-a61c-3cd9f5d19b00 b81e1998028545a3b6f2c38cae7035f1 ad5889d0256a493483d16a066b650057 - - default default] Successfully bumped revision number for resource 587957c0-4e62-4c18-a526-1732e95ff73c (type: security_group_rules) to 0
2026-07-10 01:02:31.428 10 INFO neutron.db.ovn_revision_numbers_db [None req-bd4a97c1-6102-42b1-a61c-3cd9f5d19b00 b81e1998028545a3b6f2c38cae7035f1 ad5889d0256a493483d16a066b650057 - - default default] Successfully bumped revision number for resource 6093d344-e238-4a4a-a284-669c501ddc08 (type: security_group_rules) to 0
2026-07-10 01:02:31.451 10 INFO neutron.db.ovn_revision_numbers_db [None req-bd4a97c1-6102-42b1-a61c-3cd9f5d19b00 b81e1998028545a3b6f2c38cae7035f1 ad5889d0256a493483d16a066b650057 - - default default] Successfully bumped revision number for resource 6932d509-b00a-41e0-a197-6358d2c6bab2 (type: security_group_rules) to 0
2026-07-10 01:02:31.473 10 INFO neutron.db.ovn_revision_numbers_db [None req-bd4a97c1-6102-42b1-a61c-3cd9f5d19b00 b81e1998028545a3b6f2c38cae7035f1 ad5889d0256a493483d16a066b650057 - - default default] Successfully bumped revision number for resource fd04fdb0-7571-457e-ba67-56ab65330751 (type: security_group_rules) to 0
2026-07-10 01:02:31.481 9 INFO neutron.db.ovn_revision_numbers_db [None req-07ce39dd-e99d-4757-a111-dfc5705774e7 5b44f9e22a1245819b2e694534b0a0d0 c9a86e6638d549dbbc9fa2ca314d077a - - default default] Successfully bumped revision number for resource 1bf2b9e6-58e5-445a-89ff-a410f6d1c77a (type: networks) to 1
2026-07-10 01:02:31.518 10 INFO neutron.api.wsgi [None req-bd4a97c1-6102-42b1-a61c-3cd9f5d19b00 b81e1998028545a3b6f2c38cae7035f1 ad5889d0256a493483d16a066b650057 - - default default] 10.0.0.54 "GET /v2.0/security-groups?tenant_id=baa835a804dc41c5ad74620098c9ffba&name=default HTTP/1.1" status: 200 len: 3120 time: 0.3355482
2026-07-10 01:02:31.634 9 WARNING neutron.scheduler.dhcp_agent_scheduler [None req-07ce39dd-e99d-4757-a111-dfc5705774e7 5b44f9e22a1245819b2e694534b0a0d0 c9a86e6638d549dbbc9fa2ca314d077a - - default default] No more DHCP agents
2026-07-10 01:02:31.636 9 WARNING neutron.api.rpc.agentnotifiers.dhcp_rpc_agent_api [None req-07ce39dd-e99d-4757-a111-dfc5705774e7 5b44f9e22a1245819b2e694534b0a0d0 c9a86e6638d549dbbc9fa2ca314d077a - - default default] Unable to schedule network 1bf2b9e6-58e5-445a-89ff-a410f6d1c77a: no agents available; will retry on subsequent port and subnet creation events.
2026-07-10 01:02:31.695 9 INFO neutron.db.ovn_revision_numbers_db [None req-07ce39dd-e99d-4757-a111-dfc5705774e7 5b44f9e22a1245819b2e694534b0a0d0 c9a86e6638d549dbbc9fa2ca314d077a - - default default] Successfully bumped revision number for resource 7740b69c-0647-487d-9854-7645756a40f4 (type: ports) to 1
2026-07-10 01:02:31.713 9 INFO neutron.api.wsgi [None req-07ce39dd-e99d-4757-a111-dfc5705774e7 5b44f9e22a1245819b2e694534b0a0d0 c9a86e6638d549dbbc9fa2ca314d077a - - default default] 10.0.0.54 "POST /v2.0/networks HTTP/1.1" status: 201 len: 847 time: 0.4409516
2026-07-10 01:02:31.723 10 INFO neutron.api.wsgi [None req-6a223410-b8fe-4e4d-b122-7e79dffc4a48 b81e1998028545a3b6f2c38cae7035f1 ad5889d0256a493483d16a066b650057 - - default default] 10.0.0.54 "DELETE /v2.0/security-groups/6b00afe1-bee3-4f6c-b89a-4317e2bb1464 HTTP/1.1" status: 204 len: 168 time: 0.1980412
2026-07-10 01:02:31.724 10 INFO neutron.api.wsgi [req-905a5db4-e8da-46d4-8fe1-6ddf59968751 req-791cd469-af3c-4bae-a92e-cfce6b19bf8b 6636b79a84ed4d128c6f4b4217900795 f23bfe5f9c0d486f9d14b9acba6511fc - - default default] 10.0.0.51 "GET /v2.0/ports?device_id=34613078-5361-4983-a310-98ce9b4ad27d HTTP/1.1" status: 200 len: 210 time: 0.0210154
2026-07-10 01:02:31.846 9 INFO neutron.db.ovn_revision_numbers_db [None req-465f7d5c-dca4-494f-943e-2e40adb11b68 5b44f9e22a1245819b2e694534b0a0d0 c9a86e6638d549dbbc9fa2ca314d077a - - default default] Successfully bumped revision number for resource 1bf2b9e6-58e5-445a-89ff-a410f6d1c77a (type: networks) to 2
2026-07-10 01:02:31.850 9 INFO neutron.api.wsgi [None req-465f7d5c-dca4-494f-943e-2e40adb11b68 5b44f9e22a1245819b2e694534b0a0d0 c9a86e6638d549dbbc9fa2ca314d077a - - default default] 10.0.0.54 "PUT /v2.0/networks/1bf2b9e6-58e5-445a-89ff-a410f6d1c77a HTTP/1.1" status: 200 len: 792 time: 0.1312194
2026-07-10 01:02:31.860 9 WARNING neutron_lib.context [None req-7629f510-f262-4a1e-8add-ca981cf2291f 5b44f9e22a1245819b2e694534b0a0d0 c9a86e6638d549dbbc9fa2ca314d077a - - default default] Method 'is_advsvc' is deprecated since 2023.2 release (neutron-lib 3.8.0) and will be removed once support for the old RBAC API policies will be removed from Neutron. Please use method 'is_service_role' instead.
2026-07-10 01:02:31.913 10 INFO neutron.db.ovn_revision_numbers_db [None req-18b03c3a-37cc-4528-b374-a5ed6975e96d b81e1998028545a3b6f2c38cae7035f1 ad5889d0256a493483d16a066b650057 - - default default] Successfully bumped revision number for resource 9505767a-e395-4a31-817e-9255fa5be5f5 (type: security_groups) to 1
2026-07-10 01:02:31.926 10 INFO neutron.db.ovn_revision_numbers_db [None req-18b03c3a-37cc-4528-b374-a5ed6975e96d b81e1998028545a3b6f2c38cae7035f1 ad5889d0256a493483d16a066b650057 - - default default] Successfully bumped revision number for resource 2431e87a-134f-4205-90f6-ef82a602951a (type: security_group_rules) to 0
2026-07-10 01:02:31.937 10 INFO neutron.db.ovn_revision_numbers_db [None req-18b03c3a-37cc-4528-b374-a5ed6975e96d b81e1998028545a3b6f2c38cae7035f1 ad5889d0256a493483d16a066b650057 - - default default] Successfully bumped revision number for resource 434211c1-da73-4917-ae83-a170426334d9 (type: security_group_rules) to 0
2026-07-10 01:02:31.949 10 INFO neutron.db.ovn_revision_numbers_db [None req-18b03c3a-37cc-4528-b374-a5ed6975e96d b81e1998028545a3b6f2c38cae7035f1 ad5889d0256a493483d16a066b650057 - - default default] Successfully bumped revision number for resource 599c2162-fe75-4d59-b229-0b30064c1d87 (type: security_group_rules) to 0
2026-07-10 01:02:31.961 10 INFO neutron.db.ovn_revision_numbers_db [None req-18b03c3a-37cc-4528-b374-a5ed6975e96d b81e1998028545a3b6f2c38cae7035f1 ad5889d0256a493483d16a066b650057 - - default default] Successfully bumped revision number for resource a0ddc8f7-c3c5-4f22-9095-7f18c17bb8c0 (type: security_group_rules) to 0
2026-07-10 01:02:31.996 10 INFO neutron.api.wsgi [None req-18b03c3a-37cc-4528-b374-a5ed6975e96d b81e1998028545a3b6f2c38cae7035f1 ad5889d0256a493483d16a066b650057 - - default default] 10.0.0.54 "GET /v2.0/security-groups?tenant_id=95a262aa6797483681f80120c069c7b8&name=default HTTP/1.1" status: 200 len: 3120 time: 0.1916721
2026-07-10 01:02:32.007 9 INFO neutron.api.wsgi [req-2dc5d31d-4e53-4594-9c27-bb6ecaa1a4dd req-6a3e3c95-4675-4996-b9d5-1120f7e7983f 125d2bca70424ef9a0c707234182216f 92c6136b7d6745c38a15b7ddd9607148 - - default default] 199.204.45.53 "GET /v2.0/networks?id=e859962e-741f-42fc-a848-4ab0c27d4b62 HTTP/1.1" status: 200 len: 879 time: 0.0471740
2026-07-10 01:02:32.042 9 WARNING neutron.scheduler.dhcp_agent_scheduler [None req-7629f510-f262-4a1e-8add-ca981cf2291f 5b44f9e22a1245819b2e694534b0a0d0 c9a86e6638d549dbbc9fa2ca314d077a - - default default] No more DHCP agents
2026-07-10 01:02:32.043 9 WARNING neutron.api.rpc.agentnotifiers.dhcp_rpc_agent_api [None req-7629f510-f262-4a1e-8add-ca981cf2291f 5b44f9e22a1245819b2e694534b0a0d0 c9a86e6638d549dbbc9fa2ca314d077a - - default default] Unable to schedule network 1bf2b9e6-58e5-445a-89ff-a410f6d1c77a: no agents available; will retry on subsequent port and subnet creation events.
2026-07-10 01:02:32.054 9 INFO neutron.api.wsgi [req-2dc5d31d-4e53-4594-9c27-bb6ecaa1a4dd req-b0016edc-56ac-49f0-8fa5-f4a473babf58 125d2bca70424ef9a0c707234182216f 92c6136b7d6745c38a15b7ddd9607148 - - default default] 199.204.45.53 "GET /v2.0/security-groups?fields=id&fields=name&tenant_id=92c6136b7d6745c38a15b7ddd9607148 HTTP/1.1" status: 200 len: 380 time: 0.0404072
2026-07-10 01:02:32.063 9 WARNING neutron_lib.context [req-2dc5d31d-4e53-4594-9c27-bb6ecaa1a4dd req-0f6a6148-c6a1-4aac-b1b2-8194b1d5dcf1 125d2bca70424ef9a0c707234182216f 92c6136b7d6745c38a15b7ddd9607148 - - default default] Method 'is_advsvc' is deprecated since 2023.2 release (neutron-lib 3.8.0) and will be removed once support for the old RBAC API policies will be removed from Neutron. Please use method 'is_service_role' instead.
2026-07-10 01:02:32.076 9 INFO neutron.db.ovn_revision_numbers_db [None req-7629f510-f262-4a1e-8add-ca981cf2291f 5b44f9e22a1245819b2e694534b0a0d0 c9a86e6638d549dbbc9fa2ca314d077a - - default default] Successfully bumped revision number for resource 502619b0-473b-4055-b417-2b0bc0a18e73 (type: subnets) to 0
2026-07-10 01:02:32.080 10 INFO neutron.api.wsgi [req-50251861-69b2-43fe-a288-eb1ea9614e1e req-4639964b-40df-47d5-8c1c-e72f41327ec0 125d2bca70424ef9a0c707234182216f 92c6136b7d6745c38a15b7ddd9607148 - - default default] 10.0.0.51 "GET /v2.0/ports?device_id=c3b861c4-51d5-4996-903e-ae52b3c1ee13 HTTP/1.1" status: 200 len: 210 time: 0.0177777
2026-07-10 01:02:32.091 9 INFO neutron.api.wsgi [None req-7629f510-f262-4a1e-8add-ca981cf2291f 5b44f9e22a1245819b2e694534b0a0d0 c9a86e6638d549dbbc9fa2ca314d077a - - default default] 10.0.0.54 "POST /v2.0/subnets HTTP/1.1" status: 201 len: 845 time: 0.2351921
2026-07-10 01:02:32.229 10 INFO neutron.api.wsgi [None req-d2b1c5e5-e026-4886-9025-55c1ae017179 b81e1998028545a3b6f2c38cae7035f1 ad5889d0256a493483d16a066b650057 - - default default] 10.0.0.54 "DELETE /v2.0/security-groups/9505767a-e395-4a31-817e-9255fa5be5f5 HTTP/1.1" status: 204 len: 168 time: 0.2269812
2026-07-10 01:02:32.340 9 WARNING neutron.scheduler.dhcp_agent_scheduler [req-2dc5d31d-4e53-4594-9c27-bb6ecaa1a4dd req-0f6a6148-c6a1-4aac-b1b2-8194b1d5dcf1 125d2bca70424ef9a0c707234182216f 92c6136b7d6745c38a15b7ddd9607148 - - default default] No more DHCP agents
2026-07-10 01:02:32.341 9 WARNING neutron.api.rpc.agentnotifiers.dhcp_rpc_agent_api [req-2dc5d31d-4e53-4594-9c27-bb6ecaa1a4dd req-0f6a6148-c6a1-4aac-b1b2-8194b1d5dcf1 125d2bca70424ef9a0c707234182216f 92c6136b7d6745c38a15b7ddd9607148 - - default default] Unable to schedule network e859962e-741f-42fc-a848-4ab0c27d4b62: no agents available; will retry on subsequent port and subnet creation events.
2026-07-10 01:02:32.495 9 INFO neutron.db.ovn_revision_numbers_db [req-2dc5d31d-4e53-4594-9c27-bb6ecaa1a4dd req-0f6a6148-c6a1-4aac-b1b2-8194b1d5dcf1 125d2bca70424ef9a0c707234182216f 92c6136b7d6745c38a15b7ddd9607148 - - default default] Successfully bumped revision number for resource 2b89981e-a615-461d-9886-8213a16f4e60 (type: ports) to 1
2026-07-10 01:02:32.517 9 INFO neutron.api.wsgi [req-2dc5d31d-4e53-4594-9c27-bb6ecaa1a4dd req-0f6a6148-c6a1-4aac-b1b2-8194b1d5dcf1 125d2bca70424ef9a0c707234182216f 92c6136b7d6745c38a15b7ddd9607148 - - default default] 199.204.45.53 "POST /v2.0/ports HTTP/1.1" status: 201 len: 1158 time: 0.4582870 /var/lib/openstack/lib/python3.12/site-packages/pycadf/identifier.py:71: UserWarning: Invalid uuid: neutron. To ensure interoperability, identifiers should be a valid uuid. warnings.warn(('Invalid uuid: %s. To ensure interoperability, '
2026-07-10 01:02:32.686 10 INFO neutron.db.ovn_revision_numbers_db [None req-fe844911-4795-48d4-87db-03ac2d56f5c3 - - - - - -] Successfully bumped revision number for resource 7740b69c-0647-487d-9854-7645756a40f4 (type: ports) to 2
2026-07-10 01:02:32.723 10 INFO neutron.db.ovn_revision_numbers_db [None req-fe844911-4795-48d4-87db-03ac2d56f5c3 - - - - - -] Successfully bumped revision number for resource 502619b0-473b-4055-b417-2b0bc0a18e73 (type: subnets) to 1
2026-07-10 01:02:32.727 10 INFO neutron.api.wsgi [None req-657d011c-dd60-4d2e-8c4e-10727d4b9660 5b44f9e22a1245819b2e694534b0a0d0 c9a86e6638d549dbbc9fa2ca314d077a - - default default] 10.0.0.54 "PUT /v2.0/subnets/502619b0-473b-4055-b417-2b0bc0a18e73 HTTP/1.1" status: 200 len: 850 time: 0.6298904
2026-07-10 01:02:32.808 10 INFO neutron.api.wsgi [req-1648f3e8-dad8-4e82-a74b-83b8c0a214f8 req-3f2f57f1-0af9-4eca-a8bd-ac777f5c6777 6636b79a84ed4d128c6f4b4217900795 f23bfe5f9c0d486f9d14b9acba6511fc - - default default] 10.0.0.51 "GET /v2.0/ports?device_id=34613078-5361-4983-a310-98ce9b4ad27d HTTP/1.1" status: 200 len: 210 time: 0.0159395
2026-07-10 01:02:32.935 9 INFO neutron.db.ovn_revision_numbers_db [req-2dc5d31d-4e53-4594-9c27-bb6ecaa1a4dd req-26c5f56b-3d61-42fa-a30b-85355aec219e 024b6eb83cec478ca330b7ad67ed3935 21ec168f49c3452caaec72b7f2900559 - - 55386a1d57ec4b85801b7b529053a6af 55386a1d57ec4b85801b7b529053a6af] Successfully bumped revision number for resource 2b89981e-a615-461d-9886-8213a16f4e60 (type: ports) to 2
2026-07-10 01:02:33.159 9 INFO neutron.db.ovn_revision_numbers_db [req-2dc5d31d-4e53-4594-9c27-bb6ecaa1a4dd req-26c5f56b-3d61-42fa-a30b-85355aec219e 024b6eb83cec478ca330b7ad67ed3935 21ec168f49c3452caaec72b7f2900559 - - 55386a1d57ec4b85801b7b529053a6af 55386a1d57ec4b85801b7b529053a6af] Successfully bumped revision number for resource 2b89981e-a615-461d-9886-8213a16f4e60 (type: ports) to 4
2026-07-10 01:02:33.193 9 INFO neutron.api.wsgi [req-2dc5d31d-4e53-4594-9c27-bb6ecaa1a4dd req-26c5f56b-3d61-42fa-a30b-85355aec219e 024b6eb83cec478ca330b7ad67ed3935 21ec168f49c3452caaec72b7f2900559 - - 55386a1d57ec4b85801b7b529053a6af 55386a1d57ec4b85801b7b529053a6af] 199.204.45.53 "PUT /v2.0/ports/2b89981e-a615-461d-9886-8213a16f4e60 HTTP/1.1" status: 200 len: 1404 time: 0.6691165
2026-07-10 01:02:33.211 9 INFO neutron.services.segments.plugin [-] Segment cf42bb36-d053-4a15-839f-89d154f02f91 resource provider aggregate not found
2026-07-10 01:02:33.222 10 INFO neutron.api.wsgi [req-ca335b7b-4627-4579-a16a-7810702e8fb7 req-34916ea3-08c3-4160-aa2a-70da1b1cdbf3 125d2bca70424ef9a0c707234182216f 92c6136b7d6745c38a15b7ddd9607148 - - default default] 10.0.0.51 "GET /v2.0/ports?device_id=c3b861c4-51d5-4996-903e-ae52b3c1ee13 HTTP/1.1" status: 200 len: 1168 time: 0.0723808
2026-07-10 01:02:33.227 9 INFO neutron.services.segments.plugin [-] Segment cf42bb36-d053-4a15-839f-89d154f02f91 resource provider aggregate not found
2026-07-10 01:02:33.230 9 INFO neutron.services.segments.plugin [-] Segment cf42bb36-d053-4a15-839f-89d154f02f91 resource provider not found; error: Placement Client Error (4xx): {"errors": [{"status": 404, "title": "Not Found", "detail": "The resource could not be found.\n\n No resource provider with uuid cf42bb36-d053-4a15-839f-89d154f02f91 found for delete ", "request_id": "req-6cb72ba7-e55e-4f00-af9e-300dd68832d3"}]}
2026-07-10 01:02:33.237 9 INFO neutron.notifiers.nova [-] Nova event matching ['req-e2e6a9d4-1f88-4fd9-8695-d2761e5defe9'] response: {'name': 'network-changed', 'server_uuid': 'c3b861c4-51d5-4996-903e-ae52b3c1ee13', 'tag': '2b89981e-a615-461d-9886-8213a16f4e60', 'status': 'completed', 'code': 200}
2026-07-10 01:02:33.243 9 INFO neutron.api.wsgi [None req-c66a5eb5-7d03-4ff4-887c-505f0c292be2 5b44f9e22a1245819b2e694534b0a0d0 c9a86e6638d549dbbc9fa2ca314d077a - - default default] 10.0.0.54 "DELETE /v2.0/networks/1bf2b9e6-58e5-445a-89ff-a410f6d1c77a HTTP/1.1" status: 204 len: 168 time: 0.5109324
2026-07-10 01:02:33.243 9 INFO neutron.services.segments.plugin [-] Segment cf42bb36-d053-4a15-839f-89d154f02f91 resource provider not found; error: Placement Client Error (4xx): {"errors": [{"status": 404, "title": "Not Found", "detail": "The resource could not be found.\n\n No resource provider with uuid cf42bb36-d053-4a15-839f-89d154f02f91 found for delete ", "request_id": "req-96a81e3e-f968-4129-9449-2fa34d15f346"}]} /var/lib/openstack/lib/python3.12/site-packages/pycadf/identifier.py:71: UserWarning: Invalid uuid: neutron. To ensure interoperability, identifiers should be a valid uuid. warnings.warn(('Invalid uuid: %s. To ensure interoperability, '
2026-07-10 01:02:33.256 9 INFO neutron.pecan_wsgi.hooks.translation [None req-9368f9b7-5576-4464-96bc-a5301273f145 5b44f9e22a1245819b2e694534b0a0d0 c9a86e6638d549dbbc9fa2ca314d077a - - default default] DELETE failed (client error): The resource could not be found.
2026-07-10 01:02:33.257 10 INFO neutron.api.wsgi [req-ca335b7b-4627-4579-a16a-7810702e8fb7 req-480037f0-fc1a-46f2-a478-5571b094a4c0 125d2bca70424ef9a0c707234182216f 92c6136b7d6745c38a15b7ddd9607148 - - default default] 10.0.0.51 "GET /v2.0/security-groups?id=e89538f9-645b-49e5-95d7-dfcd47b7a59c&fields=id&fields=name HTTP/1.1" status: 200 len: 313 time: 0.0318246
2026-07-10 01:02:33.258 9 INFO neutron.api.wsgi [None req-9368f9b7-5576-4464-96bc-a5301273f145 5b44f9e22a1245819b2e694534b0a0d0 c9a86e6638d549dbbc9fa2ca314d077a - - default default] 10.0.0.54 "DELETE /v2.0/networks/1bf2b9e6-58e5-445a-89ff-a410f6d1c77a HTTP/1.1" status: 404 len: 339 time: 0.0107219
2026-07-10 01:02:33.314 9 INFO neutron.api.wsgi [None req-00b796f9-99e1-4d3c-b122-d8de859e1b23 5b44f9e22a1245819b2e694534b0a0d0 c9a86e6638d549dbbc9fa2ca314d077a - - default default] 10.0.0.54 "GET /v2.0/networks?router%3Aexternal=True HTTP/1.1" status: 200 len: 845 time: 0.0490603
2026-07-10 01:02:33.356 10 INFO neutron.api.wsgi [None req-ae25e10c-6c9c-464f-b81c-2288f580c243 5b44f9e22a1245819b2e694534b0a0d0 c9a86e6638d549dbbc9fa2ca314d077a - - default default] 10.0.0.54 "GET /v2.0/subnets?network_id=3bc58217-06a1-47e8-b7e9-00c2564b8f04 HTTP/1.1" status: 200 len: 843 time: 0.0365109
2026-07-10 01:02:33.365 10 INFO neutron.api.wsgi [None req-bb7bc6af-6c02-4133-ac2b-e2e9664a53f5 5b44f9e22a1245819b2e694534b0a0d0 c9a86e6638d549dbbc9fa2ca314d077a - - default default] 10.0.0.54 "GET /v2.0/extensions HTTP/1.1" status: 200 len: 19293 time: 0.0050502
2026-07-10 01:02:33.422 9 INFO neutron.api.wsgi [None req-e550ddb4-bed7-4f5d-874d-69681fac28a0 5b44f9e22a1245819b2e694534b0a0d0 c9a86e6638d549dbbc9fa2ca314d077a - - default default] 10.0.0.54 "GET /v2.0/networks HTTP/1.1" status: 200 len: 1508 time: 0.0508704
2026-07-10 01:02:33.454 9 INFO neutron.api.wsgi [None req-2d5cc6dc-a05a-4cf0-ab51-97d188f94021 5b44f9e22a1245819b2e694534b0a0d0 c9a86e6638d549dbbc9fa2ca314d077a - - default default] 10.0.0.54 "GET /v2.0/subnets HTTP/1.1" status: 200 len: 1507 time: 0.0275927
2026-07-10 01:02:33.504 9 INFO neutron.api.wsgi [None req-ac7bec9e-b74b-4cdd-b9ef-74c7c78527ff 5b44f9e22a1245819b2e694534b0a0d0 c9a86e6638d549dbbc9fa2ca314d077a - - default default] 10.0.0.54 "GET /v2.0/networks/d5307427-aa8d-4448-9053-9a713169f909 HTTP/1.1" status: 200 len: 867 time: 0.0438385
2026-07-10 01:02:33.535 9 INFO neutron.api.wsgi [None req-8d8b2103-b2f8-4dd9-aee6-e41a923bcce8 5b44f9e22a1245819b2e694534b0a0d0 c9a86e6638d549dbbc9fa2ca314d077a - - default default] 10.0.0.54 "GET /v2.0/subnets/c1136d9e-0713-40b4-8b4b-01f0d07620f8 HTTP/1.1" status: 200 len: 867 time: 0.0274529
2026-07-10 01:02:33.552 9 INFO neutron.pecan_wsgi.hooks.translation [None req-f6f40d27-dde8-4437-956c-e365cf4403cf 5b44f9e22a1245819b2e694534b0a0d0 c9a86e6638d549dbbc9fa2ca314d077a - - default default] DELETE failed (client error): The resource could not be found.
2026-07-10 01:02:33.554 9 INFO neutron.api.wsgi [None req-f6f40d27-dde8-4437-956c-e365cf4403cf 5b44f9e22a1245819b2e694534b0a0d0 c9a86e6638d549dbbc9fa2ca314d077a - - default default] 10.0.0.54 "DELETE /v2.0/subnets/502619b0-473b-4055-b417-2b0bc0a18e73 HTTP/1.1" status: 404 len: 337 time: 0.0128841
