2026-07-10 01:03:52.696 10 INFO neutron.db.ovn_revision_numbers_db [None req-66daa61b-9d6b-44ce-8a19-ef6acef9dc04 b81e1998028545a3b6f2c38cae7035f1 ad5889d0256a493483d16a066b650057 - - default default] Successfully bumped revision number for resource d4794eab-f272-4c4e-a731-e8990d916572 (type: security_groups) to 1
2026-07-10 01:03:52.725 10 INFO neutron.db.ovn_revision_numbers_db [None req-66daa61b-9d6b-44ce-8a19-ef6acef9dc04 b81e1998028545a3b6f2c38cae7035f1 ad5889d0256a493483d16a066b650057 - - default default] Successfully bumped revision number for resource 0c89df11-21d0-4271-b923-e815efca1c49 (type: security_group_rules) to 0
2026-07-10 01:03:52.737 10 INFO neutron.db.ovn_revision_numbers_db [None req-66daa61b-9d6b-44ce-8a19-ef6acef9dc04 b81e1998028545a3b6f2c38cae7035f1 ad5889d0256a493483d16a066b650057 - - default default] Successfully bumped revision number for resource 54c2692b-f96c-4339-8e27-656792d63965 (type: security_group_rules) to 0
2026-07-10 01:03:52.751 10 INFO neutron.db.ovn_revision_numbers_db [None req-66daa61b-9d6b-44ce-8a19-ef6acef9dc04 b81e1998028545a3b6f2c38cae7035f1 ad5889d0256a493483d16a066b650057 - - default default] Successfully bumped revision number for resource 9dc1354d-3fd2-4a1b-aae3-7aeb6fe34ae3 (type: security_group_rules) to 0
2026-07-10 01:03:52.761 10 INFO neutron.db.ovn_revision_numbers_db [None req-66daa61b-9d6b-44ce-8a19-ef6acef9dc04 b81e1998028545a3b6f2c38cae7035f1 ad5889d0256a493483d16a066b650057 - - default default] Successfully bumped revision number for resource e5fd5400-ca8c-43f1-a24c-24a4e19bd037 (type: security_group_rules) to 0
2026-07-10 01:03:52.807 9 INFO neutron.plugins.ml2.drivers.ovn.mech_driver.ovsdb.commands [None req-de63255e-ff54-45fb-a85d-533e169c62c5 - - - - - -] Schedule LRP lrp-3d645f67-def6-4c2f-ad85-e90d3f95c4aa on gateway e5929e1b-71c4-4d0f-851b-eddd482e630f with priority 1
2026-07-10 01:03:52.808 10 INFO neutron.api.wsgi [None req-66daa61b-9d6b-44ce-8a19-ef6acef9dc04 b81e1998028545a3b6f2c38cae7035f1 ad5889d0256a493483d16a066b650057 - - default default] 10.0.0.54 "GET /v2.0/security-groups?tenant_id=adbc68761a9546a4949d77977fc83aa6&name=default HTTP/1.1" status: 200 len: 3120 time: 0.2070186
2026-07-10 01:03:52.815 10 INFO neutron.plugins.ml2.drivers.ovn.mech_driver.mech_driver [None req-3836812a-e4db-41ef-86f9-3d88640caf07 - - - - - -] OVN reports status up for port: 3d645f67-def6-4c2f-ad85-e90d3f95c4aa
2026-07-10 01:03:52.830 10 INFO neutron.plugins.ml2.plugin [None req-3836812a-e4db-41ef-86f9-3d88640caf07 - - - - - -] Attempt 1 to provision port 3d645f67-def6-4c2f-ad85-e90d3f95c4aa
2026-07-10 01:03:52.848 9 INFO neutron.db.ovn_revision_numbers_db [None req-590f4978-4528-4a8a-854d-c7d25aba8bdd ec3880fa21b64264b2be6667eced1229 f09e5ad026754ab0ba44b2339de65e19 - - default default] Successfully bumped revision number for resource 3d645f67-def6-4c2f-ad85-e90d3f95c4aa (type: router_ports) to 1
2026-07-10 01:03:52.918 9 INFO neutron.db.ovn_revision_numbers_db [None req-590f4978-4528-4a8a-854d-c7d25aba8bdd ec3880fa21b64264b2be6667eced1229 f09e5ad026754ab0ba44b2339de65e19 - - default default] Successfully bumped revision number for resource 436d568b-0f86-47f7-8f99-fdf7e1f16b9e (type: routers) to 2
2026-07-10 01:03:52.941 9 INFO neutron.api.wsgi [None req-590f4978-4528-4a8a-854d-c7d25aba8bdd ec3880fa21b64264b2be6667eced1229 f09e5ad026754ab0ba44b2339de65e19 - - default default] 10.0.0.54 "POST /v2.0/routers HTTP/1.1" status: 201 len: 1154 time: 1.3141680
2026-07-10 01:03:53.048 10 INFO neutron.api.wsgi [None req-7f8aead1-26b3-4560-ab7b-e44ea8243240 b81e1998028545a3b6f2c38cae7035f1 ad5889d0256a493483d16a066b650057 - - default default] 10.0.0.54 "DELETE /v2.0/security-groups/d4794eab-f272-4c4e-a731-e8990d916572 HTTP/1.1" status: 204 len: 168 time: 0.2249560
2026-07-10 01:03:53.225 10 INFO neutron.api.wsgi [None req-9ce0e5a6-8edb-48da-9d65-262017159cde b81e1998028545a3b6f2c38cae7035f1 ad5889d0256a493483d16a066b650057 - - default default] 10.0.0.54 "GET /v2.0/security-groups?tenant_id=88ca2a501fc3417cb1cd52b3092f8d28&name=default HTTP/1.1" status: 200 len: 3120 time: 0.0386453
2026-07-10 01:03:53.444 9 INFO neutron.api.wsgi [-] 10.0.0.225 "GET / HTTP/1.1" status: 200 len: 246 time: 0.0014160
2026-07-10 01:03:53.445 10 INFO neutron.api.wsgi [-] 10.0.0.225 "GET / HTTP/1.1" status: 200 len: 246 time: 0.0021405
2026-07-10 01:03:53.463 10 INFO neutron.api.wsgi [None req-7459b122-d07d-4de5-adb4-ff288755caa6 b81e1998028545a3b6f2c38cae7035f1 ad5889d0256a493483d16a066b650057 - - default default] 10.0.0.54 "DELETE /v2.0/security-groups/4922f2e0-318f-453c-a5ac-0916fe07fec9 HTTP/1.1" status: 204 len: 168 time: 0.2330508
2026-07-10 01:03:53.520 9 WARNING neutron.scheduler.dhcp_agent_scheduler [None req-f3305d4d-b5ae-4834-a58e-7bf9c67a872b ec3880fa21b64264b2be6667eced1229 f09e5ad026754ab0ba44b2339de65e19 - - default default] No more DHCP agents
2026-07-10 01:03:53.522 9 WARNING neutron.api.rpc.agentnotifiers.dhcp_rpc_agent_api [None req-f3305d4d-b5ae-4834-a58e-7bf9c67a872b ec3880fa21b64264b2be6667eced1229 f09e5ad026754ab0ba44b2339de65e19 - - default default] Unable to schedule network 40463605-0763-48c8-8054-bcffbbe86781: no agents available; will retry on subsequent port and subnet creation events.
2026-07-10 01:03:53.652 9 INFO neutron.db.ovn_revision_numbers_db [None req-f3305d4d-b5ae-4834-a58e-7bf9c67a872b ec3880fa21b64264b2be6667eced1229 f09e5ad026754ab0ba44b2339de65e19 - - default default] Successfully bumped revision number for resource 000d0fac-7925-4880-babe-4cbac83605bd (type: ports) to 1
2026-07-10 01:03:54.308 9 INFO neutron.db.ovn_revision_numbers_db [None req-f3305d4d-b5ae-4834-a58e-7bf9c67a872b ec3880fa21b64264b2be6667eced1229 f09e5ad026754ab0ba44b2339de65e19 - - default default] Successfully bumped revision number for resource 000d0fac-7925-4880-babe-4cbac83605bd (type: ports) to 1
2026-07-10 01:03:54.353 9 WARNING neutron.scheduler.dhcp_agent_scheduler [None req-f3305d4d-b5ae-4834-a58e-7bf9c67a872b ec3880fa21b64264b2be6667eced1229 f09e5ad026754ab0ba44b2339de65e19 - - default default] No more DHCP agents
2026-07-10 01:03:54.354 9 WARNING neutron.api.rpc.agentnotifiers.dhcp_rpc_agent_api [None req-f3305d4d-b5ae-4834-a58e-7bf9c67a872b ec3880fa21b64264b2be6667eced1229 f09e5ad026754ab0ba44b2339de65e19 - - default default] Unable to schedule network 40463605-0763-48c8-8054-bcffbbe86781: no agents available; will retry on subsequent port and subnet creation events.
2026-07-10 01:03:54.695 9 INFO neutron.db.ovn_revision_numbers_db [None req-f3305d4d-b5ae-4834-a58e-7bf9c67a872b ec3880fa21b64264b2be6667eced1229 f09e5ad026754ab0ba44b2339de65e19 - - default default] Successfully bumped revision number for resource 000d0fac-7925-4880-babe-4cbac83605bd (type: router_ports) to 1
2026-07-10 01:03:54.701 9 INFO neutron.api.wsgi [None req-f3305d4d-b5ae-4834-a58e-7bf9c67a872b ec3880fa21b64264b2be6667eced1229 f09e5ad026754ab0ba44b2339de65e19 - - default default] 10.0.0.54 "PUT /v2.0/routers/436d568b-0f86-47f7-8f99-fdf7e1f16b9e/add_router_interface HTTP/1.1" status: 200 len: 503 time: 1.7549956
2026-07-10 01:03:54.710 9 WARNING neutron_lib.context [None req-1f02dc05-0656-4a9e-826f-d4e5b4028114 ec3880fa21b64264b2be6667eced1229 f09e5ad026754ab0ba44b2339de65e19 - - default default] Method 'is_advsvc' is deprecated since 2023.2 release (neutron-lib 3.8.0) and will be removed once support for the old RBAC API policies will be removed from Neutron. Please use method 'is_service_role' instead.
2026-07-10 01:03:54.845 10 INFO neutron.db.ovn_revision_numbers_db [None req-fa0ca9e9-012d-43b9-a7ae-8714067edb32 b81e1998028545a3b6f2c38cae7035f1 ad5889d0256a493483d16a066b650057 - - default default] Successfully bumped revision number for resource 2729b773-f288-473f-a450-adb6721adeb0 (type: security_groups) to 1
2026-07-10 01:03:54.859 10 INFO neutron.db.ovn_revision_numbers_db [None req-fa0ca9e9-012d-43b9-a7ae-8714067edb32 b81e1998028545a3b6f2c38cae7035f1 ad5889d0256a493483d16a066b650057 - - default default] Successfully bumped revision number for resource 22c7f1e4-dddf-4b41-8f41-b33d09e0aaba (type: security_group_rules) to 0
2026-07-10 01:03:54.871 10 INFO neutron.db.ovn_revision_numbers_db [None req-fa0ca9e9-012d-43b9-a7ae-8714067edb32 b81e1998028545a3b6f2c38cae7035f1 ad5889d0256a493483d16a066b650057 - - default default] Successfully bumped revision number for resource 6806ce0b-b690-4949-8cb7-b3a4248e9a63 (type: security_group_rules) to 0
2026-07-10 01:03:54.880 10 INFO neutron.db.ovn_revision_numbers_db [None req-fa0ca9e9-012d-43b9-a7ae-8714067edb32 b81e1998028545a3b6f2c38cae7035f1 ad5889d0256a493483d16a066b650057 - - default default] Successfully bumped revision number for resource ed9dd3d0-57f8-4a3b-a6cb-401824fbc6c1 (type: security_group_rules) to 0
2026-07-10 01:03:54.892 10 INFO neutron.db.ovn_revision_numbers_db [None req-fa0ca9e9-012d-43b9-a7ae-8714067edb32 b81e1998028545a3b6f2c38cae7035f1 ad5889d0256a493483d16a066b650057 - - default default] Successfully bumped revision number for resource f6bda847-861b-4441-b212-c686fcb732ea (type: security_group_rules) to 0
2026-07-10 01:03:54.928 10 INFO neutron.api.wsgi [None req-fa0ca9e9-012d-43b9-a7ae-8714067edb32 b81e1998028545a3b6f2c38cae7035f1 ad5889d0256a493483d16a066b650057 - - default default] 10.0.0.54 "GET /v2.0/security-groups?tenant_id=94afa826991849b9b7a19783b9e5d838&name=default HTTP/1.1" status: 200 len: 3120 time: 0.3619654
2026-07-10 01:03:54.997 9 WARNING neutron.scheduler.dhcp_agent_scheduler [None req-1f02dc05-0656-4a9e-826f-d4e5b4028114 ec3880fa21b64264b2be6667eced1229 f09e5ad026754ab0ba44b2339de65e19 - - default default] No more DHCP agents
2026-07-10 01:03:54.998 9 WARNING neutron.api.rpc.agentnotifiers.dhcp_rpc_agent_api [None req-1f02dc05-0656-4a9e-826f-d4e5b4028114 ec3880fa21b64264b2be6667eced1229 f09e5ad026754ab0ba44b2339de65e19 - - default default] Unable to schedule network 40463605-0763-48c8-8054-bcffbbe86781: no agents available; will retry on subsequent port and subnet creation events.
2026-07-10 01:03:55.109 9 INFO neutron.db.ovn_revision_numbers_db [None req-1f02dc05-0656-4a9e-826f-d4e5b4028114 ec3880fa21b64264b2be6667eced1229 f09e5ad026754ab0ba44b2339de65e19 - - default default] Successfully bumped revision number for resource e1517b28-4f21-4e05-a294-7223d77edcae (type: ports) to 1
2026-07-10 01:03:55.131 10 INFO neutron.api.wsgi [None req-db6b30a9-e52f-4288-a9d6-07d4d51b00f4 b81e1998028545a3b6f2c38cae7035f1 ad5889d0256a493483d16a066b650057 - - default default] 10.0.0.54 "DELETE /v2.0/security-groups/2729b773-f288-473f-a450-adb6721adeb0 HTTP/1.1" status: 204 len: 168 time: 0.1968799
2026-07-10 01:03:55.138 9 INFO neutron.api.wsgi [None req-1f02dc05-0656-4a9e-826f-d4e5b4028114 ec3880fa21b64264b2be6667eced1229 f09e5ad026754ab0ba44b2339de65e19 - - default default] 10.0.0.54 "POST /v2.0/ports HTTP/1.1" status: 201 len: 1154 time: 0.4311874
2026-07-10 01:03:55.145 10 WARNING neutron_lib.context [None req-aeaf87ba-5d0b-4ea7-b13d-c317befeb927 ec3880fa21b64264b2be6667eced1229 f09e5ad026754ab0ba44b2339de65e19 - - default default] Method 'is_advsvc' is deprecated since 2023.2 release (neutron-lib 3.8.0) and will be removed once support for the old RBAC API policies will be removed from Neutron. Please use method 'is_service_role' instead.
2026-07-10 01:03:55.450 10 WARNING neutron.scheduler.dhcp_agent_scheduler [None req-aeaf87ba-5d0b-4ea7-b13d-c317befeb927 ec3880fa21b64264b2be6667eced1229 f09e5ad026754ab0ba44b2339de65e19 - - default default] No more DHCP agents
2026-07-10 01:03:55.452 10 WARNING neutron.api.rpc.agentnotifiers.dhcp_rpc_agent_api [None req-aeaf87ba-5d0b-4ea7-b13d-c317befeb927 ec3880fa21b64264b2be6667eced1229 f09e5ad026754ab0ba44b2339de65e19 - - default default] Unable to schedule network 40463605-0763-48c8-8054-bcffbbe86781: no agents available; will retry on subsequent port and subnet creation events.
2026-07-10 01:03:55.575 10 INFO neutron.db.ovn_revision_numbers_db [None req-aeaf87ba-5d0b-4ea7-b13d-c317befeb927 ec3880fa21b64264b2be6667eced1229 f09e5ad026754ab0ba44b2339de65e19 - - default default] Successfully bumped revision number for resource ba2cce1a-171f-42c3-97d5-510fe6574eb4 (type: ports) to 1
2026-07-10 01:03:55.597 10 INFO neutron.api.wsgi [None req-aeaf87ba-5d0b-4ea7-b13d-c317befeb927 ec3880fa21b64264b2be6667eced1229 f09e5ad026754ab0ba44b2339de65e19 - - default default] 10.0.0.54 "POST /v2.0/ports HTTP/1.1" status: 201 len: 1153 time: 0.4559400 /var/lib/openstack/lib/python3.12/site-packages/pycadf/identifier.py:71: UserWarning: Invalid uuid: neutron. To ensure interoperability, identifiers should be a valid uuid. warnings.warn(('Invalid uuid: %s. To ensure interoperability, '
2026-07-10 01:03:55.607 10 WARNING neutron_lib.context [None req-ba05a640-f161-4423-8904-1a9f344f9c8b ec3880fa21b64264b2be6667eced1229 f09e5ad026754ab0ba44b2339de65e19 - - default default] Method 'is_advsvc' is deprecated since 2023.2 release (neutron-lib 3.8.0) and will be removed once support for the old RBAC API policies will be removed from Neutron. Please use method 'is_service_role' instead.
2026-07-10 01:03:55.833 10 WARNING neutron.scheduler.dhcp_agent_scheduler [None req-ba05a640-f161-4423-8904-1a9f344f9c8b ec3880fa21b64264b2be6667eced1229 f09e5ad026754ab0ba44b2339de65e19 - - default default] No more DHCP agents
2026-07-10 01:03:55.835 10 WARNING neutron.api.rpc.agentnotifiers.dhcp_rpc_agent_api [None req-ba05a640-f161-4423-8904-1a9f344f9c8b ec3880fa21b64264b2be6667eced1229 f09e5ad026754ab0ba44b2339de65e19 - - default default] Unable to schedule network 3bc58217-06a1-47e8-b7e9-00c2564b8f04: no agents available; will retry on subsequent port and subnet creation events.
2026-07-10 01:03:56.451 10 INFO neutron.db.ovn_revision_numbers_db [None req-ba05a640-f161-4423-8904-1a9f344f9c8b ec3880fa21b64264b2be6667eced1229 f09e5ad026754ab0ba44b2339de65e19 - - default default] Successfully bumped revision number for resource 4cf81eac-acb6-41e8-8c6c-bbd31ae66f44 (type: floatingips) to -1
2026-07-10 01:03:56.562 10 INFO neutron.db.ovn_revision_numbers_db [None req-ba05a640-f161-4423-8904-1a9f344f9c8b ec3880fa21b64264b2be6667eced1229 f09e5ad026754ab0ba44b2339de65e19 - - default default] Successfully bumped revision number for resource 4cf81eac-acb6-41e8-8c6c-bbd31ae66f44 (type: floatingips) to 1
2026-07-10 01:03:56.563 10 INFO neutron.db.l3_db [None req-ba05a640-f161-4423-8904-1a9f344f9c8b ec3880fa21b64264b2be6667eced1229 f09e5ad026754ab0ba44b2339de65e19 - - default default] Floating IP 4cf81eac-acb6-41e8-8c6c-bbd31ae66f44 associated. External IP: 10.96.250.205, port: ba2cce1a-171f-42c3-97d5-510fe6574eb4.
2026-07-10 01:03:56.598 10 INFO neutron.api.wsgi [None req-ba05a640-f161-4423-8904-1a9f344f9c8b ec3880fa21b64264b2be6667eced1229 f09e5ad026754ab0ba44b2339de65e19 - - default default] 10.0.0.54 "POST /v2.0/floatingips HTTP/1.1" status: 201 len: 1040 time: 0.9942925
2026-07-10 01:03:56.745 10 INFO neutron.db.ovn_revision_numbers_db [None req-5435a796-6990-443d-aea5-a0ed4eacc538 ec3880fa21b64264b2be6667eced1229 f09e5ad026754ab0ba44b2339de65e19 - - default default] Successfully bumped revision number for resource 4cf81eac-acb6-41e8-8c6c-bbd31ae66f44 (type: floatingips) to 2
2026-07-10 01:03:56.795 10 INFO neutron.db.l3_db [None req-5435a796-6990-443d-aea5-a0ed4eacc538 ec3880fa21b64264b2be6667eced1229 f09e5ad026754ab0ba44b2339de65e19 - - default default] Floating IP 4cf81eac-acb6-41e8-8c6c-bbd31ae66f44 disassociated. External IP: 10.96.250.205, port: ba2cce1a-171f-42c3-97d5-510fe6574eb4.
2026-07-10 01:03:56.822 10 INFO neutron.api.wsgi [None req-5435a796-6990-443d-aea5-a0ed4eacc538 ec3880fa21b64264b2be6667eced1229 f09e5ad026754ab0ba44b2339de65e19 - - default default] 10.0.0.54 "PUT /v2.0/floatingips/4cf81eac-acb6-41e8-8c6c-bbd31ae66f44 HTTP/1.1" status: 200 len: 748 time: 0.2196343
2026-07-10 01:03:57.102 10 INFO neutron.api.wsgi [None req-c8250920-98b0-4409-9821-9b1837a10ee1 ec3880fa21b64264b2be6667eced1229 f09e5ad026754ab0ba44b2339de65e19 - - default default] 10.0.0.54 "DELETE /v2.0/floatingips/4cf81eac-acb6-41e8-8c6c-bbd31ae66f44 HTTP/1.1" status: 204 len: 168 time: 0.2753625
2026-07-10 01:03:57.116 10 WARNING neutron_lib.context [None req-388aea4c-49cb-46a4-856c-d9f243d827b9 ec3880fa21b64264b2be6667eced1229 f09e5ad026754ab0ba44b2339de65e19 - - default default] Method 'is_advsvc' is deprecated since 2023.2 release (neutron-lib 3.8.0) and will be removed once support for the old RBAC API policies will be removed from Neutron. Please use method 'is_service_role' instead.
2026-07-10 01:03:57.322 10 WARNING neutron.scheduler.dhcp_agent_scheduler [None req-388aea4c-49cb-46a4-856c-d9f243d827b9 ec3880fa21b64264b2be6667eced1229 f09e5ad026754ab0ba44b2339de65e19 - - default default] No more DHCP agents
2026-07-10 01:03:57.323 10 WARNING neutron.api.rpc.agentnotifiers.dhcp_rpc_agent_api [None req-388aea4c-49cb-46a4-856c-d9f243d827b9 ec3880fa21b64264b2be6667eced1229 f09e5ad026754ab0ba44b2339de65e19 - - default default] Unable to schedule network 3bc58217-06a1-47e8-b7e9-00c2564b8f04: no agents available; will retry on subsequent port and subnet creation events.
2026-07-10 01:03:57.717 10 WARNING neutron_lib.context [None req-53d702f1-4b49-405d-9b9a-4ce03213408b c7ff6f83464941feb21700cc41fceb8b f2e96c27e6024ffaa38853c87de41d2a - - default default] Method 'is_advsvc' is deprecated since 2023.2 release (neutron-lib 3.8.0) and will be removed once support for the old RBAC API policies will be removed from Neutron. Please use method 'is_service_role' instead.
2026-07-10 01:03:57.779 10 INFO neutron.api.wsgi [None req-53d702f1-4b49-405d-9b9a-4ce03213408b c7ff6f83464941feb21700cc41fceb8b f2e96c27e6024ffaa38853c87de41d2a - - default default] 10.0.0.54 "POST /v2.0/subnetpools HTTP/1.1" status: 201 len: 715 time: 0.2081850 /var/lib/openstack/lib/python3.12/site-packages/pycadf/identifier.py:71: UserWarning: Invalid uuid: neutron. To ensure interoperability, identifiers should be a valid uuid. warnings.warn(('Invalid uuid: %s. To ensure interoperability, '
2026-07-10 01:03:57.792 9 WARNING neutron_lib.context [None req-b4a9113d-97ea-4c8d-8f33-be974279408f c7ff6f83464941feb21700cc41fceb8b f2e96c27e6024ffaa38853c87de41d2a - - default default] Method 'is_advsvc' is deprecated since 2023.2 release (neutron-lib 3.8.0) and will be removed once support for the old RBAC API policies will be removed from Neutron. Please use method 'is_service_role' instead.
2026-07-10 01:03:57.840 9 INFO neutron.api.wsgi [None req-b4a9113d-97ea-4c8d-8f33-be974279408f c7ff6f83464941feb21700cc41fceb8b f2e96c27e6024ffaa38853c87de41d2a - - default default] 10.0.0.54 "POST /v2.0/subnetpools HTTP/1.1" status: 201 len: 715 time: 0.0531847
2026-07-10 01:03:57.848 9 WARNING neutron_lib.context [None req-b8415283-525b-449c-9e4d-a0f64b135184 c7ff6f83464941feb21700cc41fceb8b f2e96c27e6024ffaa38853c87de41d2a - - default default] Method 'is_advsvc' is deprecated since 2023.2 release (neutron-lib 3.8.0) and will be removed once support for the old RBAC API policies will be removed from Neutron. Please use method 'is_service_role' instead.
2026-07-10 01:03:57.889 10 INFO neutron.db.ovn_revision_numbers_db [None req-388aea4c-49cb-46a4-856c-d9f243d827b9 ec3880fa21b64264b2be6667eced1229 f09e5ad026754ab0ba44b2339de65e19 - - default default] Successfully bumped revision number for resource 6c20d222-a13e-4e01-b2c3-59789a714e32 (type: floatingips) to -1
2026-07-10 01:03:57.920 9 INFO neutron.api.wsgi [None req-b8415283-525b-449c-9e4d-a0f64b135184 c7ff6f83464941feb21700cc41fceb8b f2e96c27e6024ffaa38853c87de41d2a - - default default] 10.0.0.54 "POST /v2.0/subnetpools HTTP/1.1" status: 201 len: 715 time: 0.0763848
2026-07-10 01:03:57.942 10 WARNING neutron_lib.context [None req-c8a4631e-c468-41dd-acd6-cea2d8f7cb1c c7ff6f83464941feb21700cc41fceb8b f2e96c27e6024ffaa38853c87de41d2a - - default default] Method 'is_advsvc' is deprecated since 2023.2 release (neutron-lib 3.8.0) and will be removed once support for the old RBAC API policies will be removed from Neutron. Please use method 'is_service_role' instead.
2026-07-10 01:03:58.011 10 INFO neutron.api.wsgi [None req-c8a4631e-c468-41dd-acd6-cea2d8f7cb1c c7ff6f83464941feb21700cc41fceb8b f2e96c27e6024ffaa38853c87de41d2a - - default default] 10.0.0.54 "POST /v2.0/subnetpools HTTP/1.1" status: 201 len: 715 time: 0.0835915
2026-07-10 01:03:58.022 10 WARNING neutron_lib.context [None req-b3fee945-59a5-4e84-b67d-c89078cd867e c7ff6f83464941feb21700cc41fceb8b f2e96c27e6024ffaa38853c87de41d2a - - default default] Method 'is_advsvc' is deprecated since 2023.2 release (neutron-lib 3.8.0) and will be removed once support for the old RBAC API policies will be removed from Neutron. Please use method 'is_service_role' instead.
2026-07-10 01:03:58.035 10 INFO neutron.db.ovn_revision_numbers_db [None req-388aea4c-49cb-46a4-856c-d9f243d827b9 ec3880fa21b64264b2be6667eced1229 f09e5ad026754ab0ba44b2339de65e19 - - default default] Successfully bumped revision number for resource 6c20d222-a13e-4e01-b2c3-59789a714e32 (type: floatingips) to 1
2026-07-10 01:03:58.036 10 INFO neutron.db.l3_db [None req-388aea4c-49cb-46a4-856c-d9f243d827b9 ec3880fa21b64264b2be6667eced1229 f09e5ad026754ab0ba44b2339de65e19 - - default default] Floating IP 6c20d222-a13e-4e01-b2c3-59789a714e32 associated. External IP: 10.96.250.207, port: e1517b28-4f21-4e05-a294-7223d77edcae.
2026-07-10 01:03:58.068 10 INFO neutron.api.wsgi [None req-388aea4c-49cb-46a4-856c-d9f243d827b9 ec3880fa21b64264b2be6667eced1229 f09e5ad026754ab0ba44b2339de65e19 - - default default] 10.0.0.54 "POST /v2.0/floatingips HTTP/1.1" status: 201 len: 1041 time: 0.9580302
2026-07-10 01:03:58.072 10 INFO neutron.api.wsgi [None req-b3fee945-59a5-4e84-b67d-c89078cd867e c7ff6f83464941feb21700cc41fceb8b f2e96c27e6024ffaa38853c87de41d2a - - default default] 10.0.0.54 "POST /v2.0/subnetpools HTTP/1.1" status: 201 len: 715 time: 0.0545936
2026-07-10 01:03:58.114 10 INFO neutron.api.wsgi [None req-91d0579c-5e16-450a-af9a-dce1e58e7c28 c7ff6f83464941feb21700cc41fceb8b f2e96c27e6024ffaa38853c87de41d2a - - default default] 10.0.0.54 "PUT /v2.0/subnetpools/25f2d180-1692-4706-aa14-f69ac0c62f5b/tags HTTP/1.1" status: 200 len: 210 time: 0.0377007
2026-07-10 01:03:58.118 10 INFO neutron.api.wsgi [None req-4ad214a2-c5b0-4210-84f1-7eed2d051253 ec3880fa21b64264b2be6667eced1229 f09e5ad026754ab0ba44b2339de65e19 - - default default] 10.0.0.54 "GET /v2.0/floatingips/6c20d222-a13e-4e01-b2c3-59789a714e32 HTTP/1.1" status: 200 len: 1038 time: 0.0450063 /var/lib/openstack/lib/python3.12/site-packages/pycadf/identifier.py:71: UserWarning: Invalid uuid: neutron. To ensure interoperability, identifiers should be a valid uuid. warnings.warn(('Invalid uuid: %s. To ensure interoperability, '
2026-07-10 01:03:58.157 9 INFO neutron.api.wsgi [None req-97ebee31-417a-4fd6-bf12-dc1a6e43ae11 c7ff6f83464941feb21700cc41fceb8b f2e96c27e6024ffaa38853c87de41d2a - - default default] 10.0.0.54 "PUT /v2.0/subnetpools/b7f2545a-437f-444c-a929-92e7d0dd1e02/tags HTTP/1.1" status: 200 len: 218 time: 0.0381463
2026-07-10 01:03:58.186 10 INFO neutron.api.wsgi [None req-62454f70-b9d9-44a1-8136-d7d9001af29b ec3880fa21b64264b2be6667eced1229 f09e5ad026754ab0ba44b2339de65e19 - - default default] 10.0.0.54 "GET /v2.0/floatingips HTTP/1.1" status: 200 len: 1041 time: 0.0594411
2026-07-10 01:03:58.193 9 INFO neutron.api.wsgi [None req-87697563-20ab-41af-b80d-cd1ace5a573f c7ff6f83464941feb21700cc41fceb8b f2e96c27e6024ffaa38853c87de41d2a - - default default] 10.0.0.54 "PUT /v2.0/subnetpools/af7dc5aa-c6ee-495b-afd4-ed365c49b5a8/tags HTTP/1.1" status: 200 len: 227 time: 0.0314610
2026-07-10 01:03:58.228 10 INFO neutron.api.wsgi [None req-0a48ae37-7bd9-4f72-8871-85b6106f54aa c7ff6f83464941feb21700cc41fceb8b f2e96c27e6024ffaa38853c87de41d2a - - default default] 10.0.0.54 "PUT /v2.0/subnetpools/93e84590-d7c1-4e07-9e68-1c7d1a7ffd40/tags HTTP/1.1" status: 200 len: 212 time: 0.0318913
2026-07-10 01:03:58.264 9 INFO neutron.api.wsgi [None req-d912aa61-f477-42cb-8d85-8d66431b7df7 c7ff6f83464941feb21700cc41fceb8b f2e96c27e6024ffaa38853c87de41d2a - - default default] 10.0.0.54 "GET /v2.0/subnetpools?tags=red HTTP/1.1" status: 200 len: 1758 time: 0.0293348
2026-07-10 01:03:58.289 9 INFO neutron.api.wsgi [None req-c88c692d-d463-4330-a51b-5082abb53b91 c7ff6f83464941feb21700cc41fceb8b f2e96c27e6024ffaa38853c87de41d2a - - default default] 10.0.0.54 "GET /v2.0/subnetpools?tags=red%2Cblue HTTP/1.1" status: 200 len: 1251 time: 0.0200717
2026-07-10 01:03:58.311 9 INFO neutron.api.wsgi [None req-424d17a8-5d43-4cec-8655-64760207e672 c7ff6f83464941feb21700cc41fceb8b f2e96c27e6024ffaa38853c87de41d2a - - default default] 10.0.0.54 "GET /v2.0/subnetpools?tags-any=blue HTTP/1.1" status: 200 len: 1251 time: 0.0187259
2026-07-10 01:03:58.351 9 INFO neutron.api.wsgi [None req-ffb59d20-b537-4b4e-8d9d-e0b103ac3c5a c7ff6f83464941feb21700cc41fceb8b f2e96c27e6024ffaa38853c87de41d2a - - default default] 10.0.0.54 "GET /v2.0/subnetpools?tags-any=red%2Cblue HTTP/1.1" status: 200 len: 1758 time: 0.0337596
2026-07-10 01:03:58.378 9 INFO neutron.api.wsgi [None req-15e581e3-cb7b-4c5d-b042-6527f0cd7d85 c7ff6f83464941feb21700cc41fceb8b f2e96c27e6024ffaa38853c87de41d2a - - default default] 10.0.0.54 "GET /v2.0/subnetpools?not-tags=red HTTP/1.1" status: 200 len: 1223 time: 0.0233595
2026-07-10 01:03:58.412 9 INFO neutron.api.wsgi [None req-0c4fa1ff-ce2e-4f0d-b71e-3f7767fd10e0 c7ff6f83464941feb21700cc41fceb8b f2e96c27e6024ffaa38853c87de41d2a - - default default] 10.0.0.54 "GET /v2.0/subnetpools?not-tags=red%2Cblue HTTP/1.1" status: 200 len: 1730 time: 0.0294478
2026-07-10 01:03:58.414 10 WARNING neutron.plugins.ml2.drivers.ovn.mech_driver.ovsdb.ovn_client [None req-3836812a-e4db-41ef-86f9-3d88640caf07 - - - - - -] No hosting information found for port 3d645f67-def6-4c2f-ad85-e90d3f95c4aa: RuntimeError: No hosting information found for port 3d645f67-def6-4c2f-ad85-e90d3f95c4aa
2026-07-10 01:03:58.415 10 INFO neutron.plugins.ml2.drivers.ovn.mech_driver.mech_driver [None req-3836812a-e4db-41ef-86f9-3d88640caf07 - - - - - -] OVN reports status up for port: 000d0fac-7925-4880-babe-4cbac83605bd
2026-07-10 01:03:58.422 10 INFO neutron.plugins.ml2.plugin [None req-3836812a-e4db-41ef-86f9-3d88640caf07 - - - - - -] Attempt 1 to provision port 000d0fac-7925-4880-babe-4cbac83605bd
2026-07-10 01:03:58.878 9 INFO neutron.api.wsgi [None req-eff54108-b936-409d-b7d3-1da34653d948 c7ff6f83464941feb21700cc41fceb8b f2e96c27e6024ffaa38853c87de41d2a - - default default] 10.0.0.54 "GET /v2.0/subnetpools?not-tags-any=blue HTTP/1.1" status: 200 len: 1730 time: 0.4600425
2026-07-10 01:03:58.938 10 INFO neutron.db.ovn_revision_numbers_db [None req-6bb8a110-7acc-4d59-ae86-daebe232f353 ec3880fa21b64264b2be6667eced1229 f09e5ad026754ab0ba44b2339de65e19 - - default default] Successfully bumped revision number for resource 6c20d222-a13e-4e01-b2c3-59789a714e32 (type: floatingips) to 2
2026-07-10 01:03:58.938 9 INFO neutron.api.wsgi [None req-e43285bb-1c0f-4db3-a7cc-cd5f142bf817 c7ff6f83464941feb21700cc41fceb8b f2e96c27e6024ffaa38853c87de41d2a - - default default] 10.0.0.54 "GET /v2.0/subnetpools?not-tags-any=red%2Cblue HTTP/1.1" status: 200 len: 1223 time: 0.0563347 /var/lib/openstack/lib/python3.12/site-packages/pycadf/identifier.py:71: UserWarning: Invalid uuid: neutron. To ensure interoperability, identifiers should be a valid uuid. warnings.warn(('Invalid uuid: %s. To ensure interoperability, '
2026-07-10 01:03:59.039 9 INFO neutron.api.wsgi [None req-6315caf9-6349-4206-95b4-814aeb5b8072 c7ff6f83464941feb21700cc41fceb8b f2e96c27e6024ffaa38853c87de41d2a - - default default] 10.0.0.54 "DELETE /v2.0/subnetpools/25f2d180-1692-4706-aa14-f69ac0c62f5b HTTP/1.1" status: 204 len: 168 time: 0.0927477
2026-07-10 01:03:59.096 9 INFO neutron.api.wsgi [None req-26268535-491a-4be3-b5a1-cee845ce471e c7ff6f83464941feb21700cc41fceb8b f2e96c27e6024ffaa38853c87de41d2a - - default default] 10.0.0.54 "DELETE /v2.0/subnetpools/b7f2545a-437f-444c-a929-92e7d0dd1e02 HTTP/1.1" status: 204 len: 168 time: 0.0464673
2026-07-10 01:03:59.105 10 INFO neutron.db.ovn_revision_numbers_db [None req-6bb8a110-7acc-4d59-ae86-daebe232f353 ec3880fa21b64264b2be6667eced1229 f09e5ad026754ab0ba44b2339de65e19 - - default default] Successfully bumped revision number for resource 6c20d222-a13e-4e01-b2c3-59789a714e32 (type: floatingips) to 2
2026-07-10 01:03:59.105 10 INFO neutron.db.l3_db [None req-6bb8a110-7acc-4d59-ae86-daebe232f353 ec3880fa21b64264b2be6667eced1229 f09e5ad026754ab0ba44b2339de65e19 - - default default] Floating IP 6c20d222-a13e-4e01-b2c3-59789a714e32 associated. External IP: 10.96.250.207, port: e1517b28-4f21-4e05-a294-7223d77edcae.
2026-07-10 01:03:59.142 9 INFO neutron.api.wsgi [None req-b8bca42f-bb8d-4171-abaf-dd420b506d2d c7ff6f83464941feb21700cc41fceb8b f2e96c27e6024ffaa38853c87de41d2a - - default default] 10.0.0.54 "DELETE /v2.0/subnetpools/af7dc5aa-c6ee-495b-afd4-ed365c49b5a8 HTTP/1.1" status: 204 len: 168 time: 0.0413077
2026-07-10 01:03:59.165 10 INFO neutron.api.wsgi [None req-6bb8a110-7acc-4d59-ae86-daebe232f353 ec3880fa21b64264b2be6667eced1229 f09e5ad026754ab0ba44b2339de65e19 - - default default] 10.0.0.54 "PUT /v2.0/floatingips/6c20d222-a13e-4e01-b2c3-59789a714e32 HTTP/1.1" status: 200 len: 1037 time: 0.9749465
2026-07-10 01:03:59.174 10 INFO neutron.db.ovn_revision_numbers_db [None req-3836812a-e4db-41ef-86f9-3d88640caf07 - - - - - -] Successfully bumped revision number for resource 000d0fac-7925-4880-babe-4cbac83605bd (type: ports) to 2
2026-07-10 01:03:59.193 9 INFO neutron.api.wsgi [None req-d2560c1a-da10-41ee-8ed1-75f63a8ee45a c7ff6f83464941feb21700cc41fceb8b f2e96c27e6024ffaa38853c87de41d2a - - default default] 10.0.0.54 "DELETE /v2.0/subnetpools/93e84590-d7c1-4e07-9e68-1c7d1a7ffd40 HTTP/1.1" status: 204 len: 168 time: 0.0461173
2026-07-10 01:03:59.241 9 INFO neutron.api.wsgi [None req-beb1c5e8-6ca2-4382-b47e-b0904f37acad c7ff6f83464941feb21700cc41fceb8b f2e96c27e6024ffaa38853c87de41d2a - - default default] 10.0.0.54 "DELETE /v2.0/subnetpools/998caacc-48bb-485f-a8e3-90d591c2fad8 HTTP/1.1" status: 204 len: 168 time: 0.0435975
2026-07-10 01:03:59.359 10 INFO neutron.db.ovn_revision_numbers_db [None req-981aeb36-dbc5-4d11-8ea2-8429980a6a2a ec3880fa21b64264b2be6667eced1229 f09e5ad026754ab0ba44b2339de65e19 - - default default] Successfully bumped revision number for resource 6c20d222-a13e-4e01-b2c3-59789a714e32 (type: floatingips) to 3
2026-07-10 01:03:59.421 9 WARNING neutron_lib.context [None req-ba13f7d8-f655-46d1-861f-a5eaf2690bfe 16f1f77658384a2dbbea97e3dbaa102b 7d28c362fe484fc2b8a546e273dd50ac - - default default] Method 'is_advsvc' is deprecated since 2023.2 release (neutron-lib 3.8.0) and will be removed once support for the old RBAC API policies will be removed from Neutron. Please use method 'is_service_role' instead.
2026-07-10 01:03:59.427 10 INFO neutron.db.l3_db [None req-981aeb36-dbc5-4d11-8ea2-8429980a6a2a ec3880fa21b64264b2be6667eced1229 f09e5ad026754ab0ba44b2339de65e19 - - default default] Floating IP 6c20d222-a13e-4e01-b2c3-59789a714e32 disassociated. External IP: 10.96.250.207, port: ba2cce1a-171f-42c3-97d5-510fe6574eb4.
2026-07-10 01:03:59.472 10 INFO neutron.api.wsgi [None req-981aeb36-dbc5-4d11-8ea2-8429980a6a2a ec3880fa21b64264b2be6667eced1229 f09e5ad026754ab0ba44b2339de65e19 - - default default] 10.0.0.54 "PUT /v2.0/floatingips/6c20d222-a13e-4e01-b2c3-59789a714e32 HTTP/1.1" status: 200 len: 748 time: 0.3017735
2026-07-10 01:03:59.539 9 INFO neutron.db.ovn_revision_numbers_db [None req-ba13f7d8-f655-46d1-861f-a5eaf2690bfe 16f1f77658384a2dbbea97e3dbaa102b 7d28c362fe484fc2b8a546e273dd50ac - - default default] Successfully bumped revision number for resource 815e1b63-7796-4fc8-a6b8-41c474c3180e (type: routers) to 1
2026-07-10 01:03:59.556 9 INFO neutron.api.wsgi [None req-ba13f7d8-f655-46d1-861f-a5eaf2690bfe 16f1f77658384a2dbbea97e3dbaa102b 7d28c362fe484fc2b8a546e273dd50ac - - default default] 10.0.0.54 "POST /v2.0/routers HTTP/1.1" status: 201 len: 769 time: 0.3242767
2026-07-10 01:03:59.566 9 WARNING neutron_lib.context [None req-12d844f2-6579-46e7-8f83-f03fcfc3fa6d 16f1f77658384a2dbbea97e3dbaa102b 7d28c362fe484fc2b8a546e273dd50ac - - default default] Method 'is_advsvc' is deprecated since 2023.2 release (neutron-lib 3.8.0) and will be removed once support for the old RBAC API policies will be removed from Neutron. Please use method 'is_service_role' instead.
2026-07-10 01:03:59.681 9 INFO neutron.db.ovn_revision_numbers_db [None req-12d844f2-6579-46e7-8f83-f03fcfc3fa6d 16f1f77658384a2dbbea97e3dbaa102b 7d28c362fe484fc2b8a546e273dd50ac - - default default] Successfully bumped revision number for resource 20537221-223a-4a12-88a1-693de3366e34 (type: routers) to 1
2026-07-10 01:03:59.696 9 INFO neutron.api.wsgi [None req-12d844f2-6579-46e7-8f83-f03fcfc3fa6d 16f1f77658384a2dbbea97e3dbaa102b 7d28c362fe484fc2b8a546e273dd50ac - - default default] 10.0.0.54 "POST /v2.0/routers HTTP/1.1" status: 201 len: 769 time: 0.1342905
2026-07-10 01:03:59.707 9 WARNING neutron_lib.context [None req-303b5785-1aab-436b-921d-dc8b5ca484b0 16f1f77658384a2dbbea97e3dbaa102b 7d28c362fe484fc2b8a546e273dd50ac - - default default] Method 'is_advsvc' is deprecated since 2023.2 release (neutron-lib 3.8.0) and will be removed once support for the old RBAC API policies will be removed from Neutron. Please use method 'is_service_role' instead.
2026-07-10 01:03:59.761 10 INFO neutron.api.wsgi [None req-93d0918b-a236-4996-8b98-8c6c6f650955 ec3880fa21b64264b2be6667eced1229 f09e5ad026754ab0ba44b2339de65e19 - - default default] 10.0.0.54 "DELETE /v2.0/floatingips/6c20d222-a13e-4e01-b2c3-59789a714e32 HTTP/1.1" status: 204 len: 168 time: 0.2850184
2026-07-10 01:03:59.800 9 INFO neutron.api.v2.resource [None req-e5c46fad-5e69-438d-b6d2-fa6b94ba773f ec3880fa21b64264b2be6667eced1229 f09e5ad026754ab0ba44b2339de65e19 - - default default] delete failed (client error): The resource could not be found.
2026-07-10 01:03:59.801 9 INFO neutron.api.wsgi [None req-e5c46fad-5e69-438d-b6d2-fa6b94ba773f ec3880fa21b64264b2be6667eced1229 f09e5ad026754ab0ba44b2339de65e19 - - default default] 10.0.0.54 "DELETE /v2.0/floatingips/6c20d222-a13e-4e01-b2c3-59789a714e32 HTTP/1.1" status: 404 len: 345 time: 0.0339148
2026-07-10 01:03:59.821 9 INFO neutron.db.ovn_revision_numbers_db [None req-303b5785-1aab-436b-921d-dc8b5ca484b0 16f1f77658384a2dbbea97e3dbaa102b 7d28c362fe484fc2b8a546e273dd50ac - - default default] Successfully bumped revision number for resource 8582ec71-aba5-4d9e-9c08-1a99eaf0d5a6 (type: routers) to 1
2026-07-10 01:03:59.837 9 INFO neutron.api.wsgi [None req-303b5785-1aab-436b-921d-dc8b5ca484b0 16f1f77658384a2dbbea97e3dbaa102b 7d28c362fe484fc2b8a546e273dd50ac - - default default] 10.0.0.54 "POST /v2.0/routers HTTP/1.1" status: 201 len: 769 time: 0.1342652
2026-07-10 01:03:59.845 10 WARNING neutron_lib.context [None req-4a98ec44-17c7-4e7d-b8a0-53c56a0fbc5f 16f1f77658384a2dbbea97e3dbaa102b 7d28c362fe484fc2b8a546e273dd50ac - - default default] Method 'is_advsvc' is deprecated since 2023.2 release (neutron-lib 3.8.0) and will be removed once support for the old RBAC API policies will be removed from Neutron. Please use method 'is_service_role' instead.
2026-07-10 01:03:59.951 10 INFO neutron.db.ovn_revision_numbers_db [None req-4a98ec44-17c7-4e7d-b8a0-53c56a0fbc5f 16f1f77658384a2dbbea97e3dbaa102b 7d28c362fe484fc2b8a546e273dd50ac - - default default] Successfully bumped revision number for resource 8897eefb-9f00-44d8-8b38-a5c8910ddab2 (type: routers) to 1
2026-07-10 01:03:59.967 10 INFO neutron.api.wsgi [None req-4a98ec44-17c7-4e7d-b8a0-53c56a0fbc5f 16f1f77658384a2dbbea97e3dbaa102b 7d28c362fe484fc2b8a546e273dd50ac - - default default] 10.0.0.54 "POST /v2.0/routers HTTP/1.1" status: 201 len: 769 time: 0.1250308
2026-07-10 01:03:59.977 10 WARNING neutron_lib.context [None req-9892196c-e78b-4583-a201-593ad22db990 16f1f77658384a2dbbea97e3dbaa102b 7d28c362fe484fc2b8a546e273dd50ac - - default default] Method 'is_advsvc' is deprecated since 2023.2 release (neutron-lib 3.8.0) and will be removed once support for the old RBAC API policies will be removed from Neutron. Please use method 'is_service_role' instead.
2026-07-10 01:04:00.086 10 INFO neutron.db.ovn_revision_numbers_db [None req-9892196c-e78b-4583-a201-593ad22db990 16f1f77658384a2dbbea97e3dbaa102b 7d28c362fe484fc2b8a546e273dd50ac - - default default] Successfully bumped revision number for resource c1d21d19-72be-4fcc-9bf2-19c70678021f (type: routers) to 1
2026-07-10 01:04:00.101 10 INFO neutron.api.wsgi [None req-9892196c-e78b-4583-a201-593ad22db990 16f1f77658384a2dbbea97e3dbaa102b 7d28c362fe484fc2b8a546e273dd50ac - - default default] 10.0.0.54 "POST /v2.0/routers HTTP/1.1" status: 201 len: 769 time: 0.1280344
2026-07-10 01:04:00.161 9 INFO neutron.api.wsgi [None req-413f449a-495e-44a9-9661-b7822cb4b32c 16f1f77658384a2dbbea97e3dbaa102b 7d28c362fe484fc2b8a546e273dd50ac - - default default] 10.0.0.54 "PUT /v2.0/routers/815e1b63-7796-4fc8-a6b8-41c474c3180e/tags HTTP/1.1" status: 200 len: 210 time: 0.0528121
2026-07-10 01:04:00.201 10 INFO neutron.api.wsgi [None req-a66a93db-b206-4964-8d4a-e251f2563132 ec3880fa21b64264b2be6667eced1229 f09e5ad026754ab0ba44b2339de65e19 - - default default] 10.0.0.54 "DELETE /v2.0/ports/ba2cce1a-171f-42c3-97d5-510fe6574eb4 HTTP/1.1" status: 204 len: 168 time: 0.3907464
2026-07-10 01:04:00.220 9 INFO neutron.api.wsgi [None req-da458c46-7dfb-4da6-b1e5-c1e7cedae406 16f1f77658384a2dbbea97e3dbaa102b 7d28c362fe484fc2b8a546e273dd50ac - - default default] 10.0.0.54 "PUT /v2.0/routers/20537221-223a-4a12-88a1-693de3366e34/tags HTTP/1.1" status: 200 len: 218 time: 0.0537224
2026-07-10 01:04:00.269 9 INFO neutron.api.wsgi [None req-2adc5d5d-c3af-4c1c-b266-eac2f43bac8f 16f1f77658384a2dbbea97e3dbaa102b 7d28c362fe484fc2b8a546e273dd50ac - - default default] 10.0.0.54 "PUT /v2.0/routers/8582ec71-aba5-4d9e-9c08-1a99eaf0d5a6/tags HTTP/1.1" status: 200 len: 227 time: 0.0443602
2026-07-10 01:04:00.270 9 INFO neutron.db.ovn_revision_numbers_db [None req-a4451673-87f8-4e3d-9802-3cee3f603d09 b81e1998028545a3b6f2c38cae7035f1 ad5889d0256a493483d16a066b650057 - - default default] Successfully bumped revision number for resource 1131774e-1051-424e-80b2-490d0eb497f5 (type: security_groups) to 1
2026-07-10 01:04:00.286 9 INFO neutron.db.ovn_revision_numbers_db [None req-a4451673-87f8-4e3d-9802-3cee3f603d09 b81e1998028545a3b6f2c38cae7035f1 ad5889d0256a493483d16a066b650057 - - default default] Successfully bumped revision number for resource 4adb988b-8bdd-44fb-bde7-2e55668fb33b (type: security_group_rules) to 0
2026-07-10 01:04:00.310 9 INFO neutron.db.ovn_revision_numbers_db [None req-a4451673-87f8-4e3d-9802-3cee3f603d09 b81e1998028545a3b6f2c38cae7035f1 ad5889d0256a493483d16a066b650057 - - default default] Successfully bumped revision number for resource 5ccdbc82-cc28-4d76-bd6d-f3262c95ff85 (type: security_group_rules) to 0
2026-07-10 01:04:00.316 9 INFO neutron.api.wsgi [None req-7c4a916b-2b49-4faa-a394-4845829b3600 16f1f77658384a2dbbea97e3dbaa102b 7d28c362fe484fc2b8a546e273dd50ac - - default default] 10.0.0.54 "PUT /v2.0/routers/8897eefb-9f00-44d8-8b38-a5c8910ddab2/tags HTTP/1.1" status: 200 len: 212 time: 0.0423610
2026-07-10 01:04:00.342 9 INFO neutron.db.ovn_revision_numbers_db [None req-a4451673-87f8-4e3d-9802-3cee3f603d09 b81e1998028545a3b6f2c38cae7035f1 ad5889d0256a493483d16a066b650057 - - default default] Successfully bumped revision number for resource 63df7256-e322-475a-b7af-7bd57184b1d0 (type: security_group_rules) to 0
2026-07-10 01:04:00.369 9 INFO neutron.db.ovn_revision_numbers_db [None req-a4451673-87f8-4e3d-9802-3cee3f603d09 b81e1998028545a3b6f2c38cae7035f1 ad5889d0256a493483d16a066b650057 - - default default] Successfully bumped revision number for resource e44a3f39-3beb-4a80-ace8-dbbbe679b7b7 (type: security_group_rules) to 0
2026-07-10 01:04:00.378 9 INFO neutron.api.wsgi [None req-dda97f59-9a86-4a2c-867a-28178dc0c9a3 16f1f77658384a2dbbea97e3dbaa102b 7d28c362fe484fc2b8a546e273dd50ac - - default default] 10.0.0.54 "GET /v2.0/routers?tags=red HTTP/1.1" status: 200 len: 1946 time: 0.0555723
2026-07-10 01:04:00.425 9 INFO neutron.api.wsgi [None req-a4451673-87f8-4e3d-9802-3cee3f603d09 b81e1998028545a3b6f2c38cae7035f1 ad5889d0256a493483d16a066b650057 - - default default] 10.0.0.54 "GET /v2.0/security-groups?tenant_id=df59dacfd24c48bab6cbc168dca3c98f&name=default HTTP/1.1" status: 200 len: 3120 time: 0.4338624
2026-07-10 01:04:00.454 10 INFO neutron.api.wsgi [None req-07eb042a-3fa9-41b7-9b3e-d8317e02b5d3 16f1f77658384a2dbbea97e3dbaa102b 7d28c362fe484fc2b8a546e273dd50ac - - default default] 10.0.0.54 "GET /v2.0/routers?tags=red%2Cblue HTTP/1.1" status: 200 len: 1375 time: 0.0718396
2026-07-10 01:04:00.518 10 INFO neutron.api.wsgi [None req-7b1e9eb8-c14b-4c0e-badc-7aedcb71328d 16f1f77658384a2dbbea97e3dbaa102b 7d28c362fe484fc2b8a546e273dd50ac - - default default] 10.0.0.54 "GET /v2.0/routers?tags-any=blue HTTP/1.1" status: 200 len: 1375 time: 0.0581484
2026-07-10 01:04:00.568 10 INFO neutron.api.wsgi [None req-db040c2c-9073-48d5-985d-9132e80e4034 ec3880fa21b64264b2be6667eced1229 f09e5ad026754ab0ba44b2339de65e19 - - default default] 10.0.0.54 "DELETE /v2.0/ports/e1517b28-4f21-4e05-a294-7223d77edcae HTTP/1.1" status: 204 len: 168 time: 0.3614645
2026-07-10 01:04:00.581 9 INFO neutron.api.wsgi [None req-1c3efa30-c3e1-4cf3-818d-223e735f8631 16f1f77658384a2dbbea97e3dbaa102b 7d28c362fe484fc2b8a546e273dd50ac - - default default] 10.0.0.54 "GET /v2.0/routers?tags-any=red%2Cblue HTTP/1.1" status: 200 len: 1946 time: 0.0575173
2026-07-10 01:04:00.606 10 INFO neutron.api.wsgi [None req-1ad1389d-89fe-49a5-92ae-4d81f215746d ec3880fa21b64264b2be6667eced1229 f09e5ad026754ab0ba44b2339de65e19 - - default default] 10.0.0.54 "GET /v2.0/ports?device_id=436d568b-0f86-47f7-8f99-fdf7e1f16b9e HTTP/1.1" status: 200 len: 1140 time: 0.0340652
2026-07-10 01:04:00.637 9 INFO neutron.api.wsgi [None req-f5ae1719-4564-41ba-83e0-c4b5afab31a0 16f1f77658384a2dbbea97e3dbaa102b 7d28c362fe484fc2b8a546e273dd50ac - - default default] 10.0.0.54 "GET /v2.0/routers?not-tags=red HTTP/1.1" status: 200 len: 1347 time: 0.0510261
2026-07-10 01:04:00.691 9 INFO neutron.api.wsgi [None req-ba05daf6-c939-4cb2-9bbc-b1c2503d928b 16f1f77658384a2dbbea97e3dbaa102b 7d28c362fe484fc2b8a546e273dd50ac - - default default] 10.0.0.54 "GET /v2.0/routers?not-tags=red%2Cblue HTTP/1.1" status: 200 len: 1918 time: 0.0486665
2026-07-10 01:04:00.746 9 INFO neutron.api.wsgi [None req-fea2bdb5-088b-41ad-8564-343e1e7e2184 16f1f77658384a2dbbea97e3dbaa102b 7d28c362fe484fc2b8a546e273dd50ac - - default default] 10.0.0.54 "GET /v2.0/routers?not-tags-any=blue HTTP/1.1" status: 200 len: 1918 time: 0.0490079
2026-07-10 01:04:00.784 9 INFO neutron.api.wsgi [None req-251444b5-12b8-4208-9c82-a9f36504a4cf 16f1f77658384a2dbbea97e3dbaa102b 7d28c362fe484fc2b8a546e273dd50ac - - default default] 10.0.0.54 "GET /v2.0/routers?not-tags-any=red%2Cblue HTTP/1.1" status: 200 len: 1347 time: 0.0322518
2026-07-10 01:04:00.786 9 INFO neutron.api.wsgi [None req-1fe21134-1b85-46d6-be66-73f90d8c49fd b81e1998028545a3b6f2c38cae7035f1 ad5889d0256a493483d16a066b650057 - - default default] 10.0.0.54 "DELETE /v2.0/security-groups/1131774e-1051-424e-80b2-490d0eb497f5 HTTP/1.1" status: 204 len: 168 time: 0.3564074
2026-07-10 01:04:00.817 9 INFO neutron.api.wsgi [None req-672ddafe-6678-4cc5-8e4d-9984c90c9767 16f1f77658384a2dbbea97e3dbaa102b 7d28c362fe484fc2b8a546e273dd50ac - - default default] 10.0.0.54 "GET /v2.0/routers/815e1b63-7796-4fc8-a6b8-41c474c3180e HTTP/1.1" status: 200 len: 775 time: 0.0265415
2026-07-10 01:04:01.012 10 INFO neutron.db.ovn_revision_numbers_db [None req-65127ae0-3d65-4692-bc1c-a645c40ca39e b81e1998028545a3b6f2c38cae7035f1 ad5889d0256a493483d16a066b650057 - - default default] Successfully bumped revision number for resource 91c3c334-4153-4365-887c-38dc43883bfb (type: security_groups) to 1
2026-07-10 01:04:01.026 10 INFO neutron.db.ovn_revision_numbers_db [None req-65127ae0-3d65-4692-bc1c-a645c40ca39e b81e1998028545a3b6f2c38cae7035f1 ad5889d0256a493483d16a066b650057 - - default default] Successfully bumped revision number for resource 4f8097cc-cfcd-4d59-8f48-bbfcc8955571 (type: security_group_rules) to 0
2026-07-10 01:04:01.044 10 INFO neutron.db.ovn_revision_numbers_db [None req-65127ae0-3d65-4692-bc1c-a645c40ca39e b81e1998028545a3b6f2c38cae7035f1 ad5889d0256a493483d16a066b650057 - - default default] Successfully bumped revision number for resource 880f81a7-3561-4244-b7c5-b61ecba86d62 (type: security_group_rules) to 0
2026-07-10 01:04:01.061 10 INFO neutron.db.ovn_revision_numbers_db [None req-65127ae0-3d65-4692-bc1c-a645c40ca39e b81e1998028545a3b6f2c38cae7035f1 ad5889d0256a493483d16a066b650057 - - default default] Successfully bumped revision number for resource 8f37cb05-77d0-4df7-9994-fa23adafd473 (type: security_group_rules) to 0
2026-07-10 01:04:01.076 10 INFO neutron.db.ovn_revision_numbers_db [None req-65127ae0-3d65-4692-bc1c-a645c40ca39e b81e1998028545a3b6f2c38cae7035f1 ad5889d0256a493483d16a066b650057 - - default default] Successfully bumped revision number for resource 9fbf57c1-521c-47af-80e8-b3bb6d9fd20b (type: security_group_rules) to 0
2026-07-10 01:04:01.107 10 INFO neutron.api.wsgi [None req-65127ae0-3d65-4692-bc1c-a645c40ca39e b81e1998028545a3b6f2c38cae7035f1 ad5889d0256a493483d16a066b650057 - - default default] 10.0.0.54 "GET /v2.0/security-groups?tenant_id=8bd3ec2c2b6348e8ab54f7d0770e6fab&name=default HTTP/1.1" status: 200 len: 3120 time: 0.2211871
2026-07-10 01:04:01.112 9 INFO neutron.db.ovn_revision_numbers_db [None req-4bddba8b-1d93-43e8-a81d-964177b62c90 16f1f77658384a2dbbea97e3dbaa102b 7d28c362fe484fc2b8a546e273dd50ac - - default default] Successfully bumped revision number for resource 815e1b63-7796-4fc8-a6b8-41c474c3180e (type: routers) to 2
2026-07-10 01:04:01.118 9 INFO neutron.api.wsgi [None req-4bddba8b-1d93-43e8-a81d-964177b62c90 16f1f77658384a2dbbea97e3dbaa102b 7d28c362fe484fc2b8a546e273dd50ac - - default default] 10.0.0.54 "PUT /v2.0/routers/815e1b63-7796-4fc8-a6b8-41c474c3180e HTTP/1.1" status: 200 len: 775 time: 0.2955568
2026-07-10 01:04:01.147 9 INFO neutron.api.wsgi [None req-495ef1ce-f685-44d0-a40a-7a86822c9a5c 16f1f77658384a2dbbea97e3dbaa102b 7d28c362fe484fc2b8a546e273dd50ac - - default default] 10.0.0.54 "GET /v2.0/ports?device_id=815e1b63-7796-4fc8-a6b8-41c474c3180e HTTP/1.1" status: 200 len: 205 time: 0.0222688
2026-07-10 01:04:01.320 9 INFO neutron.api.wsgi [None req-b29fa19f-0473-41e5-908c-e7638a9d6829 16f1f77658384a2dbbea97e3dbaa102b 7d28c362fe484fc2b8a546e273dd50ac - - default default] 10.0.0.54 "DELETE /v2.0/routers/815e1b63-7796-4fc8-a6b8-41c474c3180e HTTP/1.1" status: 204 len: 168 time: 0.1677263
2026-07-10 01:04:01.342 10 INFO neutron.api.wsgi [None req-3c995d1a-7e59-498f-b5d9-ad3f6945984d b81e1998028545a3b6f2c38cae7035f1 ad5889d0256a493483d16a066b650057 - - default default] 10.0.0.54 "DELETE /v2.0/security-groups/91c3c334-4153-4365-887c-38dc43883bfb HTTP/1.1" status: 204 len: 168 time: 0.2295821
2026-07-10 01:04:01.359 9 INFO neutron.api.wsgi [None req-82df8dd8-d513-4e5f-9610-6fa249bd4b21 16f1f77658384a2dbbea97e3dbaa102b 7d28c362fe484fc2b8a546e273dd50ac - - default default] 10.0.0.54 "GET /v2.0/routers/20537221-223a-4a12-88a1-693de3366e34 HTTP/1.1" status: 200 len: 783 time: 0.0321310
2026-07-10 01:04:01.435 10 INFO neutron.api.wsgi [None req-6d80fe30-df69-47b6-97f1-9ba026c428ae ec3880fa21b64264b2be6667eced1229 f09e5ad026754ab0ba44b2339de65e19 - - default default] 10.0.0.54 "PUT /v2.0/routers/436d568b-0f86-47f7-8f99-fdf7e1f16b9e/remove_router_interface HTTP/1.1" status: 200 len: 503 time: 0.8246500 /var/lib/openstack/lib/python3.12/site-packages/pycadf/identifier.py:71: UserWarning: Invalid uuid: neutron. To ensure interoperability, identifiers should be a valid uuid. warnings.warn(('Invalid uuid: %s. To ensure interoperability, '
2026-07-10 01:04:01.678 9 INFO neutron.db.ovn_revision_numbers_db [None req-ac742b02-526f-4053-b79c-f440da528874 16f1f77658384a2dbbea97e3dbaa102b 7d28c362fe484fc2b8a546e273dd50ac - - default default] Successfully bumped revision number for resource 20537221-223a-4a12-88a1-693de3366e34 (type: routers) to 2
2026-07-10 01:04:01.683 9 INFO neutron.api.wsgi [None req-ac742b02-526f-4053-b79c-f440da528874 16f1f77658384a2dbbea97e3dbaa102b 7d28c362fe484fc2b8a546e273dd50ac - - default default] 10.0.0.54 "PUT /v2.0/routers/20537221-223a-4a12-88a1-693de3366e34 HTTP/1.1" status: 200 len: 783 time: 0.3178103
2026-07-10 01:04:01.683 9 INFO neutron.db.ovn_revision_numbers_db [None req-4d1e10e3-dd2f-405a-8627-d7f175299851 b81e1998028545a3b6f2c38cae7035f1 ad5889d0256a493483d16a066b650057 - - default default] Successfully bumped revision number for resource 6b69d1e4-d52d-463e-af33-4ec54ce42c15 (type: security_groups) to 1
2026-07-10 01:04:01.696 9 INFO neutron.db.ovn_revision_numbers_db [None req-4d1e10e3-dd2f-405a-8627-d7f175299851 b81e1998028545a3b6f2c38cae7035f1 ad5889d0256a493483d16a066b650057 - - default default] Successfully bumped revision number for resource 50e0bbb1-16d9-4e16-b373-8c04d887ac65 (type: security_group_rules) to 0
2026-07-10 01:04:01.705 10 INFO neutron.api.wsgi [None req-e538a1d6-b847-4832-a018-b79d97c08d60 16f1f77658384a2dbbea97e3dbaa102b 7d28c362fe484fc2b8a546e273dd50ac - - default default] 10.0.0.54 "GET /v2.0/ports?device_id=20537221-223a-4a12-88a1-693de3366e34 HTTP/1.1" status: 200 len: 205 time: 0.0168912
2026-07-10 01:04:01.707 9 INFO neutron.db.ovn_revision_numbers_db [None req-4d1e10e3-dd2f-405a-8627-d7f175299851 b81e1998028545a3b6f2c38cae7035f1 ad5889d0256a493483d16a066b650057 - - default default] Successfully bumped revision number for resource 81730a50-8c67-4682-8d2c-8d3d584e5381 (type: security_group_rules) to 0
2026-07-10 01:04:01.735 9 INFO neutron.db.ovn_revision_numbers_db [None req-4d1e10e3-dd2f-405a-8627-d7f175299851 b81e1998028545a3b6f2c38cae7035f1 ad5889d0256a493483d16a066b650057 - - default default] Successfully bumped revision number for resource eb1b8508-a865-4a2b-bdc7-4a3438e005d6 (type: security_group_rules) to 0
