2026-07-10 01:02:45.922 9 INFO neutron.db.l3_db [req-2748e5f2-1e46-4e57-8fc4-c48f3ec58310 req-cf9fe9f3-ee87-4a5a-ab9c-934f74283ec9 125d2bca70424ef9a0c707234182216f 92c6136b7d6745c38a15b7ddd9607148 - - default default] Floating IP 24fab4ea-d94f-456e-8d3d-99148097f5d8 disassociated. External IP: 10.96.250.215, port: 2b89981e-a615-461d-9886-8213a16f4e60.
2026-07-10 01:02:46.022 10 INFO neutron.db.ovn_revision_numbers_db [None req-1e1c4968-af7c-4057-8565-51eec6e424dc b81e1998028545a3b6f2c38cae7035f1 ad5889d0256a493483d16a066b650057 - - default default] Successfully bumped revision number for resource 00d4494d-557a-4cf3-a0e1-8b6341f72cae (type: security_groups) to 1
2026-07-10 01:02:46.040 10 INFO neutron.db.ovn_revision_numbers_db [None req-1e1c4968-af7c-4057-8565-51eec6e424dc b81e1998028545a3b6f2c38cae7035f1 ad5889d0256a493483d16a066b650057 - - default default] Successfully bumped revision number for resource 341ed3a5-c173-4be3-a724-f00e36b4ad40 (type: security_group_rules) to 0
2026-07-10 01:02:46.043 9 INFO neutron.api.wsgi [req-2748e5f2-1e46-4e57-8fc4-c48f3ec58310 req-cf9fe9f3-ee87-4a5a-ab9c-934f74283ec9 125d2bca70424ef9a0c707234182216f 92c6136b7d6745c38a15b7ddd9607148 - - default default] 199.204.45.53 "DELETE /v2.0/ports/2b89981e-a615-461d-9886-8213a16f4e60 HTTP/1.1" status: 204 len: 173 time: 0.4462192
2026-07-10 01:02:46.054 10 INFO neutron.db.ovn_revision_numbers_db [None req-1e1c4968-af7c-4057-8565-51eec6e424dc b81e1998028545a3b6f2c38cae7035f1 ad5889d0256a493483d16a066b650057 - - default default] Successfully bumped revision number for resource 797a57c0-428d-4b6e-a835-d2ed7a62ac02 (type: security_group_rules) to 0
2026-07-10 01:02:46.068 10 INFO neutron.db.ovn_revision_numbers_db [None req-1e1c4968-af7c-4057-8565-51eec6e424dc b81e1998028545a3b6f2c38cae7035f1 ad5889d0256a493483d16a066b650057 - - default default] Successfully bumped revision number for resource 847181d9-fc9e-430b-99aa-42a0fef4c5bc (type: security_group_rules) to 0
2026-07-10 01:02:46.090 10 INFO neutron.db.ovn_revision_numbers_db [None req-1e1c4968-af7c-4057-8565-51eec6e424dc b81e1998028545a3b6f2c38cae7035f1 ad5889d0256a493483d16a066b650057 - - default default] Successfully bumped revision number for resource a38c69b6-82fe-4b39-a4ae-9e9cfe94852d (type: security_group_rules) to 0
2026-07-10 01:02:46.106 10 INFO neutron.api.wsgi [req-bf13136c-83f9-41ff-bc83-ff56fcd1797f req-a5c8e822-d9c3-4f78-940d-1d502a7cf17b 125d2bca70424ef9a0c707234182216f 92c6136b7d6745c38a15b7ddd9607148 - - default default] 10.0.0.51 "GET /v2.0/ports?device_id=c3b861c4-51d5-4996-903e-ae52b3c1ee13 HTTP/1.1" status: 200 len: 210 time: 0.0178006
2026-07-10 01:02:46.141 10 INFO neutron.api.wsgi [None req-1e1c4968-af7c-4057-8565-51eec6e424dc b81e1998028545a3b6f2c38cae7035f1 ad5889d0256a493483d16a066b650057 - - default default] 10.0.0.54 "GET /v2.0/security-groups?tenant_id=2d44d1181107443c82ddab0f0ed92cd3&name=default HTTP/1.1" status: 200 len: 3120 time: 0.5131981
2026-07-10 01:02:46.340 9 INFO neutron.db.ovn_revision_numbers_db [None req-abe656e6-c1ad-4726-9fc8-a00d9d950432 b81e1998028545a3b6f2c38cae7035f1 ad5889d0256a493483d16a066b650057 - - default default] Successfully bumped revision number for resource b17bba48-cf4e-48f4-89c3-5af00c842b72 (type: security_groups) to 1
2026-07-10 01:02:46.343 10 INFO neutron.api.wsgi [None req-2c77819a-16a1-44f0-8fe3-18e6f44aca1d b81e1998028545a3b6f2c38cae7035f1 ad5889d0256a493483d16a066b650057 - - default default] 10.0.0.54 "DELETE /v2.0/security-groups/00d4494d-557a-4cf3-a0e1-8b6341f72cae HTTP/1.1" status: 204 len: 168 time: 0.1958892
2026-07-10 01:02:46.354 9 INFO neutron.db.ovn_revision_numbers_db [None req-abe656e6-c1ad-4726-9fc8-a00d9d950432 b81e1998028545a3b6f2c38cae7035f1 ad5889d0256a493483d16a066b650057 - - default default] Successfully bumped revision number for resource 9e05419c-c146-4501-b26a-83e0635143e2 (type: security_group_rules) to 0
2026-07-10 01:02:46.371 9 INFO neutron.db.ovn_revision_numbers_db [None req-abe656e6-c1ad-4726-9fc8-a00d9d950432 b81e1998028545a3b6f2c38cae7035f1 ad5889d0256a493483d16a066b650057 - - default default] Successfully bumped revision number for resource b5a04f48-545d-4d17-a9be-234489fa468c (type: security_group_rules) to 0
2026-07-10 01:02:46.387 9 INFO neutron.db.ovn_revision_numbers_db [None req-abe656e6-c1ad-4726-9fc8-a00d9d950432 b81e1998028545a3b6f2c38cae7035f1 ad5889d0256a493483d16a066b650057 - - default default] Successfully bumped revision number for resource c65d8896-1a26-4516-bd9b-e64b8988231d (type: security_group_rules) to 0
2026-07-10 01:02:46.403 9 INFO neutron.db.ovn_revision_numbers_db [None req-abe656e6-c1ad-4726-9fc8-a00d9d950432 b81e1998028545a3b6f2c38cae7035f1 ad5889d0256a493483d16a066b650057 - - default default] Successfully bumped revision number for resource ca4817f9-156e-4c80-9057-a75f516bf9b4 (type: security_group_rules) to 0
2026-07-10 01:02:46.453 9 INFO neutron.api.wsgi [None req-abe656e6-c1ad-4726-9fc8-a00d9d950432 b81e1998028545a3b6f2c38cae7035f1 ad5889d0256a493483d16a066b650057 - - default default] 10.0.0.54 "GET /v2.0/security-groups?tenant_id=575e9ef1131445dca42287bba6c78a91&name=default HTTP/1.1" status: 200 len: 3120 time: 0.3436446
2026-07-10 01:02:46.491 9 INFO neutron.db.ovn_revision_numbers_db [None req-e062a340-e0f5-4ddb-8277-65525395c360 b81e1998028545a3b6f2c38cae7035f1 ad5889d0256a493483d16a066b650057 - - default default] Successfully bumped revision number for resource f3560f2d-a983-4fa7-ab5f-45bd63335ad7 (type: security_groups) to 1
2026-07-10 01:02:46.502 9 INFO neutron.notifiers.nova [-] Nova event matching ['req-e7a3032b-966d-4d67-a208-d399d9671039'] response: {'server_uuid': 'c3b861c4-51d5-4996-903e-ae52b3c1ee13', 'name': 'network-vif-unplugged', 'status': 'completed', 'tag': '2b89981e-a615-461d-9886-8213a16f4e60', 'code': 200}
2026-07-10 01:02:46.502 9 INFO neutron.notifiers.nova [-] Nova event matching ['req-e7a3032b-966d-4d67-a208-d399d9671039'] response: {'server_uuid': 'c3b861c4-51d5-4996-903e-ae52b3c1ee13', 'name': 'network-vif-deleted', 'tag': '2b89981e-a615-461d-9886-8213a16f4e60', 'status': 'completed', 'code': 200}
2026-07-10 01:02:46.510 9 INFO neutron.db.ovn_revision_numbers_db [None req-e062a340-e0f5-4ddb-8277-65525395c360 b81e1998028545a3b6f2c38cae7035f1 ad5889d0256a493483d16a066b650057 - - default default] Successfully bumped revision number for resource 81c3b602-e0c8-4e12-925c-9d0fca1a4eb4 (type: security_group_rules) to 0
2026-07-10 01:02:46.524 9 INFO neutron.db.ovn_revision_numbers_db [None req-e062a340-e0f5-4ddb-8277-65525395c360 b81e1998028545a3b6f2c38cae7035f1 ad5889d0256a493483d16a066b650057 - - default default] Successfully bumped revision number for resource 8998640a-71a7-4acf-9fbf-88af92990dd5 (type: security_group_rules) to 0
2026-07-10 01:02:46.535 9 INFO neutron.db.ovn_revision_numbers_db [None req-e062a340-e0f5-4ddb-8277-65525395c360 b81e1998028545a3b6f2c38cae7035f1 ad5889d0256a493483d16a066b650057 - - default default] Successfully bumped revision number for resource 8da34a0a-2bde-41d6-ab20-4f056b332e48 (type: security_group_rules) to 0
2026-07-10 01:02:46.547 9 INFO neutron.db.ovn_revision_numbers_db [None req-e062a340-e0f5-4ddb-8277-65525395c360 b81e1998028545a3b6f2c38cae7035f1 ad5889d0256a493483d16a066b650057 - - default default] Successfully bumped revision number for resource c0ec229e-c054-401c-99d3-b9e30c534793 (type: security_group_rules) to 0
2026-07-10 01:02:46.586 10 INFO neutron.db.ovn_revision_numbers_db [None req-aa3f6606-6639-4eb5-a2f9-dec7a6c65b6f b81e1998028545a3b6f2c38cae7035f1 ad5889d0256a493483d16a066b650057 - - default default] Successfully bumped revision number for resource b8419527-a76d-4d84-9b1e-c8eb2c9ab47d (type: security_groups) to 1
2026-07-10 01:02:46.586 9 INFO neutron.api.wsgi [None req-e062a340-e0f5-4ddb-8277-65525395c360 b81e1998028545a3b6f2c38cae7035f1 ad5889d0256a493483d16a066b650057 - - default default] 10.0.0.54 "GET /v2.0/security-groups?tenant_id=66846574e0c24a3a86f44e0d6d4c12c0&name=default HTTP/1.1" status: 200 len: 3120 time: 0.2550807
2026-07-10 01:02:46.600 10 INFO neutron.db.ovn_revision_numbers_db [None req-aa3f6606-6639-4eb5-a2f9-dec7a6c65b6f b81e1998028545a3b6f2c38cae7035f1 ad5889d0256a493483d16a066b650057 - - default default] Successfully bumped revision number for resource 7996356b-424d-40a8-836c-ba5109c6930a (type: security_group_rules) to 0
2026-07-10 01:02:46.617 10 INFO neutron.db.ovn_revision_numbers_db [None req-aa3f6606-6639-4eb5-a2f9-dec7a6c65b6f b81e1998028545a3b6f2c38cae7035f1 ad5889d0256a493483d16a066b650057 - - default default] Successfully bumped revision number for resource 8e398ff9-e8b1-4e51-9983-49f8f6c41a4d (type: security_group_rules) to 0
2026-07-10 01:02:46.630 10 INFO neutron.db.ovn_revision_numbers_db [None req-aa3f6606-6639-4eb5-a2f9-dec7a6c65b6f b81e1998028545a3b6f2c38cae7035f1 ad5889d0256a493483d16a066b650057 - - default default] Successfully bumped revision number for resource bc31a586-af29-468b-9f0d-a25251c0f08a (type: security_group_rules) to 0
2026-07-10 01:02:46.642 10 INFO neutron.db.ovn_revision_numbers_db [None req-aa3f6606-6639-4eb5-a2f9-dec7a6c65b6f b81e1998028545a3b6f2c38cae7035f1 ad5889d0256a493483d16a066b650057 - - default default] Successfully bumped revision number for resource c71fa0bc-e815-4a9d-8ea5-c0379a6ea9c3 (type: security_group_rules) to 0
2026-07-10 01:02:46.686 10 INFO neutron.api.wsgi [None req-aa3f6606-6639-4eb5-a2f9-dec7a6c65b6f b81e1998028545a3b6f2c38cae7035f1 ad5889d0256a493483d16a066b650057 - - default default] 10.0.0.54 "GET /v2.0/security-groups?tenant_id=c50dc816f932441da653d4cb8b2b6dbb&name=default HTTP/1.1" status: 200 len: 3120 time: 0.2629638
2026-07-10 01:02:46.695 10 INFO neutron.api.wsgi [None req-189b60da-aabe-4874-a2b5-5a79b224a09a b81e1998028545a3b6f2c38cae7035f1 ad5889d0256a493483d16a066b650057 - - default default] 10.0.0.54 "DELETE /v2.0/security-groups/b17bba48-cf4e-48f4-89c3-5af00c842b72 HTTP/1.1" status: 204 len: 168 time: 0.2373464
2026-07-10 01:02:46.792 9 INFO neutron.api.wsgi [None req-f88363be-5f48-4bb6-9087-bc4820c14a57 b81e1998028545a3b6f2c38cae7035f1 ad5889d0256a493483d16a066b650057 - - default default] 10.0.0.54 "DELETE /v2.0/security-groups/f3560f2d-a983-4fa7-ab5f-45bd63335ad7 HTTP/1.1" status: 204 len: 168 time: 0.2011919
2026-07-10 01:02:46.865 9 INFO neutron.api.wsgi [None req-ef969430-afbc-4335-b552-2f54a6ab8f77 b81e1998028545a3b6f2c38cae7035f1 ad5889d0256a493483d16a066b650057 - - default default] 10.0.0.54 "DELETE /v2.0/security-groups/b8419527-a76d-4d84-9b1e-c8eb2c9ab47d HTTP/1.1" status: 204 len: 168 time: 0.1740217
2026-07-10 01:02:47.193 10 INFO neutron.api.wsgi [req-68c80629-d3dc-4d80-9493-76735bf7164b req-e16af06c-85d7-40f9-9722-e7ec6fa4c9af 125d2bca70424ef9a0c707234182216f 92c6136b7d6745c38a15b7ddd9607148 - - default default] 10.0.0.51 "GET /v2.0/ports?device_id=c3b861c4-51d5-4996-903e-ae52b3c1ee13 HTTP/1.1" status: 200 len: 210 time: 0.0179777
2026-07-10 01:02:48.289 10 INFO neutron.api.wsgi [req-45ecb93b-ae9b-4c56-a1ef-2b48f8105235 req-323a91dc-6b23-4795-9a69-e8492f62ffda 125d2bca70424ef9a0c707234182216f 92c6136b7d6745c38a15b7ddd9607148 - - default default] 10.0.0.51 "GET /v2.0/ports?device_id=c3b861c4-51d5-4996-903e-ae52b3c1ee13 HTTP/1.1" status: 200 len: 210 time: 0.0195405
2026-07-10 01:02:48.618 10 INFO neutron.db.ovn_revision_numbers_db [None req-74cbf9d3-9925-4186-ba1a-4ba0f961d65c b81e1998028545a3b6f2c38cae7035f1 ad5889d0256a493483d16a066b650057 - - default default] Successfully bumped revision number for resource 65264cb6-5194-4cb8-ad70-ee6ebc33e58b (type: security_groups) to 1
2026-07-10 01:02:48.628 10 INFO neutron.db.ovn_revision_numbers_db [None req-74cbf9d3-9925-4186-ba1a-4ba0f961d65c b81e1998028545a3b6f2c38cae7035f1 ad5889d0256a493483d16a066b650057 - - default default] Successfully bumped revision number for resource 297f6260-a3f3-4c45-a0e4-19fdcceaad9b (type: security_group_rules) to 0
2026-07-10 01:02:48.645 10 INFO neutron.db.ovn_revision_numbers_db [None req-74cbf9d3-9925-4186-ba1a-4ba0f961d65c b81e1998028545a3b6f2c38cae7035f1 ad5889d0256a493483d16a066b650057 - - default default] Successfully bumped revision number for resource 8950e3cd-e5fa-4ace-9e99-a44ad26f3ccc (type: security_group_rules) to 0
2026-07-10 01:02:48.657 10 INFO neutron.db.ovn_revision_numbers_db [None req-74cbf9d3-9925-4186-ba1a-4ba0f961d65c b81e1998028545a3b6f2c38cae7035f1 ad5889d0256a493483d16a066b650057 - - default default] Successfully bumped revision number for resource cd2f08ef-8611-44c4-8005-0a39ebd8015b (type: security_group_rules) to 0
2026-07-10 01:02:48.667 10 INFO neutron.db.ovn_revision_numbers_db [None req-74cbf9d3-9925-4186-ba1a-4ba0f961d65c b81e1998028545a3b6f2c38cae7035f1 ad5889d0256a493483d16a066b650057 - - default default] Successfully bumped revision number for resource f2871384-f4c0-4485-9abc-a3dcbf93b552 (type: security_group_rules) to 0
2026-07-10 01:02:48.736 10 INFO neutron.db.segments_db [None req-74cbf9d3-9925-4186-ba1a-4ba0f961d65c b81e1998028545a3b6f2c38cae7035f1 ad5889d0256a493483d16a066b650057 - - default default] Added segment f78cc953-7912-4377-bde3-7a230f0afcf4 of type geneve for network d70b7286-4e3c-4b03-8cab-eea7f6341437
2026-07-10 01:02:48.874 10 INFO neutron.db.ovn_revision_numbers_db [None req-74cbf9d3-9925-4186-ba1a-4ba0f961d65c b81e1998028545a3b6f2c38cae7035f1 ad5889d0256a493483d16a066b650057 - - default default] Successfully bumped revision number for resource d70b7286-4e3c-4b03-8cab-eea7f6341437 (type: networks) to 1
2026-07-10 01:02:49.037 10 WARNING neutron.scheduler.dhcp_agent_scheduler [None req-74cbf9d3-9925-4186-ba1a-4ba0f961d65c b81e1998028545a3b6f2c38cae7035f1 ad5889d0256a493483d16a066b650057 - - default default] No more DHCP agents
2026-07-10 01:02:49.038 10 WARNING neutron.api.rpc.agentnotifiers.dhcp_rpc_agent_api [None req-74cbf9d3-9925-4186-ba1a-4ba0f961d65c b81e1998028545a3b6f2c38cae7035f1 ad5889d0256a493483d16a066b650057 - - default default] Unable to schedule network d70b7286-4e3c-4b03-8cab-eea7f6341437: no agents available; will retry on subsequent port and subnet creation events.
2026-07-10 01:02:49.116 10 INFO neutron.db.ovn_revision_numbers_db [None req-74cbf9d3-9925-4186-ba1a-4ba0f961d65c b81e1998028545a3b6f2c38cae7035f1 ad5889d0256a493483d16a066b650057 - - default default] Successfully bumped revision number for resource 7abfb72c-7d86-4031-b6e4-b62e92fa85da (type: ports) to 1
2026-07-10 01:02:49.140 10 INFO neutron.api.wsgi [None req-74cbf9d3-9925-4186-ba1a-4ba0f961d65c b81e1998028545a3b6f2c38cae7035f1 ad5889d0256a493483d16a066b650057 - - default default] 10.0.0.54 "POST /v2.0/networks HTTP/1.1" status: 201 len: 942 time: 0.7603736
2026-07-10 01:02:49.290 10 WARNING neutron.scheduler.dhcp_agent_scheduler [None req-6ca59e6e-61e5-4c8e-b8ea-607a7ba05c19 b81e1998028545a3b6f2c38cae7035f1 ad5889d0256a493483d16a066b650057 - - default default] No more DHCP agents
2026-07-10 01:02:49.291 10 WARNING neutron.api.rpc.agentnotifiers.dhcp_rpc_agent_api [None req-6ca59e6e-61e5-4c8e-b8ea-607a7ba05c19 b81e1998028545a3b6f2c38cae7035f1 ad5889d0256a493483d16a066b650057 - - default default] Unable to schedule network d70b7286-4e3c-4b03-8cab-eea7f6341437: no agents available; will retry on subsequent port and subnet creation events.
2026-07-10 01:02:49.384 10 INFO neutron.api.wsgi [req-4dd3dc47-33d5-4e4c-ab3a-afc8ebaba6f4 req-040cd929-3e04-4b7a-8cfe-f4d7adedb36b 125d2bca70424ef9a0c707234182216f 92c6136b7d6745c38a15b7ddd9607148 - - default default] 10.0.0.51 "GET /v2.0/ports?device_id=c3b861c4-51d5-4996-903e-ae52b3c1ee13 HTTP/1.1" status: 200 len: 210 time: 0.0265656
2026-07-10 01:02:49.741 10 INFO neutron.db.ovn_revision_numbers_db [None req-89e820b2-4120-47a9-a5b7-35c8da0bd400 - - - - - -] Successfully bumped revision number for resource 7abfb72c-7d86-4031-b6e4-b62e92fa85da (type: ports) to 2
2026-07-10 01:02:49.784 10 INFO neutron.db.ovn_revision_numbers_db [None req-89e820b2-4120-47a9-a5b7-35c8da0bd400 - - - - - -] Successfully bumped revision number for resource 16fd624e-3bf5-4fdd-a6e1-27ea2965fa43 (type: subnets) to 0
2026-07-10 01:02:49.807 10 INFO neutron.api.wsgi [None req-6ca59e6e-61e5-4c8e-b8ea-607a7ba05c19 b81e1998028545a3b6f2c38cae7035f1 ad5889d0256a493483d16a066b650057 - - default default] 10.0.0.54 "POST /v2.0/subnets HTTP/1.1" status: 201 len: 886 time: 0.6606085
2026-07-10 01:02:50.155 9 WARNING neutron.scheduler.dhcp_agent_scheduler [None req-6fb9fb53-dded-4e88-9922-2d68b767f4e9 b81e1998028545a3b6f2c38cae7035f1 ad5889d0256a493483d16a066b650057 - - default default] No more DHCP agents
2026-07-10 01:02:50.157 9 WARNING neutron.api.rpc.agentnotifiers.dhcp_rpc_agent_api [None req-6fb9fb53-dded-4e88-9922-2d68b767f4e9 b81e1998028545a3b6f2c38cae7035f1 ad5889d0256a493483d16a066b650057 - - default default] Unable to schedule network 3bc58217-06a1-47e8-b7e9-00c2564b8f04: no agents available; will retry on subsequent port and subnet creation events.
2026-07-10 01:02:50.259 9 INFO neutron.db.ovn_revision_numbers_db [None req-6fb9fb53-dded-4e88-9922-2d68b767f4e9 b81e1998028545a3b6f2c38cae7035f1 ad5889d0256a493483d16a066b650057 - - default default] Successfully bumped revision number for resource 42c1ef24-f321-44b2-a387-e22013fab63e (type: ports) to 1
2026-07-10 01:02:50.646 10 INFO neutron.api.wsgi [None req-5be0cc47-83f2-404f-911d-09c881d80af0 125d2bca70424ef9a0c707234182216f 92c6136b7d6745c38a15b7ddd9607148 - - default default] 10.0.0.54 "DELETE /v2.0/security-groups/e89538f9-645b-49e5-95d7-dfcd47b7a59c HTTP/1.1" status: 204 len: 168 time: 0.1496763
2026-07-10 01:02:50.673 10 INFO neutron.api.v2.resource [None req-a98373bb-29fb-4832-b129-cdcf27e5fdd7 125d2bca70424ef9a0c707234182216f 92c6136b7d6745c38a15b7ddd9607148 - - default default] show failed (client error): The resource could not be found.
2026-07-10 01:02:50.674 10 INFO neutron.api.wsgi [None req-a98373bb-29fb-4832-b129-cdcf27e5fdd7 125d2bca70424ef9a0c707234182216f 92c6136b7d6745c38a15b7ddd9607148 - - default default] 10.0.0.54 "GET /v2.0/security-groups/e89538f9-645b-49e5-95d7-dfcd47b7a59c HTTP/1.1" status: 404 len: 347 time: 0.0162747
2026-07-10 01:02:50.897 9 INFO neutron.plugins.ml2.drivers.ovn.mech_driver.ovsdb.commands [None req-de63255e-ff54-45fb-a85d-533e169c62c5 - - - - - -] Schedule LRP lrp-42c1ef24-f321-44b2-a387-e22013fab63e on gateway e5929e1b-71c4-4d0f-851b-eddd482e630f with priority 1
2026-07-10 01:02:50.904 10 INFO neutron.plugins.ml2.drivers.ovn.mech_driver.mech_driver [None req-2ee8869b-2621-467d-8010-536a1360e95a - - - - - -] OVN reports status up for port: 42c1ef24-f321-44b2-a387-e22013fab63e
2026-07-10 01:02:50.915 10 INFO neutron.plugins.ml2.plugin [None req-2ee8869b-2621-467d-8010-536a1360e95a - - - - - -] Attempt 1 to provision port 42c1ef24-f321-44b2-a387-e22013fab63e
2026-07-10 01:02:50.919 10 INFO neutron.plugins.ml2.drivers.ovn.mech_driver.ovsdb.ovsdb_monitor [None req-7518cbbb-32d3-40e4-ac7e-42d895086265 - - - - - -] Router 80b78168-dc27-4cb2-99d7-a1f6f1395018 is bound to host instance
2026-07-10 01:02:50.966 9 INFO neutron.db.ovn_revision_numbers_db [None req-6fb9fb53-dded-4e88-9922-2d68b767f4e9 b81e1998028545a3b6f2c38cae7035f1 ad5889d0256a493483d16a066b650057 - - default default] Successfully bumped revision number for resource 42c1ef24-f321-44b2-a387-e22013fab63e (type: router_ports) to 1
2026-07-10 01:02:51.004 10 INFO neutron.api.wsgi [None req-7ec474c4-b27f-4cb0-9ac4-a2f620729c42 125d2bca70424ef9a0c707234182216f 92c6136b7d6745c38a15b7ddd9607148 - - default default] 10.0.0.54 "DELETE /v2.0/floatingips/24fab4ea-d94f-456e-8d3d-99148097f5d8 HTTP/1.1" status: 204 len: 168 time: 0.3268161
2026-07-10 01:02:51.050 9 INFO neutron.db.ovn_revision_numbers_db [None req-6fb9fb53-dded-4e88-9922-2d68b767f4e9 b81e1998028545a3b6f2c38cae7035f1 ad5889d0256a493483d16a066b650057 - - default default] Successfully bumped revision number for resource 80b78168-dc27-4cb2-99d7-a1f6f1395018 (type: routers) to 2
2026-07-10 01:02:51.067 9 INFO neutron.api.wsgi [None req-6fb9fb53-dded-4e88-9922-2d68b767f4e9 b81e1998028545a3b6f2c38cae7035f1 ad5889d0256a493483d16a066b650057 - - default default] 10.0.0.54 "POST /v2.0/routers HTTP/1.1" status: 201 len: 1164 time: 1.2509115
2026-07-10 01:02:51.188 9 INFO neutron.db.ovn_revision_numbers_db [None req-15692406-4309-4a32-be3c-f770b0413df0 36785ca2b6b346398dfbfa64c630a106 a1d93745ad924a2f849c647d115936c3 - - default default] Successfully bumped revision number for resource 23bdaa00-2810-42dc-a471-909516c1f45e (type: security_groups) to 1
2026-07-10 01:02:51.205 9 INFO neutron.db.ovn_revision_numbers_db [None req-15692406-4309-4a32-be3c-f770b0413df0 36785ca2b6b346398dfbfa64c630a106 a1d93745ad924a2f849c647d115936c3 - - default default] Successfully bumped revision number for resource 75847cef-0c69-4d19-a008-65929c3f40dc (type: security_group_rules) to 0
2026-07-10 01:02:51.220 9 INFO neutron.db.ovn_revision_numbers_db [None req-15692406-4309-4a32-be3c-f770b0413df0 36785ca2b6b346398dfbfa64c630a106 a1d93745ad924a2f849c647d115936c3 - - default default] Successfully bumped revision number for resource 9755cc11-5a6e-4be6-bf9b-6d6673343d0f (type: security_group_rules) to 0
2026-07-10 01:02:51.239 9 INFO neutron.db.ovn_revision_numbers_db [None req-15692406-4309-4a32-be3c-f770b0413df0 36785ca2b6b346398dfbfa64c630a106 a1d93745ad924a2f849c647d115936c3 - - default default] Successfully bumped revision number for resource a10d8093-9146-4efb-a0e0-0faa9e628666 (type: security_group_rules) to 0
2026-07-10 01:02:51.267 9 INFO neutron.db.ovn_revision_numbers_db [None req-15692406-4309-4a32-be3c-f770b0413df0 36785ca2b6b346398dfbfa64c630a106 a1d93745ad924a2f849c647d115936c3 - - default default] Successfully bumped revision number for resource b6bc99a2-882a-48dc-abfc-6e403fd575fd (type: security_group_rules) to 0
2026-07-10 01:02:51.338 9 INFO neutron.db.segments_db [None req-15692406-4309-4a32-be3c-f770b0413df0 36785ca2b6b346398dfbfa64c630a106 a1d93745ad924a2f849c647d115936c3 - - default default] Added segment b1012ffe-ff3d-46c9-926e-83bb5872ac8d of type geneve for network 7d212a5b-e1f9-4016-8a57-7cbb1eeae429
2026-07-10 01:02:51.519 9 INFO neutron.db.ovn_revision_numbers_db [None req-15692406-4309-4a32-be3c-f770b0413df0 36785ca2b6b346398dfbfa64c630a106 a1d93745ad924a2f849c647d115936c3 - - default default] Successfully bumped revision number for resource 7d212a5b-e1f9-4016-8a57-7cbb1eeae429 (type: networks) to 1
2026-07-10 01:02:51.611 9 WARNING neutron.scheduler.dhcp_agent_scheduler [None req-3ae49961-ba0f-4f72-835a-7f524a98415a b81e1998028545a3b6f2c38cae7035f1 ad5889d0256a493483d16a066b650057 - - default default] No more DHCP agents
2026-07-10 01:02:51.613 9 WARNING neutron.api.rpc.agentnotifiers.dhcp_rpc_agent_api [None req-3ae49961-ba0f-4f72-835a-7f524a98415a b81e1998028545a3b6f2c38cae7035f1 ad5889d0256a493483d16a066b650057 - - default default] Unable to schedule network d70b7286-4e3c-4b03-8cab-eea7f6341437: no agents available; will retry on subsequent port and subnet creation events.
2026-07-10 01:02:51.712 9 WARNING neutron.scheduler.dhcp_agent_scheduler [None req-15692406-4309-4a32-be3c-f770b0413df0 36785ca2b6b346398dfbfa64c630a106 a1d93745ad924a2f849c647d115936c3 - - default default] No more DHCP agents
2026-07-10 01:02:51.713 9 WARNING neutron.api.rpc.agentnotifiers.dhcp_rpc_agent_api [None req-15692406-4309-4a32-be3c-f770b0413df0 36785ca2b6b346398dfbfa64c630a106 a1d93745ad924a2f849c647d115936c3 - - default default] Unable to schedule network 7d212a5b-e1f9-4016-8a57-7cbb1eeae429: no agents available; will retry on subsequent port and subnet creation events.
2026-07-10 01:02:51.763 9 INFO neutron.db.ovn_revision_numbers_db [None req-3ae49961-ba0f-4f72-835a-7f524a98415a b81e1998028545a3b6f2c38cae7035f1 ad5889d0256a493483d16a066b650057 - - default default] Successfully bumped revision number for resource 514401e9-0090-4b55-a3f8-a84329a58513 (type: ports) to 1
2026-07-10 01:02:51.786 9 INFO neutron.db.ovn_revision_numbers_db [None req-15692406-4309-4a32-be3c-f770b0413df0 36785ca2b6b346398dfbfa64c630a106 a1d93745ad924a2f849c647d115936c3 - - default default] Successfully bumped revision number for resource 17b122af-39f1-4899-943b-c9f021aa0502 (type: ports) to 1
2026-07-10 01:02:51.815 9 INFO neutron.api.wsgi [None req-15692406-4309-4a32-be3c-f770b0413df0 36785ca2b6b346398dfbfa64c630a106 a1d93745ad924a2f849c647d115936c3 - - default default] 10.0.0.54 "POST /v2.0/networks HTTP/1.1" status: 201 len: 928 time: 1.0346024
2026-07-10 01:02:51.842 10 INFO neutron.db.ovn_revision_numbers_db [None req-ba5a256e-18c2-4db7-86b0-71ef24c8c7f7 - - - - - -] Successfully bumped revision number for resource 42c1ef24-f321-44b2-a387-e22013fab63e (type: ports) to 1
2026-07-10 01:02:52.030 10 WARNING neutron.scheduler.dhcp_agent_scheduler [None req-d94cd77a-5fea-4ac8-b7ad-9cfb04fef9e1 36785ca2b6b346398dfbfa64c630a106 a1d93745ad924a2f849c647d115936c3 - - default default] No more DHCP agents
2026-07-10 01:02:52.033 10 WARNING neutron.api.rpc.agentnotifiers.dhcp_rpc_agent_api [None req-d94cd77a-5fea-4ac8-b7ad-9cfb04fef9e1 36785ca2b6b346398dfbfa64c630a106 a1d93745ad924a2f849c647d115936c3 - - default default] Unable to schedule network 7d212a5b-e1f9-4016-8a57-7cbb1eeae429: no agents available; will retry on subsequent port and subnet creation events.
2026-07-10 01:02:52.260 9 INFO neutron.plugins.ml2.drivers.ovn.mech_driver.mech_driver [None req-9066ed5c-b1fb-4c2f-8f48-bac2ecaed619 - - - - - -] OVN reports status up for port: 514401e9-0090-4b55-a3f8-a84329a58513
2026-07-10 01:02:52.274 9 INFO neutron.plugins.ml2.plugin [None req-9066ed5c-b1fb-4c2f-8f48-bac2ecaed619 - - - - - -] Attempt 1 to provision port 514401e9-0090-4b55-a3f8-a84329a58513
2026-07-10 01:02:52.290 9 INFO neutron.db.ovn_revision_numbers_db [None req-3ae49961-ba0f-4f72-835a-7f524a98415a b81e1998028545a3b6f2c38cae7035f1 ad5889d0256a493483d16a066b650057 - - default default] Successfully bumped revision number for resource 514401e9-0090-4b55-a3f8-a84329a58513 (type: ports) to 1
2026-07-10 01:02:52.344 9 WARNING neutron.scheduler.dhcp_agent_scheduler [None req-3ae49961-ba0f-4f72-835a-7f524a98415a b81e1998028545a3b6f2c38cae7035f1 ad5889d0256a493483d16a066b650057 - - default default] No more DHCP agents
2026-07-10 01:02:52.345 9 WARNING neutron.api.rpc.agentnotifiers.dhcp_rpc_agent_api [None req-3ae49961-ba0f-4f72-835a-7f524a98415a b81e1998028545a3b6f2c38cae7035f1 ad5889d0256a493483d16a066b650057 - - default default] Unable to schedule network d70b7286-4e3c-4b03-8cab-eea7f6341437: no agents available; will retry on subsequent port and subnet creation events.
2026-07-10 01:02:52.379 10 INFO neutron.db.ovn_revision_numbers_db [None req-ba5a256e-18c2-4db7-86b0-71ef24c8c7f7 - - - - - -] Successfully bumped revision number for resource 42c1ef24-f321-44b2-a387-e22013fab63e (type: ports) to 4
2026-07-10 01:02:52.659 9 INFO neutron.db.ovn_revision_numbers_db [None req-9066ed5c-b1fb-4c2f-8f48-bac2ecaed619 - - - - - -] Successfully bumped revision number for resource 514401e9-0090-4b55-a3f8-a84329a58513 (type: ports) to 2
2026-07-10 01:02:52.749 10 INFO neutron.api.wsgi [None req-496003f9-779d-4b6c-a025-8726e76d841d b81e1998028545a3b6f2c38cae7035f1 ad5889d0256a493483d16a066b650057 - - default default] 10.0.0.54 "PUT /v2.0/routers/94953945-bebe-42b1-b14c-815f90f9ba33/remove_router_interface HTTP/1.1" status: 200 len: 503 time: 1.7400472
2026-07-10 01:02:52.751 10 INFO neutron.db.ovn_revision_numbers_db [None req-e540c239-f3d5-4f2b-a059-e356e4d576e4 - - - - - -] Successfully bumped revision number for resource 17b122af-39f1-4899-943b-c9f021aa0502 (type: ports) to 2
2026-07-10 01:02:52.784 10 INFO neutron.db.ovn_revision_numbers_db [None req-e540c239-f3d5-4f2b-a059-e356e4d576e4 - - - - - -] Successfully bumped revision number for resource 8cb750c8-c3d7-40cb-a03e-bca54ac7d814 (type: subnets) to 0
2026-07-10 01:02:52.799 10 INFO neutron.api.wsgi [None req-d94cd77a-5fea-4ac8-b7ad-9cfb04fef9e1 36785ca2b6b346398dfbfa64c630a106 a1d93745ad924a2f849c647d115936c3 - - default default] 10.0.0.54 "POST /v2.0/subnets HTTP/1.1" status: 201 len: 843 time: 0.9782875 /var/lib/openstack/lib/python3.12/site-packages/pycadf/identifier.py:71: UserWarning: Invalid uuid: neutron. To ensure interoperability, identifiers should be a valid uuid. warnings.warn(('Invalid uuid: %s. To ensure interoperability, '
2026-07-10 01:02:52.822 10 WARNING neutron.api.v2.base [None req-13b3b832-cd66-419d-b380-ee65724473d2 36785ca2b6b346398dfbfa64c630a106 a1d93745ad924a2f849c647d115936c3 - - default default] An exception happened while processing the request body. The exception message is [Invalid input for target_tenant. Reason: 'None' is not a valid string.].: webob.exc.HTTPBadRequest: Invalid input for target_tenant. Reason: 'None' is not a valid string.
2026-07-10 01:02:52.823 10 INFO neutron.api.v2.resource [None req-13b3b832-cd66-419d-b380-ee65724473d2 36785ca2b6b346398dfbfa64c630a106 a1d93745ad924a2f849c647d115936c3 - - default default] create failed (client error): Invalid input for target_tenant. Reason: 'None' is not a valid string.
2026-07-10 01:02:52.823 10 INFO neutron.api.wsgi [None req-13b3b832-cd66-419d-b380-ee65724473d2 36785ca2b6b346398dfbfa64c630a106 a1d93745ad924a2f849c647d115936c3 - - default default] 10.0.0.54 "POST /v2.0/rbac-policies HTTP/1.1" status: 400 len: 346 time: 0.0066090
2026-07-10 01:02:52.841 10 INFO neutron.db.ovn_revision_numbers_db [None req-ba5a256e-18c2-4db7-86b0-71ef24c8c7f7 - - - - - -] Successfully bumped revision number for resource 42c1ef24-f321-44b2-a387-e22013fab63e (type: ports) to 5
2026-07-10 01:02:53.044 9 INFO neutron.db.ovn_revision_numbers_db [None req-3ae49961-ba0f-4f72-835a-7f524a98415a b81e1998028545a3b6f2c38cae7035f1 ad5889d0256a493483d16a066b650057 - - default default] Successfully bumped revision number for resource 514401e9-0090-4b55-a3f8-a84329a58513 (type: router_ports) to 1
2026-07-10 01:02:53.053 9 INFO neutron.api.wsgi [None req-3ae49961-ba0f-4f72-835a-7f524a98415a b81e1998028545a3b6f2c38cae7035f1 ad5889d0256a493483d16a066b650057 - - default default] 10.0.0.54 "PUT /v2.0/routers/80b78168-dc27-4cb2-99d7-a1f6f1395018/add_router_interface HTTP/1.1" status: 200 len: 503 time: 1.9819348
2026-07-10 01:02:53.279 10 INFO neutron.services.segments.plugin [-] Segment b1012ffe-ff3d-46c9-926e-83bb5872ac8d resource provider aggregate not found
2026-07-10 01:02:53.283 10 INFO neutron.services.segments.plugin [-] Segment b1012ffe-ff3d-46c9-926e-83bb5872ac8d resource provider aggregate not found
2026-07-10 01:02:53.297 10 INFO neutron.services.segments.plugin [-] Segment b1012ffe-ff3d-46c9-926e-83bb5872ac8d resource provider not found; error: Placement Client Error (4xx): {"errors": [{"status": 404, "title": "Not Found", "detail": "The resource could not be found.\n\n No resource provider with uuid b1012ffe-ff3d-46c9-926e-83bb5872ac8d found for delete ", "request_id": "req-59614d83-a793-4b5e-93e6-4d5a311f02c9"}]}
2026-07-10 01:02:53.297 10 INFO neutron.services.segments.plugin [-] Segment b1012ffe-ff3d-46c9-926e-83bb5872ac8d resource provider not found; error: Placement Client Error (4xx): {"errors": [{"status": 404, "title": "Not Found", "detail": "The resource could not be found.\n\n No resource provider with uuid b1012ffe-ff3d-46c9-926e-83bb5872ac8d found for delete ", "request_id": "req-b0715fc1-2357-4a73-9465-5dd440e3133e"}]}
2026-07-10 01:02:53.308 10 INFO neutron.api.wsgi [None req-d46c4722-0bac-450c-bddd-54031d92cc36 36785ca2b6b346398dfbfa64c630a106 a1d93745ad924a2f849c647d115936c3 - - default default] 10.0.0.54 "DELETE /v2.0/networks/7d212a5b-e1f9-4016-8a57-7cbb1eeae429 HTTP/1.1" status: 204 len: 168 time: 0.4795389
2026-07-10 01:02:53.414 10 INFO neutron.db.ovn_revision_numbers_db [None req-ee057ce5-aa47-47ac-bc44-7b46141e19c3 b81e1998028545a3b6f2c38cae7035f1 ad5889d0256a493483d16a066b650057 - - default default] Successfully bumped revision number for resource 8765db33-8989-43a7-9345-94a88a515d55 (type: security_groups) to 1
2026-07-10 01:02:53.428 10 INFO neutron.db.segments_db [None req-1e7f4143-4156-4367-93b6-34adce1f220b 36785ca2b6b346398dfbfa64c630a106 a1d93745ad924a2f849c647d115936c3 - - default default] Added segment da6bff26-9d88-4cb1-8c87-28d2a645a35e of type geneve for network 5b48352d-7478-479c-a1cb-b97bed06b53e
2026-07-10 01:02:53.430 10 INFO neutron.db.ovn_revision_numbers_db [None req-ee057ce5-aa47-47ac-bc44-7b46141e19c3 b81e1998028545a3b6f2c38cae7035f1 ad5889d0256a493483d16a066b650057 - - default default] Successfully bumped revision number for resource 03ba8c8c-2996-480a-bde2-5325d96779ce (type: security_group_rules) to 0
2026-07-10 01:02:53.445 10 INFO neutron.api.wsgi [-] 10.0.0.225 "GET / HTTP/1.1" status: 200 len: 246 time: 0.0013862
2026-07-10 01:02:53.446 10 INFO neutron.api.wsgi [-] 10.0.0.225 "GET / HTTP/1.1" status: 200 len: 246 time: 0.0011444
2026-07-10 01:02:53.447 10 INFO neutron.db.ovn_revision_numbers_db [None req-ee057ce5-aa47-47ac-bc44-7b46141e19c3 b81e1998028545a3b6f2c38cae7035f1 ad5889d0256a493483d16a066b650057 - - default default] Successfully bumped revision number for resource 39ecdb9a-efd7-436d-b6c8-d9bc5bb2efd8 (type: security_group_rules) to 0
2026-07-10 01:02:53.483 10 INFO neutron.db.ovn_revision_numbers_db [None req-ee057ce5-aa47-47ac-bc44-7b46141e19c3 b81e1998028545a3b6f2c38cae7035f1 ad5889d0256a493483d16a066b650057 - - default default] Successfully bumped revision number for resource 3b07e667-e1ca-442e-8d04-d606415a1986 (type: security_group_rules) to 0
2026-07-10 01:02:53.502 10 INFO neutron.db.ovn_revision_numbers_db [None req-ee057ce5-aa47-47ac-bc44-7b46141e19c3 b81e1998028545a3b6f2c38cae7035f1 ad5889d0256a493483d16a066b650057 - - default default] Successfully bumped revision number for resource 56523dc8-24a3-486a-8067-03d01585ef7f (type: security_group_rules) to 0
2026-07-10 01:02:53.542 10 INFO neutron.api.wsgi [None req-ee057ce5-aa47-47ac-bc44-7b46141e19c3 b81e1998028545a3b6f2c38cae7035f1 ad5889d0256a493483d16a066b650057 - - default default] 10.0.0.54 "GET /v2.0/security-groups?tenant_id=fe840e19a8ac4880852f7d7a126b5774&name=default HTTP/1.1" status: 200 len: 3120 time: 0.4166923
2026-07-10 01:02:53.560 9 INFO neutron.api.wsgi [None req-a530b58a-71ad-4170-8887-7747b49cbec3 b81e1998028545a3b6f2c38cae7035f1 ad5889d0256a493483d16a066b650057 - - default default] 10.0.0.54 "DELETE /v2.0/routers/94953945-bebe-42b1-b14c-815f90f9ba33 HTTP/1.1" status: 204 len: 168 time: 0.8043475
2026-07-10 01:02:53.578 10 INFO neutron.db.ovn_revision_numbers_db [None req-1e7f4143-4156-4367-93b6-34adce1f220b 36785ca2b6b346398dfbfa64c630a106 a1d93745ad924a2f849c647d115936c3 - - default default] Successfully bumped revision number for resource 5b48352d-7478-479c-a1cb-b97bed06b53e (type: networks) to 1
2026-07-10 01:02:53.727 9 INFO neutron.api.wsgi [None req-3b9c51d3-a243-449d-a923-aa07be8e6d97 b81e1998028545a3b6f2c38cae7035f1 ad5889d0256a493483d16a066b650057 - - default default] 10.0.0.54 "DELETE /v2.0/subnets/1381ee09-26c8-4229-a9f5-3150daad38cb HTTP/1.1" status: 204 len: 168 time: 0.1617563
2026-07-10 01:02:53.759 10 WARNING neutron.scheduler.dhcp_agent_scheduler [None req-1e7f4143-4156-4367-93b6-34adce1f220b 36785ca2b6b346398dfbfa64c630a106 a1d93745ad924a2f849c647d115936c3 - - default default] No more DHCP agents
2026-07-10 01:02:53.760 10 WARNING neutron.api.rpc.agentnotifiers.dhcp_rpc_agent_api [None req-1e7f4143-4156-4367-93b6-34adce1f220b 36785ca2b6b346398dfbfa64c630a106 a1d93745ad924a2f849c647d115936c3 - - default default] Unable to schedule network 5b48352d-7478-479c-a1cb-b97bed06b53e: no agents available; will retry on subsequent port and subnet creation events.
2026-07-10 01:02:53.791 10 INFO neutron.api.wsgi [None req-442996ee-36d7-4a57-9778-6ce70ffbc4f8 b81e1998028545a3b6f2c38cae7035f1 ad5889d0256a493483d16a066b650057 - - default default] 10.0.0.54 "DELETE /v2.0/security-groups/8765db33-8989-43a7-9345-94a88a515d55 HTTP/1.1" status: 204 len: 168 time: 0.2436924
2026-07-10 01:02:53.817 10 INFO neutron.db.ovn_revision_numbers_db [None req-1e7f4143-4156-4367-93b6-34adce1f220b 36785ca2b6b346398dfbfa64c630a106 a1d93745ad924a2f849c647d115936c3 - - default default] Successfully bumped revision number for resource dede22b1-71da-4cfd-a695-67f4509ef9cb (type: ports) to 1
2026-07-10 01:02:53.841 10 INFO neutron.api.wsgi [None req-1e7f4143-4156-4367-93b6-34adce1f220b 36785ca2b6b346398dfbfa64c630a106 a1d93745ad924a2f849c647d115936c3 - - default default] 10.0.0.54 "POST /v2.0/networks HTTP/1.1" status: 201 len: 928 time: 0.5280676
2026-07-10 01:02:54.013 10 INFO neutron.db.ovn_revision_numbers_db [None req-66eddec2-7029-4aa2-945c-a5e8782ab80f b81e1998028545a3b6f2c38cae7035f1 ad5889d0256a493483d16a066b650057 - - default default] Successfully bumped revision number for resource 802180d7-a73e-4b23-a807-eb2cc9644b04 (type: security_groups) to 1
2026-07-10 01:02:54.015 10 WARNING neutron.scheduler.dhcp_agent_scheduler [None req-2a1097b5-5049-4f9c-9ea2-54e14a8efcb6 36785ca2b6b346398dfbfa64c630a106 a1d93745ad924a2f849c647d115936c3 - - default default] No more DHCP agents
2026-07-10 01:02:54.016 10 WARNING neutron.api.rpc.agentnotifiers.dhcp_rpc_agent_api [None req-2a1097b5-5049-4f9c-9ea2-54e14a8efcb6 36785ca2b6b346398dfbfa64c630a106 a1d93745ad924a2f849c647d115936c3 - - default default] Unable to schedule network 5b48352d-7478-479c-a1cb-b97bed06b53e: no agents available; will retry on subsequent port and subnet creation events.
2026-07-10 01:02:54.019 9 INFO neutron.services.segments.plugin [-] Segment df50cf3e-4df1-44c7-a598-578f5bf1a5d6 resource provider aggregate not found
2026-07-10 01:02:54.027 9 INFO neutron.services.segments.plugin [-] Segment df50cf3e-4df1-44c7-a598-578f5bf1a5d6 resource provider aggregate not found
2026-07-10 01:02:54.032 9 INFO neutron.services.segments.plugin [-] Segment df50cf3e-4df1-44c7-a598-578f5bf1a5d6 resource provider not found; error: Placement Client Error (4xx): {"errors": [{"status": 404, "title": "Not Found", "detail": "The resource could not be found.\n\n No resource provider with uuid df50cf3e-4df1-44c7-a598-578f5bf1a5d6 found for delete ", "request_id": "req-86a26867-95bb-4b83-941e-da3f6178407c"}]}
2026-07-10 01:02:54.039 10 INFO neutron.db.ovn_revision_numbers_db [None req-66eddec2-7029-4aa2-945c-a5e8782ab80f b81e1998028545a3b6f2c38cae7035f1 ad5889d0256a493483d16a066b650057 - - default default] Successfully bumped revision number for resource 0d130376-dd69-4348-a9e3-dee760be54d7 (type: security_group_rules) to 0
2026-07-10 01:02:54.041 9 INFO neutron.services.segments.plugin [-] Segment df50cf3e-4df1-44c7-a598-578f5bf1a5d6 resource provider not found; error: Placement Client Error (4xx): {"errors": [{"status": 404, "title": "Not Found", "detail": "The resource could not be found.\n\n No resource provider with uuid df50cf3e-4df1-44c7-a598-578f5bf1a5d6 found for delete ", "request_id": "req-d5ab6e4e-a09d-47f0-a7c4-1060d2cfc865"}]}
2026-07-10 01:02:54.048 9 INFO neutron.api.wsgi [None req-0b05346c-55c6-4b0d-a54c-0986c0db88ae b81e1998028545a3b6f2c38cae7035f1 ad5889d0256a493483d16a066b650057 - - default default] 10.0.0.54 "DELETE /v2.0/networks/e859962e-741f-42fc-a848-4ab0c27d4b62 HTTP/1.1" status: 204 len: 168 time: 0.3148744
2026-07-10 01:02:54.055 10 INFO neutron.db.ovn_revision_numbers_db [None req-66eddec2-7029-4aa2-945c-a5e8782ab80f b81e1998028545a3b6f2c38cae7035f1 ad5889d0256a493483d16a066b650057 - - default default] Successfully bumped revision number for resource 1656cd55-cad3-4ee7-a0f3-19b86ee1321c (type: security_group_rules) to 0
2026-07-10 01:02:54.071 10 INFO neutron.db.ovn_revision_numbers_db [None req-66eddec2-7029-4aa2-945c-a5e8782ab80f b81e1998028545a3b6f2c38cae7035f1 ad5889d0256a493483d16a066b650057 - - default default] Successfully bumped revision number for resource 3390691a-79d0-47ff-afdb-36afbb1cea70 (type: security_group_rules) to 0
2026-07-10 01:02:54.087 10 INFO neutron.db.ovn_revision_numbers_db [None req-66eddec2-7029-4aa2-945c-a5e8782ab80f b81e1998028545a3b6f2c38cae7035f1 ad5889d0256a493483d16a066b650057 - - default default] Successfully bumped revision number for resource 798bb0e9-c0a0-4583-bcf3-8fe017a5d48b (type: security_group_rules) to 0
2026-07-10 01:02:54.128 10 INFO neutron.api.wsgi [None req-66eddec2-7029-4aa2-945c-a5e8782ab80f b81e1998028545a3b6f2c38cae7035f1 ad5889d0256a493483d16a066b650057 - - default default] 10.0.0.54 "GET /v2.0/security-groups?tenant_id=7793e953c7f74c7fa05d5873f2c118c7&name=default HTTP/1.1" status: 200 len: 3120 time: 0.2478256
2026-07-10 01:02:54.234 9 INFO neutron.api.wsgi [None req-eecabdc1-fe12-4b7c-a26a-27272a3e9f7b b81e1998028545a3b6f2c38cae7035f1 ad5889d0256a493483d16a066b650057 - - default default] 10.0.0.54 "GET /v2.0/security-groups?tenant_id=92c6136b7d6745c38a15b7ddd9607148&name=default HTTP/1.1" status: 200 len: 3120 time: 0.0489342
2026-07-10 01:02:54.383 9 INFO neutron.api.wsgi [None req-05565825-480a-4d2f-b91b-4284847ea266 b81e1998028545a3b6f2c38cae7035f1 ad5889d0256a493483d16a066b650057 - - default default] 10.0.0.54 "DELETE /v2.0/security-groups/802180d7-a73e-4b23-a807-eb2cc9644b04 HTTP/1.1" status: 204 len: 168 time: 0.2489228
2026-07-10 01:02:54.457 10 INFO neutron.db.ovn_revision_numbers_db [None req-76c9c5d0-0f5e-46cf-bf7c-4a0ad005d06b - - - - - -] Successfully bumped revision number for resource dede22b1-71da-4cfd-a695-67f4509ef9cb (type: ports) to 2
2026-07-10 01:02:54.459 9 INFO neutron.api.wsgi [None req-523a533c-aec4-4483-915e-811b64925bc1 b81e1998028545a3b6f2c38cae7035f1 ad5889d0256a493483d16a066b650057 - - default default] 10.0.0.54 "DELETE /v2.0/security-groups/02b22307-9bb9-430d-aaaa-854fea48051a HTTP/1.1" status: 204 len: 168 time: 0.2201765
2026-07-10 01:02:54.504 10 INFO neutron.db.ovn_revision_numbers_db [None req-76c9c5d0-0f5e-46cf-bf7c-4a0ad005d06b - - - - - -] Successfully bumped revision number for resource 4bc07fff-a0d5-4231-8b35-b7528d28070c (type: subnets) to 0
2026-07-10 01:02:54.522 10 INFO neutron.api.wsgi [None req-2a1097b5-5049-4f9c-9ea2-54e14a8efcb6 36785ca2b6b346398dfbfa64c630a106 a1d93745ad924a2f849c647d115936c3 - - default default] 10.0.0.54 "POST /v2.0/subnets HTTP/1.1" status: 201 len: 846 time: 0.6721046
2026-07-10 01:02:54.532 10 WARNING neutron.api.v2.base [None req-bd7f77bb-618e-417c-bac1-e9d2bf51e10b 36785ca2b6b346398dfbfa64c630a106 a1d93745ad924a2f849c647d115936c3 - - default default] An exception happened while processing the request body. The exception message is [Invalid input for target_tenant. Reason: '1234123412341234123412341234123412341234123412341234123412341234123412341234123412341234123412341234123412341234123412341234123412341234123412341234123412341234123412341234123412341234123412341234123412341234123412341234123412341234123412341234123412341234123412341234123412341234123412341234123412341234123412341234123412341234123412341234123412341234123412341234123412341234123412341234123412341234' exceeds maximum length of 255.].: webob.exc.HTTPBadRequest: Invalid input for target_tenant. Reason: '1234123412341234123412341234123412341234123412341234123412341234123412341234123412341234123412341234123412341234123412341234123412341234123412341234123412341234123412341234123412341234123412341234123412341234123412341234123412341234123412341234123412341234123412341234123412341234123412341234123412341234123412341234123412341234123412341234123412341234123412341234123412341234123412341234123412341234' exceeds maximum length of 255.
2026-07-10 01:02:54.533 10 INFO neutron.api.v2.resource [None req-bd7f77bb-618e-417c-bac1-e9d2bf51e10b 36785ca2b6b346398dfbfa64c630a106 a1d93745ad924a2f849c647d115936c3 - - default default] create failed (client error): Invalid input for target_tenant. Reason: '1234123412341234123412341234123412341234123412341234123412341234123412341234123412341234123412341234123412341234123412341234123412341234123412341234123412341234123412341234123412341234123412341234123412341234123412341234123412341234123412341234123412341234123412341234123412341234123412341234123412341234123412341234123412341234123412341234123412341234123412341234123412341234123412341234123412341234' exceeds maximum length of 255.
2026-07-10 01:02:54.534 10 INFO neutron.api.wsgi [None req-bd7f77bb-618e-417c-bac1-e9d2bf51e10b 36785ca2b6b346398dfbfa64c630a106 a1d93745ad924a2f849c647d115936c3 - - default default] 10.0.0.54 "POST /v2.0/rbac-policies HTTP/1.1" status: 400 len: 750 time: 0.0058424
2026-07-10 01:02:54.987 10 INFO neutron.api.wsgi [None req-50bf5e4e-75ba-43a6-af3d-4dd211f4fe68 36785ca2b6b346398dfbfa64c630a106 a1d93745ad924a2f849c647d115936c3 - - default default] 10.0.0.54 "DELETE /v2.0/networks/5b48352d-7478-479c-a1cb-b97bed06b53e HTTP/1.1" status: 204 len: 168 time: 0.4488676
2026-07-10 01:02:55.077 10 INFO neutron.db.segments_db [None req-6002a2eb-a7b8-425a-8a28-57e9df93ab9d 36785ca2b6b346398dfbfa64c630a106 a1d93745ad924a2f849c647d115936c3 - - default default] Added segment bc0b9257-eb24-4adf-a0b6-97b4f3bf4b29 of type geneve for network e89e494a-2c49-48ce-9222-7f16236f0397
2026-07-10 01:02:55.192 10 INFO neutron.db.ovn_revision_numbers_db [None req-6002a2eb-a7b8-425a-8a28-57e9df93ab9d 36785ca2b6b346398dfbfa64c630a106 a1d93745ad924a2f849c647d115936c3 - - default default] Successfully bumped revision number for resource e89e494a-2c49-48ce-9222-7f16236f0397 (type: networks) to 1
2026-07-10 01:02:55.319 10 INFO neutron.api.wsgi [req-08589fc5-640f-407a-a238-d1ea583fc87f req-8f2e32d9-fef5-4ab1-bda8-cd826ed38fd3 471485b697744ffba65f417ff90e880f ec025f7776d948e09528f56fcd8b3454 - - default default] 10.0.0.51 "GET /v2.0/networks?id=d70b7286-4e3c-4b03-8cab-eea7f6341437 HTTP/1.1" status: 200 len: 871 time: 0.0561759
2026-07-10 01:02:55.326 10 INFO neutron.services.segments.plugin [-] Segment da6bff26-9d88-4cb1-8c87-28d2a645a35e resource provider aggregate not found
2026-07-10 01:02:55.331 10 INFO neutron.services.segments.plugin [-] Segment da6bff26-9d88-4cb1-8c87-28d2a645a35e resource provider aggregate not found
2026-07-10 01:02:55.345 10 INFO neutron.services.segments.plugin [-] Segment da6bff26-9d88-4cb1-8c87-28d2a645a35e resource provider not found; error: Placement Client Error (4xx): {"errors": [{"status": 404, "title": "Not Found", "detail": "The resource could not be found.\n\n No resource provider with uuid da6bff26-9d88-4cb1-8c87-28d2a645a35e found for delete ", "request_id": "req-9a4ca192-a1f8-4b90-a573-37e438c21783"}]}
2026-07-10 01:02:55.347 10 INFO neutron.api.wsgi [req-08589fc5-640f-407a-a238-d1ea583fc87f req-eab59d69-6731-41ef-b18f-99d464059616 471485b697744ffba65f417ff90e880f ec025f7776d948e09528f56fcd8b3454 - - default default] 10.0.0.51 "GET /v2.0/quotas/ec025f7776d948e09528f56fcd8b3454 HTTP/1.1" status: 200 len: 491 time: 0.0126259
2026-07-10 01:02:55.350 10 INFO neutron.services.segments.plugin [-] Segment da6bff26-9d88-4cb1-8c87-28d2a645a35e resource provider not found; error: Placement Client Error (4xx): {"errors": [{"status": 404, "title": "Not Found", "detail": "The resource could not be found.\n\n No resource provider with uuid da6bff26-9d88-4cb1-8c87-28d2a645a35e found for delete ", "request_id": "req-82c50b2d-0cf0-444b-ba00-c47cea3f2c54"}]}
2026-07-10 01:02:55.416 10 WARNING neutron.scheduler.dhcp_agent_scheduler [None req-6002a2eb-a7b8-425a-8a28-57e9df93ab9d 36785ca2b6b346398dfbfa64c630a106 a1d93745ad924a2f849c647d115936c3 - - default default] No more DHCP agents
2026-07-10 01:02:55.418 10 WARNING neutron.api.rpc.agentnotifiers.dhcp_rpc_agent_api [None req-6002a2eb-a7b8-425a-8a28-57e9df93ab9d 36785ca2b6b346398dfbfa64c630a106 a1d93745ad924a2f849c647d115936c3 - - default default] Unable to schedule network e89e494a-2c49-48ce-9222-7f16236f0397: no agents available; will retry on subsequent port and subnet creation events.
2026-07-10 01:02:55.434 10 INFO neutron.api.wsgi [req-08589fc5-640f-407a-a238-d1ea583fc87f req-bbbd3b9d-91e5-4ede-8cdb-83423c7501f9 471485b697744ffba65f417ff90e880f ec025f7776d948e09528f56fcd8b3454 - - default default] 10.0.0.51 "GET /v2.0/ports?tenant_id=ec025f7776d948e09528f56fcd8b3454&fields=id HTTP/1.1" status: 200 len: 302 time: 0.0826321
2026-07-10 01:02:55.519 10 INFO neutron.api.wsgi [req-08589fc5-640f-407a-a238-d1ea583fc87f req-0472952b-355d-44c0-9731-bd28bdcd119c 024b6eb83cec478ca330b7ad67ed3935 21ec168f49c3452caaec72b7f2900559 - - 55386a1d57ec4b85801b7b529053a6af 55386a1d57ec4b85801b7b529053a6af] 10.0.0.51 "GET /v2.0/networks/d70b7286-4e3c-4b03-8cab-eea7f6341437?fields=segments HTTP/1.1" status: 200 len: 212 time: 0.0768123
2026-07-10 01:02:55.526 10 INFO neutron.db.ovn_revision_numbers_db [None req-6002a2eb-a7b8-425a-8a28-57e9df93ab9d 36785ca2b6b346398dfbfa64c630a106 a1d93745ad924a2f849c647d115936c3 - - default default] Successfully bumped revision number for resource 8a6e95b8-5500-4e02-a867-cab583757b96 (type: ports) to 1
2026-07-10 01:02:55.573 10 INFO neutron.api.wsgi [None req-6002a2eb-a7b8-425a-8a28-57e9df93ab9d 36785ca2b6b346398dfbfa64c630a106 a1d93745ad924a2f849c647d115936c3 - - default default] 10.0.0.54 "POST /v2.0/networks HTTP/1.1" status: 201 len: 929 time: 0.5792189
2026-07-10 01:02:55.602 10 INFO neutron.api.wsgi [req-08589fc5-640f-407a-a238-d1ea583fc87f req-3b92290a-e2b5-413c-b66b-70b4cfa3a813 024b6eb83cec478ca330b7ad67ed3935 21ec168f49c3452caaec72b7f2900559 - - 55386a1d57ec4b85801b7b529053a6af 55386a1d57ec4b85801b7b529053a6af] 10.0.0.51 "GET /v2.0/networks/d70b7286-4e3c-4b03-8cab-eea7f6341437?fields=provider%3Aphysical_network&fields=provider%3Anetwork_type HTTP/1.1" status: 200 len: 277 time: 0.0689785
2026-07-10 01:02:55.731 10 INFO neutron.api.wsgi [req-23f82ac1-7a9b-439f-8f06-19d77f98feca req-a5544a28-4769-4498-9ca3-0b1c3829995d 471485b697744ffba65f417ff90e880f ec025f7776d948e09528f56fcd8b3454 - - default default] 10.0.0.51 "GET /v2.0/ports?device_id=ea6bd126-ac9d-45d9-b90b-4621bb108ba2 HTTP/1.1" status: 200 len: 210 time: 0.0169678
2026-07-10 01:02:55.739 9 WARNING neutron.scheduler.dhcp_agent_scheduler [None req-d59b594c-1768-4078-84cb-1966481ac959 36785ca2b6b346398dfbfa64c630a106 a1d93745ad924a2f849c647d115936c3 - - default default] No more DHCP agents
