2026-07-10 01:04:53.719 10 INFO neutron.api.wsgi [None req-b4c89db3-2e1a-439b-83a4-58fc41cf70c0 1fa9c29db8bb41448cbd23a30068be04 fe4f5765db384e1c946b0d7a20f300c8 - - default default] 10.0.0.54 "DELETE /v2.0/vpn/ipsecpolicies/b28aeb96-3c25-43eb-9940-4334745f527f HTTP/1.1" status: 204 len: 168 time: 0.0324669
2026-07-10 01:04:53.730 10 WARNING neutron_lib.context [None req-99a057f4-09c0-4a55-b4b0-e584b05e9fd0 f5bf6606bd0e4c6596e2117e879906be 761b33bf484d407da56b5a9fc28b7504 - - default default] Method 'is_advsvc' is deprecated since 2023.2 release (neutron-lib 3.8.0) and will be removed once support for the old RBAC API policies will be removed from Neutron. Please use method 'is_service_role' instead.
2026-07-10 01:04:53.808 10 INFO neutron.db.segments_db [None req-99a057f4-09c0-4a55-b4b0-e584b05e9fd0 f5bf6606bd0e4c6596e2117e879906be 761b33bf484d407da56b5a9fc28b7504 - - default default] Added segment a9c14bb7-fa8a-44ef-9f90-b9f770a0d968 of type geneve for network 4a7a5f7e-41aa-4c63-aa56-52476f77aef6
2026-07-10 01:04:53.909 10 INFO neutron.db.ovn_revision_numbers_db [None req-99a057f4-09c0-4a55-b4b0-e584b05e9fd0 f5bf6606bd0e4c6596e2117e879906be 761b33bf484d407da56b5a9fc28b7504 - - default default] Successfully bumped revision number for resource 4a7a5f7e-41aa-4c63-aa56-52476f77aef6 (type: networks) to 1
2026-07-10 01:04:54.076 10 WARNING neutron.scheduler.dhcp_agent_scheduler [None req-99a057f4-09c0-4a55-b4b0-e584b05e9fd0 f5bf6606bd0e4c6596e2117e879906be 761b33bf484d407da56b5a9fc28b7504 - - default default] No more DHCP agents
2026-07-10 01:04:54.077 10 WARNING neutron.api.rpc.agentnotifiers.dhcp_rpc_agent_api [None req-99a057f4-09c0-4a55-b4b0-e584b05e9fd0 f5bf6606bd0e4c6596e2117e879906be 761b33bf484d407da56b5a9fc28b7504 - - default default] Unable to schedule network 4a7a5f7e-41aa-4c63-aa56-52476f77aef6: no agents available; will retry on subsequent port and subnet creation events.
2026-07-10 01:04:54.144 10 INFO neutron.db.ovn_revision_numbers_db [None req-99a057f4-09c0-4a55-b4b0-e584b05e9fd0 f5bf6606bd0e4c6596e2117e879906be 761b33bf484d407da56b5a9fc28b7504 - - default default] Successfully bumped revision number for resource 32a984f2-68bf-4ea6-938b-4787d8f7ed8a (type: ports) to 1
2026-07-10 01:04:54.164 10 INFO neutron.api.wsgi [None req-99a057f4-09c0-4a55-b4b0-e584b05e9fd0 f5bf6606bd0e4c6596e2117e879906be 761b33bf484d407da56b5a9fc28b7504 - - default default] 10.0.0.54 "POST /v2.0/networks HTTP/1.1" status: 201 len: 830 time: 0.4382873
2026-07-10 01:04:54.177 9 WARNING neutron_lib.context [None req-f4174b99-3613-4a06-8d84-5ab9dfa2ccb9 f5bf6606bd0e4c6596e2117e879906be 761b33bf484d407da56b5a9fc28b7504 - - default default] Method 'is_advsvc' is deprecated since 2023.2 release (neutron-lib 3.8.0) and will be removed once support for the old RBAC API policies will be removed from Neutron. Please use method 'is_service_role' instead.
2026-07-10 01:04:54.356 9 WARNING neutron.scheduler.dhcp_agent_scheduler [None req-f4174b99-3613-4a06-8d84-5ab9dfa2ccb9 f5bf6606bd0e4c6596e2117e879906be 761b33bf484d407da56b5a9fc28b7504 - - default default] No more DHCP agents
2026-07-10 01:04:54.357 9 WARNING neutron.api.rpc.agentnotifiers.dhcp_rpc_agent_api [None req-f4174b99-3613-4a06-8d84-5ab9dfa2ccb9 f5bf6606bd0e4c6596e2117e879906be 761b33bf484d407da56b5a9fc28b7504 - - default default] Unable to schedule network 4a7a5f7e-41aa-4c63-aa56-52476f77aef6: no agents available; will retry on subsequent port and subnet creation events.
2026-07-10 01:04:54.647 10 INFO neutron.api.wsgi [None req-aafae1a3-7f19-43a5-8124-e97c1eaa076d 7cd218510b054feb8d0c223c527e7f78 98bb87aa54884e24b2aeb9410b6e29df - - default default] 10.0.0.54 "GET /v2.0/ports/cf6058cb-881e-4520-9392-31c0471105b2 HTTP/1.1" status: 200 len: 1135 time: 0.0303814
2026-07-10 01:04:54.769 9 INFO neutron.db.ovn_revision_numbers_db [None req-e61107f7-f13d-497d-b84c-7a075aac6f8e - - - - - -] Successfully bumped revision number for resource 32a984f2-68bf-4ea6-938b-4787d8f7ed8a (type: ports) to 2
2026-07-10 01:04:54.798 9 INFO neutron.db.ovn_revision_numbers_db [None req-e61107f7-f13d-497d-b84c-7a075aac6f8e - - - - - -] Successfully bumped revision number for resource 58b2281e-6c87-4361-9092-0de1fb2e554a (type: subnets) to 0
2026-07-10 01:04:54.814 9 INFO neutron.api.wsgi [None req-f4174b99-3613-4a06-8d84-5ab9dfa2ccb9 f5bf6606bd0e4c6596e2117e879906be 761b33bf484d407da56b5a9fc28b7504 - - default default] 10.0.0.54 "POST /v2.0/subnets HTTP/1.1" status: 201 len: 828 time: 0.6437187
2026-07-10 01:04:54.829 9 WARNING neutron_lib.context [None req-012e78a4-035a-4996-94e1-4e6ee4c45b86 f5bf6606bd0e4c6596e2117e879906be 761b33bf484d407da56b5a9fc28b7504 - - default default] Method 'is_advsvc' is deprecated since 2023.2 release (neutron-lib 3.8.0) and will be removed once support for the old RBAC API policies will be removed from Neutron. Please use method 'is_service_role' instead.
2026-07-10 01:04:55.206 9 WARNING neutron.scheduler.dhcp_agent_scheduler [None req-012e78a4-035a-4996-94e1-4e6ee4c45b86 f5bf6606bd0e4c6596e2117e879906be 761b33bf484d407da56b5a9fc28b7504 - - default default] No more DHCP agents
2026-07-10 01:04:55.207 9 WARNING neutron.plugins.ml2.drivers.ovn.mech_driver.ovsdb.ovn_client [None req-0081f9cb-64b1-4701-88c2-2805be96d6d8 - - - - - -] No hosting information found for port ce08af44-47ee-42d1-93ba-5617bfa879f7: RuntimeError: No hosting information found for port ce08af44-47ee-42d1-93ba-5617bfa879f7
2026-07-10 01:04:55.208 9 WARNING neutron.api.rpc.agentnotifiers.dhcp_rpc_agent_api [None req-012e78a4-035a-4996-94e1-4e6ee4c45b86 f5bf6606bd0e4c6596e2117e879906be 761b33bf484d407da56b5a9fc28b7504 - - default default] Unable to schedule network 3bc58217-06a1-47e8-b7e9-00c2564b8f04: no agents available; will retry on subsequent port and subnet creation events.
2026-07-10 01:04:55.275 9 INFO neutron.db.ovn_revision_numbers_db [None req-0081f9cb-64b1-4701-88c2-2805be96d6d8 - - - - - -] Successfully bumped revision number for resource ce08af44-47ee-42d1-93ba-5617bfa879f7 (type: router_ports) to 2
2026-07-10 01:04:55.320 9 INFO neutron.db.ovn_revision_numbers_db [None req-012e78a4-035a-4996-94e1-4e6ee4c45b86 f5bf6606bd0e4c6596e2117e879906be 761b33bf484d407da56b5a9fc28b7504 - - default default] Successfully bumped revision number for resource cf0282ea-c458-405e-bfb0-3b3318315690 (type: ports) to 1
2026-07-10 01:04:55.647 10 WARNING neutron.plugins.ml2.drivers.ovn.mech_driver.ovsdb.ovn_client [None req-f1a0a508-2591-4f7e-a666-857d71de23a5 - - - - - -] No hosting information found for port 5a1ad07c-a1ce-40e3-bcf1-9a81ab1b11eb: RuntimeError: No hosting information found for port 5a1ad07c-a1ce-40e3-bcf1-9a81ab1b11eb
2026-07-10 01:04:55.695 9 INFO neutron.api.wsgi [None req-20701c65-15ba-48a1-b741-2362e8bd0e9e 7cd218510b054feb8d0c223c527e7f78 98bb87aa54884e24b2aeb9410b6e29df - - default default] 10.0.0.54 "GET /v2.0/ports/cf6058cb-881e-4520-9392-31c0471105b2 HTTP/1.1" status: 200 len: 1135 time: 0.0325372
2026-07-10 01:04:55.720 10 INFO neutron.db.ovn_revision_numbers_db [None req-f1a0a508-2591-4f7e-a666-857d71de23a5 - - - - - -] Successfully bumped revision number for resource 5a1ad07c-a1ce-40e3-bcf1-9a81ab1b11eb (type: router_ports) to 2
2026-07-10 01:04:55.720 10 INFO neutron.plugins.ml2.drivers.ovn.mech_driver.mech_driver [None req-f1a0a508-2591-4f7e-a666-857d71de23a5 - - - - - -] OVN reports status up for port: cf6058cb-881e-4520-9392-31c0471105b2
2026-07-10 01:04:55.726 10 INFO neutron.plugins.ml2.plugin [None req-f1a0a508-2591-4f7e-a666-857d71de23a5 - - - - - -] Attempt 1 to provision port cf6058cb-881e-4520-9392-31c0471105b2
2026-07-10 01:04:55.924 9 INFO neutron.plugins.ml2.drivers.ovn.mech_driver.ovsdb.commands [None req-de63255e-ff54-45fb-a85d-533e169c62c5 - - - - - -] Schedule LRP lrp-cf0282ea-c458-405e-bfb0-3b3318315690 on gateway e5929e1b-71c4-4d0f-851b-eddd482e630f with priority 1
2026-07-10 01:04:55.933 9 INFO neutron.plugins.ml2.drivers.ovn.mech_driver.mech_driver [None req-0081f9cb-64b1-4701-88c2-2805be96d6d8 - - - - - -] OVN reports status up for port: cf0282ea-c458-405e-bfb0-3b3318315690
2026-07-10 01:04:55.951 9 INFO neutron.plugins.ml2.plugin [None req-0081f9cb-64b1-4701-88c2-2805be96d6d8 - - - - - -] Attempt 1 to provision port cf0282ea-c458-405e-bfb0-3b3318315690
2026-07-10 01:04:55.971 9 INFO neutron.db.ovn_revision_numbers_db [None req-012e78a4-035a-4996-94e1-4e6ee4c45b86 f5bf6606bd0e4c6596e2117e879906be 761b33bf484d407da56b5a9fc28b7504 - - default default] Successfully bumped revision number for resource cf0282ea-c458-405e-bfb0-3b3318315690 (type: router_ports) to 1
2026-07-10 01:04:56.038 9 INFO neutron.db.ovn_revision_numbers_db [None req-012e78a4-035a-4996-94e1-4e6ee4c45b86 f5bf6606bd0e4c6596e2117e879906be 761b33bf484d407da56b5a9fc28b7504 - - default default] Successfully bumped revision number for resource 7e8eafec-2e47-4e18-81de-f6d4bec78e5e (type: routers) to 2
2026-07-10 01:04:56.041 10 INFO neutron.db.ovn_revision_numbers_db [None req-f1a0a508-2591-4f7e-a666-857d71de23a5 - - - - - -] Successfully bumped revision number for resource cf6058cb-881e-4520-9392-31c0471105b2 (type: ports) to 2
2026-07-10 01:04:56.051 9 INFO neutron.api.wsgi [None req-012e78a4-035a-4996-94e1-4e6ee4c45b86 f5bf6606bd0e4c6596e2117e879906be 761b33bf484d407da56b5a9fc28b7504 - - default default] 10.0.0.54 "POST /v2.0/routers HTTP/1.1" status: 201 len: 1134 time: 1.2288399
2026-07-10 01:04:56.540 9 WARNING neutron.scheduler.dhcp_agent_scheduler [None req-b975a626-3ea0-4d5b-aab5-bd2132d5db9d f5bf6606bd0e4c6596e2117e879906be 761b33bf484d407da56b5a9fc28b7504 - - default default] No more DHCP agents
2026-07-10 01:04:56.541 9 WARNING neutron.api.rpc.agentnotifiers.dhcp_rpc_agent_api [None req-b975a626-3ea0-4d5b-aab5-bd2132d5db9d f5bf6606bd0e4c6596e2117e879906be 761b33bf484d407da56b5a9fc28b7504 - - default default] Unable to schedule network 4a7a5f7e-41aa-4c63-aa56-52476f77aef6: no agents available; will retry on subsequent port and subnet creation events.
2026-07-10 01:04:56.651 9 INFO neutron.db.ovn_revision_numbers_db [None req-b975a626-3ea0-4d5b-aab5-bd2132d5db9d f5bf6606bd0e4c6596e2117e879906be 761b33bf484d407da56b5a9fc28b7504 - - default default] Successfully bumped revision number for resource 39a59822-3c84-4d51-93e0-d644e2db414d (type: ports) to 1
2026-07-10 01:04:56.758 10 INFO neutron.api.wsgi [None req-9aa53bba-848f-483b-9c4e-8def2e8465b1 7cd218510b054feb8d0c223c527e7f78 98bb87aa54884e24b2aeb9410b6e29df - - default default] 10.0.0.54 "GET /v2.0/ports/cf6058cb-881e-4520-9392-31c0471105b2 HTTP/1.1" status: 200 len: 1137 time: 0.0565505
2026-07-10 01:04:57.252 9 INFO neutron.db.ovn_revision_numbers_db [None req-b975a626-3ea0-4d5b-aab5-bd2132d5db9d f5bf6606bd0e4c6596e2117e879906be 761b33bf484d407da56b5a9fc28b7504 - - default default] Successfully bumped revision number for resource 39a59822-3c84-4d51-93e0-d644e2db414d (type: ports) to 1
2026-07-10 01:04:57.297 9 WARNING neutron.scheduler.dhcp_agent_scheduler [None req-b975a626-3ea0-4d5b-aab5-bd2132d5db9d f5bf6606bd0e4c6596e2117e879906be 761b33bf484d407da56b5a9fc28b7504 - - default default] No more DHCP agents
2026-07-10 01:04:57.298 9 WARNING neutron.api.rpc.agentnotifiers.dhcp_rpc_agent_api [None req-b975a626-3ea0-4d5b-aab5-bd2132d5db9d f5bf6606bd0e4c6596e2117e879906be 761b33bf484d407da56b5a9fc28b7504 - - default default] Unable to schedule network 4a7a5f7e-41aa-4c63-aa56-52476f77aef6: no agents available; will retry on subsequent port and subnet creation events.
2026-07-10 01:04:57.353 10 INFO neutron.api.wsgi [None req-195199ee-5f6f-4769-bdb2-959829b33f8f 7cd218510b054feb8d0c223c527e7f78 98bb87aa54884e24b2aeb9410b6e29df - - default default] 10.0.0.54 "PUT /v2.0/routers/4ba186cf-fdcc-4794-ab2e-fd0abc27b223/remove_router_interface HTTP/1.1" status: 200 len: 503 time: 0.5890126 /var/lib/openstack/lib/python3.12/site-packages/pycadf/identifier.py:71: UserWarning: Invalid uuid: neutron. To ensure interoperability, identifiers should be a valid uuid. warnings.warn(('Invalid uuid: %s. To ensure interoperability, '
2026-07-10 01:04:57.389 10 INFO neutron.api.wsgi [None req-752e3dc1-a100-4b5e-a54a-5cbceb03a881 7cd218510b054feb8d0c223c527e7f78 98bb87aa54884e24b2aeb9410b6e29df - - default default] 10.0.0.54 "GET /v2.0/ports?device_id=4ba186cf-fdcc-4794-ab2e-fd0abc27b223 HTTP/1.1" status: 200 len: 205 time: 0.0320115
2026-07-10 01:04:57.567 10 INFO neutron.api.wsgi [None req-00b82a99-921e-4d82-a999-07ae570baa92 7cd218510b054feb8d0c223c527e7f78 98bb87aa54884e24b2aeb9410b6e29df - - default default] 10.0.0.54 "DELETE /v2.0/routers/4ba186cf-fdcc-4794-ab2e-fd0abc27b223 HTTP/1.1" status: 204 len: 168 time: 0.1697993
2026-07-10 01:04:57.659 9 INFO neutron.db.ovn_revision_numbers_db [None req-b975a626-3ea0-4d5b-aab5-bd2132d5db9d f5bf6606bd0e4c6596e2117e879906be 761b33bf484d407da56b5a9fc28b7504 - - default default] Successfully bumped revision number for resource 39a59822-3c84-4d51-93e0-d644e2db414d (type: router_ports) to 1
2026-07-10 01:04:57.664 9 INFO neutron.api.wsgi [None req-b975a626-3ea0-4d5b-aab5-bd2132d5db9d f5bf6606bd0e4c6596e2117e879906be 761b33bf484d407da56b5a9fc28b7504 - - default default] 10.0.0.54 "PUT /v2.0/routers/7e8eafec-2e47-4e18-81de-f6d4bec78e5e/add_router_interface HTTP/1.1" status: 200 len: 503 time: 1.6080556
2026-07-10 01:04:57.770 10 INFO neutron.api.wsgi [None req-e42acbc6-3dba-4112-b183-f6605c48d3c1 7cd218510b054feb8d0c223c527e7f78 98bb87aa54884e24b2aeb9410b6e29df - - default default] 10.0.0.54 "DELETE /v2.0/subnets/6460b1cc-ce29-4c5c-b9a0-3bc5d89a2109 HTTP/1.1" status: 204 len: 168 time: 0.1978462
2026-07-10 01:04:58.086 10 INFO neutron.services.segments.plugin [-] Segment 2f44570a-985f-4bf6-bf0b-c1678b938383 resource provider aggregate not found
2026-07-10 01:04:58.095 10 INFO neutron.services.segments.plugin [-] Segment 2f44570a-985f-4bf6-bf0b-c1678b938383 resource provider aggregate not found
2026-07-10 01:04:58.102 10 INFO neutron.services.segments.plugin [-] Segment 2f44570a-985f-4bf6-bf0b-c1678b938383 resource provider not found; error: Placement Client Error (4xx): {"errors": [{"status": 404, "title": "Not Found", "detail": "The resource could not be found.\n\n No resource provider with uuid 2f44570a-985f-4bf6-bf0b-c1678b938383 found for delete ", "request_id": "req-bd33066e-fc72-40de-9821-1ffd46ea371c"}]}
2026-07-10 01:04:58.110 10 INFO neutron.services.segments.plugin [-] Segment 2f44570a-985f-4bf6-bf0b-c1678b938383 resource provider not found; error: Placement Client Error (4xx): {"errors": [{"status": 404, "title": "Not Found", "detail": "The resource could not be found.\n\n No resource provider with uuid 2f44570a-985f-4bf6-bf0b-c1678b938383 found for delete ", "request_id": "req-4452b9df-ce19-46f5-9e63-699db414c046"}]}
2026-07-10 01:04:58.151 10 INFO neutron.api.wsgi [None req-b4bbf390-5f60-4a0e-ae6b-6792e62e8ba7 7cd218510b054feb8d0c223c527e7f78 98bb87aa54884e24b2aeb9410b6e29df - - default default] 10.0.0.54 "DELETE /v2.0/networks/1fde3197-fef0-4069-b63d-04936fde196a HTTP/1.1" status: 204 len: 168 time: 0.3768744
2026-07-10 01:04:58.161 10 WARNING neutron_lib.context [None req-ac7ef003-3f01-4c9f-8a03-37f684ea5c24 7cd218510b054feb8d0c223c527e7f78 98bb87aa54884e24b2aeb9410b6e29df - - default default] Method 'is_advsvc' is deprecated since 2023.2 release (neutron-lib 3.8.0) and will be removed once support for the old RBAC API policies will be removed from Neutron. Please use method 'is_service_role' instead.
2026-07-10 01:04:58.210 9 WARNING neutron.scheduler.dhcp_agent_scheduler [None req-53f03bf7-8533-498a-b70d-1c350e9b098f - - - - - -] No more DHCP agents
2026-07-10 01:04:58.211 9 WARNING neutron.api.rpc.agentnotifiers.dhcp_rpc_agent_api [None req-53f03bf7-8533-498a-b70d-1c350e9b098f - - - - - -] Unable to schedule network 3bc58217-06a1-47e8-b7e9-00c2564b8f04: no agents available; will retry on subsequent port and subnet creation events.
2026-07-10 01:04:58.353 9 INFO neutron.db.ovn_revision_numbers_db [None req-53f03bf7-8533-498a-b70d-1c350e9b098f - - - - - -] Successfully bumped revision number for resource 0d9cc012-bf7a-46d8-8859-8f00133b5ed7 (type: ports) to 1
2026-07-10 01:04:58.657 9 INFO neutron.db.ovn_revision_numbers_db [None req-53f03bf7-8533-498a-b70d-1c350e9b098f - - - - - -] Successfully bumped revision number for resource 0d9cc012-bf7a-46d8-8859-8f00133b5ed7 (type: ports) to 3
2026-07-10 01:04:58.671 10 WARNING neutron.scheduler.dhcp_agent_scheduler [None req-ac7ef003-3f01-4c9f-8a03-37f684ea5c24 7cd218510b054feb8d0c223c527e7f78 98bb87aa54884e24b2aeb9410b6e29df - - default default] No more DHCP agents
2026-07-10 01:04:58.673 10 WARNING neutron.api.rpc.agentnotifiers.dhcp_rpc_agent_api [None req-ac7ef003-3f01-4c9f-8a03-37f684ea5c24 7cd218510b054feb8d0c223c527e7f78 98bb87aa54884e24b2aeb9410b6e29df - - default default] Unable to schedule network 3bc58217-06a1-47e8-b7e9-00c2564b8f04: no agents available; will retry on subsequent port and subnet creation events.
2026-07-10 01:04:58.711 9 INFO neutron.db.segments_db [None req-53f03bf7-8533-498a-b70d-1c350e9b098f - - - - - -] Added segment 4dd389fb-83ef-4700-ac8d-f0bca04f4477 of type geneve for network cba6d791-14ba-44ed-9197-ae67c4e4cb21
2026-07-10 01:04:58.802 10 INFO neutron.db.ovn_revision_numbers_db [None req-ac7ef003-3f01-4c9f-8a03-37f684ea5c24 7cd218510b054feb8d0c223c527e7f78 98bb87aa54884e24b2aeb9410b6e29df - - default default] Successfully bumped revision number for resource f9b96fc7-8659-4870-abd2-6b4ce535db4d (type: ports) to 1
2026-07-10 01:04:58.842 9 INFO neutron.db.ovn_revision_numbers_db [None req-3dc66515-6fb4-473f-854f-a5ea05405019 - - - - - -] Successfully bumped revision number for resource cba6d791-14ba-44ed-9197-ae67c4e4cb21 (type: networks) to 1
2026-07-10 01:04:58.977 9 WARNING neutron.scheduler.dhcp_agent_scheduler [None req-3dc66515-6fb4-473f-854f-a5ea05405019 - - - - - -] No more DHCP agents
2026-07-10 01:04:58.978 9 WARNING neutron.api.rpc.agentnotifiers.dhcp_rpc_agent_api [None req-3dc66515-6fb4-473f-854f-a5ea05405019 - - - - - -] Unable to schedule network cba6d791-14ba-44ed-9197-ae67c4e4cb21: no agents available; will retry on subsequent port and subnet creation events.
2026-07-10 01:04:59.034 9 INFO neutron.db.ovn_revision_numbers_db [None req-3dc66515-6fb4-473f-854f-a5ea05405019 - - - - - -] Successfully bumped revision number for resource 4e38c6b5-b6d3-4578-b802-cda97a9553ea (type: ports) to 1
2026-07-10 01:04:59.167 9 WARNING neutron.scheduler.dhcp_agent_scheduler [None req-3dc66515-6fb4-473f-854f-a5ea05405019 - - - - - -] No more DHCP agents
2026-07-10 01:04:59.168 9 WARNING neutron.api.rpc.agentnotifiers.dhcp_rpc_agent_api [None req-3dc66515-6fb4-473f-854f-a5ea05405019 - - - - - -] Unable to schedule network cba6d791-14ba-44ed-9197-ae67c4e4cb21: no agents available; will retry on subsequent port and subnet creation events.
2026-07-10 01:04:59.194 9 INFO neutron.db.ovn_revision_numbers_db [None req-3dc66515-6fb4-473f-854f-a5ea05405019 - - - - - -] Successfully bumped revision number for resource fafed4f1-ede6-4b41-88d3-c92bdbc19d84 (type: subnets) to 0
2026-07-10 01:04:59.379 10 INFO neutron.plugins.ml2.drivers.ovn.mech_driver.ovsdb.commands [None req-0a1d19b9-3e0c-4908-a504-6dc6611e46dc - - - - - -] Schedule LRP lrp-f9b96fc7-8659-4870-abd2-6b4ce535db4d on gateway e5929e1b-71c4-4d0f-851b-eddd482e630f with priority 1
2026-07-10 01:04:59.422 10 INFO neutron.db.ovn_revision_numbers_db [None req-ac7ef003-3f01-4c9f-8a03-37f684ea5c24 7cd218510b054feb8d0c223c527e7f78 98bb87aa54884e24b2aeb9410b6e29df - - default default] Successfully bumped revision number for resource f9b96fc7-8659-4870-abd2-6b4ce535db4d (type: router_ports) to 1
2026-07-10 01:04:59.489 10 INFO neutron.db.ovn_revision_numbers_db [None req-ac7ef003-3f01-4c9f-8a03-37f684ea5c24 7cd218510b054feb8d0c223c527e7f78 98bb87aa54884e24b2aeb9410b6e29df - - default default] Successfully bumped revision number for resource d580a81b-23a2-446f-b010-37e202c634ab (type: routers) to 2
2026-07-10 01:04:59.508 10 INFO neutron.api.wsgi [None req-ac7ef003-3f01-4c9f-8a03-37f684ea5c24 7cd218510b054feb8d0c223c527e7f78 98bb87aa54884e24b2aeb9410b6e29df - - default default] 10.0.0.54 "POST /v2.0/routers HTTP/1.1" status: 201 len: 1147 time: 1.3505776
2026-07-10 01:04:59.573 9 WARNING neutron.scheduler.dhcp_agent_scheduler [None req-3dc66515-6fb4-473f-854f-a5ea05405019 - - - - - -] No more DHCP agents
2026-07-10 01:04:59.573 10 INFO neutron.api.wsgi [None req-a8043e12-68af-4297-a7a3-edb1877503dc 7cd218510b054feb8d0c223c527e7f78 98bb87aa54884e24b2aeb9410b6e29df - - default default] 10.0.0.54 "GET /v2.0/routers/d580a81b-23a2-446f-b010-37e202c634ab HTTP/1.1" status: 200 len: 1148 time: 0.0607870
2026-07-10 01:04:59.574 9 WARNING neutron.api.rpc.agentnotifiers.dhcp_rpc_agent_api [None req-3dc66515-6fb4-473f-854f-a5ea05405019 - - - - - -] Unable to schedule network cba6d791-14ba-44ed-9197-ae67c4e4cb21: no agents available; will retry on subsequent port and subnet creation events.
2026-07-10 01:04:59.649 10 INFO neutron.api.wsgi [None req-3c36f4f0-69b2-4a3e-9bab-5702864d704a 7cd218510b054feb8d0c223c527e7f78 98bb87aa54884e24b2aeb9410b6e29df - - default default] 10.0.0.54 "GET /v2.0/routers HTTP/1.1" status: 200 len: 1151 time: 0.0692780
2026-07-10 01:04:59.697 9 INFO neutron.db.ovn_revision_numbers_db [None req-3dc66515-6fb4-473f-854f-a5ea05405019 - - - - - -] Successfully bumped revision number for resource 229fe950-76fa-4f5b-b88f-a73babf21582 (type: ports) to 1
2026-07-10 01:05:00.048 10 INFO neutron.db.ovn_revision_numbers_db [None req-33b49c39-a1f2-4358-bb0b-a1ab8de4d2c0 7cd218510b054feb8d0c223c527e7f78 98bb87aa54884e24b2aeb9410b6e29df - - default default] Successfully bumped revision number for resource d580a81b-23a2-446f-b010-37e202c634ab (type: routers) to 3
2026-07-10 01:05:00.055 10 INFO neutron.api.wsgi [None req-33b49c39-a1f2-4358-bb0b-a1ab8de4d2c0 7cd218510b054feb8d0c223c527e7f78 98bb87aa54884e24b2aeb9410b6e29df - - default default] 10.0.0.54 "PUT /v2.0/routers/d580a81b-23a2-446f-b010-37e202c634ab HTTP/1.1" status: 200 len: 1155 time: 0.3995588
2026-07-10 01:05:00.109 10 INFO neutron.api.wsgi [None req-da94d4d5-4346-48c2-abf6-fa67c5043def 7cd218510b054feb8d0c223c527e7f78 98bb87aa54884e24b2aeb9410b6e29df - - default default] 10.0.0.54 "GET /v2.0/routers/d580a81b-23a2-446f-b010-37e202c634ab HTTP/1.1" status: 200 len: 1155 time: 0.0497627
2026-07-10 01:05:00.145 10 INFO neutron.api.wsgi [None req-6f9c8d88-edc8-4889-ba58-cb1a3a44e6b1 7cd218510b054feb8d0c223c527e7f78 98bb87aa54884e24b2aeb9410b6e29df - - default default] 10.0.0.54 "GET /v2.0/ports?device_id=d580a81b-23a2-446f-b010-37e202c634ab HTTP/1.1" status: 200 len: 205 time: 0.0303240
2026-07-10 01:05:00.304 9 INFO neutron.db.ovn_revision_numbers_db [None req-3dc66515-6fb4-473f-854f-a5ea05405019 - - - - - -] Successfully bumped revision number for resource 229fe950-76fa-4f5b-b88f-a73babf21582 (type: ports) to 1
2026-07-10 01:05:00.349 9 WARNING neutron.scheduler.dhcp_agent_scheduler [None req-3dc66515-6fb4-473f-854f-a5ea05405019 - - - - - -] No more DHCP agents
2026-07-10 01:05:00.350 9 WARNING neutron.api.rpc.agentnotifiers.dhcp_rpc_agent_api [None req-3dc66515-6fb4-473f-854f-a5ea05405019 - - - - - -] Unable to schedule network cba6d791-14ba-44ed-9197-ae67c4e4cb21: no agents available; will retry on subsequent port and subnet creation events.
2026-07-10 01:05:00.871 10 INFO neutron.api.wsgi [None req-1823e8f5-7965-40a4-a079-5d275f9433c5 7cd218510b054feb8d0c223c527e7f78 98bb87aa54884e24b2aeb9410b6e29df - - default default] 10.0.0.54 "DELETE /v2.0/routers/d580a81b-23a2-446f-b010-37e202c634ab HTTP/1.1" status: 204 len: 168 time: 0.7218237
2026-07-10 01:05:00.895 10 INFO neutron.api.wsgi [None req-4e19eb6d-7053-4298-8c62-fb3371e8b32c 7cd218510b054feb8d0c223c527e7f78 98bb87aa54884e24b2aeb9410b6e29df - - default default] 10.0.0.54 "GET /v2.0/ports?device_id=d580a81b-23a2-446f-b010-37e202c634ab HTTP/1.1" status: 200 len: 205 time: 0.0170803
2026-07-10 01:05:00.912 10 INFO neutron.api.v2.resource [None req-225943c9-5fbf-4716-b390-3e231c12475d 7cd218510b054feb8d0c223c527e7f78 98bb87aa54884e24b2aeb9410b6e29df - - default default] delete failed (client error): The resource could not be found.
2026-07-10 01:05:00.913 10 INFO neutron.api.wsgi [None req-225943c9-5fbf-4716-b390-3e231c12475d 7cd218510b054feb8d0c223c527e7f78 98bb87aa54884e24b2aeb9410b6e29df - - default default] 10.0.0.54 "DELETE /v2.0/routers/d580a81b-23a2-446f-b010-37e202c634ab HTTP/1.1" status: 404 len: 336 time: 0.0138500
2026-07-10 01:05:00.918 10 WARNING neutron.plugins.ml2.drivers.ovn.mech_driver.ovsdb.ovn_client [None req-829a54c1-2523-478d-8cd9-9103303ea970 - - - - - -] No port found with ID cf6058cb-881e-4520-9392-31c0471105b2: RuntimeError: No port found with ID cf6058cb-881e-4520-9392-31c0471105b2
2026-07-10 01:05:00.930 10 INFO neutron.api.wsgi [None req-c0c75592-df3f-4326-9efc-47e91b9828e3 7cd218510b054feb8d0c223c527e7f78 98bb87aa54884e24b2aeb9410b6e29df - - default default] 10.0.0.54 "GET /v2.0/ports?device_id=4ba186cf-fdcc-4794-ab2e-fd0abc27b223 HTTP/1.1" status: 200 len: 205 time: 0.0133567
2026-07-10 01:05:00.957 9 INFO neutron.api.v2.resource [None req-38c60c37-d4e9-424b-8a7d-136c9208d135 7cd218510b054feb8d0c223c527e7f78 98bb87aa54884e24b2aeb9410b6e29df - - default default] delete failed (client error): The resource could not be found.
2026-07-10 01:05:00.958 9 INFO neutron.api.wsgi [None req-38c60c37-d4e9-424b-8a7d-136c9208d135 7cd218510b054feb8d0c223c527e7f78 98bb87aa54884e24b2aeb9410b6e29df - - default default] 10.0.0.54 "DELETE /v2.0/routers/4ba186cf-fdcc-4794-ab2e-fd0abc27b223 HTTP/1.1" status: 404 len: 336 time: 0.0206912
2026-07-10 01:05:00.976 9 INFO neutron.pecan_wsgi.hooks.translation [None req-2305ba56-0720-43a7-9ac5-f3a38d61430e 7cd218510b054feb8d0c223c527e7f78 98bb87aa54884e24b2aeb9410b6e29df - - default default] DELETE failed (client error): The resource could not be found.
2026-07-10 01:05:00.978 9 INFO neutron.api.wsgi [None req-2305ba56-0720-43a7-9ac5-f3a38d61430e 7cd218510b054feb8d0c223c527e7f78 98bb87aa54884e24b2aeb9410b6e29df - - default default] 10.0.0.54 "DELETE /v2.0/subnets/6460b1cc-ce29-4c5c-b9a0-3bc5d89a2109 HTTP/1.1" status: 404 len: 337 time: 0.0118554
2026-07-10 01:05:00.979 9 INFO neutron.db.ovn_revision_numbers_db [None req-3dc66515-6fb4-473f-854f-a5ea05405019 - - - - - -] Successfully bumped revision number for resource 229fe950-76fa-4f5b-b88f-a73babf21582 (type: router_ports) to 1
2026-07-10 01:05:01.001 10 INFO neutron.api.wsgi [None req-9d659bfd-c130-4fcc-bf17-38ce1405643c 7cd218510b054feb8d0c223c527e7f78 98bb87aa54884e24b2aeb9410b6e29df - - default default] 10.0.0.54 "GET /v2.0/ports?device_id=32a1027d-aa64-447e-85b3-4fbeb5549897 HTTP/1.1" status: 200 len: 205 time: 0.0174179
2026-07-10 01:05:01.035 10 INFO neutron.api.v2.resource [None req-069f35bb-a288-418d-9029-602f981acd70 7cd218510b054feb8d0c223c527e7f78 98bb87aa54884e24b2aeb9410b6e29df - - default default] delete failed (client error): The resource could not be found.
2026-07-10 01:05:01.037 10 INFO neutron.api.wsgi [None req-069f35bb-a288-418d-9029-602f981acd70 7cd218510b054feb8d0c223c527e7f78 98bb87aa54884e24b2aeb9410b6e29df - - default default] 10.0.0.54 "DELETE /v2.0/routers/32a1027d-aa64-447e-85b3-4fbeb5549897 HTTP/1.1" status: 404 len: 336 time: 0.0248761
2026-07-10 01:05:01.038 10 INFO neutron.plugins.ml2.drivers.ovn.mech_driver.mech_driver [None req-829a54c1-2523-478d-8cd9-9103303ea970 - - - - - -] OVN reports status up for port: 39a59822-3c84-4d51-93e0-d644e2db414d
2026-07-10 01:05:01.051 10 INFO neutron.plugins.ml2.plugin [None req-829a54c1-2523-478d-8cd9-9103303ea970 - - - - - -] Attempt 1 to provision port 39a59822-3c84-4d51-93e0-d644e2db414d
2026-07-10 01:05:01.057 10 INFO neutron.pecan_wsgi.hooks.translation [None req-69eb064d-7a1b-4fe2-aa79-8bb6a2408763 7cd218510b054feb8d0c223c527e7f78 98bb87aa54884e24b2aeb9410b6e29df - - default default] DELETE failed (client error): The resource could not be found.
2026-07-10 01:05:01.059 10 INFO neutron.api.wsgi [None req-69eb064d-7a1b-4fe2-aa79-8bb6a2408763 7cd218510b054feb8d0c223c527e7f78 98bb87aa54884e24b2aeb9410b6e29df - - default default] 10.0.0.54 "DELETE /v2.0/subnets/2e381729-7271-4838-a13c-850bf9817e83 HTTP/1.1" status: 404 len: 337 time: 0.0201371
2026-07-10 01:05:01.086 9 INFO neutron.api.wsgi [None req-366fcfc9-4714-48b8-9334-52ab8624bd90 7cd218510b054feb8d0c223c527e7f78 98bb87aa54884e24b2aeb9410b6e29df - - default default] 10.0.0.54 "GET /v2.0/ports?device_id=f9388ff8-8106-4229-b893-cbb3e8abac41 HTTP/1.1" status: 200 len: 205 time: 0.0236063
2026-07-10 01:05:01.106 10 INFO neutron.api.v2.resource [None req-1ff11b67-075c-4bef-87a1-d4d835d170b5 7cd218510b054feb8d0c223c527e7f78 98bb87aa54884e24b2aeb9410b6e29df - - default default] delete failed (client error): The resource could not be found.
2026-07-10 01:05:01.107 10 INFO neutron.api.wsgi [None req-1ff11b67-075c-4bef-87a1-d4d835d170b5 7cd218510b054feb8d0c223c527e7f78 98bb87aa54884e24b2aeb9410b6e29df - - default default] 10.0.0.54 "DELETE /v2.0/routers/f9388ff8-8106-4229-b893-cbb3e8abac41 HTTP/1.1" status: 404 len: 336 time: 0.0174954
2026-07-10 01:05:01.121 9 INFO neutron.pecan_wsgi.hooks.translation [None req-f9f40dcc-b8b0-457b-9664-a0172d25a1bd 7cd218510b054feb8d0c223c527e7f78 98bb87aa54884e24b2aeb9410b6e29df - - default default] DELETE failed (client error): The resource could not be found.
2026-07-10 01:05:01.123 9 INFO neutron.api.wsgi [None req-f9f40dcc-b8b0-457b-9664-a0172d25a1bd 7cd218510b054feb8d0c223c527e7f78 98bb87aa54884e24b2aeb9410b6e29df - - default default] 10.0.0.54 "DELETE /v2.0/subnets/4a107912-42dc-4bcb-bf99-0d684ae7d81c HTTP/1.1" status: 404 len: 337 time: 0.0129611
2026-07-10 01:05:01.140 10 INFO neutron.pecan_wsgi.hooks.translation [None req-d8417d80-b56a-4a0b-8868-3e192a02ef84 7cd218510b054feb8d0c223c527e7f78 98bb87aa54884e24b2aeb9410b6e29df - - default default] DELETE failed (client error): The resource could not be found.
2026-07-10 01:05:01.143 10 INFO neutron.api.wsgi [None req-d8417d80-b56a-4a0b-8868-3e192a02ef84 7cd218510b054feb8d0c223c527e7f78 98bb87aa54884e24b2aeb9410b6e29df - - default default] 10.0.0.54 "DELETE /v2.0/subnets/72314260-daa0-4fc6-a2a5-a4848188d292 HTTP/1.1" status: 404 len: 337 time: 0.0163386
2026-07-10 01:05:01.234 9 WARNING neutron.scheduler.dhcp_agent_scheduler [None req-3dc66515-6fb4-473f-854f-a5ea05405019 - - - - - -] No more DHCP agents
2026-07-10 01:05:01.235 9 WARNING neutron.api.rpc.agentnotifiers.dhcp_rpc_agent_api [None req-3dc66515-6fb4-473f-854f-a5ea05405019 - - - - - -] Unable to schedule network cba6d791-14ba-44ed-9197-ae67c4e4cb21: no agents available; will retry on subsequent port and subnet creation events.
2026-07-10 01:05:01.310 9 WARNING neutron.plugins.ml2.drivers.ovn.mech_driver.ovsdb.ovn_client [None req-0081f9cb-64b1-4701-88c2-2805be96d6d8 - - - - - -] No hosting information found for port cf0282ea-c458-405e-bfb0-3b3318315690: RuntimeError: No hosting information found for port cf0282ea-c458-405e-bfb0-3b3318315690
2026-07-10 01:05:01.310 9 INFO neutron.plugins.ml2.drivers.ovn.mech_driver.mech_driver [None req-0081f9cb-64b1-4701-88c2-2805be96d6d8 - - - - - -] OVN reports status up for port: 641f5f93-9791-445c-baf9-4dd1a66aebe3
2026-07-10 01:05:01.327 9 INFO neutron.plugins.ml2.plugin [None req-0081f9cb-64b1-4701-88c2-2805be96d6d8 - - - - - -] Attempt 1 to provision port 641f5f93-9791-445c-baf9-4dd1a66aebe3
2026-07-10 01:05:01.403 9 INFO neutron.db.ovn_revision_numbers_db [None req-3dc66515-6fb4-473f-854f-a5ea05405019 - - - - - -] Successfully bumped revision number for resource 0ddac223-e317-4f06-94b5-eea42e8f6f2b (type: ports) to 1
2026-07-10 01:05:01.468 10 INFO neutron.db.ovn_revision_numbers_db [None req-829a54c1-2523-478d-8cd9-9103303ea970 - - - - - -] Successfully bumped revision number for resource 39a59822-3c84-4d51-93e0-d644e2db414d (type: ports) to 2
2026-07-10 01:05:01.641 9 INFO neutron.db.ovn_revision_numbers_db [None req-0081f9cb-64b1-4701-88c2-2805be96d6d8 - - - - - -] Successfully bumped revision number for resource 641f5f93-9791-445c-baf9-4dd1a66aebe3 (type: ports) to 4
2026-07-10 01:05:01.737 9 INFO neutron.db.ovn_revision_numbers_db [None req-3dc66515-6fb4-473f-854f-a5ea05405019 - - - - - -] Successfully bumped revision number for resource 0ddac223-e317-4f06-94b5-eea42e8f6f2b (type: ports) to 3
2026-07-10 01:05:01.882 10 WARNING neutron_lib.context [None req-be092d5a-9f76-4d98-9391-2396dacab509 f1605540799940d6a8c6802153d04f9d 8bbd1757e6f3481f8a206f9152e1a87a - - default default] Method 'is_advsvc' is deprecated since 2023.2 release (neutron-lib 3.8.0) and will be removed once support for the old RBAC API policies will be removed from Neutron. Please use method 'is_service_role' instead.
2026-07-10 01:05:01.929 10 INFO neutron.api.wsgi [None req-9c354bea-129c-4b20-8d12-638119330f95 b81e1998028545a3b6f2c38cae7035f1 ad5889d0256a493483d16a066b650057 - - default default] 10.0.0.54 "GET /v2.0/security-groups?tenant_id=98bb87aa54884e24b2aeb9410b6e29df&name=default HTTP/1.1" status: 200 len: 3120 time: 0.0742409
2026-07-10 01:05:02.049 10 INFO neutron.db.ovn_revision_numbers_db [None req-be092d5a-9f76-4d98-9391-2396dacab509 f1605540799940d6a8c6802153d04f9d 8bbd1757e6f3481f8a206f9152e1a87a - - default default] Successfully bumped revision number for resource 24a6b4a8-6cfc-4be1-9824-21e8e30aa151 (type: security_groups) to 1
2026-07-10 01:05:02.063 10 INFO neutron.db.ovn_revision_numbers_db [None req-be092d5a-9f76-4d98-9391-2396dacab509 f1605540799940d6a8c6802153d04f9d 8bbd1757e6f3481f8a206f9152e1a87a - - default default] Successfully bumped revision number for resource 16920a00-c5a8-4465-9dde-4f231233b9d2 (type: security_group_rules) to 0
2026-07-10 01:05:02.082 10 INFO neutron.db.ovn_revision_numbers_db [None req-be092d5a-9f76-4d98-9391-2396dacab509 f1605540799940d6a8c6802153d04f9d 8bbd1757e6f3481f8a206f9152e1a87a - - default default] Successfully bumped revision number for resource 238f913e-4b78-4f1c-941f-032121db7381 (type: security_group_rules) to 0
2026-07-10 01:05:02.092 10 INFO neutron.db.ovn_revision_numbers_db [None req-be092d5a-9f76-4d98-9391-2396dacab509 f1605540799940d6a8c6802153d04f9d 8bbd1757e6f3481f8a206f9152e1a87a - - default default] Successfully bumped revision number for resource c93211b6-2232-40d2-a32c-fc38913f6abe (type: security_group_rules) to 0
2026-07-10 01:05:02.107 10 INFO neutron.db.ovn_revision_numbers_db [None req-be092d5a-9f76-4d98-9391-2396dacab509 f1605540799940d6a8c6802153d04f9d 8bbd1757e6f3481f8a206f9152e1a87a - - default default] Successfully bumped revision number for resource fdcb24a4-0da2-4ff6-a4c0-4da7222087f4 (type: security_group_rules) to 0
2026-07-10 01:05:02.146 10 INFO neutron.api.wsgi [None req-d4e1e7d6-17f9-47dc-b2c3-dac56e325675 b81e1998028545a3b6f2c38cae7035f1 ad5889d0256a493483d16a066b650057 - - default default] 10.0.0.54 "DELETE /v2.0/security-groups/edbdbb0a-94f8-46ca-a2c1-6f0f3634554d HTTP/1.1" status: 204 len: 168 time: 0.2128513
2026-07-10 01:05:02.179 10 INFO neutron.db.segments_db [None req-be092d5a-9f76-4d98-9391-2396dacab509 f1605540799940d6a8c6802153d04f9d 8bbd1757e6f3481f8a206f9152e1a87a - - default default] Added segment fc874d9a-196b-48d2-a971-20c777d30d5c of type geneve for network 594827c3-e6d9-4125-be6d-35a192e411d6
2026-07-10 01:05:02.280 10 INFO neutron.db.ovn_revision_numbers_db [None req-be092d5a-9f76-4d98-9391-2396dacab509 f1605540799940d6a8c6802153d04f9d 8bbd1757e6f3481f8a206f9152e1a87a - - default default] Successfully bumped revision number for resource 594827c3-e6d9-4125-be6d-35a192e411d6 (type: networks) to 1
2026-07-10 01:05:02.441 10 WARNING neutron.scheduler.dhcp_agent_scheduler [None req-be092d5a-9f76-4d98-9391-2396dacab509 f1605540799940d6a8c6802153d04f9d 8bbd1757e6f3481f8a206f9152e1a87a - - default default] No more DHCP agents
2026-07-10 01:05:02.449 10 WARNING neutron.api.rpc.agentnotifiers.dhcp_rpc_agent_api [None req-be092d5a-9f76-4d98-9391-2396dacab509 f1605540799940d6a8c6802153d04f9d 8bbd1757e6f3481f8a206f9152e1a87a - - default default] Unable to schedule network 594827c3-e6d9-4125-be6d-35a192e411d6: no agents available; will retry on subsequent port and subnet creation events.
2026-07-10 01:05:02.509 10 INFO neutron.db.ovn_revision_numbers_db [None req-be092d5a-9f76-4d98-9391-2396dacab509 f1605540799940d6a8c6802153d04f9d 8bbd1757e6f3481f8a206f9152e1a87a - - default default] Successfully bumped revision number for resource 09b13195-21f0-43ec-a959-8a17282e27a3 (type: ports) to 1
2026-07-10 01:05:02.530 10 INFO neutron.api.wsgi [None req-be092d5a-9f76-4d98-9391-2396dacab509 f1605540799940d6a8c6802153d04f9d 8bbd1757e6f3481f8a206f9152e1a87a - - default default] 10.0.0.54 "POST /v2.0/networks HTTP/1.1" status: 201 len: 839 time: 0.8024781
2026-07-10 01:05:02.543 9 WARNING neutron_lib.context [None req-b053ce75-36a1-456c-8c07-871901b01279 f1605540799940d6a8c6802153d04f9d 8bbd1757e6f3481f8a206f9152e1a87a - - default default] Method 'is_advsvc' is deprecated since 2023.2 release (neutron-lib 3.8.0) and will be removed once support for the old RBAC API policies will be removed from Neutron. Please use method 'is_service_role' instead.
2026-07-10 01:05:02.608 9 INFO neutron.api.wsgi [None req-57a35a32-be63-4243-b10f-674fdb0b017e 1fa9c29db8bb41448cbd23a30068be04 fe4f5765db384e1c946b0d7a20f300c8 - - default default] 10.0.0.54 "POST /v2.0/vpn/vpnservices HTTP/1.1" status: 201 len: 657 time: 4.9370606
2026-07-10 01:05:02.634 10 INFO neutron.api.wsgi [None req-c60702dc-8f66-4827-b5d0-4372fbef69b0 f5bf6606bd0e4c6596e2117e879906be 761b33bf484d407da56b5a9fc28b7504 - - default default] 10.0.0.54 "GET /v2.0/vpn/vpnservices HTTP/1.1" status: 200 len: 1509 time: 0.0131209
2026-07-10 01:05:02.753 9 WARNING neutron.scheduler.dhcp_agent_scheduler [None req-b053ce75-36a1-456c-8c07-871901b01279 f1605540799940d6a8c6802153d04f9d 8bbd1757e6f3481f8a206f9152e1a87a - - default default] No more DHCP agents
2026-07-10 01:05:02.755 9 WARNING neutron.api.rpc.agentnotifiers.dhcp_rpc_agent_api [None req-b053ce75-36a1-456c-8c07-871901b01279 f1605540799940d6a8c6802153d04f9d 8bbd1757e6f3481f8a206f9152e1a87a - - default default] Unable to schedule network 594827c3-e6d9-4125-be6d-35a192e411d6: no agents available; will retry on subsequent port and subnet creation events.
2026-07-10 01:05:03.150 9 INFO neutron.db.ovn_revision_numbers_db [None req-be696e3c-ff7f-430c-84a6-9565c167522c - - - - - -] Successfully bumped revision number for resource 09b13195-21f0-43ec-a959-8a17282e27a3 (type: ports) to 2
2026-07-10 01:05:03.183 9 INFO neutron.db.ovn_revision_numbers_db [None req-be696e3c-ff7f-430c-84a6-9565c167522c - - - - - -] Successfully bumped revision number for resource 91015b79-c964-4a83-9313-0c2e8e236bb5 (type: subnets) to 0
2026-07-10 01:05:03.204 9 INFO neutron.api.wsgi [None req-b053ce75-36a1-456c-8c07-871901b01279 f1605540799940d6a8c6802153d04f9d 8bbd1757e6f3481f8a206f9152e1a87a - - default default] 10.0.0.54 "POST /v2.0/subnets HTTP/1.1" status: 201 len: 856 time: 0.6673455
2026-07-10 01:05:03.442 10 INFO neutron.api.wsgi [None req-d1eeba1e-d33c-4ef9-af69-c2b91a7ef96d aa6100ddd37b42a78c25a92c0ad7c452 1f46896c3a7444d781d88b53c92883d5 - - default default] 10.0.0.54 "GET /v2.0/subnetpools?name=shared-default-subnetpool-v6 HTTP/1.1" status: 200 len: 212 time: 0.2308142
2026-07-10 01:05:03.451 9 WARNING neutron_lib.context [None req-2e0c852c-43f4-443f-a0e8-35c389b22395 f1605540799940d6a8c6802153d04f9d 8bbd1757e6f3481f8a206f9152e1a87a - - default default] Method 'is_advsvc' is deprecated since 2023.2 release (neutron-lib 3.8.0) and will be removed once support for the old RBAC API policies will be removed from Neutron. Please use method 'is_service_role' instead.
2026-07-10 01:05:03.653 9 WARNING neutron.scheduler.dhcp_agent_scheduler [None req-2e0c852c-43f4-443f-a0e8-35c389b22395 f1605540799940d6a8c6802153d04f9d 8bbd1757e6f3481f8a206f9152e1a87a - - default default] No more DHCP agents
2026-07-10 01:05:03.654 9 WARNING neutron.api.rpc.agentnotifiers.dhcp_rpc_agent_api [None req-2e0c852c-43f4-443f-a0e8-35c389b22395 f1605540799940d6a8c6802153d04f9d 8bbd1757e6f3481f8a206f9152e1a87a - - default default] Unable to schedule network 594827c3-e6d9-4125-be6d-35a192e411d6: no agents available; will retry on subsequent port and subnet creation events.
2026-07-10 01:05:03.682 9 INFO neutron.db.ovn_revision_numbers_db [None req-2e0c852c-43f4-443f-a0e8-35c389b22395 f1605540799940d6a8c6802153d04f9d 8bbd1757e6f3481f8a206f9152e1a87a - - default default] Successfully bumped revision number for resource 2c8b39b6-c019-4e40-bf3f-812e899371e8 (type: subnets) to 0
2026-07-10 01:05:03.697 9 INFO neutron.api.wsgi [None req-2e0c852c-43f4-443f-a0e8-35c389b22395 f1605540799940d6a8c6802153d04f9d 8bbd1757e6f3481f8a206f9152e1a87a - - default default] 10.0.0.54 "POST /v2.0/subnets HTTP/1.1" status: 201 len: 931 time: 0.2508655
2026-07-10 01:05:03.710 10 WARNING neutron_lib.context [None req-b70350bb-f7fa-453d-b381-009352cf9745 f1605540799940d6a8c6802153d04f9d 8bbd1757e6f3481f8a206f9152e1a87a - - default default] Method 'is_advsvc' is deprecated since 2023.2 release (neutron-lib 3.8.0) and will be removed once support for the old RBAC API policies will be removed from Neutron. Please use method 'is_service_role' instead.
2026-07-10 01:05:03.819 10 INFO neutron.db.segments_db [None req-b70350bb-f7fa-453d-b381-009352cf9745 f1605540799940d6a8c6802153d04f9d 8bbd1757e6f3481f8a206f9152e1a87a - - default default] Added segment 16cbecc2-9d50-47e8-82be-30d443fae7ff of type geneve for network e12e8376-e861-4144-816e-7eff9973a72a
2026-07-10 01:05:03.961 10 INFO neutron.db.ovn_revision_numbers_db [None req-b70350bb-f7fa-453d-b381-009352cf9745 f1605540799940d6a8c6802153d04f9d 8bbd1757e6f3481f8a206f9152e1a87a - - default default] Successfully bumped revision number for resource e12e8376-e861-4144-816e-7eff9973a72a (type: networks) to 1
2026-07-10 01:05:04.058 9 WARNING neutron_lib.context [None req-470f132c-d5b4-48e2-833c-c939a8778745 725f89d63c8a4ae78173a146a053c3cb 043ea816448a47f086ac08818c0ce8ca - - default default] Method 'is_advsvc' is deprecated since 2023.2 release (neutron-lib 3.8.0) and will be removed once support for the old RBAC API policies will be removed from Neutron. Please use method 'is_service_role' instead.
2026-07-10 01:05:04.157 10 WARNING neutron.scheduler.dhcp_agent_scheduler [None req-b70350bb-f7fa-453d-b381-009352cf9745 f1605540799940d6a8c6802153d04f9d 8bbd1757e6f3481f8a206f9152e1a87a - - default default] No more DHCP agents
2026-07-10 01:05:04.159 10 WARNING neutron.api.rpc.agentnotifiers.dhcp_rpc_agent_api [None req-b70350bb-f7fa-453d-b381-009352cf9745 f1605540799940d6a8c6802153d04f9d 8bbd1757e6f3481f8a206f9152e1a87a - - default default] Unable to schedule network e12e8376-e861-4144-816e-7eff9973a72a: no agents available; will retry on subsequent port and subnet creation events.
2026-07-10 01:05:04.183 9 INFO neutron.db.ovn_revision_numbers_db [None req-470f132c-d5b4-48e2-833c-c939a8778745 725f89d63c8a4ae78173a146a053c3cb 043ea816448a47f086ac08818c0ce8ca - - default default] Successfully bumped revision number for resource 3ff19715-02d0-486e-afec-e1299f73ec58 (type: security_groups) to 1
2026-07-10 01:05:04.196 9 INFO neutron.db.ovn_revision_numbers_db [None req-470f132c-d5b4-48e2-833c-c939a8778745 725f89d63c8a4ae78173a146a053c3cb 043ea816448a47f086ac08818c0ce8ca - - default default] Successfully bumped revision number for resource 124c1add-8500-4909-83cf-bfa0c8c78aaf (type: security_group_rules) to 0
2026-07-10 01:05:04.217 9 INFO neutron.db.ovn_revision_numbers_db [None req-470f132c-d5b4-48e2-833c-c939a8778745 725f89d63c8a4ae78173a146a053c3cb 043ea816448a47f086ac08818c0ce8ca - - default default] Successfully bumped revision number for resource 42c180d7-7a1f-4318-a946-f6c6d52f16d1 (type: security_group_rules) to 0
2026-07-10 01:05:04.233 9 INFO neutron.db.ovn_revision_numbers_db [None req-470f132c-d5b4-48e2-833c-c939a8778745 725f89d63c8a4ae78173a146a053c3cb 043ea816448a47f086ac08818c0ce8ca - - default default] Successfully bumped revision number for resource 5af5b5b2-bd7c-4ee6-a7a4-ac1881d20f4c (type: security_group_rules) to 0
2026-07-10 01:05:04.245 9 INFO neutron.db.ovn_revision_numbers_db [None req-470f132c-d5b4-48e2-833c-c939a8778745 725f89d63c8a4ae78173a146a053c3cb 043ea816448a47f086ac08818c0ce8ca - - default default] Successfully bumped revision number for resource 93c029a6-5e18-4734-bb1e-90acd6b0aabe (type: security_group_rules) to 0
2026-07-10 01:05:04.267 10 INFO neutron.db.ovn_revision_numbers_db [None req-b70350bb-f7fa-453d-b381-009352cf9745 f1605540799940d6a8c6802153d04f9d 8bbd1757e6f3481f8a206f9152e1a87a - - default default] Successfully bumped revision number for resource c9c729db-e0ea-44ee-b1a2-3fb56672ec4f (type: ports) to 1
2026-07-10 01:05:04.315 10 INFO neutron.api.wsgi [None req-b70350bb-f7fa-453d-b381-009352cf9745 f1605540799940d6a8c6802153d04f9d 8bbd1757e6f3481f8a206f9152e1a87a - - default default] 10.0.0.54 "POST /v2.0/networks HTTP/1.1" status: 201 len: 836 time: 0.6103041
2026-07-10 01:05:04.326 9 WARNING neutron_lib.context [None req-a44cbee0-da1a-4b7e-b488-0bb8f4627572 f1605540799940d6a8c6802153d04f9d 8bbd1757e6f3481f8a206f9152e1a87a - - default default] Method 'is_advsvc' is deprecated since 2023.2 release (neutron-lib 3.8.0) and will be removed once support for the old RBAC API policies will be removed from Neutron. Please use method 'is_service_role' instead.
2026-07-10 01:05:04.417 9 INFO neutron.db.ovn_revision_numbers_db [None req-470f132c-d5b4-48e2-833c-c939a8778745 725f89d63c8a4ae78173a146a053c3cb 043ea816448a47f086ac08818c0ce8ca - - default default] Successfully bumped revision number for resource fa0d5632-5839-4937-8a41-acda7234510f (type: security_groups) to 1
2026-07-10 01:05:04.434 9 INFO neutron.db.ovn_revision_numbers_db [None req-470f132c-d5b4-48e2-833c-c939a8778745 725f89d63c8a4ae78173a146a053c3cb 043ea816448a47f086ac08818c0ce8ca - - default default] Successfully bumped revision number for resource c95ffbdf-4819-4da6-9285-c6f3b2f9f1ea (type: security_group_rules) to 0
2026-07-10 01:05:04.455 9 INFO neutron.db.ovn_revision_numbers_db [None req-470f132c-d5b4-48e2-833c-c939a8778745 725f89d63c8a4ae78173a146a053c3cb 043ea816448a47f086ac08818c0ce8ca - - default default] Successfully bumped revision number for resource df7458c6-d9a1-498c-a870-e284193a7a94 (type: security_group_rules) to 0
2026-07-10 01:05:04.507 9 INFO neutron.api.wsgi [None req-470f132c-d5b4-48e2-833c-c939a8778745 725f89d63c8a4ae78173a146a053c3cb 043ea816448a47f086ac08818c0ce8ca - - default default] 10.0.0.54 "POST /v2.0/security-groups HTTP/1.1" status: 201 len: 1826 time: 0.5558696
2026-07-10 01:05:04.563 9 WARNING neutron.scheduler.dhcp_agent_scheduler [None req-a44cbee0-da1a-4b7e-b488-0bb8f4627572 f1605540799940d6a8c6802153d04f9d 8bbd1757e6f3481f8a206f9152e1a87a - - default default] No more DHCP agents
2026-07-10 01:05:04.564 9 WARNING neutron.api.rpc.agentnotifiers.dhcp_rpc_agent_api [None req-a44cbee0-da1a-4b7e-b488-0bb8f4627572 f1605540799940d6a8c6802153d04f9d 8bbd1757e6f3481f8a206f9152e1a87a - - default default] Unable to schedule network e12e8376-e861-4144-816e-7eff9973a72a: no agents available; will retry on subsequent port and subnet creation events.
2026-07-10 01:05:04.585 10 INFO neutron.api.wsgi [None req-435226ae-971b-48c1-9f0d-421f6d7657b8 725f89d63c8a4ae78173a146a053c3cb 043ea816448a47f086ac08818c0ce8ca - - default default] 10.0.0.54 "GET /v2.0/security-groups HTTP/1.1" status: 200 len: 4730 time: 0.0699999
2026-07-10 01:05:04.670 9 INFO neutron.db.ovn_revision_numbers_db [None req-3b04bb63-03be-4154-a0ce-2f2f568bcb7b 725f89d63c8a4ae78173a146a053c3cb 043ea816448a47f086ac08818c0ce8ca - - default default] Successfully bumped revision number for resource fa0d5632-5839-4937-8a41-acda7234510f (type: security_groups) to 2
2026-07-10 01:05:04.706 9 INFO neutron.api.wsgi [None req-3b04bb63-03be-4154-a0ce-2f2f568bcb7b 725f89d63c8a4ae78173a146a053c3cb 043ea816448a47f086ac08818c0ce8ca - - default default] 10.0.0.54 "PUT /v2.0/security-groups/fa0d5632-5839-4937-8a41-acda7234510f HTTP/1.1" status: 200 len: 1860 time: 0.1167631 /var/lib/openstack/lib/python3.12/site-packages/pycadf/identifier.py:71: UserWarning: Invalid uuid: neutron. To ensure interoperability, identifiers should be a valid uuid. warnings.warn(('Invalid uuid: %s. To ensure interoperability, '
2026-07-10 01:05:04.737 10 INFO neutron.api.wsgi [None req-17887bb3-2d4c-4ba8-9185-cc460077ded5 725f89d63c8a4ae78173a146a053c3cb 043ea816448a47f086ac08818c0ce8ca - - default default] 10.0.0.54 "GET /v2.0/security-groups/fa0d5632-5839-4937-8a41-acda7234510f HTTP/1.1" status: 200 len: 1860 time: 0.0257001
2026-07-10 01:05:04.860 10 INFO neutron.api.wsgi [None req-bb8c3f28-bfe2-44f9-a4dc-4b9d7351b4e3 725f89d63c8a4ae78173a146a053c3cb 043ea816448a47f086ac08818c0ce8ca - - default default] 10.0.0.54 "DELETE /v2.0/security-groups/fa0d5632-5839-4937-8a41-acda7234510f HTTP/1.1" status: 204 len: 168 time: 0.1185338
2026-07-10 01:05:04.905 9 INFO neutron.api.wsgi [None req-bd8d2e66-a233-471c-9290-0ea9ebb5f33a 725f89d63c8a4ae78173a146a053c3cb 043ea816448a47f086ac08818c0ce8ca - - default default] 10.0.0.54 "GET /v2.0/security-groups HTTP/1.1" status: 200 len: 3124 time: 0.0382259
2026-07-10 01:05:04.928 9 INFO neutron.api.v2.resource [None req-968fed28-b857-41c3-9125-5c9281a09a91 725f89d63c8a4ae78173a146a053c3cb 043ea816448a47f086ac08818c0ce8ca - - default default] delete failed (client error): The resource could not be found.
2026-07-10 01:05:04.929 9 INFO neutron.api.wsgi [None req-968fed28-b857-41c3-9125-5c9281a09a91 725f89d63c8a4ae78173a146a053c3cb 043ea816448a47f086ac08818c0ce8ca - - default default] 10.0.0.54 "DELETE /v2.0/security-groups/fa0d5632-5839-4937-8a41-acda7234510f HTTP/1.1" status: 404 len: 347 time: 0.0145464
