Jul 02 01:01:33.052750 np0000183842 devstack@neutron-api.service[101869]: INFO neutron.api.extensions [None req-c6f40eac-02cf-4de0-8927-291038985040 None None] Extension ip_allocation not supported by any of loaded plugins
Jul 02 01:01:33.052924 np0000183842 devstack@neutron-api.service[101869]: DEBUG neutron.api.extensions [None req-c6f40eac-02cf-4de0-8927-291038985040 None None] Loading extension file: ip_substring_port_filtering.py {{(pid=101869) _load_all_extensions_from_path /opt/stack/neutron/neutron/api/extensions.py:449}}
Jul 02 01:01:33.053205 np0000183842 devstack@neutron-api.service[101869]: DEBUG neutron.api.extensions [None req-c6f40eac-02cf-4de0-8927-291038985040 None None] Ext name="IP address substring filtering" alias="ip-substring-filtering" description="Provides IP address substring filtering when listing ports" updated="2017-11-28T09:00:00-00:00" {{(pid=101869) _check_extension /opt/stack/neutron/neutron/api/extensions.py:415}}
Jul 02 01:01:33.053379 np0000183842 devstack@neutron-api.service[101868]: INFO neutron.plugins.ml2.drivers.type_vlan [None req-e4f8de72-5c48-4eb1-82cf-3929ec1bbd88 None None] VlanTypeDriver initialization complete
Jul 02 01:01:33.053771 np0000183842 devstack@neutron-api.service[101869]: INFO neutron.api.extensions [None req-c6f40eac-02cf-4de0-8927-291038985040 None None] Extension ip-substring-filtering not supported by any of loaded plugins
Jul 02 01:01:33.053945 np0000183842 devstack@neutron-api.service[101868]: INFO neutron.plugins.ml2.managers [None req-e4f8de72-5c48-4eb1-82cf-3929ec1bbd88 None None] Initializing extension driver 'port_security'
Jul 02 01:01:33.053945 np0000183842 devstack@neutron-api.service[101868]: INFO neutron.plugins.ml2.extensions.port_security [None req-e4f8de72-5c48-4eb1-82cf-3929ec1bbd88 None None] PortSecurityExtensionDriver initialization complete
Jul 02 01:01:33.054122 np0000183842 devstack@neutron-api.service[101869]: DEBUG neutron.api.extensions [None req-c6f40eac-02cf-4de0-8927-291038985040 None None] Loading extension file: l2_adjacency.py {{(pid=101869) _load_all_extensions_from_path /opt/stack/neutron/neutron/api/extensions.py:449}}
Jul 02 01:01:33.054258 np0000183842 devstack@neutron-api.service[101868]: INFO neutron.plugins.ml2.managers [None req-e4f8de72-5c48-4eb1-82cf-3929ec1bbd88 None None] Initializing extension driver 'qos'
Jul 02 01:01:33.054258 np0000183842 devstack@neutron-api.service[101868]: DEBUG neutron.plugins.ml2.extensions.qos [None req-e4f8de72-5c48-4eb1-82cf-3929ec1bbd88 None None] QosExtensionDriver initialization complete {{(pid=101868) initialize /opt/stack/neutron/neutron/plugins/ml2/extensions/qos.py:31}}
Jul 02 01:01:33.054258 np0000183842 devstack@neutron-api.service[101868]: INFO neutron.plugins.ml2.managers [None req-e4f8de72-5c48-4eb1-82cf-3929ec1bbd88 None None] Initializing mechanism driver 'ovn'
Jul 02 01:01:33.054463 np0000183842 devstack@neutron-api.service[101869]: DEBUG neutron.api.extensions [None req-c6f40eac-02cf-4de0-8927-291038985040 None None] Ext name="L2 Adjacency" alias="l2_adjacency" description="Display L2 Adjacency for Neutron Networks." updated="2016-04-12T16:00:00-00:00" {{(pid=101869) _check_extension /opt/stack/neutron/neutron/api/extensions.py:415}}
Jul 02 01:01:33.054687 np0000183842 devstack@neutron-api.service[101868]: INFO neutron.plugins.ml2.drivers.ovn.mech_driver.mech_driver [None req-e4f8de72-5c48-4eb1-82cf-3929ec1bbd88 None None] Starting OVNMechanismDriver
Jul 02 01:01:33.054887 np0000183842 devstack@neutron-api.service[101869]: INFO neutron.api.extensions [None req-c6f40eac-02cf-4de0-8927-291038985040 None None] Extension l2_adjacency not supported by any of loaded plugins
Jul 02 01:01:33.054887 np0000183842 devstack@neutron-api.service[101869]: DEBUG neutron.api.extensions [None req-c6f40eac-02cf-4de0-8927-291038985040 None None] Loading extension file: l3.py {{(pid=101869) _load_all_extensions_from_path /opt/stack/neutron/neutron/api/extensions.py:449}}
Jul 02 01:01:33.054887 np0000183842 devstack@neutron-api.service[101869]: DEBUG neutron.api.extensions [None req-c6f40eac-02cf-4de0-8927-291038985040 None None] Ext name="Neutron L3 Router" alias="router" description="Router abstraction for basic L3 forwarding between L2 Neutron networks and access to external networks via a NAT gateway." updated="2012-07-20T10:00:00-00:00" {{(pid=101869) _check_extension /opt/stack/neutron/neutron/api/extensions.py:415}}
Jul 02 01:01:33.055268 np0000183842 devstack@neutron-api.service[101869]: INFO neutron.api.extensions [None req-c6f40eac-02cf-4de0-8927-291038985040 None None] Loaded extension: router
Jul 02 01:01:33.055268 np0000183842 devstack@neutron-api.service[101869]: DEBUG neutron.api.extensions [None req-c6f40eac-02cf-4de0-8927-291038985040 None None] Loading extension file: l3_agent_scheduler_ha_chassis_priority.py {{(pid=101869) _load_all_extensions_from_path /opt/stack/neutron/neutron/api/extensions.py:449}}
Jul 02 01:01:33.055455 np0000183842 devstack@neutron-api.service[101868]: DEBUG neutron_lib.callbacks.manager [None req-e4f8de72-5c48-4eb1-82cf-3929ec1bbd88 None None] Subscribe: > process before_spawn 55550000, False {{(pid=101868) subscribe /opt/stack/data/venv/lib/python3.12/site-packages/neutron_lib/callbacks/manager.py:52}}
Jul 02 01:01:33.055717 np0000183842 devstack@neutron-api.service[101868]: DEBUG neutron_lib.callbacks.manager [None req-e4f8de72-5c48-4eb1-82cf-3929ec1bbd88 None None] Subscribe: > process after_init 55550000, True {{(pid=101868) subscribe /opt/stack/data/venv/lib/python3.12/site-packages/neutron_lib/callbacks/manager.py:52}}
Jul 02 01:01:33.055892 np0000183842 devstack@neutron-api.service[101869]: DEBUG neutron.api.extensions [None req-c6f40eac-02cf-4de0-8927-291038985040 None None] Ext name="L3 Agent Scheduler HA Chassis Priority" alias="l3-agent-scheduler-ha-chassis-priority" description="Exposes the HA_Chassis priority in the L3 Agent Scheduler API responses and allows setting priority when scheduling a router to a chassis." updated="2026-03-31T00:00:00-00:00" {{(pid=101869) _check_extension /opt/stack/neutron/neutron/api/extensions.py:415}}
Jul 02 01:01:33.056098 np0000183842 devstack@neutron-api.service[101868]: DEBUG neutron_lib.callbacks.manager [None req-e4f8de72-5c48-4eb1-82cf-3929ec1bbd88 None None] Subscribe: > segment after_create 55550000, False {{(pid=101868) subscribe /opt/stack/data/venv/lib/python3.12/site-packages/neutron_lib/callbacks/manager.py:52}}
Jul 02 01:01:33.056098 np0000183842 devstack@neutron-api.service[101868]: DEBUG neutron_lib.callbacks.manager [None req-e4f8de72-5c48-4eb1-82cf-3929ec1bbd88 None None] Subscribe: > segment after_create 55550000, False {{(pid=101868) subscribe /opt/stack/data/venv/lib/python3.12/site-packages/neutron_lib/callbacks/manager.py:52}}
Jul 02 01:01:33.056280 np0000183842 devstack@neutron-api.service[101869]: INFO neutron.api.extensions [None req-c6f40eac-02cf-4de0-8927-291038985040 None None] Loaded extension: l3-agent-scheduler-ha-chassis-priority
Jul 02 01:01:33.056506 np0000183842 devstack@neutron-api.service[101868]: DEBUG neutron_lib.callbacks.manager [None req-e4f8de72-5c48-4eb1-82cf-3929ec1bbd88 None None] Subscribe: > segment after_delete 55550000, False {{(pid=101868) subscribe /opt/stack/data/venv/lib/python3.12/site-packages/neutron_lib/callbacks/manager.py:52}}
Jul 02 01:01:33.056506 np0000183842 devstack@neutron-api.service[101868]: DEBUG neutron_lib.callbacks.manager [None req-e4f8de72-5c48-4eb1-82cf-3929ec1bbd88 None None] Subscribe: > allowed_address_pair before_create 55550000, False {{(pid=101868) subscribe /opt/stack/data/venv/lib/python3.12/site-packages/neutron_lib/callbacks/manager.py:52}}
Jul 02 01:01:33.056688 np0000183842 devstack@neutron-api.service[101869]: DEBUG neutron.api.extensions [None req-c6f40eac-02cf-4de0-8927-291038985040 None None] Loading extension file: l3_conntrack_helper.py {{(pid=101869) _load_all_extensions_from_path /opt/stack/neutron/neutron/api/extensions.py:449}}
Jul 02 01:01:33.056898 np0000183842 devstack@neutron-api.service[101868]: DEBUG neutron_lib.callbacks.manager [None req-e4f8de72-5c48-4eb1-82cf-3929ec1bbd88 None None] Subscribe: > security_group precommit_create 55550000, False {{(pid=101868) subscribe /opt/stack/data/venv/lib/python3.12/site-packages/neutron_lib/callbacks/manager.py:52}}
Jul 02 01:01:33.056898 np0000183842 devstack@neutron-api.service[101868]: DEBUG neutron_lib.callbacks.manager [None req-e4f8de72-5c48-4eb1-82cf-3929ec1bbd88 None None] Subscribe: > security_group after_update 55550000, False {{(pid=101868) subscribe /opt/stack/data/venv/lib/python3.12/site-packages/neutron_lib/callbacks/manager.py:52}}
Jul 02 01:01:33.056898 np0000183842 devstack@neutron-api.service[101868]: DEBUG neutron_lib.callbacks.manager [None req-e4f8de72-5c48-4eb1-82cf-3929ec1bbd88 None None] Subscribe: > security_group after_create 55550000, False {{(pid=101868) subscribe /opt/stack/data/venv/lib/python3.12/site-packages/neutron_lib/callbacks/manager.py:52}}
Jul 02 01:01:33.056898 np0000183842 devstack@neutron-api.service[101868]: DEBUG neutron_lib.callbacks.manager [None req-e4f8de72-5c48-4eb1-82cf-3929ec1bbd88 None None] Subscribe: > security_group precommit_delete 55550000, False {{(pid=101868) subscribe /opt/stack/data/venv/lib/python3.12/site-packages/neutron_lib/callbacks/manager.py:52}}
Jul 02 01:01:33.057110 np0000183842 devstack@neutron-api.service[101868]: DEBUG neutron_lib.callbacks.manager [None req-e4f8de72-5c48-4eb1-82cf-3929ec1bbd88 None None] Subscribe: > security_group after_delete 55550000, False {{(pid=101868) subscribe /opt/stack/data/venv/lib/python3.12/site-packages/neutron_lib/callbacks/manager.py:52}}
Jul 02 01:01:33.057110 np0000183842 devstack@neutron-api.service[101868]: DEBUG neutron_lib.callbacks.manager [None req-e4f8de72-5c48-4eb1-82cf-3929ec1bbd88 None None] Subscribe: > security_group_rule precommit_create 55550000, False {{(pid=101868) subscribe /opt/stack/data/venv/lib/python3.12/site-packages/neutron_lib/callbacks/manager.py:52}}
Jul 02 01:01:33.057110 np0000183842 devstack@neutron-api.service[101868]: DEBUG neutron_lib.callbacks.manager [None req-e4f8de72-5c48-4eb1-82cf-3929ec1bbd88 None None] Subscribe: > security_group_rule after_create 55550000, False {{(pid=101868) subscribe /opt/stack/data/venv/lib/python3.12/site-packages/neutron_lib/callbacks/manager.py:52}}
Jul 02 01:01:33.057110 np0000183842 devstack@neutron-api.service[101868]: DEBUG neutron_lib.callbacks.manager [None req-e4f8de72-5c48-4eb1-82cf-3929ec1bbd88 None None] Subscribe: > security_group_rule before_delete 55550000, False {{(pid=101868) subscribe /opt/stack/data/venv/lib/python3.12/site-packages/neutron_lib/callbacks/manager.py:52}}
Jul 02 01:01:33.057395 np0000183842 devstack@neutron-api.service[101869]: DEBUG neutron.api.extensions [None req-c6f40eac-02cf-4de0-8927-291038985040 None None] Ext name="L3 Conntrack helper" alias="l3-conntrack-helper" description="Allow adding CT target rules for conntrack helper" updated="2019-04-04T10:00:00-00:00" {{(pid=101869) _check_extension /opt/stack/neutron/neutron/api/extensions.py:415}}
Jul 02 01:01:33.057537 np0000183842 devstack@neutron-api.service[101868]: DEBUG neutron_lib.callbacks.manager [None req-e4f8de72-5c48-4eb1-82cf-3929ec1bbd88 None None] Subscribe: > address_group after_create 55550000, False {{(pid=101868) subscribe /opt/stack/data/venv/lib/python3.12/site-packages/neutron_lib/callbacks/manager.py:52}}
Jul 02 01:01:33.057537 np0000183842 devstack@neutron-api.service[101868]: DEBUG neutron_lib.callbacks.manager [None req-e4f8de72-5c48-4eb1-82cf-3929ec1bbd88 None None] Subscribe: > address_group after_update 55550000, False {{(pid=101868) subscribe /opt/stack/data/venv/lib/python3.12/site-packages/neutron_lib/callbacks/manager.py:52}}
Jul 02 01:01:33.057537 np0000183842 devstack@neutron-api.service[101868]: DEBUG neutron_lib.callbacks.manager [None req-e4f8de72-5c48-4eb1-82cf-3929ec1bbd88 None None] Subscribe: > address_group after_delete 55550000, False {{(pid=101868) subscribe /opt/stack/data/venv/lib/python3.12/site-packages/neutron_lib/callbacks/manager.py:52}}
Jul 02 01:01:33.057809 np0000183842 devstack@neutron-api.service[101869]: INFO neutron.api.extensions [None req-c6f40eac-02cf-4de0-8927-291038985040 None None] Extension l3-conntrack-helper not supported by any of loaded plugins
Jul 02 01:01:33.057982 np0000183842 devstack@neutron-api.service[101868]: DEBUG neutron_lib.callbacks.manager [None req-e4f8de72-5c48-4eb1-82cf-3929ec1bbd88 None None] Subscribe: > qos_plugin after_init 55550000, False {{(pid=101868) subscribe /opt/stack/data/venv/lib/python3.12/site-packages/neutron_lib/callbacks/manager.py:52}}
Jul 02 01:01:33.058236 np0000183842 devstack@neutron-api.service[101869]: DEBUG neutron.api.extensions [None req-c6f40eac-02cf-4de0-8927-291038985040 None None] Loading extension file: l3_enable_default_route_bfd.py {{(pid=101869) _load_all_extensions_from_path /opt/stack/neutron/neutron/api/extensions.py:449}}
Jul 02 01:01:33.058373 np0000183842 devstack@neutron-api.service[101868]: DEBUG neutron_lib.callbacks.manager [None req-e4f8de72-5c48-4eb1-82cf-3929ec1bbd88 None None] Subscribe: > trunk_plugin after_init 55550000, False {{(pid=101868) subscribe /opt/stack/data/venv/lib/python3.12/site-packages/neutron_lib/callbacks/manager.py:52}}
Jul 02 01:01:33.058848 np0000183842 devstack@neutron-api.service[101869]: DEBUG neutron.api.extensions [None req-c6f40eac-02cf-4de0-8927-291038985040 None None] Ext name="Enable Default Route BFD" alias="enable-default-route-bfd" description="Enables configurable BFD behavior for default routes" updated="2023-02-27T00:00:00-00:00" {{(pid=101869) _check_extension /opt/stack/neutron/neutron/api/extensions.py:415}}
Jul 02 01:01:33.059335 np0000183842 devstack@neutron-api.service[101868]: DEBUG neutron_lib.callbacks.manager [None req-e4f8de72-5c48-4eb1-82cf-3929ec1bbd88 None None] Subscribe: > logging-plugin after_init 55550000, False {{(pid=101868) subscribe /opt/stack/data/venv/lib/python3.12/site-packages/neutron_lib/callbacks/manager.py:52}}
Jul 02 01:01:33.059949 np0000183842 devstack@neutron-api.service[101869]: INFO neutron.api.extensions [None req-c6f40eac-02cf-4de0-8927-291038985040 None None] Loaded extension: enable-default-route-bfd
Jul 02 01:01:33.059949 np0000183842 devstack@neutron-api.service[101869]: DEBUG neutron.api.extensions [None req-c6f40eac-02cf-4de0-8927-291038985040 None None] Loading extension file: l3_enable_default_route_ecmp.py {{(pid=101869) _load_all_extensions_from_path /opt/stack/neutron/neutron/api/extensions.py:449}}
Jul 02 01:01:33.060243 np0000183842 devstack@neutron-api.service[101868]: INFO neutron.services.logapi.drivers.ovn.driver [None req-e4f8de72-5c48-4eb1-82cf-3929ec1bbd88 None None] OVN logging driver registered
Jul 02 01:01:33.060243 np0000183842 devstack@neutron-api.service[101868]: DEBUG neutron_lib.callbacks.manager [None req-e4f8de72-5c48-4eb1-82cf-3929ec1bbd88 None None] Subscribe: ._register_pvlan_driver at 0x7bbb0fdaf740> pvlan_plugin before_spawn 55550000, False {{(pid=101868) subscribe /opt/stack/data/venv/lib/python3.12/site-packages/neutron_lib/callbacks/manager.py:52}}
Jul 02 01:01:33.060243 np0000183842 devstack@neutron-api.service[101868]: DEBUG neutron_lib.callbacks.manager [None req-e4f8de72-5c48-4eb1-82cf-3929ec1bbd88 None None] Subscribe: process after_init 55550000, False {{(pid=101868) subscribe /opt/stack/data/venv/lib/python3.12/site-packages/neutron_lib/callbacks/manager.py:52}}
Jul 02 01:01:33.060482 np0000183842 devstack@neutron-api.service[101869]: DEBUG neutron.api.extensions [None req-c6f40eac-02cf-4de0-8927-291038985040 None None] Ext name="Enable Default Route ECMP" alias="enable-default-route-ecmp" description="Enables configurable ECMP behavior for default routes" updated="2023-02-27T00:00:00-00:00" {{(pid=101869) _check_extension /opt/stack/neutron/neutron/api/extensions.py:415}}
Jul 02 01:01:33.060482 np0000183842 devstack@neutron-api.service[101869]: INFO neutron.api.extensions [None req-c6f40eac-02cf-4de0-8927-291038985040 None None] Loaded extension: enable-default-route-ecmp
Jul 02 01:01:33.060482 np0000183842 devstack@neutron-api.service[101869]: DEBUG neutron.api.extensions [None req-c6f40eac-02cf-4de0-8927-291038985040 None None] Loading extension file: l3_ext_gw_mode.py {{(pid=101869) _load_all_extensions_from_path /opt/stack/neutron/neutron/api/extensions.py:449}}
Jul 02 01:01:33.060482 np0000183842 devstack@neutron-api.service[101869]: DEBUG neutron.api.extensions [None req-c6f40eac-02cf-4de0-8927-291038985040 None None] Ext name="Neutron L3 Configurable external gateway mode" alias="ext-gw-mode" description="Extension of the router abstraction for specifying whether SNAT should occur on the external gateway" updated="2013-03-28T10:00:00-00:00" {{(pid=101869) _check_extension /opt/stack/neutron/neutron/api/extensions.py:415}}
Jul 02 01:01:33.060482 np0000183842 devstack@neutron-api.service[101869]: INFO neutron.api.extensions [None req-c6f40eac-02cf-4de0-8927-291038985040 None None] Loaded extension: ext-gw-mode
Jul 02 01:01:33.060482 np0000183842 devstack@neutron-api.service[101869]: DEBUG neutron.api.extensions [None req-c6f40eac-02cf-4de0-8927-291038985040 None None] Loading extension file: l3_ext_ha_mode.py {{(pid=101869) _load_all_extensions_from_path /opt/stack/neutron/neutron/api/extensions.py:449}}
Jul 02 01:01:33.060482 np0000183842 devstack@neutron-api.service[101869]: DEBUG neutron.api.extensions [None req-c6f40eac-02cf-4de0-8927-291038985040 None None] Ext name="HA Router extension" alias="l3-ha" description="Adds HA capability to routers." updated="2014-04-26T00:00:00-00:00" {{(pid=101869) _check_extension /opt/stack/neutron/neutron/api/extensions.py:415}}
Jul 02 01:01:33.060987 np0000183842 devstack@neutron-api.service[101868]: DEBUG neutron.plugins.ml2.plugin [None req-e4f8de72-5c48-4eb1-82cf-3929ec1bbd88 None None] neutron.plugins.ml2.plugin.Ml2Plugin method _start_rpc_notifiers called with arguments () {} {{(pid=101868) wrapper /opt/stack/data/venv/lib/python3.12/site-packages/oslo_log/helpers.py:77}}
Jul 02 01:01:33.061222 np0000183842 devstack@neutron-api.service[101869]: INFO neutron.api.extensions [None req-c6f40eac-02cf-4de0-8927-291038985040 None None] Loaded extension: l3-ha
Jul 02 01:01:33.061343 np0000183842 devstack@neutron-api.service[101868]: DEBUG neutron_lib.callbacks.manager [None req-e4f8de72-5c48-4eb1-82cf-3929ec1bbd88 None None] Subscribe: > port after_create 55550000, False {{(pid=101868) subscribe /opt/stack/data/venv/lib/python3.12/site-packages/neutron_lib/callbacks/manager.py:52}}
Jul 02 01:01:33.061640 np0000183842 devstack@neutron-api.service[101869]: DEBUG neutron.api.extensions [None req-c6f40eac-02cf-4de0-8927-291038985040 None None] Loading extension file: l3_ext_ndp_proxy.py {{(pid=101869) _load_all_extensions_from_path /opt/stack/neutron/neutron/api/extensions.py:449}}
Jul 02 01:01:33.061960 np0000183842 devstack@neutron-api.service[101868]: DEBUG neutron_lib.callbacks.manager [None req-e4f8de72-5c48-4eb1-82cf-3929ec1bbd88 None None] Subscribe: > port after_update 55550000, False {{(pid=101868) subscribe /opt/stack/data/venv/lib/python3.12/site-packages/neutron_lib/callbacks/manager.py:52}}
Jul 02 01:01:33.061960 np0000183842 devstack@neutron-api.service[101868]: DEBUG neutron_lib.callbacks.manager [None req-e4f8de72-5c48-4eb1-82cf-3929ec1bbd88 None None] Subscribe: > port after_delete 55550000, False {{(pid=101868) subscribe /opt/stack/data/venv/lib/python3.12/site-packages/neutron_lib/callbacks/manager.py:52}}
Jul 02 01:01:33.061960 np0000183842 devstack@neutron-api.service[101868]: DEBUG neutron_lib.callbacks.manager [None req-e4f8de72-5c48-4eb1-82cf-3929ec1bbd88 None None] Subscribe: > subnet after_create 55550000, False {{(pid=101868) subscribe /opt/stack/data/venv/lib/python3.12/site-packages/neutron_lib/callbacks/manager.py:52}}
Jul 02 01:01:33.061960 np0000183842 devstack@neutron-api.service[101868]: DEBUG neutron_lib.callbacks.manager [None req-e4f8de72-5c48-4eb1-82cf-3929ec1bbd88 None None] Subscribe: > subnet after_update 55550000, False {{(pid=101868) subscribe /opt/stack/data/venv/lib/python3.12/site-packages/neutron_lib/callbacks/manager.py:52}}
Jul 02 01:01:33.062327 np0000183842 devstack@neutron-api.service[101868]: DEBUG neutron_lib.callbacks.manager [None req-e4f8de72-5c48-4eb1-82cf-3929ec1bbd88 None None] Subscribe: > subnet after_delete 55550000, False {{(pid=101868) subscribe /opt/stack/data/venv/lib/python3.12/site-packages/neutron_lib/callbacks/manager.py:52}}
Jul 02 01:01:33.062327 np0000183842 devstack@neutron-api.service[101868]: DEBUG neutron_lib.callbacks.manager [None req-e4f8de72-5c48-4eb1-82cf-3929ec1bbd88 None None] Subscribe: > network after_create 55550000, False {{(pid=101868) subscribe /opt/stack/data/venv/lib/python3.12/site-packages/neutron_lib/callbacks/manager.py:52}}
Jul 02 01:01:33.062327 np0000183842 devstack@neutron-api.service[101868]: DEBUG neutron_lib.callbacks.manager [None req-e4f8de72-5c48-4eb1-82cf-3929ec1bbd88 None None] Subscribe: > network after_update 55550000, False {{(pid=101868) subscribe /opt/stack/data/venv/lib/python3.12/site-packages/neutron_lib/callbacks/manager.py:52}}
Jul 02 01:01:33.062327 np0000183842 devstack@neutron-api.service[101868]: DEBUG neutron_lib.callbacks.manager [None req-e4f8de72-5c48-4eb1-82cf-3929ec1bbd88 None None] Subscribe: > network after_delete 55550000, False {{(pid=101868) subscribe /opt/stack/data/venv/lib/python3.12/site-packages/neutron_lib/callbacks/manager.py:52}}
Jul 02 01:01:33.062578 np0000183842 devstack@neutron-api.service[101868]: DEBUG neutron_lib.callbacks.manager [None req-e4f8de72-5c48-4eb1-82cf-3929ec1bbd88 None None] Subscribe: > security_group after_create 55550000, False {{(pid=101868) subscribe /opt/stack/data/venv/lib/python3.12/site-packages/neutron_lib/callbacks/manager.py:52}}
Jul 02 01:01:33.062578 np0000183842 devstack@neutron-api.service[101868]: DEBUG neutron_lib.callbacks.manager [None req-e4f8de72-5c48-4eb1-82cf-3929ec1bbd88 None None] Subscribe: > security_group after_update 55550000, False {{(pid=101868) subscribe /opt/stack/data/venv/lib/python3.12/site-packages/neutron_lib/callbacks/manager.py:52}}
Jul 02 01:01:33.062578 np0000183842 devstack@neutron-api.service[101868]: DEBUG neutron_lib.callbacks.manager [None req-e4f8de72-5c48-4eb1-82cf-3929ec1bbd88 None None] Subscribe: > security_group after_delete 55550000, False {{(pid=101868) subscribe /opt/stack/data/venv/lib/python3.12/site-packages/neutron_lib/callbacks/manager.py:52}}
Jul 02 01:01:33.062578 np0000183842 devstack@neutron-api.service[101868]: DEBUG neutron_lib.callbacks.manager [None req-e4f8de72-5c48-4eb1-82cf-3929ec1bbd88 None None] Subscribe: > security_group_rule after_create 55550000, False {{(pid=101868) subscribe /opt/stack/data/venv/lib/python3.12/site-packages/neutron_lib/callbacks/manager.py:52}}
Jul 02 01:01:33.063067 np0000183842 devstack@neutron-api.service[101868]: DEBUG neutron_lib.callbacks.manager [None req-e4f8de72-5c48-4eb1-82cf-3929ec1bbd88 None None] Subscribe: > security_group_rule after_update 55550000, False {{(pid=101868) subscribe /opt/stack/data/venv/lib/python3.12/site-packages/neutron_lib/callbacks/manager.py:52}}
Jul 02 01:01:33.063067 np0000183842 devstack@neutron-api.service[101868]: DEBUG neutron_lib.callbacks.manager [None req-e4f8de72-5c48-4eb1-82cf-3929ec1bbd88 None None] Subscribe: > security_group_rule after_delete 55550000, False {{(pid=101868) subscribe /opt/stack/data/venv/lib/python3.12/site-packages/neutron_lib/callbacks/manager.py:52}}
Jul 02 01:01:33.063067 np0000183842 devstack@neutron-api.service[101868]: DEBUG neutron_lib.callbacks.manager [None req-e4f8de72-5c48-4eb1-82cf-3929ec1bbd88 None None] Subscribe: > address_group after_create 55550000, False {{(pid=101868) subscribe /opt/stack/data/venv/lib/python3.12/site-packages/neutron_lib/callbacks/manager.py:52}}
Jul 02 01:01:33.063067 np0000183842 devstack@neutron-api.service[101868]: DEBUG neutron_lib.callbacks.manager [None req-e4f8de72-5c48-4eb1-82cf-3929ec1bbd88 None None] Subscribe: > address_group after_update 55550000, False {{(pid=101868) subscribe /opt/stack/data/venv/lib/python3.12/site-packages/neutron_lib/callbacks/manager.py:52}}
Jul 02 01:01:33.063319 np0000183842 devstack@neutron-api.service[101868]: DEBUG neutron_lib.callbacks.manager [None req-e4f8de72-5c48-4eb1-82cf-3929ec1bbd88 None None] Subscribe: > address_group after_delete 55550000, False {{(pid=101868) subscribe /opt/stack/data/venv/lib/python3.12/site-packages/neutron_lib/callbacks/manager.py:52}}
Jul 02 01:01:33.063666 np0000183842 devstack@neutron-api.service[101869]: DEBUG neutron.api.extensions [None req-c6f40eac-02cf-4de0-8927-291038985040 None None] Ext name="Router support to enable NDP proxy" alias="l3-ext-ndp-proxy" description="Router extension to enable ndp proxy" updated="2020-08-25T00:00:00-00:00" {{(pid=101869) _check_extension /opt/stack/neutron/neutron/api/extensions.py:415}}
Jul 02 01:01:33.063864 np0000183842 devstack@neutron-api.service[101868]: DEBUG neutron.plugins.ml2.ovo_rpc [None req-e4f8de72-5c48-4eb1-82cf-3929ec1bbd88 None None] ML2 OVO RPC backend initialized. {{(pid=101868) __init__ /opt/stack/neutron/neutron/plugins/ml2/ovo_rpc.py:117}}
Jul 02 01:01:33.064015 np0000183842 devstack@neutron-api.service[101869]: INFO neutron.api.extensions [None req-c6f40eac-02cf-4de0-8927-291038985040 None None] Extension l3-ext-ndp-proxy not supported by any of loaded plugins
Jul 02 01:01:33.064015 np0000183842 devstack@neutron-api.service[101869]: DEBUG neutron.api.extensions [None req-c6f40eac-02cf-4de0-8927-291038985040 None None] Loading extension file: l3_extra_gws.py {{(pid=101869) _load_all_extensions_from_path /opt/stack/neutron/neutron/api/extensions.py:449}}
Jul 02 01:01:33.064015 np0000183842 devstack@neutron-api.service[101869]: DEBUG neutron.api.extensions [None req-c6f40eac-02cf-4de0-8927-291038985040 None None] Ext name="Neutron L3 External Gateway Multihoming" alias="external-gateway-multihoming" description="Allow multiple external gateway ports per router" updated="2023-01-18T00:00:00-00:00" {{(pid=101869) _check_extension /opt/stack/neutron/neutron/api/extensions.py:415}}
Jul 02 01:01:33.064230 np0000183842 devstack@neutron-api.service[101868]: INFO neutron.quota [None req-e4f8de72-5c48-4eb1-82cf-3929ec1bbd88 None None] Loaded quota_driver: .
Jul 02 01:01:33.064230 np0000183842 devstack@neutron-api.service[101868]: INFO neutron.plugins.ml2.plugin [None req-e4f8de72-5c48-4eb1-82cf-3929ec1bbd88 None None] Modular L2 Plugin initialization complete
Jul 02 01:01:33.064525 np0000183842 devstack@neutron-api.service[101869]: INFO neutron.api.extensions [None req-c6f40eac-02cf-4de0-8927-291038985040 None None] Loaded extension: external-gateway-multihoming
Jul 02 01:01:33.064525 np0000183842 devstack@neutron-api.service[101869]: DEBUG neutron.api.extensions [None req-c6f40eac-02cf-4de0-8927-291038985040 None None] Loading extension file: l3_flavors.py {{(pid=101869) _load_all_extensions_from_path /opt/stack/neutron/neutron/api/extensions.py:449}}
Jul 02 01:01:33.064816 np0000183842 devstack@neutron-api.service[101868]: DEBUG neutron.manager [None req-e4f8de72-5c48-4eb1-82cf-3929ec1bbd88 None None] Loading services supported by the core plugin {{(pid=101868) _load_services_from_core_plugin /opt/stack/neutron/neutron/manager.py:167}}
Jul 02 01:01:33.064816 np0000183842 devstack@neutron-api.service[101868]: INFO neutron.plugins.ml2.managers [None req-e4f8de72-5c48-4eb1-82cf-3929ec1bbd88 None None] Got port-security extension from driver 'port_security'
Jul 02 01:01:33.064992 np0000183842 devstack@neutron-api.service[101869]: DEBUG neutron.api.extensions [None req-c6f40eac-02cf-4de0-8927-291038985040 None None] Ext name="Router Flavor Extension" alias="l3-flavors" description="Flavor support for routers." updated="2016-05-17T00:00:00-00:00" {{(pid=101869) _check_extension /opt/stack/neutron/neutron/api/extensions.py:415}}
Jul 02 01:01:33.065272 np0000183842 devstack@neutron-api.service[101868]: DEBUG neutron.manager [None req-e4f8de72-5c48-4eb1-82cf-3929ec1bbd88 None None] Loading service plugins: ['ovn-router', 'auto_allocate', 'tag', 'timestamp', 'network_ip_availability', 'flavors', 'revisions'] {{(pid=101868) _load_service_plugins /opt/stack/neutron/neutron/manager.py:192}}
Jul 02 01:01:33.065272 np0000183842 devstack@neutron-api.service[101868]: INFO neutron.manager [None req-e4f8de72-5c48-4eb1-82cf-3929ec1bbd88 None None] Loading Plugin: ovn-router
Jul 02 01:01:33.065615 np0000183842 devstack@neutron-api.service[101869]: INFO neutron.api.extensions [None req-c6f40eac-02cf-4de0-8927-291038985040 None None] Loaded extension: l3-flavors
Jul 02 01:01:33.065615 np0000183842 devstack@neutron-api.service[101869]: DEBUG neutron.api.extensions [None req-c6f40eac-02cf-4de0-8927-291038985040 None None] Loading extension file: l3_ndp_proxy.py {{(pid=101869) _load_all_extensions_from_path /opt/stack/neutron/neutron/api/extensions.py:449}}
Jul 02 01:01:33.065615 np0000183842 devstack@neutron-api.service[101869]: DEBUG neutron.api.extensions [None req-c6f40eac-02cf-4de0-8927-291038985040 None None] Ext name="name" alias="l3-ndp-proxy" description="description" updated="2021-06-29T10:00:00-00:00" {{(pid=101869) _check_extension /opt/stack/neutron/neutron/api/extensions.py:415}}
Jul 02 01:01:33.065615 np0000183842 devstack@neutron-api.service[101869]: INFO neutron.api.extensions [None req-c6f40eac-02cf-4de0-8927-291038985040 None None] Extension l3-ndp-proxy not supported by any of loaded plugins
Jul 02 01:01:33.065615 np0000183842 devstack@neutron-api.service[101869]: DEBUG neutron.api.extensions [None req-c6f40eac-02cf-4de0-8927-291038985040 None None] Loading extension file: l3_port_ip_change_not_allowed.py {{(pid=101869) _load_all_extensions_from_path /opt/stack/neutron/neutron/api/extensions.py:449}}
Jul 02 01:01:33.065615 np0000183842 devstack@neutron-api.service[101869]: DEBUG neutron.api.extensions [None req-c6f40eac-02cf-4de0-8927-291038985040 None None] Ext name="Prevent L3 router ports IP address change extension" alias="l3-port-ip-change-not-allowed" description="Prevent change of IP address for some L3 router ports" updated="2018-10-09T10:00:00-00:00" {{(pid=101869) _check_extension /opt/stack/neutron/neutron/api/extensions.py:415}}
Jul 02 01:01:33.065615 np0000183842 devstack@neutron-api.service[101869]: INFO neutron.api.extensions [None req-c6f40eac-02cf-4de0-8927-291038985040 None None] Extension l3-port-ip-change-not-allowed not supported by any of loaded plugins
Jul 02 01:01:33.066170 np0000183842 devstack@neutron-api.service[101869]: DEBUG neutron.api.extensions [None req-c6f40eac-02cf-4de0-8927-291038985040 None None] Loading extension file: l3agentscheduler.py {{(pid=101869) _load_all_extensions_from_path /opt/stack/neutron/neutron/api/extensions.py:449}}
Jul 02 01:01:33.066170 np0000183842 devstack@neutron-api.service[101869]: DEBUG neutron.api.extensions [None req-c6f40eac-02cf-4de0-8927-291038985040 None None] Ext name="L3 Agent Scheduler" alias="l3_agent_scheduler" description="Schedule routers among l3 agents" updated="2013-02-07T10:00:00-00:00" {{(pid=101869) _check_extension /opt/stack/neutron/neutron/api/extensions.py:415}}
Jul 02 01:01:33.066623 np0000183842 devstack@neutron-api.service[101869]: INFO neutron.api.extensions [None req-c6f40eac-02cf-4de0-8927-291038985040 None None] Loaded extension: l3_agent_scheduler
Jul 02 01:01:33.066623 np0000183842 devstack@neutron-api.service[101869]: DEBUG neutron.api.extensions [None req-c6f40eac-02cf-4de0-8927-291038985040 None None] Loading extension file: local_ip.py {{(pid=101869) _load_all_extensions_from_path /opt/stack/neutron/neutron/api/extensions.py:449}}
Jul 02 01:01:33.067228 np0000183842 devstack@neutron-api.service[101869]: DEBUG neutron.api.extensions [None req-c6f40eac-02cf-4de0-8927-291038985040 None None] Ext name="Local IP" alias="local_ip" description="Support Node Local Virtual IP" updated="2021-07-26T10:00:00-00:00" {{(pid=101869) _check_extension /opt/stack/neutron/neutron/api/extensions.py:415}}
Jul 02 01:01:33.067468 np0000183842 devstack@neutron-api.service[101869]: INFO neutron.api.extensions [None req-c6f40eac-02cf-4de0-8927-291038985040 None None] Extension local_ip not supported by any of loaded plugins
Jul 02 01:01:33.067468 np0000183842 devstack@neutron-api.service[101869]: DEBUG neutron.api.extensions [None req-c6f40eac-02cf-4de0-8927-291038985040 None None] Loading extension file: logging.py {{(pid=101869) _load_all_extensions_from_path /opt/stack/neutron/neutron/api/extensions.py:449}}
Jul 02 01:01:33.067991 np0000183842 devstack@neutron-api.service[101869]: DEBUG neutron.api.extensions [None req-c6f40eac-02cf-4de0-8927-291038985040 None None] Ext name="Logging API Extension" alias="logging" description="Provides a logging API for resources such as security group and firewall." updated="2017-01-01T10:00:00-00:00" {{(pid=101869) _check_extension /opt/stack/neutron/neutron/api/extensions.py:415}}
Jul 02 01:01:33.068289 np0000183842 devstack@neutron-api.service[101869]: INFO neutron.api.extensions [None req-c6f40eac-02cf-4de0-8927-291038985040 None None] Extension logging not supported by any of loaded plugins
Jul 02 01:01:33.068289 np0000183842 devstack@neutron-api.service[101869]: DEBUG neutron.api.extensions [None req-c6f40eac-02cf-4de0-8927-291038985040 None None] Loading extension file: metering.py {{(pid=101869) _load_all_extensions_from_path /opt/stack/neutron/neutron/api/extensions.py:449}}
Jul 02 01:01:33.069096 np0000183842 devstack@neutron-api.service[101869]: DEBUG neutron.api.extensions [None req-c6f40eac-02cf-4de0-8927-291038985040 None None] Ext name="Neutron Metering" alias="metering" description="Neutron Metering extension." updated="2013-06-12T10:00:00-00:00" {{(pid=101869) _check_extension /opt/stack/neutron/neutron/api/extensions.py:415}}
Jul 02 01:01:33.069096 np0000183842 devstack@neutron-api.service[101869]: INFO neutron.api.extensions [None req-c6f40eac-02cf-4de0-8927-291038985040 None None] Extension metering not supported by any of loaded plugins
Jul 02 01:01:33.069096 np0000183842 devstack@neutron-api.service[101869]: DEBUG neutron.api.extensions [None req-c6f40eac-02cf-4de0-8927-291038985040 None None] Loading extension file: metering_source_and_destination_fields.py {{(pid=101869) _load_all_extensions_from_path /opt/stack/neutron/neutron/api/extensions.py:449}}
Jul 02 01:01:33.070402 np0000183842 devstack@neutron-api.service[101869]: DEBUG neutron.api.extensions [None req-c6f40eac-02cf-4de0-8927-291038985040 None None] Ext name="Neutron Metering with source and destination filtering" alias="metering_source_and_destination_fields" description="Neutron Metering extension that enables the use of source and destination IP prefixes to create metering label rules." updated="2020-08-21T08:12:00-00:00" {{(pid=101869) _check_extension /opt/stack/neutron/neutron/api/extensions.py:415}}
Jul 02 01:01:33.070402 np0000183842 devstack@neutron-api.service[101869]: INFO neutron.api.extensions [None req-c6f40eac-02cf-4de0-8927-291038985040 None None] Extension metering_source_and_destination_fields not supported by any of loaded plugins
Jul 02 01:01:33.070402 np0000183842 devstack@neutron-api.service[101869]: DEBUG neutron.api.extensions [None req-c6f40eac-02cf-4de0-8927-291038985040 None None] Loading extension file: multiprovidernet.py {{(pid=101869) _load_all_extensions_from_path /opt/stack/neutron/neutron/api/extensions.py:449}}
Jul 02 01:01:33.070402 np0000183842 devstack@neutron-api.service[101869]: DEBUG neutron.api.extensions [None req-c6f40eac-02cf-4de0-8927-291038985040 None None] Ext name="Multi Provider Network" alias="multi-provider" description="Expose mapping of virtual networks to multiple physical networks" updated="2013-06-27T10:00:00-00:00" {{(pid=101869) _check_extension /opt/stack/neutron/neutron/api/extensions.py:415}}
Jul 02 01:01:33.070402 np0000183842 devstack@neutron-api.service[101869]: INFO neutron.api.extensions [None req-c6f40eac-02cf-4de0-8927-291038985040 None None] Loaded extension: multi-provider
Jul 02 01:01:33.070855 np0000183842 devstack@neutron-api.service[101869]: DEBUG neutron.api.extensions [None req-c6f40eac-02cf-4de0-8927-291038985040 None None] Loading extension file: netmtu.py {{(pid=101869) _load_all_extensions_from_path /opt/stack/neutron/neutron/api/extensions.py:449}}
Jul 02 01:01:33.070855 np0000183842 devstack@neutron-api.service[101869]: DEBUG neutron.api.extensions [None req-c6f40eac-02cf-4de0-8927-291038985040 None None] Ext name="Network MTU" alias="net-mtu" description="Provides MTU attribute for a network resource." updated="2015-03-25T10:00:00-00:00" {{(pid=101869) _check_extension /opt/stack/neutron/neutron/api/extensions.py:415}}
Jul 02 01:01:33.071385 np0000183842 devstack@neutron-api.service[101869]: INFO neutron.api.extensions [None req-c6f40eac-02cf-4de0-8927-291038985040 None None] Loaded extension: net-mtu
Jul 02 01:01:33.071385 np0000183842 devstack@neutron-api.service[101869]: DEBUG neutron.api.extensions [None req-c6f40eac-02cf-4de0-8927-291038985040 None None] Loading extension file: netmtu_writable.py {{(pid=101869) _load_all_extensions_from_path /opt/stack/neutron/neutron/api/extensions.py:449}}
Jul 02 01:01:33.071577 np0000183842 devstack@neutron-api.service[101869]: DEBUG neutron.api.extensions [None req-c6f40eac-02cf-4de0-8927-291038985040 None None] Ext name="Network MTU (writable)" alias="net-mtu-writable" description="Provides a writable MTU attribute for a network resource." updated="2017-07-12T00:00:00-00:00" {{(pid=101869) _check_extension /opt/stack/neutron/neutron/api/extensions.py:415}}
Jul 02 01:01:33.071871 np0000183842 devstack@neutron-api.service[101869]: INFO neutron.api.extensions [None req-c6f40eac-02cf-4de0-8927-291038985040 None None] Loaded extension: net-mtu-writable
Jul 02 01:01:33.072365 np0000183842 devstack@neutron-api.service[101869]: DEBUG neutron.api.extensions [None req-c6f40eac-02cf-4de0-8927-291038985040 None None] Loading extension file: network_availability_zone.py {{(pid=101869) _load_all_extensions_from_path /opt/stack/neutron/neutron/api/extensions.py:449}}
Jul 02 01:01:33.072365 np0000183842 devstack@neutron-api.service[101869]: DEBUG neutron.api.extensions [None req-c6f40eac-02cf-4de0-8927-291038985040 None None] Ext name="Network Availability Zone" alias="network_availability_zone" description="Availability zone support for network." updated="2015-01-01T10:00:00-00:00" {{(pid=101869) _check_extension /opt/stack/neutron/neutron/api/extensions.py:415}}
Jul 02 01:01:33.072879 np0000183842 devstack@neutron-api.service[101869]: INFO neutron.api.extensions [None req-c6f40eac-02cf-4de0-8927-291038985040 None None] Loaded extension: network_availability_zone
Jul 02 01:01:33.072879 np0000183842 devstack@neutron-api.service[101869]: DEBUG neutron.api.extensions [None req-c6f40eac-02cf-4de0-8927-291038985040 None None] Loading extension file: network_ha.py {{(pid=101869) _load_all_extensions_from_path /opt/stack/neutron/neutron/api/extensions.py:449}}
Jul 02 01:01:33.073369 np0000183842 devstack@neutron-api.service[101869]: DEBUG neutron.api.extensions [None req-c6f40eac-02cf-4de0-8927-291038985040 None None] Ext name="Network HA creation flag" alias="network_ha" description="Network high availability creation flag." updated="2023-04-27T10:00:00-00:00" {{(pid=101869) _check_extension /opt/stack/neutron/neutron/api/extensions.py:415}}
Jul 02 01:01:33.073518 np0000183842 devstack@neutron-api.service[101868]: DEBUG neutron_lib.callbacks.manager [None req-e4f8de72-5c48-4eb1-82cf-3929ec1bbd88 None None] Subscribe: > router before_delete 55550000, False {{(pid=101868) subscribe /opt/stack/data/venv/lib/python3.12/site-packages/neutron_lib/callbacks/manager.py:52}}
Jul 02 01:01:33.073998 np0000183842 devstack@neutron-api.service[101869]: INFO neutron.api.extensions [None req-c6f40eac-02cf-4de0-8927-291038985040 None None] Extension network_ha not supported by any of loaded plugins
Jul 02 01:01:33.074429 np0000183842 devstack@neutron-api.service[101868]: DEBUG neutron_lib.callbacks.manager [None req-e4f8de72-5c48-4eb1-82cf-3929ec1bbd88 None None] Subscribe: port before_update 55550000, False {{(pid=101868) subscribe /opt/stack/data/venv/lib/python3.12/site-packages/neutron_lib/callbacks/manager.py:52}}
Jul 02 01:01:33.074877 np0000183842 devstack@neutron-api.service[101869]: DEBUG neutron.api.extensions [None req-c6f40eac-02cf-4de0-8927-291038985040 None None] Loading extension file: network_ip_availability.py {{(pid=101869) _load_all_extensions_from_path /opt/stack/neutron/neutron/api/extensions.py:449}}
Jul 02 01:01:33.075307 np0000183842 devstack@neutron-api.service[101868]: DEBUG neutron_lib.callbacks.manager [None req-e4f8de72-5c48-4eb1-82cf-3929ec1bbd88 None None] Subscribe: port after_update 55550000, False {{(pid=101868) subscribe /opt/stack/data/venv/lib/python3.12/site-packages/neutron_lib/callbacks/manager.py:52}}
Jul 02 01:01:33.075307 np0000183842 devstack@neutron-api.service[101868]: DEBUG neutron_lib.callbacks.manager [None req-e4f8de72-5c48-4eb1-82cf-3929ec1bbd88 None None] Subscribe: > port precommit_delete 55550000, False {{(pid=101868) subscribe /opt/stack/data/venv/lib/python3.12/site-packages/neutron_lib/callbacks/manager.py:52}}
Jul 02 01:01:33.075307 np0000183842 devstack@neutron-api.service[101868]: DEBUG neutron_lib.callbacks.manager [None req-e4f8de72-5c48-4eb1-82cf-3929ec1bbd88 None None] Subscribe: port before_update 55550000, False {{(pid=101868) subscribe /opt/stack/data/venv/lib/python3.12/site-packages/neutron_lib/callbacks/manager.py:52}}
Jul 02 01:01:33.075307 np0000183842 devstack@neutron-api.service[101868]: DEBUG neutron_lib.callbacks.manager [None req-e4f8de72-5c48-4eb1-82cf-3929ec1bbd88 None None] Subscribe: port before_delete 55550000, False {{(pid=101868) subscribe /opt/stack/data/venv/lib/python3.12/site-packages/neutron_lib/callbacks/manager.py:52}}
Jul 02 01:01:33.075844 np0000183842 devstack@neutron-api.service[101869]: DEBUG neutron.api.extensions [None req-c6f40eac-02cf-4de0-8927-291038985040 None None] Ext name="Network IP Availability" alias="network-ip-availability" description="Provides IP availability data for each network and subnet." updated="2015-09-24T00:00:00-00:00" {{(pid=101869) _check_extension /opt/stack/neutron/neutron/api/extensions.py:415}}
Jul 02 01:01:33.076587 np0000183842 devstack@neutron-api.service[101868]: DEBUG neutron_lib.callbacks.manager [None req-e4f8de72-5c48-4eb1-82cf-3929ec1bbd88 None None] Subscribe: > router precommit_create 55550000, False {{(pid=101868) subscribe /opt/stack/data/venv/lib/python3.12/site-packages/neutron_lib/callbacks/manager.py:52}}
Jul 02 01:01:33.076587 np0000183842 devstack@neutron-api.service[101868]: DEBUG neutron_lib.callbacks.manager [None req-e4f8de72-5c48-4eb1-82cf-3929ec1bbd88 None None] Subscribe: > router precommit_create 55550000, False {{(pid=101868) subscribe /opt/stack/data/venv/lib/python3.12/site-packages/neutron_lib/callbacks/manager.py:52}}
Jul 02 01:01:33.077285 np0000183842 devstack@neutron-api.service[101869]: INFO neutron.api.extensions [None req-c6f40eac-02cf-4de0-8927-291038985040 None None] Loaded extension: network-ip-availability
Jul 02 01:01:33.077765 np0000183842 devstack@neutron-api.service[101868]: DEBUG neutron_lib.callbacks.manager [None req-e4f8de72-5c48-4eb1-82cf-3929ec1bbd88 None None] Subscribe: > router precommit_update 55550000, False {{(pid=101868) subscribe /opt/stack/data/venv/lib/python3.12/site-packages/neutron_lib/callbacks/manager.py:52}}
Jul 02 01:01:33.077765 np0000183842 devstack@neutron-api.service[101868]: DEBUG neutron_lib.callbacks.manager [None req-e4f8de72-5c48-4eb1-82cf-3929ec1bbd88 None None] Subscribe: subnet after_update 55550000, False {{(pid=101868) subscribe /opt/stack/data/venv/lib/python3.12/site-packages/neutron_lib/callbacks/manager.py:52}}
Jul 02 01:01:33.078313 np0000183842 devstack@neutron-api.service[101869]: DEBUG neutron.api.extensions [None req-c6f40eac-02cf-4de0-8927-291038985040 None None] Loading extension file: network_ip_availability_details.py {{(pid=101869) _load_all_extensions_from_path /opt/stack/neutron/neutron/api/extensions.py:449}}
Jul 02 01:01:33.078824 np0000183842 devstack@neutron-api.service[101868]: DEBUG neutron.quota.resource_registry [None req-e4f8de72-5c48-4eb1-82cf-3929ec1bbd88 None None] Tracking information for resource: router configured {{(pid=101868) set_tracked_resource /opt/stack/neutron/neutron/quota/resource_registry.py:203}}
Jul 02 01:01:33.078824 np0000183842 devstack@neutron-api.service[101868]: DEBUG neutron.quota.resource_registry [None req-e4f8de72-5c48-4eb1-82cf-3929ec1bbd88 None None] Tracking information for resource: floatingip configured {{(pid=101868) set_tracked_resource /opt/stack/neutron/neutron/quota/resource_registry.py:203}}
Jul 02 01:01:33.079314 np0000183842 devstack@neutron-api.service[101869]: DEBUG neutron.api.extensions [None req-c6f40eac-02cf-4de0-8927-291038985040 None None] Ext name="Network IP Availability Details Extension" alias="network-ip-availability-details" description="Add ip_availability_details attribute to network-ip-availabilities resource." updated="2025-10-31T00:00:00-00:00" {{(pid=101869) _check_extension /opt/stack/neutron/neutron/api/extensions.py:415}}
Jul 02 01:01:33.079766 np0000183842 devstack@neutron-api.service[101868]: INFO neutron.services.ovn_l3.plugin [None req-e4f8de72-5c48-4eb1-82cf-3929ec1bbd88 None None] Starting OVNL3RouterPlugin
Jul 02 01:01:33.079766 np0000183842 devstack@neutron-api.service[101868]: DEBUG neutron_lib.callbacks.manager [None req-e4f8de72-5c48-4eb1-82cf-3929ec1bbd88 None None] Subscribe: > port_forwarding_plugin after_init 55550000, False {{(pid=101868) subscribe /opt/stack/data/venv/lib/python3.12/site-packages/neutron_lib/callbacks/manager.py:52}}
Jul 02 01:01:33.080261 np0000183842 devstack@neutron-api.service[101869]: INFO neutron.api.extensions [None req-c6f40eac-02cf-4de0-8927-291038985040 None None] Loaded extension: network-ip-availability-details
Jul 02 01:01:33.080261 np0000183842 devstack@neutron-api.service[101869]: DEBUG neutron.api.extensions [None req-c6f40eac-02cf-4de0-8927-291038985040 None None] Loading extension file: network_segment_range.py {{(pid=101869) _load_all_extensions_from_path /opt/stack/neutron/neutron/api/extensions.py:449}}
Jul 02 01:01:33.080826 np0000183842 devstack@neutron-api.service[101868]: DEBUG neutron_lib.callbacks.manager [None req-e4f8de72-5c48-4eb1-82cf-3929ec1bbd88 None None] Subscribe: > router before_create 55550100, False {{(pid=101868) subscribe /opt/stack/data/venv/lib/python3.12/site-packages/neutron_lib/callbacks/manager.py:52}}
Jul 02 01:01:33.080826 np0000183842 devstack@neutron-api.service[101868]: DEBUG neutron_lib.callbacks.manager [None req-e4f8de72-5c48-4eb1-82cf-3929ec1bbd88 None None] Subscribe: > router precommit_delete 55550100, False {{(pid=101868) subscribe /opt/stack/data/venv/lib/python3.12/site-packages/neutron_lib/callbacks/manager.py:52}}
Jul 02 01:01:33.080826 np0000183842 devstack@neutron-api.service[101868]: DEBUG neutron_lib.callbacks.manager [None req-e4f8de72-5c48-4eb1-82cf-3929ec1bbd88 None None] Subscribe: > router precommit_create 55550100, False {{(pid=101868) subscribe /opt/stack/data/venv/lib/python3.12/site-packages/neutron_lib/callbacks/manager.py:52}}
Jul 02 01:01:33.080826 np0000183842 devstack@neutron-api.service[101868]: DEBUG neutron_lib.callbacks.manager [None req-e4f8de72-5c48-4eb1-82cf-3929ec1bbd88 None None] Subscribe: > router precommit_update 55550100, False {{(pid=101868) subscribe /opt/stack/data/venv/lib/python3.12/site-packages/neutron_lib/callbacks/manager.py:52}}
Jul 02 01:01:33.081375 np0000183842 devstack@neutron-api.service[101869]: DEBUG neutron.api.extensions [None req-c6f40eac-02cf-4de0-8927-291038985040 None None] Ext name="Neutron Network Segment Range" alias="network-segment-range" description="Provides support for the network segment range management" updated="2018-11-29T00:00:00-00:00" {{(pid=101869) _check_extension /opt/stack/neutron/neutron/api/extensions.py:415}}
Jul 02 01:01:33.081375 np0000183842 devstack@neutron-api.service[101869]: INFO neutron.api.extensions [None req-c6f40eac-02cf-4de0-8927-291038985040 None None] Extension network-segment-range not supported by any of loaded plugins
Jul 02 01:01:33.081375 np0000183842 devstack@neutron-api.service[101869]: DEBUG neutron.api.extensions [None req-c6f40eac-02cf-4de0-8927-291038985040 None None] Loading extension file: pagination.py {{(pid=101869) _load_all_extensions_from_path /opt/stack/neutron/neutron/api/extensions.py:449}}
Jul 02 01:01:33.081375 np0000183842 devstack@neutron-api.service[101869]: DEBUG neutron.api.extensions [None req-c6f40eac-02cf-4de0-8927-291038985040 None None] Ext name="Pagination support" alias="pagination" description="Extension that indicates that pagination is enabled." updated="2016-06-12T00:00:00-00:00" {{(pid=101869) _check_extension /opt/stack/neutron/neutron/api/extensions.py:415}}
Jul 02 01:01:33.081375 np0000183842 devstack@neutron-api.service[101869]: INFO neutron.api.extensions [None req-c6f40eac-02cf-4de0-8927-291038985040 None None] Loaded extension: pagination
Jul 02 01:01:33.081375 np0000183842 devstack@neutron-api.service[101869]: DEBUG neutron.api.extensions [None req-c6f40eac-02cf-4de0-8927-291038985040 None None] Loading extension file: port_device_profile.py {{(pid=101869) _load_all_extensions_from_path /opt/stack/neutron/neutron/api/extensions.py:449}}
