Jun 08 19:26:07.171213 np0000179052 systemd[1]: Starting devstack@n-api-meta.service - Devstack devstack@n-api-meta.service...
Jun 08 19:26:07.179779 np0000179052 devstack@n-api-meta.service[108562]: [uWSGI] getting INI configuration from /etc/nova/nova-metadata-uwsgi.ini
Jun 08 19:26:07.183767 np0000179052 devstack@n-api-meta.service[108562]: *** Starting uWSGI 2.0.24-debian (64bit) on [Mon Jun 8 19:26:07 2026] ***
Jun 08 19:26:07.183767 np0000179052 devstack@n-api-meta.service[108562]: compiled with version: 13.2.0 on 17 April 2024 16:23:48
Jun 08 19:26:07.183767 np0000179052 devstack@n-api-meta.service[108562]: os: Linux-6.8.0-124-generic #124-Ubuntu SMP PREEMPT_DYNAMIC Tue May 26 13:00:45 UTC 2026
Jun 08 19:26:07.183767 np0000179052 devstack@n-api-meta.service[108562]: nodename: np0000179052
Jun 08 19:26:07.183767 np0000179052 devstack@n-api-meta.service[108562]: machine: x86_64
Jun 08 19:26:07.183767 np0000179052 devstack@n-api-meta.service[108562]: clock source: unix
Jun 08 19:26:07.183767 np0000179052 devstack@n-api-meta.service[108562]: pcre jit disabled
Jun 08 19:26:07.183767 np0000179052 devstack@n-api-meta.service[108562]: detected number of CPU cores: 16
Jun 08 19:26:07.183767 np0000179052 devstack@n-api-meta.service[108562]: current working directory: /
Jun 08 19:26:07.183767 np0000179052 devstack@n-api-meta.service[108562]: detected binary path: /usr/bin/uwsgi-core
Jun 08 19:26:07.183767 np0000179052 devstack@n-api-meta.service[108562]: your processes number limit is 256917
Jun 08 19:26:07.183767 np0000179052 devstack@n-api-meta.service[108562]: your memory page size is 4096 bytes
Jun 08 19:26:07.183767 np0000179052 devstack@n-api-meta.service[108562]: detected max file descriptor number: 2048
Jun 08 19:26:07.183767 np0000179052 devstack@n-api-meta.service[108562]: lock engine: pthread robust mutexes
Jun 08 19:26:07.184736 np0000179052 devstack@n-api-meta.service[108562]: thunder lock: enabled
Jun 08 19:26:07.184736 np0000179052 devstack@n-api-meta.service[108562]: uWSGI http bound on 0.0.0.0:8775 fd 5
Jun 08 19:26:07.184736 np0000179052 devstack@n-api-meta.service[108562]: uwsgi socket 0 bound to TCP address 127.0.0.1:43129 (port auto-assigned) fd 4
Jun 08 19:26:07.184736 np0000179052 devstack@n-api-meta.service[108562]: Python version: 3.12.3 (main, Mar 23 2026, 19:04:32) [GCC 13.3.0]
Jun 08 19:26:07.184736 np0000179052 devstack@n-api-meta.service[108562]: PEP 405 virtualenv detected: /opt/stack/data/venv
Jun 08 19:26:07.184736 np0000179052 devstack@n-api-meta.service[108562]: Set PythonHome to /opt/stack/data/venv
Jun 08 19:26:07.223570 np0000179052 devstack@n-api-meta.service[108562]: Python main interpreter initialized at 0x7e453aca3668
Jun 08 19:26:07.223570 np0000179052 devstack@n-api-meta.service[108562]: python threads support enabled
Jun 08 19:26:07.223570 np0000179052 devstack@n-api-meta.service[108562]: your server socket listen backlog is limited to 100 connections
Jun 08 19:26:07.223570 np0000179052 devstack@n-api-meta.service[108562]: your mercy for graceful operations on workers is 80 seconds
Jun 08 19:26:07.224111 np0000179052 devstack@n-api-meta.service[108562]: mapped 671795 bytes (656 KB) for 4 cores
Jun 08 19:26:07.224254 np0000179052 devstack@n-api-meta.service[108562]: *** Operational MODE: preforking ***
Jun 08 19:26:07.224439 np0000179052 devstack@n-api-meta.service[108562]: *** uWSGI is running in multiple interpreter mode ***
Jun 08 19:26:07.224439 np0000179052 devstack@n-api-meta.service[108562]: spawned uWSGI master process (pid: 108562)
Jun 08 19:26:07.224610 np0000179052 systemd[1]: Started devstack@n-api-meta.service - Devstack devstack@n-api-meta.service.
Jun 08 19:26:07.225203 np0000179052 devstack@n-api-meta.service[108562]: spawned uWSGI worker 1 (pid: 108563, cores: 1)
Jun 08 19:26:07.225681 np0000179052 devstack@n-api-meta.service[108562]: spawned uWSGI worker 2 (pid: 108564, cores: 1)
Jun 08 19:26:07.226197 np0000179052 devstack@n-api-meta.service[108562]: spawned uWSGI worker 3 (pid: 108565, cores: 1)
Jun 08 19:26:07.227464 np0000179052 devstack@n-api-meta.service[108562]: spawned uWSGI worker 4 (pid: 108566, cores: 1)
Jun 08 19:26:07.229130 np0000179052 devstack@n-api-meta.service[108562]: spawned uWSGI http 1 (pid: 108567)
Jun 08 19:26:07.229130 np0000179052 devstack@n-api-meta.service[108562]: running "unix_signal:15 gracefully_kill_them_all" (master-start)...
Jun 08 19:26:08.949707 np0000179052 devstack@n-api-meta.service[108565]: INFO dbcounter [None req-a2e78845-fd7e-4c3d-acf3-b75f52c0bd87 None None] Registered counter for database nova_api
Jun 08 19:26:08.955047 np0000179052 devstack@n-api-meta.service[108563]: INFO dbcounter [None req-7b93da5d-dd08-48c3-9c07-d9da9f74903e None None] Registered counter for database nova_api
Jun 08 19:26:08.996898 np0000179052 devstack@n-api-meta.service[108566]: INFO dbcounter [None req-d6b5197c-2395-44f2-b45e-bce52a927031 None None] Registered counter for database nova_api
Jun 08 19:26:09.001831 np0000179052 devstack@n-api-meta.service[108565]: DEBUG oslo_db.sqlalchemy.engines [None req-a2e78845-fd7e-4c3d-acf3-b75f52c0bd87 None None] MySQL server mode set to STRICT_TRANS_TABLES,STRICT_ALL_TABLES,NO_ZERO_IN_DATE,NO_ZERO_DATE,ERROR_FOR_DIVISION_BY_ZERO,TRADITIONAL,NO_ENGINE_SUBSTITUTION {{(pid=108565) _check_effective_sql_mode /opt/stack/data/venv/lib/python3.12/site-packages/oslo_db/sqlalchemy/engines.py:325}}
Jun 08 19:26:09.006533 np0000179052 devstack@n-api-meta.service[108563]: DEBUG oslo_db.sqlalchemy.engines [None req-7b93da5d-dd08-48c3-9c07-d9da9f74903e None None] MySQL server mode set to STRICT_TRANS_TABLES,STRICT_ALL_TABLES,NO_ZERO_IN_DATE,NO_ZERO_DATE,ERROR_FOR_DIVISION_BY_ZERO,TRADITIONAL,NO_ENGINE_SUBSTITUTION {{(pid=108563) _check_effective_sql_mode /opt/stack/data/venv/lib/python3.12/site-packages/oslo_db/sqlalchemy/engines.py:325}}
Jun 08 19:26:09.029808 np0000179052 devstack@n-api-meta.service[108564]: INFO dbcounter [None req-ae29f1a7-6f14-4639-bb97-a1f2e800656e None None] Registered counter for database nova_api
Jun 08 19:26:09.041623 np0000179052 devstack@n-api-meta.service[108563]: DEBUG dbcounter [-] [108563] Writer thread running {{(pid=108563) stat_writer /opt/stack/data/venv/lib/python3.12/site-packages/dbcounter.py:102}}
Jun 08 19:26:09.041802 np0000179052 devstack@n-api-meta.service[108565]: DEBUG dbcounter [-] [108565] Writer thread running {{(pid=108565) stat_writer /opt/stack/data/venv/lib/python3.12/site-packages/dbcounter.py:102}}
Jun 08 19:26:09.044247 np0000179052 devstack@n-api-meta.service[108563]: DEBUG nova.context [None req-7b93da5d-dd08-48c3-9c07-d9da9f74903e None None] Found 2 cells: 00000000-0000-0000-0000-000000000000(cell0),ce58ee7f-fa1f-4148-a267-f71c8c37baec(cell1) {{(pid=108563) load_cells /opt/stack/nova/nova/context.py:509}}
Jun 08 19:26:09.044502 np0000179052 devstack@n-api-meta.service[108563]: INFO nova.utils [None req-7b93da5d-dd08-48c3-9c07-d9da9f74903e None None] The cell worker thread pool MainProcess.cell_worker is initialized
Jun 08 19:26:09.046232 np0000179052 devstack@n-api-meta.service[108563]: DEBUG oslo_concurrency.lockutils [None req-7b93da5d-dd08-48c3-9c07-d9da9f74903e None None] Acquiring lock "00000000-0000-0000-0000-000000000000" by "nova.context.set_target_cell..get_or_set_cached_cell_and_set_connections" {{(pid=108563) inner /opt/stack/data/venv/lib/python3.12/site-packages/oslo_concurrency/lockutils.py:511}}
Jun 08 19:26:09.046362 np0000179052 devstack@n-api-meta.service[108563]: DEBUG oslo_concurrency.lockutils [None req-7b93da5d-dd08-48c3-9c07-d9da9f74903e None None] Lock "00000000-0000-0000-0000-000000000000" acquired by "nova.context.set_target_cell..get_or_set_cached_cell_and_set_connections" :: waited 0.000s {{(pid=108563) inner /opt/stack/data/venv/lib/python3.12/site-packages/oslo_concurrency/lockutils.py:524}}
Jun 08 19:26:09.046718 np0000179052 devstack@n-api-meta.service[108563]: DEBUG oslo_concurrency.lockutils [None req-7b93da5d-dd08-48c3-9c07-d9da9f74903e None None] Lock "00000000-0000-0000-0000-000000000000" "released" by "nova.context.set_target_cell..get_or_set_cached_cell_and_set_connections" :: held 0.000s {{(pid=108563) inner /opt/stack/data/venv/lib/python3.12/site-packages/oslo_concurrency/lockutils.py:543}}
Jun 08 19:26:09.047483 np0000179052 devstack@n-api-meta.service[108563]: DEBUG oslo_concurrency.lockutils [None req-7b93da5d-dd08-48c3-9c07-d9da9f74903e None None] Acquiring lock "ce58ee7f-fa1f-4148-a267-f71c8c37baec" by "nova.context.set_target_cell..get_or_set_cached_cell_and_set_connections" {{(pid=108563) inner /opt/stack/data/venv/lib/python3.12/site-packages/oslo_concurrency/lockutils.py:511}}
Jun 08 19:26:09.047640 np0000179052 devstack@n-api-meta.service[108563]: DEBUG oslo_concurrency.lockutils [None req-7b93da5d-dd08-48c3-9c07-d9da9f74903e None None] Lock "ce58ee7f-fa1f-4148-a267-f71c8c37baec" acquired by "nova.context.set_target_cell..get_or_set_cached_cell_and_set_connections" :: waited 0.000s {{(pid=108563) inner /opt/stack/data/venv/lib/python3.12/site-packages/oslo_concurrency/lockutils.py:524}}
Jun 08 19:26:09.048497 np0000179052 devstack@n-api-meta.service[108563]: DEBUG oslo_concurrency.lockutils [None req-7b93da5d-dd08-48c3-9c07-d9da9f74903e None None] Lock "ce58ee7f-fa1f-4148-a267-f71c8c37baec" "released" by "nova.context.set_target_cell..get_or_set_cached_cell_and_set_connections" :: held 0.001s {{(pid=108563) inner /opt/stack/data/venv/lib/python3.12/site-packages/oslo_concurrency/lockutils.py:543}}
Jun 08 19:26:09.050913 np0000179052 devstack@n-api-meta.service[108566]: DEBUG oslo_db.sqlalchemy.engines [None req-d6b5197c-2395-44f2-b45e-bce52a927031 None None] MySQL server mode set to STRICT_TRANS_TABLES,STRICT_ALL_TABLES,NO_ZERO_IN_DATE,NO_ZERO_DATE,ERROR_FOR_DIVISION_BY_ZERO,TRADITIONAL,NO_ENGINE_SUBSTITUTION {{(pid=108566) _check_effective_sql_mode /opt/stack/data/venv/lib/python3.12/site-packages/oslo_db/sqlalchemy/engines.py:325}}
Jun 08 19:26:09.051035 np0000179052 devstack@n-api-meta.service[108565]: DEBUG nova.context [None req-a2e78845-fd7e-4c3d-acf3-b75f52c0bd87 None None] Found 2 cells: 00000000-0000-0000-0000-000000000000(cell0),ce58ee7f-fa1f-4148-a267-f71c8c37baec(cell1) {{(pid=108565) load_cells /opt/stack/nova/nova/context.py:509}}
Jun 08 19:26:09.051035 np0000179052 devstack@n-api-meta.service[108565]: INFO nova.utils [None req-a2e78845-fd7e-4c3d-acf3-b75f52c0bd87 None None] The cell worker thread pool MainProcess.cell_worker is initialized
Jun 08 19:26:09.051973 np0000179052 devstack@n-api-meta.service[108563]: INFO dbcounter [None req-7b93da5d-dd08-48c3-9c07-d9da9f74903e None None] Registered counter for database nova_cell0
Jun 08 19:26:09.052087 np0000179052 devstack@n-api-meta.service[108565]: DEBUG oslo_concurrency.lockutils [None req-a2e78845-fd7e-4c3d-acf3-b75f52c0bd87 None None] Acquiring lock "00000000-0000-0000-0000-000000000000" by "nova.context.set_target_cell..get_or_set_cached_cell_and_set_connections" {{(pid=108565) inner /opt/stack/data/venv/lib/python3.12/site-packages/oslo_concurrency/lockutils.py:511}}
Jun 08 19:26:09.052223 np0000179052 devstack@n-api-meta.service[108565]: DEBUG oslo_concurrency.lockutils [None req-a2e78845-fd7e-4c3d-acf3-b75f52c0bd87 None None] Lock "00000000-0000-0000-0000-000000000000" acquired by "nova.context.set_target_cell..get_or_set_cached_cell_and_set_connections" :: waited 0.000s {{(pid=108565) inner /opt/stack/data/venv/lib/python3.12/site-packages/oslo_concurrency/lockutils.py:524}}
Jun 08 19:26:09.052574 np0000179052 devstack@n-api-meta.service[108565]: DEBUG oslo_concurrency.lockutils [None req-a2e78845-fd7e-4c3d-acf3-b75f52c0bd87 None None] Lock "00000000-0000-0000-0000-000000000000" "released" by "nova.context.set_target_cell..get_or_set_cached_cell_and_set_connections" :: held 0.000s {{(pid=108565) inner /opt/stack/data/venv/lib/python3.12/site-packages/oslo_concurrency/lockutils.py:543}}
Jun 08 19:26:09.053282 np0000179052 devstack@n-api-meta.service[108565]: DEBUG oslo_concurrency.lockutils [None req-a2e78845-fd7e-4c3d-acf3-b75f52c0bd87 None None] Acquiring lock "ce58ee7f-fa1f-4148-a267-f71c8c37baec" by "nova.context.set_target_cell..get_or_set_cached_cell_and_set_connections" {{(pid=108565) inner /opt/stack/data/venv/lib/python3.12/site-packages/oslo_concurrency/lockutils.py:511}}
Jun 08 19:26:09.053424 np0000179052 devstack@n-api-meta.service[108565]: DEBUG oslo_concurrency.lockutils [None req-a2e78845-fd7e-4c3d-acf3-b75f52c0bd87 None None] Lock "ce58ee7f-fa1f-4148-a267-f71c8c37baec" acquired by "nova.context.set_target_cell..get_or_set_cached_cell_and_set_connections" :: waited 0.000s {{(pid=108565) inner /opt/stack/data/venv/lib/python3.12/site-packages/oslo_concurrency/lockutils.py:524}}
Jun 08 19:26:09.054333 np0000179052 devstack@n-api-meta.service[108565]: DEBUG oslo_concurrency.lockutils [None req-a2e78845-fd7e-4c3d-acf3-b75f52c0bd87 None None] Lock "ce58ee7f-fa1f-4148-a267-f71c8c37baec" "released" by "nova.context.set_target_cell..get_or_set_cached_cell_and_set_connections" :: held 0.001s {{(pid=108565) inner /opt/stack/data/venv/lib/python3.12/site-packages/oslo_concurrency/lockutils.py:543}}
Jun 08 19:26:09.056194 np0000179052 devstack@n-api-meta.service[108563]: INFO dbcounter [None req-7b93da5d-dd08-48c3-9c07-d9da9f74903e None None] Registered counter for database nova_cell1
Jun 08 19:26:09.056660 np0000179052 devstack@n-api-meta.service[108565]: INFO dbcounter [None req-a2e78845-fd7e-4c3d-acf3-b75f52c0bd87 None None] Registered counter for database nova_cell0
Jun 08 19:26:09.060743 np0000179052 devstack@n-api-meta.service[108565]: INFO dbcounter [None req-a2e78845-fd7e-4c3d-acf3-b75f52c0bd87 None None] Registered counter for database nova_cell1
Jun 08 19:26:09.081407 np0000179052 devstack@n-api-meta.service[108564]: DEBUG oslo_db.sqlalchemy.engines [None req-ae29f1a7-6f14-4639-bb97-a1f2e800656e None None] MySQL server mode set to STRICT_TRANS_TABLES,STRICT_ALL_TABLES,NO_ZERO_IN_DATE,NO_ZERO_DATE,ERROR_FOR_DIVISION_BY_ZERO,TRADITIONAL,NO_ENGINE_SUBSTITUTION {{(pid=108564) _check_effective_sql_mode /opt/stack/data/venv/lib/python3.12/site-packages/oslo_db/sqlalchemy/engines.py:325}}
Jun 08 19:26:09.085591 np0000179052 devstack@n-api-meta.service[108566]: DEBUG dbcounter [-] [108566] Writer thread running {{(pid=108566) stat_writer /opt/stack/data/venv/lib/python3.12/site-packages/dbcounter.py:102}}
Jun 08 19:26:09.087985 np0000179052 devstack@n-api-meta.service[108566]: DEBUG nova.context [None req-d6b5197c-2395-44f2-b45e-bce52a927031 None None] Found 2 cells: 00000000-0000-0000-0000-000000000000(cell0),ce58ee7f-fa1f-4148-a267-f71c8c37baec(cell1) {{(pid=108566) load_cells /opt/stack/nova/nova/context.py:509}}
Jun 08 19:26:09.089310 np0000179052 devstack@n-api-meta.service[108566]: INFO nova.utils [None req-d6b5197c-2395-44f2-b45e-bce52a927031 None None] The cell worker thread pool MainProcess.cell_worker is initialized
Jun 08 19:26:09.090054 np0000179052 devstack@n-api-meta.service[108566]: DEBUG oslo_concurrency.lockutils [None req-d6b5197c-2395-44f2-b45e-bce52a927031 None None] Acquiring lock "00000000-0000-0000-0000-000000000000" by "nova.context.set_target_cell..get_or_set_cached_cell_and_set_connections" {{(pid=108566) inner /opt/stack/data/venv/lib/python3.12/site-packages/oslo_concurrency/lockutils.py:511}}
Jun 08 19:26:09.090219 np0000179052 devstack@n-api-meta.service[108566]: DEBUG oslo_concurrency.lockutils [None req-d6b5197c-2395-44f2-b45e-bce52a927031 None None] Lock "00000000-0000-0000-0000-000000000000" acquired by "nova.context.set_target_cell..get_or_set_cached_cell_and_set_connections" :: waited 0.000s {{(pid=108566) inner /opt/stack/data/venv/lib/python3.12/site-packages/oslo_concurrency/lockutils.py:524}}
Jun 08 19:26:09.090562 np0000179052 devstack@n-api-meta.service[108566]: DEBUG oslo_concurrency.lockutils [None req-d6b5197c-2395-44f2-b45e-bce52a927031 None None] Lock "00000000-0000-0000-0000-000000000000" "released" by "nova.context.set_target_cell..get_or_set_cached_cell_and_set_connections" :: held 0.000s {{(pid=108566) inner /opt/stack/data/venv/lib/python3.12/site-packages/oslo_concurrency/lockutils.py:543}}
Jun 08 19:26:09.091300 np0000179052 devstack@n-api-meta.service[108566]: DEBUG oslo_concurrency.lockutils [None req-d6b5197c-2395-44f2-b45e-bce52a927031 None None] Acquiring lock "ce58ee7f-fa1f-4148-a267-f71c8c37baec" by "nova.context.set_target_cell..get_or_set_cached_cell_and_set_connections" {{(pid=108566) inner /opt/stack/data/venv/lib/python3.12/site-packages/oslo_concurrency/lockutils.py:511}}
Jun 08 19:26:09.091443 np0000179052 devstack@n-api-meta.service[108566]: DEBUG oslo_concurrency.lockutils [None req-d6b5197c-2395-44f2-b45e-bce52a927031 None None] Lock "ce58ee7f-fa1f-4148-a267-f71c8c37baec" acquired by "nova.context.set_target_cell..get_or_set_cached_cell_and_set_connections" :: waited 0.000s {{(pid=108566) inner /opt/stack/data/venv/lib/python3.12/site-packages/oslo_concurrency/lockutils.py:524}}
Jun 08 19:26:09.092363 np0000179052 devstack@n-api-meta.service[108566]: DEBUG oslo_concurrency.lockutils [None req-d6b5197c-2395-44f2-b45e-bce52a927031 None None] Lock "ce58ee7f-fa1f-4148-a267-f71c8c37baec" "released" by "nova.context.set_target_cell..get_or_set_cached_cell_and_set_connections" :: held 0.001s {{(pid=108566) inner /opt/stack/data/venv/lib/python3.12/site-packages/oslo_concurrency/lockutils.py:543}}
Jun 08 19:26:09.096575 np0000179052 devstack@n-api-meta.service[108566]: INFO dbcounter [None req-d6b5197c-2395-44f2-b45e-bce52a927031 None None] Registered counter for database nova_cell0
Jun 08 19:26:09.101904 np0000179052 devstack@n-api-meta.service[108566]: INFO dbcounter [None req-d6b5197c-2395-44f2-b45e-bce52a927031 None None] Registered counter for database nova_cell1
Jun 08 19:26:09.113450 np0000179052 devstack@n-api-meta.service[108563]: DEBUG oslo_db.sqlalchemy.engines [None req-7b93da5d-dd08-48c3-9c07-d9da9f74903e None None] MySQL server mode set to STRICT_TRANS_TABLES,STRICT_ALL_TABLES,NO_ZERO_IN_DATE,NO_ZERO_DATE,ERROR_FOR_DIVISION_BY_ZERO,TRADITIONAL,NO_ENGINE_SUBSTITUTION {{(pid=108563) _check_effective_sql_mode /opt/stack/data/venv/lib/python3.12/site-packages/oslo_db/sqlalchemy/engines.py:325}}
Jun 08 19:26:09.124206 np0000179052 devstack@n-api-meta.service[108564]: DEBUG dbcounter [-] [108564] Writer thread running {{(pid=108564) stat_writer /opt/stack/data/venv/lib/python3.12/site-packages/dbcounter.py:102}}
Jun 08 19:26:09.127326 np0000179052 devstack@n-api-meta.service[108564]: DEBUG nova.context [None req-ae29f1a7-6f14-4639-bb97-a1f2e800656e None None] Found 2 cells: 00000000-0000-0000-0000-000000000000(cell0),ce58ee7f-fa1f-4148-a267-f71c8c37baec(cell1) {{(pid=108564) load_cells /opt/stack/nova/nova/context.py:509}}
Jun 08 19:26:09.127618 np0000179052 devstack@n-api-meta.service[108564]: INFO nova.utils [None req-ae29f1a7-6f14-4639-bb97-a1f2e800656e None None] The cell worker thread pool MainProcess.cell_worker is initialized
Jun 08 19:26:09.130011 np0000179052 devstack@n-api-meta.service[108564]: DEBUG oslo_concurrency.lockutils [None req-ae29f1a7-6f14-4639-bb97-a1f2e800656e None None] Acquiring lock "00000000-0000-0000-0000-000000000000" by "nova.context.set_target_cell..get_or_set_cached_cell_and_set_connections" {{(pid=108564) inner /opt/stack/data/venv/lib/python3.12/site-packages/oslo_concurrency/lockutils.py:511}}
Jun 08 19:26:09.130219 np0000179052 devstack@n-api-meta.service[108564]: DEBUG oslo_concurrency.lockutils [None req-ae29f1a7-6f14-4639-bb97-a1f2e800656e None None] Lock "00000000-0000-0000-0000-000000000000" acquired by "nova.context.set_target_cell..get_or_set_cached_cell_and_set_connections" :: waited 0.000s {{(pid=108564) inner /opt/stack/data/venv/lib/python3.12/site-packages/oslo_concurrency/lockutils.py:524}}
Jun 08 19:26:09.130696 np0000179052 devstack@n-api-meta.service[108564]: DEBUG oslo_concurrency.lockutils [None req-ae29f1a7-6f14-4639-bb97-a1f2e800656e None None] Lock "00000000-0000-0000-0000-000000000000" "released" by "nova.context.set_target_cell..get_or_set_cached_cell_and_set_connections" :: held 0.000s {{(pid=108564) inner /opt/stack/data/venv/lib/python3.12/site-packages/oslo_concurrency/lockutils.py:543}}
Jun 08 19:26:09.131614 np0000179052 devstack@n-api-meta.service[108564]: DEBUG oslo_concurrency.lockutils [None req-ae29f1a7-6f14-4639-bb97-a1f2e800656e None None] Acquiring lock "ce58ee7f-fa1f-4148-a267-f71c8c37baec" by "nova.context.set_target_cell..get_or_set_cached_cell_and_set_connections" {{(pid=108564) inner /opt/stack/data/venv/lib/python3.12/site-packages/oslo_concurrency/lockutils.py:511}}
Jun 08 19:26:09.131793 np0000179052 devstack@n-api-meta.service[108564]: DEBUG oslo_concurrency.lockutils [None req-ae29f1a7-6f14-4639-bb97-a1f2e800656e None None] Lock "ce58ee7f-fa1f-4148-a267-f71c8c37baec" acquired by "nova.context.set_target_cell..get_or_set_cached_cell_and_set_connections" :: waited 0.000s {{(pid=108564) inner /opt/stack/data/venv/lib/python3.12/site-packages/oslo_concurrency/lockutils.py:524}}
Jun 08 19:26:09.133038 np0000179052 devstack@n-api-meta.service[108564]: DEBUG oslo_concurrency.lockutils [None req-ae29f1a7-6f14-4639-bb97-a1f2e800656e None None] Lock "ce58ee7f-fa1f-4148-a267-f71c8c37baec" "released" by "nova.context.set_target_cell..get_or_set_cached_cell_and_set_connections" :: held 0.001s {{(pid=108564) inner /opt/stack/data/venv/lib/python3.12/site-packages/oslo_concurrency/lockutils.py:543}}
Jun 08 19:26:09.134807 np0000179052 devstack@n-api-meta.service[108565]: DEBUG oslo_db.sqlalchemy.engines [None req-a2e78845-fd7e-4c3d-acf3-b75f52c0bd87 None None] MySQL server mode set to STRICT_TRANS_TABLES,STRICT_ALL_TABLES,NO_ZERO_IN_DATE,NO_ZERO_DATE,ERROR_FOR_DIVISION_BY_ZERO,TRADITIONAL,NO_ENGINE_SUBSTITUTION {{(pid=108565) _check_effective_sql_mode /opt/stack/data/venv/lib/python3.12/site-packages/oslo_db/sqlalchemy/engines.py:325}}
Jun 08 19:26:09.136326 np0000179052 devstack@n-api-meta.service[108564]: INFO dbcounter [None req-ae29f1a7-6f14-4639-bb97-a1f2e800656e None None] Registered counter for database nova_cell0
Jun 08 19:26:09.140797 np0000179052 devstack@n-api-meta.service[108565]: DEBUG oslo_db.sqlalchemy.engines [None req-a2e78845-fd7e-4c3d-acf3-b75f52c0bd87 None None] MySQL server mode set to STRICT_TRANS_TABLES,STRICT_ALL_TABLES,NO_ZERO_IN_DATE,NO_ZERO_DATE,ERROR_FOR_DIVISION_BY_ZERO,TRADITIONAL,NO_ENGINE_SUBSTITUTION {{(pid=108565) _check_effective_sql_mode /opt/stack/data/venv/lib/python3.12/site-packages/oslo_db/sqlalchemy/engines.py:325}}
Jun 08 19:26:09.141355 np0000179052 devstack@n-api-meta.service[108564]: INFO dbcounter [None req-ae29f1a7-6f14-4639-bb97-a1f2e800656e None None] Registered counter for database nova_cell1
Jun 08 19:26:09.161363 np0000179052 devstack@n-api-meta.service[108563]: DEBUG oslo_db.sqlalchemy.engines [None req-7b93da5d-dd08-48c3-9c07-d9da9f74903e None None] MySQL server mode set to STRICT_TRANS_TABLES,STRICT_ALL_TABLES,NO_ZERO_IN_DATE,NO_ZERO_DATE,ERROR_FOR_DIVISION_BY_ZERO,TRADITIONAL,NO_ENGINE_SUBSTITUTION {{(pid=108563) _check_effective_sql_mode /opt/stack/data/venv/lib/python3.12/site-packages/oslo_db/sqlalchemy/engines.py:325}}
Jun 08 19:26:09.162660 np0000179052 devstack@n-api-meta.service[108566]: DEBUG oslo_db.sqlalchemy.engines [None req-d6b5197c-2395-44f2-b45e-bce52a927031 None None] MySQL server mode set to STRICT_TRANS_TABLES,STRICT_ALL_TABLES,NO_ZERO_IN_DATE,NO_ZERO_DATE,ERROR_FOR_DIVISION_BY_ZERO,TRADITIONAL,NO_ENGINE_SUBSTITUTION {{(pid=108566) _check_effective_sql_mode /opt/stack/data/venv/lib/python3.12/site-packages/oslo_db/sqlalchemy/engines.py:325}}
Jun 08 19:26:09.166127 np0000179052 devstack@n-api-meta.service[108566]: DEBUG oslo_db.sqlalchemy.engines [None req-d6b5197c-2395-44f2-b45e-bce52a927031 None None] MySQL server mode set to STRICT_TRANS_TABLES,STRICT_ALL_TABLES,NO_ZERO_IN_DATE,NO_ZERO_DATE,ERROR_FOR_DIVISION_BY_ZERO,TRADITIONAL,NO_ENGINE_SUBSTITUTION {{(pid=108566) _check_effective_sql_mode /opt/stack/data/venv/lib/python3.12/site-packages/oslo_db/sqlalchemy/engines.py:325}}
Jun 08 19:26:09.200506 np0000179052 devstack@n-api-meta.service[108564]: DEBUG oslo_db.sqlalchemy.engines [None req-ae29f1a7-6f14-4639-bb97-a1f2e800656e None None] MySQL server mode set to STRICT_TRANS_TABLES,STRICT_ALL_TABLES,NO_ZERO_IN_DATE,NO_ZERO_DATE,ERROR_FOR_DIVISION_BY_ZERO,TRADITIONAL,NO_ENGINE_SUBSTITUTION {{(pid=108564) _check_effective_sql_mode /opt/stack/data/venv/lib/python3.12/site-packages/oslo_db/sqlalchemy/engines.py:325}}
Jun 08 19:26:09.201098 np0000179052 devstack@n-api-meta.service[108563]: DEBUG dbcounter [-] [108563] Writer thread running {{(pid=108563) stat_writer /opt/stack/data/venv/lib/python3.12/site-packages/dbcounter.py:102}}
Jun 08 19:26:09.206062 np0000179052 devstack@n-api-meta.service[108564]: DEBUG oslo_db.sqlalchemy.engines [None req-ae29f1a7-6f14-4639-bb97-a1f2e800656e None None] MySQL server mode set to STRICT_TRANS_TABLES,STRICT_ALL_TABLES,NO_ZERO_IN_DATE,NO_ZERO_DATE,ERROR_FOR_DIVISION_BY_ZERO,TRADITIONAL,NO_ENGINE_SUBSTITUTION {{(pid=108564) _check_effective_sql_mode /opt/stack/data/venv/lib/python3.12/site-packages/oslo_db/sqlalchemy/engines.py:325}}
Jun 08 19:26:09.209452 np0000179052 devstack@n-api-meta.service[108563]: DEBUG dbcounter [-] [108563] Writer thread running {{(pid=108563) stat_writer /opt/stack/data/venv/lib/python3.12/site-packages/dbcounter.py:102}}
Jun 08 19:26:09.214027 np0000179052 devstack@n-api-meta.service[108563]: INFO dbcounter [None req-7b93da5d-dd08-48c3-9c07-d9da9f74903e None None] Registered counter for database nova_cell0
Jun 08 19:26:09.233636 np0000179052 devstack@n-api-meta.service[108565]: DEBUG dbcounter [-] [108565] Writer thread running {{(pid=108565) stat_writer /opt/stack/data/venv/lib/python3.12/site-packages/dbcounter.py:102}}
Jun 08 19:26:09.240267 np0000179052 devstack@n-api-meta.service[108565]: DEBUG dbcounter [-] [108565] Writer thread running {{(pid=108565) stat_writer /opt/stack/data/venv/lib/python3.12/site-packages/dbcounter.py:102}}
Jun 08 19:26:09.245328 np0000179052 devstack@n-api-meta.service[108565]: INFO dbcounter [None req-a2e78845-fd7e-4c3d-acf3-b75f52c0bd87 None None] Registered counter for database nova_cell0
Jun 08 19:26:09.262308 np0000179052 devstack@n-api-meta.service[108563]: DEBUG oslo_db.sqlalchemy.engines [None req-7b93da5d-dd08-48c3-9c07-d9da9f74903e None None] MySQL server mode set to STRICT_TRANS_TABLES,STRICT_ALL_TABLES,NO_ZERO_IN_DATE,NO_ZERO_DATE,ERROR_FOR_DIVISION_BY_ZERO,TRADITIONAL,NO_ENGINE_SUBSTITUTION {{(pid=108563) _check_effective_sql_mode /opt/stack/data/venv/lib/python3.12/site-packages/oslo_db/sqlalchemy/engines.py:325}}
Jun 08 19:26:09.269585 np0000179052 devstack@n-api-meta.service[108566]: DEBUG dbcounter [-] [108566] Writer thread running {{(pid=108566) stat_writer /opt/stack/data/venv/lib/python3.12/site-packages/dbcounter.py:102}}
Jun 08 19:26:09.270981 np0000179052 devstack@n-api-meta.service[108563]: DEBUG dbcounter [-] [108563] Writer thread running {{(pid=108563) stat_writer /opt/stack/data/venv/lib/python3.12/site-packages/dbcounter.py:102}}
Jun 08 19:26:09.276281 np0000179052 devstack@n-api-meta.service[108566]: DEBUG dbcounter [-] [108566] Writer thread running {{(pid=108566) stat_writer /opt/stack/data/venv/lib/python3.12/site-packages/dbcounter.py:102}}
Jun 08 19:26:09.281626 np0000179052 devstack@n-api-meta.service[108566]: INFO dbcounter [None req-d6b5197c-2395-44f2-b45e-bce52a927031 None None] Registered counter for database nova_cell0
Jun 08 19:26:09.299713 np0000179052 devstack@n-api-meta.service[108565]: DEBUG oslo_db.sqlalchemy.engines [None req-a2e78845-fd7e-4c3d-acf3-b75f52c0bd87 None None] MySQL server mode set to STRICT_TRANS_TABLES,STRICT_ALL_TABLES,NO_ZERO_IN_DATE,NO_ZERO_DATE,ERROR_FOR_DIVISION_BY_ZERO,TRADITIONAL,NO_ENGINE_SUBSTITUTION {{(pid=108565) _check_effective_sql_mode /opt/stack/data/venv/lib/python3.12/site-packages/oslo_db/sqlalchemy/engines.py:325}}
Jun 08 19:26:09.307870 np0000179052 devstack@n-api-meta.service[108565]: DEBUG dbcounter [-] [108565] Writer thread running {{(pid=108565) stat_writer /opt/stack/data/venv/lib/python3.12/site-packages/dbcounter.py:102}}
Jun 08 19:26:09.313660 np0000179052 devstack@n-api-meta.service[108563]: WARNING nova.api.metadata.handler [None req-7b93da5d-dd08-48c3-9c07-d9da9f74903e None None] metadata_proxy_shared_secret is not configured, the metadata information returned by the proxy cannot be trusted
Jun 08 19:26:09.315154 np0000179052 devstack@n-api-meta.service[108564]: DEBUG dbcounter [-] [108564] Writer thread running {{(pid=108564) stat_writer /opt/stack/data/venv/lib/python3.12/site-packages/dbcounter.py:102}}
Jun 08 19:26:09.316299 np0000179052 devstack@n-api-meta.service[108563]: DEBUG nova.api.openstack.wsgi_app [None req-7b93da5d-dd08-48c3-9c07-d9da9f74903e None None] ******************************************************************************** {{(pid=108563) log_opt_values /opt/stack/data/venv/lib/python3.12/site-packages/oslo_config/cfg.py:3229}}
Jun 08 19:26:09.316416 np0000179052 devstack@n-api-meta.service[108563]: DEBUG nova.api.openstack.wsgi_app [None req-7b93da5d-dd08-48c3-9c07-d9da9f74903e None None] Configuration options gathered from: {{(pid=108563) log_opt_values /opt/stack/data/venv/lib/python3.12/site-packages/oslo_config/cfg.py:3230}}
Jun 08 19:26:09.316531 np0000179052 devstack@n-api-meta.service[108563]: DEBUG nova.api.openstack.wsgi_app [None req-7b93da5d-dd08-48c3-9c07-d9da9f74903e None None] command line args: [] {{(pid=108563) log_opt_values /opt/stack/data/venv/lib/python3.12/site-packages/oslo_config/cfg.py:3231}}
Jun 08 19:26:09.316688 np0000179052 devstack@n-api-meta.service[108563]: DEBUG nova.api.openstack.wsgi_app [None req-7b93da5d-dd08-48c3-9c07-d9da9f74903e None None] config files: ['/etc/nova/api-paste.ini', '/etc/nova/nova.conf'] {{(pid=108563) log_opt_values /opt/stack/data/venv/lib/python3.12/site-packages/oslo_config/cfg.py:3232}}
Jun 08 19:26:09.316787 np0000179052 devstack@n-api-meta.service[108563]: DEBUG nova.api.openstack.wsgi_app [None req-7b93da5d-dd08-48c3-9c07-d9da9f74903e None None] ================================================================================ {{(pid=108563) log_opt_values /opt/stack/data/venv/lib/python3.12/site-packages/oslo_config/cfg.py:3237}}
Jun 08 19:26:09.316999 np0000179052 devstack@n-api-meta.service[108563]: DEBUG nova.api.openstack.wsgi_app [None req-7b93da5d-dd08-48c3-9c07-d9da9f74903e None None] allow_resize_to_same_host = True {{(pid=108563) log_opt_values /opt/stack/data/venv/lib/python3.12/site-packages/oslo_config/cfg.py:3245}}
Jun 08 19:26:09.317133 np0000179052 devstack@n-api-meta.service[108563]: DEBUG nova.api.openstack.wsgi_app [None req-7b93da5d-dd08-48c3-9c07-d9da9f74903e None None] arq_binding_timeout = 300 {{(pid=108563) log_opt_values /opt/stack/data/venv/lib/python3.12/site-packages/oslo_config/cfg.py:3245}}
Jun 08 19:26:09.317266 np0000179052 devstack@n-api-meta.service[108563]: DEBUG nova.api.openstack.wsgi_app [None req-7b93da5d-dd08-48c3-9c07-d9da9f74903e None None] block_device_allocate_retries = 60 {{(pid=108563) log_opt_values /opt/stack/data/venv/lib/python3.12/site-packages/oslo_config/cfg.py:3245}}
Jun 08 19:26:09.317400 np0000179052 devstack@n-api-meta.service[108563]: DEBUG nova.api.openstack.wsgi_app [None req-7b93da5d-dd08-48c3-9c07-d9da9f74903e None None] block_device_allocate_retries_interval = 3 {{(pid=108563) log_opt_values /opt/stack/data/venv/lib/python3.12/site-packages/oslo_config/cfg.py:3245}}
Jun 08 19:26:09.317530 np0000179052 devstack@n-api-meta.service[108563]: DEBUG nova.api.openstack.wsgi_app [None req-7b93da5d-dd08-48c3-9c07-d9da9f74903e None None] cell_worker_thread_pool_size = 5 {{(pid=108563) log_opt_values /opt/stack/data/venv/lib/python3.12/site-packages/oslo_config/cfg.py:3245}}
Jun 08 19:26:09.317678 np0000179052 devstack@n-api-meta.service[108563]: DEBUG nova.api.openstack.wsgi_app [None req-7b93da5d-dd08-48c3-9c07-d9da9f74903e None None] cert = self.pem {{(pid=108563) log_opt_values /opt/stack/data/venv/lib/python3.12/site-packages/oslo_config/cfg.py:3245}}
Jun 08 19:26:09.317814 np0000179052 devstack@n-api-meta.service[108563]: DEBUG nova.api.openstack.wsgi_app [None req-7b93da5d-dd08-48c3-9c07-d9da9f74903e None None] compute_driver = libvirt.LibvirtDriver {{(pid=108563) log_opt_values /opt/stack/data/venv/lib/python3.12/site-packages/oslo_config/cfg.py:3245}}
Jun 08 19:26:09.317973 np0000179052 devstack@n-api-meta.service[108563]: DEBUG nova.api.openstack.wsgi_app [None req-7b93da5d-dd08-48c3-9c07-d9da9f74903e None None] compute_monitors = [] {{(pid=108563) log_opt_values /opt/stack/data/venv/lib/python3.12/site-packages/oslo_config/cfg.py:3245}}
Jun 08 19:26:09.318106 np0000179052 devstack@n-api-meta.service[108563]: DEBUG nova.api.openstack.wsgi_app [None req-7b93da5d-dd08-48c3-9c07-d9da9f74903e None None] config_dir = [] {{(pid=108563) log_opt_values /opt/stack/data/venv/lib/python3.12/site-packages/oslo_config/cfg.py:3245}}
Jun 08 19:26:09.318245 np0000179052 devstack@n-api-meta.service[108563]: DEBUG nova.api.openstack.wsgi_app [None req-7b93da5d-dd08-48c3-9c07-d9da9f74903e None None] config_drive_format = iso9660 {{(pid=108563) log_opt_values /opt/stack/data/venv/lib/python3.12/site-packages/oslo_config/cfg.py:3245}}
Jun 08 19:26:09.318352 np0000179052 devstack@n-api-meta.service[108563]: DEBUG nova.api.openstack.wsgi_app [None req-7b93da5d-dd08-48c3-9c07-d9da9f74903e None None] config_file = ['/etc/nova/api-paste.ini', '/etc/nova/nova.conf'] {{(pid=108563) log_opt_values /opt/stack/data/venv/lib/python3.12/site-packages/oslo_config/cfg.py:3245}}
Jun 08 19:26:09.318534 np0000179052 devstack@n-api-meta.service[108563]: DEBUG nova.api.openstack.wsgi_app [None req-7b93da5d-dd08-48c3-9c07-d9da9f74903e None None] config_source = [] {{(pid=108563) log_opt_values /opt/stack/data/venv/lib/python3.12/site-packages/oslo_config/cfg.py:3245}}
Jun 08 19:26:09.318669 np0000179052 devstack@n-api-meta.service[108563]: DEBUG nova.api.openstack.wsgi_app [None req-7b93da5d-dd08-48c3-9c07-d9da9f74903e None None] console_host = np0000179052 {{(pid=108563) log_opt_values /opt/stack/data/venv/lib/python3.12/site-packages/oslo_config/cfg.py:3245}}
Jun 08 19:26:09.318805 np0000179052 devstack@n-api-meta.service[108563]: DEBUG nova.api.openstack.wsgi_app [None req-7b93da5d-dd08-48c3-9c07-d9da9f74903e None None] control_exchange = nova {{(pid=108563) log_opt_values /opt/stack/data/venv/lib/python3.12/site-packages/oslo_config/cfg.py:3245}}
Jun 08 19:26:09.318984 np0000179052 devstack@n-api-meta.service[108563]: DEBUG nova.api.openstack.wsgi_app [None req-7b93da5d-dd08-48c3-9c07-d9da9f74903e None None] cpu_allocation_ratio = None {{(pid=108563) log_opt_values /opt/stack/data/venv/lib/python3.12/site-packages/oslo_config/cfg.py:3245}}
Jun 08 19:26:09.319120 np0000179052 devstack@n-api-meta.service[108563]: DEBUG nova.api.openstack.wsgi_app [None req-7b93da5d-dd08-48c3-9c07-d9da9f74903e None None] daemon = False {{(pid=108563) log_opt_values /opt/stack/data/venv/lib/python3.12/site-packages/oslo_config/cfg.py:3245}}
Jun 08 19:26:09.319255 np0000179052 devstack@n-api-meta.service[108563]: DEBUG nova.api.openstack.wsgi_app [None req-7b93da5d-dd08-48c3-9c07-d9da9f74903e None None] debug = True {{(pid=108563) log_opt_values /opt/stack/data/venv/lib/python3.12/site-packages/oslo_config/cfg.py:3245}}
Jun 08 19:26:09.319382 np0000179052 devstack@n-api-meta.service[108563]: DEBUG nova.api.openstack.wsgi_app [None req-7b93da5d-dd08-48c3-9c07-d9da9f74903e None None] default_access_ip_network_name = None {{(pid=108563) log_opt_values /opt/stack/data/venv/lib/python3.12/site-packages/oslo_config/cfg.py:3245}}
Jun 08 19:26:09.319515 np0000179052 devstack@n-api-meta.service[108563]: DEBUG nova.api.openstack.wsgi_app [None req-7b93da5d-dd08-48c3-9c07-d9da9f74903e None None] default_availability_zone = nova {{(pid=108563) log_opt_values /opt/stack/data/venv/lib/python3.12/site-packages/oslo_config/cfg.py:3245}}
Jun 08 19:26:09.319649 np0000179052 devstack@n-api-meta.service[108563]: DEBUG nova.api.openstack.wsgi_app [None req-7b93da5d-dd08-48c3-9c07-d9da9f74903e None None] default_ephemeral_format = ext4 {{(pid=108563) log_opt_values /opt/stack/data/venv/lib/python3.12/site-packages/oslo_config/cfg.py:3245}}
Jun 08 19:26:09.319776 np0000179052 devstack@n-api-meta.service[108563]: DEBUG nova.api.openstack.wsgi_app [None req-7b93da5d-dd08-48c3-9c07-d9da9f74903e None None] default_green_pool_size = 1000 {{(pid=108563) log_opt_values /opt/stack/data/venv/lib/python3.12/site-packages/oslo_config/cfg.py:3245}}
Jun 08 19:26:09.320012 np0000179052 devstack@n-api-meta.service[108563]: DEBUG nova.api.openstack.wsgi_app [None req-7b93da5d-dd08-48c3-9c07-d9da9f74903e None None] default_log_levels = ['amqp=WARN', 'boto=WARN', 'sqlalchemy=WARN', 'suds=INFO', 'oslo.messaging=INFO', 'oslo_messaging=INFO', 'iso8601=WARN', 'requests.packages.urllib3.connectionpool=WARN', 'urllib3.connectionpool=WARN', 'websocket=WARN', 'requests.packages.urllib3.util.retry=WARN', 'urllib3.util.retry=WARN', 'keystonemiddleware=WARN', 'routes.middleware=WARN', 'stevedore=WARN', 'taskflow=WARN', 'keystoneauth=WARN', 'oslo.cache=INFO', 'oslo_policy=INFO', 'dogpile.core.dogpile=INFO', 'glanceclient=WARN', 'oslo.privsep.daemon=INFO'] {{(pid=108563) log_opt_values /opt/stack/data/venv/lib/python3.12/site-packages/oslo_config/cfg.py:3245}}
Jun 08 19:26:09.320140 np0000179052 devstack@n-api-meta.service[108563]: DEBUG nova.api.openstack.wsgi_app [None req-7b93da5d-dd08-48c3-9c07-d9da9f74903e None None] default_schedule_zone = None {{(pid=108563) log_opt_values /opt/stack/data/venv/lib/python3.12/site-packages/oslo_config/cfg.py:3245}}
Jun 08 19:26:09.320269 np0000179052 devstack@n-api-meta.service[108563]: DEBUG nova.api.openstack.wsgi_app [None req-7b93da5d-dd08-48c3-9c07-d9da9f74903e None None] default_thread_pool_size = 10 {{(pid=108563) log_opt_values /opt/stack/data/venv/lib/python3.12/site-packages/oslo_config/cfg.py:3245}}
Jun 08 19:26:09.320395 np0000179052 devstack@n-api-meta.service[108563]: DEBUG nova.api.openstack.wsgi_app [None req-7b93da5d-dd08-48c3-9c07-d9da9f74903e None None] disk_allocation_ratio = None {{(pid=108563) log_opt_values /opt/stack/data/venv/lib/python3.12/site-packages/oslo_config/cfg.py:3245}}
Jun 08 19:26:09.320523 np0000179052 devstack@n-api-meta.service[108563]: DEBUG nova.api.openstack.wsgi_app [None req-7b93da5d-dd08-48c3-9c07-d9da9f74903e None None] enable_new_services = True {{(pid=108563) log_opt_values /opt/stack/data/venv/lib/python3.12/site-packages/oslo_config/cfg.py:3245}}
Jun 08 19:26:09.320652 np0000179052 devstack@n-api-meta.service[108563]: DEBUG nova.api.openstack.wsgi_app [None req-7b93da5d-dd08-48c3-9c07-d9da9f74903e None None] flat_injected = False {{(pid=108563) log_opt_values /opt/stack/data/venv/lib/python3.12/site-packages/oslo_config/cfg.py:3245}}
Jun 08 19:26:09.320780 np0000179052 devstack@n-api-meta.service[108563]: DEBUG nova.api.openstack.wsgi_app [None req-7b93da5d-dd08-48c3-9c07-d9da9f74903e None None] force_config_drive = False {{(pid=108563) log_opt_values /opt/stack/data/venv/lib/python3.12/site-packages/oslo_config/cfg.py:3245}}
Jun 08 19:26:09.320966 np0000179052 devstack@n-api-meta.service[108563]: DEBUG nova.api.openstack.wsgi_app [None req-7b93da5d-dd08-48c3-9c07-d9da9f74903e None None] force_raw_images = True {{(pid=108563) log_opt_values /opt/stack/data/venv/lib/python3.12/site-packages/oslo_config/cfg.py:3245}}
Jun 08 19:26:09.321104 np0000179052 devstack@n-api-meta.service[108563]: DEBUG nova.api.openstack.wsgi_app [None req-7b93da5d-dd08-48c3-9c07-d9da9f74903e None None] graceful_shutdown_timeout = 5 {{(pid=108563) log_opt_values /opt/stack/data/venv/lib/python3.12/site-packages/oslo_config/cfg.py:3245}}
Jun 08 19:26:09.321230 np0000179052 devstack@n-api-meta.service[108563]: DEBUG nova.api.openstack.wsgi_app [None req-7b93da5d-dd08-48c3-9c07-d9da9f74903e None None] heal_instance_info_cache_interval = -1 {{(pid=108563) log_opt_values /opt/stack/data/venv/lib/python3.12/site-packages/oslo_config/cfg.py:3245}}
Jun 08 19:26:09.321413 np0000179052 devstack@n-api-meta.service[108563]: DEBUG nova.api.openstack.wsgi_app [None req-7b93da5d-dd08-48c3-9c07-d9da9f74903e None None] host = np0000179052 {{(pid=108563) log_opt_values /opt/stack/data/venv/lib/python3.12/site-packages/oslo_config/cfg.py:3245}}
Jun 08 19:26:09.321549 np0000179052 devstack@n-api-meta.service[108563]: DEBUG nova.api.openstack.wsgi_app [None req-7b93da5d-dd08-48c3-9c07-d9da9f74903e None None] initial_cpu_allocation_ratio = 4.0 {{(pid=108563) log_opt_values /opt/stack/data/venv/lib/python3.12/site-packages/oslo_config/cfg.py:3245}}
Jun 08 19:26:09.321678 np0000179052 devstack@n-api-meta.service[108563]: DEBUG nova.api.openstack.wsgi_app [None req-7b93da5d-dd08-48c3-9c07-d9da9f74903e None None] initial_disk_allocation_ratio = 1.0 {{(pid=108563) log_opt_values /opt/stack/data/venv/lib/python3.12/site-packages/oslo_config/cfg.py:3245}}
Jun 08 19:26:09.321807 np0000179052 devstack@n-api-meta.service[108563]: DEBUG nova.api.openstack.wsgi_app [None req-7b93da5d-dd08-48c3-9c07-d9da9f74903e None None] initial_ram_allocation_ratio = 1.0 {{(pid=108563) log_opt_values /opt/stack/data/venv/lib/python3.12/site-packages/oslo_config/cfg.py:3245}}
Jun 08 19:26:09.322000 np0000179052 devstack@n-api-meta.service[108563]: DEBUG nova.api.openstack.wsgi_app [None req-7b93da5d-dd08-48c3-9c07-d9da9f74903e None None] injected_network_template = /opt/stack/nova/nova/virt/interfaces.template {{(pid=108563) log_opt_values /opt/stack/data/venv/lib/python3.12/site-packages/oslo_config/cfg.py:3245}}
Jun 08 19:26:09.322134 np0000179052 devstack@n-api-meta.service[108563]: DEBUG nova.api.openstack.wsgi_app [None req-7b93da5d-dd08-48c3-9c07-d9da9f74903e None None] instance_build_timeout = 0 {{(pid=108563) log_opt_values /opt/stack/data/venv/lib/python3.12/site-packages/oslo_config/cfg.py:3245}}
Jun 08 19:26:09.322264 np0000179052 devstack@n-api-meta.service[108563]: DEBUG nova.api.openstack.wsgi_app [None req-7b93da5d-dd08-48c3-9c07-d9da9f74903e None None] instance_delete_interval = 300 {{(pid=108563) log_opt_values /opt/stack/data/venv/lib/python3.12/site-packages/oslo_config/cfg.py:3245}}
Jun 08 19:26:09.322398 np0000179052 devstack@n-api-meta.service[108563]: DEBUG nova.api.openstack.wsgi_app [None req-7b93da5d-dd08-48c3-9c07-d9da9f74903e None None] instance_format = [instance: %(uuid)s] {{(pid=108563) log_opt_values /opt/stack/data/venv/lib/python3.12/site-packages/oslo_config/cfg.py:3245}}
Jun 08 19:26:09.322554 np0000179052 devstack@n-api-meta.service[108563]: DEBUG nova.api.openstack.wsgi_app [None req-7b93da5d-dd08-48c3-9c07-d9da9f74903e None None] instance_name_template = instance-%08x {{(pid=108563) log_opt_values /opt/stack/data/venv/lib/python3.12/site-packages/oslo_config/cfg.py:3245}}
Jun 08 19:26:09.322684 np0000179052 devstack@n-api-meta.service[108563]: DEBUG nova.api.openstack.wsgi_app [None req-7b93da5d-dd08-48c3-9c07-d9da9f74903e None None] instance_usage_audit = False {{(pid=108563) log_opt_values /opt/stack/data/venv/lib/python3.12/site-packages/oslo_config/cfg.py:3245}}
Jun 08 19:26:09.322821 np0000179052 devstack@n-api-meta.service[108563]: DEBUG nova.api.openstack.wsgi_app [None req-7b93da5d-dd08-48c3-9c07-d9da9f74903e None None] instance_usage_audit_period = month {{(pid=108563) log_opt_values /opt/stack/data/venv/lib/python3.12/site-packages/oslo_config/cfg.py:3245}}
Jun 08 19:26:09.322979 np0000179052 devstack@n-api-meta.service[108563]: DEBUG nova.api.openstack.wsgi_app [None req-7b93da5d-dd08-48c3-9c07-d9da9f74903e None None] instance_uuid_format = [instance: %(uuid)s] {{(pid=108563) log_opt_values /opt/stack/data/venv/lib/python3.12/site-packages/oslo_config/cfg.py:3245}}
Jun 08 19:26:09.323113 np0000179052 devstack@n-api-meta.service[108563]: DEBUG nova.api.openstack.wsgi_app [None req-7b93da5d-dd08-48c3-9c07-d9da9f74903e None None] instances_path = /opt/stack/data/nova/instances {{(pid=108563) log_opt_values /opt/stack/data/venv/lib/python3.12/site-packages/oslo_config/cfg.py:3245}}
Jun 08 19:26:09.323250 np0000179052 devstack@n-api-meta.service[108563]: DEBUG nova.api.openstack.wsgi_app [None req-7b93da5d-dd08-48c3-9c07-d9da9f74903e None None] internal_service_availability_zone = internal {{(pid=108563) log_opt_values /opt/stack/data/venv/lib/python3.12/site-packages/oslo_config/cfg.py:3245}}
Jun 08 19:26:09.323332 np0000179052 devstack@n-api-meta.service[108564]: DEBUG dbcounter [-] [108564] Writer thread running {{(pid=108564) stat_writer /opt/stack/data/venv/lib/python3.12/site-packages/dbcounter.py:102}}
Jun 08 19:26:09.323377 np0000179052 devstack@n-api-meta.service[108563]: DEBUG nova.api.openstack.wsgi_app [None req-7b93da5d-dd08-48c3-9c07-d9da9f74903e None None] key = None {{(pid=108563) log_opt_values /opt/stack/data/venv/lib/python3.12/site-packages/oslo_config/cfg.py:3245}}
Jun 08 19:26:09.323498 np0000179052 devstack@n-api-meta.service[108563]: DEBUG nova.api.openstack.wsgi_app [None req-7b93da5d-dd08-48c3-9c07-d9da9f74903e None None] live_migration_retry_count = 30 {{(pid=108563) log_opt_values /opt/stack/data/venv/lib/python3.12/site-packages/oslo_config/cfg.py:3245}}
Jun 08 19:26:09.323634 np0000179052 devstack@n-api-meta.service[108563]: DEBUG nova.api.openstack.wsgi_app [None req-7b93da5d-dd08-48c3-9c07-d9da9f74903e None None] log_color = False {{(pid=108563) log_opt_values /opt/stack/data/venv/lib/python3.12/site-packages/oslo_config/cfg.py:3245}}
Jun 08 19:26:09.323767 np0000179052 devstack@n-api-meta.service[108563]: DEBUG nova.api.openstack.wsgi_app [None req-7b93da5d-dd08-48c3-9c07-d9da9f74903e None None] log_config_append = None {{(pid=108563) log_opt_values /opt/stack/data/venv/lib/python3.12/site-packages/oslo_config/cfg.py:3245}}
Jun 08 19:26:09.323980 np0000179052 devstack@n-api-meta.service[108563]: DEBUG nova.api.openstack.wsgi_app [None req-7b93da5d-dd08-48c3-9c07-d9da9f74903e None None] log_date_format = %Y-%m-%d %H:%M:%S {{(pid=108563) log_opt_values /opt/stack/data/venv/lib/python3.12/site-packages/oslo_config/cfg.py:3245}}
Jun 08 19:26:09.324130 np0000179052 devstack@n-api-meta.service[108563]: DEBUG nova.api.openstack.wsgi_app [None req-7b93da5d-dd08-48c3-9c07-d9da9f74903e None None] log_dir = None {{(pid=108563) log_opt_values /opt/stack/data/venv/lib/python3.12/site-packages/oslo_config/cfg.py:3245}}
Jun 08 19:26:09.324262 np0000179052 devstack@n-api-meta.service[108563]: DEBUG nova.api.openstack.wsgi_app [None req-7b93da5d-dd08-48c3-9c07-d9da9f74903e None None] log_file = None {{(pid=108563) log_opt_values /opt/stack/data/venv/lib/python3.12/site-packages/oslo_config/cfg.py:3245}}
Jun 08 19:26:09.324364 np0000179052 devstack@n-api-meta.service[108563]: DEBUG nova.api.openstack.wsgi_app [None req-7b93da5d-dd08-48c3-9c07-d9da9f74903e None None] log_options = True {{(pid=108563) log_opt_values /opt/stack/data/venv/lib/python3.12/site-packages/oslo_config/cfg.py:3245}}
Jun 08 19:26:09.324491 np0000179052 devstack@n-api-meta.service[108563]: DEBUG nova.api.openstack.wsgi_app [None req-7b93da5d-dd08-48c3-9c07-d9da9f74903e None None] log_rotate_interval = 1 {{(pid=108563) log_opt_values /opt/stack/data/venv/lib/python3.12/site-packages/oslo_config/cfg.py:3245}}
Jun 08 19:26:09.324821 np0000179052 devstack@n-api-meta.service[108563]: DEBUG nova.api.openstack.wsgi_app [None req-7b93da5d-dd08-48c3-9c07-d9da9f74903e None None] log_rotate_interval_type = days {{(pid=108563) log_opt_values /opt/stack/data/venv/lib/python3.12/site-packages/oslo_config/cfg.py:3245}}
Jun 08 19:26:09.324977 np0000179052 devstack@n-api-meta.service[108563]: DEBUG nova.api.openstack.wsgi_app [None req-7b93da5d-dd08-48c3-9c07-d9da9f74903e None None] log_rotation_type = none {{(pid=108563) log_opt_values /opt/stack/data/venv/lib/python3.12/site-packages/oslo_config/cfg.py:3245}}
Jun 08 19:26:09.325089 np0000179052 devstack@n-api-meta.service[108563]: DEBUG nova.api.openstack.wsgi_app [None req-7b93da5d-dd08-48c3-9c07-d9da9f74903e None None] logging_context_format_string = %(color)s%(levelname)s %(name)s [%(global_request_id)s %(request_id)s %(project_name)s %(user_name)s%(color)s] %(instance)s%(color)s%(message)s {{(pid=108563) log_opt_values /opt/stack/data/venv/lib/python3.12/site-packages/oslo_config/cfg.py:3245}}
Jun 08 19:26:09.325208 np0000179052 devstack@n-api-meta.service[108563]: DEBUG nova.api.openstack.wsgi_app [None req-7b93da5d-dd08-48c3-9c07-d9da9f74903e None None] logging_debug_format_suffix = {{(pid=%(process)d) %(funcName)s %(pathname)s:%(lineno)d}} {{(pid=108563) log_opt_values /opt/stack/data/venv/lib/python3.12/site-packages/oslo_config/cfg.py:3245}}
Jun 08 19:26:09.325366 np0000179052 devstack@n-api-meta.service[108563]: DEBUG nova.api.openstack.wsgi_app [None req-7b93da5d-dd08-48c3-9c07-d9da9f74903e None None] logging_default_format_string = %(color)s%(levelname)s %(name)s [-%(color)s] %(instance)s%(color)s%(message)s {{(pid=108563) log_opt_values /opt/stack/data/venv/lib/python3.12/site-packages/oslo_config/cfg.py:3245}}
Jun 08 19:26:09.325529 np0000179052 devstack@n-api-meta.service[108563]: DEBUG nova.api.openstack.wsgi_app [None req-7b93da5d-dd08-48c3-9c07-d9da9f74903e None None] logging_exception_prefix = ERROR %(name)s %(instance)s {{(pid=108563) log_opt_values /opt/stack/data/venv/lib/python3.12/site-packages/oslo_config/cfg.py:3245}}
Jun 08 19:26:09.325672 np0000179052 devstack@n-api-meta.service[108563]: DEBUG nova.api.openstack.wsgi_app [None req-7b93da5d-dd08-48c3-9c07-d9da9f74903e None None] logging_user_identity_format = %(user)s %(project)s %(domain)s %(system_scope)s %(user_domain)s %(project_domain)s {{(pid=108563) log_opt_values /opt/stack/data/venv/lib/python3.12/site-packages/oslo_config/cfg.py:3245}}
