May 28 01:33:30.582307 np0000177122 devstack@neutron-api.service[103050]: DEBUG ovsdbapp.backend.ovs_idl [None req-0fd297cd-079c-4dd0-a6a9-7ccdf74ae4c5 None None] Created schema index Address_Set.name {{(pid=103050) autocreate_indices /opt/stack/data/venv/lib/python3.12/site-packages/ovsdbapp/backend/ovs_idl/__init__.py:106}}
May 28 01:33:30.582395 np0000177122 devstack@neutron-api.service[103050]: DEBUG ovsdbapp.backend.ovs_idl [None req-0fd297cd-079c-4dd0-a6a9-7ccdf74ae4c5 None None] Created schema index Connection.target {{(pid=103050) autocreate_indices /opt/stack/data/venv/lib/python3.12/site-packages/ovsdbapp/backend/ovs_idl/__init__.py:106}}
May 28 01:33:30.582536 np0000177122 devstack@neutron-api.service[103050]: DEBUG ovsdbapp.backend.ovs_idl [None req-0fd297cd-079c-4dd0-a6a9-7ccdf74ae4c5 None None] Created schema index Gateway_Chassis.name {{(pid=103050) autocreate_indices /opt/stack/data/venv/lib/python3.12/site-packages/ovsdbapp/backend/ovs_idl/__init__.py:106}}
May 28 01:33:30.582656 np0000177122 devstack@neutron-api.service[103050]: DEBUG ovsdbapp.backend.ovs_idl [None req-0fd297cd-079c-4dd0-a6a9-7ccdf74ae4c5 None None] Created schema index Mirror.name {{(pid=103050) autocreate_indices /opt/stack/data/venv/lib/python3.12/site-packages/ovsdbapp/backend/ovs_idl/__init__.py:106}}
May 28 01:33:30.582737 np0000177122 devstack@neutron-api.service[103050]: DEBUG ovsdbapp.backend.ovs_idl [None req-0fd297cd-079c-4dd0-a6a9-7ccdf74ae4c5 None None] Created schema index Chassis_Template_Var.chassis {{(pid=103050) autocreate_indices /opt/stack/data/venv/lib/python3.12/site-packages/ovsdbapp/backend/ovs_idl/__init__.py:106}}
May 28 01:33:30.582842 np0000177122 devstack@neutron-api.service[103051]: INFO ovsdbapp.backend.ovs_idl.vlog [None req-c9255434-ef21-4001-a713-a735196f3f3f None None] ssl:199.204.45.235:6642: connected
May 28 01:33:30.582966 np0000177122 devstack@neutron-api.service[103050]: DEBUG ovsdbapp.backend.ovs_idl [None req-0fd297cd-079c-4dd0-a6a9-7ccdf74ae4c5 None None] Created schema index Logical_Router_Port.name {{(pid=103050) autocreate_indices /opt/stack/data/venv/lib/python3.12/site-packages/ovsdbapp/backend/ovs_idl/__init__.py:106}}
May 28 01:33:30.582966 np0000177122 devstack@neutron-api.service[103050]: DEBUG ovsdbapp.backend.ovs_idl [None req-0fd297cd-079c-4dd0-a6a9-7ccdf74ae4c5 None None] Created schema index Port_Group.name {{(pid=103050) autocreate_indices /opt/stack/data/venv/lib/python3.12/site-packages/ovsdbapp/backend/ovs_idl/__init__.py:106}}
May 28 01:33:30.583110 np0000177122 devstack@neutron-api.service[103050]: DEBUG ovsdbapp.backend.ovs_idl [None req-0fd297cd-079c-4dd0-a6a9-7ccdf74ae4c5 None None] Created schema index Logical_Switch_Port.name {{(pid=103050) autocreate_indices /opt/stack/data/venv/lib/python3.12/site-packages/ovsdbapp/backend/ovs_idl/__init__.py:106}}
May 28 01:33:30.585453 np0000177122 devstack@neutron-api.service[103050]: INFO ovsdbapp.backend.ovs_idl.vlog [None req-0fd297cd-079c-4dd0-a6a9-7ccdf74ae4c5 None None] ssl:199.204.45.235:6641: connecting...
May 28 01:33:30.586271 np0000177122 devstack@neutron-api.service[103049]: DEBUG neutron.common.ovn.hash_ring_manager [None req-4da140a0-daeb-414d-9f81-f09ed103b167 None None] Allow caching, nodes 4>=4 {{(pid=103049) _wait_startup_before_caching /opt/stack/neutron/neutron/common/ovn/hash_ring_manager.py:65}}
May 28 01:33:30.591427 np0000177122 devstack@neutron-api.service[103049]: DEBUG neutron.common.ovn.hash_ring_manager [None req-4da140a0-daeb-414d-9f81-f09ed103b167 None None] Hash Ring loaded. 4 active nodes. 0 offline nodes {{(pid=103049) _load_hash_ring /opt/stack/neutron/neutron/common/ovn/hash_ring_manager.py:102}}
May 28 01:33:30.592778 np0000177122 devstack@neutron-api.service[103050]: INFO ovsdbapp.backend.ovs_idl.vlog [None req-0fd297cd-079c-4dd0-a6a9-7ccdf74ae4c5 None None] ssl:199.204.45.235:6641: connected
May 28 01:33:30.592842 np0000177122 devstack@neutron-api.service[103049]: INFO neutron.plugins.ml2.drivers.ovn.mech_driver.ovsdb.impl_idl_ovn [None req-4da140a0-daeb-414d-9f81-f09ed103b167 None None] Getting OvsdbSbOvnIdl for WorkerService with retry
May 28 01:33:30.605795 np0000177122 devstack@neutron-api.service[103048]: DEBUG neutron.common.ovn.hash_ring_manager [-] Allow caching, nodes 4>=4 {{(pid=103048) _wait_startup_before_caching /opt/stack/neutron/neutron/common/ovn/hash_ring_manager.py:65}}
May 28 01:33:30.606156 np0000177122 devstack@neutron-api.service[103048]: DEBUG neutron.plugins.ml2.drivers.ovn.mech_driver.ovsdb.ovsdb_monitor [-] Hash Ring: Node 7fd96fdf22975c09a239c5faebd12eb0 (host: np0000177122) handling event "update" for row dc54541c-de4c-4f6d-b9cc-6a5b3a4ebeef (table: Connection) {{(pid=103048) notify /opt/stack/neutron/neutron/plugins/ml2/drivers/ovn/mech_driver/ovsdb/ovsdb_monitor.py:986}}
May 28 01:33:30.613252 np0000177122 devstack@neutron-api.service[103051]: DEBUG neutron.common.ovn.hash_ring_manager [None req-c9255434-ef21-4001-a713-a735196f3f3f None None] Allow caching, nodes 4>=4 {{(pid=103051) _wait_startup_before_caching /opt/stack/neutron/neutron/common/ovn/hash_ring_manager.py:65}}
May 28 01:33:30.617200 np0000177122 devstack@neutron-api.service[103051]: DEBUG neutron.common.ovn.hash_ring_manager [None req-c9255434-ef21-4001-a713-a735196f3f3f None None] Hash Ring loaded. 4 active nodes. 0 offline nodes {{(pid=103051) _load_hash_ring /opt/stack/neutron/neutron/common/ovn/hash_ring_manager.py:102}}
May 28 01:33:30.617353 np0000177122 devstack@neutron-api.service[103051]: DEBUG neutron.plugins.ml2.drivers.ovn.mech_driver.ovsdb.ovsdb_monitor [None req-c9255434-ef21-4001-a713-a735196f3f3f None None] ChassisAgentWriteEvent : Matched Chassis_Private, create, None None {{(pid=103051) matches /opt/stack/neutron/neutron/plugins/ml2/drivers/ovn/mech_driver/ovsdb/ovsdb_monitor.py:64}}
May 28 01:33:30.617500 np0000177122 devstack@neutron-api.service[103051]: DEBUG neutron.plugins.ml2.drivers.ovn.mech_driver.ovsdb.ovsdb_monitor [None req-c9255434-ef21-4001-a713-a735196f3f3f None None] ChassisOVNAgentWriteEvent : Matched Chassis_Private, create, None None {{(pid=103051) matches /opt/stack/neutron/neutron/plugins/ml2/drivers/ovn/mech_driver/ovsdb/ovsdb_monitor.py:64}}
May 28 01:33:30.619939 np0000177122 devstack@neutron-api.service[103051]: INFO neutron.plugins.ml2.drivers.ovn.mech_driver.mech_driver [None req-c9255434-ef21-4001-a713-a735196f3f3f None None] WorkerService process has finished the post initialization
May 28 01:33:30.621139 np0000177122 devstack@neutron-api.service[103051]: WSGI app 0 (mountpoint='') ready in 7 seconds on interpreter 0x7cb0e5ca3668 pid: 103051 (default app)
May 28 01:33:30.625253 np0000177122 devstack@neutron-api.service[103049]: DEBUG ovsdbapp.backend.ovs_idl [None req-4da140a0-daeb-414d-9f81-f09ed103b167 None None] Created lookup_table index Chassis.name {{(pid=103049) autocreate_indices /opt/stack/data/venv/lib/python3.12/site-packages/ovsdbapp/backend/ovs_idl/__init__.py:87}}
May 28 01:33:30.625350 np0000177122 devstack@neutron-api.service[103049]: DEBUG ovsdbapp.backend.ovs_idl [None req-4da140a0-daeb-414d-9f81-f09ed103b167 None None] Created lookup_table index Port_Binding.logical_port {{(pid=103049) autocreate_indices /opt/stack/data/venv/lib/python3.12/site-packages/ovsdbapp/backend/ovs_idl/__init__.py:87}}
May 28 01:33:30.625484 np0000177122 devstack@neutron-api.service[103049]: DEBUG ovsdbapp.backend.ovs_idl [None req-4da140a0-daeb-414d-9f81-f09ed103b167 None None] Created schema index Chassis_Private.name {{(pid=103049) autocreate_indices /opt/stack/data/venv/lib/python3.12/site-packages/ovsdbapp/backend/ovs_idl/__init__.py:106}}
May 28 01:33:30.625586 np0000177122 devstack@neutron-api.service[103049]: DEBUG ovsdbapp.backend.ovs_idl [None req-4da140a0-daeb-414d-9f81-f09ed103b167 None None] Created schema index Datapath_Binding.tunnel_key {{(pid=103049) autocreate_indices /opt/stack/data/venv/lib/python3.12/site-packages/ovsdbapp/backend/ovs_idl/__init__.py:106}}
May 28 01:33:30.627612 np0000177122 devstack@neutron-api.service[103049]: INFO ovsdbapp.backend.ovs_idl.vlog [None req-4da140a0-daeb-414d-9f81-f09ed103b167 None None] ssl:199.204.45.235:6642: connecting...
May 28 01:33:30.629238 np0000177122 devstack@neutron-api.service[103050]: DEBUG neutron.common.ovn.hash_ring_manager [None req-0fd297cd-079c-4dd0-a6a9-7ccdf74ae4c5 None None] Allow caching, nodes 4>=4 {{(pid=103050) _wait_startup_before_caching /opt/stack/neutron/neutron/common/ovn/hash_ring_manager.py:65}}
May 28 01:33:30.632514 np0000177122 devstack@neutron-api.service[103049]: INFO ovsdbapp.backend.ovs_idl.vlog [None req-4da140a0-daeb-414d-9f81-f09ed103b167 None None] ssl:199.204.45.235:6642: connected
May 28 01:33:30.634283 np0000177122 devstack@neutron-api.service[103050]: DEBUG neutron.common.ovn.hash_ring_manager [None req-0fd297cd-079c-4dd0-a6a9-7ccdf74ae4c5 None None] Hash Ring loaded. 4 active nodes. 0 offline nodes {{(pid=103050) _load_hash_ring /opt/stack/neutron/neutron/common/ovn/hash_ring_manager.py:102}}
May 28 01:33:30.635389 np0000177122 devstack@neutron-api.service[103050]: INFO neutron.plugins.ml2.drivers.ovn.mech_driver.ovsdb.impl_idl_ovn [None req-0fd297cd-079c-4dd0-a6a9-7ccdf74ae4c5 None None] Getting OvsdbSbOvnIdl for WorkerService with retry
May 28 01:33:30.659622 np0000177122 devstack@neutron-api.service[103049]: DEBUG neutron.common.ovn.hash_ring_manager [None req-4da140a0-daeb-414d-9f81-f09ed103b167 None None] Allow caching, nodes 4>=4 {{(pid=103049) _wait_startup_before_caching /opt/stack/neutron/neutron/common/ovn/hash_ring_manager.py:65}}
May 28 01:33:30.663908 np0000177122 devstack@neutron-api.service[103049]: DEBUG neutron.common.ovn.hash_ring_manager [None req-4da140a0-daeb-414d-9f81-f09ed103b167 None None] Hash Ring loaded. 4 active nodes. 0 offline nodes {{(pid=103049) _load_hash_ring /opt/stack/neutron/neutron/common/ovn/hash_ring_manager.py:102}}
May 28 01:33:30.664071 np0000177122 devstack@neutron-api.service[103049]: DEBUG neutron.plugins.ml2.drivers.ovn.mech_driver.ovsdb.ovsdb_monitor [None req-4da140a0-daeb-414d-9f81-f09ed103b167 None None] ChassisAgentWriteEvent : Matched Chassis_Private, create, None None {{(pid=103049) matches /opt/stack/neutron/neutron/plugins/ml2/drivers/ovn/mech_driver/ovsdb/ovsdb_monitor.py:64}}
May 28 01:33:30.664202 np0000177122 devstack@neutron-api.service[103049]: DEBUG neutron.plugins.ml2.drivers.ovn.mech_driver.ovsdb.ovsdb_monitor [None req-4da140a0-daeb-414d-9f81-f09ed103b167 None None] ChassisOVNAgentWriteEvent : Matched Chassis_Private, create, None None {{(pid=103049) matches /opt/stack/neutron/neutron/plugins/ml2/drivers/ovn/mech_driver/ovsdb/ovsdb_monitor.py:64}}
May 28 01:33:30.664501 np0000177122 devstack@neutron-api.service[103049]: DEBUG neutron.plugins.ml2.drivers.ovn.mech_driver.ovsdb.ovsdb_monitor [None req-4da140a0-daeb-414d-9f81-f09ed103b167 None None] Hash Ring: Node 03a98ac950ba5df296996fcf68eedc60 (host: np0000177122) handling event "create" for row e5fa3acb-2c2d-4277-ae11-bc0a63aec03f (table: Chassis_Private) {{(pid=103049) notify /opt/stack/neutron/neutron/plugins/ml2/drivers/ovn/mech_driver/ovsdb/ovsdb_monitor.py:986}}
May 28 01:33:30.664933 np0000177122 devstack@neutron-api.service[103050]: DEBUG ovsdbapp.backend.ovs_idl [None req-0fd297cd-079c-4dd0-a6a9-7ccdf74ae4c5 None None] Created lookup_table index Chassis.name {{(pid=103050) autocreate_indices /opt/stack/data/venv/lib/python3.12/site-packages/ovsdbapp/backend/ovs_idl/__init__.py:87}}
May 28 01:33:30.665013 np0000177122 devstack@neutron-api.service[103050]: DEBUG ovsdbapp.backend.ovs_idl [None req-0fd297cd-079c-4dd0-a6a9-7ccdf74ae4c5 None None] Created lookup_table index Port_Binding.logical_port {{(pid=103050) autocreate_indices /opt/stack/data/venv/lib/python3.12/site-packages/ovsdbapp/backend/ovs_idl/__init__.py:87}}
May 28 01:33:30.665147 np0000177122 devstack@neutron-api.service[103050]: DEBUG ovsdbapp.backend.ovs_idl [None req-0fd297cd-079c-4dd0-a6a9-7ccdf74ae4c5 None None] Created schema index Chassis_Private.name {{(pid=103050) autocreate_indices /opt/stack/data/venv/lib/python3.12/site-packages/ovsdbapp/backend/ovs_idl/__init__.py:106}}
May 28 01:33:30.665254 np0000177122 devstack@neutron-api.service[103050]: DEBUG ovsdbapp.backend.ovs_idl [None req-0fd297cd-079c-4dd0-a6a9-7ccdf74ae4c5 None None] Created schema index Datapath_Binding.tunnel_key {{(pid=103050) autocreate_indices /opt/stack/data/venv/lib/python3.12/site-packages/ovsdbapp/backend/ovs_idl/__init__.py:106}}
May 28 01:33:30.666609 np0000177122 devstack@neutron-api.service[103049]: INFO neutron.plugins.ml2.drivers.ovn.mech_driver.mech_driver [None req-4da140a0-daeb-414d-9f81-f09ed103b167 None None] WorkerService process has finished the post initialization
May 28 01:33:30.667116 np0000177122 devstack@neutron-api.service[103050]: INFO ovsdbapp.backend.ovs_idl.vlog [None req-0fd297cd-079c-4dd0-a6a9-7ccdf74ae4c5 None None] ssl:199.204.45.235:6642: connecting...
May 28 01:33:30.668121 np0000177122 devstack@neutron-api.service[103049]: WSGI app 0 (mountpoint='') ready in 7 seconds on interpreter 0x7cb0e5ca3668 pid: 103049 (default app)
May 28 01:33:30.671561 np0000177122 devstack@neutron-api.service[103050]: INFO ovsdbapp.backend.ovs_idl.vlog [None req-0fd297cd-079c-4dd0-a6a9-7ccdf74ae4c5 None None] ssl:199.204.45.235:6642: connected
May 28 01:33:30.681312 np0000177122 devstack@neutron-api.service[103048]: [pid: 103048|app: 0|req: 1/1] 199.204.45.235 () {62 vars in 988 bytes} [Thu May 28 01:33:30 2026] GET /networking => generated 130 bytes in 4 msecs (HTTP/1.1 200) 3 headers in 91 bytes (1 switches on core 0)
May 28 01:33:30.698311 np0000177122 devstack@neutron-api.service[103050]: DEBUG neutron.common.ovn.hash_ring_manager [None req-0fd297cd-079c-4dd0-a6a9-7ccdf74ae4c5 None None] Allow caching, nodes 4>=4 {{(pid=103050) _wait_startup_before_caching /opt/stack/neutron/neutron/common/ovn/hash_ring_manager.py:65}}
May 28 01:33:30.702395 np0000177122 devstack@neutron-api.service[103050]: DEBUG neutron.common.ovn.hash_ring_manager [None req-0fd297cd-079c-4dd0-a6a9-7ccdf74ae4c5 None None] Hash Ring loaded. 4 active nodes. 0 offline nodes {{(pid=103050) _load_hash_ring /opt/stack/neutron/neutron/common/ovn/hash_ring_manager.py:102}}
May 28 01:33:30.702630 np0000177122 devstack@neutron-api.service[103050]: DEBUG neutron.plugins.ml2.drivers.ovn.mech_driver.ovsdb.ovsdb_monitor [None req-0fd297cd-079c-4dd0-a6a9-7ccdf74ae4c5 None None] ChassisAgentWriteEvent : Matched Chassis_Private, create, None None {{(pid=103050) matches /opt/stack/neutron/neutron/plugins/ml2/drivers/ovn/mech_driver/ovsdb/ovsdb_monitor.py:64}}
May 28 01:33:30.703030 np0000177122 devstack@neutron-api.service[103050]: DEBUG neutron.plugins.ml2.drivers.ovn.mech_driver.ovsdb.ovsdb_monitor [None req-0fd297cd-079c-4dd0-a6a9-7ccdf74ae4c5 None None] ChassisOVNAgentWriteEvent : Matched Chassis_Private, create, None None {{(pid=103050) matches /opt/stack/neutron/neutron/plugins/ml2/drivers/ovn/mech_driver/ovsdb/ovsdb_monitor.py:64}}
May 28 01:33:30.706156 np0000177122 devstack@neutron-api.service[103050]: INFO neutron.plugins.ml2.drivers.ovn.mech_driver.mech_driver [None req-0fd297cd-079c-4dd0-a6a9-7ccdf74ae4c5 None None] WorkerService process has finished the post initialization
May 28 01:33:30.707745 np0000177122 devstack@neutron-api.service[103050]: WSGI app 0 (mountpoint='') ready in 7 seconds on interpreter 0x7cb0e5ca3668 pid: 103050 (default app)
May 28 01:33:35.689569 np0000177122 devstack@neutron-api.service[103048]: DEBUG neutron.plugins.ml2.drivers.ovn.mech_driver.ovsdb.ovsdb_monitor [-] Hash Ring: Node 7fd96fdf22975c09a239c5faebd12eb0 (host: np0000177122) handling event "update" for row dc54541c-de4c-4f6d-b9cc-6a5b3a4ebeef (table: Connection) {{(pid=103048) notify /opt/stack/neutron/neutron/plugins/ml2/drivers/ovn/mech_driver/ovsdb/ovsdb_monitor.py:986}}
May 28 01:33:36.969191 np0000177122 devstack@neutron-api.service[103051]: DEBUG neutron.api.wsgi [None req-b0606e21-0a6f-409f-a0b2-0afb681ad206 admin admin] Missing Content-Type {{(pid=103051) get_content_type /opt/stack/neutron/neutron/api/wsgi.py:80}}
May 28 01:33:36.969723 np0000177122 devstack@neutron-api.service[103051]: DEBUG neutron.api.wsgi [None req-b0606e21-0a6f-409f-a0b2-0afb681ad206 admin admin] https://199.204.45.235/networking/v2.0/extensions returned with HTTP 200 {{(pid=103051) __call__ /opt/stack/neutron/neutron/api/wsgi.py:540}}
May 28 01:33:36.969992 np0000177122 devstack@neutron-api.service[103051]: [pid: 103051|app: 0|req: 1/2] 199.204.45.235 () {64 vars in 1323 bytes} [Thu May 28 01:33:36 2026] GET /networking/v2.0/extensions => generated 15209 bytes in 257 msecs (HTTP/1.1 200) 4 headers in 159 bytes (1 switches on core 0)
May 28 01:33:37.359704 np0000177122 devstack@neutron-api.service[103049]: DEBUG neutron.api.v2.base [None req-43657470-a74b-491e-9d81-30ddfcd2931a admin admin] Request body: {'subnetpool': {'is_default': True, 'shared': True, 'default_prefixlen': 26, 'prefixes': ['10.1.0.0/20'], 'name': 'shared-default-subnetpool-v4'}} {{(pid=103049) prepare_request_body /opt/stack/neutron/neutron/api/v2/base.py:727}}
May 28 01:33:37.556104 np0000177122 devstack@neutron-api.service[103049]: DEBUG neutron.policy [None req-43657470-a74b-491e-9d81-30ddfcd2931a admin admin] Loaded default policies from ['neutron'] under neutron.policies entry points {{(pid=103049) register_rules /opt/stack/neutron/neutron/policy.py:65}}
May 28 01:33:37.692169 np0000177122 devstack@neutron-api.service[103049]: DEBUG neutron_lib.callbacks.manager [None req-43657470-a74b-491e-9d81-30ddfcd2931a admin admin] Publish callbacks ['neutron.objects.securitygroup.RbacNeutronDbObjectMixin.validate_rbac_policy_change-3000679231112', 'neutron.objects.address_group.RbacNeutronDbObjectMixin.validate_rbac_policy_change-3000679237190', 'neutron.objects.network.RbacNeutronDbObjectMixin.validate_rbac_policy_change-3000679135159', 'neutron.objects.qos.policy.RbacNeutronDbObjectMixin.validate_rbac_policy_change-3000679125372', 'neutron.objects.subnetpool.RbacNeutronDbObjectMixin.validate_rbac_policy_change-3000679012178', 'neutron.objects.address_scope.RbacNeutronDbObjectMixin.validate_rbac_policy_change-3000679122861', 'neutron.plugins.ml2.plugin.External_net_db_mixin._process_ext_policy_create-66188193', 'neutron.plugins.ml2.plugin.NeutronDbPluginV2.validate_network_rbac_policy_change-66166649'] for rbac-policy (None), before_create {{(pid=103049) _notify_loop /opt/stack/data/venv/lib/python3.12/site-packages/neutron_lib/callbacks/manager.py:184}}
May 28 01:33:37.732921 np0000177122 devstack@neutron-api.service[103049]: DEBUG neutron_lib.callbacks.manager [None req-43657470-a74b-491e-9d81-30ddfcd2931a admin admin] Publish callbacks [] for subnetpool (None), before_response {{(pid=103049) _notify_loop /opt/stack/data/venv/lib/python3.12/site-packages/neutron_lib/callbacks/manager.py:184}}
May 28 01:33:37.733367 np0000177122 devstack@neutron-api.service[103049]: [pid: 103049|app: 0|req: 1/3] 199.204.45.235 () {68 vars in 1367 bytes} [Thu May 28 01:33:37 2026] POST /networking/v2.0/subnetpools => generated 533 bytes in 478 msecs (HTTP/1.1 201) 4 headers in 162 bytes (1 switches on core 0)
May 28 01:33:38.427459 np0000177122 devstack@neutron-api.service[103048]: DEBUG neutron.api.v2.base [None req-7daff26f-dc0f-4c88-805a-b1b3e472d0e2 admin admin] Request body: {'subnetpool': {'is_default': True, 'shared': True, 'default_prefixlen': 64, 'prefixes': ['fd8b:8057:6e25::/56'], 'name': 'shared-default-subnetpool-v6'}} {{(pid=103048) prepare_request_body /opt/stack/neutron/neutron/api/v2/base.py:727}}
May 28 01:33:38.602493 np0000177122 devstack@neutron-api.service[103048]: DEBUG neutron.policy [None req-7daff26f-dc0f-4c88-805a-b1b3e472d0e2 admin admin] Loaded default policies from ['neutron'] under neutron.policies entry points {{(pid=103048) register_rules /opt/stack/neutron/neutron/policy.py:65}}
May 28 01:33:38.751919 np0000177122 devstack@neutron-api.service[103048]: DEBUG neutron_lib.callbacks.manager [None req-7daff26f-dc0f-4c88-805a-b1b3e472d0e2 admin admin] Publish callbacks ['neutron.objects.securitygroup.RbacNeutronDbObjectMixin.validate_rbac_policy_change-3000679230948', 'neutron.objects.address_group.RbacNeutronDbObjectMixin.validate_rbac_policy_change-3000679236989', 'neutron.objects.network.RbacNeutronDbObjectMixin.validate_rbac_policy_change-3000679133770', 'neutron.objects.qos.policy.RbacNeutronDbObjectMixin.validate_rbac_policy_change-3000679012169', 'neutron.objects.subnetpool.RbacNeutronDbObjectMixin.validate_rbac_policy_change-3000679028600', 'neutron.objects.address_scope.RbacNeutronDbObjectMixin.validate_rbac_policy_change-3000679127495', 'neutron.plugins.ml2.plugin.External_net_db_mixin._process_ext_policy_create-209308', 'neutron.plugins.ml2.plugin.NeutronDbPluginV2.validate_network_rbac_policy_change-197000'] for rbac-policy (None), before_create {{(pid=103048) _notify_loop /opt/stack/data/venv/lib/python3.12/site-packages/neutron_lib/callbacks/manager.py:184}}
May 28 01:33:38.796606 np0000177122 devstack@neutron-api.service[103048]: DEBUG neutron_lib.callbacks.manager [None req-7daff26f-dc0f-4c88-805a-b1b3e472d0e2 admin admin] Publish callbacks [] for subnetpool (None), before_response {{(pid=103048) _notify_loop /opt/stack/data/venv/lib/python3.12/site-packages/neutron_lib/callbacks/manager.py:184}}
May 28 01:33:38.797263 np0000177122 devstack@neutron-api.service[103048]: [pid: 103048|app: 0|req: 2/4] 199.204.45.235 () {68 vars in 1367 bytes} [Thu May 28 01:33:37 2026] POST /networking/v2.0/subnetpools => generated 543 bytes in 860 msecs (HTTP/1.1 201) 4 headers in 162 bytes (1 switches on core 0)
May 28 01:33:39.215045 np0000177122 devstack@neutron-api.service[103050]: DEBUG neutron.api.v2.base [None req-51bfd413-1111-4752-82ff-92a7ba20bc7f admin admin] Request body: {'network': {'admin_state_up': True, 'name': 'private'}} {{(pid=103050) prepare_request_body /opt/stack/neutron/neutron/api/v2/base.py:727}}
May 28 01:33:39.244096 np0000177122 devstack@neutron-api.service[103050]: DEBUG neutron.pecan_wsgi.hooks.quota_enforcement [None req-51bfd413-1111-4752-82ff-92a7ba20bc7f admin admin] Made reservation on behalf of b1d4b93c9a574865a02648225334d197 for: {'network': 1} {{(pid=103050) before /opt/stack/neutron/neutron/pecan_wsgi/hooks/quota_enforcement.py:66}}
May 28 01:33:39.414704 np0000177122 devstack@neutron-api.service[103050]: DEBUG neutron.policy [None req-51bfd413-1111-4752-82ff-92a7ba20bc7f admin admin] Loaded default policies from ['neutron'] under neutron.policies entry points {{(pid=103050) register_rules /opt/stack/neutron/neutron/policy.py:65}}
May 28 01:33:39.514900 np0000177122 devstack@neutron-api.service[103050]: DEBUG neutron_lib.callbacks.manager [None req-51bfd413-1111-4752-82ff-92a7ba20bc7f admin admin] Publish callbacks ['neutron.plugins.ml2.plugin.SecurityGroupDbMixin._ensure_default_security_group_handler-53660'] for network (None), before_create {{(pid=103050) _notify_loop /opt/stack/data/venv/lib/python3.12/site-packages/neutron_lib/callbacks/manager.py:184}}
May 28 01:33:39.535881 np0000177122 devstack@neutron-api.service[103050]: DEBUG neutron_lib.callbacks.manager [None req-51bfd413-1111-4752-82ff-92a7ba20bc7f admin admin] Publish callbacks [] for security_group (None), before_create {{(pid=103050) _notify_loop /opt/stack/data/venv/lib/python3.12/site-packages/neutron_lib/callbacks/manager.py:184}}
May 28 01:33:39.634480 np0000177122 devstack@neutron-api.service[103050]: DEBUG neutron_lib.callbacks.manager [None req-51bfd413-1111-4752-82ff-92a7ba20bc7f admin admin] Publish callbacks ['neutron.plugins.ml2.drivers.ovn.mech_driver.mech_driver.OVNMechanismDriver._create_security_group_precommit-465630'] for security_group (4dd9b6bd-4659-45dd-b9d2-baf62c734e2a), precommit_create {{(pid=103050) _notify_loop /opt/stack/data/venv/lib/python3.12/site-packages/neutron_lib/callbacks/manager.py:184}}
May 28 01:33:39.634632 np0000177122 devstack@neutron-api.service[103050]: DEBUG neutron.db.ovn_revision_numbers_db [None req-51bfd413-1111-4752-82ff-92a7ba20bc7f admin admin] create_initial_revision uuid=4dd9b6bd-4659-45dd-b9d2-baf62c734e2a, type=security_groups, rev=-1 {{(pid=103050) create_initial_revision /opt/stack/neutron/neutron/db/ovn_revision_numbers_db.py:98}}
May 28 01:33:39.636799 np0000177122 devstack@neutron-api.service[103050]: DEBUG neutron.db.ovn_revision_numbers_db [None req-51bfd413-1111-4752-82ff-92a7ba20bc7f admin admin] create_initial_revision uuid=4655768c-051e-45eb-96a1-9d7e5f99d7d5, type=security_group_rules, rev=-1 {{(pid=103050) create_initial_revision /opt/stack/neutron/neutron/db/ovn_revision_numbers_db.py:98}}
May 28 01:33:39.637792 np0000177122 devstack@neutron-api.service[103050]: DEBUG neutron.db.ovn_revision_numbers_db [None req-51bfd413-1111-4752-82ff-92a7ba20bc7f admin admin] create_initial_revision uuid=5e7e34bc-0e2f-4cc7-b324-f8714dd694df, type=security_group_rules, rev=-1 {{(pid=103050) create_initial_revision /opt/stack/neutron/neutron/db/ovn_revision_numbers_db.py:98}}
May 28 01:33:39.638800 np0000177122 devstack@neutron-api.service[103050]: DEBUG neutron.db.ovn_revision_numbers_db [None req-51bfd413-1111-4752-82ff-92a7ba20bc7f admin admin] create_initial_revision uuid=83314196-1f1f-4e0f-89da-b18546ddf13d, type=security_group_rules, rev=-1 {{(pid=103050) create_initial_revision /opt/stack/neutron/neutron/db/ovn_revision_numbers_db.py:98}}
May 28 01:33:39.639977 np0000177122 devstack@neutron-api.service[103050]: DEBUG neutron.db.ovn_revision_numbers_db [None req-51bfd413-1111-4752-82ff-92a7ba20bc7f admin admin] create_initial_revision uuid=d97726b2-bb95-4ef4-8aea-c6c5c9199fb5, type=security_group_rules, rev=-1 {{(pid=103050) create_initial_revision /opt/stack/neutron/neutron/db/ovn_revision_numbers_db.py:98}}
May 28 01:33:39.646744 np0000177122 devstack@neutron-api.service[103050]: DEBUG neutron_lib.callbacks.manager [None req-51bfd413-1111-4752-82ff-92a7ba20bc7f admin admin] Publish callbacks ['neutron.plugins.ml2.drivers.ovn.mech_driver.mech_driver.OVNMechanismDriver._create_security_group-465608', 'neutron.plugins.ml2.ovo_rpc._ObjectChangeHandler.handle_event-2675290'] for security_group (4dd9b6bd-4659-45dd-b9d2-baf62c734e2a), after_create {{(pid=103050) _notify_loop /opt/stack/data/venv/lib/python3.12/site-packages/neutron_lib/callbacks/manager.py:184}}
May 28 01:33:39.646948 np0000177122 devstack@neutron-api.service[103050]: INFO neutron.plugins.ml2.drivers.ovn.mech_driver.ovsdb.extensions.qos [None req-51bfd413-1111-4752-82ff-92a7ba20bc7f admin admin] Starting OVNClientQosExtension
May 28 01:33:39.647128 np0000177122 devstack@neutron-api.service[103050]: INFO neutron.plugins.ml2.drivers.ovn.mech_driver.ovsdb.extensions.placement [None req-51bfd413-1111-4752-82ff-92a7ba20bc7f admin admin] Starting OVNClientPlacementExtension
May 28 01:33:39.648554 np0000177122 devstack@neutron-api.service[103050]: DEBUG ovsdbapp.backend.ovs_idl.transaction [-] Running txn n=1 command(idx=0): PgAddCommand(_result=None, name=pg_4dd9b6bd_4659_45dd_b9d2_baf62c734e2a, may_exist=False, columns={'acls': [], 'external_ids': {'neutron:security_group_id': '4dd9b6bd-4659-45dd-b9d2-baf62c734e2a'}}) {{(pid=103050) do_commit /opt/stack/data/venv/lib/python3.12/site-packages/ovsdbapp/backend/ovs_idl/transaction.py:89}}
May 28 01:33:39.650816 np0000177122 devstack@neutron-api.service[103050]: DEBUG ovsdbapp.backend.ovs_idl.transaction [-] Running txn n=1 command(idx=1): PgAclAddCommand(_result=None, entity=pg_4dd9b6bd_4659_45dd_b9d2_baf62c734e2a, direction=from-lport, priority=1002, match=inport == @pg_4dd9b6bd_4659_45dd_b9d2_baf62c734e2a && ip6, action=allow-related, log=False, may_exist=True, severity=[], name=[], meter=[], external_ids={'neutron:security_group_rule_id': '4655768c-051e-45eb-96a1-9d7e5f99d7d5'}) {{(pid=103050) do_commit /opt/stack/data/venv/lib/python3.12/site-packages/ovsdbapp/backend/ovs_idl/transaction.py:89}}
May 28 01:33:39.651484 np0000177122 devstack@neutron-api.service[103050]: DEBUG ovsdbapp.backend.ovs_idl.transaction [-] Running txn n=1 command(idx=2): PgAclAddCommand(_result=None, entity=pg_4dd9b6bd_4659_45dd_b9d2_baf62c734e2a, direction=from-lport, priority=1002, match=inport == @pg_4dd9b6bd_4659_45dd_b9d2_baf62c734e2a && ip4, action=allow-related, log=False, may_exist=True, severity=[], name=[], meter=[], external_ids={'neutron:security_group_rule_id': '5e7e34bc-0e2f-4cc7-b324-f8714dd694df'}) {{(pid=103050) do_commit /opt/stack/data/venv/lib/python3.12/site-packages/ovsdbapp/backend/ovs_idl/transaction.py:89}}
May 28 01:33:39.652093 np0000177122 devstack@neutron-api.service[103050]: DEBUG ovsdbapp.backend.ovs_idl.transaction [-] Running txn n=1 command(idx=3): PgAclAddCommand(_result=None, entity=pg_4dd9b6bd_4659_45dd_b9d2_baf62c734e2a, direction=to-lport, priority=1002, match=outport == @pg_4dd9b6bd_4659_45dd_b9d2_baf62c734e2a && ip4 && ip4.src == $pg_4dd9b6bd_4659_45dd_b9d2_baf62c734e2a_ip4, action=allow-related, log=False, may_exist=True, severity=[], name=[], meter=[], external_ids={'neutron:security_group_rule_id': '83314196-1f1f-4e0f-89da-b18546ddf13d'}) {{(pid=103050) do_commit /opt/stack/data/venv/lib/python3.12/site-packages/ovsdbapp/backend/ovs_idl/transaction.py:89}}
May 28 01:33:39.652413 np0000177122 devstack@neutron-api.service[103050]: DEBUG ovsdbapp.backend.ovs_idl.transaction [-] Running txn n=1 command(idx=4): PgAclAddCommand(_result=None, entity=pg_4dd9b6bd_4659_45dd_b9d2_baf62c734e2a, direction=to-lport, priority=1002, match=outport == @pg_4dd9b6bd_4659_45dd_b9d2_baf62c734e2a && ip6 && ip6.src == $pg_4dd9b6bd_4659_45dd_b9d2_baf62c734e2a_ip6, action=allow-related, log=False, may_exist=True, severity=[], name=[], meter=[], external_ids={'neutron:security_group_rule_id': 'd97726b2-bb95-4ef4-8aea-c6c5c9199fb5'}) {{(pid=103050) do_commit /opt/stack/data/venv/lib/python3.12/site-packages/ovsdbapp/backend/ovs_idl/transaction.py:89}}
May 28 01:33:39.659991 np0000177122 devstack@neutron-api.service[103051]: DEBUG neutron.plugins.ml2.drivers.ovn.mech_driver.ovsdb.ovsdb_monitor [-] Hash Ring: Node dc8091fecb5154dabf34a37f75c4f95b (host: np0000177122) handling event "create" for row 3e27fb02-0db5-4b0c-9fad-68f604fb40e6 (table: ACL) {{(pid=103051) notify /opt/stack/neutron/neutron/plugins/ml2/drivers/ovn/mech_driver/ovsdb/ovsdb_monitor.py:986}}
May 28 01:33:39.660429 np0000177122 devstack@neutron-api.service[103051]: DEBUG neutron.plugins.ml2.drivers.ovn.mech_driver.ovsdb.ovsdb_monitor [-] Hash Ring: Node dc8091fecb5154dabf34a37f75c4f95b (host: np0000177122) handling event "create" for row be33491a-0db9-4208-9a1b-0df3d6dbe43a (table: Port_Group) {{(pid=103051) notify /opt/stack/neutron/neutron/plugins/ml2/drivers/ovn/mech_driver/ovsdb/ovsdb_monitor.py:986}}
May 28 01:33:39.661191 np0000177122 devstack@neutron-api.service[103050]: DEBUG neutron.plugins.ml2.drivers.ovn.mech_driver.ovsdb.ovsdb_monitor [-] Hash Ring: Node 33cf44dc8bb6579db4d6e2defc0c6da9 (host: np0000177122) handling event "create" for row 826b791e-4f96-4360-825e-1be0a1ac6d22 (table: ACL) {{(pid=103050) notify /opt/stack/neutron/neutron/plugins/ml2/drivers/ovn/mech_driver/ovsdb/ovsdb_monitor.py:986}}
May 28 01:33:39.661685 np0000177122 devstack@neutron-api.service[103049]: DEBUG neutron.plugins.ml2.drivers.ovn.mech_driver.ovsdb.ovsdb_monitor [-] Hash Ring: Node 03a98ac950ba5df296996fcf68eedc60 (host: np0000177122) handling event "create" for row 8370d697-b96b-4b3f-b4ec-2fc4a2f701af (table: ACL) {{(pid=103049) notify /opt/stack/neutron/neutron/plugins/ml2/drivers/ovn/mech_driver/ovsdb/ovsdb_monitor.py:986}}
May 28 01:33:39.661959 np0000177122 devstack@neutron-api.service[103048]: DEBUG neutron.plugins.ml2.drivers.ovn.mech_driver.ovsdb.ovsdb_monitor [-] Hash Ring: Node 7fd96fdf22975c09a239c5faebd12eb0 (host: np0000177122) handling event "create" for row 3e27fb02-0db5-4b0c-9fad-68f604fb40e6 (table: ACL) {{(pid=103048) notify /opt/stack/neutron/neutron/plugins/ml2/drivers/ovn/mech_driver/ovsdb/ovsdb_monitor.py:986}}
May 28 01:33:39.662195 np0000177122 devstack@neutron-api.service[103048]: DEBUG neutron.plugins.ml2.drivers.ovn.mech_driver.ovsdb.ovsdb_monitor [-] Hash Ring: Node 7fd96fdf22975c09a239c5faebd12eb0 (host: np0000177122) handling event "create" for row 826b791e-4f96-4360-825e-1be0a1ac6d22 (table: ACL) {{(pid=103048) notify /opt/stack/neutron/neutron/plugins/ml2/drivers/ovn/mech_driver/ovsdb/ovsdb_monitor.py:986}}
May 28 01:33:39.662391 np0000177122 devstack@neutron-api.service[103048]: DEBUG neutron.plugins.ml2.drivers.ovn.mech_driver.ovsdb.ovsdb_monitor [-] Hash Ring: Node 7fd96fdf22975c09a239c5faebd12eb0 (host: np0000177122) handling event "create" for row 8370d697-b96b-4b3f-b4ec-2fc4a2f701af (table: ACL) {{(pid=103048) notify /opt/stack/neutron/neutron/plugins/ml2/drivers/ovn/mech_driver/ovsdb/ovsdb_monitor.py:986}}
May 28 01:33:39.662662 np0000177122 devstack@neutron-api.service[103048]: DEBUG neutron.plugins.ml2.drivers.ovn.mech_driver.ovsdb.ovsdb_monitor [-] Hash Ring: Node 7fd96fdf22975c09a239c5faebd12eb0 (host: np0000177122) handling event "create" for row e1784104-ec5f-499a-82d8-689bfac585a8 (table: ACL) {{(pid=103048) notify /opt/stack/neutron/neutron/plugins/ml2/drivers/ovn/mech_driver/ovsdb/ovsdb_monitor.py:986}}
May 28 01:33:39.662975 np0000177122 devstack@neutron-api.service[103048]: DEBUG neutron.plugins.ml2.drivers.ovn.mech_driver.ovsdb.ovsdb_monitor [-] Hash Ring: Node 7fd96fdf22975c09a239c5faebd12eb0 (host: np0000177122) handling event "create" for row be33491a-0db9-4208-9a1b-0df3d6dbe43a (table: Port_Group) {{(pid=103048) notify /opt/stack/neutron/neutron/plugins/ml2/drivers/ovn/mech_driver/ovsdb/ovsdb_monitor.py:986}}
May 28 01:33:39.686436 np0000177122 devstack@neutron-api.service[103050]: INFO neutron.db.ovn_revision_numbers_db [None req-51bfd413-1111-4752-82ff-92a7ba20bc7f admin admin] Successfully bumped revision number for resource 4dd9b6bd-4659-45dd-b9d2-baf62c734e2a (type: security_groups) to 1
May 28 01:33:39.702276 np0000177122 devstack@neutron-api.service[103050]: INFO neutron.db.ovn_revision_numbers_db [None req-51bfd413-1111-4752-82ff-92a7ba20bc7f admin admin] Successfully bumped revision number for resource 4655768c-051e-45eb-96a1-9d7e5f99d7d5 (type: security_group_rules) to 0
May 28 01:33:39.719372 np0000177122 devstack@neutron-api.service[103050]: INFO neutron.db.ovn_revision_numbers_db [None req-51bfd413-1111-4752-82ff-92a7ba20bc7f admin admin] Successfully bumped revision number for resource 5e7e34bc-0e2f-4cc7-b324-f8714dd694df (type: security_group_rules) to 0
May 28 01:33:39.732197 np0000177122 devstack@neutron-api.service[103050]: INFO neutron.db.ovn_revision_numbers_db [None req-51bfd413-1111-4752-82ff-92a7ba20bc7f admin admin] Successfully bumped revision number for resource 83314196-1f1f-4e0f-89da-b18546ddf13d (type: security_group_rules) to 0
May 28 01:33:39.746702 np0000177122 devstack@neutron-api.service[103050]: INFO neutron.db.ovn_revision_numbers_db [None req-51bfd413-1111-4752-82ff-92a7ba20bc7f admin admin] Successfully bumped revision number for resource d97726b2-bb95-4ef4-8aea-c6c5c9199fb5 (type: security_group_rules) to 0
May 28 01:33:39.770708 np0000177122 devstack@neutron-api.service[103050]: DEBUG neutron.api.rpc.handlers.resources_rpc [None req-51bfd413-1111-4752-82ff-92a7ba20bc7f admin admin] Pushing event updated for resources: {'SecurityGroup': ['ID=4dd9b6bd-4659-45dd-b9d2-baf62c734e2a,revision_number=1']} {{(pid=103050) push /opt/stack/neutron/neutron/api/rpc/handlers/resources_rpc.py:237}}
May 28 01:33:39.782099 np0000177122 devstack@neutron-api.service[103050]: DEBUG ovsdbapp.backend.ovs_idl.transaction [-] Running txn n=1 command(idx=0): CheckLivenessCommand(_result=None) {{(pid=103050) do_commit /opt/stack/data/venv/lib/python3.12/site-packages/ovsdbapp/backend/ovs_idl/transaction.py:89}}
May 28 01:33:39.785572 np0000177122 devstack@neutron-api.service[103050]: DEBUG neutron.api.rpc.callbacks.version_manager [None req-51bfd413-1111-4752-82ff-92a7ba20bc7f admin admin] Tracked resource versions report:
May 28 01:33:39.785572 np0000177122 devstack@neutron-api.service[103050]: pushed versions:
May 28 01:33:39.785572 np0000177122 devstack@neutron-api.service[103050]: { 'AddressGroup': {'1.2'},
May 28 01:33:39.785572 np0000177122 devstack@neutron-api.service[103050]: 'Agent': {'1.1'},
May 28 01:33:39.785572 np0000177122 devstack@neutron-api.service[103050]: 'ConntrackHelper': {'1.0'},
May 28 01:33:39.785572 np0000177122 devstack@neutron-api.service[103050]: 'LocalIPAssociation': {'1.0'},
May 28 01:33:39.785572 np0000177122 devstack@neutron-api.service[103050]: 'Log': {'1.0'},
May 28 01:33:39.785572 np0000177122 devstack@neutron-api.service[103050]: 'NDPProxy': {'1.0'},
May 28 01:33:39.785572 np0000177122 devstack@neutron-api.service[103050]: 'Network': {'1.3'},
May 28 01:33:39.785572 np0000177122 devstack@neutron-api.service[103050]: 'Port': {'1.11'},
May 28 01:33:39.785572 np0000177122 devstack@neutron-api.service[103050]: 'PortForwarding': {'1.3'},
May 28 01:33:39.785572 np0000177122 devstack@neutron-api.service[103050]: 'QosPolicy': {'1.10'},
May 28 01:33:39.785572 np0000177122 devstack@neutron-api.service[103050]: 'SecurityGroup': {'1.6'},
May 28 01:33:39.785572 np0000177122 devstack@neutron-api.service[103050]: 'SecurityGroupRule': {'1.3'},
May 28 01:33:39.785572 np0000177122 devstack@neutron-api.service[103050]: 'SubPort': {'1.0'},
May 28 01:33:39.785572 np0000177122 devstack@neutron-api.service[103050]: 'Subnet': {'1.2'},
May 28 01:33:39.785572 np0000177122 devstack@neutron-api.service[103050]: 'Trunk': {'1.1'}}
May 28 01:33:39.785572 np0000177122 devstack@neutron-api.service[103050]: consumer versions:
May 28 01:33:39.785572 np0000177122 devstack@neutron-api.service[103050]: {}
May 28 01:33:39.785572 np0000177122 devstack@neutron-api.service[103050]: {{(pid=103050) report /opt/stack/neutron/neutron/api/rpc/callbacks/version_manager.py:183}}
May 28 01:33:39.788034 np0000177122 devstack@neutron-api.service[103048]: DEBUG neutron.plugins.ml2.drivers.ovn.mech_driver.ovsdb.ovsdb_monitor [-] Hash Ring: Node 7fd96fdf22975c09a239c5faebd12eb0 (host: np0000177122) handling event "update" for row 22da46fb-35c7-4be6-a0fa-54e25644f9c8 (table: NB_Global) {{(pid=103048) notify /opt/stack/neutron/neutron/plugins/ml2/drivers/ovn/mech_driver/ovsdb/ovsdb_monitor.py:986}}
May 28 01:33:39.789612 np0000177122 devstack@neutron-api.service[103048]: DEBUG neutron.plugins.ml2.drivers.ovn.mech_driver.ovsdb.ovsdb_monitor [-] Hash Ring: Node 7fd96fdf22975c09a239c5faebd12eb0 (host: np0000177122) handling event "update" for row 22da46fb-35c7-4be6-a0fa-54e25644f9c8 (table: NB_Global) {{(pid=103048) notify /opt/stack/neutron/neutron/plugins/ml2/drivers/ovn/mech_driver/ovsdb/ovsdb_monitor.py:986}}
May 28 01:33:39.790687 np0000177122 devstack@neutron-api.service[103051]: DEBUG neutron.plugins.ml2.drivers.ovn.mech_driver.ovsdb.ovsdb_monitor [-] ChassisAgentWriteEvent : Matched Chassis_Private, update, None None {{(pid=103051) matches /opt/stack/neutron/neutron/plugins/ml2/drivers/ovn/mech_driver/ovsdb/ovsdb_monitor.py:64}}
May 28 01:33:39.791054 np0000177122 devstack@neutron-api.service[103049]: DEBUG neutron.plugins.ml2.drivers.ovn.mech_driver.ovsdb.ovsdb_monitor [-] ChassisAgentWriteEvent : Matched Chassis_Private, update, None None {{(pid=103049) matches /opt/stack/neutron/neutron/plugins/ml2/drivers/ovn/mech_driver/ovsdb/ovsdb_monitor.py:64}}
May 28 01:33:39.791689 np0000177122 devstack@neutron-api.service[103048]: DEBUG neutron.plugins.ml2.drivers.ovn.mech_driver.ovsdb.ovsdb_monitor [-] ChassisAgentWriteEvent : Matched Chassis_Private, update, None None {{(pid=103048) matches /opt/stack/neutron/neutron/plugins/ml2/drivers/ovn/mech_driver/ovsdb/ovsdb_monitor.py:64}}
May 28 01:33:39.791858 np0000177122 devstack@neutron-api.service[103049]: DEBUG neutron.plugins.ml2.drivers.ovn.mech_driver.ovsdb.ovsdb_monitor [-] Hash Ring: Node 03a98ac950ba5df296996fcf68eedc60 (host: np0000177122) handling event "update" for row e5fa3acb-2c2d-4277-ae11-bc0a63aec03f (table: Chassis_Private) {{(pid=103049) notify /opt/stack/neutron/neutron/plugins/ml2/drivers/ovn/mech_driver/ovsdb/ovsdb_monitor.py:986}}
May 28 01:33:39.791992 np0000177122 devstack@neutron-api.service[103050]: DEBUG neutron.plugins.ml2.drivers.ovn.mech_driver.ovsdb.ovsdb_monitor [-] ChassisAgentWriteEvent : Matched Chassis_Private, update, None None {{(pid=103050) matches /opt/stack/neutron/neutron/plugins/ml2/drivers/ovn/mech_driver/ovsdb/ovsdb_monitor.py:64}}
May 28 01:33:39.795134 np0000177122 devstack@neutron-api.service[103049]: DEBUG neutron.plugins.ml2.drivers.ovn.mech_driver.ovsdb.ovsdb_monitor [-] ChassisOVNAgentWriteEvent : Matched Chassis_Private, update, None None {{(pid=103049) matches /opt/stack/neutron/neutron/plugins/ml2/drivers/ovn/mech_driver/ovsdb/ovsdb_monitor.py:64}}
May 28 01:33:39.795517 np0000177122 devstack@neutron-api.service[103049]: DEBUG neutron.plugins.ml2.drivers.ovn.mech_driver.ovsdb.ovsdb_monitor [-] Hash Ring: Node 03a98ac950ba5df296996fcf68eedc60 (host: np0000177122) handling event "update" for row e5fa3acb-2c2d-4277-ae11-bc0a63aec03f (table: Chassis_Private) {{(pid=103049) notify /opt/stack/neutron/neutron/plugins/ml2/drivers/ovn/mech_driver/ovsdb/ovsdb_monitor.py:986}}
May 28 01:33:39.795744 np0000177122 devstack@neutron-api.service[103050]: DEBUG neutron.plugins.ml2.drivers.ovn.mech_driver.ovsdb.ovsdb_monitor [-] ChassisOVNAgentWriteEvent : Matched Chassis_Private, update, None None {{(pid=103050) matches /opt/stack/neutron/neutron/plugins/ml2/drivers/ovn/mech_driver/ovsdb/ovsdb_monitor.py:64}}
May 28 01:33:39.795948 np0000177122 devstack@neutron-api.service[103051]: DEBUG neutron.plugins.ml2.drivers.ovn.mech_driver.ovsdb.ovsdb_monitor [-] ChassisOVNAgentWriteEvent : Matched Chassis_Private, update, None None {{(pid=103051) matches /opt/stack/neutron/neutron/plugins/ml2/drivers/ovn/mech_driver/ovsdb/ovsdb_monitor.py:64}}
May 28 01:33:39.797566 np0000177122 devstack@neutron-api.service[103048]: DEBUG neutron.plugins.ml2.drivers.ovn.mech_driver.ovsdb.ovsdb_monitor [-] Hash Ring: Node 7fd96fdf22975c09a239c5faebd12eb0 (host: np0000177122) handling event "update" for row 22da46fb-35c7-4be6-a0fa-54e25644f9c8 (table: NB_Global) {{(pid=103048) notify /opt/stack/neutron/neutron/plugins/ml2/drivers/ovn/mech_driver/ovsdb/ovsdb_monitor.py:986}}
May 28 01:33:39.799228 np0000177122 devstack@neutron-api.service[103048]: DEBUG neutron.plugins.ml2.drivers.ovn.mech_driver.ovsdb.ovsdb_monitor [-] Hash Ring: Node 7fd96fdf22975c09a239c5faebd12eb0 (host: np0000177122) handling event "update" for row 22da46fb-35c7-4be6-a0fa-54e25644f9c8 (table: NB_Global) {{(pid=103048) notify /opt/stack/neutron/neutron/plugins/ml2/drivers/ovn/mech_driver/ovsdb/ovsdb_monitor.py:986}}
May 28 01:33:39.800945 np0000177122 devstack@neutron-api.service[103048]: DEBUG neutron.common.ovn.hash_ring_manager [-] Allow caching, nodes 4>=4 {{(pid=103048) _wait_startup_before_caching /opt/stack/neutron/neutron/common/ovn/hash_ring_manager.py:65}}
May 28 01:33:39.801117 np0000177122 devstack@neutron-api.service[103048]: DEBUG neutron.plugins.ml2.drivers.ovn.mech_driver.ovsdb.ovsdb_monitor [-] Hash Ring: Node 7fd96fdf22975c09a239c5faebd12eb0 (host: np0000177122) handling event "update" for row e5fa3acb-2c2d-4277-ae11-bc0a63aec03f (table: Chassis_Private) {{(pid=103048) notify /opt/stack/neutron/neutron/plugins/ml2/drivers/ovn/mech_driver/ovsdb/ovsdb_monitor.py:986}}
May 28 01:33:39.802187 np0000177122 devstack@neutron-api.service[103048]: DEBUG neutron.plugins.ml2.drivers.ovn.mech_driver.ovsdb.ovsdb_monitor [-] ChassisOVNAgentWriteEvent : Matched Chassis_Private, update, None None {{(pid=103048) matches /opt/stack/neutron/neutron/plugins/ml2/drivers/ovn/mech_driver/ovsdb/ovsdb_monitor.py:64}}
May 28 01:33:39.802516 np0000177122 devstack@neutron-api.service[103048]: DEBUG neutron.plugins.ml2.drivers.ovn.mech_driver.ovsdb.ovsdb_monitor [-] Hash Ring: Node 7fd96fdf22975c09a239c5faebd12eb0 (host: np0000177122) handling event "update" for row e5fa3acb-2c2d-4277-ae11-bc0a63aec03f (table: Chassis_Private) {{(pid=103048) notify /opt/stack/neutron/neutron/plugins/ml2/drivers/ovn/mech_driver/ovsdb/ovsdb_monitor.py:986}}
May 28 01:33:39.850353 np0000177122 devstack@neutron-api.service[103050]: DEBUG neutron.plugins.ml2.drivers.helpers [None req-51bfd413-1111-4752-82ff-92a7ba20bc7f admin admin] geneve segment allocate from pool success with {'geneve_vni': 25775} {{(pid=103050) allocate_partially_specified_segment /opt/stack/neutron/neutron/plugins/ml2/drivers/helpers.py:142}}
May 28 01:33:39.861737 np0000177122 devstack@neutron-api.service[103050]: DEBUG neutron_lib.callbacks.manager [None req-51bfd413-1111-4752-82ff-92a7ba20bc7f admin admin] Publish callbacks ['neutron.services.segments.db._add_segment_host_mapping_for_segment-8568693634322', 'neutron.plugins.ml2.plugin.Ml2Plugin._handle_segment_change-1882082'] for segment (97df245d-dd32-496e-939c-50d6d0c96deb), precommit_create {{(pid=103050) _notify_loop /opt/stack/data/venv/lib/python3.12/site-packages/neutron_lib/callbacks/manager.py:184}}
May 28 01:33:39.861926 np0000177122 devstack@neutron-api.service[103050]: INFO neutron.db.segments_db [None req-51bfd413-1111-4752-82ff-92a7ba20bc7f admin admin] Added segment 97df245d-dd32-496e-939c-50d6d0c96deb of type geneve for network 71515c49-5b7d-4697-a138-603d30a0b318
May 28 01:33:39.908318 np0000177122 devstack@neutron-api.service[103050]: DEBUG neutron_lib.callbacks.manager [None req-51bfd413-1111-4752-82ff-92a7ba20bc7f admin admin] Publish callbacks ['neutron.services.auto_allocate.db._ensure_external_network_default_value_callback-8568692088472'] for network (71515c49-5b7d-4697-a138-603d30a0b318), precommit_create {{(pid=103050) _notify_loop /opt/stack/data/venv/lib/python3.12/site-packages/neutron_lib/callbacks/manager.py:184}}
May 28 01:33:39.925067 np0000177122 devstack@neutron-api.service[103050]: DEBUG neutron.plugins.ml2.drivers.ovn.mech_driver.mech_driver [None req-51bfd413-1111-4752-82ff-92a7ba20bc7f admin admin] Validating network segment with type geneve, segmentation ID 25775, physical network None {{(pid=103050) _validate_network_segments /opt/stack/neutron/neutron/plugins/ml2/drivers/ovn/mech_driver/mech_driver.py:643}}
May 28 01:33:39.925180 np0000177122 devstack@neutron-api.service[103050]: DEBUG neutron.db.ovn_revision_numbers_db [None req-51bfd413-1111-4752-82ff-92a7ba20bc7f admin admin] create_initial_revision uuid=71515c49-5b7d-4697-a138-603d30a0b318, type=networks, rev=-1 {{(pid=103050) create_initial_revision /opt/stack/neutron/neutron/db/ovn_revision_numbers_db.py:98}}
May 28 01:33:39.943955 np0000177122 devstack@neutron-api.service[103050]: DEBUG neutron_lib.callbacks.manager [None req-51bfd413-1111-4752-82ff-92a7ba20bc7f admin admin] Publish callbacks ['neutron.plugins.ml2.ovo_rpc._ObjectChangeHandler.handle_event-2675622'] for network (71515c49-5b7d-4697-a138-603d30a0b318), after_create {{(pid=103050) _notify_loop /opt/stack/data/venv/lib/python3.12/site-packages/neutron_lib/callbacks/manager.py:184}}
May 28 01:33:39.990832 np0000177122 devstack@neutron-api.service[103050]: DEBUG neutron.api.rpc.handlers.resources_rpc [None req-51bfd413-1111-4752-82ff-92a7ba20bc7f admin admin] Pushing event updated for resources: {'Network': ['ID=71515c49-5b7d-4697-a138-603d30a0b318,revision_number=1']} {{(pid=103050) push /opt/stack/neutron/neutron/api/rpc/handlers/resources_rpc.py:237}}
May 28 01:33:39.999201 np0000177122 devstack@neutron-api.service[103050]: DEBUG ovsdbapp.backend.ovs_idl.transaction [-] Running txn n=1 command(idx=0): AddNetworkCommand(_result=None, network_uuid=71515c49-5b7d-4697-a138-603d30a0b318, may_exist=True, columns={'external_ids': {'neutron:network_name': 'private', 'neutron:mtu': '1372', 'neutron:revision_number': '1', 'neutron:availability_zone_hints': '', 'neutron:provnet-network-type': 'geneve'}, 'other_config': {'mcast_snoop': 'false', 'mcast_flood_unregistered': 'false', 'vlan-passthru': 'false'}}) {{(pid=103050) do_commit /opt/stack/data/venv/lib/python3.12/site-packages/ovsdbapp/backend/ovs_idl/transaction.py:89}}
May 28 01:33:40.000006 np0000177122 devstack@neutron-api.service[103050]: DEBUG neutron.common.ovn.utils [-] OVS persist_uuid supported=True {{(pid=103050) ovs_persist_uuid_supported /opt/stack/neutron/neutron/common/ovn/utils.py:1538}}
May 28 01:33:40.004962 np0000177122 devstack@neutron-api.service[103048]: DEBUG neutron.plugins.ml2.drivers.ovn.mech_driver.ovsdb.ovsdb_monitor [-] Hash Ring: Node 7fd96fdf22975c09a239c5faebd12eb0 (host: np0000177122) handling event "create" for row 71515c49-5b7d-4697-a138-603d30a0b318 (table: Logical_Switch) {{(pid=103048) notify /opt/stack/neutron/neutron/plugins/ml2/drivers/ovn/mech_driver/ovsdb/ovsdb_monitor.py:986}}
May 28 01:33:40.011128 np0000177122 devstack@neutron-api.service[103048]: DEBUG neutron.plugins.ml2.drivers.ovn.mech_driver.ovsdb.ovsdb_monitor [-] Hash Ring: Node 7fd96fdf22975c09a239c5faebd12eb0 (host: np0000177122) handling event "create" for row 085835c4-d742-4d33-a8ef-df2412422dbf (table: Datapath_Binding) {{(pid=103048) notify /opt/stack/neutron/neutron/plugins/ml2/drivers/ovn/mech_driver/ovsdb/ovsdb_monitor.py:986}}
May 28 01:33:40.011469 np0000177122 devstack@neutron-api.service[103051]: DEBUG neutron.plugins.ml2.drivers.ovn.mech_driver.ovsdb.ovsdb_monitor [-] Hash Ring: Node dc8091fecb5154dabf34a37f75c4f95b (host: np0000177122) handling event "create" for row 085835c4-d742-4d33-a8ef-df2412422dbf (table: Datapath_Binding) {{(pid=103051) notify /opt/stack/neutron/neutron/plugins/ml2/drivers/ovn/mech_driver/ovsdb/ovsdb_monitor.py:986}}
May 28 01:33:40.041446 np0000177122 devstack@neutron-api.service[103050]: INFO neutron.db.ovn_revision_numbers_db [None req-51bfd413-1111-4752-82ff-92a7ba20bc7f admin admin] Successfully bumped revision number for resource 71515c49-5b7d-4697-a138-603d30a0b318 (type: networks) to 1
