May 05 11:18:55.707241 np0000171774 neutron-periodic-workers[105361]: DEBUG cotyledon.oslo_config_glue [-] database.backend = sqlalchemy {{(pid=105361) log_opt_values /opt/stack/data/venv/lib/python3.12/site-packages/oslo_config/cfg.py:3006}}
May 05 11:18:55.707298 np0000171774 neutron-periodic-workers[105361]: DEBUG cotyledon.oslo_config_glue [-] database.connection = **** {{(pid=105361) log_opt_values /opt/stack/data/venv/lib/python3.12/site-packages/oslo_config/cfg.py:3006}}
May 05 11:18:55.707336 np0000171774 neutron-periodic-workers[105361]: DEBUG cotyledon.oslo_config_glue [-] database.connection_debug = 0 {{(pid=105361) log_opt_values /opt/stack/data/venv/lib/python3.12/site-packages/oslo_config/cfg.py:3006}}
May 05 11:18:55.707379 np0000171774 neutron-periodic-workers[105361]: DEBUG cotyledon.oslo_config_glue [-] database.connection_parameters = {{(pid=105361) log_opt_values /opt/stack/data/venv/lib/python3.12/site-packages/oslo_config/cfg.py:3006}}
May 05 11:18:55.707428 np0000171774 neutron-periodic-workers[105361]: DEBUG cotyledon.oslo_config_glue [-] database.connection_recycle_time = 3600 {{(pid=105361) log_opt_values /opt/stack/data/venv/lib/python3.12/site-packages/oslo_config/cfg.py:3006}}
May 05 11:18:55.707467 np0000171774 neutron-periodic-workers[105361]: DEBUG cotyledon.oslo_config_glue [-] database.connection_trace = False {{(pid=105361) log_opt_values /opt/stack/data/venv/lib/python3.12/site-packages/oslo_config/cfg.py:3006}}
May 05 11:18:55.707512 np0000171774 neutron-periodic-workers[105361]: DEBUG cotyledon.oslo_config_glue [-] database.db_inc_retry_interval = True {{(pid=105361) log_opt_values /opt/stack/data/venv/lib/python3.12/site-packages/oslo_config/cfg.py:3006}}
May 05 11:18:55.707566 np0000171774 neutron-periodic-workers[105361]: DEBUG cotyledon.oslo_config_glue [-] database.db_max_retries = 20 {{(pid=105361) log_opt_values /opt/stack/data/venv/lib/python3.12/site-packages/oslo_config/cfg.py:3006}}
May 05 11:18:55.707607 np0000171774 neutron-periodic-workers[105361]: DEBUG cotyledon.oslo_config_glue [-] database.db_max_retry_interval = 10 {{(pid=105361) log_opt_values /opt/stack/data/venv/lib/python3.12/site-packages/oslo_config/cfg.py:3006}}
May 05 11:18:55.707645 np0000171774 neutron-periodic-workers[105361]: DEBUG cotyledon.oslo_config_glue [-] database.db_retry_interval = 1 {{(pid=105361) log_opt_values /opt/stack/data/venv/lib/python3.12/site-packages/oslo_config/cfg.py:3006}}
May 05 11:18:55.707703 np0000171774 neutron-periodic-workers[105361]: DEBUG cotyledon.oslo_config_glue [-] database.max_overflow = 50 {{(pid=105361) log_opt_values /opt/stack/data/venv/lib/python3.12/site-packages/oslo_config/cfg.py:3006}}
May 05 11:18:55.707733 np0000171774 neutron-periodic-workers[105361]: DEBUG cotyledon.oslo_config_glue [-] database.max_pool_size = 5 {{(pid=105361) log_opt_values /opt/stack/data/venv/lib/python3.12/site-packages/oslo_config/cfg.py:3006}}
May 05 11:18:55.707789 np0000171774 neutron-periodic-workers[105361]: DEBUG cotyledon.oslo_config_glue [-] database.max_retries = 10 {{(pid=105361) log_opt_values /opt/stack/data/venv/lib/python3.12/site-packages/oslo_config/cfg.py:3006}}
May 05 11:18:55.707839 np0000171774 neutron-periodic-workers[105361]: DEBUG cotyledon.oslo_config_glue [-] database.mysql_sql_mode = TRADITIONAL {{(pid=105361) log_opt_values /opt/stack/data/venv/lib/python3.12/site-packages/oslo_config/cfg.py:3006}}
May 05 11:18:55.707897 np0000171774 neutron-periodic-workers[105361]: DEBUG cotyledon.oslo_config_glue [-] database.mysql_wsrep_sync_wait = None {{(pid=105361) log_opt_values /opt/stack/data/venv/lib/python3.12/site-packages/oslo_config/cfg.py:3006}}
May 05 11:18:55.707936 np0000171774 neutron-periodic-workers[105361]: DEBUG cotyledon.oslo_config_glue [-] database.pool_timeout = None {{(pid=105361) log_opt_values /opt/stack/data/venv/lib/python3.12/site-packages/oslo_config/cfg.py:3006}}
May 05 11:18:55.707978 np0000171774 neutron-periodic-workers[105361]: DEBUG cotyledon.oslo_config_glue [-] database.retry_interval = 10 {{(pid=105361) log_opt_values /opt/stack/data/venv/lib/python3.12/site-packages/oslo_config/cfg.py:3006}}
May 05 11:18:55.708028 np0000171774 neutron-periodic-workers[105361]: DEBUG cotyledon.oslo_config_glue [-] database.slave_connection = **** {{(pid=105361) log_opt_values /opt/stack/data/venv/lib/python3.12/site-packages/oslo_config/cfg.py:3006}}
May 05 11:18:55.708078 np0000171774 neutron-periodic-workers[105361]: DEBUG cotyledon.oslo_config_glue [-] database.sqlite_synchronous = True {{(pid=105361) log_opt_values /opt/stack/data/venv/lib/python3.12/site-packages/oslo_config/cfg.py:3006}}
May 05 11:18:55.708125 np0000171774 neutron-periodic-workers[105361]: DEBUG cotyledon.oslo_config_glue [-] database.synchronous_reader = True {{(pid=105361) log_opt_values /opt/stack/data/venv/lib/python3.12/site-packages/oslo_config/cfg.py:3006}}
May 05 11:18:55.708164 np0000171774 neutron-periodic-workers[105361]: DEBUG cotyledon.oslo_config_glue [-] database.use_db_reconnect = False {{(pid=105361) log_opt_values /opt/stack/data/venv/lib/python3.12/site-packages/oslo_config/cfg.py:3006}}
May 05 11:18:55.708240 np0000171774 neutron-periodic-workers[105361]: DEBUG cotyledon.oslo_config_glue [-] ovn.bfd_min_rx = 1000 {{(pid=105361) log_opt_values /opt/stack/data/venv/lib/python3.12/site-packages/oslo_config/cfg.py:3006}}
May 05 11:18:55.708281 np0000171774 neutron-periodic-workers[105361]: DEBUG cotyledon.oslo_config_glue [-] ovn.bfd_min_tx = 100 {{(pid=105361) log_opt_values /opt/stack/data/venv/lib/python3.12/site-packages/oslo_config/cfg.py:3006}}
May 05 11:18:55.708322 np0000171774 neutron-periodic-workers[105361]: DEBUG cotyledon.oslo_config_glue [-] ovn.bfd_mult = 3 {{(pid=105361) log_opt_values /opt/stack/data/venv/lib/python3.12/site-packages/oslo_config/cfg.py:3006}}
May 05 11:18:55.708362 np0000171774 neutron-periodic-workers[105361]: DEBUG cotyledon.oslo_config_glue [-] ovn.broadcast_arps_to_all_routers = True {{(pid=105361) log_opt_values /opt/stack/data/venv/lib/python3.12/site-packages/oslo_config/cfg.py:3006}}
May 05 11:18:55.708389 np0000171774 neutron-periodic-workers[105361]: DEBUG cotyledon.oslo_config_glue [-] ovn.dhcp_default_lease_time = 43200 {{(pid=105361) log_opt_values /opt/stack/data/venv/lib/python3.12/site-packages/oslo_config/cfg.py:3006}}
May 05 11:18:55.708437 np0000171774 neutron-periodic-workers[105361]: DEBUG cotyledon.oslo_config_glue [-] ovn.disable_ovn_dhcp_for_baremetal_ports = False {{(pid=105361) log_opt_values /opt/stack/data/venv/lib/python3.12/site-packages/oslo_config/cfg.py:3006}}
May 05 11:18:55.708469 np0000171774 neutron-periodic-workers[105361]: DEBUG cotyledon.oslo_config_glue [-] ovn.dns_records_ovn_owned = False {{(pid=105361) log_opt_values /opt/stack/data/venv/lib/python3.12/site-packages/oslo_config/cfg.py:3006}}
May 05 11:18:55.708533 np0000171774 neutron-periodic-workers[105361]: DEBUG cotyledon.oslo_config_glue [-] ovn.dns_servers = [] {{(pid=105361) log_opt_values /opt/stack/data/venv/lib/python3.12/site-packages/oslo_config/cfg.py:3006}}
May 05 11:18:55.708578 np0000171774 neutron-periodic-workers[105361]: DEBUG cotyledon.oslo_config_glue [-] ovn.enable_distributed_floating_ip = False {{(pid=105361) log_opt_values /opt/stack/data/venv/lib/python3.12/site-packages/oslo_config/cfg.py:3006}}
May 05 11:18:55.708615 np0000171774 neutron-periodic-workers[105361]: DEBUG cotyledon.oslo_config_glue [-] ovn.fdb_age_threshold = 300 {{(pid=105361) log_opt_values /opt/stack/data/venv/lib/python3.12/site-packages/oslo_config/cfg.py:3006}}
May 05 11:18:55.708651 np0000171774 neutron-periodic-workers[105361]: DEBUG cotyledon.oslo_config_glue [-] ovn.ha_failover_strategy = normal {{(pid=105361) log_opt_values /opt/stack/data/venv/lib/python3.12/site-packages/oslo_config/cfg.py:3006}}
May 05 11:18:55.708694 np0000171774 neutron-periodic-workers[105361]: DEBUG cotyledon.oslo_config_glue [-] ovn.live_migration_activation_strategy = rarp {{(pid=105361) log_opt_values /opt/stack/data/venv/lib/python3.12/site-packages/oslo_config/cfg.py:3006}}
May 05 11:18:55.708748 np0000171774 neutron-periodic-workers[105361]: DEBUG cotyledon.oslo_config_glue [-] ovn.localnet_learn_fdb = False {{(pid=105361) log_opt_values /opt/stack/data/venv/lib/python3.12/site-packages/oslo_config/cfg.py:3006}}
May 05 11:18:55.708800 np0000171774 neutron-periodic-workers[105361]: DEBUG cotyledon.oslo_config_glue [-] ovn.mac_binding_age_threshold = 300 {{(pid=105361) log_opt_values /opt/stack/data/venv/lib/python3.12/site-packages/oslo_config/cfg.py:3006}}
May 05 11:18:55.708846 np0000171774 neutron-periodic-workers[105361]: DEBUG cotyledon.oslo_config_glue [-] ovn.neutron_sync_mode = log {{(pid=105361) log_opt_values /opt/stack/data/venv/lib/python3.12/site-packages/oslo_config/cfg.py:3006}}
May 05 11:18:55.708886 np0000171774 neutron-periodic-workers[105361]: DEBUG cotyledon.oslo_config_glue [-] ovn.ovn_dhcp4_global_options = {} {{(pid=105361) log_opt_values /opt/stack/data/venv/lib/python3.12/site-packages/oslo_config/cfg.py:3006}}
May 05 11:18:55.708931 np0000171774 neutron-periodic-workers[105361]: DEBUG cotyledon.oslo_config_glue [-] ovn.ovn_dhcp6_global_options = {} {{(pid=105361) log_opt_values /opt/stack/data/venv/lib/python3.12/site-packages/oslo_config/cfg.py:3006}}
May 05 11:18:55.708979 np0000171774 neutron-periodic-workers[105361]: DEBUG cotyledon.oslo_config_glue [-] ovn.ovn_l3_scheduler = leastloaded {{(pid=105361) log_opt_values /opt/stack/data/venv/lib/python3.12/site-packages/oslo_config/cfg.py:3006}}
May 05 11:18:55.709018 np0000171774 neutron-periodic-workers[105361]: DEBUG cotyledon.oslo_config_glue [-] ovn.ovn_metadata_enabled = True {{(pid=105361) log_opt_values /opt/stack/data/venv/lib/python3.12/site-packages/oslo_config/cfg.py:3006}}
May 05 11:18:55.709064 np0000171774 neutron-periodic-workers[105361]: DEBUG cotyledon.oslo_config_glue [-] ovn.ovn_nb_ca_cert = /opt/stack/data/CA/int-ca/ca-chain.pem {{(pid=105361) log_opt_values /opt/stack/data/venv/lib/python3.12/site-packages/oslo_config/cfg.py:3006}}
May 05 11:18:55.709102 np0000171774 neutron-periodic-workers[105361]: DEBUG cotyledon.oslo_config_glue [-] ovn.ovn_nb_certificate = /opt/stack/data/CA/int-ca/devstack-cert.crt {{(pid=105361) log_opt_values /opt/stack/data/venv/lib/python3.12/site-packages/oslo_config/cfg.py:3006}}
May 05 11:18:55.709156 np0000171774 neutron-periodic-workers[105361]: DEBUG cotyledon.oslo_config_glue [-] ovn.ovn_nb_connection = ['ssl:199.204.45.116:6641'] {{(pid=105361) log_opt_values /opt/stack/data/venv/lib/python3.12/site-packages/oslo_config/cfg.py:3006}}
May 05 11:18:55.709196 np0000171774 neutron-periodic-workers[105361]: DEBUG cotyledon.oslo_config_glue [-] ovn.ovn_nb_private_key = /opt/stack/data/CA/int-ca/private/devstack-cert.key {{(pid=105361) log_opt_values /opt/stack/data/venv/lib/python3.12/site-packages/oslo_config/cfg.py:3006}}
May 05 11:18:55.709227 np0000171774 neutron-periodic-workers[105361]: DEBUG cotyledon.oslo_config_glue [-] ovn.ovn_router_indirect_snat = False {{(pid=105361) log_opt_values /opt/stack/data/venv/lib/python3.12/site-packages/oslo_config/cfg.py:3006}}
May 05 11:18:55.709273 np0000171774 neutron-periodic-workers[105361]: DEBUG cotyledon.oslo_config_glue [-] ovn.ovn_sb_ca_cert = /opt/stack/data/CA/int-ca/ca-chain.pem {{(pid=105361) log_opt_values /opt/stack/data/venv/lib/python3.12/site-packages/oslo_config/cfg.py:3006}}
May 05 11:18:55.709305 np0000171774 neutron-periodic-workers[105361]: DEBUG cotyledon.oslo_config_glue [-] ovn.ovn_sb_certificate = /opt/stack/data/CA/int-ca/devstack-cert.crt {{(pid=105361) log_opt_values /opt/stack/data/venv/lib/python3.12/site-packages/oslo_config/cfg.py:3006}}
May 05 11:18:55.709352 np0000171774 neutron-periodic-workers[105361]: DEBUG cotyledon.oslo_config_glue [-] ovn.ovn_sb_connection = ['ssl:199.204.45.116:6642'] {{(pid=105361) log_opt_values /opt/stack/data/venv/lib/python3.12/site-packages/oslo_config/cfg.py:3006}}
May 05 11:18:55.709390 np0000171774 neutron-periodic-workers[105361]: DEBUG cotyledon.oslo_config_glue [-] ovn.ovn_sb_private_key = /opt/stack/data/CA/int-ca/private/devstack-cert.key {{(pid=105361) log_opt_values /opt/stack/data/venv/lib/python3.12/site-packages/oslo_config/cfg.py:3006}}
May 05 11:18:55.709437 np0000171774 neutron-periodic-workers[105361]: DEBUG cotyledon.oslo_config_glue [-] ovn.ovs_create_tap = False {{(pid=105361) log_opt_values /opt/stack/data/venv/lib/python3.12/site-packages/oslo_config/cfg.py:3006}}
May 05 11:18:55.709484 np0000171774 neutron-periodic-workers[105361]: DEBUG cotyledon.oslo_config_glue [-] ovn.ovsdb_connection_timeout = 180 {{(pid=105361) log_opt_values /opt/stack/data/venv/lib/python3.12/site-packages/oslo_config/cfg.py:3006}}
May 05 11:18:55.709546 np0000171774 neutron-periodic-workers[105361]: DEBUG cotyledon.oslo_config_glue [-] ovn.ovsdb_log_level = INFO {{(pid=105361) log_opt_values /opt/stack/data/venv/lib/python3.12/site-packages/oslo_config/cfg.py:3006}}
May 05 11:18:55.709593 np0000171774 neutron-periodic-workers[105361]: DEBUG cotyledon.oslo_config_glue [-] ovn.ovsdb_probe_interval = 60000 {{(pid=105361) log_opt_values /opt/stack/data/venv/lib/python3.12/site-packages/oslo_config/cfg.py:3006}}
May 05 11:18:55.709644 np0000171774 neutron-periodic-workers[105361]: DEBUG cotyledon.oslo_config_glue [-] ovn.ovsdb_retry_max_interval = 180 {{(pid=105361) log_opt_values /opt/stack/data/venv/lib/python3.12/site-packages/oslo_config/cfg.py:3006}}
May 05 11:18:55.709686 np0000171774 neutron-periodic-workers[105361]: DEBUG cotyledon.oslo_config_glue [-] ovn.stateless_nat_enabled = False {{(pid=105361) log_opt_values /opt/stack/data/venv/lib/python3.12/site-packages/oslo_config/cfg.py:3006}}
May 05 11:18:55.709735 np0000171774 neutron-periodic-workers[105361]: DEBUG cotyledon.oslo_config_glue [-] ovn.vhost_sock_dir = /var/run/openvswitch {{(pid=105361) log_opt_values /opt/stack/data/venv/lib/python3.12/site-packages/oslo_config/cfg.py:3006}}
May 05 11:18:55.709792 np0000171774 neutron-periodic-workers[105361]: DEBUG cotyledon.oslo_config_glue [-] OVS.bridge_mac_table_size = 50000 {{(pid=105361) log_opt_values /opt/stack/data/venv/lib/python3.12/site-packages/oslo_config/cfg.py:3006}}
May 05 11:18:55.709841 np0000171774 neutron-periodic-workers[105361]: DEBUG cotyledon.oslo_config_glue [-] OVS.igmp_flood = False {{(pid=105361) log_opt_values /opt/stack/data/venv/lib/python3.12/site-packages/oslo_config/cfg.py:3006}}
May 05 11:18:55.709890 np0000171774 neutron-periodic-workers[105361]: DEBUG cotyledon.oslo_config_glue [-] OVS.igmp_flood_reports = True {{(pid=105361) log_opt_values /opt/stack/data/venv/lib/python3.12/site-packages/oslo_config/cfg.py:3006}}
May 05 11:18:55.709940 np0000171774 neutron-periodic-workers[105361]: DEBUG cotyledon.oslo_config_glue [-] OVS.igmp_flood_unregistered = False {{(pid=105361) log_opt_values /opt/stack/data/venv/lib/python3.12/site-packages/oslo_config/cfg.py:3006}}
May 05 11:18:55.709980 np0000171774 neutron-periodic-workers[105361]: DEBUG cotyledon.oslo_config_glue [-] OVS.igmp_snooping_enable = False {{(pid=105361) log_opt_values /opt/stack/data/venv/lib/python3.12/site-packages/oslo_config/cfg.py:3006}}
May 05 11:18:55.710025 np0000171774 neutron-periodic-workers[105361]: DEBUG cotyledon.oslo_config_glue [-] OVS.ovsdb_timeout = 10 {{(pid=105361) log_opt_values /opt/stack/data/venv/lib/python3.12/site-packages/oslo_config/cfg.py:3006}}
May 05 11:18:55.710081 np0000171774 neutron-periodic-workers[105361]: DEBUG cotyledon.oslo_config_glue [-] ovn_nb_global.fdb_removal_limit = 0 {{(pid=105361) log_opt_values /opt/stack/data/venv/lib/python3.12/site-packages/oslo_config/cfg.py:3006}}
May 05 11:18:55.710122 np0000171774 neutron-periodic-workers[105361]: DEBUG cotyledon.oslo_config_glue [-] ovn_nb_global.ignore_lsp_down = False {{(pid=105361) log_opt_values /opt/stack/data/venv/lib/python3.12/site-packages/oslo_config/cfg.py:3006}}
May 05 11:18:55.710160 np0000171774 neutron-periodic-workers[105361]: DEBUG cotyledon.oslo_config_glue [-] ovn_nb_global.mac_binding_removal_limit = 0 {{(pid=105361) log_opt_values /opt/stack/data/venv/lib/python3.12/site-packages/oslo_config/cfg.py:3006}}
May 05 11:18:55.710198 np0000171774 neutron-periodic-workers[105361]: DEBUG cotyledon.oslo_config_glue [-] ******************************************************************************** {{(pid=105361) log_opt_values /opt/stack/data/venv/lib/python3.12/site-packages/oslo_config/cfg.py:3013}}
May 05 11:18:55.710369 np0000171774 neutron-periodic-workers[105361]: DEBUG cotyledon._service_worker [-] Run service ServiceWrapper(0) [105361] {{(pid=105361) wait_forever /opt/stack/data/venv/lib/python3.12/site-packages/cotyledon/_service_worker.py:218}}
May 05 11:19:05.347139 np0000171774 neutron-periodic-workers[104537]: DEBUG dbcounter [-] [104537] Writing DB stats neutron:SELECT=4 {{(pid=104537) stat_writer /opt/stack/data/venv/lib/python3.12/site-packages/dbcounter.py:115}}
May 05 11:20:01.689612 np0000171774 neutron-periodic-workers[105341]: DEBUG oslo_db.sqlalchemy.engines [None req-f58e992f-5657-4e95-a105-5545943d88ee None None] Parent process 104537 forked (105341) with an open database connection, which is being discarded and recreated. {{(pid=105341) checkout /opt/stack/data/venv/lib/python3.12/site-packages/oslo_db/sqlalchemy/engines.py:402}}
May 05 11:20:01.697569 np0000171774 neutron-periodic-workers[105341]: DEBUG dbcounter [-] [105341] Writer thread running {{(pid=105341) stat_writer /opt/stack/data/venv/lib/python3.12/site-packages/dbcounter.py:102}}
May 05 11:20:01.701524 np0000171774 neutron-periodic-workers[105341]: DEBUG neutron.db.agents_db [None req-f58e992f-5657-4e95-a105-5545943d88ee None None] Agent healthcheck: found 0 active agents {{(pid=105341) agent_health_check /opt/stack/neutron/neutron/db/agents_db.py:317}}
May 05 11:20:01.701745 np0000171774 neutron-periodic-workers[105341]: DEBUG oslo.service.backend._threading.loopingcall [None req-f58e992f-5657-4e95-a105-5545943d88ee None None] Fixed interval looping call 'neutron.plugins.ml2.plugin.AgentDbMixin.agent_health_check' sleeping for 36.98 seconds {{(pid=105341) _run_loop /opt/stack/data/venv/lib/python3.12/site-packages/oslo_service/backend/_threading/loopingcall.py:125}}
May 05 11:20:02.679657 np0000171774 neutron-periodic-workers[105333]: DEBUG dbcounter [-] [105333] Writer thread running {{(pid=105333) stat_writer /opt/stack/data/venv/lib/python3.12/site-packages/dbcounter.py:102}}
May 05 11:20:02.687727 np0000171774 neutron-periodic-workers[105333]: DEBUG oslo.service.backend._threading.loopingcall [None req-b1dee8ff-5d9e-4516-b019-742117f81e5e None None] Fixed interval looping call 'neutron.plugins.ml2.plugin.DhcpAgentSchedulerDbMixin.remove_networks_from_down_agents' sleeping for 36.98 seconds {{(pid=105333) _run_loop /opt/stack/data/venv/lib/python3.12/site-packages/oslo_service/backend/_threading/loopingcall.py:125}}
May 05 11:20:11.698562 np0000171774 neutron-periodic-workers[105341]: DEBUG dbcounter [-] [105341] Writing DB stats neutron:SELECT=1 {{(pid=105341) stat_writer /opt/stack/data/venv/lib/python3.12/site-packages/dbcounter.py:115}}
May 05 11:20:12.687014 np0000171774 neutron-periodic-workers[105333]: DEBUG dbcounter [-] [105333] Writing DB stats neutron:SELECT=3 {{(pid=105333) stat_writer /opt/stack/data/venv/lib/python3.12/site-packages/dbcounter.py:115}}
May 05 11:20:38.687710 np0000171774 neutron-periodic-workers[105341]: DEBUG neutron.db.agents_db [None req-f58e992f-5657-4e95-a105-5545943d88ee None None] Agent healthcheck: found 0 active agents {{(pid=105341) agent_health_check /opt/stack/neutron/neutron/db/agents_db.py:317}}
May 05 11:20:38.688292 np0000171774 neutron-periodic-workers[105341]: DEBUG oslo.service.backend._threading.loopingcall [None req-f58e992f-5657-4e95-a105-5545943d88ee None None] Fixed interval looping call 'neutron.plugins.ml2.plugin.AgentDbMixin.agent_health_check' sleeping for 36.99 seconds {{(pid=105341) _run_loop /opt/stack/data/venv/lib/python3.12/site-packages/oslo_service/backend/_threading/loopingcall.py:125}}
May 05 11:20:39.678213 np0000171774 neutron-periodic-workers[105333]: DEBUG oslo.service.backend._threading.loopingcall [None req-b1dee8ff-5d9e-4516-b019-742117f81e5e None None] Fixed interval looping call 'neutron.plugins.ml2.plugin.DhcpAgentSchedulerDbMixin.remove_networks_from_down_agents' sleeping for 36.99 seconds {{(pid=105333) _run_loop /opt/stack/data/venv/lib/python3.12/site-packages/oslo_service/backend/_threading/loopingcall.py:125}}
May 05 11:20:48.686005 np0000171774 neutron-periodic-workers[105341]: DEBUG dbcounter [-] [105341] Writing DB stats neutron:SELECT=1 {{(pid=105341) stat_writer /opt/stack/data/venv/lib/python3.12/site-packages/dbcounter.py:115}}
May 05 11:20:49.676196 np0000171774 neutron-periodic-workers[105333]: DEBUG dbcounter [-] [105333] Writing DB stats neutron:SELECT=3 {{(pid=105333) stat_writer /opt/stack/data/venv/lib/python3.12/site-packages/dbcounter.py:115}}
May 05 11:20:55.730465 np0000171774 neutron-periodic-workers[105361]: DEBUG dbcounter [-] [105361] Writer thread running {{(pid=105361) stat_writer /opt/stack/data/venv/lib/python3.12/site-packages/dbcounter.py:102}}
May 05 11:20:55.734012 np0000171774 neutron-periodic-workers[105361]: DEBUG oslo.service.backend._threading.loopingcall [None req-25665414-ffdd-4214-973b-75dba6e95464 None None] Fixed interval looping call 'neutron.db.quota.driver_nolock.DbQuotaNoLockDriver._remove_expired_reservations' sleeping for 119.98 seconds {{(pid=105361) _run_loop /opt/stack/data/venv/lib/python3.12/site-packages/oslo_service/backend/_threading/loopingcall.py:125}}
May 05 11:21:05.731141 np0000171774 neutron-periodic-workers[105361]: DEBUG dbcounter [-] [105361] Writing DB stats neutron:DELETE=1 {{(pid=105361) stat_writer /opt/stack/data/venv/lib/python3.12/site-packages/dbcounter.py:115}}
May 05 11:21:15.683710 np0000171774 neutron-periodic-workers[105341]: DEBUG neutron.db.agents_db [None req-f58e992f-5657-4e95-a105-5545943d88ee None None] Agent healthcheck: found 0 active agents {{(pid=105341) agent_health_check /opt/stack/neutron/neutron/db/agents_db.py:317}}
May 05 11:21:15.683967 np0000171774 neutron-periodic-workers[105341]: DEBUG oslo.service.backend._threading.loopingcall [None req-f58e992f-5657-4e95-a105-5545943d88ee None None] Fixed interval looping call 'neutron.plugins.ml2.plugin.AgentDbMixin.agent_health_check' sleeping for 36.99 seconds {{(pid=105341) _run_loop /opt/stack/data/venv/lib/python3.12/site-packages/oslo_service/backend/_threading/loopingcall.py:125}}
May 05 11:21:16.681580 np0000171774 neutron-periodic-workers[105333]: DEBUG oslo.service.backend._threading.loopingcall [None req-b1dee8ff-5d9e-4516-b019-742117f81e5e None None] Fixed interval looping call 'neutron.plugins.ml2.plugin.DhcpAgentSchedulerDbMixin.remove_networks_from_down_agents' sleeping for 36.99 seconds {{(pid=105333) _run_loop /opt/stack/data/venv/lib/python3.12/site-packages/oslo_service/backend/_threading/loopingcall.py:125}}
May 05 11:21:25.682541 np0000171774 neutron-periodic-workers[105341]: DEBUG dbcounter [-] [105341] Writing DB stats neutron:SELECT=1 {{(pid=105341) stat_writer /opt/stack/data/venv/lib/python3.12/site-packages/dbcounter.py:115}}
May 05 11:21:26.678587 np0000171774 neutron-periodic-workers[105333]: DEBUG dbcounter [-] [105333] Writing DB stats neutron:SELECT=3 {{(pid=105333) stat_writer /opt/stack/data/venv/lib/python3.12/site-packages/dbcounter.py:115}}
May 05 11:21:52.680364 np0000171774 neutron-periodic-workers[105341]: DEBUG neutron.db.agents_db [None req-f58e992f-5657-4e95-a105-5545943d88ee None None] Agent healthcheck: found 0 active agents {{(pid=105341) agent_health_check /opt/stack/neutron/neutron/db/agents_db.py:317}}
May 05 11:21:52.681015 np0000171774 neutron-periodic-workers[105341]: DEBUG oslo.service.backend._threading.loopingcall [None req-f58e992f-5657-4e95-a105-5545943d88ee None None] Fixed interval looping call 'neutron.plugins.ml2.plugin.AgentDbMixin.agent_health_check' sleeping for 36.99 seconds {{(pid=105341) _run_loop /opt/stack/data/venv/lib/python3.12/site-packages/oslo_service/backend/_threading/loopingcall.py:125}}
May 05 11:21:53.684153 np0000171774 neutron-periodic-workers[105333]: DEBUG oslo.service.backend._threading.loopingcall [None req-b1dee8ff-5d9e-4516-b019-742117f81e5e None None] Fixed interval looping call 'neutron.plugins.ml2.plugin.DhcpAgentSchedulerDbMixin.remove_networks_from_down_agents' sleeping for 36.99 seconds {{(pid=105333) _run_loop /opt/stack/data/venv/lib/python3.12/site-packages/oslo_service/backend/_threading/loopingcall.py:125}}
May 05 11:22:02.678250 np0000171774 neutron-periodic-workers[105341]: DEBUG dbcounter [-] [105341] Writing DB stats neutron:SELECT=1 {{(pid=105341) stat_writer /opt/stack/data/venv/lib/python3.12/site-packages/dbcounter.py:115}}
May 05 11:22:03.683146 np0000171774 neutron-periodic-workers[105333]: DEBUG dbcounter [-] [105333] Writing DB stats neutron:SELECT=3 {{(pid=105333) stat_writer /opt/stack/data/venv/lib/python3.12/site-packages/dbcounter.py:115}}
May 05 11:22:29.676642 np0000171774 neutron-periodic-workers[105341]: DEBUG neutron.db.agents_db [None req-f58e992f-5657-4e95-a105-5545943d88ee None None] Agent healthcheck: found 0 active agents {{(pid=105341) agent_health_check /opt/stack/neutron/neutron/db/agents_db.py:317}}
May 05 11:22:29.677351 np0000171774 neutron-periodic-workers[105341]: DEBUG oslo.service.backend._threading.loopingcall [None req-f58e992f-5657-4e95-a105-5545943d88ee None None] Fixed interval looping call 'neutron.plugins.ml2.plugin.AgentDbMixin.agent_health_check' sleeping for 36.99 seconds {{(pid=105341) _run_loop /opt/stack/data/venv/lib/python3.12/site-packages/oslo_service/backend/_threading/loopingcall.py:125}}
May 05 11:22:30.681335 np0000171774 neutron-periodic-workers[105333]: DEBUG oslo.service.backend._threading.loopingcall [None req-b1dee8ff-5d9e-4516-b019-742117f81e5e None None] Fixed interval looping call 'neutron.plugins.ml2.plugin.DhcpAgentSchedulerDbMixin.remove_networks_from_down_agents' sleeping for 36.99 seconds {{(pid=105333) _run_loop /opt/stack/data/venv/lib/python3.12/site-packages/oslo_service/backend/_threading/loopingcall.py:125}}
May 05 11:22:33.693693 np0000171774 neutron-periodic-workers[105323]: DEBUG dbcounter [-] [105323] Writer thread running {{(pid=105323) stat_writer /opt/stack/data/venv/lib/python3.12/site-packages/dbcounter.py:102}}
May 05 11:22:33.707132 np0000171774 neutron-periodic-workers[105323]: DEBUG oslo.service.backend._threading.loopingcall [None req-3a23ac35-a936-4a3f-a345-b3e1526db5a4 None None] Fixed interval looping call 'neutron.services.ovn_l3.plugin.L3_NAT_dbonly_mixin._clean_garbage' sleeping for 299.95 seconds {{(pid=105323) _run_loop /opt/stack/data/venv/lib/python3.12/site-packages/oslo_service/backend/_threading/loopingcall.py:125}}
May 05 11:22:39.674572 np0000171774 neutron-periodic-workers[105341]: DEBUG dbcounter [-] [105341] Writing DB stats neutron:SELECT=1 {{(pid=105341) stat_writer /opt/stack/data/venv/lib/python3.12/site-packages/dbcounter.py:115}}
May 05 11:22:40.680433 np0000171774 neutron-periodic-workers[105333]: DEBUG dbcounter [-] [105333] Writing DB stats neutron:SELECT=3 {{(pid=105333) stat_writer /opt/stack/data/venv/lib/python3.12/site-packages/dbcounter.py:115}}
May 05 11:22:53.694471 np0000171774 neutron-periodic-workers[105323]: DEBUG dbcounter [-] [105323] Writing DB stats neutron:SELECT=1 {{(pid=105323) stat_writer /opt/stack/data/venv/lib/python3.12/site-packages/dbcounter.py:115}}
May 05 11:22:55.719716 np0000171774 neutron-periodic-workers[105361]: DEBUG oslo.service.backend._threading.loopingcall [None req-25665414-ffdd-4214-973b-75dba6e95464 None None] Fixed interval looping call 'neutron.db.quota.driver_nolock.DbQuotaNoLockDriver._remove_expired_reservations' sleeping for 119.99 seconds {{(pid=105361) _run_loop /opt/stack/data/venv/lib/python3.12/site-packages/oslo_service/backend/_threading/loopingcall.py:125}}
May 05 11:23:05.718577 np0000171774 neutron-periodic-workers[105361]: DEBUG dbcounter [-] [105361] Writing DB stats neutron:DELETE=1 {{(pid=105361) stat_writer /opt/stack/data/venv/lib/python3.12/site-packages/dbcounter.py:115}}
May 05 11:23:06.673138 np0000171774 neutron-periodic-workers[105341]: DEBUG neutron.db.agents_db [None req-f58e992f-5657-4e95-a105-5545943d88ee None None] Agent healthcheck: found 0 active agents {{(pid=105341) agent_health_check /opt/stack/neutron/neutron/db/agents_db.py:317}}
May 05 11:23:06.674268 np0000171774 neutron-periodic-workers[105341]: DEBUG oslo.service.backend._threading.loopingcall [None req-f58e992f-5657-4e95-a105-5545943d88ee None None] Fixed interval looping call 'neutron.plugins.ml2.plugin.AgentDbMixin.agent_health_check' sleeping for 36.99 seconds {{(pid=105341) _run_loop /opt/stack/data/venv/lib/python3.12/site-packages/oslo_service/backend/_threading/loopingcall.py:125}}
May 05 11:23:07.680143 np0000171774 neutron-periodic-workers[105333]: DEBUG oslo.service.backend._threading.loopingcall [None req-b1dee8ff-5d9e-4516-b019-742117f81e5e None None] Fixed interval looping call 'neutron.plugins.ml2.plugin.DhcpAgentSchedulerDbMixin.remove_networks_from_down_agents' sleeping for 36.99 seconds {{(pid=105333) _run_loop /opt/stack/data/venv/lib/python3.12/site-packages/oslo_service/backend/_threading/loopingcall.py:125}}
May 05 11:23:16.671043 np0000171774 neutron-periodic-workers[105341]: DEBUG dbcounter [-] [105341] Writing DB stats neutron:SELECT=1 {{(pid=105341) stat_writer /opt/stack/data/venv/lib/python3.12/site-packages/dbcounter.py:115}}
May 05 11:23:17.679231 np0000171774 neutron-periodic-workers[105333]: DEBUG dbcounter [-] [105333] Writing DB stats neutron:SELECT=3 {{(pid=105333) stat_writer /opt/stack/data/venv/lib/python3.12/site-packages/dbcounter.py:115}}
May 05 11:23:43.668071 np0000171774 neutron-periodic-workers[105341]: DEBUG neutron.db.agents_db [None req-f58e992f-5657-4e95-a105-5545943d88ee None None] Agent healthcheck: found 0 active agents {{(pid=105341) agent_health_check /opt/stack/neutron/neutron/db/agents_db.py:317}}
May 05 11:23:43.668676 np0000171774 neutron-periodic-workers[105341]: DEBUG oslo.service.backend._threading.loopingcall [None req-f58e992f-5657-4e95-a105-5545943d88ee None None] Fixed interval looping call 'neutron.plugins.ml2.plugin.AgentDbMixin.agent_health_check' sleeping for 37.00 seconds {{(pid=105341) _run_loop /opt/stack/data/venv/lib/python3.12/site-packages/oslo_service/backend/_threading/loopingcall.py:125}}
May 05 11:23:44.678769 np0000171774 neutron-periodic-workers[105333]: DEBUG oslo.service.backend._threading.loopingcall [None req-b1dee8ff-5d9e-4516-b019-742117f81e5e None None] Fixed interval looping call 'neutron.plugins.ml2.plugin.DhcpAgentSchedulerDbMixin.remove_networks_from_down_agents' sleeping for 36.99 seconds {{(pid=105333) _run_loop /opt/stack/data/venv/lib/python3.12/site-packages/oslo_service/backend/_threading/loopingcall.py:125}}
May 05 11:23:53.667065 np0000171774 neutron-periodic-workers[105341]: DEBUG dbcounter [-] [105341] Writing DB stats neutron:SELECT=1 {{(pid=105341) stat_writer /opt/stack/data/venv/lib/python3.12/site-packages/dbcounter.py:115}}
May 05 11:23:54.677709 np0000171774 neutron-periodic-workers[105333]: DEBUG dbcounter [-] [105333] Writing DB stats neutron:SELECT=3 {{(pid=105333) stat_writer /opt/stack/data/venv/lib/python3.12/site-packages/dbcounter.py:115}}
May 05 11:24:20.792335 np0000171774 neutron-periodic-workers[105341]: DEBUG neutron.db.agents_db [None req-f58e992f-5657-4e95-a105-5545943d88ee None None] Agent healthcheck: found 0 active agents {{(pid=105341) agent_health_check /opt/stack/neutron/neutron/db/agents_db.py:317}}
May 05 11:24:20.793471 np0000171774 neutron-periodic-workers[105341]: DEBUG oslo.service.backend._threading.loopingcall [None req-f58e992f-5657-4e95-a105-5545943d88ee None None] Fixed interval looping call 'neutron.plugins.ml2.plugin.AgentDbMixin.agent_health_check' sleeping for 36.88 seconds {{(pid=105341) _run_loop /opt/stack/data/venv/lib/python3.12/site-packages/oslo_service/backend/_threading/loopingcall.py:125}}
May 05 11:24:21.708399 np0000171774 neutron-periodic-workers[105333]: DEBUG oslo.service.backend._threading.loopingcall [None req-b1dee8ff-5d9e-4516-b019-742117f81e5e None None] Fixed interval looping call 'neutron.plugins.ml2.plugin.DhcpAgentSchedulerDbMixin.remove_networks_from_down_agents' sleeping for 36.96 seconds {{(pid=105333) _run_loop /opt/stack/data/venv/lib/python3.12/site-packages/oslo_service/backend/_threading/loopingcall.py:125}}
May 05 11:24:30.672169 np0000171774 neutron-periodic-workers[105341]: DEBUG dbcounter [-] [105341] Writing DB stats neutron:SELECT=1 {{(pid=105341) stat_writer /opt/stack/data/venv/lib/python3.12/site-packages/dbcounter.py:115}}
May 05 11:24:31.676947 np0000171774 neutron-periodic-workers[105333]: DEBUG dbcounter [-] [105333] Writing DB stats neutron:SELECT=3 {{(pid=105333) stat_writer /opt/stack/data/venv/lib/python3.12/site-packages/dbcounter.py:115}}
May 05 11:24:55.716614 np0000171774 neutron-periodic-workers[105361]: DEBUG oslo.service.backend._threading.loopingcall [None req-25665414-ffdd-4214-973b-75dba6e95464 None None] Fixed interval looping call 'neutron.db.quota.driver_nolock.DbQuotaNoLockDriver._remove_expired_reservations' sleeping for 119.99 seconds {{(pid=105361) _run_loop /opt/stack/data/venv/lib/python3.12/site-packages/oslo_service/backend/_threading/loopingcall.py:125}}
May 05 11:24:57.679200 np0000171774 neutron-periodic-workers[105341]: DEBUG neutron.db.agents_db [None req-f58e992f-5657-4e95-a105-5545943d88ee None None] Agent healthcheck: found 0 active agents {{(pid=105341) agent_health_check /opt/stack/neutron/neutron/db/agents_db.py:317}}
May 05 11:24:57.679991 np0000171774 neutron-periodic-workers[105341]: DEBUG oslo.service.backend._threading.loopingcall [None req-f58e992f-5657-4e95-a105-5545943d88ee None None] Fixed interval looping call 'neutron.plugins.ml2.plugin.AgentDbMixin.agent_health_check' sleeping for 36.99 seconds {{(pid=105341) _run_loop /opt/stack/data/venv/lib/python3.12/site-packages/oslo_service/backend/_threading/loopingcall.py:125}}
May 05 11:24:58.685013 np0000171774 neutron-periodic-workers[105333]: DEBUG oslo.service.backend._threading.loopingcall [None req-b1dee8ff-5d9e-4516-b019-742117f81e5e None None] Fixed interval looping call 'neutron.plugins.ml2.plugin.DhcpAgentSchedulerDbMixin.remove_networks_from_down_agents' sleeping for 36.99 seconds {{(pid=105333) _run_loop /opt/stack/data/venv/lib/python3.12/site-packages/oslo_service/backend/_threading/loopingcall.py:125}}
May 05 11:25:05.714330 np0000171774 neutron-periodic-workers[105361]: DEBUG dbcounter [-] [105361] Writing DB stats neutron:DELETE=1 {{(pid=105361) stat_writer /opt/stack/data/venv/lib/python3.12/site-packages/dbcounter.py:115}}
May 05 11:25:07.677095 np0000171774 neutron-periodic-workers[105341]: DEBUG dbcounter [-] [105341] Writing DB stats neutron:SELECT=1 {{(pid=105341) stat_writer /opt/stack/data/venv/lib/python3.12/site-packages/dbcounter.py:115}}
May 05 11:25:08.684219 np0000171774 neutron-periodic-workers[105333]: DEBUG dbcounter [-] [105333] Writing DB stats neutron:SELECT=3 {{(pid=105333) stat_writer /opt/stack/data/venv/lib/python3.12/site-packages/dbcounter.py:115}}
May 05 11:25:34.677397 np0000171774 neutron-periodic-workers[105341]: DEBUG neutron.db.agents_db [None req-f58e992f-5657-4e95-a105-5545943d88ee None None] Agent healthcheck: found 0 active agents {{(pid=105341) agent_health_check /opt/stack/neutron/neutron/db/agents_db.py:317}}
May 05 11:25:34.678293 np0000171774 neutron-periodic-workers[105341]: DEBUG oslo.service.backend._threading.loopingcall [None req-f58e992f-5657-4e95-a105-5545943d88ee None None] Fixed interval looping call 'neutron.plugins.ml2.plugin.AgentDbMixin.agent_health_check' sleeping for 36.99 seconds {{(pid=105341) _run_loop /opt/stack/data/venv/lib/python3.12/site-packages/oslo_service/backend/_threading/loopingcall.py:125}}
May 05 11:25:35.684065 np0000171774 neutron-periodic-workers[105333]: DEBUG oslo.service.backend._threading.loopingcall [None req-b1dee8ff-5d9e-4516-b019-742117f81e5e None None] Fixed interval looping call 'neutron.plugins.ml2.plugin.DhcpAgentSchedulerDbMixin.remove_networks_from_down_agents' sleeping for 36.99 seconds {{(pid=105333) _run_loop /opt/stack/data/venv/lib/python3.12/site-packages/oslo_service/backend/_threading/loopingcall.py:125}}
May 05 11:25:44.674937 np0000171774 neutron-periodic-workers[105341]: DEBUG dbcounter [-] [105341] Writing DB stats neutron:SELECT=1 {{(pid=105341) stat_writer /opt/stack/data/venv/lib/python3.12/site-packages/dbcounter.py:115}}
May 05 11:25:45.683092 np0000171774 neutron-periodic-workers[105333]: DEBUG dbcounter [-] [105333] Writing DB stats neutron:SELECT=3 {{(pid=105333) stat_writer /opt/stack/data/venv/lib/python3.12/site-packages/dbcounter.py:115}}
May 05 11:26:11.673253 np0000171774 neutron-periodic-workers[105341]: DEBUG neutron.db.agents_db [None req-f58e992f-5657-4e95-a105-5545943d88ee None None] Agent healthcheck: found 0 active agents {{(pid=105341) agent_health_check /opt/stack/neutron/neutron/db/agents_db.py:317}}
May 05 11:26:11.673973 np0000171774 neutron-periodic-workers[105341]: DEBUG oslo.service.backend._threading.loopingcall [None req-f58e992f-5657-4e95-a105-5545943d88ee None None] Fixed interval looping call 'neutron.plugins.ml2.plugin.AgentDbMixin.agent_health_check' sleeping for 36.99 seconds {{(pid=105341) _run_loop /opt/stack/data/venv/lib/python3.12/site-packages/oslo_service/backend/_threading/loopingcall.py:125}}
May 05 11:26:12.687248 np0000171774 neutron-periodic-workers[105333]: DEBUG oslo.service.backend._threading.loopingcall [None req-b1dee8ff-5d9e-4516-b019-742117f81e5e None None] Fixed interval looping call 'neutron.plugins.ml2.plugin.DhcpAgentSchedulerDbMixin.remove_networks_from_down_agents' sleeping for 36.99 seconds {{(pid=105333) _run_loop /opt/stack/data/venv/lib/python3.12/site-packages/oslo_service/backend/_threading/loopingcall.py:125}}
May 05 11:26:21.671363 np0000171774 neutron-periodic-workers[105341]: DEBUG dbcounter [-] [105341] Writing DB stats neutron:SELECT=1 {{(pid=105341) stat_writer /opt/stack/data/venv/lib/python3.12/site-packages/dbcounter.py:115}}
May 05 11:26:22.685597 np0000171774 neutron-periodic-workers[105333]: DEBUG dbcounter [-] [105333] Writing DB stats neutron:SELECT=3 {{(pid=105333) stat_writer /opt/stack/data/venv/lib/python3.12/site-packages/dbcounter.py:115}}
May 05 11:26:48.672389 np0000171774 neutron-periodic-workers[105341]: DEBUG neutron.db.agents_db [None req-f58e992f-5657-4e95-a105-5545943d88ee None None] Agent healthcheck: found 0 active agents {{(pid=105341) agent_health_check /opt/stack/neutron/neutron/db/agents_db.py:317}}
May 05 11:26:48.673021 np0000171774 neutron-periodic-workers[105341]: DEBUG oslo.service.backend._threading.loopingcall [None req-f58e992f-5657-4e95-a105-5545943d88ee None None] Fixed interval looping call 'neutron.plugins.ml2.plugin.AgentDbMixin.agent_health_check' sleeping for 36.99 seconds {{(pid=105341) _run_loop /opt/stack/data/venv/lib/python3.12/site-packages/oslo_service/backend/_threading/loopingcall.py:125}}
May 05 11:26:49.691912 np0000171774 neutron-periodic-workers[105333]: DEBUG oslo.service.backend._threading.loopingcall [None req-b1dee8ff-5d9e-4516-b019-742117f81e5e None None] Fixed interval looping call 'neutron.plugins.ml2.plugin.DhcpAgentSchedulerDbMixin.remove_networks_from_down_agents' sleeping for 36.99 seconds {{(pid=105333) _run_loop /opt/stack/data/venv/lib/python3.12/site-packages/oslo_service/backend/_threading/loopingcall.py:125}}
May 05 11:26:55.711012 np0000171774 neutron-periodic-workers[105361]: DEBUG oslo.service.backend._threading.loopingcall [None req-25665414-ffdd-4214-973b-75dba6e95464 None None] Fixed interval looping call 'neutron.db.quota.driver_nolock.DbQuotaNoLockDriver._remove_expired_reservations' sleeping for 120.00 seconds {{(pid=105361) _run_loop /opt/stack/data/venv/lib/python3.12/site-packages/oslo_service/backend/_threading/loopingcall.py:125}}
May 05 11:26:58.671302 np0000171774 neutron-periodic-workers[105341]: DEBUG dbcounter [-] [105341] Writing DB stats neutron:SELECT=1 {{(pid=105341) stat_writer /opt/stack/data/venv/lib/python3.12/site-packages/dbcounter.py:115}}
May 05 11:26:59.690952 np0000171774 neutron-periodic-workers[105333]: DEBUG dbcounter [-] [105333] Writing DB stats neutron:SELECT=3 {{(pid=105333) stat_writer /opt/stack/data/venv/lib/python3.12/site-packages/dbcounter.py:115}}
May 05 11:27:05.710232 np0000171774 neutron-periodic-workers[105361]: DEBUG dbcounter [-] [105361] Writing DB stats neutron:DELETE=1 {{(pid=105361) stat_writer /opt/stack/data/venv/lib/python3.12/site-packages/dbcounter.py:115}}
May 05 11:27:25.668384 np0000171774 neutron-periodic-workers[105341]: DEBUG neutron.db.agents_db [None req-f58e992f-5657-4e95-a105-5545943d88ee None None] Agent healthcheck: found 0 active agents {{(pid=105341) agent_health_check /opt/stack/neutron/neutron/db/agents_db.py:317}}
May 05 11:27:25.668938 np0000171774 neutron-periodic-workers[105341]: DEBUG oslo.service.backend._threading.loopingcall [None req-f58e992f-5657-4e95-a105-5545943d88ee None None] Fixed interval looping call 'neutron.plugins.ml2.plugin.AgentDbMixin.agent_health_check' sleeping for 36.99 seconds {{(pid=105341) _run_loop /opt/stack/data/venv/lib/python3.12/site-packages/oslo_service/backend/_threading/loopingcall.py:125}}
May 05 11:27:26.693278 np0000171774 neutron-periodic-workers[105333]: DEBUG oslo.service.backend._threading.loopingcall [None req-b1dee8ff-5d9e-4516-b019-742117f81e5e None None] Fixed interval looping call 'neutron.plugins.ml2.plugin.DhcpAgentSchedulerDbMixin.remove_networks_from_down_agents' sleeping for 36.99 seconds {{(pid=105333) _run_loop /opt/stack/data/venv/lib/python3.12/site-packages/oslo_service/backend/_threading/loopingcall.py:125}}
May 05 11:27:33.681292 np0000171774 neutron-periodic-workers[105323]: DEBUG oslo.service.backend._threading.loopingcall [None req-3a23ac35-a936-4a3f-a345-b3e1526db5a4 None None] Fixed interval looping call 'neutron.services.ovn_l3.plugin.L3_NAT_dbonly_mixin._clean_garbage' sleeping for 299.98 seconds {{(pid=105323) _run_loop /opt/stack/data/venv/lib/python3.12/site-packages/oslo_service/backend/_threading/loopingcall.py:125}}
May 05 11:27:35.666645 np0000171774 neutron-periodic-workers[105341]: DEBUG dbcounter [-] [105341] Writing DB stats neutron:SELECT=1 {{(pid=105341) stat_writer /opt/stack/data/venv/lib/python3.12/site-packages/dbcounter.py:115}}
May 05 11:27:36.691804 np0000171774 neutron-periodic-workers[105333]: DEBUG dbcounter [-] [105333] Writing DB stats neutron:SELECT=3 {{(pid=105333) stat_writer /opt/stack/data/venv/lib/python3.12/site-packages/dbcounter.py:115}}
May 05 11:27:43.674137 np0000171774 neutron-periodic-workers[105323]: DEBUG dbcounter [-] [105323] Writing DB stats neutron:SELECT=1 {{(pid=105323) stat_writer /opt/stack/data/venv/lib/python3.12/site-packages/dbcounter.py:115}}
May 05 11:28:02.664079 np0000171774 neutron-periodic-workers[105341]: DEBUG neutron.db.agents_db [None req-f58e992f-5657-4e95-a105-5545943d88ee None None] Agent healthcheck: found 0 active agents {{(pid=105341) agent_health_check /opt/stack/neutron/neutron/db/agents_db.py:317}}
May 05 11:28:02.664659 np0000171774 neutron-periodic-workers[105341]: DEBUG oslo.service.backend._threading.loopingcall [None req-f58e992f-5657-4e95-a105-5545943d88ee None None] Fixed interval looping call 'neutron.plugins.ml2.plugin.AgentDbMixin.agent_health_check' sleeping for 36.99 seconds {{(pid=105341) _run_loop /opt/stack/data/venv/lib/python3.12/site-packages/oslo_service/backend/_threading/loopingcall.py:125}}
May 05 11:28:03.693373 np0000171774 neutron-periodic-workers[105333]: DEBUG oslo.service.backend._threading.loopingcall [None req-b1dee8ff-5d9e-4516-b019-742117f81e5e None None] Fixed interval looping call 'neutron.plugins.ml2.plugin.DhcpAgentSchedulerDbMixin.remove_networks_from_down_agents' sleeping for 36.99 seconds {{(pid=105333) _run_loop /opt/stack/data/venv/lib/python3.12/site-packages/oslo_service/backend/_threading/loopingcall.py:125}}
May 05 11:28:12.662366 np0000171774 neutron-periodic-workers[105341]: DEBUG dbcounter [-] [105341] Writing DB stats neutron:SELECT=1 {{(pid=105341) stat_writer /opt/stack/data/venv/lib/python3.12/site-packages/dbcounter.py:115}}
May 05 11:28:13.691815 np0000171774 neutron-periodic-workers[105333]: DEBUG dbcounter [-] [105333] Writing DB stats neutron:SELECT=3 {{(pid=105333) stat_writer /opt/stack/data/venv/lib/python3.12/site-packages/dbcounter.py:115}}
May 05 11:28:39.659667 np0000171774 neutron-periodic-workers[105341]: DEBUG neutron.db.agents_db [None req-f58e992f-5657-4e95-a105-5545943d88ee None None] Agent healthcheck: found 0 active agents {{(pid=105341) agent_health_check /opt/stack/neutron/neutron/db/agents_db.py:317}}
May 05 11:28:39.660398 np0000171774 neutron-periodic-workers[105341]: DEBUG oslo.service.backend._threading.loopingcall [None req-f58e992f-5657-4e95-a105-5545943d88ee None None] Fixed interval looping call 'neutron.plugins.ml2.plugin.AgentDbMixin.agent_health_check' sleeping for 36.99 seconds {{(pid=105341) _run_loop /opt/stack/data/venv/lib/python3.12/site-packages/oslo_service/backend/_threading/loopingcall.py:125}}
May 05 11:28:40.692322 np0000171774 neutron-periodic-workers[105333]: DEBUG oslo.service.backend._threading.loopingcall [None req-b1dee8ff-5d9e-4516-b019-742117f81e5e None None] Fixed interval looping call 'neutron.plugins.ml2.plugin.DhcpAgentSchedulerDbMixin.remove_networks_from_down_agents' sleeping for 36.99 seconds {{(pid=105333) _run_loop /opt/stack/data/venv/lib/python3.12/site-packages/oslo_service/backend/_threading/loopingcall.py:125}}
May 05 11:28:49.661284 np0000171774 neutron-periodic-workers[105341]: DEBUG dbcounter [-] [105341] Writing DB stats neutron:SELECT=1 {{(pid=105341) stat_writer /opt/stack/data/venv/lib/python3.12/site-packages/dbcounter.py:115}}
May 05 11:28:50.691161 np0000171774 neutron-periodic-workers[105333]: DEBUG dbcounter [-] [105333] Writing DB stats neutron:SELECT=3 {{(pid=105333) stat_writer /opt/stack/data/venv/lib/python3.12/site-packages/dbcounter.py:115}}
May 05 11:28:55.718355 np0000171774 neutron-periodic-workers[105361]: DEBUG oslo.service.backend._threading.loopingcall [None req-25665414-ffdd-4214-973b-75dba6e95464 None None] Fixed interval looping call 'neutron.db.quota.driver_nolock.DbQuotaNoLockDriver._remove_expired_reservations' sleeping for 119.99 seconds {{(pid=105361) _run_loop /opt/stack/data/venv/lib/python3.12/site-packages/oslo_service/backend/_threading/loopingcall.py:125}}
May 05 11:29:05.716559 np0000171774 neutron-periodic-workers[105361]: DEBUG dbcounter [-] [105361] Writing DB stats neutron:DELETE=1 {{(pid=105361) stat_writer /opt/stack/data/venv/lib/python3.12/site-packages/dbcounter.py:115}}
May 05 11:29:16.654848 np0000171774 neutron-periodic-workers[105341]: DEBUG neutron.db.agents_db [None req-f58e992f-5657-4e95-a105-5545943d88ee None None] Agent healthcheck: found 0 active agents {{(pid=105341) agent_health_check /opt/stack/neutron/neutron/db/agents_db.py:317}}
May 05 11:29:16.655619 np0000171774 neutron-periodic-workers[105341]: DEBUG oslo.service.backend._threading.loopingcall [None req-f58e992f-5657-4e95-a105-5545943d88ee None None] Fixed interval looping call 'neutron.plugins.ml2.plugin.AgentDbMixin.agent_health_check' sleeping for 37.00 seconds {{(pid=105341) _run_loop /opt/stack/data/venv/lib/python3.12/site-packages/oslo_service/backend/_threading/loopingcall.py:125}}
May 05 11:29:17.692899 np0000171774 neutron-periodic-workers[105333]: DEBUG oslo.service.backend._threading.loopingcall [None req-b1dee8ff-5d9e-4516-b019-742117f81e5e None None] Fixed interval looping call 'neutron.plugins.ml2.plugin.DhcpAgentSchedulerDbMixin.remove_networks_from_down_agents' sleeping for 36.99 seconds {{(pid=105333) _run_loop /opt/stack/data/venv/lib/python3.12/site-packages/oslo_service/backend/_threading/loopingcall.py:125}}
May 05 11:29:26.653764 np0000171774 neutron-periodic-workers[105341]: DEBUG dbcounter [-] [105341] Writing DB stats neutron:SELECT=1 {{(pid=105341) stat_writer /opt/stack/data/venv/lib/python3.12/site-packages/dbcounter.py:115}}
May 05 11:29:27.707857 np0000171774 neutron-periodic-workers[105333]: DEBUG dbcounter [-] [105333] Writing DB stats neutron:SELECT=3 {{(pid=105333) stat_writer /opt/stack/data/venv/lib/python3.12/site-packages/dbcounter.py:115}}
May 05 11:29:53.662647 np0000171774 neutron-periodic-workers[105341]: DEBUG neutron.db.agents_db [None req-f58e992f-5657-4e95-a105-5545943d88ee None None] Agent healthcheck: found 0 active agents {{(pid=105341) agent_health_check /opt/stack/neutron/neutron/db/agents_db.py:317}}
May 05 11:29:53.662647 np0000171774 neutron-periodic-workers[105341]: DEBUG oslo.service.backend._threading.loopingcall [None req-f58e992f-5657-4e95-a105-5545943d88ee None None] Fixed interval looping call 'neutron.plugins.ml2.plugin.AgentDbMixin.agent_health_check' sleeping for 36.99 seconds {{(pid=105341) _run_loop /opt/stack/data/venv/lib/python3.12/site-packages/oslo_service/backend/_threading/loopingcall.py:125}}
May 05 11:29:54.692893 np0000171774 neutron-periodic-workers[105333]: DEBUG oslo.service.backend._threading.loopingcall [None req-b1dee8ff-5d9e-4516-b019-742117f81e5e None None] Fixed interval looping call 'neutron.plugins.ml2.plugin.DhcpAgentSchedulerDbMixin.remove_networks_from_down_agents' sleeping for 36.99 seconds {{(pid=105333) _run_loop /opt/stack/data/venv/lib/python3.12/site-packages/oslo_service/backend/_threading/loopingcall.py:125}}
