2026-05-08 01:44:30.972 8 INFO neutron.api.extensions [None req-5b16db92-efbf-499b-a05d-ec7340a124e0 - - - - - -] Extension port-hardware-offload-type not supported by any of loaded plugins
2026-05-08 01:44:30.972 7 INFO neutron.api.extensions [None req-9359815c-d96a-46e0-8d30-937d5bac1ae4 - - - - - -] Loaded extension: trunk-details
2026-05-08 01:44:30.973 8 INFO neutron.api.extensions [None req-5b16db92-efbf-499b-a05d-ec7340a124e0 - - - - - -] Extension port-hint-ovs-tx-steering not supported by any of loaded plugins
2026-05-08 01:44:30.973 7 INFO neutron.api.extensions [None req-9359815c-d96a-46e0-8d30-937d5bac1ae4 - - - - - -] Extension uplink-status-propagation not supported by any of loaded plugins
2026-05-08 01:44:30.973 8 INFO neutron.api.extensions [None req-5b16db92-efbf-499b-a05d-ec7340a124e0 - - - - - -] Extension port-hints not supported by any of loaded plugins
2026-05-08 01:44:30.973 7 INFO neutron.api.extensions [None req-9359815c-d96a-46e0-8d30-937d5bac1ae4 - - - - - -] Extension uplink-status-propagation-updatable not supported by any of loaded plugins
2026-05-08 01:44:30.974 8 INFO neutron.api.extensions [None req-5b16db92-efbf-499b-a05d-ec7340a124e0 - - - - - -] Loaded extension: port-mac-override
2026-05-08 01:44:30.974 7 INFO neutron.api.extensions [None req-9359815c-d96a-46e0-8d30-937d5bac1ae4 - - - - - -] Extension vlan-transparent not supported by any of loaded plugins
2026-05-08 01:44:30.974 8 INFO neutron.api.extensions [None req-5b16db92-efbf-499b-a05d-ec7340a124e0 - - - - - -] Loaded extension: port-mac-address-regenerate
2026-05-08 01:44:30.975 8 INFO neutron.api.extensions [None req-5b16db92-efbf-499b-a05d-ec7340a124e0 - - - - - -] Loaded extension: port-numa-affinity-policy
2026-05-08 01:44:30.975 7 INFO neutron.api.extensions [None req-9359815c-d96a-46e0-8d30-937d5bac1ae4 - - - - - -] Loaded extension: vpn-aes-ctr
2026-05-08 01:44:30.975 8 INFO neutron.api.extensions [None req-5b16db92-efbf-499b-a05d-ec7340a124e0 - - - - - -] Loaded extension: port-numa-affinity-policy-socket
2026-05-08 01:44:30.976 8 INFO neutron.api.extensions [None req-5b16db92-efbf-499b-a05d-ec7340a124e0 - - - - - -] Loaded extension: port-resource-request
2026-05-08 01:44:30.976 8 INFO neutron.api.extensions [None req-5b16db92-efbf-499b-a05d-ec7340a124e0 - - - - - -] Loaded extension: port-resource-request-groups
2026-05-08 01:44:30.977 8 INFO neutron.api.extensions [None req-5b16db92-efbf-499b-a05d-ec7340a124e0 - - - - - -] Extension port-trusted-vif not supported by any of loaded plugins
2026-05-08 01:44:30.977 7 INFO neutron.api.extensions [None req-9359815c-d96a-46e0-8d30-937d5bac1ae4 - - - - - -] Extension vpn-agent-scheduler not supported by any of loaded plugins
2026-05-08 01:44:30.977 8 INFO neutron.api.extensions [None req-5b16db92-efbf-499b-a05d-ec7340a124e0 - - - - - -] Loaded extension: binding
2026-05-08 01:44:30.978 7 INFO neutron.api.extensions [None req-9359815c-d96a-46e0-8d30-937d5bac1ae4 - - - - - -] Loaded extension: vpn-endpoint-groups
2026-05-08 01:44:30.978 8 INFO neutron.api.extensions [None req-5b16db92-efbf-499b-a05d-ec7340a124e0 - - - - - -] Loaded extension: binding-extended
2026-05-08 01:44:30.978 7 INFO neutron.api.extensions [None req-9359815c-d96a-46e0-8d30-937d5bac1ae4 - - - - - -] Loaded extension: vpn-flavors
2026-05-08 01:44:30.979 8 INFO neutron.api.extensions [None req-5b16db92-efbf-499b-a05d-ec7340a124e0 - - - - - -] Loaded extension: port-security
2026-05-08 01:44:30.979 8 INFO neutron.api.extensions [None req-5b16db92-efbf-499b-a05d-ec7340a124e0 - - - - - -] Loaded extension: project-id
2026-05-08 01:44:30.979 8 INFO neutron.api.extensions [None req-5b16db92-efbf-499b-a05d-ec7340a124e0 - - - - - -] Loaded extension: provider
2026-05-08 01:44:30.980 8 INFO neutron.api.extensions [None req-5b16db92-efbf-499b-a05d-ec7340a124e0 - - - - - -] Extension qinq not supported by any of loaded plugins
2026-05-08 01:44:30.980 7 INFO neutron.api.extensions [None req-9359815c-d96a-46e0-8d30-937d5bac1ae4 - - - - - -] Loaded extension: vpnaas
2026-05-08 01:44:30.982 7 INFO neutron.api.extensions [None req-9359815c-d96a-46e0-8d30-937d5bac1ae4 - - - - - -] Loaded extension: taas
2026-05-08 01:44:30.983 8 INFO neutron.api.extensions [None req-5b16db92-efbf-499b-a05d-ec7340a124e0 - - - - - -] Loaded extension: qos
2026-05-08 01:44:30.983 7 INFO neutron.api.extensions [None req-9359815c-d96a-46e0-8d30-937d5bac1ae4 - - - - - -] Loaded extension: tap-mirror
2026-05-08 01:44:30.984 7 INFO neutron.api.extensions [None req-9359815c-d96a-46e0-8d30-937d5bac1ae4 - - - - - -] Loaded extension: taas-vlan-filter
2026-05-08 01:44:30.984 8 INFO neutron.api.extensions [None req-5b16db92-efbf-499b-a05d-ec7340a124e0 - - - - - -] Loaded extension: qos-bw-limit-direction
2026-05-08 01:44:30.984 8 INFO neutron.api.extensions [None req-5b16db92-efbf-499b-a05d-ec7340a124e0 - - - - - -] Loaded extension: qos-bw-minimum-ingress
2026-05-08 01:44:30.985 8 INFO neutron.api.extensions [None req-5b16db92-efbf-499b-a05d-ec7340a124e0 - - - - - -] Loaded extension: qos-default
2026-05-08 01:44:30.985 8 INFO neutron.api.extensions [None req-5b16db92-efbf-499b-a05d-ec7340a124e0 - - - - - -] Loaded extension: qos-fip
2026-05-08 01:44:30.986 8 INFO neutron.api.extensions [None req-5b16db92-efbf-499b-a05d-ec7340a124e0 - - - - - -] Extension qos-fip-network-policy not supported by any of loaded plugins
2026-05-08 01:44:30.986 8 INFO neutron.api.extensions [None req-5b16db92-efbf-499b-a05d-ec7340a124e0 - - - - - -] Loaded extension: qos-gateway-ip
2026-05-08 01:44:30.986 7 INFO neutron.quota.resource_registry [None req-9359815c-d96a-46e0-8d30-937d5bac1ae4 - - - - - -] Creating instance of TrackedResource for resource:network
2026-05-08 01:44:30.987 7 INFO neutron.quota.resource_registry [None req-9359815c-d96a-46e0-8d30-937d5bac1ae4 - - - - - -] Creating instance of TrackedResource for resource:subnet
2026-05-08 01:44:30.987 7 INFO neutron.quota.resource_registry [None req-9359815c-d96a-46e0-8d30-937d5bac1ae4 - - - - - -] Creating instance of TrackedResource for resource:subnetpool
2026-05-08 01:44:30.987 8 INFO neutron.api.extensions [None req-5b16db92-efbf-499b-a05d-ec7340a124e0 - - - - - -] Loaded extension: qos-port-network-policy
2026-05-08 01:44:30.987 7 INFO neutron.quota.resource_registry [None req-9359815c-d96a-46e0-8d30-937d5bac1ae4 - - - - - -] Creating instance of TrackedResource for resource:port
2026-05-08 01:44:30.987 8 INFO neutron.api.extensions [None req-5b16db92-efbf-499b-a05d-ec7340a124e0 - - - - - -] Loaded extension: qos-pps-minimum
2026-05-08 01:44:30.988 8 INFO neutron.api.extensions [None req-5b16db92-efbf-499b-a05d-ec7340a124e0 - - - - - -] Loaded extension: qos-pps-minimum-rule-alias
2026-05-08 01:44:30.988 8 INFO neutron.api.extensions [None req-5b16db92-efbf-499b-a05d-ec7340a124e0 - - - - - -] Loaded extension: qos-pps
2026-05-08 01:44:30.989 8 INFO neutron.api.extensions [None req-5b16db92-efbf-499b-a05d-ec7340a124e0 - - - - - -] Loaded extension: qos-rule-type-details
2026-05-08 01:44:30.989 8 INFO neutron.api.extensions [None req-5b16db92-efbf-499b-a05d-ec7340a124e0 - - - - - -] Loaded extension: qos-rule-type-filter
2026-05-08 01:44:30.990 8 INFO neutron.api.extensions [None req-5b16db92-efbf-499b-a05d-ec7340a124e0 - - - - - -] Loaded extension: qos-rules-alias
2026-05-08 01:44:30.990 7 INFO neutron.quota.resource_registry [None req-9359815c-d96a-46e0-8d30-937d5bac1ae4 - - - - - -] Creating instance of TrackedResource for resource:router
2026-05-08 01:44:30.990 8 INFO neutron.api.extensions [None req-5b16db92-efbf-499b-a05d-ec7340a124e0 - - - - - -] Loaded extension: quota-check-limit
2026-05-08 01:44:30.991 7 INFO neutron.quota.resource_registry [None req-9359815c-d96a-46e0-8d30-937d5bac1ae4 - - - - - -] Creating instance of TrackedResource for resource:floatingip
2026-05-08 01:44:30.991 8 INFO neutron.api.extensions [None req-5b16db92-efbf-499b-a05d-ec7340a124e0 - - - - - -] Loaded extension: quota-check-limit-default
2026-05-08 01:44:30.993 8 INFO neutron.api.extensions [None req-5b16db92-efbf-499b-a05d-ec7340a124e0 - - - - - -] Loaded extension: quotas
2026-05-08 01:44:30.994 8 INFO neutron.api.extensions [None req-5b16db92-efbf-499b-a05d-ec7340a124e0 - - - - - -] Loaded extension: quota_details
2026-05-08 01:44:30.996 8 INFO neutron.api.extensions [None req-5b16db92-efbf-499b-a05d-ec7340a124e0 - - - - - -] Loaded extension: rbac-policies
2026-05-08 01:44:30.996 8 INFO neutron.api.extensions [None req-5b16db92-efbf-499b-a05d-ec7340a124e0 - - - - - -] Loaded extension: rbac-address-group
2026-05-08 01:44:30.997 8 INFO neutron.api.extensions [None req-5b16db92-efbf-499b-a05d-ec7340a124e0 - - - - - -] Loaded extension: rbac-address-scope
2026-05-08 01:44:30.997 8 INFO neutron.api.extensions [None req-5b16db92-efbf-499b-a05d-ec7340a124e0 - - - - - -] Loaded extension: rbac-security-groups
2026-05-08 01:44:30.998 8 INFO neutron.api.extensions [None req-5b16db92-efbf-499b-a05d-ec7340a124e0 - - - - - -] Loaded extension: rbac-subnetpool
2026-05-08 01:44:30.998 8 INFO neutron.api.extensions [None req-5b16db92-efbf-499b-a05d-ec7340a124e0 - - - - - -] Loaded extension: revision-if-match
2026-05-08 01:44:30.999 8 INFO neutron.api.extensions [None req-5b16db92-efbf-499b-a05d-ec7340a124e0 - - - - - -] Loaded extension: standard-attr-revisions
2026-05-08 01:44:31.000 8 INFO neutron.api.extensions [None req-5b16db92-efbf-499b-a05d-ec7340a124e0 - - - - - -] Loaded extension: router_availability_zone
2026-05-08 01:44:31.000 8 INFO neutron.api.extensions [None req-5b16db92-efbf-499b-a05d-ec7340a124e0 - - - - - -] Extension router-service-type not supported by any of loaded plugins
2026-05-08 01:44:31.002 8 INFO neutron.api.extensions [None req-5b16db92-efbf-499b-a05d-ec7340a124e0 - - - - - -] Loaded extension: security-groups-default-rules
2026-05-08 01:44:31.002 8 INFO neutron.api.extensions [None req-5b16db92-efbf-499b-a05d-ec7340a124e0 - - - - - -] Loaded extension: security-groups-normalized-cidr
2026-05-08 01:44:31.003 8 INFO neutron.api.extensions [None req-5b16db92-efbf-499b-a05d-ec7340a124e0 - - - - - -] Loaded extension: port-security-groups-filtering
2026-05-08 01:44:31.003 8 INFO neutron.api.extensions [None req-5b16db92-efbf-499b-a05d-ec7340a124e0 - - - - - -] Loaded extension: security-groups-remote-address-group
2026-05-08 01:44:31.003 7 INFO neutron.quota.resource_registry [None req-9359815c-d96a-46e0-8d30-937d5bac1ae4 - - - - - -] Creating instance of CountableResource for resource:rbac_policy
2026-05-08 01:44:31.004 8 INFO neutron.api.extensions [None req-5b16db92-efbf-499b-a05d-ec7340a124e0 - - - - - -] Loaded extension: security-groups-rules-belongs-to-default-sg
2026-05-08 01:44:31.004 8 INFO neutron.api.extensions [None req-5b16db92-efbf-499b-a05d-ec7340a124e0 - - - - - -] Loaded extension: security-groups-shared-filtering
2026-05-08 01:44:31.004 7 INFO neutron.quota.resource_registry [None req-9359815c-d96a-46e0-8d30-937d5bac1ae4 - - - - - -] Creating instance of TrackedResource for resource:security_group
2026-05-08 01:44:31.005 7 INFO neutron.quota.resource_registry [None req-9359815c-d96a-46e0-8d30-937d5bac1ae4 - - - - - -] Creating instance of TrackedResource for resource:security_group_rule
2026-05-08 01:44:31.006 7 INFO neutron.quota.resource_registry [None req-9359815c-d96a-46e0-8d30-937d5bac1ae4 - - - - - -] Creating instance of TrackedResource for resource:subnetpool
2026-05-08 01:44:31.006 7 WARNING neutron.quota.resource_registry [None req-9359815c-d96a-46e0-8d30-937d5bac1ae4 - - - - - -] subnetpool is already registered
2026-05-08 01:44:31.006 7 INFO neutron.quota.resource_registry [None req-9359815c-d96a-46e0-8d30-937d5bac1ae4 - - - - - -] Creating instance of TrackedResource for resource:subnetpool
2026-05-08 01:44:31.006 7 WARNING neutron.quota.resource_registry [None req-9359815c-d96a-46e0-8d30-937d5bac1ae4 - - - - - -] subnetpool is already registered
2026-05-08 01:44:31.007 7 INFO neutron.quota.resource_registry [None req-9359815c-d96a-46e0-8d30-937d5bac1ae4 - - - - - -] Creating instance of CountableResource for resource:trunk
2026-05-08 01:44:31.007 7 INFO neutron.quota.resource_registry [None req-9359815c-d96a-46e0-8d30-937d5bac1ae4 - - - - - -] Creating instance of CountableResource for resource:ikepolicy
2026-05-08 01:44:31.008 7 INFO neutron.quota.resource_registry [None req-9359815c-d96a-46e0-8d30-937d5bac1ae4 - - - - - -] Creating instance of CountableResource for resource:ipsecpolicy
2026-05-08 01:44:31.008 7 INFO neutron.quota.resource_registry [None req-9359815c-d96a-46e0-8d30-937d5bac1ae4 - - - - - -] Creating instance of CountableResource for resource:endpoint_group
2026-05-08 01:44:31.009 8 INFO neutron.api.extensions [None req-5b16db92-efbf-499b-a05d-ec7340a124e0 - - - - - -] Loaded extension: security-group
2026-05-08 01:44:31.009 7 INFO neutron.quota.resource_registry [None req-9359815c-d96a-46e0-8d30-937d5bac1ae4 - - - - - -] Creating instance of CountableResource for resource:vpnservice
2026-05-08 01:44:31.009 7 INFO neutron.quota.resource_registry [None req-9359815c-d96a-46e0-8d30-937d5bac1ae4 - - - - - -] Creating instance of CountableResource for resource:ipsec_site_connection
2026-05-08 01:44:31.009 7 INFO neutron.quota.resource_registry [None req-9359815c-d96a-46e0-8d30-937d5bac1ae4 - - - - - -] Creating instance of CountableResource for resource:ipsecpolicy
2026-05-08 01:44:31.010 7 WARNING neutron.quota.resource_registry [None req-9359815c-d96a-46e0-8d30-937d5bac1ae4 - - - - - -] ipsecpolicy is already registered
2026-05-08 01:44:31.010 8 INFO neutron.api.extensions [None req-5b16db92-efbf-499b-a05d-ec7340a124e0 - - - - - -] Loaded extension: segment
2026-05-08 01:44:31.010 7 INFO neutron.quota.resource_registry [None req-9359815c-d96a-46e0-8d30-937d5bac1ae4 - - - - - -] Creating instance of CountableResource for resource:ikepolicy
2026-05-08 01:44:31.010 7 WARNING neutron.quota.resource_registry [None req-9359815c-d96a-46e0-8d30-937d5bac1ae4 - - - - - -] ikepolicy is already registered
2026-05-08 01:44:31.010 8 INFO neutron.api.extensions [None req-5b16db92-efbf-499b-a05d-ec7340a124e0 - - - - - -] Loaded extension: segments-peer-subnet-host-routes
2026-05-08 01:44:31.011 8 INFO neutron.api.extensions [None req-5b16db92-efbf-499b-a05d-ec7340a124e0 - - - - - -] Loaded extension: service-type
2026-05-08 01:44:31.011 8 INFO neutron.api.extensions [None req-5b16db92-efbf-499b-a05d-ec7340a124e0 - - - - - -] Loaded extension: sorting
2026-05-08 01:44:31.012 8 INFO neutron.api.extensions [None req-5b16db92-efbf-499b-a05d-ec7340a124e0 - - - - - -] Loaded extension: standard-attr-segment
2026-05-08 01:44:31.012 8 INFO neutron.api.extensions [None req-5b16db92-efbf-499b-a05d-ec7340a124e0 - - - - - -] Loaded extension: standard-attr-description
2026-05-08 01:44:31.013 8 INFO neutron.api.extensions [None req-5b16db92-efbf-499b-a05d-ec7340a124e0 - - - - - -] Loaded extension: stateful-security-group
2026-05-08 01:44:31.015 8 WARNING neutron.api.extensions [None req-5b16db92-efbf-499b-a05d-ec7340a124e0 - - - - - -] Did not find expected name "Stdattrs_common" in /var/lib/openstack/lib/python3.12/site-packages/neutron/extensions/stdattrs_common.py
2026-05-08 01:44:31.015 7 INFO neutron.quota.resource_registry [None req-9359815c-d96a-46e0-8d30-937d5bac1ae4 - - - - - -] Creating instance of TrackedResource for resource:router
2026-05-08 01:44:31.015 8 INFO neutron.api.extensions [None req-5b16db92-efbf-499b-a05d-ec7340a124e0 - - - - - -] Extension subnet-dns-publish-fixed-ip not supported by any of loaded plugins
2026-05-08 01:44:31.015 7 WARNING neutron.quota.resource_registry [None req-9359815c-d96a-46e0-8d30-937d5bac1ae4 - - - - - -] router is already registered
2026-05-08 01:44:31.016 8 INFO neutron.api.extensions [None req-5b16db92-efbf-499b-a05d-ec7340a124e0 - - - - - -] Loaded extension: subnet-external-network
2026-05-08 01:44:31.016 7 INFO neutron.quota.resource_registry [None req-9359815c-d96a-46e0-8d30-937d5bac1ae4 - - - - - -] Creating instance of TrackedResource for resource:floatingip
2026-05-08 01:44:31.016 7 WARNING neutron.quota.resource_registry [None req-9359815c-d96a-46e0-8d30-937d5bac1ae4 - - - - - -] floatingip is already registered
2026-05-08 01:44:31.017 8 INFO neutron.api.extensions [None req-5b16db92-efbf-499b-a05d-ec7340a124e0 - - - - - -] Loaded extension: subnet_onboard
2026-05-08 01:44:31.018 8 INFO neutron.api.extensions [None req-5b16db92-efbf-499b-a05d-ec7340a124e0 - - - - - -] Loaded extension: subnet-segmentid-writable
2026-05-08 01:44:31.018 8 INFO neutron.api.extensions [None req-5b16db92-efbf-499b-a05d-ec7340a124e0 - - - - - -] Loaded extension: subnet-service-types
2026-05-08 01:44:31.019 8 INFO neutron.api.extensions [None req-5b16db92-efbf-499b-a05d-ec7340a124e0 - - - - - -] Loaded extension: subnet_allocation
2026-05-08 01:44:31.019 7 INFO neutron.quota.resource_registry [None req-9359815c-d96a-46e0-8d30-937d5bac1ae4 - - - - - -] Creating instance of CountableResource for resource:rbac_policy
2026-05-08 01:44:31.020 8 INFO neutron.api.extensions [None req-5b16db92-efbf-499b-a05d-ec7340a124e0 - - - - - -] Loaded extension: subnetpool-prefix-ops
2026-05-08 01:44:31.020 7 WARNING neutron.quota.resource_registry [None req-9359815c-d96a-46e0-8d30-937d5bac1ae4 - - - - - -] rbac_policy is already registered
2026-05-08 01:44:31.020 8 INFO neutron.api.extensions [None req-5b16db92-efbf-499b-a05d-ec7340a124e0 - - - - - -] Loaded extension: tag-creation
2026-05-08 01:44:31.020 7 INFO neutron.quota.resource_registry [None req-9359815c-d96a-46e0-8d30-937d5bac1ae4 - - - - - -] Creating instance of TrackedResource for resource:security_group
2026-05-08 01:44:31.020 7 WARNING neutron.quota.resource_registry [None req-9359815c-d96a-46e0-8d30-937d5bac1ae4 - - - - - -] security_group is already registered
2026-05-08 01:44:31.021 7 INFO neutron.quota.resource_registry [None req-9359815c-d96a-46e0-8d30-937d5bac1ae4 - - - - - -] Creating instance of TrackedResource for resource:security_group_rule
2026-05-08 01:44:31.021 8 INFO neutron.api.extensions [None req-5b16db92-efbf-499b-a05d-ec7340a124e0 - - - - - -] Extension tag-ports-during-bulk-creation not supported by any of loaded plugins
2026-05-08 01:44:31.021 7 WARNING neutron.quota.resource_registry [None req-9359815c-d96a-46e0-8d30-937d5bac1ae4 - - - - - -] security_group_rule is already registered
2026-05-08 01:44:31.021 7 INFO neutron.quota.resource_registry [None req-9359815c-d96a-46e0-8d30-937d5bac1ae4 - - - - - -] Creating instance of TrackedResource for resource:subnetpool
2026-05-08 01:44:31.022 7 WARNING neutron.quota.resource_registry [None req-9359815c-d96a-46e0-8d30-937d5bac1ae4 - - - - - -] subnetpool is already registered
2026-05-08 01:44:31.022 7 INFO neutron.quota.resource_registry [None req-9359815c-d96a-46e0-8d30-937d5bac1ae4 - - - - - -] Creating instance of TrackedResource for resource:subnetpool
2026-05-08 01:44:31.022 7 WARNING neutron.quota.resource_registry [None req-9359815c-d96a-46e0-8d30-937d5bac1ae4 - - - - - -] subnetpool is already registered
2026-05-08 01:44:31.023 7 INFO neutron.quota.resource_registry [None req-9359815c-d96a-46e0-8d30-937d5bac1ae4 - - - - - -] Creating instance of CountableResource for resource:trunk
2026-05-08 01:44:31.023 7 WARNING neutron.quota.resource_registry [None req-9359815c-d96a-46e0-8d30-937d5bac1ae4 - - - - - -] trunk is already registered
2026-05-08 01:44:31.023 7 INFO neutron.quota.resource_registry [None req-9359815c-d96a-46e0-8d30-937d5bac1ae4 - - - - - -] Creating instance of CountableResource for resource:ikepolicy
2026-05-08 01:44:31.023 7 WARNING neutron.quota.resource_registry [None req-9359815c-d96a-46e0-8d30-937d5bac1ae4 - - - - - -] ikepolicy is already registered
2026-05-08 01:44:31.024 7 INFO neutron.quota.resource_registry [None req-9359815c-d96a-46e0-8d30-937d5bac1ae4 - - - - - -] Creating instance of CountableResource for resource:ipsecpolicy
2026-05-08 01:44:31.024 7 WARNING neutron.quota.resource_registry [None req-9359815c-d96a-46e0-8d30-937d5bac1ae4 - - - - - -] ipsecpolicy is already registered
2026-05-08 01:44:31.024 7 INFO neutron.quota.resource_registry [None req-9359815c-d96a-46e0-8d30-937d5bac1ae4 - - - - - -] Creating instance of CountableResource for resource:endpoint_group
2026-05-08 01:44:31.024 7 WARNING neutron.quota.resource_registry [None req-9359815c-d96a-46e0-8d30-937d5bac1ae4 - - - - - -] endpoint_group is already registered
2026-05-08 01:44:31.024 8 INFO neutron.api.extensions [None req-5b16db92-efbf-499b-a05d-ec7340a124e0 - - - - - -] Loaded extension: standard-attr-tag
2026-05-08 01:44:31.025 7 INFO neutron.quota.resource_registry [None req-9359815c-d96a-46e0-8d30-937d5bac1ae4 - - - - - -] Creating instance of CountableResource for resource:vpnservice
2026-05-08 01:44:31.025 7 WARNING neutron.quota.resource_registry [None req-9359815c-d96a-46e0-8d30-937d5bac1ae4 - - - - - -] vpnservice is already registered
2026-05-08 01:44:31.025 7 INFO neutron.quota.resource_registry [None req-9359815c-d96a-46e0-8d30-937d5bac1ae4 - - - - - -] Creating instance of CountableResource for resource:ipsec_site_connection
2026-05-08 01:44:31.025 7 WARNING neutron.quota.resource_registry [None req-9359815c-d96a-46e0-8d30-937d5bac1ae4 - - - - - -] ipsec_site_connection is already registered
2026-05-08 01:44:31.025 8 INFO neutron.api.extensions [None req-5b16db92-efbf-499b-a05d-ec7340a124e0 - - - - - -] Loaded extension: standard-attr-timestamp
2026-05-08 01:44:31.025 7 INFO neutron.quota.resource_registry [None req-9359815c-d96a-46e0-8d30-937d5bac1ae4 - - - - - -] Creating instance of CountableResource for resource:ipsecpolicy
2026-05-08 01:44:31.026 7 WARNING neutron.quota.resource_registry [None req-9359815c-d96a-46e0-8d30-937d5bac1ae4 - - - - - -] ipsecpolicy is already registered
2026-05-08 01:44:31.026 8 INFO neutron.api.extensions [None req-5b16db92-efbf-499b-a05d-ec7340a124e0 - - - - - -] Loaded extension: trunk
2026-05-08 01:44:31.026 7 INFO neutron.quota.resource_registry [None req-9359815c-d96a-46e0-8d30-937d5bac1ae4 - - - - - -] Creating instance of CountableResource for resource:ikepolicy
2026-05-08 01:44:31.026 7 WARNING neutron.quota.resource_registry [None req-9359815c-d96a-46e0-8d30-937d5bac1ae4 - - - - - -] ikepolicy is already registered
2026-05-08 01:44:31.026 8 INFO neutron.api.extensions [None req-5b16db92-efbf-499b-a05d-ec7340a124e0 - - - - - -] Loaded extension: trunk-details
2026-05-08 01:44:31.027 8 INFO neutron.api.extensions [None req-5b16db92-efbf-499b-a05d-ec7340a124e0 - - - - - -] Extension uplink-status-propagation not supported by any of loaded plugins
2026-05-08 01:44:31.027 8 INFO neutron.api.extensions [None req-5b16db92-efbf-499b-a05d-ec7340a124e0 - - - - - -] Extension uplink-status-propagation-updatable not supported by any of loaded plugins
2026-05-08 01:44:31.028 8 INFO neutron.api.extensions [None req-5b16db92-efbf-499b-a05d-ec7340a124e0 - - - - - -] Extension vlan-transparent not supported by any of loaded plugins
2026-05-08 01:44:31.028 8 INFO neutron.api.extensions [None req-5b16db92-efbf-499b-a05d-ec7340a124e0 - - - - - -] Loaded extension: vpn-aes-ctr
2026-05-08 01:44:31.030 8 INFO neutron.api.extensions [None req-5b16db92-efbf-499b-a05d-ec7340a124e0 - - - - - -] Extension vpn-agent-scheduler not supported by any of loaded plugins
2026-05-08 01:44:31.031 8 INFO neutron.api.extensions [None req-5b16db92-efbf-499b-a05d-ec7340a124e0 - - - - - -] Loaded extension: vpn-endpoint-groups
2026-05-08 01:44:31.032 8 INFO neutron.api.extensions [None req-5b16db92-efbf-499b-a05d-ec7340a124e0 - - - - - -] Loaded extension: vpn-flavors
2026-05-08 01:44:31.033 8 INFO neutron.api.extensions [None req-5b16db92-efbf-499b-a05d-ec7340a124e0 - - - - - -] Loaded extension: vpnaas
2026-05-08 01:44:31.035 8 INFO neutron.api.extensions [None req-5b16db92-efbf-499b-a05d-ec7340a124e0 - - - - - -] Loaded extension: taas
2026-05-08 01:44:31.036 8 INFO neutron.api.extensions [None req-5b16db92-efbf-499b-a05d-ec7340a124e0 - - - - - -] Loaded extension: tap-mirror
2026-05-08 01:44:31.036 8 INFO neutron.api.extensions [None req-5b16db92-efbf-499b-a05d-ec7340a124e0 - - - - - -] Loaded extension: taas-vlan-filter
2026-05-08 01:44:31.039 8 INFO neutron.quota.resource_registry [None req-5b16db92-efbf-499b-a05d-ec7340a124e0 - - - - - -] Creating instance of TrackedResource for resource:network
2026-05-08 01:44:31.039 8 INFO neutron.quota.resource_registry [None req-5b16db92-efbf-499b-a05d-ec7340a124e0 - - - - - -] Creating instance of TrackedResource for resource:subnet
2026-05-08 01:44:31.039 8 INFO neutron.quota.resource_registry [None req-5b16db92-efbf-499b-a05d-ec7340a124e0 - - - - - -] Creating instance of TrackedResource for resource:subnetpool
2026-05-08 01:44:31.039 8 INFO neutron.quota.resource_registry [None req-5b16db92-efbf-499b-a05d-ec7340a124e0 - - - - - -] Creating instance of TrackedResource for resource:port
2026-05-08 01:44:31.042 8 INFO neutron.quota.resource_registry [None req-5b16db92-efbf-499b-a05d-ec7340a124e0 - - - - - -] Creating instance of TrackedResource for resource:router
2026-05-08 01:44:31.043 8 INFO neutron.quota.resource_registry [None req-5b16db92-efbf-499b-a05d-ec7340a124e0 - - - - - -] Creating instance of TrackedResource for resource:floatingip
2026-05-08 01:44:31.047 8 INFO neutron.quota.resource_registry [None req-5b16db92-efbf-499b-a05d-ec7340a124e0 - - - - - -] Creating instance of CountableResource for resource:rbac_policy
2026-05-08 01:44:31.048 8 INFO neutron.quota.resource_registry [None req-5b16db92-efbf-499b-a05d-ec7340a124e0 - - - - - -] Creating instance of TrackedResource for resource:security_group
2026-05-08 01:44:31.048 8 INFO neutron.quota.resource_registry [None req-5b16db92-efbf-499b-a05d-ec7340a124e0 - - - - - -] Creating instance of TrackedResource for resource:security_group_rule
2026-05-08 01:44:31.049 8 INFO neutron.quota.resource_registry [None req-5b16db92-efbf-499b-a05d-ec7340a124e0 - - - - - -] Creating instance of TrackedResource for resource:subnetpool
2026-05-08 01:44:31.050 8 WARNING neutron.quota.resource_registry [None req-5b16db92-efbf-499b-a05d-ec7340a124e0 - - - - - -] subnetpool is already registered
2026-05-08 01:44:31.050 8 INFO neutron.quota.resource_registry [None req-5b16db92-efbf-499b-a05d-ec7340a124e0 - - - - - -] Creating instance of TrackedResource for resource:subnetpool
2026-05-08 01:44:31.050 8 WARNING neutron.quota.resource_registry [None req-5b16db92-efbf-499b-a05d-ec7340a124e0 - - - - - -] subnetpool is already registered
2026-05-08 01:44:31.050 8 INFO neutron.quota.resource_registry [None req-5b16db92-efbf-499b-a05d-ec7340a124e0 - - - - - -] Creating instance of CountableResource for resource:trunk
2026-05-08 01:44:31.051 8 INFO neutron.quota.resource_registry [None req-5b16db92-efbf-499b-a05d-ec7340a124e0 - - - - - -] Creating instance of CountableResource for resource:ikepolicy
2026-05-08 01:44:31.051 8 INFO neutron.quota.resource_registry [None req-5b16db92-efbf-499b-a05d-ec7340a124e0 - - - - - -] Creating instance of CountableResource for resource:ipsecpolicy
2026-05-08 01:44:31.052 8 INFO neutron.quota.resource_registry [None req-5b16db92-efbf-499b-a05d-ec7340a124e0 - - - - - -] Creating instance of CountableResource for resource:endpoint_group
2026-05-08 01:44:31.052 8 INFO neutron.quota.resource_registry [None req-5b16db92-efbf-499b-a05d-ec7340a124e0 - - - - - -] Creating instance of CountableResource for resource:vpnservice
2026-05-08 01:44:31.052 8 INFO neutron.quota.resource_registry [None req-5b16db92-efbf-499b-a05d-ec7340a124e0 - - - - - -] Creating instance of CountableResource for resource:ipsec_site_connection
2026-05-08 01:44:31.053 8 INFO neutron.quota.resource_registry [None req-5b16db92-efbf-499b-a05d-ec7340a124e0 - - - - - -] Creating instance of CountableResource for resource:ipsecpolicy
2026-05-08 01:44:31.053 8 WARNING neutron.quota.resource_registry [None req-5b16db92-efbf-499b-a05d-ec7340a124e0 - - - - - -] ipsecpolicy is already registered
2026-05-08 01:44:31.053 8 INFO neutron.quota.resource_registry [None req-5b16db92-efbf-499b-a05d-ec7340a124e0 - - - - - -] Creating instance of CountableResource for resource:ikepolicy
2026-05-08 01:44:31.054 8 WARNING neutron.quota.resource_registry [None req-5b16db92-efbf-499b-a05d-ec7340a124e0 - - - - - -] ikepolicy is already registered
2026-05-08 01:44:31.058 8 INFO neutron.quota.resource_registry [None req-5b16db92-efbf-499b-a05d-ec7340a124e0 - - - - - -] Creating instance of TrackedResource for resource:router
2026-05-08 01:44:31.058 8 WARNING neutron.quota.resource_registry [None req-5b16db92-efbf-499b-a05d-ec7340a124e0 - - - - - -] router is already registered
2026-05-08 01:44:31.058 8 INFO neutron.quota.resource_registry [None req-5b16db92-efbf-499b-a05d-ec7340a124e0 - - - - - -] Creating instance of TrackedResource for resource:floatingip
2026-05-08 01:44:31.059 8 WARNING neutron.quota.resource_registry [None req-5b16db92-efbf-499b-a05d-ec7340a124e0 - - - - - -] floatingip is already registered
2026-05-08 01:44:31.062 8 INFO neutron.quota.resource_registry [None req-5b16db92-efbf-499b-a05d-ec7340a124e0 - - - - - -] Creating instance of CountableResource for resource:rbac_policy
2026-05-08 01:44:31.062 8 WARNING neutron.quota.resource_registry [None req-5b16db92-efbf-499b-a05d-ec7340a124e0 - - - - - -] rbac_policy is already registered
2026-05-08 01:44:31.063 7 WARNING keystonemiddleware._common.config [None req-9359815c-d96a-46e0-8d30-937d5bac1ae4 - - - - - -] The option "audit_map_file" is not known to keystonemiddleware
2026-05-08 01:44:31.063 8 INFO neutron.quota.resource_registry [None req-5b16db92-efbf-499b-a05d-ec7340a124e0 - - - - - -] Creating instance of TrackedResource for resource:security_group
2026-05-08 01:44:31.063 8 WARNING neutron.quota.resource_registry [None req-5b16db92-efbf-499b-a05d-ec7340a124e0 - - - - - -] security_group is already registered
2026-05-08 01:44:31.064 8 INFO neutron.quota.resource_registry [None req-5b16db92-efbf-499b-a05d-ec7340a124e0 - - - - - -] Creating instance of TrackedResource for resource:security_group_rule
2026-05-08 01:44:31.064 8 WARNING neutron.quota.resource_registry [None req-5b16db92-efbf-499b-a05d-ec7340a124e0 - - - - - -] security_group_rule is already registered
2026-05-08 01:44:31.064 8 INFO neutron.quota.resource_registry [None req-5b16db92-efbf-499b-a05d-ec7340a124e0 - - - - - -] Creating instance of TrackedResource for resource:subnetpool
2026-05-08 01:44:31.065 8 WARNING neutron.quota.resource_registry [None req-5b16db92-efbf-499b-a05d-ec7340a124e0 - - - - - -] subnetpool is already registered
2026-05-08 01:44:31.065 8 INFO neutron.quota.resource_registry [None req-5b16db92-efbf-499b-a05d-ec7340a124e0 - - - - - -] Creating instance of TrackedResource for resource:subnetpool
2026-05-08 01:44:31.065 8 WARNING neutron.quota.resource_registry [None req-5b16db92-efbf-499b-a05d-ec7340a124e0 - - - - - -] subnetpool is already registered
2026-05-08 01:44:31.066 8 INFO neutron.quota.resource_registry [None req-5b16db92-efbf-499b-a05d-ec7340a124e0 - - - - - -] Creating instance of CountableResource for resource:trunk
2026-05-08 01:44:31.066 8 WARNING neutron.quota.resource_registry [None req-5b16db92-efbf-499b-a05d-ec7340a124e0 - - - - - -] trunk is already registered
2026-05-08 01:44:31.066 8 INFO neutron.quota.resource_registry [None req-5b16db92-efbf-499b-a05d-ec7340a124e0 - - - - - -] Creating instance of CountableResource for resource:ikepolicy
2026-05-08 01:44:31.066 8 WARNING neutron.quota.resource_registry [None req-5b16db92-efbf-499b-a05d-ec7340a124e0 - - - - - -] ikepolicy is already registered
2026-05-08 01:44:31.067 8 INFO neutron.quota.resource_registry [None req-5b16db92-efbf-499b-a05d-ec7340a124e0 - - - - - -] Creating instance of CountableResource for resource:ipsecpolicy
2026-05-08 01:44:31.067 8 WARNING neutron.quota.resource_registry [None req-5b16db92-efbf-499b-a05d-ec7340a124e0 - - - - - -] ipsecpolicy is already registered
2026-05-08 01:44:31.067 8 INFO neutron.quota.resource_registry [None req-5b16db92-efbf-499b-a05d-ec7340a124e0 - - - - - -] Creating instance of CountableResource for resource:endpoint_group
2026-05-08 01:44:31.067 8 WARNING neutron.quota.resource_registry [None req-5b16db92-efbf-499b-a05d-ec7340a124e0 - - - - - -] endpoint_group is already registered
2026-05-08 01:44:31.068 8 INFO neutron.quota.resource_registry [None req-5b16db92-efbf-499b-a05d-ec7340a124e0 - - - - - -] Creating instance of CountableResource for resource:vpnservice
2026-05-08 01:44:31.068 8 WARNING neutron.quota.resource_registry [None req-5b16db92-efbf-499b-a05d-ec7340a124e0 - - - - - -] vpnservice is already registered
2026-05-08 01:44:31.068 8 INFO neutron.quota.resource_registry [None req-5b16db92-efbf-499b-a05d-ec7340a124e0 - - - - - -] Creating instance of CountableResource for resource:ipsec_site_connection
2026-05-08 01:44:31.068 8 WARNING neutron.quota.resource_registry [None req-5b16db92-efbf-499b-a05d-ec7340a124e0 - - - - - -] ipsec_site_connection is already registered
2026-05-08 01:44:31.069 8 INFO neutron.quota.resource_registry [None req-5b16db92-efbf-499b-a05d-ec7340a124e0 - - - - - -] Creating instance of CountableResource for resource:ipsecpolicy
2026-05-08 01:44:31.069 8 WARNING neutron.quota.resource_registry [None req-5b16db92-efbf-499b-a05d-ec7340a124e0 - - - - - -] ipsecpolicy is already registered
2026-05-08 01:44:31.069 8 INFO neutron.quota.resource_registry [None req-5b16db92-efbf-499b-a05d-ec7340a124e0 - - - - - -] Creating instance of CountableResource for resource:ikepolicy
2026-05-08 01:44:31.069 8 WARNING neutron.quota.resource_registry [None req-5b16db92-efbf-499b-a05d-ec7340a124e0 - - - - - -] ikepolicy is already registered
2026-05-08 01:44:31.070 7 WARNING oslo_config.cfg [None req-9359815c-d96a-46e0-8d30-937d5bac1ae4 - - - - - -] Deprecated: Option "auth_uri" from group "keystone_authtoken" is deprecated. Use option "www_authenticate_uri" from group "keystone_authtoken". WSGI app 0 (mountpoint='') ready in 8 seconds on interpreter 0x7ff6a6cb5668 pid: 7 (default app)
2026-05-08 01:44:31.108 8 WARNING keystonemiddleware._common.config [None req-5b16db92-efbf-499b-a05d-ec7340a124e0 - - - - - -] The option "audit_map_file" is not known to keystonemiddleware
2026-05-08 01:44:31.116 8 WARNING oslo_config.cfg [None req-5b16db92-efbf-499b-a05d-ec7340a124e0 - - - - - -] Deprecated: Option "auth_uri" from group "keystone_authtoken" is deprecated. Use option "www_authenticate_uri" from group "keystone_authtoken". WSGI app 0 (mountpoint='') ready in 8 seconds on interpreter 0x7ff6a6cb5668 pid: 8 (default app) /var/lib/openstack/lib/python3.12/site-packages/pycadf/identifier.py:70: UserWarning: Invalid uuid: unknown. To ensure interoperability, identifiers should be a valid uuid. warnings.warn(('Invalid uuid: %s. To ensure interoperability, '
2026-05-08 01:44:35.915 7 INFO neutron.pecan_wsgi.hooks.translation [None req-fdef4796-df33-45cd-8ecc-f69ad9be2f29 2845fe7c4a3045b58ac66fc2286c088d f832a21904a8404f85da6a7d25ca7732 - - default default] GET failed (client error): The resource could not be found. [pid: 7|app: 0|req: 3/3] 199.204.45.113 () {44 vars in 928 bytes} [Fri May 8 01:44:35 2026] GET /v2.0/networks/public => generated 108 bytes in 837 msecs (HTTP/1.1 404) 4 headers in 164 bytes (1 switches on core 0) /var/lib/openstack/lib/python3.12/site-packages/pycadf/identifier.py:70: UserWarning: Invalid uuid: unknown. To ensure interoperability, identifiers should be a valid uuid. warnings.warn(('Invalid uuid: %s. To ensure interoperability, ' [pid: 8|app: 0|req: 1/4] 199.204.45.113 () {44 vars in 950 bytes} [Fri May 8 01:44:35 2026] GET /v2.0/networks?name=public => generated 15 bytes in 394 msecs (HTTP/1.1 200) 4 headers in 156 bytes (1 switches on core 0)
2026-05-08 01:44:36.733 7 WARNING neutron.services.revisions.revision_plugin [None req-c4e4ba81-f320-4e03-9d7b-a4fd63e7f741 2845fe7c4a3045b58ac66fc2286c088d f832a21904a8404f85da6a7d25ca7732 - - default default] Could not find related network for resource to bump revision.
2026-05-08 01:44:36.752 7 INFO neutron.db.segments_db [None req-c4e4ba81-f320-4e03-9d7b-a4fd63e7f741 2845fe7c4a3045b58ac66fc2286c088d f832a21904a8404f85da6a7d25ca7732 - - default default] Added segment 77861df8-a39e-43ba-9b9f-24028488fb25 of type flat for network 1c5d4809-2f35-45d6-97ed-0780ce595214
2026-05-08 01:44:36.796 7 INFO neutron.pecan_wsgi.hooks.translation [None req-c4e4ba81-f320-4e03-9d7b-a4fd63e7f741 2845fe7c4a3045b58ac66fc2286c088d f832a21904a8404f85da6a7d25ca7732 - - default default] POST failed (client error): The resource could not be found. [pid: 7|app: 0|req: 4/5] 199.204.45.113 () {48 vars in 968 bytes} [Fri May 8 01:44:36 2026] POST /v2.0/networks => generated 124 bytes in 492 msecs (HTTP/1.1 404) 4 headers in 164 bytes (1 switches on core 0)
2026-05-08 01:44:43.046 8 INFO neutron.pecan_wsgi.hooks.translation [None req-7e58358a-1c82-4a72-acc6-82ac6e7c43a3 2845fe7c4a3045b58ac66fc2286c088d f832a21904a8404f85da6a7d25ca7732 - - default default] GET failed (client error): The resource could not be found. [pid: 8|app: 0|req: 2/6] 199.204.45.113 () {44 vars in 928 bytes} [Fri May 8 01:44:42 2026] GET /v2.0/networks/public => generated 108 bytes in 401 msecs (HTTP/1.1 404) 4 headers in 164 bytes (1 switches on core 0) [pid: 7|app: 0|req: 5/7] 199.204.45.113 () {44 vars in 950 bytes} [Fri May 8 01:44:43 2026] GET /v2.0/networks?name=public => generated 15 bytes in 26 msecs (HTTP/1.1 200) 4 headers in 156 bytes (1 switches on core 0)
2026-05-08 01:44:43.309 8 WARNING neutron.services.revisions.revision_plugin [None req-2a68f77b-a1d5-4b90-a1b3-c5fbffa8833a 2845fe7c4a3045b58ac66fc2286c088d f832a21904a8404f85da6a7d25ca7732 - - default default] Could not find related network for resource to bump revision.
2026-05-08 01:44:43.331 8 INFO neutron.db.segments_db [None req-2a68f77b-a1d5-4b90-a1b3-c5fbffa8833a 2845fe7c4a3045b58ac66fc2286c088d f832a21904a8404f85da6a7d25ca7732 - - default default] Added segment 46f158f2-6735-426a-aa48-eed87c01c4f0 of type flat for network 2c5a815f-641f-4600-847f-82f8c32482ea
2026-05-08 01:44:43.378 8 INFO neutron.pecan_wsgi.hooks.translation [None req-2a68f77b-a1d5-4b90-a1b3-c5fbffa8833a 2845fe7c4a3045b58ac66fc2286c088d f832a21904a8404f85da6a7d25ca7732 - - default default] POST failed (client error): The resource could not be found. [pid: 8|app: 0|req: 3/8] 199.204.45.113 () {48 vars in 968 bytes} [Fri May 8 01:44:43 2026] POST /v2.0/networks => generated 124 bytes in 307 msecs (HTTP/1.1 404) 4 headers in 164 bytes (1 switches on core 0)
2026-05-08 01:44:49.241 8 INFO neutron.pecan_wsgi.hooks.translation [None req-095b6adf-b045-4b21-adae-b3711291acc3 2845fe7c4a3045b58ac66fc2286c088d f832a21904a8404f85da6a7d25ca7732 - - default default] GET failed (client error): The resource could not be found. [pid: 8|app: 0|req: 4/10] 199.204.45.113 () {44 vars in 928 bytes} [Fri May 8 01:44:49 2026] GET /v2.0/networks/public => generated 108 bytes in 46 msecs (HTTP/1.1 404) 4 headers in 164 bytes (1 switches on core 0) [pid: 7|app: 0|req: 7/11] 199.204.45.113 () {44 vars in 950 bytes} [Fri May 8 01:44:49 2026] GET /v2.0/networks?name=public => generated 15 bytes in 16 msecs (HTTP/1.1 200) 4 headers in 156 bytes (1 switches on core 0)
2026-05-08 01:44:49.304 8 WARNING neutron.services.revisions.revision_plugin [None req-631624f8-5130-4361-8c91-8f817f1c9787 2845fe7c4a3045b58ac66fc2286c088d f832a21904a8404f85da6a7d25ca7732 - - default default] Could not find related network for resource to bump revision.
2026-05-08 01:44:49.317 8 INFO neutron.db.segments_db [None req-631624f8-5130-4361-8c91-8f817f1c9787 2845fe7c4a3045b58ac66fc2286c088d f832a21904a8404f85da6a7d25ca7732 - - default default] Added segment c74e71c5-706b-4cdc-b3c8-2993a427e6b7 of type flat for network 51524a0b-9931-4db2-8b41-bd7eb8500000
2026-05-08 01:44:49.335 8 INFO neutron.pecan_wsgi.hooks.translation [None req-631624f8-5130-4361-8c91-8f817f1c9787 2845fe7c4a3045b58ac66fc2286c088d f832a21904a8404f85da6a7d25ca7732 - - default default] POST failed (client error): The resource could not be found. [pid: 8|app: 0|req: 5/12] 199.204.45.113 () {48 vars in 968 bytes} [Fri May 8 01:44:49 2026] POST /v2.0/networks => generated 124 bytes in 76 msecs (HTTP/1.1 404) 4 headers in 164 bytes (1 switches on core 0)
2026-05-08 01:44:55.177 7 INFO neutron.pecan_wsgi.hooks.translation [None req-d05b0bef-5868-46a4-b7d4-4a533d7d8fee 2845fe7c4a3045b58ac66fc2286c088d f832a21904a8404f85da6a7d25ca7732 - - default default] GET failed (client error): The resource could not be found. [pid: 7|app: 0|req: 8/13] 199.204.45.113 () {44 vars in 928 bytes} [Fri May 8 01:44:55 2026] GET /v2.0/networks/public => generated 108 bytes in 48 msecs (HTTP/1.1 404) 4 headers in 164 bytes (1 switches on core 0) [pid: 8|app: 0|req: 6/14] 199.204.45.113 () {44 vars in 950 bytes} [Fri May 8 01:44:55 2026] GET /v2.0/networks?name=public => generated 15 bytes in 13 msecs (HTTP/1.1 200) 4 headers in 156 bytes (1 switches on core 0)
2026-05-08 01:44:55.253 7 WARNING neutron.services.revisions.revision_plugin [None req-85546de6-54fe-40c6-ae52-cdc124c5ff42 2845fe7c4a3045b58ac66fc2286c088d f832a21904a8404f85da6a7d25ca7732 - - default default] Could not find related network for resource to bump revision.
2026-05-08 01:44:55.271 7 INFO neutron.db.segments_db [None req-85546de6-54fe-40c6-ae52-cdc124c5ff42 2845fe7c4a3045b58ac66fc2286c088d f832a21904a8404f85da6a7d25ca7732 - - default default] Added segment 4e14d645-1659-4a51-815c-27222d800bb4 of type flat for network 2b06a5c9-f5d3-46b8-b507-05b68f461420
2026-05-08 01:44:55.293 7 INFO neutron.pecan_wsgi.hooks.translation [None req-85546de6-54fe-40c6-ae52-cdc124c5ff42 2845fe7c4a3045b58ac66fc2286c088d f832a21904a8404f85da6a7d25ca7732 - - default default] POST failed (client error): The resource could not be found. [pid: 7|app: 0|req: 9/15] 199.204.45.113 () {48 vars in 968 bytes} [Fri May 8 01:44:55 2026] POST /v2.0/networks => generated 124 bytes in 106 msecs (HTTP/1.1 404) 4 headers in 164 bytes (1 switches on core 0)
2026-05-08 01:45:01.173 7 INFO neutron.pecan_wsgi.hooks.translation [None req-7b3f88c8-a562-4400-ab6a-310b2d97b2d2 2845fe7c4a3045b58ac66fc2286c088d f832a21904a8404f85da6a7d25ca7732 - - default default] GET failed (client error): The resource could not be found. [pid: 7|app: 0|req: 10/17] 199.204.45.113 () {44 vars in 928 bytes} [Fri May 8 01:45:01 2026] GET /v2.0/networks/public => generated 108 bytes in 39 msecs (HTTP/1.1 404) 4 headers in 164 bytes (1 switches on core 0) [pid: 8|app: 0|req: 8/18] 199.204.45.113 () {44 vars in 950 bytes} [Fri May 8 01:45:01 2026] GET /v2.0/networks?name=public => generated 15 bytes in 18 msecs (HTTP/1.1 200) 4 headers in 156 bytes (1 switches on core 0)
2026-05-08 01:45:01.233 7 WARNING neutron.services.revisions.revision_plugin [None req-c43a7b6f-5698-4dbe-a49c-0bc432cc5c2f 2845fe7c4a3045b58ac66fc2286c088d f832a21904a8404f85da6a7d25ca7732 - - default default] Could not find related network for resource to bump revision.
2026-05-08 01:45:01.248 7 INFO neutron.db.segments_db [None req-c43a7b6f-5698-4dbe-a49c-0bc432cc5c2f 2845fe7c4a3045b58ac66fc2286c088d f832a21904a8404f85da6a7d25ca7732 - - default default] Added segment 59c30a88-fab1-493d-a759-8e92703da9f5 of type flat for network c3e64738-6eae-408f-864e-072f488a0532
2026-05-08 01:45:01.268 7 INFO neutron.pecan_wsgi.hooks.translation [None req-c43a7b6f-5698-4dbe-a49c-0bc432cc5c2f 2845fe7c4a3045b58ac66fc2286c088d f832a21904a8404f85da6a7d25ca7732 - - default default] POST failed (client error): The resource could not be found. [pid: 7|app: 0|req: 11/19] 199.204.45.113 () {48 vars in 968 bytes} [Fri May 8 01:45:01 2026] POST /v2.0/networks => generated 124 bytes in 83 msecs (HTTP/1.1 404) 4 headers in 164 bytes (1 switches on core 0)
2026-05-08 01:45:07.149 8 INFO neutron.pecan_wsgi.hooks.translation [None req-e3c5d69c-e87d-41fd-ab80-b3cb4dfb7b26 2845fe7c4a3045b58ac66fc2286c088d f832a21904a8404f85da6a7d25ca7732 - - default default] GET failed (client error): The resource could not be found. [pid: 8|app: 0|req: 9/20] 199.204.45.113 () {44 vars in 928 bytes} [Fri May 8 01:45:07 2026] GET /v2.0/networks/public => generated 108 bytes in 59 msecs (HTTP/1.1 404) 4 headers in 164 bytes (1 switches on core 0) [pid: 7|app: 0|req: 12/21] 199.204.45.113 () {44 vars in 950 bytes} [Fri May 8 01:45:07 2026] GET /v2.0/networks?name=public => generated 15 bytes in 15 msecs (HTTP/1.1 200) 4 headers in 156 bytes (1 switches on core 0)
2026-05-08 01:45:07.234 8 WARNING neutron.services.revisions.revision_plugin [None req-cbbbf442-1ccf-442f-9e9c-c032236db8fc 2845fe7c4a3045b58ac66fc2286c088d f832a21904a8404f85da6a7d25ca7732 - - default default] Could not find related network for resource to bump revision.
2026-05-08 01:45:07.255 8 INFO neutron.db.segments_db [None req-cbbbf442-1ccf-442f-9e9c-c032236db8fc 2845fe7c4a3045b58ac66fc2286c088d f832a21904a8404f85da6a7d25ca7732 - - default default] Added segment 3a19f4dc-5840-4fca-8059-511cf3d2dbb5 of type flat for network 7a5561c0-a74a-481f-8d39-e02b109df78e
2026-05-08 01:45:07.280 8 INFO neutron.pecan_wsgi.hooks.translation [None req-cbbbf442-1ccf-442f-9e9c-c032236db8fc 2845fe7c4a3045b58ac66fc2286c088d f832a21904a8404f85da6a7d25ca7732 - - default default] POST failed (client error): The resource could not be found. [pid: 8|app: 0|req: 10/22] 199.204.45.113 () {48 vars in 968 bytes} [Fri May 8 01:45:07 2026] POST /v2.0/networks => generated 124 bytes in 119 msecs (HTTP/1.1 404) 4 headers in 164 bytes (1 switches on core 0)
2026-05-08 01:45:13.170 7 INFO neutron.pecan_wsgi.hooks.translation [None req-fac2ed67-0f38-4082-a4c7-2a19c3287386 2845fe7c4a3045b58ac66fc2286c088d f832a21904a8404f85da6a7d25ca7732 - - default default] GET failed (client error): The resource could not be found. [pid: 7|app: 0|req: 13/23] 199.204.45.113 () {44 vars in 928 bytes} [Fri May 8 01:45:13 2026] GET /v2.0/networks/public => generated 108 bytes in 60 msecs (HTTP/1.1 404) 4 headers in 164 bytes (1 switches on core 0) [pid: 8|app: 0|req: 11/24] 199.204.45.113 () {44 vars in 950 bytes} [Fri May 8 01:45:13 2026] GET /v2.0/networks?name=public => generated 15 bytes in 19 msecs (HTTP/1.1 200) 4 headers in 156 bytes (1 switches on core 0)
2026-05-08 01:45:13.251 7 WARNING neutron.services.revisions.revision_plugin [None req-0ab6bf46-253e-496d-972e-792b0758fbc6 2845fe7c4a3045b58ac66fc2286c088d f832a21904a8404f85da6a7d25ca7732 - - default default] Could not find related network for resource to bump revision.
2026-05-08 01:45:13.265 7 INFO neutron.db.segments_db [None req-0ab6bf46-253e-496d-972e-792b0758fbc6 2845fe7c4a3045b58ac66fc2286c088d f832a21904a8404f85da6a7d25ca7732 - - default default] Added segment 25f1e517-e624-4d96-98ff-47e40e412502 of type flat for network d5528eca-935b-49a5-8b5e-a500fa44ca4c [pid: 7|app: 0|req: 14/25] 199.204.45.113 () {48 vars in 968 bytes} [Fri May 8 01:45:13 2026] POST /v2.0/networks => generated 706 bytes in 485 msecs (HTTP/1.1 201) 4 headers in 162 bytes (1 switches on core 0)
2026-05-08 01:45:14.965 7 INFO neutron.pecan_wsgi.hooks.translation [None req-6d497ce7-320c-468c-8293-1ec509150e9f 2845fe7c4a3045b58ac66fc2286c088d f832a21904a8404f85da6a7d25ca7732 - - default default] GET failed (client error): The resource could not be found. [pid: 7|app: 0|req: 15/27] 199.204.45.113 () {44 vars in 928 bytes} [Fri May 8 01:45:14 2026] GET /v2.0/networks/public => generated 108 bytes in 42 msecs (HTTP/1.1 404) 4 headers in 164 bytes (1 switches on core 0) [pid: 8|app: 0|req: 13/28] 199.204.45.113 () {44 vars in 950 bytes} [Fri May 8 01:45:14 2026] GET /v2.0/networks?name=public => generated 709 bytes in 67 msecs (HTTP/1.1 200) 4 headers in 157 bytes (1 switches on core 0)
2026-05-08 01:45:15.091 7 INFO neutron.pecan_wsgi.hooks.translation [None req-d01f05b7-e4b8-4b3d-b7bd-2886e734cba6 2845fe7c4a3045b58ac66fc2286c088d f832a21904a8404f85da6a7d25ca7732 - - default default] GET failed (client error): The resource could not be found. [pid: 7|app: 0|req: 16/29] 199.204.45.113 () {44 vars in 1035 bytes} [Fri May 8 01:45:15 2026] GET /v2.0/subnets/public-subnet?network_id=d5528eca-935b-49a5-8b5e-a500fa44ca4c => generated 113 bytes in 48 msecs (HTTP/1.1 404) 4 headers in 164 bytes (1 switches on core 0) [pid: 8|app: 0|req: 14/30] 199.204.45.113 () {44 vars in 1058 bytes} [Fri May 8 01:45:15 2026] GET /v2.0/subnets?name=public-subnet&network_id=d5528eca-935b-49a5-8b5e-a500fa44ca4c => generated 14 bytes in 23 msecs (HTTP/1.1 200) 4 headers in 156 bytes (1 switches on core 0) [pid: 7|app: 0|req: 17/31] 199.204.45.113 () {48 vars in 966 bytes} [Fri May 8 01:45:15 2026] POST /v2.0/subnets => generated 664 bytes in 342 msecs (HTTP/1.1 201) 4 headers in 162 bytes (1 switches on core 0)
2026-05-08 01:50:12.199 7 INFO neutron.pecan_wsgi.hooks.translation [None req-d4e2f87d-d5b2-4bf5-9f8f-d983a881ffdd 2845fe7c4a3045b58ac66fc2286c088d f832a21904a8404f85da6a7d25ca7732 - - default default] GET failed (client error): The resource could not be found. [pid: 7|app: 0|req: 37/70] 199.204.45.113 () {44 vars in 938 bytes} [Fri May 8 01:50:12 2026] GET /v2.0/networks/lb-mgmt-net => generated 113 bytes in 139 msecs (HTTP/1.1 404) 4 headers in 164 bytes (1 switches on core 0) [pid: 8|app: 0|req: 34/71] 199.204.45.113 () {44 vars in 960 bytes} [Fri May 8 01:50:12 2026] GET /v2.0/networks?name=lb-mgmt-net => generated 15 bytes in 17 msecs (HTTP/1.1 200) 4 headers in 156 bytes (1 switches on core 0)
2026-05-08 01:50:12.288 7 INFO neutron.db.segments_db [None req-10dfb9c3-44a5-437e-84b5-e73e0a37ba20 2845fe7c4a3045b58ac66fc2286c088d f832a21904a8404f85da6a7d25ca7732 - - default default] Added segment 8b193827-d170-4ba8-bd11-e6d331e86494 of type vxlan for network 535f56fa-2360-495e-ad4d-8a809adde036 [pid: 7|app: 0|req: 38/72] 199.204.45.113 () {48 vars in 967 bytes} [Fri May 8 01:50:12 2026] POST /v2.0/networks => generated 688 bytes in 170 msecs (HTTP/1.1 201) 4 headers in 162 bytes (1 switches on core 0)
