2026-06-24 02:06:51.300 7 INFO placement.requestlog [req-a3833fdd-ef19-4ca9-ae7c-2bc1d5b08baa req-8994cd7b-df67-4072-915a-2b5d62211e11 5c84d03427c24a70b569ad0eee6223b0 caca36daf7bf4b709913f6d625195e23 - - f70452ba51ed41a39636cec98294b403 f70452ba51ed41a39636cec98294b403] 199.204.45.4 "DELETE /allocations/2c6595b0-feeb-42a2-9781-2ee0bcd11b00" status: 204 len: 0 microversion: 1.0 [pid: 7|app: 0|req: 340/679] 199.204.45.4 () {34 vars in 839 bytes} [Wed Jun 24 02:06:51 2026] DELETE /allocations/2c6595b0-feeb-42a2-9781-2ee0bcd11b00 => generated 0 bytes in 40 msecs (HTTP/1.1 204) 5 headers in 198 bytes (1 switches on core 0)
2026-06-24 02:06:52.079 8 INFO placement.requestlog [None req-0a3a7438-dbc4-43ed-8034-d60d674e8f1f - - - - - -] 10.0.0.239 "GET /" status: 200 len: 136 microversion: 1.0
2026-06-24 02:06:52.079 7 INFO placement.requestlog [None req-848b7c2c-c096-445c-8569-8f23d56afb94 - - - - - -] 10.0.0.239 "GET /" status: 200 len: 136 microversion: 1.0
2026-06-24 02:06:52.322 8 INFO placement.requestlog [None req-134d8f37-5392-4f97-9e6d-616d8546e691 05c2ac3834144229ab136fd8c8131535 caca36daf7bf4b709913f6d625195e23 - - f70452ba51ed41a39636cec98294b403 f70452ba51ed41a39636cec98294b403] 10.0.0.18 "GET /resource_providers/b43ba66b-c0ff-42cb-a64c-3cdc3e0b70c6/aggregates" status: 404 len: 235 microversion: 1.1 [pid: 8|app: 0|req: 341/682] 10.0.0.18 () {32 vars in 815 bytes} [Wed Jun 24 02:06:52 2026] GET /resource_providers/b43ba66b-c0ff-42cb-a64c-3cdc3e0b70c6/aggregates => generated 235 bytes in 10 msecs (HTTP/1.1 404) 5 headers in 202 bytes (1 switches on core 0)
2026-06-24 02:06:52.324 7 INFO placement.requestlog [None req-ec8937b3-37a3-4f8f-a7b1-b51b80630b5c 05c2ac3834144229ab136fd8c8131535 caca36daf7bf4b709913f6d625195e23 - - f70452ba51ed41a39636cec98294b403 f70452ba51ed41a39636cec98294b403] 10.0.0.18 "GET /resource_providers/b43ba66b-c0ff-42cb-a64c-3cdc3e0b70c6/aggregates" status: 404 len: 235 microversion: 1.1 [pid: 7|app: 0|req: 342/683] 10.0.0.18 () {32 vars in 815 bytes} [Wed Jun 24 02:06:52 2026] GET /resource_providers/b43ba66b-c0ff-42cb-a64c-3cdc3e0b70c6/aggregates => generated 235 bytes in 13 msecs (HTTP/1.1 404) 5 headers in 202 bytes (1 switches on core 0)
2026-06-24 02:06:52.343 7 INFO placement.requestlog [None req-aa825f0a-b7f2-4db1-a210-6546308f4019 05c2ac3834144229ab136fd8c8131535 caca36daf7bf4b709913f6d625195e23 - - f70452ba51ed41a39636cec98294b403 f70452ba51ed41a39636cec98294b403] 10.0.0.18 "DELETE /resource_providers/b43ba66b-c0ff-42cb-a64c-3cdc3e0b70c6" status: 404 len: 246 microversion: 1.1
2026-06-24 02:06:52.344 8 INFO placement.requestlog [None req-f7437e27-586c-4bba-9ffa-d90e2ec995eb 05c2ac3834144229ab136fd8c8131535 caca36daf7bf4b709913f6d625195e23 - - f70452ba51ed41a39636cec98294b403 f70452ba51ed41a39636cec98294b403] 10.0.0.18 "DELETE /resource_providers/b43ba66b-c0ff-42cb-a64c-3cdc3e0b70c6" status: 404 len: 246 microversion: 1.1 [pid: 7|app: 0|req: 343/684] 10.0.0.18 () {34 vars in 815 bytes} [Wed Jun 24 02:06:52 2026] DELETE /resource_providers/b43ba66b-c0ff-42cb-a64c-3cdc3e0b70c6 => generated 246 bytes in 8 msecs (HTTP/1.1 404) 6 headers in 231 bytes (1 switches on core 0) [pid: 8|app: 0|req: 342/685] 10.0.0.18 () {34 vars in 815 bytes} [Wed Jun 24 02:06:52 2026] DELETE /resource_providers/b43ba66b-c0ff-42cb-a64c-3cdc3e0b70c6 => generated 246 bytes in 9 msecs (HTTP/1.1 404) 6 headers in 231 bytes (1 switches on core 0)
2026-06-24 02:06:53.168 7 INFO placement.requestlog [None req-1b587782-41f9-434f-91b3-fcd653e7e809 05c2ac3834144229ab136fd8c8131535 caca36daf7bf4b709913f6d625195e23 - - f70452ba51ed41a39636cec98294b403 f70452ba51ed41a39636cec98294b403] 10.0.0.18 "GET /resource_providers/0a9c28f4-3cb7-4740-acb1-bd872a4fd5a5/aggregates" status: 404 len: 235 microversion: 1.1 [pid: 7|app: 0|req: 344/686] 10.0.0.18 () {32 vars in 815 bytes} [Wed Jun 24 02:06:53 2026] GET /resource_providers/0a9c28f4-3cb7-4740-acb1-bd872a4fd5a5/aggregates => generated 235 bytes in 15 msecs (HTTP/1.1 404) 5 headers in 202 bytes (1 switches on core 0)
2026-06-24 02:06:53.171 8 INFO placement.requestlog [None req-9f9f497d-c792-4f43-bb87-3f61d7055452 05c2ac3834144229ab136fd8c8131535 caca36daf7bf4b709913f6d625195e23 - - f70452ba51ed41a39636cec98294b403 f70452ba51ed41a39636cec98294b403] 10.0.0.18 "GET /resource_providers/0a9c28f4-3cb7-4740-acb1-bd872a4fd5a5/aggregates" status: 404 len: 235 microversion: 1.1 [pid: 8|app: 0|req: 343/687] 10.0.0.18 () {32 vars in 815 bytes} [Wed Jun 24 02:06:53 2026] GET /resource_providers/0a9c28f4-3cb7-4740-acb1-bd872a4fd5a5/aggregates => generated 235 bytes in 14 msecs (HTTP/1.1 404) 5 headers in 202 bytes (1 switches on core 0)
2026-06-24 02:06:53.187 7 INFO placement.requestlog [None req-33e1241e-2fcd-4425-b7f0-64733f416491 05c2ac3834144229ab136fd8c8131535 caca36daf7bf4b709913f6d625195e23 - - f70452ba51ed41a39636cec98294b403 f70452ba51ed41a39636cec98294b403] 10.0.0.18 "DELETE /resource_providers/0a9c28f4-3cb7-4740-acb1-bd872a4fd5a5" status: 404 len: 246 microversion: 1.1 [pid: 7|app: 0|req: 345/688] 10.0.0.18 () {34 vars in 815 bytes} [Wed Jun 24 02:06:53 2026] DELETE /resource_providers/0a9c28f4-3cb7-4740-acb1-bd872a4fd5a5 => generated 246 bytes in 10 msecs (HTTP/1.1 404) 6 headers in 231 bytes (1 switches on core 0)
2026-06-24 02:06:53.195 8 INFO placement.requestlog [None req-afab2dd1-b27a-45f0-a873-3a391898e201 05c2ac3834144229ab136fd8c8131535 caca36daf7bf4b709913f6d625195e23 - - f70452ba51ed41a39636cec98294b403 f70452ba51ed41a39636cec98294b403] 10.0.0.18 "DELETE /resource_providers/0a9c28f4-3cb7-4740-acb1-bd872a4fd5a5" status: 404 len: 246 microversion: 1.1 [pid: 8|app: 0|req: 344/689] 10.0.0.18 () {34 vars in 815 bytes} [Wed Jun 24 02:06:53 2026] DELETE /resource_providers/0a9c28f4-3cb7-4740-acb1-bd872a4fd5a5 => generated 246 bytes in 8 msecs (HTTP/1.1 404) 6 headers in 231 bytes (1 switches on core 0)
2026-06-24 02:06:55.324 8 INFO placement.requestlog [None req-0de4fb36-66a3-4ede-b5d8-93b49ac23ee7 05c2ac3834144229ab136fd8c8131535 caca36daf7bf4b709913f6d625195e23 - - f70452ba51ed41a39636cec98294b403 f70452ba51ed41a39636cec98294b403] 10.0.0.18 "GET /resource_providers/25d39d78-f2bf-4724-b3c7-1e6ccd2c1198/aggregates" status: 404 len: 235 microversion: 1.1 [pid: 8|app: 0|req: 345/690] 10.0.0.18 () {32 vars in 815 bytes} [Wed Jun 24 02:06:55 2026] GET /resource_providers/25d39d78-f2bf-4724-b3c7-1e6ccd2c1198/aggregates => generated 235 bytes in 10 msecs (HTTP/1.1 404) 5 headers in 202 bytes (1 switches on core 0)
2026-06-24 02:06:55.327 7 INFO placement.requestlog [None req-795d827c-8478-4367-90a1-993f69ee4bc5 05c2ac3834144229ab136fd8c8131535 caca36daf7bf4b709913f6d625195e23 - - f70452ba51ed41a39636cec98294b403 f70452ba51ed41a39636cec98294b403] 10.0.0.18 "GET /resource_providers/25d39d78-f2bf-4724-b3c7-1e6ccd2c1198/aggregates" status: 404 len: 235 microversion: 1.1 [pid: 7|app: 0|req: 346/691] 10.0.0.18 () {32 vars in 815 bytes} [Wed Jun 24 02:06:55 2026] GET /resource_providers/25d39d78-f2bf-4724-b3c7-1e6ccd2c1198/aggregates => generated 235 bytes in 15 msecs (HTTP/1.1 404) 5 headers in 202 bytes (1 switches on core 0)
2026-06-24 02:06:55.351 8 INFO placement.requestlog [None req-a4aa54e1-954a-45e5-a30e-cf5d7a9ad9cf 05c2ac3834144229ab136fd8c8131535 caca36daf7bf4b709913f6d625195e23 - - f70452ba51ed41a39636cec98294b403 f70452ba51ed41a39636cec98294b403] 10.0.0.18 "DELETE /resource_providers/25d39d78-f2bf-4724-b3c7-1e6ccd2c1198" status: 404 len: 246 microversion: 1.1 [pid: 8|app: 0|req: 346/692] 10.0.0.18 () {34 vars in 815 bytes} [Wed Jun 24 02:06:55 2026] DELETE /resource_providers/25d39d78-f2bf-4724-b3c7-1e6ccd2c1198 => generated 246 bytes in 8 msecs (HTTP/1.1 404) 6 headers in 231 bytes (1 switches on core 0)
2026-06-24 02:06:55.359 7 INFO placement.requestlog [None req-af21b052-31c7-4360-8d15-17f5d6471f32 05c2ac3834144229ab136fd8c8131535 caca36daf7bf4b709913f6d625195e23 - - f70452ba51ed41a39636cec98294b403 f70452ba51ed41a39636cec98294b403] 10.0.0.18 "DELETE /resource_providers/25d39d78-f2bf-4724-b3c7-1e6ccd2c1198" status: 404 len: 246 microversion: 1.1 [pid: 7|app: 0|req: 347/693] 10.0.0.18 () {34 vars in 815 bytes} [Wed Jun 24 02:06:55 2026] DELETE /resource_providers/25d39d78-f2bf-4724-b3c7-1e6ccd2c1198 => generated 246 bytes in 15 msecs (HTTP/1.1 404) 6 headers in 231 bytes (1 switches on core 0)
2026-06-24 02:06:55.846 8 INFO placement.requestlog [None req-8a119c99-0032-45c5-afde-73abbc1ddc9a 05c2ac3834144229ab136fd8c8131535 caca36daf7bf4b709913f6d625195e23 - - f70452ba51ed41a39636cec98294b403 f70452ba51ed41a39636cec98294b403] 10.0.0.18 "GET /resource_providers/268a94d1-9a75-44a1-bdf4-2fcedd53a28b/aggregates" status: 404 len: 235 microversion: 1.1 [pid: 8|app: 0|req: 347/694] 10.0.0.18 () {32 vars in 815 bytes} [Wed Jun 24 02:06:55 2026] GET /resource_providers/268a94d1-9a75-44a1-bdf4-2fcedd53a28b/aggregates => generated 235 bytes in 8 msecs (HTTP/1.1 404) 5 headers in 202 bytes (1 switches on core 0)
2026-06-24 02:06:55.847 7 INFO placement.requestlog [None req-17bab4c5-c967-4469-82d2-9dfdfeece410 05c2ac3834144229ab136fd8c8131535 caca36daf7bf4b709913f6d625195e23 - - f70452ba51ed41a39636cec98294b403 f70452ba51ed41a39636cec98294b403] 10.0.0.18 "GET /resource_providers/268a94d1-9a75-44a1-bdf4-2fcedd53a28b/aggregates" status: 404 len: 235 microversion: 1.1 [pid: 7|app: 0|req: 348/695] 10.0.0.18 () {32 vars in 815 bytes} [Wed Jun 24 02:06:55 2026] GET /resource_providers/268a94d1-9a75-44a1-bdf4-2fcedd53a28b/aggregates => generated 235 bytes in 7 msecs (HTTP/1.1 404) 5 headers in 202 bytes (1 switches on core 0)
2026-06-24 02:06:55.864 7 INFO placement.requestlog [None req-b187ad9e-cf86-427c-bc19-e0a7f2dc3c70 05c2ac3834144229ab136fd8c8131535 caca36daf7bf4b709913f6d625195e23 - - f70452ba51ed41a39636cec98294b403 f70452ba51ed41a39636cec98294b403] 10.0.0.18 "DELETE /resource_providers/268a94d1-9a75-44a1-bdf4-2fcedd53a28b" status: 404 len: 246 microversion: 1.1 [pid: 7|app: 0|req: 349/696] 10.0.0.18 () {34 vars in 815 bytes} [Wed Jun 24 02:06:55 2026] DELETE /resource_providers/268a94d1-9a75-44a1-bdf4-2fcedd53a28b => generated 246 bytes in 5 msecs (HTTP/1.1 404) 6 headers in 231 bytes (1 switches on core 0)
2026-06-24 02:06:55.865 8 INFO placement.requestlog [None req-7535afb3-f4aa-480e-844e-2020b1b81389 05c2ac3834144229ab136fd8c8131535 caca36daf7bf4b709913f6d625195e23 - - f70452ba51ed41a39636cec98294b403 f70452ba51ed41a39636cec98294b403] 10.0.0.18 "DELETE /resource_providers/268a94d1-9a75-44a1-bdf4-2fcedd53a28b" status: 404 len: 246 microversion: 1.1 [pid: 8|app: 0|req: 348/697] 10.0.0.18 () {34 vars in 815 bytes} [Wed Jun 24 02:06:55 2026] DELETE /resource_providers/268a94d1-9a75-44a1-bdf4-2fcedd53a28b => generated 246 bytes in 7 msecs (HTTP/1.1 404) 6 headers in 231 bytes (1 switches on core 0)
2026-06-24 02:06:57.409 8 INFO placement.requestlog [None req-0df54e53-1554-40cd-967d-b7810fbc6d59 05c2ac3834144229ab136fd8c8131535 caca36daf7bf4b709913f6d625195e23 - - f70452ba51ed41a39636cec98294b403 f70452ba51ed41a39636cec98294b403] 10.0.0.18 "GET /resource_providers/fe4b9512-a1d1-4f72-a777-03ba15d3b11e/aggregates" status: 404 len: 235 microversion: 1.1 [pid: 8|app: 0|req: 349/698] 10.0.0.18 () {32 vars in 815 bytes} [Wed Jun 24 02:06:57 2026] GET /resource_providers/fe4b9512-a1d1-4f72-a777-03ba15d3b11e/aggregates => generated 235 bytes in 9 msecs (HTTP/1.1 404) 5 headers in 202 bytes (1 switches on core 0)
2026-06-24 02:06:57.413 7 INFO placement.requestlog [None req-a26ae8b4-2b6a-4f52-ae57-5ae8881960c4 05c2ac3834144229ab136fd8c8131535 caca36daf7bf4b709913f6d625195e23 - - f70452ba51ed41a39636cec98294b403 f70452ba51ed41a39636cec98294b403] 10.0.0.18 "GET /resource_providers/fe4b9512-a1d1-4f72-a777-03ba15d3b11e/aggregates" status: 404 len: 235 microversion: 1.1 [pid: 7|app: 0|req: 350/699] 10.0.0.18 () {32 vars in 815 bytes} [Wed Jun 24 02:06:57 2026] GET /resource_providers/fe4b9512-a1d1-4f72-a777-03ba15d3b11e/aggregates => generated 235 bytes in 13 msecs (HTTP/1.1 404) 5 headers in 202 bytes (1 switches on core 0)
2026-06-24 02:06:57.435 8 INFO placement.requestlog [None req-7284ad86-7f65-4cbd-a79b-0a76a219c2e4 05c2ac3834144229ab136fd8c8131535 caca36daf7bf4b709913f6d625195e23 - - f70452ba51ed41a39636cec98294b403 f70452ba51ed41a39636cec98294b403] 10.0.0.18 "DELETE /resource_providers/fe4b9512-a1d1-4f72-a777-03ba15d3b11e" status: 404 len: 246 microversion: 1.1 [pid: 8|app: 0|req: 350/700] 10.0.0.18 () {34 vars in 815 bytes} [Wed Jun 24 02:06:57 2026] DELETE /resource_providers/fe4b9512-a1d1-4f72-a777-03ba15d3b11e => generated 246 bytes in 10 msecs (HTTP/1.1 404) 6 headers in 231 bytes (1 switches on core 0)
2026-06-24 02:06:57.439 7 INFO placement.requestlog [None req-3d95e371-55ac-43de-a35d-b47231fe7140 05c2ac3834144229ab136fd8c8131535 caca36daf7bf4b709913f6d625195e23 - - f70452ba51ed41a39636cec98294b403 f70452ba51ed41a39636cec98294b403] 10.0.0.18 "DELETE /resource_providers/fe4b9512-a1d1-4f72-a777-03ba15d3b11e" status: 404 len: 246 microversion: 1.1 [pid: 7|app: 0|req: 351/701] 10.0.0.18 () {34 vars in 815 bytes} [Wed Jun 24 02:06:57 2026] DELETE /resource_providers/fe4b9512-a1d1-4f72-a777-03ba15d3b11e => generated 246 bytes in 11 msecs (HTTP/1.1 404) 6 headers in 231 bytes (1 switches on core 0)
2026-06-24 02:06:59.470 7 INFO placement.requestlog [None req-5f0cf53e-b003-478c-959e-ee1895ab2a89 05c2ac3834144229ab136fd8c8131535 caca36daf7bf4b709913f6d625195e23 - - f70452ba51ed41a39636cec98294b403 f70452ba51ed41a39636cec98294b403] 10.0.0.18 "GET /resource_providers/e825b553-10aa-40bd-9f54-a03f61edcb8c/aggregates" status: 404 len: 235 microversion: 1.1 [pid: 7|app: 0|req: 352/702] 10.0.0.18 () {32 vars in 815 bytes} [Wed Jun 24 02:06:59 2026] GET /resource_providers/e825b553-10aa-40bd-9f54-a03f61edcb8c/aggregates => generated 235 bytes in 17 msecs (HTTP/1.1 404) 5 headers in 202 bytes (1 switches on core 0)
2026-06-24 02:06:59.472 8 INFO placement.requestlog [None req-5ed6dceb-e0a5-4e43-b928-9199a9425731 05c2ac3834144229ab136fd8c8131535 caca36daf7bf4b709913f6d625195e23 - - f70452ba51ed41a39636cec98294b403 f70452ba51ed41a39636cec98294b403] 10.0.0.18 "GET /resource_providers/e825b553-10aa-40bd-9f54-a03f61edcb8c/aggregates" status: 404 len: 235 microversion: 1.1 [pid: 8|app: 0|req: 351/703] 10.0.0.18 () {32 vars in 815 bytes} [Wed Jun 24 02:06:59 2026] GET /resource_providers/e825b553-10aa-40bd-9f54-a03f61edcb8c/aggregates => generated 235 bytes in 23 msecs (HTTP/1.1 404) 5 headers in 202 bytes (1 switches on core 0)
2026-06-24 02:06:59.494 8 INFO placement.requestlog [None req-cc7bd4ab-8153-406f-b5e8-9ea38629cf67 05c2ac3834144229ab136fd8c8131535 caca36daf7bf4b709913f6d625195e23 - - f70452ba51ed41a39636cec98294b403 f70452ba51ed41a39636cec98294b403] 10.0.0.18 "DELETE /resource_providers/e825b553-10aa-40bd-9f54-a03f61edcb8c" status: 404 len: 246 microversion: 1.1
2026-06-24 02:06:59.494 7 INFO placement.requestlog [None req-7b0d52ee-1bde-4d31-9905-6508d21198de 05c2ac3834144229ab136fd8c8131535 caca36daf7bf4b709913f6d625195e23 - - f70452ba51ed41a39636cec98294b403 f70452ba51ed41a39636cec98294b403] 10.0.0.18 "DELETE /resource_providers/e825b553-10aa-40bd-9f54-a03f61edcb8c" status: 404 len: 246 microversion: 1.1 [pid: 8|app: 0|req: 352/704] 10.0.0.18 () {34 vars in 815 bytes} [Wed Jun 24 02:06:59 2026] DELETE /resource_providers/e825b553-10aa-40bd-9f54-a03f61edcb8c => generated 246 bytes in 10 msecs (HTTP/1.1 404) 6 headers in 231 bytes (1 switches on core 0) [pid: 7|app: 0|req: 353/705] 10.0.0.18 () {34 vars in 815 bytes} [Wed Jun 24 02:06:59 2026] DELETE /resource_providers/e825b553-10aa-40bd-9f54-a03f61edcb8c => generated 246 bytes in 11 msecs (HTTP/1.1 404) 6 headers in 231 bytes (1 switches on core 0)
2026-06-24 02:07:02.078 8 INFO placement.requestlog [None req-73067b9b-d327-4190-9872-35a3d42f378f - - - - - -] 10.0.0.239 "GET /" status: 200 len: 136 microversion: 1.0
2026-06-24 02:07:02.079 7 INFO placement.requestlog [None req-463f37d5-552a-43b6-a4d6-429e5d15813c - - - - - -] 10.0.0.239 "GET /" status: 200 len: 136 microversion: 1.0
2026-06-24 02:07:03.599 8 INFO placement.requestlog [None req-50aa23c9-6d09-4bc4-a379-c824e9358933 05c2ac3834144229ab136fd8c8131535 caca36daf7bf4b709913f6d625195e23 - - f70452ba51ed41a39636cec98294b403 f70452ba51ed41a39636cec98294b403] 10.0.0.18 "GET /resource_providers/b97989bc-dd6a-408f-b137-7c41b339ee45/aggregates" status: 404 len: 235 microversion: 1.1 [pid: 8|app: 0|req: 354/708] 10.0.0.18 () {32 vars in 815 bytes} [Wed Jun 24 02:07:03 2026] GET /resource_providers/b97989bc-dd6a-408f-b137-7c41b339ee45/aggregates => generated 235 bytes in 18 msecs (HTTP/1.1 404) 5 headers in 202 bytes (1 switches on core 0)
2026-06-24 02:07:03.610 7 INFO placement.requestlog [None req-2a9d586c-98a8-43a6-8131-52d6329156a8 05c2ac3834144229ab136fd8c8131535 caca36daf7bf4b709913f6d625195e23 - - f70452ba51ed41a39636cec98294b403 f70452ba51ed41a39636cec98294b403] 10.0.0.18 "GET /resource_providers/b97989bc-dd6a-408f-b137-7c41b339ee45/aggregates" status: 404 len: 235 microversion: 1.1 [pid: 7|app: 0|req: 355/709] 10.0.0.18 () {32 vars in 815 bytes} [Wed Jun 24 02:07:03 2026] GET /resource_providers/b97989bc-dd6a-408f-b137-7c41b339ee45/aggregates => generated 235 bytes in 20 msecs (HTTP/1.1 404) 5 headers in 202 bytes (1 switches on core 0)
2026-06-24 02:07:03.614 8 INFO placement.requestlog [None req-6651e71a-8e75-4e64-af33-64e8ab61c285 05c2ac3834144229ab136fd8c8131535 caca36daf7bf4b709913f6d625195e23 - - f70452ba51ed41a39636cec98294b403 f70452ba51ed41a39636cec98294b403] 10.0.0.18 "DELETE /resource_providers/b97989bc-dd6a-408f-b137-7c41b339ee45" status: 404 len: 246 microversion: 1.1 [pid: 8|app: 0|req: 355/710] 10.0.0.18 () {34 vars in 815 bytes} [Wed Jun 24 02:07:03 2026] DELETE /resource_providers/b97989bc-dd6a-408f-b137-7c41b339ee45 => generated 246 bytes in 9 msecs (HTTP/1.1 404) 6 headers in 231 bytes (1 switches on core 0)
2026-06-24 02:07:03.635 7 INFO placement.requestlog [None req-6bec5250-eafa-4669-ba8a-2cd96fb55c03 05c2ac3834144229ab136fd8c8131535 caca36daf7bf4b709913f6d625195e23 - - f70452ba51ed41a39636cec98294b403 f70452ba51ed41a39636cec98294b403] 10.0.0.18 "DELETE /resource_providers/b97989bc-dd6a-408f-b137-7c41b339ee45" status: 404 len: 246 microversion: 1.1 [pid: 7|app: 0|req: 356/711] 10.0.0.18 () {34 vars in 815 bytes} [Wed Jun 24 02:07:03 2026] DELETE /resource_providers/b97989bc-dd6a-408f-b137-7c41b339ee45 => generated 246 bytes in 11 msecs (HTTP/1.1 404) 6 headers in 231 bytes (1 switches on core 0)
2026-06-24 02:07:05.473 8 INFO placement.requestlog [req-5b847643-fffe-4148-94a0-e05303313ff8 req-c6ec103b-3195-42eb-b3a6-15944096bbdb 5c84d03427c24a70b569ad0eee6223b0 caca36daf7bf4b709913f6d625195e23 - - f70452ba51ed41a39636cec98294b403 f70452ba51ed41a39636cec98294b403] 10.0.0.87 "GET /allocation_candidates?limit=1000&resources=DISK_GB%3A1%2CMEMORY_MB%3A512%2CVCPU%3A1&root_required=%21COMPUTE_STATUS_DISABLED" status: 200 len: 2445 microversion: 1.36 [pid: 8|app: 0|req: 356/712] 10.0.0.87 () {34 vars in 1011 bytes} [Wed Jun 24 02:07:05 2026] GET /allocation_candidates?limit=1000&resources=DISK_GB%3A1%2CMEMORY_MB%3A512%2CVCPU%3A1&root_required=%21COMPUTE_STATUS_DISABLED => generated 2445 bytes in 46 msecs (HTTP/1.1 200) 8 headers in 297 bytes (1 switches on core 0)
2026-06-24 02:07:05.502 7 INFO placement.requestlog [req-5b847643-fffe-4148-94a0-e05303313ff8 req-cc1ba84d-b060-4375-aea7-6bb0a04fa660 5c84d03427c24a70b569ad0eee6223b0 caca36daf7bf4b709913f6d625195e23 - - f70452ba51ed41a39636cec98294b403 f70452ba51ed41a39636cec98294b403] 10.0.0.87 "GET /allocations/6da4126b-fa3f-4b3a-b838-2dfc91083119" status: 200 len: 19 microversion: 1.28 [pid: 7|app: 0|req: 357/713] 10.0.0.87 () {34 vars in 860 bytes} [Wed Jun 24 02:07:05 2026] GET /allocations/6da4126b-fa3f-4b3a-b838-2dfc91083119 => generated 19 bytes in 10 msecs (HTTP/1.1 200) 8 headers in 295 bytes (1 switches on core 0)
2026-06-24 02:07:05.562 8 INFO placement.requestlog [req-5b847643-fffe-4148-94a0-e05303313ff8 req-d93bb6c8-6c8c-4e1b-a2a5-120f8aa0a03a 5c84d03427c24a70b569ad0eee6223b0 caca36daf7bf4b709913f6d625195e23 - - f70452ba51ed41a39636cec98294b403 f70452ba51ed41a39636cec98294b403] 10.0.0.87 "PUT /allocations/6da4126b-fa3f-4b3a-b838-2dfc91083119" status: 204 len: 0 microversion: 1.36 [pid: 8|app: 0|req: 357/714] 10.0.0.87 () {38 vars in 913 bytes} [Wed Jun 24 02:07:05 2026] PUT /allocations/6da4126b-fa3f-4b3a-b838-2dfc91083119 => generated 0 bytes in 56 msecs (HTTP/1.1 204) 5 headers in 199 bytes (1 switches on core 0)
2026-06-24 02:07:06.094 7 INFO placement.requestlog [None req-c0f935b5-f8d4-48f8-aaef-fd6d5fcf9533 05c2ac3834144229ab136fd8c8131535 caca36daf7bf4b709913f6d625195e23 - - f70452ba51ed41a39636cec98294b403 f70452ba51ed41a39636cec98294b403] 10.0.0.18 "GET /resource_providers/e79fe6d9-2ce2-4632-b803-cf98e01da7b7/aggregates" status: 404 len: 235 microversion: 1.1 [pid: 7|app: 0|req: 358/715] 10.0.0.18 () {32 vars in 815 bytes} [Wed Jun 24 02:07:06 2026] GET /resource_providers/e79fe6d9-2ce2-4632-b803-cf98e01da7b7/aggregates => generated 235 bytes in 14 msecs (HTTP/1.1 404) 5 headers in 202 bytes (1 switches on core 0)
2026-06-24 02:07:06.096 8 INFO placement.requestlog [None req-f296106c-d984-41eb-9efe-2da1d925f090 05c2ac3834144229ab136fd8c8131535 caca36daf7bf4b709913f6d625195e23 - - f70452ba51ed41a39636cec98294b403 f70452ba51ed41a39636cec98294b403] 10.0.0.18 "GET /resource_providers/e79fe6d9-2ce2-4632-b803-cf98e01da7b7/aggregates" status: 404 len: 235 microversion: 1.1 [pid: 8|app: 0|req: 358/716] 10.0.0.18 () {32 vars in 815 bytes} [Wed Jun 24 02:07:06 2026] GET /resource_providers/e79fe6d9-2ce2-4632-b803-cf98e01da7b7/aggregates => generated 235 bytes in 14 msecs (HTTP/1.1 404) 5 headers in 202 bytes (1 switches on core 0)
2026-06-24 02:07:06.119 7 INFO placement.requestlog [None req-214bc56f-32ff-4ba2-884b-b51a08f14580 05c2ac3834144229ab136fd8c8131535 caca36daf7bf4b709913f6d625195e23 - - f70452ba51ed41a39636cec98294b403 f70452ba51ed41a39636cec98294b403] 10.0.0.18 "DELETE /resource_providers/e79fe6d9-2ce2-4632-b803-cf98e01da7b7" status: 404 len: 246 microversion: 1.1 [pid: 7|app: 0|req: 359/717] 10.0.0.18 () {34 vars in 815 bytes} [Wed Jun 24 02:07:06 2026] DELETE /resource_providers/e79fe6d9-2ce2-4632-b803-cf98e01da7b7 => generated 246 bytes in 11 msecs (HTTP/1.1 404) 6 headers in 231 bytes (1 switches on core 0)
2026-06-24 02:07:06.121 8 INFO placement.requestlog [None req-b800c89d-5222-4fef-8391-6decf310c888 05c2ac3834144229ab136fd8c8131535 caca36daf7bf4b709913f6d625195e23 - - f70452ba51ed41a39636cec98294b403 f70452ba51ed41a39636cec98294b403] 10.0.0.18 "DELETE /resource_providers/e79fe6d9-2ce2-4632-b803-cf98e01da7b7" status: 404 len: 246 microversion: 1.1 [pid: 8|app: 0|req: 359/718] 10.0.0.18 () {34 vars in 815 bytes} [Wed Jun 24 02:07:06 2026] DELETE /resource_providers/e79fe6d9-2ce2-4632-b803-cf98e01da7b7 => generated 246 bytes in 10 msecs (HTTP/1.1 404) 6 headers in 231 bytes (1 switches on core 0)
2026-06-24 02:07:07.082 7 INFO placement.requestlog [req-5b847643-fffe-4148-94a0-e05303313ff8 req-1302c7e6-b904-4a40-9996-0b766e1a255f 5c84d03427c24a70b569ad0eee6223b0 caca36daf7bf4b709913f6d625195e23 - - f70452ba51ed41a39636cec98294b403 f70452ba51ed41a39636cec98294b403] 199.204.45.4 "GET /allocations/6da4126b-fa3f-4b3a-b838-2dfc91083119" status: 200 len: 257 microversion: 1.28 [pid: 7|app: 0|req: 360/719] 199.204.45.4 () {34 vars in 861 bytes} [Wed Jun 24 02:07:07 2026] GET /allocations/6da4126b-fa3f-4b3a-b838-2dfc91083119 => generated 257 bytes in 17 msecs (HTTP/1.1 200) 8 headers in 296 bytes (1 switches on core 0)
2026-06-24 02:07:08.122 8 INFO placement.requestlog [req-5b847643-fffe-4148-94a0-e05303313ff8 req-c8b6868e-e2a1-4929-8e42-cabeb376eaba 5c84d03427c24a70b569ad0eee6223b0 caca36daf7bf4b709913f6d625195e23 - - f70452ba51ed41a39636cec98294b403 f70452ba51ed41a39636cec98294b403] 199.204.45.4 "GET /resource_providers/57b44b4e-db38-4877-a81d-3555d73b3437/allocations" status: 200 len: 338 microversion: 1.0 [pid: 8|app: 0|req: 360/720] 199.204.45.4 () {32 vars in 855 bytes} [Wed Jun 24 02:07:08 2026] GET /resource_providers/57b44b4e-db38-4877-a81d-3555d73b3437/allocations => generated 338 bytes in 16 msecs (HTTP/1.1 200) 6 headers in 224 bytes (1 switches on core 0)
2026-06-24 02:07:08.143 8 INFO placement.requestlog [None req-ba0584c3-87d5-4e26-9453-69a6693a8b65 05c2ac3834144229ab136fd8c8131535 caca36daf7bf4b709913f6d625195e23 - - f70452ba51ed41a39636cec98294b403 f70452ba51ed41a39636cec98294b403] 10.0.0.18 "GET /resource_providers/dfed165e-adeb-438c-af72-8122bdc27dcd/aggregates" status: 404 len: 235 microversion: 1.1 [pid: 8|app: 0|req: 361/721] 10.0.0.18 () {32 vars in 815 bytes} [Wed Jun 24 02:07:08 2026] GET /resource_providers/dfed165e-adeb-438c-af72-8122bdc27dcd/aggregates => generated 235 bytes in 9 msecs (HTTP/1.1 404) 5 headers in 202 bytes (1 switches on core 0)
2026-06-24 02:07:08.147 7 INFO placement.requestlog [req-5b847643-fffe-4148-94a0-e05303313ff8 req-0ad2b124-f3b2-4d0c-8433-e608c2767bd8 5c84d03427c24a70b569ad0eee6223b0 caca36daf7bf4b709913f6d625195e23 - - f70452ba51ed41a39636cec98294b403 f70452ba51ed41a39636cec98294b403] 199.204.45.4 "GET /allocations/6da4126b-fa3f-4b3a-b838-2dfc91083119" status: 200 len: 257 microversion: 1.28 [pid: 7|app: 0|req: 361/722] 199.204.45.4 () {34 vars in 861 bytes} [Wed Jun 24 02:07:08 2026] GET /allocations/6da4126b-fa3f-4b3a-b838-2dfc91083119 => generated 257 bytes in 16 msecs (HTTP/1.1 200) 8 headers in 296 bytes (1 switches on core 0)
2026-06-24 02:07:08.151 8 INFO placement.requestlog [None req-afdc0d00-b31e-4838-a90c-98855b2bdfa3 05c2ac3834144229ab136fd8c8131535 caca36daf7bf4b709913f6d625195e23 - - f70452ba51ed41a39636cec98294b403 f70452ba51ed41a39636cec98294b403] 10.0.0.18 "GET /resource_providers/dfed165e-adeb-438c-af72-8122bdc27dcd/aggregates" status: 404 len: 235 microversion: 1.1 [pid: 8|app: 0|req: 362/723] 10.0.0.18 () {32 vars in 815 bytes} [Wed Jun 24 02:07:08 2026] GET /resource_providers/dfed165e-adeb-438c-af72-8122bdc27dcd/aggregates => generated 235 bytes in 7 msecs (HTTP/1.1 404) 5 headers in 202 bytes (1 switches on core 0)
2026-06-24 02:07:08.157 7 INFO placement.requestlog [None req-02b857ad-f8f0-465e-8fb1-b8ba07229ff0 05c2ac3834144229ab136fd8c8131535 caca36daf7bf4b709913f6d625195e23 - - f70452ba51ed41a39636cec98294b403 f70452ba51ed41a39636cec98294b403] 10.0.0.18 "DELETE /resource_providers/dfed165e-adeb-438c-af72-8122bdc27dcd" status: 404 len: 246 microversion: 1.1 [pid: 7|app: 0|req: 362/724] 10.0.0.18 () {34 vars in 815 bytes} [Wed Jun 24 02:07:08 2026] DELETE /resource_providers/dfed165e-adeb-438c-af72-8122bdc27dcd => generated 246 bytes in 7 msecs (HTTP/1.1 404) 6 headers in 231 bytes (1 switches on core 0)
2026-06-24 02:07:08.165 8 INFO placement.requestlog [req-5b847643-fffe-4148-94a0-e05303313ff8 req-1df2e069-f80a-45a0-8150-bd6f9c39f07f 5c84d03427c24a70b569ad0eee6223b0 caca36daf7bf4b709913f6d625195e23 - - f70452ba51ed41a39636cec98294b403 f70452ba51ed41a39636cec98294b403] 199.204.45.4 "GET /allocations/2e415e0e-1492-42b0-92c8-4a0d3a4abf89" status: 200 len: 243 microversion: 1.28 [pid: 8|app: 0|req: 363/725] 199.204.45.4 () {34 vars in 861 bytes} [Wed Jun 24 02:07:08 2026] GET /allocations/2e415e0e-1492-42b0-92c8-4a0d3a4abf89 => generated 243 bytes in 11 msecs (HTTP/1.1 200) 8 headers in 296 bytes (1 switches on core 0)
2026-06-24 02:07:08.171 7 INFO placement.requestlog [None req-a6cb3a33-e124-4f60-9e7b-a533ee212727 05c2ac3834144229ab136fd8c8131535 caca36daf7bf4b709913f6d625195e23 - - f70452ba51ed41a39636cec98294b403 f70452ba51ed41a39636cec98294b403] 10.0.0.18 "DELETE /resource_providers/dfed165e-adeb-438c-af72-8122bdc27dcd" status: 404 len: 246 microversion: 1.1 [pid: 7|app: 0|req: 363/726] 10.0.0.18 () {34 vars in 815 bytes} [Wed Jun 24 02:07:08 2026] DELETE /resource_providers/dfed165e-adeb-438c-af72-8122bdc27dcd => generated 246 bytes in 8 msecs (HTTP/1.1 404) 6 headers in 231 bytes (1 switches on core 0)
2026-06-24 02:07:08.178 8 INFO placement.requestlog [req-5b847643-fffe-4148-94a0-e05303313ff8 req-0a78baba-9689-43d8-8142-a287ca793c13 5c84d03427c24a70b569ad0eee6223b0 caca36daf7bf4b709913f6d625195e23 - - f70452ba51ed41a39636cec98294b403 f70452ba51ed41a39636cec98294b403] 199.204.45.4 "GET /allocations/278871f0-c883-4aac-9fcc-c74c854d84ba" status: 200 len: 257 microversion: 1.28 [pid: 8|app: 0|req: 364/727] 199.204.45.4 () {34 vars in 861 bytes} [Wed Jun 24 02:07:08 2026] GET /allocations/278871f0-c883-4aac-9fcc-c74c854d84ba => generated 257 bytes in 10 msecs (HTTP/1.1 200) 8 headers in 296 bytes (1 switches on core 0)
2026-06-24 02:07:09.228 7 INFO placement.requestlog [req-bac5e528-4bcf-429a-8477-c36765cbf097 req-3de5922e-f4e8-490b-aeaf-fa7d66f7cc4a 5c84d03427c24a70b569ad0eee6223b0 caca36daf7bf4b709913f6d625195e23 - - f70452ba51ed41a39636cec98294b403 f70452ba51ed41a39636cec98294b403] 199.204.45.4 "GET /resource_providers/57b44b4e-db38-4877-a81d-3555d73b3437/allocations" status: 200 len: 338 microversion: 1.0 [pid: 7|app: 0|req: 364/728] 199.204.45.4 () {32 vars in 855 bytes} [Wed Jun 24 02:07:09 2026] GET /resource_providers/57b44b4e-db38-4877-a81d-3555d73b3437/allocations => generated 338 bytes in 14 msecs (HTTP/1.1 200) 6 headers in 224 bytes (1 switches on core 0)
2026-06-24 02:07:09.242 8 INFO placement.requestlog [req-bac5e528-4bcf-429a-8477-c36765cbf097 req-e48c901d-afa6-44a9-9fe0-9b7ec06d52e6 5c84d03427c24a70b569ad0eee6223b0 caca36daf7bf4b709913f6d625195e23 - - f70452ba51ed41a39636cec98294b403 f70452ba51ed41a39636cec98294b403] 199.204.45.4 "GET /allocations/6da4126b-fa3f-4b3a-b838-2dfc91083119" status: 200 len: 257 microversion: 1.28 [pid: 8|app: 0|req: 365/729] 199.204.45.4 () {34 vars in 861 bytes} [Wed Jun 24 02:07:09 2026] GET /allocations/6da4126b-fa3f-4b3a-b838-2dfc91083119 => generated 257 bytes in 10 msecs (HTTP/1.1 200) 8 headers in 296 bytes (1 switches on core 0)
2026-06-24 02:07:09.259 7 INFO placement.requestlog [req-bac5e528-4bcf-429a-8477-c36765cbf097 req-f456d024-1685-4359-8882-0c206113e22c 5c84d03427c24a70b569ad0eee6223b0 caca36daf7bf4b709913f6d625195e23 - - f70452ba51ed41a39636cec98294b403 f70452ba51ed41a39636cec98294b403] 199.204.45.4 "GET /allocations/2e415e0e-1492-42b0-92c8-4a0d3a4abf89" status: 200 len: 243 microversion: 1.28 [pid: 7|app: 0|req: 365/730] 199.204.45.4 () {34 vars in 861 bytes} [Wed Jun 24 02:07:09 2026] GET /allocations/2e415e0e-1492-42b0-92c8-4a0d3a4abf89 => generated 243 bytes in 13 msecs (HTTP/1.1 200) 8 headers in 296 bytes (1 switches on core 0)
2026-06-24 02:07:09.277 8 INFO placement.requestlog [req-bac5e528-4bcf-429a-8477-c36765cbf097 req-a4fc6347-d6bc-49b4-b2b3-2a5f6ac7a299 5c84d03427c24a70b569ad0eee6223b0 caca36daf7bf4b709913f6d625195e23 - - f70452ba51ed41a39636cec98294b403 f70452ba51ed41a39636cec98294b403] 199.204.45.4 "GET /allocations/278871f0-c883-4aac-9fcc-c74c854d84ba" status: 200 len: 257 microversion: 1.28 [pid: 8|app: 0|req: 366/731] 199.204.45.4 () {34 vars in 861 bytes} [Wed Jun 24 02:07:09 2026] GET /allocations/278871f0-c883-4aac-9fcc-c74c854d84ba => generated 257 bytes in 13 msecs (HTTP/1.1 200) 8 headers in 296 bytes (1 switches on core 0)
2026-06-24 02:07:10.344 7 INFO placement.requestlog [req-bac5e528-4bcf-429a-8477-c36765cbf097 req-3814a1ee-6f32-47d1-9564-2ead9e369cac 5c84d03427c24a70b569ad0eee6223b0 caca36daf7bf4b709913f6d625195e23 - - f70452ba51ed41a39636cec98294b403 f70452ba51ed41a39636cec98294b403] 199.204.45.4 "DELETE /allocations/2e415e0e-1492-42b0-92c8-4a0d3a4abf89" status: 204 len: 0 microversion: 1.0 [pid: 7|app: 0|req: 366/732] 199.204.45.4 () {34 vars in 839 bytes} [Wed Jun 24 02:07:10 2026] DELETE /allocations/2e415e0e-1492-42b0-92c8-4a0d3a4abf89 => generated 0 bytes in 25 msecs (HTTP/1.1 204) 5 headers in 198 bytes (1 switches on core 0)
2026-06-24 02:07:12.078 8 INFO placement.requestlog [None req-4845d78a-4caa-4000-ad49-f5258177a0bf - - - - - -] 10.0.0.239 "GET /" status: 200 len: 136 microversion: 1.0
2026-06-24 02:07:12.079 7 INFO placement.requestlog [None req-30248e6a-66d1-4937-9729-60eba39de50c - - - - - -] 10.0.0.239 "GET /" status: 200 len: 136 microversion: 1.0
2026-06-24 02:07:14.365 8 INFO placement.requestlog [None req-e4fa9a75-3e59-47f1-8c8c-36df39e19e1c 05c2ac3834144229ab136fd8c8131535 caca36daf7bf4b709913f6d625195e23 - - f70452ba51ed41a39636cec98294b403 f70452ba51ed41a39636cec98294b403] 10.0.0.18 "GET /resource_providers/5ea5f742-4af4-45cf-b374-f301a8104b98/aggregates" status: 404 len: 235 microversion: 1.1 [pid: 8|app: 0|req: 368/735] 10.0.0.18 () {32 vars in 815 bytes} [Wed Jun 24 02:07:14 2026] GET /resource_providers/5ea5f742-4af4-45cf-b374-f301a8104b98/aggregates => generated 235 bytes in 12 msecs (HTTP/1.1 404) 5 headers in 202 bytes (1 switches on core 0)
2026-06-24 02:07:14.370 7 INFO placement.requestlog [None req-8e8c7a7c-97b6-4cca-8469-d3d60fb46f7d 05c2ac3834144229ab136fd8c8131535 caca36daf7bf4b709913f6d625195e23 - - f70452ba51ed41a39636cec98294b403 f70452ba51ed41a39636cec98294b403] 10.0.0.18 "GET /resource_providers/5ea5f742-4af4-45cf-b374-f301a8104b98/aggregates" status: 404 len: 235 microversion: 1.1 [pid: 7|app: 0|req: 368/736] 10.0.0.18 () {32 vars in 815 bytes} [Wed Jun 24 02:07:14 2026] GET /resource_providers/5ea5f742-4af4-45cf-b374-f301a8104b98/aggregates => generated 235 bytes in 12 msecs (HTTP/1.1 404) 5 headers in 202 bytes (1 switches on core 0)
2026-06-24 02:07:14.388 8 INFO placement.requestlog [None req-70514329-d795-42b7-9427-33247f447f30 05c2ac3834144229ab136fd8c8131535 caca36daf7bf4b709913f6d625195e23 - - f70452ba51ed41a39636cec98294b403 f70452ba51ed41a39636cec98294b403] 10.0.0.18 "DELETE /resource_providers/5ea5f742-4af4-45cf-b374-f301a8104b98" status: 404 len: 246 microversion: 1.1 [pid: 8|app: 0|req: 369/737] 10.0.0.18 () {34 vars in 815 bytes} [Wed Jun 24 02:07:14 2026] DELETE /resource_providers/5ea5f742-4af4-45cf-b374-f301a8104b98 => generated 246 bytes in 8 msecs (HTTP/1.1 404) 6 headers in 231 bytes (1 switches on core 0)
2026-06-24 02:07:14.393 7 INFO placement.requestlog [None req-64a120a9-4b02-4069-9c79-ac743ce27a8c 05c2ac3834144229ab136fd8c8131535 caca36daf7bf4b709913f6d625195e23 - - f70452ba51ed41a39636cec98294b403 f70452ba51ed41a39636cec98294b403] 10.0.0.18 "DELETE /resource_providers/5ea5f742-4af4-45cf-b374-f301a8104b98" status: 404 len: 246 microversion: 1.1 [pid: 7|app: 0|req: 369/738] 10.0.0.18 () {34 vars in 815 bytes} [Wed Jun 24 02:07:14 2026] DELETE /resource_providers/5ea5f742-4af4-45cf-b374-f301a8104b98 => generated 246 bytes in 11 msecs (HTTP/1.1 404) 6 headers in 231 bytes (1 switches on core 0)
2026-06-24 02:07:16.409 8 INFO placement.requestlog [None req-a7ac090d-7cd0-49ea-9163-9be1b8c17277 05c2ac3834144229ab136fd8c8131535 caca36daf7bf4b709913f6d625195e23 - - f70452ba51ed41a39636cec98294b403 f70452ba51ed41a39636cec98294b403] 10.0.0.18 "GET /resource_providers/80461886-61ff-4ccd-9e92-91f1f095a91c/aggregates" status: 404 len: 235 microversion: 1.1 [pid: 8|app: 0|req: 370/739] 10.0.0.18 () {32 vars in 815 bytes} [Wed Jun 24 02:07:16 2026] GET /resource_providers/80461886-61ff-4ccd-9e92-91f1f095a91c/aggregates => generated 235 bytes in 10 msecs (HTTP/1.1 404) 5 headers in 202 bytes (1 switches on core 0)
2026-06-24 02:07:16.417 7 INFO placement.requestlog [None req-a4965a3c-c591-4907-8022-b941233b449e 05c2ac3834144229ab136fd8c8131535 caca36daf7bf4b709913f6d625195e23 - - f70452ba51ed41a39636cec98294b403 f70452ba51ed41a39636cec98294b403] 10.0.0.18 "GET /resource_providers/80461886-61ff-4ccd-9e92-91f1f095a91c/aggregates" status: 404 len: 235 microversion: 1.1 [pid: 7|app: 0|req: 370/740] 10.0.0.18 () {32 vars in 815 bytes} [Wed Jun 24 02:07:16 2026] GET /resource_providers/80461886-61ff-4ccd-9e92-91f1f095a91c/aggregates => generated 235 bytes in 11 msecs (HTTP/1.1 404) 5 headers in 202 bytes (1 switches on core 0)
2026-06-24 02:07:16.432 8 INFO placement.requestlog [None req-1c93184d-23cc-4107-824f-a75154c29c51 05c2ac3834144229ab136fd8c8131535 caca36daf7bf4b709913f6d625195e23 - - f70452ba51ed41a39636cec98294b403 f70452ba51ed41a39636cec98294b403] 10.0.0.18 "DELETE /resource_providers/80461886-61ff-4ccd-9e92-91f1f095a91c" status: 404 len: 246 microversion: 1.1 [pid: 8|app: 0|req: 371/741] 10.0.0.18 () {34 vars in 815 bytes} [Wed Jun 24 02:07:16 2026] DELETE /resource_providers/80461886-61ff-4ccd-9e92-91f1f095a91c => generated 246 bytes in 8 msecs (HTTP/1.1 404) 6 headers in 231 bytes (1 switches on core 0)
2026-06-24 02:07:16.455 7 INFO placement.requestlog [None req-d9c8ddd9-52f1-4e50-970f-4ae09519e398 05c2ac3834144229ab136fd8c8131535 caca36daf7bf4b709913f6d625195e23 - - f70452ba51ed41a39636cec98294b403 f70452ba51ed41a39636cec98294b403] 10.0.0.18 "DELETE /resource_providers/80461886-61ff-4ccd-9e92-91f1f095a91c" status: 404 len: 246 microversion: 1.1 [pid: 7|app: 0|req: 371/742] 10.0.0.18 () {34 vars in 815 bytes} [Wed Jun 24 02:07:16 2026] DELETE /resource_providers/80461886-61ff-4ccd-9e92-91f1f095a91c => generated 246 bytes in 26 msecs (HTTP/1.1 404) 6 headers in 231 bytes (1 switches on core 0)
2026-06-24 02:07:22.083 8 INFO placement.requestlog [None req-d257685d-e7b5-46b5-8e34-3f873ff1a0a8 - - - - - -] 10.0.0.239 "GET /" status: 200 len: 136 microversion: 1.0
2026-06-24 02:07:22.083 7 INFO placement.requestlog [None req-4e332f7c-37d1-4b5b-9643-c7458fb1c2a1 - - - - - -] 10.0.0.239 "GET /" status: 200 len: 136 microversion: 1.0
2026-06-24 02:07:24.302 8 INFO placement.requestlog [req-cc2ab987-bdee-4b48-b266-3fd3412ec6de req-b9be6697-87c1-4fa1-9016-7f0ccae5415c 5c84d03427c24a70b569ad0eee6223b0 caca36daf7bf4b709913f6d625195e23 - - f70452ba51ed41a39636cec98294b403 f70452ba51ed41a39636cec98294b403] 10.0.0.87 "GET /allocation_candidates?limit=1000&resources=DISK_GB%3A1%2CMEMORY_MB%3A512%2CVCPU%3A1&root_required=%21COMPUTE_STATUS_DISABLED" status: 200 len: 2445 microversion: 1.36 [pid: 8|app: 0|req: 373/745] 10.0.0.87 () {34 vars in 1011 bytes} [Wed Jun 24 02:07:24 2026] GET /allocation_candidates?limit=1000&resources=DISK_GB%3A1%2CMEMORY_MB%3A512%2CVCPU%3A1&root_required=%21COMPUTE_STATUS_DISABLED => generated 2445 bytes in 48 msecs (HTTP/1.1 200) 8 headers in 297 bytes (1 switches on core 0)
2026-06-24 02:07:24.332 7 INFO placement.requestlog [req-cc2ab987-bdee-4b48-b266-3fd3412ec6de req-e5cbd684-81cc-4458-b46c-23781e91a371 5c84d03427c24a70b569ad0eee6223b0 caca36daf7bf4b709913f6d625195e23 - - f70452ba51ed41a39636cec98294b403 f70452ba51ed41a39636cec98294b403] 10.0.0.87 "GET /allocations/e2a488d4-f8b1-4822-aae4-4bdb50dfc02e" status: 200 len: 19 microversion: 1.28 [pid: 7|app: 0|req: 373/746] 10.0.0.87 () {34 vars in 860 bytes} [Wed Jun 24 02:07:24 2026] GET /allocations/e2a488d4-f8b1-4822-aae4-4bdb50dfc02e => generated 19 bytes in 13 msecs (HTTP/1.1 200) 8 headers in 295 bytes (1 switches on core 0)
2026-06-24 02:07:24.399 8 INFO placement.requestlog [req-cc2ab987-bdee-4b48-b266-3fd3412ec6de req-dce5788d-7470-4577-8d9c-3adb90fcf91e 5c84d03427c24a70b569ad0eee6223b0 caca36daf7bf4b709913f6d625195e23 - - f70452ba51ed41a39636cec98294b403 f70452ba51ed41a39636cec98294b403] 10.0.0.87 "PUT /allocations/e2a488d4-f8b1-4822-aae4-4bdb50dfc02e" status: 204 len: 0 microversion: 1.36 [pid: 8|app: 0|req: 374/747] 10.0.0.87 () {38 vars in 913 bytes} [Wed Jun 24 02:07:24 2026] PUT /allocations/e2a488d4-f8b1-4822-aae4-4bdb50dfc02e => generated 0 bytes in 64 msecs (HTTP/1.1 204) 5 headers in 199 bytes (1 switches on core 0)
2026-06-24 02:07:25.901 7 INFO placement.requestlog [req-cc2ab987-bdee-4b48-b266-3fd3412ec6de req-ff1ecb7b-b8e6-4488-8ef1-19be1949f3d9 5c84d03427c24a70b569ad0eee6223b0 caca36daf7bf4b709913f6d625195e23 - - f70452ba51ed41a39636cec98294b403 f70452ba51ed41a39636cec98294b403] 199.204.45.4 "GET /allocations/e2a488d4-f8b1-4822-aae4-4bdb50dfc02e" status: 200 len: 257 microversion: 1.28 [pid: 7|app: 0|req: 374/748] 199.204.45.4 () {34 vars in 861 bytes} [Wed Jun 24 02:07:25 2026] GET /allocations/e2a488d4-f8b1-4822-aae4-4bdb50dfc02e => generated 257 bytes in 16 msecs (HTTP/1.1 200) 8 headers in 296 bytes (1 switches on core 0)
2026-06-24 02:07:26.954 8 INFO placement.requestlog [req-cc2ab987-bdee-4b48-b266-3fd3412ec6de req-99ed88b2-0b2e-4dc5-907d-e4a1de4bd973 5c84d03427c24a70b569ad0eee6223b0 caca36daf7bf4b709913f6d625195e23 - - f70452ba51ed41a39636cec98294b403 f70452ba51ed41a39636cec98294b403] 199.204.45.4 "GET /resource_providers/57b44b4e-db38-4877-a81d-3555d73b3437/allocations" status: 200 len: 352 microversion: 1.0 [pid: 8|app: 0|req: 375/749] 199.204.45.4 () {32 vars in 855 bytes} [Wed Jun 24 02:07:26 2026] GET /resource_providers/57b44b4e-db38-4877-a81d-3555d73b3437/allocations => generated 352 bytes in 25 msecs (HTTP/1.1 200) 6 headers in 224 bytes (1 switches on core 0)
2026-06-24 02:07:26.973 7 INFO placement.requestlog [req-cc2ab987-bdee-4b48-b266-3fd3412ec6de req-202355fd-ab2c-46ab-bb8c-892eabe6ce52 5c84d03427c24a70b569ad0eee6223b0 caca36daf7bf4b709913f6d625195e23 - - f70452ba51ed41a39636cec98294b403 f70452ba51ed41a39636cec98294b403] 199.204.45.4 "GET /allocations/6da4126b-fa3f-4b3a-b838-2dfc91083119" status: 200 len: 257 microversion: 1.28 [pid: 7|app: 0|req: 375/750] 199.204.45.4 () {34 vars in 861 bytes} [Wed Jun 24 02:07:26 2026] GET /allocations/6da4126b-fa3f-4b3a-b838-2dfc91083119 => generated 257 bytes in 13 msecs (HTTP/1.1 200) 8 headers in 296 bytes (1 switches on core 0)
2026-06-24 02:07:26.997 8 INFO placement.requestlog [req-cc2ab987-bdee-4b48-b266-3fd3412ec6de req-dcc7c61c-8cc3-4bd4-bfe5-1632525b66f2 5c84d03427c24a70b569ad0eee6223b0 caca36daf7bf4b709913f6d625195e23 - - f70452ba51ed41a39636cec98294b403 f70452ba51ed41a39636cec98294b403] 199.204.45.4 "GET /allocations/278871f0-c883-4aac-9fcc-c74c854d84ba" status: 200 len: 257 microversion: 1.28 [pid: 8|app: 0|req: 376/751] 199.204.45.4 () {34 vars in 861 bytes} [Wed Jun 24 02:07:26 2026] GET /allocations/278871f0-c883-4aac-9fcc-c74c854d84ba => generated 257 bytes in 15 msecs (HTTP/1.1 200) 8 headers in 296 bytes (1 switches on core 0)
2026-06-24 02:07:27.020 7 INFO placement.requestlog [req-cc2ab987-bdee-4b48-b266-3fd3412ec6de req-2c51bc4b-d685-44c6-beeb-d89ae3b88350 5c84d03427c24a70b569ad0eee6223b0 caca36daf7bf4b709913f6d625195e23 - - f70452ba51ed41a39636cec98294b403 f70452ba51ed41a39636cec98294b403] 199.204.45.4 "GET /allocations/e2a488d4-f8b1-4822-aae4-4bdb50dfc02e" status: 200 len: 257 microversion: 1.28 [pid: 7|app: 0|req: 376/752] 199.204.45.4 () {34 vars in 861 bytes} [Wed Jun 24 02:07:27 2026] GET /allocations/e2a488d4-f8b1-4822-aae4-4bdb50dfc02e => generated 257 bytes in 15 msecs (HTTP/1.1 200) 8 headers in 296 bytes (1 switches on core 0)
2026-06-24 02:07:32.079 7 INFO placement.requestlog [None req-e1917a29-76ea-471c-abd8-abf1619be9c0 - - - - - -] 10.0.0.239 "GET /" status: 200 len: 136 microversion: 1.0
2026-06-24 02:07:32.079 8 INFO placement.requestlog [None req-ec930245-bb3f-4b88-9108-6c62a61f29ae - - - - - -] 10.0.0.239 "GET /" status: 200 len: 136 microversion: 1.0
2026-06-24 02:07:42.079 7 INFO placement.requestlog [None req-57fc5f72-0f4a-4449-b69a-6cc5264e1b2d - - - - - -] 10.0.0.239 "GET /" status: 200 len: 136 microversion: 1.0
2026-06-24 02:07:42.079 8 INFO placement.requestlog [None req-3d7e900a-0799-456c-a14f-b156e145b76d - - - - - -] 10.0.0.239 "GET /" status: 200 len: 136 microversion: 1.0
2026-06-24 02:07:42.819 8 INFO placement.requestlog [req-e4eec863-5215-4e92-ae40-dd094ffb772d req-ff60d0aa-9a53-428b-86cf-145d1bc843dd 5c84d03427c24a70b569ad0eee6223b0 caca36daf7bf4b709913f6d625195e23 - - f70452ba51ed41a39636cec98294b403 f70452ba51ed41a39636cec98294b403] 199.204.45.4 "GET /resource_providers/57b44b4e-db38-4877-a81d-3555d73b3437/allocations" status: 200 len: 352 microversion: 1.0 [pid: 8|app: 0|req: 379/757] 199.204.45.4 () {32 vars in 855 bytes} [Wed Jun 24 02:07:42 2026] GET /resource_providers/57b44b4e-db38-4877-a81d-3555d73b3437/allocations => generated 352 bytes in 17 msecs (HTTP/1.1 200) 6 headers in 224 bytes (1 switches on core 0)
2026-06-24 02:07:42.842 7 INFO placement.requestlog [req-e4eec863-5215-4e92-ae40-dd094ffb772d req-b6842201-446d-49a4-8831-e262f3a28d44 5c84d03427c24a70b569ad0eee6223b0 caca36daf7bf4b709913f6d625195e23 - - f70452ba51ed41a39636cec98294b403 f70452ba51ed41a39636cec98294b403] 199.204.45.4 "GET /allocations/6da4126b-fa3f-4b3a-b838-2dfc91083119" status: 200 len: 257 microversion: 1.28 [pid: 7|app: 0|req: 379/758] 199.204.45.4 () {34 vars in 861 bytes} [Wed Jun 24 02:07:42 2026] GET /allocations/6da4126b-fa3f-4b3a-b838-2dfc91083119 => generated 257 bytes in 16 msecs (HTTP/1.1 200) 8 headers in 296 bytes (1 switches on core 0)
2026-06-24 02:07:42.858 8 INFO placement.requestlog [req-e4eec863-5215-4e92-ae40-dd094ffb772d req-86901fc9-5edf-4f0c-90c2-8e9e92e542cc 5c84d03427c24a70b569ad0eee6223b0 caca36daf7bf4b709913f6d625195e23 - - f70452ba51ed41a39636cec98294b403 f70452ba51ed41a39636cec98294b403] 199.204.45.4 "GET /allocations/278871f0-c883-4aac-9fcc-c74c854d84ba" status: 200 len: 257 microversion: 1.28 [pid: 8|app: 0|req: 380/759] 199.204.45.4 () {34 vars in 861 bytes} [Wed Jun 24 02:07:42 2026] GET /allocations/278871f0-c883-4aac-9fcc-c74c854d84ba => generated 257 bytes in 12 msecs (HTTP/1.1 200) 8 headers in 296 bytes (1 switches on core 0)
2026-06-24 02:07:42.875 7 INFO placement.requestlog [req-e4eec863-5215-4e92-ae40-dd094ffb772d req-05f58383-16aa-42bd-add2-489c5f70a431 5c84d03427c24a70b569ad0eee6223b0 caca36daf7bf4b709913f6d625195e23 - - f70452ba51ed41a39636cec98294b403 f70452ba51ed41a39636cec98294b403] 199.204.45.4 "GET /allocations/e2a488d4-f8b1-4822-aae4-4bdb50dfc02e" status: 200 len: 257 microversion: 1.28 [pid: 7|app: 0|req: 380/760] 199.204.45.4 () {34 vars in 861 bytes} [Wed Jun 24 02:07:42 2026] GET /allocations/e2a488d4-f8b1-4822-aae4-4bdb50dfc02e => generated 257 bytes in 13 msecs (HTTP/1.1 200) 8 headers in 296 bytes (1 switches on core 0)
2026-06-24 02:07:43.922 8 INFO placement.requestlog [req-e4eec863-5215-4e92-ae40-dd094ffb772d req-23b0ebda-fff3-45f5-9f05-32c557139c87 5c84d03427c24a70b569ad0eee6223b0 caca36daf7bf4b709913f6d625195e23 - - f70452ba51ed41a39636cec98294b403 f70452ba51ed41a39636cec98294b403] 199.204.45.4 "DELETE /allocations/e2a488d4-f8b1-4822-aae4-4bdb50dfc02e" status: 204 len: 0 microversion: 1.0 [pid: 8|app: 0|req: 381/761] 199.204.45.4 () {34 vars in 839 bytes} [Wed Jun 24 02:07:43 2026] DELETE /allocations/e2a488d4-f8b1-4822-aae4-4bdb50dfc02e => generated 0 bytes in 24 msecs (HTTP/1.1 204) 5 headers in 198 bytes (1 switches on core 0)
2026-06-24 02:07:47.754 8 INFO placement.requestlog [None req-a49d92c4-09d5-4d38-86ca-c2de59d3b7c9 05c2ac3834144229ab136fd8c8131535 caca36daf7bf4b709913f6d625195e23 - - f70452ba51ed41a39636cec98294b403 f70452ba51ed41a39636cec98294b403] 10.0.0.18 "GET /resource_providers/602c0001-1bf4-41c7-9bec-774d92129340/aggregates" status: 404 len: 235 microversion: 1.1 [pid: 8|app: 0|req: 382/762] 10.0.0.18 () {32 vars in 815 bytes} [Wed Jun 24 02:07:47 2026] GET /resource_providers/602c0001-1bf4-41c7-9bec-774d92129340/aggregates => generated 235 bytes in 13 msecs (HTTP/1.1 404) 5 headers in 202 bytes (1 switches on core 0)
2026-06-24 02:07:47.756 7 INFO placement.requestlog [None req-efdb1075-c05b-48b2-8816-180c54aa888b 05c2ac3834144229ab136fd8c8131535 caca36daf7bf4b709913f6d625195e23 - - f70452ba51ed41a39636cec98294b403 f70452ba51ed41a39636cec98294b403] 10.0.0.18 "GET /resource_providers/602c0001-1bf4-41c7-9bec-774d92129340/aggregates" status: 404 len: 235 microversion: 1.1 [pid: 7|app: 0|req: 381/763] 10.0.0.18 () {32 vars in 815 bytes} [Wed Jun 24 02:07:47 2026] GET /resource_providers/602c0001-1bf4-41c7-9bec-774d92129340/aggregates => generated 235 bytes in 16 msecs (HTTP/1.1 404) 5 headers in 202 bytes (1 switches on core 0)
2026-06-24 02:07:47.799 7 INFO placement.requestlog [None req-865c0648-3745-46ce-9d0d-930280b27057 05c2ac3834144229ab136fd8c8131535 caca36daf7bf4b709913f6d625195e23 - - f70452ba51ed41a39636cec98294b403 f70452ba51ed41a39636cec98294b403] 10.0.0.18 "DELETE /resource_providers/602c0001-1bf4-41c7-9bec-774d92129340" status: 404 len: 246 microversion: 1.1 [pid: 7|app: 0|req: 382/764] 10.0.0.18 () {34 vars in 815 bytes} [Wed Jun 24 02:07:47 2026] DELETE /resource_providers/602c0001-1bf4-41c7-9bec-774d92129340 => generated 246 bytes in 24 msecs (HTTP/1.1 404) 6 headers in 231 bytes (1 switches on core 0)
2026-06-24 02:07:47.801 8 INFO placement.requestlog [None req-34ddc7c7-2721-4314-a417-97ff6a8198e8 05c2ac3834144229ab136fd8c8131535 caca36daf7bf4b709913f6d625195e23 - - f70452ba51ed41a39636cec98294b403 f70452ba51ed41a39636cec98294b403] 10.0.0.18 "DELETE /resource_providers/602c0001-1bf4-41c7-9bec-774d92129340" status: 404 len: 246 microversion: 1.1 [pid: 8|app: 0|req: 383/765] 10.0.0.18 () {34 vars in 815 bytes} [Wed Jun 24 02:07:47 2026] DELETE /resource_providers/602c0001-1bf4-41c7-9bec-774d92129340 => generated 246 bytes in 31 msecs (HTTP/1.1 404) 6 headers in 231 bytes (1 switches on core 0)
2026-06-24 02:07:49.657 7 INFO placement.requestlog [req-c33e8713-b877-4fb3-bcab-2343e3742a80 req-b4c3f84c-5a8d-478d-ae06-ba316e6c28cc 5c84d03427c24a70b569ad0eee6223b0 caca36daf7bf4b709913f6d625195e23 - - f70452ba51ed41a39636cec98294b403 f70452ba51ed41a39636cec98294b403] 199.204.45.4 "GET /resource_providers/57b44b4e-db38-4877-a81d-3555d73b3437/allocations" status: 200 len: 252 microversion: 1.0 [pid: 7|app: 0|req: 383/766] 199.204.45.4 () {32 vars in 855 bytes} [Wed Jun 24 02:07:49 2026] GET /resource_providers/57b44b4e-db38-4877-a81d-3555d73b3437/allocations => generated 252 bytes in 17 msecs (HTTP/1.1 200) 6 headers in 224 bytes (1 switches on core 0)
2026-06-24 02:07:49.694 8 INFO placement.requestlog [req-c33e8713-b877-4fb3-bcab-2343e3742a80 req-afcba3c7-b921-4271-923d-6e98a80e0d1a 5c84d03427c24a70b569ad0eee6223b0 caca36daf7bf4b709913f6d625195e23 - - f70452ba51ed41a39636cec98294b403 f70452ba51ed41a39636cec98294b403] 199.204.45.4 "GET /resource_providers/57b44b4e-db38-4877-a81d-3555d73b3437/allocations" status: 200 len: 252 microversion: 1.0 [pid: 8|app: 0|req: 384/767] 199.204.45.4 () {32 vars in 855 bytes} [Wed Jun 24 02:07:49 2026] GET /resource_providers/57b44b4e-db38-4877-a81d-3555d73b3437/allocations => generated 252 bytes in 29 msecs (HTTP/1.1 200) 6 headers in 224 bytes (1 switches on core 0)
