2026-04-14 06:52:29.274 9 INFO neutron.db.ovn_revision_numbers_db [None req-c5001fb3-d1c8-43ef-8476-34320d4f802c 8e48e3dbd812419ca5004eea22056236 bed3f8109c6b496ab3a5d63ed409cf55 - - default default] Successfully bumped revision number for resource b9c5c514-4aff-4b7d-b9d2-a0122be82631 (type: security_group_rules) to 0
2026-04-14 06:52:29.305 9 INFO neutron.db.ovn_revision_numbers_db [None req-c5001fb3-d1c8-43ef-8476-34320d4f802c 8e48e3dbd812419ca5004eea22056236 bed3f8109c6b496ab3a5d63ed409cf55 - - default default] Successfully bumped revision number for resource f38e9e0d-e20d-4e38-82cf-272955c20935 (type: security_group_rules) to 0
2026-04-14 06:52:29.322 9 INFO neutron.db.ovn_revision_numbers_db [None req-c5001fb3-d1c8-43ef-8476-34320d4f802c 8e48e3dbd812419ca5004eea22056236 bed3f8109c6b496ab3a5d63ed409cf55 - - default default] Successfully bumped revision number for resource fff5dd07-3fcb-46ad-ab49-a1912d21e256 (type: security_group_rules) to 0
2026-04-14 06:52:29.347 9 INFO neutron.wsgi [None req-c5001fb3-d1c8-43ef-8476-34320d4f802c 8e48e3dbd812419ca5004eea22056236 bed3f8109c6b496ab3a5d63ed409cf55 - - default default] 10.0.0.159 "GET /v2.0/security-groups?tenant_id=1f6fe1b9f16d4e69aad2adf6075bd020&name=default HTTP/1.1" status: 200 len: 3000 time: 0.2441142
2026-04-14 06:52:29.533 10 INFO neutron.db.ovn_revision_numbers_db [None req-8dc5b7c7-b845-466e-9577-b6f95df0d2a4 8e48e3dbd812419ca5004eea22056236 bed3f8109c6b496ab3a5d63ed409cf55 - - default default] Successfully bumped revision number for resource ad07d817-bb9f-43b1-9bd2-e11a851ff9b0 (type: security_groups) to 1
2026-04-14 06:52:29.557 10 INFO neutron.db.ovn_revision_numbers_db [None req-8dc5b7c7-b845-466e-9577-b6f95df0d2a4 8e48e3dbd812419ca5004eea22056236 bed3f8109c6b496ab3a5d63ed409cf55 - - default default] Successfully bumped revision number for resource 2bd582e9-8946-41b6-a807-1a31a1be8369 (type: security_group_rules) to 0
2026-04-14 06:52:29.562 9 INFO neutron.wsgi [None req-3635e0af-ea8a-45b7-900f-f855f48b7937 8e48e3dbd812419ca5004eea22056236 bed3f8109c6b496ab3a5d63ed409cf55 - - default default] 10.0.0.159 "DELETE /v2.0/security-groups/b0957746-37ec-4e40-a369-589784c3ec5f HTTP/1.1" status: 204 len: 168 time: 0.2107596
2026-04-14 06:52:29.576 10 INFO neutron.db.ovn_revision_numbers_db [None req-8dc5b7c7-b845-466e-9577-b6f95df0d2a4 8e48e3dbd812419ca5004eea22056236 bed3f8109c6b496ab3a5d63ed409cf55 - - default default] Successfully bumped revision number for resource 8c33907f-0261-4c5f-93a7-8eb4bca0016b (type: security_group_rules) to 0
2026-04-14 06:52:29.597 10 INFO neutron.db.ovn_revision_numbers_db [None req-8dc5b7c7-b845-466e-9577-b6f95df0d2a4 8e48e3dbd812419ca5004eea22056236 bed3f8109c6b496ab3a5d63ed409cf55 - - default default] Successfully bumped revision number for resource ca84c6e2-b4e2-49ae-83f1-77057155e3ab (type: security_group_rules) to 0
2026-04-14 06:52:29.633 10 INFO neutron.db.ovn_revision_numbers_db [None req-8dc5b7c7-b845-466e-9577-b6f95df0d2a4 8e48e3dbd812419ca5004eea22056236 bed3f8109c6b496ab3a5d63ed409cf55 - - default default] Successfully bumped revision number for resource d4dbc3f5-c502-472c-afb8-9d4a4a7d25fc (type: security_group_rules) to 0
2026-04-14 06:52:29.659 10 INFO neutron.wsgi [None req-8dc5b7c7-b845-466e-9577-b6f95df0d2a4 8e48e3dbd812419ca5004eea22056236 bed3f8109c6b496ab3a5d63ed409cf55 - - default default] 10.0.0.159 "GET /v2.0/security-groups?tenant_id=701f987deb704977b27dc7ce1b53cef5&name=default HTTP/1.1" status: 200 len: 3000 time: 0.3286147
2026-04-14 06:52:29.878 9 INFO neutron.db.ovn_revision_numbers_db [None req-dae82112-acb4-4297-b47b-57fd1703934c 8e48e3dbd812419ca5004eea22056236 bed3f8109c6b496ab3a5d63ed409cf55 - - default default] Successfully bumped revision number for resource 5070bd4c-61b4-4588-9c39-1d0c4bdc6ea4 (type: security_groups) to 1
2026-04-14 06:52:29.899 10 INFO neutron.db.ovn_revision_numbers_db [None req-77cb303b-92b7-421b-b0a7-13984680b043 fce5a011465c4162ab50cb3cb70dda0f 19da8ca1200649dfbd17a5b567a365a5 - - default default] Successfully bumped revision number for resource b96698bc-3a8f-4462-8ed4-9bac4b5e9b9e (type: router_ports) to 1
2026-04-14 06:52:29.907 9 INFO neutron.db.ovn_revision_numbers_db [None req-dae82112-acb4-4297-b47b-57fd1703934c 8e48e3dbd812419ca5004eea22056236 bed3f8109c6b496ab3a5d63ed409cf55 - - default default] Successfully bumped revision number for resource 2064eb31-ddf2-40c1-bdb2-433041d1d1f2 (type: security_group_rules) to 0
2026-04-14 06:52:29.922 9 INFO neutron.db.ovn_revision_numbers_db [None req-dae82112-acb4-4297-b47b-57fd1703934c 8e48e3dbd812419ca5004eea22056236 bed3f8109c6b496ab3a5d63ed409cf55 - - default default] Successfully bumped revision number for resource 2fd51c9f-997b-4545-be16-3648b85af15d (type: security_group_rules) to 0
2026-04-14 06:52:29.938 9 INFO neutron.db.ovn_revision_numbers_db [None req-dae82112-acb4-4297-b47b-57fd1703934c 8e48e3dbd812419ca5004eea22056236 bed3f8109c6b496ab3a5d63ed409cf55 - - default default] Successfully bumped revision number for resource 93af64ef-4f27-4fb9-b030-fb4601bc3bfb (type: security_group_rules) to 0
2026-04-14 06:52:29.958 9 INFO neutron.wsgi [None req-2ee053c4-cb69-4065-9d2e-ba564441a677 8e48e3dbd812419ca5004eea22056236 bed3f8109c6b496ab3a5d63ed409cf55 - - default default] 10.0.0.159 "DELETE /v2.0/security-groups/ad07d817-bb9f-43b1-9bd2-e11a851ff9b0 HTTP/1.1" status: 204 len: 168 time: 0.2919240
2026-04-14 06:52:29.964 9 INFO neutron.db.ovn_revision_numbers_db [None req-dae82112-acb4-4297-b47b-57fd1703934c 8e48e3dbd812419ca5004eea22056236 bed3f8109c6b496ab3a5d63ed409cf55 - - default default] Successfully bumped revision number for resource 954d848f-d5bd-44f5-ade3-43ef9a511065 (type: security_group_rules) to 0
2026-04-14 06:52:29.989 9 INFO neutron.wsgi [None req-dae82112-acb4-4297-b47b-57fd1703934c 8e48e3dbd812419ca5004eea22056236 bed3f8109c6b496ab3a5d63ed409cf55 - - default default] 10.0.0.159 "GET /v2.0/security-groups?tenant_id=3d4693676e5042b0b9758a046d877891&name=default HTTP/1.1" status: 200 len: 3000 time: 0.2721078
2026-04-14 06:52:30.093 10 INFO neutron.db.ovn_revision_numbers_db [None req-77cb303b-92b7-421b-b0a7-13984680b043 fce5a011465c4162ab50cb3cb70dda0f 19da8ca1200649dfbd17a5b567a365a5 - - default default] Successfully bumped revision number for resource b96698bc-3a8f-4462-8ed4-9bac4b5e9b9e (type: ports) to 1
2026-04-14 06:52:30.213 9 INFO neutron.wsgi [None req-626a19cf-9a00-4b42-b27b-7e47274aa000 8e48e3dbd812419ca5004eea22056236 bed3f8109c6b496ab3a5d63ed409cf55 - - default default] 10.0.0.159 "DELETE /v2.0/security-groups/5070bd4c-61b4-4588-9c39-1d0c4bdc6ea4 HTTP/1.1" status: 204 len: 168 time: 0.2178175
2026-04-14 06:52:30.214 10 WARNING neutron.scheduler.dhcp_agent_scheduler [None req-77cb303b-92b7-421b-b0a7-13984680b043 fce5a011465c4162ab50cb3cb70dda0f 19da8ca1200649dfbd17a5b567a365a5 - - default default] No more DHCP agents
2026-04-14 06:52:30.215 10 WARNING neutron.api.rpc.agentnotifiers.dhcp_rpc_agent_api [None req-77cb303b-92b7-421b-b0a7-13984680b043 fce5a011465c4162ab50cb3cb70dda0f 19da8ca1200649dfbd17a5b567a365a5 - - default default] Unable to schedule network 31a01f86-1bab-476a-be4f-35cd51a6e68a: no agents available; will retry on subsequent port and subnet creation events.
2026-04-14 06:52:30.743 10 INFO neutron.db.ovn_revision_numbers_db [None req-77cb303b-92b7-421b-b0a7-13984680b043 fce5a011465c4162ab50cb3cb70dda0f 19da8ca1200649dfbd17a5b567a365a5 - - default default] Successfully bumped revision number for resource b96698bc-3a8f-4462-8ed4-9bac4b5e9b9e (type: router_ports) to 1
2026-04-14 06:52:30.745 10 INFO neutron.wsgi [None req-77cb303b-92b7-421b-b0a7-13984680b043 fce5a011465c4162ab50cb3cb70dda0f 19da8ca1200649dfbd17a5b567a365a5 - - default default] 10.0.0.159 "PUT /v2.0/routers/ef4f483b-a341-40b9-930d-759bce2dd15b/add_router_interface HTTP/1.1" status: 200 len: 503 time: 2.4803851
2026-04-14 06:52:30.811 10 WARNING neutron_lib.context [None req-270672d6-ee0c-40f7-8cce-f49f884c1681 fce5a011465c4162ab50cb3cb70dda0f 19da8ca1200649dfbd17a5b567a365a5 - - default default] Method 'is_advsvc' is deprecated since 2023.2 release (neutron-lib 3.8.0) and will be removed once support for the old RBAC API policies will be removed from Neutron. Please use method 'is_service_role' instead.
2026-04-14 06:52:30.912 10 INFO neutron.db.ovn_revision_numbers_db [None req-270672d6-ee0c-40f7-8cce-f49f884c1681 fce5a011465c4162ab50cb3cb70dda0f 19da8ca1200649dfbd17a5b567a365a5 - - default default] Successfully bumped revision number for resource 8a437bf9-972c-4bef-a1a2-5c0b18270079 (type: security_groups) to 1
2026-04-14 06:52:30.928 10 INFO neutron.db.ovn_revision_numbers_db [None req-270672d6-ee0c-40f7-8cce-f49f884c1681 fce5a011465c4162ab50cb3cb70dda0f 19da8ca1200649dfbd17a5b567a365a5 - - default default] Successfully bumped revision number for resource 050d7fc6-26f4-4946-a569-d1153839c683 (type: security_group_rules) to 0
2026-04-14 06:52:30.944 10 INFO neutron.db.ovn_revision_numbers_db [None req-270672d6-ee0c-40f7-8cce-f49f884c1681 fce5a011465c4162ab50cb3cb70dda0f 19da8ca1200649dfbd17a5b567a365a5 - - default default] Successfully bumped revision number for resource 6144ef61-10d3-44cd-b0a0-1fc35dc35a04 (type: security_group_rules) to 0
2026-04-14 06:52:30.964 10 INFO neutron.wsgi [None req-270672d6-ee0c-40f7-8cce-f49f884c1681 fce5a011465c4162ab50cb3cb70dda0f 19da8ca1200649dfbd17a5b567a365a5 - - default default] 10.0.0.159 "POST /v2.0/security-groups HTTP/1.1" status: 201 len: 1765 time: 0.1612263
2026-04-14 06:52:30.976 10 WARNING neutron_lib.context [None req-9e54806b-359f-42ee-a58c-351b90a9e8dd fce5a011465c4162ab50cb3cb70dda0f 19da8ca1200649dfbd17a5b567a365a5 - - default default] Method 'is_advsvc' is deprecated since 2023.2 release (neutron-lib 3.8.0) and will be removed once support for the old RBAC API policies will be removed from Neutron. Please use method 'is_service_role' instead.
2026-04-14 06:52:31.091 10 INFO neutron.db.ovn_revision_numbers_db [None req-9e54806b-359f-42ee-a58c-351b90a9e8dd fce5a011465c4162ab50cb3cb70dda0f 19da8ca1200649dfbd17a5b567a365a5 - - default default] Successfully bumped revision number for resource 89917064-708b-4edd-b46b-35cac1f6edc8 (type: security_group_rules) to 0
2026-04-14 06:52:31.114 10 INFO neutron.wsgi [None req-9e54806b-359f-42ee-a58c-351b90a9e8dd fce5a011465c4162ab50cb3cb70dda0f 19da8ca1200649dfbd17a5b567a365a5 - - default default] 10.0.0.159 "POST /v2.0/security-group-rules HTTP/1.1" status: 201 len: 764 time: 0.1433518
2026-04-14 06:52:31.126 10 WARNING neutron_lib.context [None req-94a9e1a6-f529-41c5-83ac-ad2eb60a6e8e fce5a011465c4162ab50cb3cb70dda0f 19da8ca1200649dfbd17a5b567a365a5 - - default default] Method 'is_advsvc' is deprecated since 2023.2 release (neutron-lib 3.8.0) and will be removed once support for the old RBAC API policies will be removed from Neutron. Please use method 'is_service_role' instead.
2026-04-14 06:52:31.236 10 INFO neutron.db.ovn_revision_numbers_db [None req-94a9e1a6-f529-41c5-83ac-ad2eb60a6e8e fce5a011465c4162ab50cb3cb70dda0f 19da8ca1200649dfbd17a5b567a365a5 - - default default] Successfully bumped revision number for resource 88a6b8e8-bd97-425b-a785-1c547cfb1086 (type: security_group_rules) to 0
2026-04-14 06:52:31.259 10 INFO neutron.wsgi [None req-94a9e1a6-f529-41c5-83ac-ad2eb60a6e8e fce5a011465c4162ab50cb3cb70dda0f 19da8ca1200649dfbd17a5b567a365a5 - - default default] 10.0.0.159 "POST /v2.0/security-group-rules HTTP/1.1" status: 201 len: 764 time: 0.1397917
2026-04-14 06:52:31.269 10 WARNING neutron_lib.context [None req-1014043b-4d24-49c8-9fe3-08ecd2f95267 fce5a011465c4162ab50cb3cb70dda0f 19da8ca1200649dfbd17a5b567a365a5 - - default default] Method 'is_advsvc' is deprecated since 2023.2 release (neutron-lib 3.8.0) and will be removed once support for the old RBAC API policies will be removed from Neutron. Please use method 'is_service_role' instead.
2026-04-14 06:52:31.386 10 INFO neutron.db.ovn_revision_numbers_db [None req-1014043b-4d24-49c8-9fe3-08ecd2f95267 fce5a011465c4162ab50cb3cb70dda0f 19da8ca1200649dfbd17a5b567a365a5 - - default default] Successfully bumped revision number for resource dcce82ca-12a7-422b-b37c-5e4758a58e38 (type: security_group_rules) to 0
2026-04-14 06:52:31.416 10 INFO neutron.wsgi [None req-1014043b-4d24-49c8-9fe3-08ecd2f95267 fce5a011465c4162ab50cb3cb70dda0f 19da8ca1200649dfbd17a5b567a365a5 - - default default] 10.0.0.159 "POST /v2.0/security-group-rules HTTP/1.1" status: 201 len: 766 time: 0.1521316
2026-04-14 06:52:31.427 10 WARNING neutron_lib.context [None req-1c969711-467a-46c9-9c86-4e6504ae624d fce5a011465c4162ab50cb3cb70dda0f 19da8ca1200649dfbd17a5b567a365a5 - - default default] Method 'is_advsvc' is deprecated since 2023.2 release (neutron-lib 3.8.0) and will be removed once support for the old RBAC API policies will be removed from Neutron. Please use method 'is_service_role' instead.
2026-04-14 06:52:31.482 10 WARNING neutron.plugins.ml2.drivers.ovn.mech_driver.ovsdb.ovn_client [None req-3be24af8-912c-4216-9038-2fc1fe89e298 - - - - - -] No hosting information found for port 06cedefa-d390-4bc6-804d-568d0175c26c: RuntimeError: No hosting information found for port 06cedefa-d390-4bc6-804d-568d0175c26c
2026-04-14 06:52:31.482 10 INFO neutron.plugins.ml2.drivers.ovn.mech_driver.mech_driver [None req-3be24af8-912c-4216-9038-2fc1fe89e298 - - - - - -] OVN reports status up for port: 12c69d74-b8f6-4f0e-9d88-7125b2718b50
2026-04-14 06:52:31.493 10 INFO neutron.plugins.ml2.plugin [None req-3be24af8-912c-4216-9038-2fc1fe89e298 - - - - - -] Attempt 1 to provision port 12c69d74-b8f6-4f0e-9d88-7125b2718b50
2026-04-14 06:52:31.591 10 INFO neutron.db.ovn_revision_numbers_db [None req-1c969711-467a-46c9-9c86-4e6504ae624d fce5a011465c4162ab50cb3cb70dda0f 19da8ca1200649dfbd17a5b567a365a5 - - default default] Successfully bumped revision number for resource fffba9a9-a6c6-444c-bc9e-8e0d8f95dea1 (type: security_group_rules) to 0
2026-04-14 06:52:31.618 10 INFO neutron.wsgi [None req-1c969711-467a-46c9-9c86-4e6504ae624d fce5a011465c4162ab50cb3cb70dda0f 19da8ca1200649dfbd17a5b567a365a5 - - default default] 10.0.0.159 "POST /v2.0/security-group-rules HTTP/1.1" status: 201 len: 768 time: 0.1970191
2026-04-14 06:52:31.634 10 WARNING neutron_lib.context [None req-328d1cee-8b8e-4b21-9284-8c0f1a22a34c fce5a011465c4162ab50cb3cb70dda0f 19da8ca1200649dfbd17a5b567a365a5 - - default default] Method 'is_advsvc' is deprecated since 2023.2 release (neutron-lib 3.8.0) and will be removed once support for the old RBAC API policies will be removed from Neutron. Please use method 'is_service_role' instead.
2026-04-14 06:52:31.799 10 INFO neutron.db.ovn_revision_numbers_db [None req-328d1cee-8b8e-4b21-9284-8c0f1a22a34c fce5a011465c4162ab50cb3cb70dda0f 19da8ca1200649dfbd17a5b567a365a5 - - default default] Successfully bumped revision number for resource ab78f3ad-9138-4653-8146-fbf922460ce0 (type: security_group_rules) to 0
2026-04-14 06:52:31.818 10 INFO neutron.db.ovn_revision_numbers_db [None req-3be24af8-912c-4216-9038-2fc1fe89e298 - - - - - -] Successfully bumped revision number for resource 12c69d74-b8f6-4f0e-9d88-7125b2718b50 (type: ports) to 2
2026-04-14 06:52:31.824 10 INFO neutron.wsgi [None req-328d1cee-8b8e-4b21-9284-8c0f1a22a34c fce5a011465c4162ab50cb3cb70dda0f 19da8ca1200649dfbd17a5b567a365a5 - - default default] 10.0.0.159 "POST /v2.0/security-group-rules HTTP/1.1" status: 201 len: 768 time: 0.1960390
2026-04-14 06:52:31.837 9 WARNING neutron_lib.context [None req-a1da8715-99e0-4461-b059-97d636d25c67 fce5a011465c4162ab50cb3cb70dda0f 19da8ca1200649dfbd17a5b567a365a5 - - default default] Method 'is_advsvc' is deprecated since 2023.2 release (neutron-lib 3.8.0) and will be removed once support for the old RBAC API policies will be removed from Neutron. Please use method 'is_service_role' instead.
2026-04-14 06:52:31.887 10 INFO neutron.db.ovn_revision_numbers_db [None req-3be24af8-912c-4216-9038-2fc1fe89e298 - - - - - -] Successfully bumped revision number for resource 12c69d74-b8f6-4f0e-9d88-7125b2718b50 (type: router_ports) to 2
2026-04-14 06:52:32.028 9 INFO neutron.db.ovn_revision_numbers_db [None req-a1da8715-99e0-4461-b059-97d636d25c67 fce5a011465c4162ab50cb3cb70dda0f 19da8ca1200649dfbd17a5b567a365a5 - - default default] Successfully bumped revision number for resource a4f919e1-0e3d-4ded-8fd2-750a6c88271a (type: security_group_rules) to 0
2026-04-14 06:52:32.067 9 INFO neutron.wsgi [None req-a1da8715-99e0-4461-b059-97d636d25c67 fce5a011465c4162ab50cb3cb70dda0f 19da8ca1200649dfbd17a5b567a365a5 - - default default] 10.0.0.159 "POST /v2.0/security-group-rules HTTP/1.1" status: 201 len: 764 time: 0.2379808
2026-04-14 06:52:32.080 9 WARNING neutron_lib.context [None req-5be94ce3-0329-4d4a-8781-92196246c92f fce5a011465c4162ab50cb3cb70dda0f 19da8ca1200649dfbd17a5b567a365a5 - - default default] Method 'is_advsvc' is deprecated since 2023.2 release (neutron-lib 3.8.0) and will be removed once support for the old RBAC API policies will be removed from Neutron. Please use method 'is_service_role' instead.
2026-04-14 06:52:32.225 9 INFO neutron.db.ovn_revision_numbers_db [None req-5be94ce3-0329-4d4a-8781-92196246c92f fce5a011465c4162ab50cb3cb70dda0f 19da8ca1200649dfbd17a5b567a365a5 - - default default] Successfully bumped revision number for resource 0b423084-9af0-4bb8-aa1e-93b800405714 (type: security_group_rules) to 0
2026-04-14 06:52:32.254 9 INFO neutron.wsgi [None req-5be94ce3-0329-4d4a-8781-92196246c92f fce5a011465c4162ab50cb3cb70dda0f 19da8ca1200649dfbd17a5b567a365a5 - - default default] 10.0.0.159 "POST /v2.0/security-group-rules HTTP/1.1" status: 201 len: 764 time: 0.1804647
2026-04-14 06:52:32.265 9 WARNING neutron_lib.context [None req-950a3470-a4a3-4c98-ad72-5bf88800dfac fce5a011465c4162ab50cb3cb70dda0f 19da8ca1200649dfbd17a5b567a365a5 - - default default] Method 'is_advsvc' is deprecated since 2023.2 release (neutron-lib 3.8.0) and will be removed once support for the old RBAC API policies will be removed from Neutron. Please use method 'is_service_role' instead.
2026-04-14 06:52:32.429 9 INFO neutron.db.ovn_revision_numbers_db [None req-950a3470-a4a3-4c98-ad72-5bf88800dfac fce5a011465c4162ab50cb3cb70dda0f 19da8ca1200649dfbd17a5b567a365a5 - - default default] Successfully bumped revision number for resource e793184f-a358-44a5-8c95-f3da82967d3b (type: security_group_rules) to 0
2026-04-14 06:52:32.455 9 INFO neutron.wsgi [None req-950a3470-a4a3-4c98-ad72-5bf88800dfac fce5a011465c4162ab50cb3cb70dda0f 19da8ca1200649dfbd17a5b567a365a5 - - default default] 10.0.0.159 "POST /v2.0/security-group-rules HTTP/1.1" status: 201 len: 764 time: 0.1953955
2026-04-14 06:52:32.467 9 WARNING neutron_lib.context [None req-27abd8d7-9487-4199-9083-a0debbbe0272 fce5a011465c4162ab50cb3cb70dda0f 19da8ca1200649dfbd17a5b567a365a5 - - default default] Method 'is_advsvc' is deprecated since 2023.2 release (neutron-lib 3.8.0) and will be removed once support for the old RBAC API policies will be removed from Neutron. Please use method 'is_service_role' instead.
2026-04-14 06:52:32.622 9 INFO neutron.db.ovn_revision_numbers_db [None req-27abd8d7-9487-4199-9083-a0debbbe0272 fce5a011465c4162ab50cb3cb70dda0f 19da8ca1200649dfbd17a5b567a365a5 - - default default] Successfully bumped revision number for resource 03efdead-e8c4-49fc-bc7d-b3d2b0daaa54 (type: security_group_rules) to 0
2026-04-14 06:52:32.644 9 INFO neutron.wsgi [None req-27abd8d7-9487-4199-9083-a0debbbe0272 fce5a011465c4162ab50cb3cb70dda0f 19da8ca1200649dfbd17a5b567a365a5 - - default default] 10.0.0.159 "POST /v2.0/security-group-rules HTTP/1.1" status: 201 len: 766 time: 0.1822467
2026-04-14 06:52:32.656 9 WARNING neutron_lib.context [None req-4d1f1a79-5003-403e-9277-2ac81e1ecd55 fce5a011465c4162ab50cb3cb70dda0f 19da8ca1200649dfbd17a5b567a365a5 - - default default] Method 'is_advsvc' is deprecated since 2023.2 release (neutron-lib 3.8.0) and will be removed once support for the old RBAC API policies will be removed from Neutron. Please use method 'is_service_role' instead.
2026-04-14 06:52:32.800 9 INFO neutron.db.ovn_revision_numbers_db [None req-4d1f1a79-5003-403e-9277-2ac81e1ecd55 fce5a011465c4162ab50cb3cb70dda0f 19da8ca1200649dfbd17a5b567a365a5 - - default default] Successfully bumped revision number for resource cb85297a-c87c-4c8f-8c45-6a7ce0bf383b (type: security_group_rules) to 0
2026-04-14 06:52:32.825 9 INFO neutron.wsgi [None req-4d1f1a79-5003-403e-9277-2ac81e1ecd55 fce5a011465c4162ab50cb3cb70dda0f 19da8ca1200649dfbd17a5b567a365a5 - - default default] 10.0.0.159 "POST /v2.0/security-group-rules HTTP/1.1" status: 201 len: 768 time: 0.1745338
2026-04-14 06:52:32.835 9 WARNING neutron_lib.context [None req-536bcbf4-0a2d-4610-a224-516127d3a846 fce5a011465c4162ab50cb3cb70dda0f 19da8ca1200649dfbd17a5b567a365a5 - - default default] Method 'is_advsvc' is deprecated since 2023.2 release (neutron-lib 3.8.0) and will be removed once support for the old RBAC API policies will be removed from Neutron. Please use method 'is_service_role' instead.
2026-04-14 06:52:32.982 9 INFO neutron.db.ovn_revision_numbers_db [None req-536bcbf4-0a2d-4610-a224-516127d3a846 fce5a011465c4162ab50cb3cb70dda0f 19da8ca1200649dfbd17a5b567a365a5 - - default default] Successfully bumped revision number for resource 691f9a78-563a-4ded-bbac-aaf48911a0aa (type: security_group_rules) to 0
2026-04-14 06:52:33.008 9 INFO neutron.wsgi [None req-536bcbf4-0a2d-4610-a224-516127d3a846 fce5a011465c4162ab50cb3cb70dda0f 19da8ca1200649dfbd17a5b567a365a5 - - default default] 10.0.0.159 "POST /v2.0/security-group-rules HTTP/1.1" status: 201 len: 764 time: 0.1780324
2026-04-14 06:52:33.394 10 INFO neutron.wsgi [req-61ba43ab-057e-4baa-ab4a-0607f6ece402 req-4975c956-fc34-4978-8b3d-9bdf579be370 fce5a011465c4162ab50cb3cb70dda0f 19da8ca1200649dfbd17a5b567a365a5 - - default default] 10.0.0.72 "GET /v2.0/security-groups?name=tempest-lb_member_SG-127612925&fields=id&tenant_id=19da8ca1200649dfbd17a5b567a365a5 HTTP/1.1" status: 200 len: 267 time: 0.0558176
2026-04-14 06:52:33.518 10 INFO neutron.wsgi [req-61ba43ab-057e-4baa-ab4a-0607f6ece402 req-3bcdf1b9-f6e8-4d14-9acd-8fc4e86a5bc2 fce5a011465c4162ab50cb3cb70dda0f 19da8ca1200649dfbd17a5b567a365a5 - - default default] 10.0.0.72 "GET /v2.0/networks?id=d9f2322a-75f7-4e0f-a434-c94fcbe8f58d HTTP/1.1" status: 200 len: 904 time: 0.1187437
2026-04-14 06:52:33.534 9 WARNING neutron_lib.context [None req-1e649230-e495-4467-aa90-3afd37c85343 6d6ae2692e5e436d8bd76c547cc852c9 72df1f4b81ab435b8213be6a4e2a9aff - - default default] Method 'is_advsvc' is deprecated since 2023.2 release (neutron-lib 3.8.0) and will be removed once support for the old RBAC API policies will be removed from Neutron. Please use method 'is_service_role' instead.
2026-04-14 06:52:33.537 10 INFO neutron.wsgi [req-61ba43ab-057e-4baa-ab4a-0607f6ece402 req-090c34ee-779b-469b-8da2-cd277c5f8ac2 fce5a011465c4162ab50cb3cb70dda0f 19da8ca1200649dfbd17a5b567a365a5 - - default default] 10.0.0.72 "GET /v2.0/quotas/19da8ca1200649dfbd17a5b567a365a5 HTTP/1.1" status: 200 len: 386 time: 0.0124876
2026-04-14 06:52:33.757 10 INFO neutron.wsgi [req-61ba43ab-057e-4baa-ab4a-0607f6ece402 req-a4e6a68c-b5ab-4431-9abf-169a0717cbb9 fce5a011465c4162ab50cb3cb70dda0f 19da8ca1200649dfbd17a5b567a365a5 - - default default] 10.0.0.72 "GET /v2.0/ports?tenant_id=19da8ca1200649dfbd17a5b567a365a5&fields=id HTTP/1.1" status: 200 len: 486 time: 0.2150350
2026-04-14 06:52:33.805 9 WARNING neutron.scheduler.dhcp_agent_scheduler [None req-1e649230-e495-4467-aa90-3afd37c85343 6d6ae2692e5e436d8bd76c547cc852c9 72df1f4b81ab435b8213be6a4e2a9aff - - default default] No more DHCP agents
2026-04-14 06:52:33.806 9 WARNING neutron.api.rpc.agentnotifiers.dhcp_rpc_agent_api [None req-1e649230-e495-4467-aa90-3afd37c85343 6d6ae2692e5e436d8bd76c547cc852c9 72df1f4b81ab435b8213be6a4e2a9aff - - default default] Unable to schedule network 889f5795-88d7-46f7-9c2f-28e66ef80dff: no agents available; will retry on subsequent port and subnet creation events.
2026-04-14 06:52:33.837 10 INFO neutron.wsgi [req-61ba43ab-057e-4baa-ab4a-0607f6ece402 req-961b03a7-2001-40b1-9544-11c8572d3698 3c75dd45c996441fa726172e7c87476c 20c6709344df44d28735d48523711bad - - 50d5ba81f0dc4f2ab56814b6a00f312e 50d5ba81f0dc4f2ab56814b6a00f312e] 10.0.0.72 "GET /v2.0/networks/d9f2322a-75f7-4e0f-a434-c94fcbe8f58d?fields=segments HTTP/1.1" status: 200 len: 212 time: 0.0635889
2026-04-14 06:52:33.909 10 INFO neutron.wsgi [req-61ba43ab-057e-4baa-ab4a-0607f6ece402 req-275c7ffc-9d27-4514-bfef-dc72214d8aa1 3c75dd45c996441fa726172e7c87476c 20c6709344df44d28735d48523711bad - - 50d5ba81f0dc4f2ab56814b6a00f312e 50d5ba81f0dc4f2ab56814b6a00f312e] 10.0.0.72 "GET /v2.0/networks/d9f2322a-75f7-4e0f-a434-c94fcbe8f58d?fields=provider%3Aphysical_network&fields=provider%3Anetwork_type HTTP/1.1" status: 200 len: 277 time: 0.0650394
2026-04-14 06:52:34.080 9 INFO neutron.wsgi [req-15105dc2-d865-4aa1-936f-46c559d6701f req-f1e006dd-4974-4b4a-9c69-2cea114f1b69 fce5a011465c4162ab50cb3cb70dda0f 19da8ca1200649dfbd17a5b567a365a5 - - default default] 10.0.0.72 "GET /v2.0/ports?device_id=85e1d73d-d93f-49cf-b45a-3b4da97916b7 HTTP/1.1" status: 200 len: 210 time: 0.0217638
2026-04-14 06:52:34.140 9 INFO neutron.db.ovn_revision_numbers_db [None req-1e649230-e495-4467-aa90-3afd37c85343 6d6ae2692e5e436d8bd76c547cc852c9 72df1f4b81ab435b8213be6a4e2a9aff - - default default] Successfully bumped revision number for resource abc258af-1870-4ee1-87aa-1015775f76a7 (type: floatingips) to 0
2026-04-14 06:52:34.152 9 INFO neutron.wsgi [None req-1e649230-e495-4467-aa90-3afd37c85343 6d6ae2692e5e436d8bd76c547cc852c9 72df1f4b81ab435b8213be6a4e2a9aff - - default default] 10.0.0.159 "POST /v2.0/floatingips HTTP/1.1" status: 201 len: 751 time: 0.7984602
2026-04-14 06:52:34.199 9 INFO neutron.wsgi [None req-2c88418f-5199-4e79-a639-fd25094a022f 6d6ae2692e5e436d8bd76c547cc852c9 72df1f4b81ab435b8213be6a4e2a9aff - - default default] 10.0.0.159 "PUT /v2.0/floatingips/abc258af-1870-4ee1-87aa-1015775f76a7/tags HTTP/1.1" status: 200 len: 218 time: 0.0404680
2026-04-14 06:52:34.243 9 INFO neutron.wsgi [None req-b9f6b65a-0f60-4002-b56f-c5a901174f5e 6d6ae2692e5e436d8bd76c547cc852c9 72df1f4b81ab435b8213be6a4e2a9aff - - default default] 10.0.0.159 "GET /v2.0/floatingips/abc258af-1870-4ee1-87aa-1015775f76a7/tags HTTP/1.1" status: 200 len: 218 time: 0.0389216
2026-04-14 06:52:34.297 9 INFO neutron.wsgi [None req-3ed1e7f4-998a-44cc-b977-f93daf0c7022 6d6ae2692e5e436d8bd76c547cc852c9 72df1f4b81ab435b8213be6a4e2a9aff - - default default] 10.0.0.159 "PUT /v2.0/floatingips/abc258af-1870-4ee1-87aa-1015775f76a7/tags/green HTTP/1.1" status: 201 len: 201 time: 0.0439053
2026-04-14 06:52:34.331 9 INFO neutron.wsgi [None req-cf823c20-ba51-4257-a764-b6fc30d80f27 6d6ae2692e5e436d8bd76c547cc852c9 72df1f4b81ab435b8213be6a4e2a9aff - - default default] 10.0.0.159 "GET /v2.0/floatingips/abc258af-1870-4ee1-87aa-1015775f76a7/tags HTTP/1.1" status: 200 len: 227 time: 0.0274568
2026-04-14 06:52:34.379 9 INFO neutron.wsgi [None req-372f70b2-40ee-4502-9763-8582fb7465c2 6d6ae2692e5e436d8bd76c547cc852c9 72df1f4b81ab435b8213be6a4e2a9aff - - default default] 10.0.0.159 "PUT /v2.0/floatingips/abc258af-1870-4ee1-87aa-1015775f76a7/tags/red HTTP/1.1" status: 201 len: 201 time: 0.0397184
2026-04-14 06:52:34.418 9 INFO neutron.wsgi [None req-95c5186d-4653-4e9d-9c2a-bca4b0aa2634 6d6ae2692e5e436d8bd76c547cc852c9 72df1f4b81ab435b8213be6a4e2a9aff - - default default] 10.0.0.159 "GET /v2.0/floatingips/abc258af-1870-4ee1-87aa-1015775f76a7/tags HTTP/1.1" status: 200 len: 227 time: 0.0341618
2026-04-14 06:52:34.505 9 INFO neutron.wsgi [None req-ae56b08c-708f-40cd-a1b9-28c37d6cd7cc 6d6ae2692e5e436d8bd76c547cc852c9 72df1f4b81ab435b8213be6a4e2a9aff - - default default] 10.0.0.159 "PUT /v2.0/floatingips/abc258af-1870-4ee1-87aa-1015775f76a7/tags/black.or.white HTTP/1.1" status: 201 len: 201 time: 0.0710068
2026-04-14 06:52:34.568 9 INFO neutron.wsgi [None req-cd8f0ce5-bb66-4481-95cb-14f67a61233a 6d6ae2692e5e436d8bd76c547cc852c9 72df1f4b81ab435b8213be6a4e2a9aff - - default default] 10.0.0.159 "GET /v2.0/floatingips/abc258af-1870-4ee1-87aa-1015775f76a7/tags HTTP/1.1" status: 200 len: 245 time: 0.0570385
2026-04-14 06:52:34.621 9 INFO neutron.wsgi [None req-5bebe49a-b696-4099-a77c-fd44902570e1 6d6ae2692e5e436d8bd76c547cc852c9 72df1f4b81ab435b8213be6a4e2a9aff - - default default] 10.0.0.159 "PUT /v2.0/floatingips/abc258af-1870-4ee1-87aa-1015775f76a7/tags HTTP/1.1" status: 200 len: 230 time: 0.0463607
2026-04-14 06:52:34.667 9 INFO neutron.wsgi [None req-8404021a-13f5-40f2-9e48-df6da35d9941 6d6ae2692e5e436d8bd76c547cc852c9 72df1f4b81ab435b8213be6a4e2a9aff - - default default] 10.0.0.159 "GET /v2.0/floatingips/abc258af-1870-4ee1-87aa-1015775f76a7/tags HTTP/1.1" status: 200 len: 230 time: 0.0337989
2026-04-14 06:52:34.716 9 INFO neutron.wsgi [None req-965282b6-7d97-4627-aa97-25a0a04ac36d 6d6ae2692e5e436d8bd76c547cc852c9 72df1f4b81ab435b8213be6a4e2a9aff - - default default] 10.0.0.159 "GET /v2.0/floatingips/abc258af-1870-4ee1-87aa-1015775f76a7/tags/red HTTP/1.1" status: 204 len: 168 time: 0.0422835
2026-04-14 06:52:34.776 9 INFO neutron.api.v2.resource [None req-9b6c5b89-7786-4c23-9ead-607b12738a9f 6d6ae2692e5e436d8bd76c547cc852c9 72df1f4b81ab435b8213be6a4e2a9aff - - default default] show failed (client error): The resource could not be found.
2026-04-14 06:52:34.776 10 WARNING neutron_lib.context [None req-79140d09-1ed0-4013-81bc-c36d77e75c69 9f7f8bf1160e486e97966cc8dbfe6a9d d610e892751149dda7b5815be04e8eaf - - default default] Method 'is_advsvc' is deprecated since 2023.2 release (neutron-lib 3.8.0) and will be removed once support for the old RBAC API policies will be removed from Neutron. Please use method 'is_service_role' instead.
2026-04-14 06:52:34.777 9 INFO neutron.wsgi [None req-9b6c5b89-7786-4c23-9ead-607b12738a9f 6d6ae2692e5e436d8bd76c547cc852c9 72df1f4b81ab435b8213be6a4e2a9aff - - default default] 10.0.0.159 "GET /v2.0/floatingips/abc258af-1870-4ee1-87aa-1015775f76a7/tags/green HTTP/1.1" status: 404 len: 299 time: 0.0518835
2026-04-14 06:52:34.834 9 INFO neutron.wsgi [None req-139e5472-9491-48ea-b2ca-ba6120464027 6d6ae2692e5e436d8bd76c547cc852c9 72df1f4b81ab435b8213be6a4e2a9aff - - default default] 10.0.0.159 "DELETE /v2.0/floatingips/abc258af-1870-4ee1-87aa-1015775f76a7/tags/red HTTP/1.1" status: 204 len: 168 time: 0.0475352
2026-04-14 06:52:34.888 9 INFO neutron.wsgi [None req-6ab8bea9-a14c-4db5-bf89-50e4011cb3d0 6d6ae2692e5e436d8bd76c547cc852c9 72df1f4b81ab435b8213be6a4e2a9aff - - default default] 10.0.0.159 "GET /v2.0/floatingips/abc258af-1870-4ee1-87aa-1015775f76a7/tags HTTP/1.1" status: 200 len: 223 time: 0.0495203
2026-04-14 06:52:34.893 10 INFO neutron.wsgi [req-61ba43ab-057e-4baa-ab4a-0607f6ece402 req-a1b09cc5-337a-4dce-a5c2-8d780d42f32e fce5a011465c4162ab50cb3cb70dda0f 19da8ca1200649dfbd17a5b567a365a5 - - default default] 162.253.55.62 "GET /v2.0/networks?id=d9f2322a-75f7-4e0f-a434-c94fcbe8f58d HTTP/1.1" status: 200 len: 904 time: 0.0687304
2026-04-14 06:52:34.934 9 INFO neutron.api.v2.resource [None req-9b36160f-bf08-4870-bfa7-eecb563105a0 6d6ae2692e5e436d8bd76c547cc852c9 72df1f4b81ab435b8213be6a4e2a9aff - - default default] delete failed (client error): The resource could not be found.
2026-04-14 06:52:34.935 9 INFO neutron.wsgi [None req-9b36160f-bf08-4870-bfa7-eecb563105a0 6d6ae2692e5e436d8bd76c547cc852c9 72df1f4b81ab435b8213be6a4e2a9aff - - default default] 10.0.0.159 "DELETE /v2.0/floatingips/abc258af-1870-4ee1-87aa-1015775f76a7/tags/green HTTP/1.1" status: 404 len: 299 time: 0.0401070
2026-04-14 06:52:35.007 10 INFO neutron.wsgi [req-61ba43ab-057e-4baa-ab4a-0607f6ece402 req-6433ff49-27c8-4636-894b-09eafe0991de fce5a011465c4162ab50cb3cb70dda0f 19da8ca1200649dfbd17a5b567a365a5 - - default default] 162.253.55.62 "GET /v2.0/security-groups?fields=id&fields=name&tenant_id=19da8ca1200649dfbd17a5b567a365a5 HTTP/1.1" status: 200 len: 377 time: 0.1055982
2026-04-14 06:52:35.021 10 WARNING neutron_lib.context [req-61ba43ab-057e-4baa-ab4a-0607f6ece402 req-7692d37a-b688-4303-ac47-c1a52720a8ae fce5a011465c4162ab50cb3cb70dda0f 19da8ca1200649dfbd17a5b567a365a5 - - default default] Method 'is_advsvc' is deprecated since 2023.2 release (neutron-lib 3.8.0) and will be removed once support for the old RBAC API policies will be removed from Neutron. Please use method 'is_service_role' instead.
2026-04-14 06:52:35.023 10 INFO neutron.db.ovn_revision_numbers_db [None req-79140d09-1ed0-4013-81bc-c36d77e75c69 9f7f8bf1160e486e97966cc8dbfe6a9d d610e892751149dda7b5815be04e8eaf - - default default] Successfully bumped revision number for resource fa9ee6f9-cea6-4ba7-af8c-604b3e3c7970 (type: security_groups) to 1
2026-04-14 06:52:35.063 10 INFO neutron.wsgi [None req-fd6c711b-644b-4de8-9c8c-00999d5b9e96 6d6ae2692e5e436d8bd76c547cc852c9 72df1f4b81ab435b8213be6a4e2a9aff - - default default] 10.0.0.159 "DELETE /v2.0/floatingips/abc258af-1870-4ee1-87aa-1015775f76a7/tags HTTP/1.1" status: 204 len: 168 time: 0.1240244
2026-04-14 06:52:35.065 10 INFO neutron.db.ovn_revision_numbers_db [None req-79140d09-1ed0-4013-81bc-c36d77e75c69 9f7f8bf1160e486e97966cc8dbfe6a9d d610e892751149dda7b5815be04e8eaf - - default default] Successfully bumped revision number for resource 3e60861a-1c51-456a-ad9f-7907a357ac3e (type: security_group_rules) to 0
2026-04-14 06:52:35.084 10 INFO neutron.db.ovn_revision_numbers_db [None req-79140d09-1ed0-4013-81bc-c36d77e75c69 9f7f8bf1160e486e97966cc8dbfe6a9d d610e892751149dda7b5815be04e8eaf - - default default] Successfully bumped revision number for resource 8c9540d1-5ffa-4649-86aa-1523024fded2 (type: security_group_rules) to 0
2026-04-14 06:52:35.101 10 INFO neutron.db.ovn_revision_numbers_db [None req-79140d09-1ed0-4013-81bc-c36d77e75c69 9f7f8bf1160e486e97966cc8dbfe6a9d d610e892751149dda7b5815be04e8eaf - - default default] Successfully bumped revision number for resource 9cefe2b2-729e-459c-8f0b-08a289391528 (type: security_group_rules) to 0
2026-04-14 06:52:35.103 9 INFO neutron.wsgi [None req-926c4f6f-6d23-4064-b1b9-c01ef6ea51ad 6d6ae2692e5e436d8bd76c547cc852c9 72df1f4b81ab435b8213be6a4e2a9aff - - default default] 10.0.0.159 "GET /v2.0/floatingips/abc258af-1870-4ee1-87aa-1015775f76a7/tags HTTP/1.1" status: 200 len: 205 time: 0.0337691
2026-04-14 06:52:35.124 10 INFO neutron.db.ovn_revision_numbers_db [None req-79140d09-1ed0-4013-81bc-c36d77e75c69 9f7f8bf1160e486e97966cc8dbfe6a9d d610e892751149dda7b5815be04e8eaf - - default default] Successfully bumped revision number for resource ca89c89f-6c3c-41cf-adff-a8093d2f9652 (type: security_group_rules) to 0
2026-04-14 06:52:35.208 10 INFO neutron.db.segments_db [None req-79140d09-1ed0-4013-81bc-c36d77e75c69 9f7f8bf1160e486e97966cc8dbfe6a9d d610e892751149dda7b5815be04e8eaf - - default default] Added segment 314d60ca-cc72-4c02-9443-8c691faaa2e9 of type geneve for network 5c409f42-4dc9-4a53-93fb-f9f5663c303c
2026-04-14 06:52:35.425 10 INFO neutron.db.ovn_revision_numbers_db [None req-79140d09-1ed0-4013-81bc-c36d77e75c69 9f7f8bf1160e486e97966cc8dbfe6a9d d610e892751149dda7b5815be04e8eaf - - default default] Successfully bumped revision number for resource 5c409f42-4dc9-4a53-93fb-f9f5663c303c (type: networks) to 1
2026-04-14 06:52:35.485 9 INFO neutron.wsgi [None req-a40ac90f-6bbd-409a-adf0-25d37042d575 6d6ae2692e5e436d8bd76c547cc852c9 72df1f4b81ab435b8213be6a4e2a9aff - - default default] 10.0.0.159 "DELETE /v2.0/floatingips/abc258af-1870-4ee1-87aa-1015775f76a7 HTTP/1.1" status: 204 len: 168 time: 0.3748083
2026-04-14 06:52:35.592 10 WARNING neutron.scheduler.dhcp_agent_scheduler [req-61ba43ab-057e-4baa-ab4a-0607f6ece402 req-7692d37a-b688-4303-ac47-c1a52720a8ae fce5a011465c4162ab50cb3cb70dda0f 19da8ca1200649dfbd17a5b567a365a5 - - default default] No more DHCP agents
2026-04-14 06:52:35.598 10 WARNING neutron.api.rpc.agentnotifiers.dhcp_rpc_agent_api [req-61ba43ab-057e-4baa-ab4a-0607f6ece402 req-7692d37a-b688-4303-ac47-c1a52720a8ae fce5a011465c4162ab50cb3cb70dda0f 19da8ca1200649dfbd17a5b567a365a5 - - default default] Unable to schedule network d9f2322a-75f7-4e0f-a434-c94fcbe8f58d: no agents available; will retry on subsequent port and subnet creation events.
2026-04-14 06:52:35.696 10 WARNING neutron.scheduler.dhcp_agent_scheduler [None req-79140d09-1ed0-4013-81bc-c36d77e75c69 9f7f8bf1160e486e97966cc8dbfe6a9d d610e892751149dda7b5815be04e8eaf - - default default] No more DHCP agents
2026-04-14 06:52:35.701 10 WARNING neutron.api.rpc.agentnotifiers.dhcp_rpc_agent_api [None req-79140d09-1ed0-4013-81bc-c36d77e75c69 9f7f8bf1160e486e97966cc8dbfe6a9d d610e892751149dda7b5815be04e8eaf - - default default] Unable to schedule network 5c409f42-4dc9-4a53-93fb-f9f5663c303c: no agents available; will retry on subsequent port and subnet creation events.
2026-04-14 06:52:35.809 10 INFO neutron.db.ovn_revision_numbers_db [None req-79140d09-1ed0-4013-81bc-c36d77e75c69 9f7f8bf1160e486e97966cc8dbfe6a9d d610e892751149dda7b5815be04e8eaf - - default default] Successfully bumped revision number for resource e7a40962-561d-401c-bc91-c4d81d35b760 (type: ports) to 1
2026-04-14 06:52:35.832 10 INFO neutron.wsgi [None req-79140d09-1ed0-4013-81bc-c36d77e75c69 9f7f8bf1160e486e97966cc8dbfe6a9d d610e892751149dda7b5815be04e8eaf - - default default] 10.0.0.159 "POST /v2.0/networks HTTP/1.1" status: 201 len: 831 time: 1.2813833
2026-04-14 06:52:35.834 10 INFO neutron.db.ovn_revision_numbers_db [req-61ba43ab-057e-4baa-ab4a-0607f6ece402 req-7692d37a-b688-4303-ac47-c1a52720a8ae fce5a011465c4162ab50cb3cb70dda0f 19da8ca1200649dfbd17a5b567a365a5 - - default default] Successfully bumped revision number for resource 96686f42-bfaf-4647-b0e1-bb07228f9cdb (type: ports) to 1
2026-04-14 06:52:35.843 9 WARNING neutron_lib.context [None req-5dfa43d0-a77d-48c7-b39b-00122a9b30ef 9f7f8bf1160e486e97966cc8dbfe6a9d d610e892751149dda7b5815be04e8eaf - - default default] Method 'is_advsvc' is deprecated since 2023.2 release (neutron-lib 3.8.0) and will be removed once support for the old RBAC API policies will be removed from Neutron. Please use method 'is_service_role' instead.
2026-04-14 06:52:35.856 10 INFO neutron.wsgi [req-61ba43ab-057e-4baa-ab4a-0607f6ece402 req-7692d37a-b688-4303-ac47-c1a52720a8ae fce5a011465c4162ab50cb3cb70dda0f 19da8ca1200649dfbd17a5b567a365a5 - - default default] 162.253.55.62 "POST /v2.0/ports HTTP/1.1" status: 201 len: 1384 time: 0.8423102 /var/lib/openstack/lib/python3.10/site-packages/pycadf/identifier.py:71: UserWarning: Invalid uuid: neutron. To ensure interoperability, identifiers should be a valid uuid. warnings.warn(('Invalid uuid: %s. To ensure interoperability, '
2026-04-14 06:52:36.131 9 WARNING neutron.scheduler.dhcp_agent_scheduler [None req-5dfa43d0-a77d-48c7-b39b-00122a9b30ef 9f7f8bf1160e486e97966cc8dbfe6a9d d610e892751149dda7b5815be04e8eaf - - default default] No more DHCP agents
2026-04-14 06:52:36.133 9 WARNING neutron.api.rpc.agentnotifiers.dhcp_rpc_agent_api [None req-5dfa43d0-a77d-48c7-b39b-00122a9b30ef 9f7f8bf1160e486e97966cc8dbfe6a9d d610e892751149dda7b5815be04e8eaf - - default default] Unable to schedule network 5c409f42-4dc9-4a53-93fb-f9f5663c303c: no agents available; will retry on subsequent port and subnet creation events.
2026-04-14 06:52:36.284 10 INFO neutron.db.ovn_revision_numbers_db [req-61ba43ab-057e-4baa-ab4a-0607f6ece402 req-1f548c70-798b-4f3a-a733-790f91232831 3c75dd45c996441fa726172e7c87476c 20c6709344df44d28735d48523711bad - - 50d5ba81f0dc4f2ab56814b6a00f312e 50d5ba81f0dc4f2ab56814b6a00f312e] Successfully bumped revision number for resource 96686f42-bfaf-4647-b0e1-bb07228f9cdb (type: ports) to 2
2026-04-14 06:52:36.362 10 INFO neutron.wsgi [-] 10.0.0.208 "GET / HTTP/1.1" status: 200 len: 247 time: 0.0022135
2026-04-14 06:52:36.364 10 INFO neutron.wsgi [-] 10.0.0.208 "GET / HTTP/1.1" status: 200 len: 247 time: 0.0013006
2026-04-14 06:52:36.508 10 INFO neutron.db.ovn_revision_numbers_db [req-61ba43ab-057e-4baa-ab4a-0607f6ece402 req-1f548c70-798b-4f3a-a733-790f91232831 3c75dd45c996441fa726172e7c87476c 20c6709344df44d28735d48523711bad - - 50d5ba81f0dc4f2ab56814b6a00f312e 50d5ba81f0dc4f2ab56814b6a00f312e] Successfully bumped revision number for resource 96686f42-bfaf-4647-b0e1-bb07228f9cdb (type: ports) to 2
2026-04-14 06:52:36.527 10 INFO neutron.wsgi [req-61ba43ab-057e-4baa-ab4a-0607f6ece402 req-1f548c70-798b-4f3a-a733-790f91232831 3c75dd45c996441fa726172e7c87476c 20c6709344df44d28735d48523711bad - - 50d5ba81f0dc4f2ab56814b6a00f312e 50d5ba81f0dc4f2ab56814b6a00f312e] 162.253.55.62 "PUT /v2.0/ports/96686f42-bfaf-4647-b0e1-bb07228f9cdb HTTP/1.1" status: 200 len: 1601 time: 0.6653242
2026-04-14 06:52:36.566 10 INFO neutron.notifiers.nova [-] Nova event matching ['req-0a9ae061-f620-4f05-a6d5-3ca178f87eb2'] response: {'name': 'network-changed', 'server_uuid': '85e1d73d-d93f-49cf-b45a-3b4da97916b7', 'tag': '96686f42-bfaf-4647-b0e1-bb07228f9cdb', 'status': 'completed', 'code': 200} /var/lib/openstack/lib/python3.10/site-packages/pycadf/identifier.py:71: UserWarning: Invalid uuid: neutron. To ensure interoperability, identifiers should be a valid uuid. warnings.warn(('Invalid uuid: %s. To ensure interoperability, '
2026-04-14 06:52:36.602 10 INFO neutron.wsgi [req-61ba43ab-057e-4baa-ab4a-0607f6ece402 req-095cac43-8e78-4112-8a03-e1ddaa5212e7 3c75dd45c996441fa726172e7c87476c 20c6709344df44d28735d48523711bad - - 50d5ba81f0dc4f2ab56814b6a00f312e 50d5ba81f0dc4f2ab56814b6a00f312e] 162.253.55.62 "GET /v2.0/ports?tenant_id=19da8ca1200649dfbd17a5b567a365a5&device_id=85e1d73d-d93f-49cf-b45a-3b4da97916b7 HTTP/1.1" status: 200 len: 1632 time: 0.0347791
2026-04-14 06:52:36.634 10 INFO neutron.wsgi [req-61ba43ab-057e-4baa-ab4a-0607f6ece402 req-b9b6c0ed-7db5-442a-ac2f-ac95075a22c6 3c75dd45c996441fa726172e7c87476c 20c6709344df44d28735d48523711bad - - 50d5ba81f0dc4f2ab56814b6a00f312e 50d5ba81f0dc4f2ab56814b6a00f312e] 162.253.55.62 "GET /v2.0/floatingips?fixed_ip_address=10.2.1.72&port_id=96686f42-bfaf-4647-b0e1-bb07228f9cdb HTTP/1.1" status: 200 len: 217 time: 0.0249960
2026-04-14 06:52:36.664 10 INFO neutron.wsgi [req-61ba43ab-057e-4baa-ab4a-0607f6ece402 req-c3d6709e-7cab-417e-9c09-c6203b837253 3c75dd45c996441fa726172e7c87476c 20c6709344df44d28735d48523711bad - - 50d5ba81f0dc4f2ab56814b6a00f312e 50d5ba81f0dc4f2ab56814b6a00f312e] 162.253.55.62 "GET /v2.0/floatingips?fixed_ip_address=fd7b%3Af9f7%3Afff%3A4eca%3A%3A3b6&port_id=96686f42-bfaf-4647-b0e1-bb07228f9cdb HTTP/1.1" status: 200 len: 217 time: 0.0225799
2026-04-14 06:52:36.711 10 INFO neutron.wsgi [req-61ba43ab-057e-4baa-ab4a-0607f6ece402 req-fccb582c-e8d8-44f8-a457-e8e5256ad2b9 3c75dd45c996441fa726172e7c87476c 20c6709344df44d28735d48523711bad - - 50d5ba81f0dc4f2ab56814b6a00f312e 50d5ba81f0dc4f2ab56814b6a00f312e] 162.253.55.62 "GET /v2.0/subnets?id=9829ba40-01df-4b16-a1f2-f48fdd5e0021&id=f8f31790-ce0a-4dea-877d-f703367ccbbb HTTP/1.1" status: 200 len: 1563 time: 0.0404007
2026-04-14 06:52:36.713 9 INFO neutron.db.ovn_revision_numbers_db [None req-ca15c365-5d80-46c7-bee3-0297451cd56c 8e48e3dbd812419ca5004eea22056236 bed3f8109c6b496ab3a5d63ed409cf55 - - default default] Successfully bumped revision number for resource a574bf4a-617c-4c54-985f-5c1ee7d1d6a0 (type: security_groups) to 1
2026-04-14 06:52:36.734 9 INFO neutron.db.ovn_revision_numbers_db [None req-ca15c365-5d80-46c7-bee3-0297451cd56c 8e48e3dbd812419ca5004eea22056236 bed3f8109c6b496ab3a5d63ed409cf55 - - default default] Successfully bumped revision number for resource 7df13e13-75a1-4702-bfb5-72f7cdec4abd (type: security_group_rules) to 0
2026-04-14 06:52:36.765 9 INFO neutron.db.ovn_revision_numbers_db [None req-ca15c365-5d80-46c7-bee3-0297451cd56c 8e48e3dbd812419ca5004eea22056236 bed3f8109c6b496ab3a5d63ed409cf55 - - default default] Successfully bumped revision number for resource 7e055e5d-a587-4a1d-8ce0-352286514849 (type: security_group_rules) to 0
2026-04-14 06:52:36.798 9 INFO neutron.db.ovn_revision_numbers_db [None req-ca15c365-5d80-46c7-bee3-0297451cd56c 8e48e3dbd812419ca5004eea22056236 bed3f8109c6b496ab3a5d63ed409cf55 - - default default] Successfully bumped revision number for resource aaa1a327-0bc8-49c4-a8fa-51e8b901d5fb (type: security_group_rules) to 0
2026-04-14 06:52:36.823 9 INFO neutron.db.ovn_revision_numbers_db [None req-ca15c365-5d80-46c7-bee3-0297451cd56c 8e48e3dbd812419ca5004eea22056236 bed3f8109c6b496ab3a5d63ed409cf55 - - default default] Successfully bumped revision number for resource ad5406ba-f0cc-4888-88fb-1b6f53eac3b2 (type: security_group_rules) to 0
2026-04-14 06:52:36.847 9 INFO neutron.wsgi [None req-ca15c365-5d80-46c7-bee3-0297451cd56c 8e48e3dbd812419ca5004eea22056236 bed3f8109c6b496ab3a5d63ed409cf55 - - default default] 10.0.0.159 "GET /v2.0/security-groups?tenant_id=894b810d81654c3e9432d4776cb50f69&name=default HTTP/1.1" status: 200 len: 3000 time: 0.6422105
2026-04-14 06:52:36.961 10 INFO neutron.wsgi [req-61ba43ab-057e-4baa-ab4a-0607f6ece402 req-fbf65a0d-dc91-478e-a446-8ac75cf47701 3c75dd45c996441fa726172e7c87476c 20c6709344df44d28735d48523711bad - - 50d5ba81f0dc4f2ab56814b6a00f312e 50d5ba81f0dc4f2ab56814b6a00f312e] 162.253.55.62 "GET /v2.0/ports?network_id=d9f2322a-75f7-4e0f-a434-c94fcbe8f58d&device_owner=network%3Adhcp HTTP/1.1" status: 200 len: 210 time: 0.2428572
2026-04-14 06:52:36.993 10 INFO neutron.wsgi [req-61ba43ab-057e-4baa-ab4a-0607f6ece402 req-34542f8d-b947-4cda-821e-0b83b9a50cdb 3c75dd45c996441fa726172e7c87476c 20c6709344df44d28735d48523711bad - - 50d5ba81f0dc4f2ab56814b6a00f312e 50d5ba81f0dc4f2ab56814b6a00f312e] 162.253.55.62 "GET /v2.0/ports?network_id=d9f2322a-75f7-4e0f-a434-c94fcbe8f58d&device_owner=network%3Adhcp HTTP/1.1" status: 200 len: 210 time: 0.0239787
2026-04-14 06:52:37.026 9 INFO neutron.db.ovn_revision_numbers_db [None req-5dfa43d0-a77d-48c7-b39b-00122a9b30ef 9f7f8bf1160e486e97966cc8dbfe6a9d d610e892751149dda7b5815be04e8eaf - - default default] Successfully bumped revision number for resource e7a40962-561d-401c-bc91-c4d81d35b760 (type: ports) to 2
2026-04-14 06:52:37.063 10 WARNING neutron.plugins.ml2.drivers.ovn.mech_driver.ovsdb.ovn_client [None req-3be24af8-912c-4216-9038-2fc1fe89e298 - - - - - -] No hosting information found for port 12c69d74-b8f6-4f0e-9d88-7125b2718b50: RuntimeError: No hosting information found for port 12c69d74-b8f6-4f0e-9d88-7125b2718b50
2026-04-14 06:52:37.063 10 INFO neutron.plugins.ml2.drivers.ovn.mech_driver.mech_driver [None req-3be24af8-912c-4216-9038-2fc1fe89e298 - - - - - -] OVN reports status up for port: b96698bc-3a8f-4462-8ed4-9bac4b5e9b9e
2026-04-14 06:52:37.067 10 INFO neutron.wsgi [req-61ba43ab-057e-4baa-ab4a-0607f6ece402 req-c4720068-d800-43c9-93f3-dd45d3818304 3c75dd45c996441fa726172e7c87476c 20c6709344df44d28735d48523711bad - - 50d5ba81f0dc4f2ab56814b6a00f312e 50d5ba81f0dc4f2ab56814b6a00f312e] 162.253.55.62 "GET /v2.0/networks/d9f2322a-75f7-4e0f-a434-c94fcbe8f58d?fields=segments HTTP/1.1" status: 200 len: 212 time: 0.0662634
2026-04-14 06:52:37.070 9 INFO neutron.db.ovn_revision_numbers_db [None req-5dfa43d0-a77d-48c7-b39b-00122a9b30ef 9f7f8bf1160e486e97966cc8dbfe6a9d d610e892751149dda7b5815be04e8eaf - - default default] Successfully bumped revision number for resource 68543788-7e5b-4be2-8b9e-0c7294c7382c (type: subnets) to 0
2026-04-14 06:52:37.071 10 INFO neutron.plugins.ml2.plugin [None req-3be24af8-912c-4216-9038-2fc1fe89e298 - - - - - -] Attempt 1 to provision port b96698bc-3a8f-4462-8ed4-9bac4b5e9b9e
2026-04-14 06:52:37.088 9 INFO neutron.wsgi [None req-5dfa43d0-a77d-48c7-b39b-00122a9b30ef 9f7f8bf1160e486e97966cc8dbfe6a9d d610e892751149dda7b5815be04e8eaf - - default default] 10.0.0.159 "POST /v2.0/subnets HTTP/1.1" status: 201 len: 801 time: 1.2497542
2026-04-14 06:52:37.101 9 WARNING neutron_lib.context [None req-c1089717-9b8c-47c0-8125-0adc1d4218ce 9f7f8bf1160e486e97966cc8dbfe6a9d d610e892751149dda7b5815be04e8eaf - - default default] Method 'is_advsvc' is deprecated since 2023.2 release (neutron-lib 3.8.0) and will be removed once support for the old RBAC API policies will be removed from Neutron. Please use method 'is_service_role' instead.
2026-04-14 06:52:37.135 9 INFO neutron.wsgi [None req-8f97e54b-1c08-4e86-a45b-2358e39c35c4 8e48e3dbd812419ca5004eea22056236 bed3f8109c6b496ab3a5d63ed409cf55 - - default default] 10.0.0.159 "DELETE /v2.0/security-groups/a574bf4a-617c-4c54-985f-5c1ee7d1d6a0 HTTP/1.1" status: 204 len: 168 time: 0.2813177
2026-04-14 06:52:37.141 10 INFO neutron.wsgi [req-61ba43ab-057e-4baa-ab4a-0607f6ece402 req-fa56206e-e6fa-4685-b294-c0bb7865dc38 3c75dd45c996441fa726172e7c87476c 20c6709344df44d28735d48523711bad - - 50d5ba81f0dc4f2ab56814b6a00f312e 50d5ba81f0dc4f2ab56814b6a00f312e] 162.253.55.62 "GET /v2.0/networks/d9f2322a-75f7-4e0f-a434-c94fcbe8f58d?fields=provider%3Aphysical_network&fields=provider%3Anetwork_type HTTP/1.1" status: 200 len: 277 time: 0.0691910
2026-04-14 06:52:37.194 9 INFO neutron.db.segments_db [None req-c1089717-9b8c-47c0-8125-0adc1d4218ce 9f7f8bf1160e486e97966cc8dbfe6a9d d610e892751149dda7b5815be04e8eaf - - default default] Added segment 911da040-cce7-44e3-8999-6eefa903996d of type geneve for network bf0ab711-ab49-483a-a24e-efd9fbfaaf95
2026-04-14 06:52:37.241 10 INFO neutron.wsgi [req-843812dd-f967-45d3-8aa3-3233d77cde76 req-85ef7d06-1cf4-4e2f-ab3e-837499eabccb 3c75dd45c996441fa726172e7c87476c 20c6709344df44d28735d48523711bad - - 50d5ba81f0dc4f2ab56814b6a00f312e 50d5ba81f0dc4f2ab56814b6a00f312e] 162.253.55.62 "GET /v2.0/ports?tenant_id=19da8ca1200649dfbd17a5b567a365a5&device_id=85e1d73d-d93f-49cf-b45a-3b4da97916b7 HTTP/1.1" status: 200 len: 1632 time: 0.0525076
2026-04-14 06:52:37.340 10 INFO neutron.wsgi [req-843812dd-f967-45d3-8aa3-3233d77cde76 req-5badda36-8988-4836-b9d4-a5d135b3de39 3c75dd45c996441fa726172e7c87476c 20c6709344df44d28735d48523711bad - - 50d5ba81f0dc4f2ab56814b6a00f312e 50d5ba81f0dc4f2ab56814b6a00f312e] 162.253.55.62 "GET /v2.0/networks?id=d9f2322a-75f7-4e0f-a434-c94fcbe8f58d HTTP/1.1" status: 200 len: 1003 time: 0.0917344
