2026-04-14 06:52:37.394 10 INFO neutron.wsgi [req-843812dd-f967-45d3-8aa3-3233d77cde76 req-72fe5e19-a3bc-4478-951f-5f127ea975a3 3c75dd45c996441fa726172e7c87476c 20c6709344df44d28735d48523711bad - - 50d5ba81f0dc4f2ab56814b6a00f312e 50d5ba81f0dc4f2ab56814b6a00f312e] 162.253.55.62 "GET /v2.0/floatingips?fixed_ip_address=10.2.1.72&port_id=96686f42-bfaf-4647-b0e1-bb07228f9cdb HTTP/1.1" status: 200 len: 217 time: 0.0460429
2026-04-14 06:52:37.404 9 INFO neutron.db.ovn_revision_numbers_db [None req-c1089717-9b8c-47c0-8125-0adc1d4218ce 9f7f8bf1160e486e97966cc8dbfe6a9d d610e892751149dda7b5815be04e8eaf - - default default] Successfully bumped revision number for resource bf0ab711-ab49-483a-a24e-efd9fbfaaf95 (type: networks) to 1
2026-04-14 06:52:37.447 10 INFO neutron.wsgi [req-843812dd-f967-45d3-8aa3-3233d77cde76 req-6c21b01d-db5e-4b1b-9fd5-955b3ccd0b91 3c75dd45c996441fa726172e7c87476c 20c6709344df44d28735d48523711bad - - 50d5ba81f0dc4f2ab56814b6a00f312e 50d5ba81f0dc4f2ab56814b6a00f312e] 162.253.55.62 "GET /v2.0/floatingips?fixed_ip_address=fd7b%3Af9f7%3Afff%3A4eca%3A%3A3b6&port_id=96686f42-bfaf-4647-b0e1-bb07228f9cdb HTTP/1.1" status: 200 len: 217 time: 0.0487957
2026-04-14 06:52:37.513 10 INFO neutron.wsgi [req-843812dd-f967-45d3-8aa3-3233d77cde76 req-61135b3f-c895-4eaf-aba7-985a4aa5bf18 3c75dd45c996441fa726172e7c87476c 20c6709344df44d28735d48523711bad - - 50d5ba81f0dc4f2ab56814b6a00f312e 50d5ba81f0dc4f2ab56814b6a00f312e] 162.253.55.62 "GET /v2.0/subnets?id=9829ba40-01df-4b16-a1f2-f48fdd5e0021&id=f8f31790-ce0a-4dea-877d-f703367ccbbb HTTP/1.1" status: 200 len: 1563 time: 0.0566528
2026-04-14 06:52:37.532 10 INFO neutron.db.ovn_revision_numbers_db [None req-6cd3a77d-b3ac-42f2-a2c1-377d0656c799 8e48e3dbd812419ca5004eea22056236 bed3f8109c6b496ab3a5d63ed409cf55 - - default default] Successfully bumped revision number for resource 6aab12c6-f603-4301-9b72-4956f8e75431 (type: security_groups) to 1
2026-04-14 06:52:37.546 10 INFO neutron.wsgi [req-843812dd-f967-45d3-8aa3-3233d77cde76 req-a3adc12c-ed9d-4f81-b8b1-532ed971a0f9 3c75dd45c996441fa726172e7c87476c 20c6709344df44d28735d48523711bad - - 50d5ba81f0dc4f2ab56814b6a00f312e 50d5ba81f0dc4f2ab56814b6a00f312e] 162.253.55.62 "GET /v2.0/ports?network_id=d9f2322a-75f7-4e0f-a434-c94fcbe8f58d&device_owner=network%3Adhcp HTTP/1.1" status: 200 len: 210 time: 0.0275962
2026-04-14 06:52:37.571 10 INFO neutron.db.ovn_revision_numbers_db [None req-3be24af8-912c-4216-9038-2fc1fe89e298 - - - - - -] Successfully bumped revision number for resource b96698bc-3a8f-4462-8ed4-9bac4b5e9b9e (type: ports) to 2
2026-04-14 06:52:37.583 10 INFO neutron.wsgi [req-843812dd-f967-45d3-8aa3-3233d77cde76 req-803e8c49-4e6e-4b8b-b80d-3f6fee7ac145 3c75dd45c996441fa726172e7c87476c 20c6709344df44d28735d48523711bad - - 50d5ba81f0dc4f2ab56814b6a00f312e 50d5ba81f0dc4f2ab56814b6a00f312e] 162.253.55.62 "GET /v2.0/ports?network_id=d9f2322a-75f7-4e0f-a434-c94fcbe8f58d&device_owner=network%3Adhcp HTTP/1.1" status: 200 len: 210 time: 0.0296304
2026-04-14 06:52:37.587 10 INFO neutron.db.ovn_revision_numbers_db [None req-6cd3a77d-b3ac-42f2-a2c1-377d0656c799 8e48e3dbd812419ca5004eea22056236 bed3f8109c6b496ab3a5d63ed409cf55 - - default default] Successfully bumped revision number for resource 4a8f4601-8806-4389-ad5f-28fd16c7a230 (type: security_group_rules) to 0
2026-04-14 06:52:37.627 9 WARNING neutron.scheduler.dhcp_agent_scheduler [None req-c1089717-9b8c-47c0-8125-0adc1d4218ce 9f7f8bf1160e486e97966cc8dbfe6a9d d610e892751149dda7b5815be04e8eaf - - default default] No more DHCP agents
2026-04-14 06:52:37.628 10 INFO neutron.db.ovn_revision_numbers_db [None req-6cd3a77d-b3ac-42f2-a2c1-377d0656c799 8e48e3dbd812419ca5004eea22056236 bed3f8109c6b496ab3a5d63ed409cf55 - - default default] Successfully bumped revision number for resource 5e2a624c-67e6-4a35-abfb-1ca27c8aa9b1 (type: security_group_rules) to 0
2026-04-14 06:52:37.630 9 WARNING neutron.api.rpc.agentnotifiers.dhcp_rpc_agent_api [None req-c1089717-9b8c-47c0-8125-0adc1d4218ce 9f7f8bf1160e486e97966cc8dbfe6a9d d610e892751149dda7b5815be04e8eaf - - default default] Unable to schedule network bf0ab711-ab49-483a-a24e-efd9fbfaaf95: no agents available; will retry on subsequent port and subnet creation events.
2026-04-14 06:52:37.659 10 INFO neutron.db.ovn_revision_numbers_db [None req-6cd3a77d-b3ac-42f2-a2c1-377d0656c799 8e48e3dbd812419ca5004eea22056236 bed3f8109c6b496ab3a5d63ed409cf55 - - default default] Successfully bumped revision number for resource 93dc6883-de3e-45a8-8676-4b2d77d03da1 (type: security_group_rules) to 0
2026-04-14 06:52:37.695 10 INFO neutron.db.ovn_revision_numbers_db [None req-6cd3a77d-b3ac-42f2-a2c1-377d0656c799 8e48e3dbd812419ca5004eea22056236 bed3f8109c6b496ab3a5d63ed409cf55 - - default default] Successfully bumped revision number for resource b99cd0eb-28a9-4028-bb07-6eb075908fb6 (type: security_group_rules) to 0
2026-04-14 06:52:37.704 10 INFO neutron.wsgi [req-843812dd-f967-45d3-8aa3-3233d77cde76 req-68e93f94-1d00-48f5-b6ec-4a278ad3025b 3c75dd45c996441fa726172e7c87476c 20c6709344df44d28735d48523711bad - - 50d5ba81f0dc4f2ab56814b6a00f312e 50d5ba81f0dc4f2ab56814b6a00f312e] 162.253.55.62 "GET /v2.0/networks/d9f2322a-75f7-4e0f-a434-c94fcbe8f58d?fields=segments HTTP/1.1" status: 200 len: 212 time: 0.1031456
2026-04-14 06:52:37.713 9 INFO neutron.db.ovn_revision_numbers_db [None req-c1089717-9b8c-47c0-8125-0adc1d4218ce 9f7f8bf1160e486e97966cc8dbfe6a9d d610e892751149dda7b5815be04e8eaf - - default default] Successfully bumped revision number for resource 420c650a-8960-4cbf-b136-b472de85051a (type: ports) to 1
2026-04-14 06:52:37.715 10 INFO neutron.db.ovn_revision_numbers_db [None req-3be24af8-912c-4216-9038-2fc1fe89e298 - - - - - -] Successfully bumped revision number for resource b96698bc-3a8f-4462-8ed4-9bac4b5e9b9e (type: router_ports) to 2
2026-04-14 06:52:37.727 10 INFO neutron.wsgi [None req-6cd3a77d-b3ac-42f2-a2c1-377d0656c799 8e48e3dbd812419ca5004eea22056236 bed3f8109c6b496ab3a5d63ed409cf55 - - default default] 10.0.0.159 "GET /v2.0/security-groups?tenant_id=72df1f4b81ab435b8213be6a4e2a9aff&name=default HTTP/1.1" status: 200 len: 3000 time: 0.4623408
2026-04-14 06:52:37.741 9 INFO neutron.wsgi [None req-c1089717-9b8c-47c0-8125-0adc1d4218ce 9f7f8bf1160e486e97966cc8dbfe6a9d d610e892751149dda7b5815be04e8eaf - - default default] 10.0.0.159 "POST /v2.0/networks HTTP/1.1" status: 201 len: 830 time: 0.6476247
2026-04-14 06:52:37.752 10 WARNING neutron_lib.context [None req-93784b32-fd73-4263-b3c6-330762869eff 9f7f8bf1160e486e97966cc8dbfe6a9d d610e892751149dda7b5815be04e8eaf - - default default] Method 'is_advsvc' is deprecated since 2023.2 release (neutron-lib 3.8.0) and will be removed once support for the old RBAC API policies will be removed from Neutron. Please use method 'is_service_role' instead.
2026-04-14 06:52:37.827 10 INFO neutron.wsgi [req-843812dd-f967-45d3-8aa3-3233d77cde76 req-5d311dda-992a-4484-8f06-3ec7b7ac042f 3c75dd45c996441fa726172e7c87476c 20c6709344df44d28735d48523711bad - - 50d5ba81f0dc4f2ab56814b6a00f312e 50d5ba81f0dc4f2ab56814b6a00f312e] 162.253.55.62 "GET /v2.0/networks/d9f2322a-75f7-4e0f-a434-c94fcbe8f58d?fields=provider%3Aphysical_network&fields=provider%3Anetwork_type HTTP/1.1" status: 200 len: 277 time: 0.1159878
2026-04-14 06:52:37.916 9 INFO neutron.wsgi [None req-9164ed4b-6d67-43bc-99de-9cdcc635d42b 8e48e3dbd812419ca5004eea22056236 bed3f8109c6b496ab3a5d63ed409cf55 - - default default] 10.0.0.159 "DELETE /v2.0/security-groups/6aab12c6-f603-4301-9b72-4956f8e75431 HTTP/1.1" status: 204 len: 168 time: 0.1835186
2026-04-14 06:52:38.015 10 WARNING neutron.scheduler.dhcp_agent_scheduler [None req-93784b32-fd73-4263-b3c6-330762869eff 9f7f8bf1160e486e97966cc8dbfe6a9d d610e892751149dda7b5815be04e8eaf - - default default] No more DHCP agents
2026-04-14 06:52:38.017 10 WARNING neutron.api.rpc.agentnotifiers.dhcp_rpc_agent_api [None req-93784b32-fd73-4263-b3c6-330762869eff 9f7f8bf1160e486e97966cc8dbfe6a9d d610e892751149dda7b5815be04e8eaf - - default default] Unable to schedule network bf0ab711-ab49-483a-a24e-efd9fbfaaf95: no agents available; will retry on subsequent port and subnet creation events.
2026-04-14 06:52:38.586 10 INFO neutron.db.ovn_revision_numbers_db [None req-93784b32-fd73-4263-b3c6-330762869eff 9f7f8bf1160e486e97966cc8dbfe6a9d d610e892751149dda7b5815be04e8eaf - - default default] Successfully bumped revision number for resource 420c650a-8960-4cbf-b136-b472de85051a (type: ports) to 2
2026-04-14 06:52:38.620 10 INFO neutron.db.ovn_revision_numbers_db [None req-93784b32-fd73-4263-b3c6-330762869eff 9f7f8bf1160e486e97966cc8dbfe6a9d d610e892751149dda7b5815be04e8eaf - - default default] Successfully bumped revision number for resource a8412965-0c51-4b71-ad10-e239e0442547 (type: subnets) to 0
2026-04-14 06:52:38.637 10 INFO neutron.wsgi [None req-93784b32-fd73-4263-b3c6-330762869eff 9f7f8bf1160e486e97966cc8dbfe6a9d d610e892751149dda7b5815be04e8eaf - - default default] 10.0.0.159 "POST /v2.0/subnets HTTP/1.1" status: 201 len: 804 time: 0.8896894
2026-04-14 06:52:38.648 10 WARNING neutron_lib.context [None req-f7b4eb0c-278b-4356-8b03-acc8c74a08fc 9f7f8bf1160e486e97966cc8dbfe6a9d d610e892751149dda7b5815be04e8eaf - - default default] Method 'is_advsvc' is deprecated since 2023.2 release (neutron-lib 3.8.0) and will be removed once support for the old RBAC API policies will be removed from Neutron. Please use method 'is_service_role' instead.
2026-04-14 06:52:38.727 10 INFO neutron.db.segments_db [None req-f7b4eb0c-278b-4356-8b03-acc8c74a08fc 9f7f8bf1160e486e97966cc8dbfe6a9d d610e892751149dda7b5815be04e8eaf - - default default] Added segment 4c755d01-448d-4424-936b-3aa655a484b1 of type geneve for network 029c9394-42a9-459d-9b2c-856de40a316d
2026-04-14 06:52:38.879 10 INFO neutron.db.ovn_revision_numbers_db [None req-f7b4eb0c-278b-4356-8b03-acc8c74a08fc 9f7f8bf1160e486e97966cc8dbfe6a9d d610e892751149dda7b5815be04e8eaf - - default default] Successfully bumped revision number for resource 029c9394-42a9-459d-9b2c-856de40a316d (type: networks) to 1
2026-04-14 06:52:39.079 10 WARNING neutron.scheduler.dhcp_agent_scheduler [None req-f7b4eb0c-278b-4356-8b03-acc8c74a08fc 9f7f8bf1160e486e97966cc8dbfe6a9d d610e892751149dda7b5815be04e8eaf - - default default] No more DHCP agents
2026-04-14 06:52:39.080 10 WARNING neutron.api.rpc.agentnotifiers.dhcp_rpc_agent_api [None req-f7b4eb0c-278b-4356-8b03-acc8c74a08fc 9f7f8bf1160e486e97966cc8dbfe6a9d d610e892751149dda7b5815be04e8eaf - - default default] Unable to schedule network 029c9394-42a9-459d-9b2c-856de40a316d: no agents available; will retry on subsequent port and subnet creation events.
2026-04-14 06:52:39.174 10 INFO neutron.db.ovn_revision_numbers_db [None req-f7b4eb0c-278b-4356-8b03-acc8c74a08fc 9f7f8bf1160e486e97966cc8dbfe6a9d d610e892751149dda7b5815be04e8eaf - - default default] Successfully bumped revision number for resource c126eed8-c442-4cbe-9bd6-362464c56d3e (type: ports) to 1
2026-04-14 06:52:39.200 10 INFO neutron.wsgi [None req-f7b4eb0c-278b-4356-8b03-acc8c74a08fc 9f7f8bf1160e486e97966cc8dbfe6a9d d610e892751149dda7b5815be04e8eaf - - default default] 10.0.0.159 "POST /v2.0/networks HTTP/1.1" status: 201 len: 830 time: 0.5570948
2026-04-14 06:52:39.210 10 WARNING neutron_lib.context [None req-6cc37018-88bb-4f0b-9285-cc729e99ab33 9f7f8bf1160e486e97966cc8dbfe6a9d d610e892751149dda7b5815be04e8eaf - - default default] Method 'is_advsvc' is deprecated since 2023.2 release (neutron-lib 3.8.0) and will be removed once support for the old RBAC API policies will be removed from Neutron. Please use method 'is_service_role' instead.
2026-04-14 06:52:39.246 9 INFO neutron.wsgi [req-efd6fa35-726e-4f66-bca3-0c001c7dc4c0 req-2402fa4e-0231-45a4-a020-a7c8b6314cf3 fce5a011465c4162ab50cb3cb70dda0f 19da8ca1200649dfbd17a5b567a365a5 - - default default] 10.0.0.72 "GET /v2.0/ports?device_id=85e1d73d-d93f-49cf-b45a-3b4da97916b7 HTTP/1.1" status: 200 len: 1394 time: 0.0904372
2026-04-14 06:52:39.298 9 INFO neutron.wsgi [req-efd6fa35-726e-4f66-bca3-0c001c7dc4c0 req-5b07ce11-035d-45c1-8fb2-6feb59c3b1ae fce5a011465c4162ab50cb3cb70dda0f 19da8ca1200649dfbd17a5b567a365a5 - - default default] 10.0.0.72 "GET /v2.0/security-groups?id=8a437bf9-972c-4bef-a1a2-5c0b18270079&fields=id&fields=name HTTP/1.1" status: 200 len: 310 time: 0.0464382
2026-04-14 06:52:39.464 10 WARNING neutron.scheduler.dhcp_agent_scheduler [None req-6cc37018-88bb-4f0b-9285-cc729e99ab33 9f7f8bf1160e486e97966cc8dbfe6a9d d610e892751149dda7b5815be04e8eaf - - default default] No more DHCP agents
2026-04-14 06:52:39.467 10 WARNING neutron.api.rpc.agentnotifiers.dhcp_rpc_agent_api [None req-6cc37018-88bb-4f0b-9285-cc729e99ab33 9f7f8bf1160e486e97966cc8dbfe6a9d d610e892751149dda7b5815be04e8eaf - - default default] Unable to schedule network 029c9394-42a9-459d-9b2c-856de40a316d: no agents available; will retry on subsequent port and subnet creation events.
2026-04-14 06:52:39.930 10 INFO neutron.db.ovn_revision_numbers_db [None req-6cc37018-88bb-4f0b-9285-cc729e99ab33 9f7f8bf1160e486e97966cc8dbfe6a9d d610e892751149dda7b5815be04e8eaf - - default default] Successfully bumped revision number for resource c126eed8-c442-4cbe-9bd6-362464c56d3e (type: ports) to 2
2026-04-14 06:52:39.965 10 INFO neutron.db.ovn_revision_numbers_db [None req-6cc37018-88bb-4f0b-9285-cc729e99ab33 9f7f8bf1160e486e97966cc8dbfe6a9d d610e892751149dda7b5815be04e8eaf - - default default] Successfully bumped revision number for resource dd231c22-d1d8-4dfe-9bbd-b3a1d4e7e3f6 (type: subnets) to 0
2026-04-14 06:52:39.987 10 INFO neutron.wsgi [None req-6cc37018-88bb-4f0b-9285-cc729e99ab33 9f7f8bf1160e486e97966cc8dbfe6a9d d610e892751149dda7b5815be04e8eaf - - default default] 10.0.0.159 "POST /v2.0/subnets HTTP/1.1" status: 201 len: 804 time: 0.7819307
2026-04-14 06:52:39.997 10 WARNING neutron_lib.context [None req-c81ead7e-b17b-4125-a0e4-d405f2573305 9f7f8bf1160e486e97966cc8dbfe6a9d d610e892751149dda7b5815be04e8eaf - - default default] Method 'is_advsvc' is deprecated since 2023.2 release (neutron-lib 3.8.0) and will be removed once support for the old RBAC API policies will be removed from Neutron. Please use method 'is_service_role' instead.
2026-04-14 06:52:40.071 10 INFO neutron.db.segments_db [None req-c81ead7e-b17b-4125-a0e4-d405f2573305 9f7f8bf1160e486e97966cc8dbfe6a9d d610e892751149dda7b5815be04e8eaf - - default default] Added segment 6f0931e3-cd90-4405-a5ac-8f50fdecf065 of type geneve for network fb89d64f-4fa3-4c5a-a1af-ac9d6e225c24
2026-04-14 06:52:40.207 10 INFO neutron.db.ovn_revision_numbers_db [None req-c81ead7e-b17b-4125-a0e4-d405f2573305 9f7f8bf1160e486e97966cc8dbfe6a9d d610e892751149dda7b5815be04e8eaf - - default default] Successfully bumped revision number for resource fb89d64f-4fa3-4c5a-a1af-ac9d6e225c24 (type: networks) to 1
2026-04-14 06:52:40.413 10 WARNING neutron.scheduler.dhcp_agent_scheduler [None req-c81ead7e-b17b-4125-a0e4-d405f2573305 9f7f8bf1160e486e97966cc8dbfe6a9d d610e892751149dda7b5815be04e8eaf - - default default] No more DHCP agents
2026-04-14 06:52:40.415 10 WARNING neutron.api.rpc.agentnotifiers.dhcp_rpc_agent_api [None req-c81ead7e-b17b-4125-a0e4-d405f2573305 9f7f8bf1160e486e97966cc8dbfe6a9d d610e892751149dda7b5815be04e8eaf - - default default] Unable to schedule network fb89d64f-4fa3-4c5a-a1af-ac9d6e225c24: no agents available; will retry on subsequent port and subnet creation events.
2026-04-14 06:52:40.531 10 INFO neutron.db.ovn_revision_numbers_db [None req-c81ead7e-b17b-4125-a0e4-d405f2573305 9f7f8bf1160e486e97966cc8dbfe6a9d d610e892751149dda7b5815be04e8eaf - - default default] Successfully bumped revision number for resource 0a5faf16-01fa-48a2-b767-f5866c2edb41 (type: ports) to 1
2026-04-14 06:52:40.561 10 INFO neutron.wsgi [None req-c81ead7e-b17b-4125-a0e4-d405f2573305 9f7f8bf1160e486e97966cc8dbfe6a9d d610e892751149dda7b5815be04e8eaf - - default default] 10.0.0.159 "POST /v2.0/networks HTTP/1.1" status: 201 len: 831 time: 0.5686889
2026-04-14 06:52:40.574 10 WARNING neutron_lib.context [None req-692bf650-7109-4348-90f1-b120ef2515be 9f7f8bf1160e486e97966cc8dbfe6a9d d610e892751149dda7b5815be04e8eaf - - default default] Method 'is_advsvc' is deprecated since 2023.2 release (neutron-lib 3.8.0) and will be removed once support for the old RBAC API policies will be removed from Neutron. Please use method 'is_service_role' instead.
2026-04-14 06:52:40.850 10 WARNING neutron.scheduler.dhcp_agent_scheduler [None req-692bf650-7109-4348-90f1-b120ef2515be 9f7f8bf1160e486e97966cc8dbfe6a9d d610e892751149dda7b5815be04e8eaf - - default default] No more DHCP agents
2026-04-14 06:52:40.853 10 WARNING neutron.api.rpc.agentnotifiers.dhcp_rpc_agent_api [None req-692bf650-7109-4348-90f1-b120ef2515be 9f7f8bf1160e486e97966cc8dbfe6a9d d610e892751149dda7b5815be04e8eaf - - default default] Unable to schedule network fb89d64f-4fa3-4c5a-a1af-ac9d6e225c24: no agents available; will retry on subsequent port and subnet creation events.
2026-04-14 06:52:41.250 9 WARNING neutron_lib.context [None req-cbfb91df-a74b-4b5f-ab08-af380df5c9fe 928e16be30f546beb5e190009beda085 48fa4cdab4ce4332b353c212217ae4bd - - default default] Method 'is_advsvc' is deprecated since 2023.2 release (neutron-lib 3.8.0) and will be removed once support for the old RBAC API policies will be removed from Neutron. Please use method 'is_service_role' instead.
2026-04-14 06:52:41.369 10 INFO neutron.db.ovn_revision_numbers_db [None req-692bf650-7109-4348-90f1-b120ef2515be 9f7f8bf1160e486e97966cc8dbfe6a9d d610e892751149dda7b5815be04e8eaf - - default default] Successfully bumped revision number for resource 0a5faf16-01fa-48a2-b767-f5866c2edb41 (type: ports) to 2
2026-04-14 06:52:41.410 9 INFO neutron.db.ovn_revision_numbers_db [None req-cbfb91df-a74b-4b5f-ab08-af380df5c9fe 928e16be30f546beb5e190009beda085 48fa4cdab4ce4332b353c212217ae4bd - - default default] Successfully bumped revision number for resource 74379e2b-a89c-4e8c-981a-7b6222e80136 (type: security_groups) to 1
2026-04-14 06:52:41.411 10 INFO neutron.db.ovn_revision_numbers_db [None req-692bf650-7109-4348-90f1-b120ef2515be 9f7f8bf1160e486e97966cc8dbfe6a9d d610e892751149dda7b5815be04e8eaf - - default default] Successfully bumped revision number for resource f2df54db-f23d-4fc3-9240-f97b764384f8 (type: subnets) to 0
2026-04-14 06:52:41.426 9 INFO neutron.db.ovn_revision_numbers_db [None req-cbfb91df-a74b-4b5f-ab08-af380df5c9fe 928e16be30f546beb5e190009beda085 48fa4cdab4ce4332b353c212217ae4bd - - default default] Successfully bumped revision number for resource 6d843355-ce51-4f79-abcc-83c601d8ef41 (type: security_group_rules) to 0
2026-04-14 06:52:41.431 10 INFO neutron.wsgi [None req-692bf650-7109-4348-90f1-b120ef2515be 9f7f8bf1160e486e97966cc8dbfe6a9d d610e892751149dda7b5815be04e8eaf - - default default] 10.0.0.159 "POST /v2.0/subnets HTTP/1.1" status: 201 len: 804 time: 0.8627615
2026-04-14 06:52:41.445 9 WARNING neutron_lib.context [None req-159bdd38-d9c2-41a7-ad1f-cc74691ec5fb 9f7f8bf1160e486e97966cc8dbfe6a9d d610e892751149dda7b5815be04e8eaf - - default default] Method 'is_advsvc' is deprecated since 2023.2 release (neutron-lib 3.8.0) and will be removed once support for the old RBAC API policies will be removed from Neutron. Please use method 'is_service_role' instead.
2026-04-14 06:52:41.452 9 INFO neutron.db.ovn_revision_numbers_db [None req-cbfb91df-a74b-4b5f-ab08-af380df5c9fe 928e16be30f546beb5e190009beda085 48fa4cdab4ce4332b353c212217ae4bd - - default default] Successfully bumped revision number for resource 87bf614e-1b9d-4925-92ad-3fe08712e972 (type: security_group_rules) to 0
2026-04-14 06:52:41.473 9 INFO neutron.db.ovn_revision_numbers_db [None req-cbfb91df-a74b-4b5f-ab08-af380df5c9fe 928e16be30f546beb5e190009beda085 48fa4cdab4ce4332b353c212217ae4bd - - default default] Successfully bumped revision number for resource bb368c2d-e222-4776-a64d-9fff9431dbf7 (type: security_group_rules) to 0
2026-04-14 06:52:41.489 9 INFO neutron.db.ovn_revision_numbers_db [None req-cbfb91df-a74b-4b5f-ab08-af380df5c9fe 928e16be30f546beb5e190009beda085 48fa4cdab4ce4332b353c212217ae4bd - - default default] Successfully bumped revision number for resource f4ba0f2c-dee9-4e10-a8e1-883b6c145ed8 (type: security_group_rules) to 0
2026-04-14 06:52:41.524 9 INFO neutron.db.segments_db [None req-159bdd38-d9c2-41a7-ad1f-cc74691ec5fb 9f7f8bf1160e486e97966cc8dbfe6a9d d610e892751149dda7b5815be04e8eaf - - default default] Added segment 96f236b9-b458-4101-b9b3-7969e5335ddb of type geneve for network 7e9ed137-2812-495c-8233-d0fa3f0eced0
2026-04-14 06:52:41.559 9 INFO neutron.db.segments_db [None req-cbfb91df-a74b-4b5f-ab08-af380df5c9fe 928e16be30f546beb5e190009beda085 48fa4cdab4ce4332b353c212217ae4bd - - default default] Added segment 502d0c58-c235-416c-9915-e57767f95693 of type geneve for network d8181340-bc5d-45e3-a2b3-1abb16de52df
2026-04-14 06:52:41.750 9 INFO neutron.db.ovn_revision_numbers_db [None req-159bdd38-d9c2-41a7-ad1f-cc74691ec5fb 9f7f8bf1160e486e97966cc8dbfe6a9d d610e892751149dda7b5815be04e8eaf - - default default] Successfully bumped revision number for resource 7e9ed137-2812-495c-8233-d0fa3f0eced0 (type: networks) to 1
2026-04-14 06:52:41.795 9 INFO neutron.db.ovn_revision_numbers_db [None req-cbfb91df-a74b-4b5f-ab08-af380df5c9fe 928e16be30f546beb5e190009beda085 48fa4cdab4ce4332b353c212217ae4bd - - default default] Successfully bumped revision number for resource d8181340-bc5d-45e3-a2b3-1abb16de52df (type: networks) to 1
2026-04-14 06:52:41.989 9 WARNING neutron.scheduler.dhcp_agent_scheduler [None req-159bdd38-d9c2-41a7-ad1f-cc74691ec5fb 9f7f8bf1160e486e97966cc8dbfe6a9d d610e892751149dda7b5815be04e8eaf - - default default] No more DHCP agents
2026-04-14 06:52:41.993 9 WARNING neutron.api.rpc.agentnotifiers.dhcp_rpc_agent_api [None req-159bdd38-d9c2-41a7-ad1f-cc74691ec5fb 9f7f8bf1160e486e97966cc8dbfe6a9d d610e892751149dda7b5815be04e8eaf - - default default] Unable to schedule network 7e9ed137-2812-495c-8233-d0fa3f0eced0: no agents available; will retry on subsequent port and subnet creation events.
2026-04-14 06:52:42.027 9 WARNING neutron.scheduler.dhcp_agent_scheduler [None req-cbfb91df-a74b-4b5f-ab08-af380df5c9fe 928e16be30f546beb5e190009beda085 48fa4cdab4ce4332b353c212217ae4bd - - default default] No more DHCP agents
2026-04-14 06:52:42.037 9 WARNING neutron.api.rpc.agentnotifiers.dhcp_rpc_agent_api [None req-cbfb91df-a74b-4b5f-ab08-af380df5c9fe 928e16be30f546beb5e190009beda085 48fa4cdab4ce4332b353c212217ae4bd - - default default] Unable to schedule network d8181340-bc5d-45e3-a2b3-1abb16de52df: no agents available; will retry on subsequent port and subnet creation events.
2026-04-14 06:52:42.123 9 INFO neutron.db.ovn_revision_numbers_db [None req-159bdd38-d9c2-41a7-ad1f-cc74691ec5fb 9f7f8bf1160e486e97966cc8dbfe6a9d d610e892751149dda7b5815be04e8eaf - - default default] Successfully bumped revision number for resource 8b26a00c-f993-4640-9b42-0027a8b1ff9a (type: ports) to 1
2026-04-14 06:52:42.146 9 INFO neutron.db.ovn_revision_numbers_db [None req-cbfb91df-a74b-4b5f-ab08-af380df5c9fe 928e16be30f546beb5e190009beda085 48fa4cdab4ce4332b353c212217ae4bd - - default default] Successfully bumped revision number for resource 04f90ddd-9555-4e37-9950-59832b2e27c1 (type: ports) to 1
2026-04-14 06:52:42.151 9 INFO neutron.wsgi [None req-159bdd38-d9c2-41a7-ad1f-cc74691ec5fb 9f7f8bf1160e486e97966cc8dbfe6a9d d610e892751149dda7b5815be04e8eaf - - default default] 10.0.0.159 "POST /v2.0/networks HTTP/1.1" status: 201 len: 830 time: 0.7144287
2026-04-14 06:52:42.166 10 WARNING neutron_lib.context [None req-dcc42ca5-5e7c-4cfb-a82c-eec942503de5 9f7f8bf1160e486e97966cc8dbfe6a9d d610e892751149dda7b5815be04e8eaf - - default default] Method 'is_advsvc' is deprecated since 2023.2 release (neutron-lib 3.8.0) and will be removed once support for the old RBAC API policies will be removed from Neutron. Please use method 'is_service_role' instead.
2026-04-14 06:52:42.191 9 INFO neutron.wsgi [None req-cbfb91df-a74b-4b5f-ab08-af380df5c9fe 928e16be30f546beb5e190009beda085 48fa4cdab4ce4332b353c212217ae4bd - - default default] 10.0.0.159 "POST /v2.0/networks HTTP/1.1" status: 201 len: 831 time: 1.1137025
2026-04-14 06:52:42.557 10 INFO neutron.wsgi [None req-68f62487-703d-4ae2-bd38-f3a7dfefba13 928e16be30f546beb5e190009beda085 48fa4cdab4ce4332b353c212217ae4bd - - default default] 10.0.0.159 "PUT /v2.0/networks/d8181340-bc5d-45e3-a2b3-1abb16de52df/tags HTTP/1.1" status: 200 len: 218 time: 0.3609431
2026-04-14 06:52:42.618 9 INFO neutron.wsgi [None req-f21045f1-dde3-404e-8a05-9f27b84f4dbd 928e16be30f546beb5e190009beda085 48fa4cdab4ce4332b353c212217ae4bd - - default default] 10.0.0.159 "GET /v2.0/networks/d8181340-bc5d-45e3-a2b3-1abb16de52df/tags HTTP/1.1" status: 200 len: 218 time: 0.0546107
2026-04-14 06:52:42.695 9 INFO neutron.wsgi [None req-a5171a0c-4d70-4def-a4bd-32d6c7d2b586 928e16be30f546beb5e190009beda085 48fa4cdab4ce4332b353c212217ae4bd - - default default] 10.0.0.159 "PUT /v2.0/networks/d8181340-bc5d-45e3-a2b3-1abb16de52df/tags/green HTTP/1.1" status: 201 len: 201 time: 0.0688317
2026-04-14 06:52:42.752 9 INFO neutron.wsgi [None req-c901c89a-0de0-4709-86a4-34b24f330b80 928e16be30f546beb5e190009beda085 48fa4cdab4ce4332b353c212217ae4bd - - default default] 10.0.0.159 "GET /v2.0/networks/d8181340-bc5d-45e3-a2b3-1abb16de52df/tags HTTP/1.1" status: 200 len: 227 time: 0.0518970
2026-04-14 06:52:42.771 10 WARNING neutron.scheduler.dhcp_agent_scheduler [None req-dcc42ca5-5e7c-4cfb-a82c-eec942503de5 9f7f8bf1160e486e97966cc8dbfe6a9d d610e892751149dda7b5815be04e8eaf - - default default] No more DHCP agents
2026-04-14 06:52:42.775 10 WARNING neutron.api.rpc.agentnotifiers.dhcp_rpc_agent_api [None req-dcc42ca5-5e7c-4cfb-a82c-eec942503de5 9f7f8bf1160e486e97966cc8dbfe6a9d d610e892751149dda7b5815be04e8eaf - - default default] Unable to schedule network 7e9ed137-2812-495c-8233-d0fa3f0eced0: no agents available; will retry on subsequent port and subnet creation events.
2026-04-14 06:52:42.796 10 WARNING neutron.plugins.ml2.drivers.ovn.mech_driver.ovsdb.ovn_client [None req-3be24af8-912c-4216-9038-2fc1fe89e298 - - - - - -] No hosting information found for port b96698bc-3a8f-4462-8ed4-9bac4b5e9b9e: RuntimeError: No hosting information found for port b96698bc-3a8f-4462-8ed4-9bac4b5e9b9e
2026-04-14 06:52:42.797 10 INFO neutron.plugins.ml2.drivers.ovn.mech_driver.mech_driver [None req-3be24af8-912c-4216-9038-2fc1fe89e298 - - - - - -] OVN reports status up for port: 96686f42-bfaf-4647-b0e1-bb07228f9cdb
2026-04-14 06:52:42.805 9 INFO neutron.wsgi [None req-96f9566b-4b87-488d-ae04-4c54dd130d1d 928e16be30f546beb5e190009beda085 48fa4cdab4ce4332b353c212217ae4bd - - default default] 10.0.0.159 "PUT /v2.0/networks/d8181340-bc5d-45e3-a2b3-1abb16de52df/tags/red HTTP/1.1" status: 201 len: 201 time: 0.0477278
2026-04-14 06:52:42.814 10 INFO neutron.plugins.ml2.plugin [None req-3be24af8-912c-4216-9038-2fc1fe89e298 - - - - - -] Attempt 1 to provision port 96686f42-bfaf-4647-b0e1-bb07228f9cdb
2026-04-14 06:52:42.849 9 INFO neutron.wsgi [None req-410998ec-bdd8-4e73-97ac-668fa79161dd 928e16be30f546beb5e190009beda085 48fa4cdab4ce4332b353c212217ae4bd - - default default] 10.0.0.159 "GET /v2.0/networks/d8181340-bc5d-45e3-a2b3-1abb16de52df/tags HTTP/1.1" status: 200 len: 227 time: 0.0389109
2026-04-14 06:52:42.931 9 INFO neutron.wsgi [None req-a7789506-2459-4a4c-8c25-fccc79a35f26 928e16be30f546beb5e190009beda085 48fa4cdab4ce4332b353c212217ae4bd - - default default] 10.0.0.159 "PUT /v2.0/networks/d8181340-bc5d-45e3-a2b3-1abb16de52df/tags/black.or.white HTTP/1.1" status: 201 len: 201 time: 0.0739675
2026-04-14 06:52:42.960 10 INFO neutron.notifiers.nova [-] Nova event matching ['req-a2a449df-c945-40cf-afa6-050239b049c4'] response: {'server_uuid': '85e1d73d-d93f-49cf-b45a-3b4da97916b7', 'name': 'network-vif-plugged', 'status': 'completed', 'tag': '96686f42-bfaf-4647-b0e1-bb07228f9cdb', 'code': 200}
2026-04-14 06:52:42.981 9 INFO neutron.wsgi [None req-854b8d44-5130-48c4-9f07-00c3e695dadf 928e16be30f546beb5e190009beda085 48fa4cdab4ce4332b353c212217ae4bd - - default default] 10.0.0.159 "GET /v2.0/networks/d8181340-bc5d-45e3-a2b3-1abb16de52df/tags HTTP/1.1" status: 200 len: 245 time: 0.0423622
2026-04-14 06:52:43.061 9 INFO neutron.wsgi [None req-dbec3d23-c702-4dc6-a5e1-6c4deac104c7 928e16be30f546beb5e190009beda085 48fa4cdab4ce4332b353c212217ae4bd - - default default] 10.0.0.159 "PUT /v2.0/networks/d8181340-bc5d-45e3-a2b3-1abb16de52df/tags HTTP/1.1" status: 200 len: 230 time: 0.0738750
2026-04-14 06:52:43.124 9 INFO neutron.wsgi [None req-cb7a37b1-d153-4190-9076-c2af89e88035 928e16be30f546beb5e190009beda085 48fa4cdab4ce4332b353c212217ae4bd - - default default] 10.0.0.159 "GET /v2.0/networks/d8181340-bc5d-45e3-a2b3-1abb16de52df/tags HTTP/1.1" status: 200 len: 230 time: 0.0572858
2026-04-14 06:52:43.182 9 INFO neutron.wsgi [None req-bfe912ec-56a2-478b-9aec-82165e7970c6 928e16be30f546beb5e190009beda085 48fa4cdab4ce4332b353c212217ae4bd - - default default] 10.0.0.159 "GET /v2.0/networks/d8181340-bc5d-45e3-a2b3-1abb16de52df/tags/red HTTP/1.1" status: 204 len: 168 time: 0.0518789
2026-04-14 06:52:43.228 9 INFO neutron.api.v2.resource [None req-73661dce-0857-4cae-a5ab-9950a1ab88c3 928e16be30f546beb5e190009beda085 48fa4cdab4ce4332b353c212217ae4bd - - default default] show failed (client error): The resource could not be found.
2026-04-14 06:52:43.229 9 INFO neutron.wsgi [None req-73661dce-0857-4cae-a5ab-9950a1ab88c3 928e16be30f546beb5e190009beda085 48fa4cdab4ce4332b353c212217ae4bd - - default default] 10.0.0.159 "GET /v2.0/networks/d8181340-bc5d-45e3-a2b3-1abb16de52df/tags/green HTTP/1.1" status: 404 len: 299 time: 0.0396621
2026-04-14 06:52:43.250 10 INFO neutron.db.ovn_revision_numbers_db [None req-3be24af8-912c-4216-9038-2fc1fe89e298 - - - - - -] Successfully bumped revision number for resource 96686f42-bfaf-4647-b0e1-bb07228f9cdb (type: ports) to 4
2026-04-14 06:52:43.290 9 INFO neutron.wsgi [None req-1c0487d6-df16-492e-8231-69dbc2dd5dfa 928e16be30f546beb5e190009beda085 48fa4cdab4ce4332b353c212217ae4bd - - default default] 10.0.0.159 "DELETE /v2.0/networks/d8181340-bc5d-45e3-a2b3-1abb16de52df/tags/red HTTP/1.1" status: 204 len: 168 time: 0.0544829
2026-04-14 06:52:43.356 9 INFO neutron.wsgi [None req-247d78c3-ae15-4f09-b055-63397a83d937 928e16be30f546beb5e190009beda085 48fa4cdab4ce4332b353c212217ae4bd - - default default] 10.0.0.159 "GET /v2.0/networks/d8181340-bc5d-45e3-a2b3-1abb16de52df/tags HTTP/1.1" status: 200 len: 223 time: 0.0572686
2026-04-14 06:52:43.415 9 INFO neutron.api.v2.resource [None req-b625b353-e7c5-416c-aa65-afa9664e507f 928e16be30f546beb5e190009beda085 48fa4cdab4ce4332b353c212217ae4bd - - default default] delete failed (client error): The resource could not be found.
2026-04-14 06:52:43.417 9 INFO neutron.wsgi [None req-b625b353-e7c5-416c-aa65-afa9664e507f 928e16be30f546beb5e190009beda085 48fa4cdab4ce4332b353c212217ae4bd - - default default] 10.0.0.159 "DELETE /v2.0/networks/d8181340-bc5d-45e3-a2b3-1abb16de52df/tags/green HTTP/1.1" status: 404 len: 299 time: 0.0549695
2026-04-14 06:52:43.487 9 INFO neutron.wsgi [None req-83b7542e-97cb-470f-b290-799cec858604 928e16be30f546beb5e190009beda085 48fa4cdab4ce4332b353c212217ae4bd - - default default] 10.0.0.159 "DELETE /v2.0/networks/d8181340-bc5d-45e3-a2b3-1abb16de52df/tags HTTP/1.1" status: 204 len: 168 time: 0.0652676
2026-04-14 06:52:43.506 10 INFO neutron.db.ovn_revision_numbers_db [None req-dcc42ca5-5e7c-4cfb-a82c-eec942503de5 9f7f8bf1160e486e97966cc8dbfe6a9d d610e892751149dda7b5815be04e8eaf - - default default] Successfully bumped revision number for resource 8b26a00c-f993-4640-9b42-0027a8b1ff9a (type: ports) to 2
2026-04-14 06:52:43.538 9 INFO neutron.wsgi [None req-bb57fe4f-36b8-4c7e-99e5-5cc56c5801d7 928e16be30f546beb5e190009beda085 48fa4cdab4ce4332b353c212217ae4bd - - default default] 10.0.0.159 "GET /v2.0/networks/d8181340-bc5d-45e3-a2b3-1abb16de52df/tags HTTP/1.1" status: 200 len: 205 time: 0.0463068
2026-04-14 06:52:43.545 10 INFO neutron.db.ovn_revision_numbers_db [None req-dcc42ca5-5e7c-4cfb-a82c-eec942503de5 9f7f8bf1160e486e97966cc8dbfe6a9d d610e892751149dda7b5815be04e8eaf - - default default] Successfully bumped revision number for resource 60cea8da-d67e-4f32-8199-757139b003ce (type: subnets) to 0
2026-04-14 06:52:43.562 10 INFO neutron.wsgi [None req-dcc42ca5-5e7c-4cfb-a82c-eec942503de5 9f7f8bf1160e486e97966cc8dbfe6a9d d610e892751149dda7b5815be04e8eaf - - default default] 10.0.0.159 "POST /v2.0/subnets HTTP/1.1" status: 201 len: 804 time: 1.4045465
2026-04-14 06:52:43.651 9 INFO neutron.wsgi [None req-ed80326a-6913-4acc-aecd-37e1a87fcf99 9f7f8bf1160e486e97966cc8dbfe6a9d d610e892751149dda7b5815be04e8eaf - - default default] 10.0.0.159 "PUT /v2.0/subnets/68543788-7e5b-4be2-8b9e-0c7294c7382c/tags HTTP/1.1" status: 200 len: 210 time: 0.0839651 /var/lib/openstack/lib/python3.10/site-packages/pycadf/identifier.py:71: UserWarning: Invalid uuid: neutron. To ensure interoperability, identifiers should be a valid uuid. warnings.warn(('Invalid uuid: %s. To ensure interoperability, '
2026-04-14 06:52:43.737 10 INFO neutron.wsgi [None req-712a793a-bced-4c33-8aeb-628bc95c6ced 9f7f8bf1160e486e97966cc8dbfe6a9d d610e892751149dda7b5815be04e8eaf - - default default] 10.0.0.159 "PUT /v2.0/subnets/a8412965-0c51-4b71-ad10-e239e0442547/tags HTTP/1.1" status: 200 len: 218 time: 0.0815046
2026-04-14 06:52:43.795 10 INFO neutron.wsgi [None req-20ff32e9-6e2f-4c36-9d79-fe5d5fe42602 9f7f8bf1160e486e97966cc8dbfe6a9d d610e892751149dda7b5815be04e8eaf - - default default] 10.0.0.159 "PUT /v2.0/subnets/dd231c22-d1d8-4dfe-9bbd-b3a1d4e7e3f6/tags HTTP/1.1" status: 200 len: 227 time: 0.0510678
2026-04-14 06:52:43.856 10 INFO neutron.wsgi [None req-a299b3b9-10d7-42f9-b5a6-18d026e31462 9f7f8bf1160e486e97966cc8dbfe6a9d d610e892751149dda7b5815be04e8eaf - - default default] 10.0.0.159 "PUT /v2.0/subnets/f2df54db-f23d-4fc3-9240-f97b764384f8/tags HTTP/1.1" status: 200 len: 212 time: 0.0551689
2026-04-14 06:52:43.916 10 INFO neutron.wsgi [None req-a713ebd9-3194-4d5e-8434-c433e91a402b 9f7f8bf1160e486e97966cc8dbfe6a9d d610e892751149dda7b5815be04e8eaf - - default default] 10.0.0.159 "GET /v2.0/subnets?tags=red HTTP/1.1" status: 200 len: 2027 time: 0.0559449
2026-04-14 06:52:43.969 9 INFO neutron.services.segments.plugin [-] Segment 502d0c58-c235-416c-9915-e57767f95693 resource provider aggregate not found
2026-04-14 06:52:43.974 9 INFO neutron.services.segments.plugin [-] Segment 502d0c58-c235-416c-9915-e57767f95693 resource provider aggregate not found
2026-04-14 06:52:43.990 9 INFO neutron.services.segments.plugin [-] Segment 502d0c58-c235-416c-9915-e57767f95693 resource provider not found; error: Placement Client Error (4xx): {"errors": [{"status": 404, "title": "Not Found", "detail": "The resource could not be found.\n\n No resource provider with uuid 502d0c58-c235-416c-9915-e57767f95693 found for delete ", "request_id": "req-f6de3c63-b3c2-4b34-a6ed-ca35f896f916"}]}
2026-04-14 06:52:43.997 10 INFO neutron.wsgi [None req-492b8cbd-86d1-4e52-be66-d9df130e26ca 9f7f8bf1160e486e97966cc8dbfe6a9d d610e892751149dda7b5815be04e8eaf - - default default] 10.0.0.159 "GET /v2.0/subnets?tags=red%2Cblue HTTP/1.1" status: 200 len: 1430 time: 0.0759580
2026-04-14 06:52:44.000 9 INFO neutron.services.segments.plugin [-] Segment 502d0c58-c235-416c-9915-e57767f95693 resource provider not found; error: Placement Client Error (4xx): {"errors": [{"status": 404, "title": "Not Found", "detail": "The resource could not be found.\n\n No resource provider with uuid 502d0c58-c235-416c-9915-e57767f95693 found for delete ", "request_id": "req-dbf712c0-64f9-4aa9-93be-470755630b1b"}]}
2026-04-14 06:52:44.058 9 INFO neutron.wsgi [None req-ff908fec-fcc3-4ba3-87d1-2495706dd48b 928e16be30f546beb5e190009beda085 48fa4cdab4ce4332b353c212217ae4bd - - default default] 10.0.0.159 "DELETE /v2.0/networks/d8181340-bc5d-45e3-a2b3-1abb16de52df HTTP/1.1" status: 204 len: 168 time: 0.5133069
2026-04-14 06:52:44.070 9 INFO neutron.wsgi [None req-a7736433-7e03-4e20-bdc9-261fc9af9267 9f7f8bf1160e486e97966cc8dbfe6a9d d610e892751149dda7b5815be04e8eaf - - default default] 10.0.0.159 "GET /v2.0/subnets?tags-any=blue HTTP/1.1" status: 200 len: 1430 time: 0.0666642
2026-04-14 06:52:44.115 9 INFO neutron.wsgi [None req-dedab83d-9663-4246-a9b4-39d309b0fdf2 9f7f8bf1160e486e97966cc8dbfe6a9d d610e892751149dda7b5815be04e8eaf - - default default] 10.0.0.159 "GET /v2.0/subnets?tags-any=red%2Cblue HTTP/1.1" status: 200 len: 2027 time: 0.0386693
2026-04-14 06:52:44.185 9 INFO neutron.wsgi [None req-e0dae8b8-982e-4660-a745-680eca474613 9f7f8bf1160e486e97966cc8dbfe6a9d d610e892751149dda7b5815be04e8eaf - - default default] 10.0.0.159 "GET /v2.0/subnets?not-tags=red HTTP/1.1" status: 200 len: 2018 time: 0.0649672
2026-04-14 06:52:44.247 9 INFO neutron.wsgi [None req-071b93bb-b615-4051-a5a5-e1e8cc9b104f 9f7f8bf1160e486e97966cc8dbfe6a9d d610e892751149dda7b5815be04e8eaf - - default default] 10.0.0.159 "GET /v2.0/subnets?not-tags=red%2Cblue HTTP/1.1" status: 200 len: 2615 time: 0.0566993
2026-04-14 06:52:44.306 9 INFO neutron.wsgi [None req-79fb5a87-8329-424d-9b24-f3b87fa2bdcb 9f7f8bf1160e486e97966cc8dbfe6a9d d610e892751149dda7b5815be04e8eaf - - default default] 10.0.0.159 "GET /v2.0/subnets?not-tags-any=blue HTTP/1.1" status: 200 len: 2615 time: 0.0537198
2026-04-14 06:52:44.368 9 INFO neutron.wsgi [None req-6ea9d13f-dd0f-4772-bc75-154620ae84cb 9f7f8bf1160e486e97966cc8dbfe6a9d d610e892751149dda7b5815be04e8eaf - - default default] 10.0.0.159 "GET /v2.0/subnets?not-tags-any=red%2Cblue HTTP/1.1" status: 200 len: 2018 time: 0.0552475
2026-04-14 06:52:44.485 10 INFO neutron.wsgi [req-ee672096-1c0a-4459-97f7-4bdf24d07ae0 req-efdf83fc-0381-4a75-8c69-c0070388abf5 fce5a011465c4162ab50cb3cb70dda0f 19da8ca1200649dfbd17a5b567a365a5 - - default default] 10.0.0.72 "GET /v2.0/ports?device_id=85e1d73d-d93f-49cf-b45a-3b4da97916b7 HTTP/1.1" status: 200 len: 1396 time: 0.1002705
2026-04-14 06:52:44.556 10 INFO neutron.wsgi [req-ee672096-1c0a-4459-97f7-4bdf24d07ae0 req-8bdd5c1a-60be-44ac-a468-6075ef41e59d fce5a011465c4162ab50cb3cb70dda0f 19da8ca1200649dfbd17a5b567a365a5 - - default default] 10.0.0.72 "GET /v2.0/security-groups?id=8a437bf9-972c-4bef-a1a2-5c0b18270079&fields=id&fields=name HTTP/1.1" status: 200 len: 310 time: 0.0624416
2026-04-14 06:52:44.666 10 INFO neutron.wsgi [None req-d444b162-94c3-4086-afb9-2ba48c8f2820 fce5a011465c4162ab50cb3cb70dda0f 19da8ca1200649dfbd17a5b567a365a5 - - default default] 10.0.0.159 "GET /v2.0/ports?network_id=d9f2322a-75f7-4e0f-a434-c94fcbe8f58d&mac_address=fa%3A16%3A3e%3Ab8%3A43%3A5d HTTP/1.1" status: 200 len: 1391 time: 0.0547080
2026-04-14 06:52:44.676 10 WARNING neutron_lib.context [None req-93861e6d-d7c2-4d87-a22f-0f53096638fe fce5a011465c4162ab50cb3cb70dda0f 19da8ca1200649dfbd17a5b567a365a5 - - default default] Method 'is_advsvc' is deprecated since 2023.2 release (neutron-lib 3.8.0) and will be removed once support for the old RBAC API policies will be removed from Neutron. Please use method 'is_service_role' instead.
2026-04-14 06:52:44.872 9 INFO neutron.wsgi [None req-66020157-2836-49ab-bcec-2e220abcf943 9f7f8bf1160e486e97966cc8dbfe6a9d d610e892751149dda7b5815be04e8eaf - - default default] 10.0.0.159 "DELETE /v2.0/subnets/68543788-7e5b-4be2-8b9e-0c7294c7382c HTTP/1.1" status: 204 len: 168 time: 0.4937470
2026-04-14 06:52:44.959 9 INFO neutron.wsgi [None req-f706b5b9-36a4-468b-a16d-cd8db1fa2d18 8e48e3dbd812419ca5004eea22056236 bed3f8109c6b496ab3a5d63ed409cf55 - - default default] 10.0.0.159 "GET /v2.0/security-groups?tenant_id=48fa4cdab4ce4332b353c212217ae4bd&name=default HTTP/1.1" status: 200 len: 3000 time: 0.1740069
2026-04-14 06:52:45.003 10 INFO neutron.notifiers.nova [-] Nova event matching ['req-e3e8bb00-5ca0-49e4-8107-3efa6bd4cc00'] response: {'server_uuid': '85e1d73d-d93f-49cf-b45a-3b4da97916b7', 'name': 'network-vif-plugged', 'status': 'completed', 'tag': '96686f42-bfaf-4647-b0e1-bb07228f9cdb', 'code': 200}
2026-04-14 06:52:45.016 10 WARNING neutron.scheduler.dhcp_agent_scheduler [None req-93861e6d-d7c2-4d87-a22f-0f53096638fe fce5a011465c4162ab50cb3cb70dda0f 19da8ca1200649dfbd17a5b567a365a5 - - default default] No more DHCP agents
2026-04-14 06:52:45.018 10 WARNING neutron.api.rpc.agentnotifiers.dhcp_rpc_agent_api [None req-93861e6d-d7c2-4d87-a22f-0f53096638fe fce5a011465c4162ab50cb3cb70dda0f 19da8ca1200649dfbd17a5b567a365a5 - - default default] Unable to schedule network 889f5795-88d7-46f7-9c2f-28e66ef80dff: no agents available; will retry on subsequent port and subnet creation events.
2026-04-14 06:52:45.141 9 INFO neutron.wsgi [None req-34495ccb-be07-4094-bbac-f5be616e0c71 9f7f8bf1160e486e97966cc8dbfe6a9d d610e892751149dda7b5815be04e8eaf - - default default] 10.0.0.159 "DELETE /v2.0/subnets/a8412965-0c51-4b71-ad10-e239e0442547 HTTP/1.1" status: 204 len: 168 time: 0.2632706
2026-04-14 06:52:45.278 9 INFO neutron.wsgi [None req-2bd13c5b-d7d5-40ff-aa5f-dc245b11069a 8e48e3dbd812419ca5004eea22056236 bed3f8109c6b496ab3a5d63ed409cf55 - - default default] 10.0.0.159 "DELETE /v2.0/security-groups/74379e2b-a89c-4e8c-981a-7b6222e80136 HTTP/1.1" status: 204 len: 168 time: 0.3145545
2026-04-14 06:52:45.419 9 INFO neutron.wsgi [None req-ecc3cfc9-1b89-41af-a25f-c5436204804d 9f7f8bf1160e486e97966cc8dbfe6a9d d610e892751149dda7b5815be04e8eaf - - default default] 10.0.0.159 "DELETE /v2.0/subnets/dd231c22-d1d8-4dfe-9bbd-b3a1d4e7e3f6 HTTP/1.1" status: 204 len: 168 time: 0.2726469
2026-04-14 06:52:45.523 10 INFO neutron.db.ovn_revision_numbers_db [None req-b21a2f6e-3cd7-4c4b-b55d-c7b28af21db7 8e48e3dbd812419ca5004eea22056236 bed3f8109c6b496ab3a5d63ed409cf55 - - default default] Successfully bumped revision number for resource f38ffcf7-0441-433f-8e14-0e09931263f5 (type: security_groups) to 1
2026-04-14 06:52:45.528 10 INFO neutron.db.l3_db [None req-93861e6d-d7c2-4d87-a22f-0f53096638fe fce5a011465c4162ab50cb3cb70dda0f 19da8ca1200649dfbd17a5b567a365a5 - - default default] Floating IP c846a11c-13d9-43cb-a335-290e5a5276a9 associated. External IP: 10.96.250.205, port: 96686f42-bfaf-4647-b0e1-bb07228f9cdb.
2026-04-14 06:52:45.563 10 INFO neutron.db.ovn_revision_numbers_db [None req-b21a2f6e-3cd7-4c4b-b55d-c7b28af21db7 8e48e3dbd812419ca5004eea22056236 bed3f8109c6b496ab3a5d63ed409cf55 - - default default] Successfully bumped revision number for resource 2907cf8f-e888-4b6a-bf12-2851250e0f1b (type: security_group_rules) to 0
2026-04-14 06:52:45.601 10 INFO neutron.db.ovn_revision_numbers_db [None req-b21a2f6e-3cd7-4c4b-b55d-c7b28af21db7 8e48e3dbd812419ca5004eea22056236 bed3f8109c6b496ab3a5d63ed409cf55 - - default default] Successfully bumped revision number for resource 4eade46f-4cc2-426f-87b3-92191bcf315d (type: security_group_rules) to 0
2026-04-14 06:52:45.626 10 INFO neutron.db.ovn_revision_numbers_db [None req-b21a2f6e-3cd7-4c4b-b55d-c7b28af21db7 8e48e3dbd812419ca5004eea22056236 bed3f8109c6b496ab3a5d63ed409cf55 - - default default] Successfully bumped revision number for resource a87e388f-bea8-4caa-880e-7f08db85b234 (type: security_group_rules) to 0
2026-04-14 06:52:45.641 9 INFO neutron.wsgi [None req-070a2375-0cc2-4263-8fb4-8b27e32a5792 9f7f8bf1160e486e97966cc8dbfe6a9d d610e892751149dda7b5815be04e8eaf - - default default] 10.0.0.159 "DELETE /v2.0/subnets/f2df54db-f23d-4fc3-9240-f97b764384f8 HTTP/1.1" status: 204 len: 168 time: 0.2166851
2026-04-14 06:52:45.667 10 INFO neutron.db.ovn_revision_numbers_db [None req-b21a2f6e-3cd7-4c4b-b55d-c7b28af21db7 8e48e3dbd812419ca5004eea22056236 bed3f8109c6b496ab3a5d63ed409cf55 - - default default] Successfully bumped revision number for resource e36e8fc7-4144-4b94-995d-3403037f4c97 (type: security_group_rules) to 0
2026-04-14 06:52:45.698 10 INFO neutron.wsgi [None req-b21a2f6e-3cd7-4c4b-b55d-c7b28af21db7 8e48e3dbd812419ca5004eea22056236 bed3f8109c6b496ab3a5d63ed409cf55 - - default default] 10.0.0.159 "GET /v2.0/security-groups?tenant_id=c92db1757b064468845c35de2680d227&name=default HTTP/1.1" status: 200 len: 3000 time: 0.3230169
2026-04-14 06:52:45.877 9 INFO neutron.wsgi [None req-f81ccafb-293d-46dd-bf5b-ece8bb045946 9f7f8bf1160e486e97966cc8dbfe6a9d d610e892751149dda7b5815be04e8eaf - - default default] 10.0.0.159 "DELETE /v2.0/subnets/60cea8da-d67e-4f32-8199-757139b003ce HTTP/1.1" status: 204 len: 168 time: 0.2303472
2026-04-14 06:52:46.120 10 INFO neutron.db.ovn_revision_numbers_db [None req-93861e6d-d7c2-4d87-a22f-0f53096638fe fce5a011465c4162ab50cb3cb70dda0f 19da8ca1200649dfbd17a5b567a365a5 - - default default] Successfully bumped revision number for resource c846a11c-13d9-43cb-a335-290e5a5276a9 (type: floatingips) to 0
2026-04-14 06:52:46.241 9 INFO neutron.services.segments.plugin [-] Segment 314d60ca-cc72-4c02-9443-8c691faaa2e9 resource provider aggregate not found
2026-04-14 06:52:46.252 9 INFO neutron.services.segments.plugin [-] Segment 314d60ca-cc72-4c02-9443-8c691faaa2e9 resource provider aggregate not found
2026-04-14 06:52:46.266 9 INFO neutron.services.segments.plugin [-] Segment 314d60ca-cc72-4c02-9443-8c691faaa2e9 resource provider not found; error: Placement Client Error (4xx): {"errors": [{"status": 404, "title": "Not Found", "detail": "The resource could not be found.\n\n No resource provider with uuid 314d60ca-cc72-4c02-9443-8c691faaa2e9 found for delete ", "request_id": "req-c9288fb0-a15d-43ab-acdc-29770c93cb13"}]}
2026-04-14 06:52:46.270 10 INFO neutron.db.ovn_revision_numbers_db [None req-93861e6d-d7c2-4d87-a22f-0f53096638fe fce5a011465c4162ab50cb3cb70dda0f 19da8ca1200649dfbd17a5b567a365a5 - - default default] Successfully bumped revision number for resource c846a11c-13d9-43cb-a335-290e5a5276a9 (type: floatingips) to 1
2026-04-14 06:52:46.277 9 INFO neutron.services.segments.plugin [-] Segment 314d60ca-cc72-4c02-9443-8c691faaa2e9 resource provider not found; error: Placement Client Error (4xx): {"errors": [{"status": 404, "title": "Not Found", "detail": "The resource could not be found.\n\n No resource provider with uuid 314d60ca-cc72-4c02-9443-8c691faaa2e9 found for delete ", "request_id": "req-43ca75c8-1ffb-4890-96f1-70580366c7e8"}]}
2026-04-14 06:52:46.288 9 INFO neutron.wsgi [None req-b02aed61-691e-491a-8929-af8ac3ada975 9f7f8bf1160e486e97966cc8dbfe6a9d d610e892751149dda7b5815be04e8eaf - - default default] 10.0.0.159 "DELETE /v2.0/networks/5c409f42-4dc9-4a53-93fb-f9f5663c303c HTTP/1.1" status: 204 len: 168 time: 0.4058623
2026-04-14 06:52:46.329 10 INFO neutron.wsgi [None req-93861e6d-d7c2-4d87-a22f-0f53096638fe fce5a011465c4162ab50cb3cb70dda0f 19da8ca1200649dfbd17a5b567a365a5 - - default default] 10.0.0.159 "POST /v2.0/floatingips HTTP/1.1" status: 201 len: 1053 time: 1.6583767
2026-04-14 06:52:46.342 10 INFO neutron.wsgi [None req-a3bc81cd-9ec2-405a-b14f-4cae42e29905 8e48e3dbd812419ca5004eea22056236 bed3f8109c6b496ab3a5d63ed409cf55 - - default default] 10.0.0.159 "DELETE /v2.0/security-groups/f38ffcf7-0441-433f-8e14-0e09931263f5 HTTP/1.1" status: 204 len: 168 time: 0.6365678 /var/lib/openstack/lib/python3.10/site-packages/pycadf/identifier.py:71: UserWarning: Invalid uuid: neutron. To ensure interoperability, identifiers should be a valid uuid. warnings.warn(('Invalid uuid: %s. To ensure interoperability, '
2026-04-14 06:52:46.455 10 INFO neutron.wsgi [req-a2263c68-6859-4e03-9a70-002ac2a81ac4 req-b3bf680d-f7b8-4e50-ba46-ee452a1f9eb5 fce5a011465c4162ab50cb3cb70dda0f 19da8ca1200649dfbd17a5b567a365a5 - - default default] 10.0.0.72 "GET /v2.0/security-groups?name=tempest-lb_member_SG-127612925&fields=id&tenant_id=19da8ca1200649dfbd17a5b567a365a5 HTTP/1.1" status: 200 len: 267 time: 0.0389268
2026-04-14 06:52:46.545 10 INFO neutron.wsgi [req-a2263c68-6859-4e03-9a70-002ac2a81ac4 req-5ae804bf-75c9-403e-bd30-babce1f0872b fce5a011465c4162ab50cb3cb70dda0f 19da8ca1200649dfbd17a5b567a365a5 - - default default] 10.0.0.72 "GET /v2.0/networks?id=31a01f86-1bab-476a-be4f-35cd51a6e68a HTTP/1.1" status: 200 len: 903 time: 0.0835075
2026-04-14 06:52:46.563 10 INFO neutron.wsgi [req-a2263c68-6859-4e03-9a70-002ac2a81ac4 req-dc9b1037-7bd9-4ea9-a42f-afa8c3e1021c fce5a011465c4162ab50cb3cb70dda0f 19da8ca1200649dfbd17a5b567a365a5 - - default default] 10.0.0.72 "GET /v2.0/quotas/19da8ca1200649dfbd17a5b567a365a5 HTTP/1.1" status: 200 len: 386 time: 0.0093985
2026-04-14 06:52:46.670 9 INFO neutron.wsgi [None req-62b0cfb0-b910-45b8-81a5-38696f131ce4 9f7f8bf1160e486e97966cc8dbfe6a9d d610e892751149dda7b5815be04e8eaf - - default default] 10.0.0.159 "DELETE /v2.0/networks/bf0ab711-ab49-483a-a24e-efd9fbfaaf95 HTTP/1.1" status: 204 len: 168 time: 0.3708212
2026-04-14 06:52:46.736 10 INFO neutron.wsgi [req-a2263c68-6859-4e03-9a70-002ac2a81ac4 req-f0f74cbe-aebd-46bd-a690-d7daf9ebed73 fce5a011465c4162ab50cb3cb70dda0f 19da8ca1200649dfbd17a5b567a365a5 - - default default] 10.0.0.72 "GET /v2.0/ports?tenant_id=19da8ca1200649dfbd17a5b567a365a5&fields=id HTTP/1.1" status: 200 len: 532 time: 0.1666036
2026-04-14 06:52:46.811 10 INFO neutron.wsgi [req-a2263c68-6859-4e03-9a70-002ac2a81ac4 req-0cdb67e4-53e0-4f77-b794-f1a09616d12f 3c75dd45c996441fa726172e7c87476c 20c6709344df44d28735d48523711bad - - 50d5ba81f0dc4f2ab56814b6a00f312e 50d5ba81f0dc4f2ab56814b6a00f312e] 10.0.0.72 "GET /v2.0/networks/31a01f86-1bab-476a-be4f-35cd51a6e68a?fields=segments HTTP/1.1" status: 200 len: 212 time: 0.0619483
2026-04-14 06:52:46.891 10 INFO neutron.wsgi [req-a2263c68-6859-4e03-9a70-002ac2a81ac4 req-3a0c7633-84b8-4f8a-8c7d-a72387c0530c 3c75dd45c996441fa726172e7c87476c 20c6709344df44d28735d48523711bad - - 50d5ba81f0dc4f2ab56814b6a00f312e 50d5ba81f0dc4f2ab56814b6a00f312e] 10.0.0.72 "GET /v2.0/networks/31a01f86-1bab-476a-be4f-35cd51a6e68a?fields=provider%3Aphysical_network&fields=provider%3Anetwork_type HTTP/1.1" status: 200 len: 277 time: 0.0746489
2026-04-14 06:52:47.040 10 INFO neutron.notifiers.nova [-] Nova event matching ['req-4ff83d6b-f455-4354-ae5d-cd78294e1ebd'] response: {'name': 'network-changed', 'server_uuid': '85e1d73d-d93f-49cf-b45a-3b4da97916b7', 'tag': '96686f42-bfaf-4647-b0e1-bb07228f9cdb', 'status': 'completed', 'code': 200}
