2026-04-14 06:50:51.704 10 INFO neutron.wsgi [req-ea927d96-fd0b-44e5-a290-acf8b11e7638 req-1640cdbf-4572-4921-bc96-783bc17d1c88 fad592d5fbc94da89349a978fb582880 7024ad7c533c40a2aafceb3afdeff335 - - default default] 10.0.0.72 "GET /v2.0/security-groups?id=7d9acb52-ebcc-45d3-8c0b-7789847e975a&fields=id&fields=name HTTP/1.1" status: 200 len: 312 time: 0.0790818
2026-04-14 06:50:51.719 10 INFO neutron.wsgi [req-29bdeaed-e53d-40f4-95a4-268041852be1 req-3401ac9e-bb9c-454e-8948-b8c59685dd5e 3c75dd45c996441fa726172e7c87476c 20c6709344df44d28735d48523711bad - - 50d5ba81f0dc4f2ab56814b6a00f312e 50d5ba81f0dc4f2ab56814b6a00f312e] 162.253.55.62 "GET /v2.0/floatingips?fixed_ip_address=10.100.0.5&port_id=4a1f539f-3985-4b64-8ba4-531e24f6c8b1 HTTP/1.1" status: 200 len: 217 time: 0.0271919
2026-04-14 06:50:51.745 9 WARNING neutron.scheduler.dhcp_agent_scheduler [None req-57ce7a07-462a-4617-a02c-711a6624ea25 44b005b0974841c6bcebbd027c9a6a5d 78729a43f16040acbddac481e23f03ff - - default default] No more DHCP agents
2026-04-14 06:50:51.746 9 WARNING neutron.api.rpc.agentnotifiers.dhcp_rpc_agent_api [None req-57ce7a07-462a-4617-a02c-711a6624ea25 44b005b0974841c6bcebbd027c9a6a5d 78729a43f16040acbddac481e23f03ff - - default default] Unable to schedule network 2270c093-6f98-4904-bc80-7c477191f82e: no agents available; will retry on subsequent port and subnet creation events.
2026-04-14 06:50:51.770 10 INFO neutron.wsgi [req-29bdeaed-e53d-40f4-95a4-268041852be1 req-ba036c6b-94bc-4d41-ba5d-1de407700a9e 3c75dd45c996441fa726172e7c87476c 20c6709344df44d28735d48523711bad - - 50d5ba81f0dc4f2ab56814b6a00f312e 50d5ba81f0dc4f2ab56814b6a00f312e] 162.253.55.62 "GET /v2.0/subnets?id=281f3f72-425f-4625-8696-d69d25b12147 HTTP/1.1" status: 200 len: 852 time: 0.0463672
2026-04-14 06:50:51.800 10 INFO neutron.wsgi [req-29bdeaed-e53d-40f4-95a4-268041852be1 req-c67b1b98-6781-4463-be5f-692d5f510392 3c75dd45c996441fa726172e7c87476c 20c6709344df44d28735d48523711bad - - 50d5ba81f0dc4f2ab56814b6a00f312e 50d5ba81f0dc4f2ab56814b6a00f312e] 162.253.55.62 "GET /v2.0/ports?network_id=b2be85c1-56d5-49e4-9dea-677b46f76805&device_owner=network%3Adhcp HTTP/1.1" status: 200 len: 210 time: 0.0218709
2026-04-14 06:50:51.882 9 INFO neutron.db.ovn_revision_numbers_db [None req-57ce7a07-462a-4617-a02c-711a6624ea25 44b005b0974841c6bcebbd027c9a6a5d 78729a43f16040acbddac481e23f03ff - - default default] Successfully bumped revision number for resource 12aa7dcc-5974-488b-853d-cac41e4276fd (type: router_ports) to 2
2026-04-14 06:50:51.885 9 INFO neutron.wsgi [None req-57ce7a07-462a-4617-a02c-711a6624ea25 44b005b0974841c6bcebbd027c9a6a5d 78729a43f16040acbddac481e23f03ff - - default default] 10.0.0.159 "PUT /v2.0/routers/f8dcc010-3d6c-4e20-9743-027fc0708e80/add_router_interface HTTP/1.1" status: 200 len: 503 time: 1.3921239
2026-04-14 06:50:51.895 10 INFO neutron.wsgi [req-29bdeaed-e53d-40f4-95a4-268041852be1 req-fa6ef774-5e96-479a-922f-56f53d6d1403 3c75dd45c996441fa726172e7c87476c 20c6709344df44d28735d48523711bad - - 50d5ba81f0dc4f2ab56814b6a00f312e 50d5ba81f0dc4f2ab56814b6a00f312e] 162.253.55.62 "GET /v2.0/networks/b2be85c1-56d5-49e4-9dea-677b46f76805?fields=segments HTTP/1.1" status: 200 len: 212 time: 0.0830510
2026-04-14 06:50:51.970 10 INFO neutron.db.ovn_revision_numbers_db [None req-3be24af8-912c-4216-9038-2fc1fe89e298 - - - - - -] Successfully bumped revision number for resource 12aa7dcc-5974-488b-853d-cac41e4276fd (type: ports) to 2
2026-04-14 06:50:51.974 10 INFO neutron.wsgi [req-29bdeaed-e53d-40f4-95a4-268041852be1 req-be37b97a-9b25-4528-bc6a-758d1aa00ece 3c75dd45c996441fa726172e7c87476c 20c6709344df44d28735d48523711bad - - 50d5ba81f0dc4f2ab56814b6a00f312e 50d5ba81f0dc4f2ab56814b6a00f312e] 162.253.55.62 "GET /v2.0/networks/b2be85c1-56d5-49e4-9dea-677b46f76805?fields=provider%3Aphysical_network&fields=provider%3Anetwork_type HTTP/1.1" status: 200 len: 277 time: 0.0707211
2026-04-14 06:50:51.998 9 INFO neutron.wsgi [None req-75e52787-b1cd-46b5-b0ee-c1bdcd409c88 44b005b0974841c6bcebbd027c9a6a5d 78729a43f16040acbddac481e23f03ff - - default default] 10.0.0.159 "GET /v2.0/ports/12aa7dcc-5974-488b-853d-cac41e4276fd HTTP/1.1" status: 200 len: 1137 time: 0.1079001
2026-04-14 06:50:52.060 10 INFO neutron.wsgi [req-d6e1290e-993d-4d7e-8001-a684c2559251 req-07d04476-2ffa-492a-9cc7-2d2a6d507c96 3c75dd45c996441fa726172e7c87476c 20c6709344df44d28735d48523711bad - - 50d5ba81f0dc4f2ab56814b6a00f312e 50d5ba81f0dc4f2ab56814b6a00f312e] 162.253.55.62 "GET /v2.0/ports?tenant_id=7024ad7c533c40a2aafceb3afdeff335&device_id=e88d1ab4-9931-4e5e-b309-b6293e9dff7f HTTP/1.1" status: 200 len: 1407 time: 0.0453305
2026-04-14 06:50:52.063 10 INFO neutron.db.ovn_revision_numbers_db [None req-3be24af8-912c-4216-9038-2fc1fe89e298 - - - - - -] Successfully bumped revision number for resource 12aa7dcc-5974-488b-853d-cac41e4276fd (type: router_ports) to 2
2026-04-14 06:50:52.164 10 INFO neutron.wsgi [req-d6e1290e-993d-4d7e-8001-a684c2559251 req-e35f9a87-926e-42d2-99b3-8dc8804cbcf4 3c75dd45c996441fa726172e7c87476c 20c6709344df44d28735d48523711bad - - 50d5ba81f0dc4f2ab56814b6a00f312e 50d5ba81f0dc4f2ab56814b6a00f312e] 162.253.55.62 "GET /v2.0/networks?id=b2be85c1-56d5-49e4-9dea-677b46f76805 HTTP/1.1" status: 200 len: 959 time: 0.0886235
2026-04-14 06:50:52.199 10 INFO neutron.wsgi [req-d6e1290e-993d-4d7e-8001-a684c2559251 req-dbbc5760-9d26-43f9-b3c0-22213879fcde 3c75dd45c996441fa726172e7c87476c 20c6709344df44d28735d48523711bad - - 50d5ba81f0dc4f2ab56814b6a00f312e 50d5ba81f0dc4f2ab56814b6a00f312e] 162.253.55.62 "GET /v2.0/floatingips?fixed_ip_address=10.100.0.5&port_id=4a1f539f-3985-4b64-8ba4-531e24f6c8b1 HTTP/1.1" status: 200 len: 217 time: 0.0287027
2026-04-14 06:50:52.247 10 INFO neutron.wsgi [req-d6e1290e-993d-4d7e-8001-a684c2559251 req-29390905-1fb5-49a1-80fd-1d1792128896 3c75dd45c996441fa726172e7c87476c 20c6709344df44d28735d48523711bad - - 50d5ba81f0dc4f2ab56814b6a00f312e 50d5ba81f0dc4f2ab56814b6a00f312e] 162.253.55.62 "GET /v2.0/subnets?id=281f3f72-425f-4625-8696-d69d25b12147 HTTP/1.1" status: 200 len: 852 time: 0.0404739
2026-04-14 06:50:52.288 10 INFO neutron.wsgi [req-d6e1290e-993d-4d7e-8001-a684c2559251 req-909a992a-f390-42ef-ac74-40ae4823cb99 3c75dd45c996441fa726172e7c87476c 20c6709344df44d28735d48523711bad - - 50d5ba81f0dc4f2ab56814b6a00f312e 50d5ba81f0dc4f2ab56814b6a00f312e] 162.253.55.62 "GET /v2.0/ports?network_id=b2be85c1-56d5-49e4-9dea-677b46f76805&device_owner=network%3Adhcp HTTP/1.1" status: 200 len: 210 time: 0.0319502
2026-04-14 06:50:52.373 10 INFO neutron.wsgi [req-d6e1290e-993d-4d7e-8001-a684c2559251 req-447073c9-116c-43cf-aafd-7836123e7acc 3c75dd45c996441fa726172e7c87476c 20c6709344df44d28735d48523711bad - - 50d5ba81f0dc4f2ab56814b6a00f312e 50d5ba81f0dc4f2ab56814b6a00f312e] 162.253.55.62 "GET /v2.0/networks/b2be85c1-56d5-49e4-9dea-677b46f76805?fields=segments HTTP/1.1" status: 200 len: 212 time: 0.0812445
2026-04-14 06:50:52.449 10 INFO neutron.wsgi [req-d6e1290e-993d-4d7e-8001-a684c2559251 req-98190f30-a3f1-4eea-9a9c-26c7649d1340 3c75dd45c996441fa726172e7c87476c 20c6709344df44d28735d48523711bad - - 50d5ba81f0dc4f2ab56814b6a00f312e 50d5ba81f0dc4f2ab56814b6a00f312e] 162.253.55.62 "GET /v2.0/networks/b2be85c1-56d5-49e4-9dea-677b46f76805?fields=provider%3Aphysical_network&fields=provider%3Anetwork_type HTTP/1.1" status: 200 len: 277 time: 0.0705385
2026-04-14 06:50:52.576 9 WARNING neutron.scheduler.dhcp_agent_scheduler [None req-febb92d3-50b7-4c07-a99c-143b2cf36b13 44b005b0974841c6bcebbd027c9a6a5d 78729a43f16040acbddac481e23f03ff - - default default] No more DHCP agents
2026-04-14 06:50:52.577 9 WARNING neutron.api.rpc.agentnotifiers.dhcp_rpc_agent_api [None req-febb92d3-50b7-4c07-a99c-143b2cf36b13 44b005b0974841c6bcebbd027c9a6a5d 78729a43f16040acbddac481e23f03ff - - default default] Unable to schedule network 4959b688-a520-4c45-a78c-562ecb27e2fe: no agents available; will retry on subsequent port and subnet creation events.
2026-04-14 06:50:52.766 9 INFO neutron.db.ovn_revision_numbers_db [None req-febb92d3-50b7-4c07-a99c-143b2cf36b13 44b005b0974841c6bcebbd027c9a6a5d 78729a43f16040acbddac481e23f03ff - - default default] Successfully bumped revision number for resource 9bd6bec8-4847-4f6d-a2c7-830fe877756a (type: ports) to 1
2026-04-14 06:50:52.835 9 INFO neutron.wsgi [req-5d9392c2-3844-43c5-8cce-79834aec1f6c req-9d7527e4-e33c-4b39-b1c3-7217563882f3 fad592d5fbc94da89349a978fb582880 7024ad7c533c40a2aafceb3afdeff335 - - default default] 10.0.0.72 "GET /v2.0/ports?device_id=e88d1ab4-9931-4e5e-b309-b6293e9dff7f HTTP/1.1" status: 200 len: 1168 time: 0.0603909
2026-04-14 06:50:52.911 9 INFO neutron.wsgi [req-5d9392c2-3844-43c5-8cce-79834aec1f6c req-d99a1b51-68e5-4e4e-b856-5cdcb189b6e8 fad592d5fbc94da89349a978fb582880 7024ad7c533c40a2aafceb3afdeff335 - - default default] 10.0.0.72 "GET /v2.0/security-groups?id=7d9acb52-ebcc-45d3-8c0b-7789847e975a&fields=id&fields=name HTTP/1.1" status: 200 len: 312 time: 0.0661964
2026-04-14 06:50:53.000 9 INFO neutron.db.ovn_revision_numbers_db [None req-994a56d0-ef8e-457a-9fe4-2ee35f3a78ec 8e48e3dbd812419ca5004eea22056236 bed3f8109c6b496ab3a5d63ed409cf55 - - default default] Successfully bumped revision number for resource 6a2f9f6a-50a4-4e86-8c2c-7a72c82e5e38 (type: security_groups) to 1
2026-04-14 06:50:53.023 9 INFO neutron.db.ovn_revision_numbers_db [None req-994a56d0-ef8e-457a-9fe4-2ee35f3a78ec 8e48e3dbd812419ca5004eea22056236 bed3f8109c6b496ab3a5d63ed409cf55 - - default default] Successfully bumped revision number for resource 10ccccc0-bea2-4267-ba46-fcd6f92d3544 (type: security_group_rules) to 0
2026-04-14 06:50:53.043 9 INFO neutron.db.ovn_revision_numbers_db [None req-994a56d0-ef8e-457a-9fe4-2ee35f3a78ec 8e48e3dbd812419ca5004eea22056236 bed3f8109c6b496ab3a5d63ed409cf55 - - default default] Successfully bumped revision number for resource 31e4b9d9-eb24-492c-982b-eb2c1062851f (type: security_group_rules) to 0
2026-04-14 06:50:53.062 9 INFO neutron.db.ovn_revision_numbers_db [None req-994a56d0-ef8e-457a-9fe4-2ee35f3a78ec 8e48e3dbd812419ca5004eea22056236 bed3f8109c6b496ab3a5d63ed409cf55 - - default default] Successfully bumped revision number for resource 3935d075-22a8-40dc-bb5c-998507eb6190 (type: security_group_rules) to 0
2026-04-14 06:50:53.107 9 INFO neutron.db.ovn_revision_numbers_db [None req-994a56d0-ef8e-457a-9fe4-2ee35f3a78ec 8e48e3dbd812419ca5004eea22056236 bed3f8109c6b496ab3a5d63ed409cf55 - - default default] Successfully bumped revision number for resource 650235d6-81d5-4b94-949d-e3271e6fcecf (type: security_group_rules) to 0
2026-04-14 06:50:53.138 9 INFO neutron.wsgi [None req-994a56d0-ef8e-457a-9fe4-2ee35f3a78ec 8e48e3dbd812419ca5004eea22056236 bed3f8109c6b496ab3a5d63ed409cf55 - - default default] 10.0.0.159 "GET /v2.0/security-groups?tenant_id=ba9acc8a1d99476d8e062d2a9c5d9186&name=default HTTP/1.1" status: 200 len: 2996 time: 0.5120695
2026-04-14 06:50:53.305 9 INFO neutron.plugins.ml2.drivers.ovn.mech_driver.mech_driver [None req-43508560-b61f-49c9-9d23-fd51b0189029 - - - - - -] OVN reports status up for port: 9bd6bec8-4847-4f6d-a2c7-830fe877756a
2026-04-14 06:50:53.312 9 INFO neutron.plugins.ml2.plugin [None req-43508560-b61f-49c9-9d23-fd51b0189029 - - - - - -] Attempt 1 to provision port 9bd6bec8-4847-4f6d-a2c7-830fe877756a
2026-04-14 06:50:53.329 9 INFO neutron.db.ovn_revision_numbers_db [None req-febb92d3-50b7-4c07-a99c-143b2cf36b13 44b005b0974841c6bcebbd027c9a6a5d 78729a43f16040acbddac481e23f03ff - - default default] Successfully bumped revision number for resource 9bd6bec8-4847-4f6d-a2c7-830fe877756a (type: router_ports) to 1
2026-04-14 06:50:53.398 10 INFO neutron.wsgi [None req-6223a718-660c-47e3-b066-6e00fce95e82 8e48e3dbd812419ca5004eea22056236 bed3f8109c6b496ab3a5d63ed409cf55 - - default default] 10.0.0.159 "DELETE /v2.0/security-groups/6a2f9f6a-50a4-4e86-8c2c-7a72c82e5e38 HTTP/1.1" status: 204 len: 168 time: 0.2521760
2026-04-14 06:50:53.518 9 INFO neutron.db.ovn_revision_numbers_db [None req-febb92d3-50b7-4c07-a99c-143b2cf36b13 44b005b0974841c6bcebbd027c9a6a5d 78729a43f16040acbddac481e23f03ff - - default default] Successfully bumped revision number for resource 9bd6bec8-4847-4f6d-a2c7-830fe877756a (type: ports) to 1
2026-04-14 06:50:53.603 9 WARNING neutron.scheduler.dhcp_agent_scheduler [None req-febb92d3-50b7-4c07-a99c-143b2cf36b13 44b005b0974841c6bcebbd027c9a6a5d 78729a43f16040acbddac481e23f03ff - - default default] No more DHCP agents
2026-04-14 06:50:53.605 9 WARNING neutron.api.rpc.agentnotifiers.dhcp_rpc_agent_api [None req-febb92d3-50b7-4c07-a99c-143b2cf36b13 44b005b0974841c6bcebbd027c9a6a5d 78729a43f16040acbddac481e23f03ff - - default default] Unable to schedule network 4959b688-a520-4c45-a78c-562ecb27e2fe: no agents available; will retry on subsequent port and subnet creation events.
2026-04-14 06:50:53.650 9 INFO neutron.db.ovn_revision_numbers_db [None req-43508560-b61f-49c9-9d23-fd51b0189029 - - - - - -] Successfully bumped revision number for resource 9bd6bec8-4847-4f6d-a2c7-830fe877756a (type: ports) to 2
2026-04-14 06:50:53.993 9 INFO neutron.db.ovn_revision_numbers_db [None req-43508560-b61f-49c9-9d23-fd51b0189029 - - - - - -] Successfully bumped revision number for resource 9bd6bec8-4847-4f6d-a2c7-830fe877756a (type: router_ports) to 2
2026-04-14 06:50:54.013 9 INFO neutron.db.ovn_revision_numbers_db [None req-febb92d3-50b7-4c07-a99c-143b2cf36b13 44b005b0974841c6bcebbd027c9a6a5d 78729a43f16040acbddac481e23f03ff - - default default] Successfully bumped revision number for resource 9bd6bec8-4847-4f6d-a2c7-830fe877756a (type: router_ports) to 2
2026-04-14 06:50:54.015 9 INFO neutron.wsgi [None req-febb92d3-50b7-4c07-a99c-143b2cf36b13 44b005b0974841c6bcebbd027c9a6a5d 78729a43f16040acbddac481e23f03ff - - default default] 10.0.0.159 "PUT /v2.0/routers/f8dcc010-3d6c-4e20-9743-027fc0708e80/add_router_interface HTTP/1.1" status: 200 len: 503 time: 2.0131235
2026-04-14 06:50:54.028 10 INFO neutron.wsgi [req-1491a215-9266-4109-aba1-d83ff896dd9b req-5490a73f-3ad0-43ad-9ee5-dbbd75c4052f fad592d5fbc94da89349a978fb582880 7024ad7c533c40a2aafceb3afdeff335 - - default default] 10.0.0.72 "GET /v2.0/ports?device_id=e88d1ab4-9931-4e5e-b309-b6293e9dff7f HTTP/1.1" status: 200 len: 1168 time: 0.0476651
2026-04-14 06:50:54.058 9 INFO neutron.wsgi [None req-388fde77-49ea-471c-a03b-dacbbc54abc4 44b005b0974841c6bcebbd027c9a6a5d 78729a43f16040acbddac481e23f03ff - - default default] 10.0.0.159 "GET /v2.0/ports/9bd6bec8-4847-4f6d-a2c7-830fe877756a HTTP/1.1" status: 200 len: 1137 time: 0.0376916
2026-04-14 06:50:54.107 10 INFO neutron.wsgi [req-1491a215-9266-4109-aba1-d83ff896dd9b req-25bcb9f4-9edd-4056-a8c6-fbf21c72f5bf fad592d5fbc94da89349a978fb582880 7024ad7c533c40a2aafceb3afdeff335 - - default default] 10.0.0.72 "GET /v2.0/security-groups?id=7d9acb52-ebcc-45d3-8c0b-7789847e975a&fields=id&fields=name HTTP/1.1" status: 200 len: 312 time: 0.0711794
2026-04-14 06:50:54.199 10 INFO neutron.wsgi [None req-06146786-d5b0-4fd9-92ce-91d416043ca7 44b005b0974841c6bcebbd027c9a6a5d 78729a43f16040acbddac481e23f03ff - - default default] 10.0.0.159 "GET /v2.0/ports/9bd6bec8-4847-4f6d-a2c7-830fe877756a HTTP/1.1" status: 200 len: 1137 time: 0.1307173
2026-04-14 06:50:54.200 10 INFO neutron.db.ovn_revision_numbers_db [None req-e35f63e6-602f-4223-8e9d-ad5ac494dafc 8e48e3dbd812419ca5004eea22056236 bed3f8109c6b496ab3a5d63ed409cf55 - - default default] Successfully bumped revision number for resource 336cbc13-7d3f-4934-82b3-821a7e2c8b17 (type: security_groups) to 1
2026-04-14 06:50:54.212 10 INFO neutron.db.ovn_revision_numbers_db [None req-e35f63e6-602f-4223-8e9d-ad5ac494dafc 8e48e3dbd812419ca5004eea22056236 bed3f8109c6b496ab3a5d63ed409cf55 - - default default] Successfully bumped revision number for resource 15bbbab0-8536-4a57-be6f-bab8ae114f32 (type: security_group_rules) to 0
2026-04-14 06:50:54.227 10 INFO neutron.db.ovn_revision_numbers_db [None req-e35f63e6-602f-4223-8e9d-ad5ac494dafc 8e48e3dbd812419ca5004eea22056236 bed3f8109c6b496ab3a5d63ed409cf55 - - default default] Successfully bumped revision number for resource a7fdced7-3eaf-46dd-b480-a4ad41ee67df (type: security_group_rules) to 0
2026-04-14 06:50:54.242 10 INFO neutron.db.ovn_revision_numbers_db [None req-e35f63e6-602f-4223-8e9d-ad5ac494dafc 8e48e3dbd812419ca5004eea22056236 bed3f8109c6b496ab3a5d63ed409cf55 - - default default] Successfully bumped revision number for resource bf06e5d4-f66b-468d-992b-b8a4421da323 (type: security_group_rules) to 0
2026-04-14 06:50:54.258 10 INFO neutron.db.ovn_revision_numbers_db [None req-e35f63e6-602f-4223-8e9d-ad5ac494dafc 8e48e3dbd812419ca5004eea22056236 bed3f8109c6b496ab3a5d63ed409cf55 - - default default] Successfully bumped revision number for resource cc8292d6-b7bd-44e1-90b5-7e649305814e (type: security_group_rules) to 0
2026-04-14 06:50:54.284 10 INFO neutron.wsgi [None req-e35f63e6-602f-4223-8e9d-ad5ac494dafc 8e48e3dbd812419ca5004eea22056236 bed3f8109c6b496ab3a5d63ed409cf55 - - default default] 10.0.0.159 "GET /v2.0/security-groups?tenant_id=deb5c1c267814b9ea39e4cb145586c79&name=default HTTP/1.1" status: 200 len: 2996 time: 0.4005451
2026-04-14 06:50:54.337 9 INFO neutron.wsgi [None req-3599a996-b3dd-4e16-9225-3c92746a73a5 8e48e3dbd812419ca5004eea22056236 bed3f8109c6b496ab3a5d63ed409cf55 - - default default] 10.0.0.126 "GET /v2.0/ports HTTP/1.1" status: 200 len: 16173 time: 0.1517899
2026-04-14 06:50:54.439 9 INFO neutron.wsgi [None req-3e64a6f1-0300-4d00-a698-3ed6d2fc1810 8e48e3dbd812419ca5004eea22056236 bed3f8109c6b496ab3a5d63ed409cf55 - - default default] 10.0.0.126 "GET /v2.0/networks HTTP/1.1" status: 200 len: 4580 time: 0.0897698
2026-04-14 06:50:54.453 9 INFO neutron.wsgi [None req-8ccf0ef0-decb-4394-8429-da79e2a67926 8e48e3dbd812419ca5004eea22056236 bed3f8109c6b496ab3a5d63ed409cf55 - - default default] 10.0.0.126 "GET /v2.0/agents HTTP/1.1" status: 200 len: 997 time: 0.0110071
2026-04-14 06:50:54.468 9 INFO neutron.wsgi [None req-2c0ab75e-e910-4f74-8095-48621338f66b 8e48e3dbd812419ca5004eea22056236 bed3f8109c6b496ab3a5d63ed409cf55 - - default default] 10.0.0.126 "GET /v2.0/network-ip-availabilities HTTP/1.1" status: 200 len: 2550 time: 0.0131049
2026-04-14 06:50:54.524 9 INFO neutron.wsgi [None req-be71cdfb-76d7-45d6-b2da-150028f842a6 8e48e3dbd812419ca5004eea22056236 bed3f8109c6b496ab3a5d63ed409cf55 - - default default] 10.0.0.126 "GET /v2.0/subnets HTTP/1.1" status: 200 len: 3297 time: 0.0450153
2026-04-14 06:50:54.538 9 INFO neutron.wsgi [None req-008f555e-88ca-4577-9fb6-b5058debe171 8e48e3dbd812419ca5004eea22056236 bed3f8109c6b496ab3a5d63ed409cf55 - - default default] 10.0.0.126 "GET /v2.0/subnetpools HTTP/1.1" status: 200 len: 193 time: 0.0111809
2026-04-14 06:50:54.651 9 INFO neutron.wsgi [None req-c0bb334c-127b-484a-b402-13a505af273a 8e48e3dbd812419ca5004eea22056236 bed3f8109c6b496ab3a5d63ed409cf55 - - default default] 10.0.0.126 "GET /v2.0/security-groups HTTP/1.1" status: 200 len: 35325 time: 0.1120026
2026-04-14 06:50:54.786 9 INFO neutron.wsgi [None req-fce467fe-ad3e-43c4-822b-734a5fab4cfa 8e48e3dbd812419ca5004eea22056236 bed3f8109c6b496ab3a5d63ed409cf55 - - default default] 10.0.0.126 "GET /v2.0/routers HTTP/1.1" status: 200 len: 1344 time: 0.1152034
2026-04-14 06:50:54.813 9 INFO neutron.wsgi [None req-843cc847-e4a9-4a1e-b46c-14f9cc613ab4 8e48e3dbd812419ca5004eea22056236 bed3f8109c6b496ab3a5d63ed409cf55 - - default default] 10.0.0.126 "GET /v2.0/agents?binary=ovn-controller HTTP/1.1" status: 200 len: 591 time: 0.0134962
2026-04-14 06:50:54.814 10 INFO neutron.wsgi [None req-975b39eb-34ae-4527-b83b-dd7a8e8ab6f7 8e48e3dbd812419ca5004eea22056236 bed3f8109c6b496ab3a5d63ed409cf55 - - default default] 10.0.0.159 "DELETE /v2.0/security-groups/336cbc13-7d3f-4934-82b3-821a7e2c8b17 HTTP/1.1" status: 204 len: 168 time: 0.5237308
2026-04-14 06:50:54.855 9 INFO neutron.wsgi [None req-5f4a1e90-b157-4a28-b2be-6fb31f2e023f 8e48e3dbd812419ca5004eea22056236 bed3f8109c6b496ab3a5d63ed409cf55 - - default default] 10.0.0.126 "GET /v2.0/floatingips HTTP/1.1" status: 200 len: 730 time: 0.0402312
2026-04-14 06:50:54.903 9 INFO neutron.wsgi [None req-0fe93381-352c-4cb1-ad88-b818ef624cc2 8e48e3dbd812419ca5004eea22056236 bed3f8109c6b496ab3a5d63ed409cf55 - - default default] 10.0.0.126 "GET /v2.0/subnets HTTP/1.1" status: 200 len: 3297 time: 0.0461340 /var/lib/openstack/lib/python3.10/site-packages/pycadf/identifier.py:71: UserWarning: Invalid uuid: neutron. To ensure interoperability, identifiers should be a valid uuid. warnings.warn(('Invalid uuid: %s. To ensure interoperability, '
2026-04-14 06:50:55.222 9 INFO neutron.wsgi [None req-c2649422-2d37-4ad2-93a9-58962d4847b1 44b005b0974841c6bcebbd027c9a6a5d 78729a43f16040acbddac481e23f03ff - - default default] 10.0.0.159 "PUT /v2.0/routers/f8dcc010-3d6c-4e20-9743-027fc0708e80/remove_router_interface HTTP/1.1" status: 200 len: 503 time: 1.0159729
2026-04-14 06:50:55.272 9 INFO neutron.wsgi [None req-032ac7a6-a571-402f-b0e4-b3d475dd9005 44b005b0974841c6bcebbd027c9a6a5d 78729a43f16040acbddac481e23f03ff - - default default] 10.0.0.159 "GET /v2.0/ports/12aa7dcc-5974-488b-853d-cac41e4276fd HTTP/1.1" status: 200 len: 1137 time: 0.0411739
2026-04-14 06:50:55.317 9 INFO neutron.wsgi [req-657f52c1-8776-4067-bd00-310b84706d29 req-a1ebc5d4-5408-407d-8c2d-16872e0be2a4 fad592d5fbc94da89349a978fb582880 7024ad7c533c40a2aafceb3afdeff335 - - default default] 10.0.0.72 "GET /v2.0/ports?device_id=e88d1ab4-9931-4e5e-b309-b6293e9dff7f HTTP/1.1" status: 200 len: 1168 time: 0.1192341
2026-04-14 06:50:55.363 9 INFO neutron.wsgi [req-657f52c1-8776-4067-bd00-310b84706d29 req-efe2ac2e-3560-4083-85cd-5baa4d4f2d4b fad592d5fbc94da89349a978fb582880 7024ad7c533c40a2aafceb3afdeff335 - - default default] 10.0.0.72 "GET /v2.0/security-groups?id=7d9acb52-ebcc-45d3-8c0b-7789847e975a&fields=id&fields=name HTTP/1.1" status: 200 len: 312 time: 0.0394216
2026-04-14 06:50:55.599 10 INFO neutron.db.ovn_revision_numbers_db [None req-b08a7132-df73-41f8-8dff-8765c2e4f1d3 8e48e3dbd812419ca5004eea22056236 bed3f8109c6b496ab3a5d63ed409cf55 - - default default] Successfully bumped revision number for resource 288f690a-96a0-4ae0-951f-51c606ddcd85 (type: security_groups) to 1
2026-04-14 06:50:55.616 10 INFO neutron.db.ovn_revision_numbers_db [None req-b08a7132-df73-41f8-8dff-8765c2e4f1d3 8e48e3dbd812419ca5004eea22056236 bed3f8109c6b496ab3a5d63ed409cf55 - - default default] Successfully bumped revision number for resource 9e082395-3b32-4968-a9e7-44ebc217c353 (type: security_group_rules) to 0
2026-04-14 06:50:55.635 10 INFO neutron.db.ovn_revision_numbers_db [None req-b08a7132-df73-41f8-8dff-8765c2e4f1d3 8e48e3dbd812419ca5004eea22056236 bed3f8109c6b496ab3a5d63ed409cf55 - - default default] Successfully bumped revision number for resource da63be61-b180-405c-a67f-9b61253d742c (type: security_group_rules) to 0
2026-04-14 06:50:55.667 10 INFO neutron.db.ovn_revision_numbers_db [None req-b08a7132-df73-41f8-8dff-8765c2e4f1d3 8e48e3dbd812419ca5004eea22056236 bed3f8109c6b496ab3a5d63ed409cf55 - - default default] Successfully bumped revision number for resource e3db3b49-7edb-4319-9404-99a7a95e0707 (type: security_group_rules) to 0
2026-04-14 06:50:55.680 10 INFO neutron.db.ovn_revision_numbers_db [None req-b08a7132-df73-41f8-8dff-8765c2e4f1d3 8e48e3dbd812419ca5004eea22056236 bed3f8109c6b496ab3a5d63ed409cf55 - - default default] Successfully bumped revision number for resource fb14057d-0d57-4257-8006-d4f2ceb103e5 (type: security_group_rules) to 0
2026-04-14 06:50:55.758 10 INFO neutron.db.segments_db [None req-b08a7132-df73-41f8-8dff-8765c2e4f1d3 8e48e3dbd812419ca5004eea22056236 bed3f8109c6b496ab3a5d63ed409cf55 - - default default] Added segment 819db589-7e6d-477d-b391-3ceffdaf13d7 of type geneve for network c433b8f5-d12c-4592-a705-44957f105651
2026-04-14 06:50:56.045 10 INFO neutron.db.ovn_revision_numbers_db [None req-b08a7132-df73-41f8-8dff-8765c2e4f1d3 8e48e3dbd812419ca5004eea22056236 bed3f8109c6b496ab3a5d63ed409cf55 - - default default] Successfully bumped revision number for resource c433b8f5-d12c-4592-a705-44957f105651 (type: networks) to 1
2026-04-14 06:50:56.141 10 INFO neutron.wsgi [None req-850fe209-db81-4e10-93ed-b234e488b1d1 44b005b0974841c6bcebbd027c9a6a5d 78729a43f16040acbddac481e23f03ff - - default default] 10.0.0.159 "PUT /v2.0/routers/f8dcc010-3d6c-4e20-9743-027fc0708e80/remove_router_interface HTTP/1.1" status: 200 len: 503 time: 0.8624406
2026-04-14 06:50:56.168 9 INFO neutron.wsgi [None req-cd4b1570-e165-40aa-a3d5-59ddf3b8a4d4 44b005b0974841c6bcebbd027c9a6a5d 78729a43f16040acbddac481e23f03ff - - default default] 10.0.0.159 "GET /v2.0/ports?device_id=f8dcc010-3d6c-4e20-9743-027fc0708e80 HTTP/1.1" status: 200 len: 205 time: 0.0214133
2026-04-14 06:50:56.282 10 WARNING neutron.scheduler.dhcp_agent_scheduler [None req-b08a7132-df73-41f8-8dff-8765c2e4f1d3 8e48e3dbd812419ca5004eea22056236 bed3f8109c6b496ab3a5d63ed409cf55 - - default default] No more DHCP agents
2026-04-14 06:50:56.283 10 WARNING neutron.api.rpc.agentnotifiers.dhcp_rpc_agent_api [None req-b08a7132-df73-41f8-8dff-8765c2e4f1d3 8e48e3dbd812419ca5004eea22056236 bed3f8109c6b496ab3a5d63ed409cf55 - - default default] Unable to schedule network c433b8f5-d12c-4592-a705-44957f105651: no agents available; will retry on subsequent port and subnet creation events.
2026-04-14 06:50:56.359 10 INFO neutron.db.ovn_revision_numbers_db [None req-b08a7132-df73-41f8-8dff-8765c2e4f1d3 8e48e3dbd812419ca5004eea22056236 bed3f8109c6b496ab3a5d63ed409cf55 - - default default] Successfully bumped revision number for resource 87dd8fb4-374a-479a-9260-f8b2143c7cc2 (type: ports) to 1
2026-04-14 06:50:56.382 10 INFO neutron.wsgi [None req-b08a7132-df73-41f8-8dff-8765c2e4f1d3 8e48e3dbd812419ca5004eea22056236 bed3f8109c6b496ab3a5d63ed409cf55 - - default default] 10.0.0.159 "POST /v2.0/networks HTTP/1.1" status: 201 len: 943 time: 1.1575527 /var/lib/openstack/lib/python3.10/site-packages/pycadf/identifier.py:71: UserWarning: Invalid uuid: neutron. To ensure interoperability, identifiers should be a valid uuid. warnings.warn(('Invalid uuid: %s. To ensure interoperability, '
2026-04-14 06:50:56.466 9 INFO neutron.wsgi [None req-e29be77d-d932-4a92-90bf-1909f3577bca 44b005b0974841c6bcebbd027c9a6a5d 78729a43f16040acbddac481e23f03ff - - default default] 10.0.0.159 "DELETE /v2.0/routers/f8dcc010-3d6c-4e20-9743-027fc0708e80 HTTP/1.1" status: 204 len: 168 time: 0.2908227
2026-04-14 06:50:56.493 10 INFO neutron.wsgi [req-5ec1324b-6762-4cc4-8e19-777b9d909742 req-f1070cc2-6064-4ea6-b107-32b8546ed926 fad592d5fbc94da89349a978fb582880 7024ad7c533c40a2aafceb3afdeff335 - - default default] 10.0.0.72 "GET /v2.0/ports?device_id=e88d1ab4-9931-4e5e-b309-b6293e9dff7f HTTP/1.1" status: 200 len: 1168 time: 0.0595715
2026-04-14 06:50:56.549 10 INFO neutron.wsgi [req-5ec1324b-6762-4cc4-8e19-777b9d909742 req-74aacd11-7266-41cc-8676-c8ef68e539c3 fad592d5fbc94da89349a978fb582880 7024ad7c533c40a2aafceb3afdeff335 - - default default] 10.0.0.72 "GET /v2.0/security-groups?id=7d9acb52-ebcc-45d3-8c0b-7789847e975a&fields=id&fields=name HTTP/1.1" status: 200 len: 312 time: 0.0475354
2026-04-14 06:50:56.619 10 WARNING neutron.scheduler.dhcp_agent_scheduler [None req-33931f34-9125-4ff1-b819-ddff8d5564dc 8e48e3dbd812419ca5004eea22056236 bed3f8109c6b496ab3a5d63ed409cf55 - - default default] No more DHCP agents
2026-04-14 06:50:56.621 10 WARNING neutron.api.rpc.agentnotifiers.dhcp_rpc_agent_api [None req-33931f34-9125-4ff1-b819-ddff8d5564dc 8e48e3dbd812419ca5004eea22056236 bed3f8109c6b496ab3a5d63ed409cf55 - - default default] Unable to schedule network c433b8f5-d12c-4592-a705-44957f105651: no agents available; will retry on subsequent port and subnet creation events.
2026-04-14 06:50:56.658 9 INFO neutron.wsgi [None req-df3d692d-7731-4b26-b552-8d603381a856 44b005b0974841c6bcebbd027c9a6a5d 78729a43f16040acbddac481e23f03ff - - default default] 10.0.0.159 "DELETE /v2.0/subnets/177d6fdb-bdfa-4597-8205-b3699cf54f2e HTTP/1.1" status: 204 len: 168 time: 0.1857748
2026-04-14 06:50:56.898 9 INFO neutron.wsgi [None req-9a94e33e-6ce2-495b-9706-41346923b5a8 44b005b0974841c6bcebbd027c9a6a5d 78729a43f16040acbddac481e23f03ff - - default default] 10.0.0.159 "DELETE /v2.0/subnets/a087cd88-2d75-4e93-a999-657fb6e0d782 HTTP/1.1" status: 204 len: 168 time: 0.2352083
2026-04-14 06:50:56.944 10 WARNING neutron.plugins.ml2.drivers.ovn.mech_driver.ovsdb.ovn_client [None req-3be24af8-912c-4216-9038-2fc1fe89e298 - - - - - -] No port found with ID 12aa7dcc-5974-488b-853d-cac41e4276fd: RuntimeError: No port found with ID 12aa7dcc-5974-488b-853d-cac41e4276fd
2026-04-14 06:50:56.944 10 INFO neutron.plugins.ml2.drivers.ovn.mech_driver.mech_driver [None req-3be24af8-912c-4216-9038-2fc1fe89e298 - - - - - -] OVN reports status up for port: 4a1f539f-3985-4b64-8ba4-531e24f6c8b1
2026-04-14 06:50:56.957 10 INFO neutron.plugins.ml2.plugin [None req-3be24af8-912c-4216-9038-2fc1fe89e298 - - - - - -] Attempt 1 to provision port 4a1f539f-3985-4b64-8ba4-531e24f6c8b1
2026-04-14 06:50:57.098 10 INFO neutron.notifiers.nova [-] Nova event matching ['req-d9ccdb59-0365-40af-b485-128140b7b085'] response: {'server_uuid': 'e88d1ab4-9931-4e5e-b309-b6293e9dff7f', 'name': 'network-vif-plugged', 'status': 'completed', 'tag': '4a1f539f-3985-4b64-8ba4-531e24f6c8b1', 'code': 200}
2026-04-14 06:50:57.170 10 INFO neutron.db.ovn_revision_numbers_db [None req-33931f34-9125-4ff1-b819-ddff8d5564dc 8e48e3dbd812419ca5004eea22056236 bed3f8109c6b496ab3a5d63ed409cf55 - - default default] Successfully bumped revision number for resource 87dd8fb4-374a-479a-9260-f8b2143c7cc2 (type: ports) to 2
2026-04-14 06:50:57.237 10 INFO neutron.db.ovn_revision_numbers_db [None req-33931f34-9125-4ff1-b819-ddff8d5564dc 8e48e3dbd812419ca5004eea22056236 bed3f8109c6b496ab3a5d63ed409cf55 - - default default] Successfully bumped revision number for resource a063a560-f663-4772-9a69-8c66e99e31cc (type: subnets) to 0
2026-04-14 06:50:57.266 10 INFO neutron.wsgi [None req-33931f34-9125-4ff1-b819-ddff8d5564dc 8e48e3dbd812419ca5004eea22056236 bed3f8109c6b496ab3a5d63ed409cf55 - - default default] 10.0.0.159 "POST /v2.0/subnets HTTP/1.1" status: 201 len: 863 time: 0.8786883
2026-04-14 06:50:57.289 9 INFO neutron.services.segments.plugin [-] Segment 8b6dacd8-ae38-487d-acd0-756fe33c031f resource provider aggregate not found
2026-04-14 06:50:57.296 9 INFO neutron.services.segments.plugin [-] Segment 8b6dacd8-ae38-487d-acd0-756fe33c031f resource provider aggregate not found
2026-04-14 06:50:57.314 9 INFO neutron.services.segments.plugin [-] Segment 8b6dacd8-ae38-487d-acd0-756fe33c031f resource provider not found; error: Placement Client Error (4xx): {"errors": [{"status": 404, "title": "Not Found", "detail": "The resource could not be found.\n\n No resource provider with uuid 8b6dacd8-ae38-487d-acd0-756fe33c031f found for delete ", "request_id": "req-bfb6c3c8-13ad-4dcf-b361-b7a35e49702a"}]}
2026-04-14 06:50:57.316 9 INFO neutron.services.segments.plugin [-] Segment 8b6dacd8-ae38-487d-acd0-756fe33c031f resource provider not found; error: Placement Client Error (4xx): {"errors": [{"status": 404, "title": "Not Found", "detail": "The resource could not be found.\n\n No resource provider with uuid 8b6dacd8-ae38-487d-acd0-756fe33c031f found for delete ", "request_id": "req-8bb90b23-d6ef-47c3-b61c-97ff4d04ce06"}]}
2026-04-14 06:50:57.324 10 INFO neutron.db.ovn_revision_numbers_db [None req-3be24af8-912c-4216-9038-2fc1fe89e298 - - - - - -] Successfully bumped revision number for resource 4a1f539f-3985-4b64-8ba4-531e24f6c8b1 (type: ports) to 4
2026-04-14 06:50:57.344 9 INFO neutron.wsgi [None req-344c9224-c171-470d-a8df-c191abcb2856 44b005b0974841c6bcebbd027c9a6a5d 78729a43f16040acbddac481e23f03ff - - default default] 10.0.0.159 "DELETE /v2.0/networks/4959b688-a520-4c45-a78c-562ecb27e2fe HTTP/1.1" status: 204 len: 168 time: 0.4397047
2026-04-14 06:50:57.596 9 INFO neutron.db.ovn_revision_numbers_db [None req-ee5c5b4f-73e7-427a-a269-8282caa35dcc 8e48e3dbd812419ca5004eea22056236 bed3f8109c6b496ab3a5d63ed409cf55 - - default default] Successfully bumped revision number for resource f6d22d05-818d-4987-a034-4ef9955b7100 (type: security_groups) to 1
2026-04-14 06:50:57.614 9 INFO neutron.db.ovn_revision_numbers_db [None req-ee5c5b4f-73e7-427a-a269-8282caa35dcc 8e48e3dbd812419ca5004eea22056236 bed3f8109c6b496ab3a5d63ed409cf55 - - default default] Successfully bumped revision number for resource 57d63cab-0e76-42a7-bccd-ae466afa675b (type: security_group_rules) to 0 /var/lib/openstack/lib/python3.10/site-packages/pycadf/identifier.py:71: UserWarning: Invalid uuid: neutron. To ensure interoperability, identifiers should be a valid uuid. warnings.warn(('Invalid uuid: %s. To ensure interoperability, '
2026-04-14 06:50:57.637 9 INFO neutron.db.ovn_revision_numbers_db [None req-ee5c5b4f-73e7-427a-a269-8282caa35dcc 8e48e3dbd812419ca5004eea22056236 bed3f8109c6b496ab3a5d63ed409cf55 - - default default] Successfully bumped revision number for resource a8b480f1-3c17-4cd5-86aa-c1142e84230d (type: security_group_rules) to 0
2026-04-14 06:50:57.664 9 INFO neutron.db.ovn_revision_numbers_db [None req-ee5c5b4f-73e7-427a-a269-8282caa35dcc 8e48e3dbd812419ca5004eea22056236 bed3f8109c6b496ab3a5d63ed409cf55 - - default default] Successfully bumped revision number for resource a94452d0-2228-457e-bf72-9367093d3407 (type: security_group_rules) to 0
2026-04-14 06:50:57.682 9 INFO neutron.db.ovn_revision_numbers_db [None req-ee5c5b4f-73e7-427a-a269-8282caa35dcc 8e48e3dbd812419ca5004eea22056236 bed3f8109c6b496ab3a5d63ed409cf55 - - default default] Successfully bumped revision number for resource adc0df92-809d-43a5-bf9d-2b1a7c058b85 (type: security_group_rules) to 0
2026-04-14 06:50:57.712 9 INFO neutron.wsgi [None req-ee5c5b4f-73e7-427a-a269-8282caa35dcc 8e48e3dbd812419ca5004eea22056236 bed3f8109c6b496ab3a5d63ed409cf55 - - default default] 10.0.0.159 "GET /v2.0/security-groups?tenant_id=120bea2f9d824e1e9d3c09fdaad1eac2&name=default HTTP/1.1" status: 200 len: 2996 time: 0.5282812
2026-04-14 06:50:57.748 10 INFO neutron.wsgi [req-00bee88f-66c8-47cd-ab17-7706907a96ec req-3ae956f5-3bf6-4da2-8b86-1ccfd4fd6d41 fad592d5fbc94da89349a978fb582880 7024ad7c533c40a2aafceb3afdeff335 - - default default] 10.0.0.72 "GET /v2.0/ports?device_id=e88d1ab4-9931-4e5e-b309-b6293e9dff7f HTTP/1.1" status: 200 len: 1170 time: 0.1296840
2026-04-14 06:50:57.774 9 INFO neutron.wsgi [None req-ad98ad32-eb0a-45a4-a300-6a82bd00f1b8 44b005b0974841c6bcebbd027c9a6a5d 78729a43f16040acbddac481e23f03ff - - default default] 10.0.0.159 "DELETE /v2.0/networks/2270c093-6f98-4904-bc80-7c477191f82e HTTP/1.1" status: 204 len: 168 time: 0.4245186
2026-04-14 06:50:57.791 9 WARNING neutron_lib.context [None req-39014805-9a68-4a5b-a764-9cde0084ab7a 44b005b0974841c6bcebbd027c9a6a5d 78729a43f16040acbddac481e23f03ff - - default default] Method 'is_advsvc' is deprecated since 2023.2 release (neutron-lib 3.8.0) and will be removed once support for the old RBAC API policies will be removed from Neutron. Please use method 'is_service_role' instead.
2026-04-14 06:50:57.822 10 INFO neutron.wsgi [req-00bee88f-66c8-47cd-ab17-7706907a96ec req-ae1272f1-584d-46f2-8303-3a547df30dc5 fad592d5fbc94da89349a978fb582880 7024ad7c533c40a2aafceb3afdeff335 - - default default] 10.0.0.72 "GET /v2.0/security-groups?id=7d9acb52-ebcc-45d3-8c0b-7789847e975a&fields=id&fields=name HTTP/1.1" status: 200 len: 312 time: 0.0585587
2026-04-14 06:50:57.886 9 INFO neutron.db.segments_db [None req-39014805-9a68-4a5b-a764-9cde0084ab7a 44b005b0974841c6bcebbd027c9a6a5d 78729a43f16040acbddac481e23f03ff - - default default] Added segment 73dae022-2f9f-4aa4-8d7e-a5a219f65591 of type geneve for network 1fd161a3-8193-4d61-8e13-fdbcddfb31ce
2026-04-14 06:50:57.893 10 WARNING neutron.scheduler.dhcp_agent_scheduler [None req-3a937838-2562-425b-ba49-fed180776a28 8e48e3dbd812419ca5004eea22056236 bed3f8109c6b496ab3a5d63ed409cf55 - - default default] No more DHCP agents
2026-04-14 06:50:57.898 10 WARNING neutron.api.rpc.agentnotifiers.dhcp_rpc_agent_api [None req-3a937838-2562-425b-ba49-fed180776a28 8e48e3dbd812419ca5004eea22056236 bed3f8109c6b496ab3a5d63ed409cf55 - - default default] Unable to schedule network 889f5795-88d7-46f7-9c2f-28e66ef80dff: no agents available; will retry on subsequent port and subnet creation events.
2026-04-14 06:50:57.992 9 INFO neutron.wsgi [req-2fe228ce-d7d3-467f-b951-dc552d1ddc6d req-59550831-fc3e-471a-add2-744db50a3bf5 fad592d5fbc94da89349a978fb582880 7024ad7c533c40a2aafceb3afdeff335 - - default default] 10.0.0.72 "GET /v2.0/ports?device_id=e88d1ab4-9931-4e5e-b309-b6293e9dff7f HTTP/1.1" status: 200 len: 1170 time: 0.0845582
2026-04-14 06:50:58.036 10 INFO neutron.wsgi [None req-b910712c-8afe-430a-b1e0-0b6993b4ef12 8e48e3dbd812419ca5004eea22056236 bed3f8109c6b496ab3a5d63ed409cf55 - - default default] 10.0.0.159 "DELETE /v2.0/security-groups/f6d22d05-818d-4987-a034-4ef9955b7100 HTTP/1.1" status: 204 len: 168 time: 0.3182709
2026-04-14 06:50:58.083 9 INFO neutron.wsgi [req-2fe228ce-d7d3-467f-b951-dc552d1ddc6d req-26ce758d-a478-4229-85bb-521a66ce1b00 fad592d5fbc94da89349a978fb582880 7024ad7c533c40a2aafceb3afdeff335 - - default default] 10.0.0.72 "GET /v2.0/security-groups?id=7d9acb52-ebcc-45d3-8c0b-7789847e975a&fields=id&fields=name HTTP/1.1" status: 200 len: 312 time: 0.0837953
2026-04-14 06:50:58.086 10 INFO neutron.db.ovn_revision_numbers_db [None req-3a937838-2562-425b-ba49-fed180776a28 8e48e3dbd812419ca5004eea22056236 bed3f8109c6b496ab3a5d63ed409cf55 - - default default] Successfully bumped revision number for resource 4d637a04-c36a-479a-8af6-7e476b3a9a5e (type: ports) to 1
2026-04-14 06:50:58.122 9 INFO neutron.db.ovn_revision_numbers_db [None req-39014805-9a68-4a5b-a764-9cde0084ab7a 44b005b0974841c6bcebbd027c9a6a5d 78729a43f16040acbddac481e23f03ff - - default default] Successfully bumped revision number for resource 1fd161a3-8193-4d61-8e13-fdbcddfb31ce (type: networks) to 1
2026-04-14 06:50:58.165 9 INFO neutron.wsgi [None req-7b1310aa-8535-48fa-a32e-d4a70b1cdef5 3d5e6a12f77d41c78fc0b810818c686e a223b90858d3469bb495242afcc45cc0 - - default default] 10.0.0.159 "GET /v2.0/ports?device_id=e88d1ab4-9931-4e5e-b309-b6293e9dff7f HTTP/1.1" status: 200 len: 1404 time: 0.0514958
2026-04-14 06:50:58.369 9 WARNING neutron.scheduler.dhcp_agent_scheduler [None req-39014805-9a68-4a5b-a764-9cde0084ab7a 44b005b0974841c6bcebbd027c9a6a5d 78729a43f16040acbddac481e23f03ff - - default default] No more DHCP agents
2026-04-14 06:50:58.371 9 WARNING neutron.api.rpc.agentnotifiers.dhcp_rpc_agent_api [None req-39014805-9a68-4a5b-a764-9cde0084ab7a 44b005b0974841c6bcebbd027c9a6a5d 78729a43f16040acbddac481e23f03ff - - default default] Unable to schedule network 1fd161a3-8193-4d61-8e13-fdbcddfb31ce: no agents available; will retry on subsequent port and subnet creation events.
2026-04-14 06:50:58.451 9 INFO neutron.db.ovn_revision_numbers_db [None req-39014805-9a68-4a5b-a764-9cde0084ab7a 44b005b0974841c6bcebbd027c9a6a5d 78729a43f16040acbddac481e23f03ff - - default default] Successfully bumped revision number for resource 2a7cc901-149e-47c3-9804-0cadffb8eb92 (type: ports) to 1
2026-04-14 06:50:58.478 9 INFO neutron.wsgi [None req-39014805-9a68-4a5b-a764-9cde0084ab7a 44b005b0974841c6bcebbd027c9a6a5d 78729a43f16040acbddac481e23f03ff - - default default] 10.0.0.159 "POST /v2.0/networks HTTP/1.1" status: 201 len: 829 time: 0.6930232
2026-04-14 06:50:58.487 9 WARNING neutron_lib.context [None req-f642514a-1c7c-44bd-9ea3-af830437672a 44b005b0974841c6bcebbd027c9a6a5d 78729a43f16040acbddac481e23f03ff - - default default] Method 'is_advsvc' is deprecated since 2023.2 release (neutron-lib 3.8.0) and will be removed once support for the old RBAC API policies will be removed from Neutron. Please use method 'is_service_role' instead.
2026-04-14 06:50:58.752 9 WARNING neutron.scheduler.dhcp_agent_scheduler [None req-f642514a-1c7c-44bd-9ea3-af830437672a 44b005b0974841c6bcebbd027c9a6a5d 78729a43f16040acbddac481e23f03ff - - default default] No more DHCP agents
2026-04-14 06:50:58.756 9 WARNING neutron.api.rpc.agentnotifiers.dhcp_rpc_agent_api [None req-f642514a-1c7c-44bd-9ea3-af830437672a 44b005b0974841c6bcebbd027c9a6a5d 78729a43f16040acbddac481e23f03ff - - default default] Unable to schedule network 1fd161a3-8193-4d61-8e13-fdbcddfb31ce: no agents available; will retry on subsequent port and subnet creation events.
2026-04-14 06:50:58.792 10 INFO neutron.db.l3_db [None req-6362bcb1-fdf7-4390-b720-45c7d7ea0d58 fad592d5fbc94da89349a978fb582880 7024ad7c533c40a2aafceb3afdeff335 - - default default] Floating IP b554b22f-aa8e-4d6b-8c3e-22f266aac8d1 associated. External IP: 10.96.250.214, port: 4a1f539f-3985-4b64-8ba4-531e24f6c8b1.
2026-04-14 06:50:59.062 10 INFO neutron.db.ovn_revision_numbers_db [None req-6362bcb1-fdf7-4390-b720-45c7d7ea0d58 fad592d5fbc94da89349a978fb582880 7024ad7c533c40a2aafceb3afdeff335 - - default default] Successfully bumped revision number for resource b554b22f-aa8e-4d6b-8c3e-22f266aac8d1 (type: floatingips) to 4
2026-04-14 06:50:59.138 10 INFO neutron.notifiers.nova [-] Nova event matching ['req-d0f43228-2c1f-477b-a5c5-58dcaca8453e'] response: {'server_uuid': 'e88d1ab4-9931-4e5e-b309-b6293e9dff7f', 'name': 'network-vif-plugged', 'status': 'completed', 'tag': '4a1f539f-3985-4b64-8ba4-531e24f6c8b1', 'code': 200}
2026-04-14 06:50:59.171 10 INFO neutron.plugins.ml2.drivers.ovn.mech_driver.ovsdb.ovsdb_monitor [None req-fb60f9fb-6625-41c4-9312-73059a6b6cac - - - - - -] Router c29d8520-183e-4cc0-aea2-377f587affdf is bound to host instance
2026-04-14 06:50:59.221 10 INFO neutron.db.ovn_revision_numbers_db [None req-3a937838-2562-425b-ba49-fed180776a28 8e48e3dbd812419ca5004eea22056236 bed3f8109c6b496ab3a5d63ed409cf55 - - default default] Successfully bumped revision number for resource 4d637a04-c36a-479a-8af6-7e476b3a9a5e (type: router_ports) to 1
2026-04-14 06:50:59.274 9 INFO neutron.db.ovn_revision_numbers_db [None req-f642514a-1c7c-44bd-9ea3-af830437672a 44b005b0974841c6bcebbd027c9a6a5d 78729a43f16040acbddac481e23f03ff - - default default] Successfully bumped revision number for resource 2a7cc901-149e-47c3-9804-0cadffb8eb92 (type: ports) to 2
2026-04-14 06:50:59.313 10 INFO neutron.db.ovn_revision_numbers_db [None req-6362bcb1-fdf7-4390-b720-45c7d7ea0d58 fad592d5fbc94da89349a978fb582880 7024ad7c533c40a2aafceb3afdeff335 - - default default] Successfully bumped revision number for resource b554b22f-aa8e-4d6b-8c3e-22f266aac8d1 (type: floatingips) to 5
2026-04-14 06:50:59.328 9 INFO neutron.db.ovn_revision_numbers_db [None req-f642514a-1c7c-44bd-9ea3-af830437672a 44b005b0974841c6bcebbd027c9a6a5d 78729a43f16040acbddac481e23f03ff - - default default] Successfully bumped revision number for resource 8e63aaf7-459e-4e40-80f1-48b6755f4546 (type: subnets) to 0
2026-04-14 06:50:59.345 9 INFO neutron.wsgi [None req-f642514a-1c7c-44bd-9ea3-af830437672a 44b005b0974841c6bcebbd027c9a6a5d 78729a43f16040acbddac481e23f03ff - - default default] 10.0.0.159 "POST /v2.0/subnets HTTP/1.1" status: 201 len: 801 time: 0.8625457
2026-04-14 06:50:59.346 9 INFO neutron.services.segments.plugin [-] Segment 8fe95340-1961-41e9-84b5-3a3c86e2502f resource provider aggregate not found
2026-04-14 06:50:59.351 9 INFO neutron.services.segments.plugin [-] Segment 8fe95340-1961-41e9-84b5-3a3c86e2502f resource provider aggregate not found
2026-04-14 06:50:59.357 10 WARNING neutron_lib.context [None req-18b566eb-4ef9-4085-9a28-37a01d96933e 44b005b0974841c6bcebbd027c9a6a5d 78729a43f16040acbddac481e23f03ff - - default default] Method 'is_advsvc' is deprecated since 2023.2 release (neutron-lib 3.8.0) and will be removed once support for the old RBAC API policies will be removed from Neutron. Please use method 'is_service_role' instead.
2026-04-14 06:50:59.362 10 INFO neutron.wsgi [None req-6362bcb1-fdf7-4390-b720-45c7d7ea0d58 fad592d5fbc94da89349a978fb582880 7024ad7c533c40a2aafceb3afdeff335 - - default default] 10.0.0.159 "PUT /v2.0/floatingips/b554b22f-aa8e-4d6b-8c3e-22f266aac8d1 HTTP/1.1" status: 200 len: 1049 time: 1.1873331
2026-04-14 06:50:59.364 10 INFO neutron.db.ovn_revision_numbers_db [None req-3a937838-2562-425b-ba49-fed180776a28 8e48e3dbd812419ca5004eea22056236 bed3f8109c6b496ab3a5d63ed409cf55 - - default default] Successfully bumped revision number for resource c29d8520-183e-4cc0-aea2-377f587affdf (type: routers) to 2
2026-04-14 06:50:59.381 10 INFO neutron.wsgi [None req-3a937838-2562-425b-ba49-fed180776a28 8e48e3dbd812419ca5004eea22056236 bed3f8109c6b496ab3a5d63ed409cf55 - - default default] 10.0.0.159 "POST /v2.0/routers HTTP/1.1" status: 201 len: 874 time: 2.0921078
2026-04-14 06:50:59.382 9 INFO neutron.services.segments.plugin [-] Segment 8fe95340-1961-41e9-84b5-3a3c86e2502f resource provider not found; error: Placement Client Error (4xx): {"errors": [{"status": 404, "title": "Not Found", "detail": "The resource could not be found.\n\n No resource provider with uuid 8fe95340-1961-41e9-84b5-3a3c86e2502f found for delete ", "request_id": "req-6dbbff85-a58a-48ca-825a-4ac812000866"}]}
2026-04-14 06:50:59.383 9 INFO neutron.services.segments.plugin [-] Segment 8fe95340-1961-41e9-84b5-3a3c86e2502f resource provider not found; error: Placement Client Error (4xx): {"errors": [{"status": 404, "title": "Not Found", "detail": "The resource could not be found.\n\n No resource provider with uuid 8fe95340-1961-41e9-84b5-3a3c86e2502f found for delete ", "request_id": "req-8d6394d3-df96-40e4-aea8-c0b7291fa724"}]}
2026-04-14 06:50:59.526 10 INFO neutron.db.ovn_revision_numbers_db [None req-18b566eb-4ef9-4085-9a28-37a01d96933e 44b005b0974841c6bcebbd027c9a6a5d 78729a43f16040acbddac481e23f03ff - - default default] Successfully bumped revision number for resource ba885114-5483-4fac-9025-2647af7c6687 (type: routers) to 1
2026-04-14 06:50:59.551 10 INFO neutron.wsgi [None req-18b566eb-4ef9-4085-9a28-37a01d96933e 44b005b0974841c6bcebbd027c9a6a5d 78729a43f16040acbddac481e23f03ff - - default default] 10.0.0.159 "POST /v2.0/routers HTTP/1.1" status: 201 len: 687 time: 0.1998143
2026-04-14 06:50:59.564 10 WARNING neutron_lib.context [None req-b95d9b98-e694-4097-bc61-611c47f4e90c 44b005b0974841c6bcebbd027c9a6a5d 78729a43f16040acbddac481e23f03ff - - default default] Method 'is_advsvc' is deprecated since 2023.2 release (neutron-lib 3.8.0) and will be removed once support for the old RBAC API policies will be removed from Neutron. Please use method 'is_service_role' instead.
2026-04-14 06:50:59.693 9 WARNING neutron.plugins.ml2.drivers.ovn.mech_driver.ovsdb.ovn_client [None req-43508560-b61f-49c9-9d23-fd51b0189029 - - - - - -] No port found with ID 9bd6bec8-4847-4f6d-a2c7-830fe877756a: RuntimeError: No port found with ID 9bd6bec8-4847-4f6d-a2c7-830fe877756a
2026-04-14 06:50:59.732 9 INFO neutron.plugins.ml2.drivers.ovn.mech_driver.mech_driver [None req-43508560-b61f-49c9-9d23-fd51b0189029 - - - - - -] OVN reports status up for port: 4d637a04-c36a-479a-8af6-7e476b3a9a5e
2026-04-14 06:50:59.739 9 INFO neutron.wsgi [None req-90fe756e-9c50-4ff4-9d9e-b0e03a842de7 fad592d5fbc94da89349a978fb582880 7024ad7c533c40a2aafceb3afdeff335 - - default default] 10.0.0.159 "GET /v2.0/floatingips/b554b22f-aa8e-4d6b-8c3e-22f266aac8d1 HTTP/1.1" status: 200 len: 1051 time: 0.3659942
2026-04-14 06:50:59.758 9 INFO neutron.plugins.ml2.plugin [None req-43508560-b61f-49c9-9d23-fd51b0189029 - - - - - -] Attempt 1 to provision port 4d637a04-c36a-479a-8af6-7e476b3a9a5e
2026-04-14 06:50:59.864 10 INFO neutron.db.ovn_revision_numbers_db [None req-fb60f9fb-6625-41c4-9312-73059a6b6cac - - - - - -] Successfully bumped revision number for resource 4d637a04-c36a-479a-8af6-7e476b3a9a5e (type: ports) to 1
2026-04-14 06:50:59.964 10 WARNING neutron.scheduler.dhcp_agent_scheduler [None req-b95d9b98-e694-4097-bc61-611c47f4e90c 44b005b0974841c6bcebbd027c9a6a5d 78729a43f16040acbddac481e23f03ff - - default default] No more DHCP agents
2026-04-14 06:50:59.968 10 WARNING neutron.api.rpc.agentnotifiers.dhcp_rpc_agent_api [None req-b95d9b98-e694-4097-bc61-611c47f4e90c 44b005b0974841c6bcebbd027c9a6a5d 78729a43f16040acbddac481e23f03ff - - default default] Unable to schedule network 1fd161a3-8193-4d61-8e13-fdbcddfb31ce: no agents available; will retry on subsequent port and subnet creation events. /var/lib/openstack/lib/python3.10/site-packages/pycadf/identifier.py:71: UserWarning: Invalid uuid: neutron. To ensure interoperability, identifiers should be a valid uuid. warnings.warn(('Invalid uuid: %s. To ensure interoperability, '
2026-04-14 06:51:00.088 9 WARNING neutron_lib.context [None req-492018d8-a980-438f-a0e5-f515c9d99384 6c880c6369ab46bb9650c75c34e03b81 229b6317a89a4ea1ad450a2c1241f942 - - default default] Method 'is_advsvc' is deprecated since 2023.2 release (neutron-lib 3.8.0) and will be removed once support for the old RBAC API policies will be removed from Neutron. Please use method 'is_service_role' instead.
2026-04-14 06:51:00.088 9 WARNING neutron_lib.context [None req-492018d8-a980-438f-a0e5-f515c9d99384 6c880c6369ab46bb9650c75c34e03b81 229b6317a89a4ea1ad450a2c1241f942 - - default default] Method 'is_advsvc' is deprecated since 2023.2 release (neutron-lib 3.8.0) and will be removed once support for the old RBAC API policies will be removed from Neutron. Please use method 'is_service_role' instead.
2026-04-14 06:51:00.170 9 WARNING neutron.scheduler.dhcp_agent_scheduler [None req-15430091-da68-4550-a6ae-5834893c5262 8e48e3dbd812419ca5004eea22056236 bed3f8109c6b496ab3a5d63ed409cf55 - - default default] No more DHCP agents
2026-04-14 06:51:00.176 9 WARNING neutron.api.rpc.agentnotifiers.dhcp_rpc_agent_api [None req-15430091-da68-4550-a6ae-5834893c5262 8e48e3dbd812419ca5004eea22056236 bed3f8109c6b496ab3a5d63ed409cf55 - - default default] Unable to schedule network c433b8f5-d12c-4592-a705-44957f105651: no agents available; will retry on subsequent port and subnet creation events.
2026-04-14 06:51:00.186 10 INFO neutron.db.ovn_revision_numbers_db [None req-fb60f9fb-6625-41c4-9312-73059a6b6cac - - - - - -] Successfully bumped revision number for resource 4d637a04-c36a-479a-8af6-7e476b3a9a5e (type: router_ports) to 3
