2026-04-14 06:49:15.383 9 INFO neutron.db.ovn_revision_numbers_db [None req-77f49a91-ffdd-4e53-bbc4-596beb35bce9 - - - - - -] Successfully bumped revision number for resource 9a10d256-4608-4b73-868f-47bfe3cfee51 (type: ports) to 4
2026-04-14 06:49:15.540 10 INFO neutron.plugins.ml2.drivers.ovn.mech_driver.mech_driver [None req-3be24af8-912c-4216-9038-2fc1fe89e298 - - - - - -] OVN reports status up for port: c322c2d2-bf22-48d1-af1a-fb25adf45f20
2026-04-14 06:49:15.555 10 INFO neutron.plugins.ml2.plugin [None req-3be24af8-912c-4216-9038-2fc1fe89e298 - - - - - -] Attempt 1 to provision port c322c2d2-bf22-48d1-af1a-fb25adf45f20
2026-04-14 06:49:15.590 10 INFO neutron.db.ovn_revision_numbers_db [None req-edbf809a-ffd9-4981-89bb-c961c71929a2 8e48e3dbd812419ca5004eea22056236 bed3f8109c6b496ab3a5d63ed409cf55 - - default default] Successfully bumped revision number for resource c322c2d2-bf22-48d1-af1a-fb25adf45f20 (type: router_ports) to 1
2026-04-14 06:49:15.653 9 INFO neutron.db.ovn_revision_numbers_db [None req-77f49a91-ffdd-4e53-bbc4-596beb35bce9 - - - - - -] Successfully bumped revision number for resource 9a10d256-4608-4b73-868f-47bfe3cfee51 (type: router_ports) to 4
2026-04-14 06:49:15.802 10 INFO neutron.db.ovn_revision_numbers_db [None req-edbf809a-ffd9-4981-89bb-c961c71929a2 8e48e3dbd812419ca5004eea22056236 bed3f8109c6b496ab3a5d63ed409cf55 - - default default] Successfully bumped revision number for resource c322c2d2-bf22-48d1-af1a-fb25adf45f20 (type: ports) to 1
2026-04-14 06:49:15.913 10 WARNING neutron.scheduler.dhcp_agent_scheduler [None req-edbf809a-ffd9-4981-89bb-c961c71929a2 8e48e3dbd812419ca5004eea22056236 bed3f8109c6b496ab3a5d63ed409cf55 - - default default] No more DHCP agents
2026-04-14 06:49:15.916 10 WARNING neutron.api.rpc.agentnotifiers.dhcp_rpc_agent_api [None req-edbf809a-ffd9-4981-89bb-c961c71929a2 8e48e3dbd812419ca5004eea22056236 bed3f8109c6b496ab3a5d63ed409cf55 - - default default] Unable to schedule network 7024df8b-c3b4-40e5-bb6e-8191fd389cdf: no agents available; will retry on subsequent port and subnet creation events.
2026-04-14 06:49:15.928 10 INFO neutron.db.ovn_revision_numbers_db [None req-3be24af8-912c-4216-9038-2fc1fe89e298 - - - - - -] Successfully bumped revision number for resource c322c2d2-bf22-48d1-af1a-fb25adf45f20 (type: ports) to 2
2026-04-14 06:49:16.027 10 INFO neutron.db.ovn_revision_numbers_db [None req-3be24af8-912c-4216-9038-2fc1fe89e298 - - - - - -] Successfully bumped revision number for resource c322c2d2-bf22-48d1-af1a-fb25adf45f20 (type: router_ports) to 2
2026-04-14 06:49:16.486 10 INFO neutron.db.ovn_revision_numbers_db [None req-edbf809a-ffd9-4981-89bb-c961c71929a2 8e48e3dbd812419ca5004eea22056236 bed3f8109c6b496ab3a5d63ed409cf55 - - default default] Successfully bumped revision number for resource c322c2d2-bf22-48d1-af1a-fb25adf45f20 (type: router_ports) to 2
2026-04-14 06:49:16.491 10 INFO neutron.wsgi [None req-edbf809a-ffd9-4981-89bb-c961c71929a2 8e48e3dbd812419ca5004eea22056236 bed3f8109c6b496ab3a5d63ed409cf55 - - default default] 10.0.0.159 "PUT /v2.0/routers/6cbe6e2e-ee61-473a-883f-8d5de290a4d2/add_router_interface HTTP/1.1" status: 200 len: 503 time: 2.2368259
2026-04-14 06:49:17.100 10 WARNING neutron_lib.context [None req-3dc49ec7-dbe7-4998-a5ae-2e97d21c17c9 08304ae53ed649e48f386dc704a59f3c 1f6d7fcba65a455581a2a64df0c32edc - - default default] Method 'is_advsvc' is deprecated since 2023.2 release (neutron-lib 3.8.0) and will be removed once support for the old RBAC API policies will be removed from Neutron. Please use method 'is_service_role' instead.
2026-04-14 06:49:17.210 10 INFO neutron.db.ovn_revision_numbers_db [None req-3dc49ec7-dbe7-4998-a5ae-2e97d21c17c9 08304ae53ed649e48f386dc704a59f3c 1f6d7fcba65a455581a2a64df0c32edc - - default default] Successfully bumped revision number for resource d4925535-f3bd-412a-b2fa-071537dcbcf5 (type: security_groups) to 1
2026-04-14 06:49:17.234 10 INFO neutron.db.ovn_revision_numbers_db [None req-3dc49ec7-dbe7-4998-a5ae-2e97d21c17c9 08304ae53ed649e48f386dc704a59f3c 1f6d7fcba65a455581a2a64df0c32edc - - default default] Successfully bumped revision number for resource b0f79210-f33b-4148-a282-e98dc962e71d (type: security_group_rules) to 0
2026-04-14 06:49:17.251 10 INFO neutron.db.ovn_revision_numbers_db [None req-3dc49ec7-dbe7-4998-a5ae-2e97d21c17c9 08304ae53ed649e48f386dc704a59f3c 1f6d7fcba65a455581a2a64df0c32edc - - default default] Successfully bumped revision number for resource c3fe0fa8-3342-4479-b733-2213b05e16f8 (type: security_group_rules) to 0
2026-04-14 06:49:17.278 10 INFO neutron.wsgi [None req-3dc49ec7-dbe7-4998-a5ae-2e97d21c17c9 08304ae53ed649e48f386dc704a59f3c 1f6d7fcba65a455581a2a64df0c32edc - - default default] 10.0.0.159 "POST /v2.0/security-groups HTTP/1.1" status: 201 len: 1797 time: 0.1850078
2026-04-14 06:49:17.289 10 WARNING neutron_lib.context [None req-2d5c2931-710d-4453-90bb-0052a5b65dcf 08304ae53ed649e48f386dc704a59f3c 1f6d7fcba65a455581a2a64df0c32edc - - default default] Method 'is_advsvc' is deprecated since 2023.2 release (neutron-lib 3.8.0) and will be removed once support for the old RBAC API policies will be removed from Neutron. Please use method 'is_service_role' instead.
2026-04-14 06:49:17.354 10 INFO neutron.db.ovn_revision_numbers_db [None req-e41b75bf-6933-4fba-b99a-516a0333752f 8e48e3dbd812419ca5004eea22056236 bed3f8109c6b496ab3a5d63ed409cf55 - - default default] Successfully bumped revision number for resource a5b55fab-08a5-46c2-89cd-e32dc0755e04 (type: security_groups) to 1
2026-04-14 06:49:17.373 10 INFO neutron.db.ovn_revision_numbers_db [None req-e41b75bf-6933-4fba-b99a-516a0333752f 8e48e3dbd812419ca5004eea22056236 bed3f8109c6b496ab3a5d63ed409cf55 - - default default] Successfully bumped revision number for resource 1d9dd130-c7d2-4332-9271-60c11f544985 (type: security_group_rules) to 0
2026-04-14 06:49:17.389 10 INFO neutron.db.ovn_revision_numbers_db [None req-e41b75bf-6933-4fba-b99a-516a0333752f 8e48e3dbd812419ca5004eea22056236 bed3f8109c6b496ab3a5d63ed409cf55 - - default default] Successfully bumped revision number for resource 36e6b094-93b4-4d8f-8614-3878d3310c9f (type: security_group_rules) to 0
2026-04-14 06:49:17.408 10 INFO neutron.db.ovn_revision_numbers_db [None req-e41b75bf-6933-4fba-b99a-516a0333752f 8e48e3dbd812419ca5004eea22056236 bed3f8109c6b496ab3a5d63ed409cf55 - - default default] Successfully bumped revision number for resource 4b68c68e-5306-462a-b59b-95cb6a787679 (type: security_group_rules) to 0
2026-04-14 06:49:17.422 10 INFO neutron.db.ovn_revision_numbers_db [None req-e41b75bf-6933-4fba-b99a-516a0333752f 8e48e3dbd812419ca5004eea22056236 bed3f8109c6b496ab3a5d63ed409cf55 - - default default] Successfully bumped revision number for resource 929a697b-de2b-4f80-b98c-a4b9ed3a05e6 (type: security_group_rules) to 0
2026-04-14 06:49:17.425 10 INFO neutron.db.ovn_revision_numbers_db [None req-2d5c2931-710d-4453-90bb-0052a5b65dcf 08304ae53ed649e48f386dc704a59f3c 1f6d7fcba65a455581a2a64df0c32edc - - default default] Successfully bumped revision number for resource ba8739b0-0e48-4b55-a36f-12db98ededa2 (type: security_group_rules) to 0
2026-04-14 06:49:17.453 10 INFO neutron.wsgi [None req-e41b75bf-6933-4fba-b99a-516a0333752f 8e48e3dbd812419ca5004eea22056236 bed3f8109c6b496ab3a5d63ed409cf55 - - default default] 10.0.0.159 "GET /v2.0/security-groups?tenant_id=5ad4f559a22140ea8e96a62e35c44cf5&name=default HTTP/1.1" status: 200 len: 2996 time: 0.3436387
2026-04-14 06:49:17.460 10 INFO neutron.wsgi [None req-2d5c2931-710d-4453-90bb-0052a5b65dcf 08304ae53ed649e48f386dc704a59f3c 1f6d7fcba65a455581a2a64df0c32edc - - default default] 10.0.0.159 "POST /v2.0/security-group-rules HTTP/1.1" status: 201 len: 764 time: 0.1763816
2026-04-14 06:49:17.469 10 WARNING neutron_lib.context [None req-e726fe45-e989-42d8-9159-06d306459d23 08304ae53ed649e48f386dc704a59f3c 1f6d7fcba65a455581a2a64df0c32edc - - default default] Method 'is_advsvc' is deprecated since 2023.2 release (neutron-lib 3.8.0) and will be removed once support for the old RBAC API policies will be removed from Neutron. Please use method 'is_service_role' instead.
2026-04-14 06:49:17.586 10 INFO neutron.db.ovn_revision_numbers_db [None req-e726fe45-e989-42d8-9159-06d306459d23 08304ae53ed649e48f386dc704a59f3c 1f6d7fcba65a455581a2a64df0c32edc - - default default] Successfully bumped revision number for resource 8df74303-7320-4d70-8973-4f8d88830788 (type: security_group_rules) to 0
2026-04-14 06:49:17.610 10 INFO neutron.wsgi [None req-e726fe45-e989-42d8-9159-06d306459d23 08304ae53ed649e48f386dc704a59f3c 1f6d7fcba65a455581a2a64df0c32edc - - default default] 10.0.0.159 "POST /v2.0/security-group-rules HTTP/1.1" status: 201 len: 769 time: 0.1459999
2026-04-14 06:49:17.622 10 WARNING neutron_lib.context [None req-1cc6069e-72cd-4d68-a805-ec0a09c67ba2 08304ae53ed649e48f386dc704a59f3c 1f6d7fcba65a455581a2a64df0c32edc - - default default] Method 'is_advsvc' is deprecated since 2023.2 release (neutron-lib 3.8.0) and will be removed once support for the old RBAC API policies will be removed from Neutron. Please use method 'is_service_role' instead.
2026-04-14 06:49:17.664 9 INFO neutron.wsgi [None req-f47b21de-aa64-4535-b823-9bd5b4c00613 8e48e3dbd812419ca5004eea22056236 bed3f8109c6b496ab3a5d63ed409cf55 - - default default] 10.0.0.159 "DELETE /v2.0/security-groups/a5b55fab-08a5-46c2-89cd-e32dc0755e04 HTTP/1.1" status: 204 len: 168 time: 0.2056098
2026-04-14 06:49:17.887 10 WARNING neutron.scheduler.dhcp_agent_scheduler [None req-1cc6069e-72cd-4d68-a805-ec0a09c67ba2 08304ae53ed649e48f386dc704a59f3c 1f6d7fcba65a455581a2a64df0c32edc - - default default] No more DHCP agents
2026-04-14 06:49:17.890 10 WARNING neutron.api.rpc.agentnotifiers.dhcp_rpc_agent_api [None req-1cc6069e-72cd-4d68-a805-ec0a09c67ba2 08304ae53ed649e48f386dc704a59f3c 1f6d7fcba65a455581a2a64df0c32edc - - default default] Unable to schedule network 889f5795-88d7-46f7-9c2f-28e66ef80dff: no agents available; will retry on subsequent port and subnet creation events.
2026-04-14 06:49:18.242 10 INFO neutron.wsgi [req-9f673b1b-9465-4a94-aef1-93612633db87 req-4fd22f9a-8b62-413e-a7b5-5c096215b727 3c75dd45c996441fa726172e7c87476c 20c6709344df44d28735d48523711bad - - 50d5ba81f0dc4f2ab56814b6a00f312e 50d5ba81f0dc4f2ab56814b6a00f312e] 162.253.55.62 "GET /v2.0/ports?device_id=ee38430d-4ef3-41c8-b31f-e735c0f66df1&fields=binding%3Ahost_id&fields=binding%3Avif_type HTTP/1.1" status: 200 len: 265 time: 0.0519009
2026-04-14 06:49:18.268 10 INFO neutron.db.ovn_revision_numbers_db [None req-1cc6069e-72cd-4d68-a805-ec0a09c67ba2 08304ae53ed649e48f386dc704a59f3c 1f6d7fcba65a455581a2a64df0c32edc - - default default] Successfully bumped revision number for resource 551ca8b4-7ffd-4916-8f63-4d67891284c9 (type: floatingips) to 0
2026-04-14 06:49:18.283 10 INFO neutron.wsgi [None req-1cc6069e-72cd-4d68-a805-ec0a09c67ba2 08304ae53ed649e48f386dc704a59f3c 1f6d7fcba65a455581a2a64df0c32edc - - default default] 10.0.0.159 "POST /v2.0/floatingips HTTP/1.1" status: 201 len: 751 time: 0.6678617
2026-04-14 06:49:18.317 10 INFO neutron.wsgi [req-9f673b1b-9465-4a94-aef1-93612633db87 req-3a2dc2de-c96b-4b1e-80ab-721c2ae4aaf8 3c75dd45c996441fa726172e7c87476c 20c6709344df44d28735d48523711bad - - 50d5ba81f0dc4f2ab56814b6a00f312e 50d5ba81f0dc4f2ab56814b6a00f312e] 162.253.55.62 "GET /v2.0/ports?tenant_id=d5b69169f9a143eb8c8e97cca066c52c&device_id=ee38430d-4ef3-41c8-b31f-e735c0f66df1 HTTP/1.1" status: 200 len: 1409 time: 0.0330863
2026-04-14 06:49:18.403 10 INFO neutron.wsgi [req-9f673b1b-9465-4a94-aef1-93612633db87 req-f0c91e6e-dd68-4524-999c-dc4614f845c1 3c75dd45c996441fa726172e7c87476c 20c6709344df44d28735d48523711bad - - 50d5ba81f0dc4f2ab56814b6a00f312e 50d5ba81f0dc4f2ab56814b6a00f312e] 162.253.55.62 "GET /v2.0/networks?id=0fff69c0-d12b-4996-b869-db1eefdf004d HTTP/1.1" status: 200 len: 982 time: 0.0697567
2026-04-14 06:49:18.454 10 INFO neutron.wsgi [req-9f673b1b-9465-4a94-aef1-93612633db87 req-14dad119-80cd-4112-8de9-cbe8aa63298a 3c75dd45c996441fa726172e7c87476c 20c6709344df44d28735d48523711bad - - 50d5ba81f0dc4f2ab56814b6a00f312e 50d5ba81f0dc4f2ab56814b6a00f312e] 162.253.55.62 "GET /v2.0/floatingips?fixed_ip_address=10.100.0.5&port_id=f9b6a5cf-c7bf-4866-854e-5dc57abd00c9 HTTP/1.1" status: 200 len: 1059 time: 0.0468082
2026-04-14 06:49:18.489 10 INFO neutron.wsgi [req-9f673b1b-9465-4a94-aef1-93612633db87 req-c982f24d-524e-4b7b-a3eb-6cd08f2dff8b 3c75dd45c996441fa726172e7c87476c 20c6709344df44d28735d48523711bad - - 50d5ba81f0dc4f2ab56814b6a00f312e 50d5ba81f0dc4f2ab56814b6a00f312e] 162.253.55.62 "GET /v2.0/subnets?id=b1cc0d58-5456-42a0-8083-106b8f41201c HTTP/1.1" status: 200 len: 877 time: 0.0316186
2026-04-14 06:49:18.513 10 INFO neutron.wsgi [req-9f673b1b-9465-4a94-aef1-93612633db87 req-8556c3b1-cb16-46c9-b9c6-c64d12dee8dc 3c75dd45c996441fa726172e7c87476c 20c6709344df44d28735d48523711bad - - 50d5ba81f0dc4f2ab56814b6a00f312e 50d5ba81f0dc4f2ab56814b6a00f312e] 162.253.55.62 "GET /v2.0/ports?network_id=0fff69c0-d12b-4996-b869-db1eefdf004d&device_owner=network%3Adhcp HTTP/1.1" status: 200 len: 210 time: 0.0194461
2026-04-14 06:49:18.579 10 INFO neutron.wsgi [req-9f673b1b-9465-4a94-aef1-93612633db87 req-f902a29d-1392-4d15-ab77-9914523ecf03 3c75dd45c996441fa726172e7c87476c 20c6709344df44d28735d48523711bad - - 50d5ba81f0dc4f2ab56814b6a00f312e 50d5ba81f0dc4f2ab56814b6a00f312e] 162.253.55.62 "GET /v2.0/networks/0fff69c0-d12b-4996-b869-db1eefdf004d?fields=segments HTTP/1.1" status: 200 len: 212 time: 0.0617797
2026-04-14 06:49:18.644 10 INFO neutron.wsgi [req-9f673b1b-9465-4a94-aef1-93612633db87 req-86ac5b34-1add-4a73-b8ab-5d7009cfb4a3 3c75dd45c996441fa726172e7c87476c 20c6709344df44d28735d48523711bad - - 50d5ba81f0dc4f2ab56814b6a00f312e 50d5ba81f0dc4f2ab56814b6a00f312e] 162.253.55.62 "GET /v2.0/networks/0fff69c0-d12b-4996-b869-db1eefdf004d?fields=provider%3Aphysical_network&fields=provider%3Anetwork_type HTTP/1.1" status: 200 len: 277 time: 0.0582974
2026-04-14 06:49:18.756 9 INFO neutron.wsgi [req-4ea08b52-d4df-40b6-bbbe-f678d3c81e6b req-cb605c50-a2f2-4eb8-afe1-7faef76651a3 08304ae53ed649e48f386dc704a59f3c 1f6d7fcba65a455581a2a64df0c32edc - - default default] 10.0.0.72 "GET /v2.0/security-groups?name=tempest-securitygroup--1179035853&fields=id&tenant_id=1f6d7fcba65a455581a2a64df0c32edc HTTP/1.1" status: 200 len: 267 time: 0.0390968
2026-04-14 06:49:18.846 9 INFO neutron.wsgi [req-4ea08b52-d4df-40b6-bbbe-f678d3c81e6b req-9904c8f4-4b9f-488a-a9fe-f69557fb369f 08304ae53ed649e48f386dc704a59f3c 1f6d7fcba65a455581a2a64df0c32edc - - default default] 10.0.0.72 "GET /v2.0/networks?id=7024df8b-c3b4-40e5-bb6e-8191fd389cdf HTTP/1.1" status: 200 len: 869 time: 0.0819049
2026-04-14 06:49:18.864 9 INFO neutron.wsgi [req-4ea08b52-d4df-40b6-bbbe-f678d3c81e6b req-07ede3d6-2935-43cc-8e9b-f7b8913a6b3b 08304ae53ed649e48f386dc704a59f3c 1f6d7fcba65a455581a2a64df0c32edc - - default default] 10.0.0.72 "GET /v2.0/quotas/1f6d7fcba65a455581a2a64df0c32edc HTTP/1.1" status: 200 len: 386 time: 0.0106518
2026-04-14 06:49:18.962 9 INFO neutron.wsgi [req-4ea08b52-d4df-40b6-bbbe-f678d3c81e6b req-695c67c5-464a-4b02-879e-9418caad842c 08304ae53ed649e48f386dc704a59f3c 1f6d7fcba65a455581a2a64df0c32edc - - default default] 10.0.0.72 "GET /v2.0/ports?tenant_id=1f6d7fcba65a455581a2a64df0c32edc&fields=id HTTP/1.1" status: 200 len: 302 time: 0.0915313
2026-04-14 06:49:19.041 9 INFO neutron.wsgi [req-4ea08b52-d4df-40b6-bbbe-f678d3c81e6b req-a5c6b8bf-bbfe-4f02-9ad2-08defb036091 3c75dd45c996441fa726172e7c87476c 20c6709344df44d28735d48523711bad - - 50d5ba81f0dc4f2ab56814b6a00f312e 50d5ba81f0dc4f2ab56814b6a00f312e] 10.0.0.72 "GET /v2.0/networks/7024df8b-c3b4-40e5-bb6e-8191fd389cdf?fields=segments HTTP/1.1" status: 200 len: 212 time: 0.0664001
2026-04-14 06:49:19.098 9 INFO neutron.wsgi [req-4ea08b52-d4df-40b6-bbbe-f678d3c81e6b req-c11e92bf-32d4-4fa3-9f9f-529a0cba1b10 3c75dd45c996441fa726172e7c87476c 20c6709344df44d28735d48523711bad - - 50d5ba81f0dc4f2ab56814b6a00f312e 50d5ba81f0dc4f2ab56814b6a00f312e] 10.0.0.72 "GET /v2.0/networks/7024df8b-c3b4-40e5-bb6e-8191fd389cdf?fields=provider%3Aphysical_network&fields=provider%3Anetwork_type HTTP/1.1" status: 200 len: 277 time: 0.0509655
2026-04-14 06:49:19.256 10 INFO neutron.wsgi [req-9c82a3e9-cd26-42e2-8157-72a9c2954ed3 req-3c2b168d-8bc1-4f6d-8a93-8f9d67408492 08304ae53ed649e48f386dc704a59f3c 1f6d7fcba65a455581a2a64df0c32edc - - default default] 10.0.0.72 "GET /v2.0/ports?device_id=e45a74f2-5789-42fe-a337-799c2df93367 HTTP/1.1" status: 200 len: 210 time: 0.0229273
2026-04-14 06:49:19.977 10 INFO neutron.wsgi [req-4ea08b52-d4df-40b6-bbbe-f678d3c81e6b req-26a557b7-759d-40e7-81f8-6c70daa2129a 08304ae53ed649e48f386dc704a59f3c 1f6d7fcba65a455581a2a64df0c32edc - - default default] 162.253.55.62 "GET /v2.0/networks?id=7024df8b-c3b4-40e5-bb6e-8191fd389cdf HTTP/1.1" status: 200 len: 869 time: 0.0875828
2026-04-14 06:49:20.029 10 INFO neutron.wsgi [req-4ea08b52-d4df-40b6-bbbe-f678d3c81e6b req-dd599fa0-be1d-422b-bb6b-d071cb4ab600 08304ae53ed649e48f386dc704a59f3c 1f6d7fcba65a455581a2a64df0c32edc - - default default] 162.253.55.62 "GET /v2.0/security-groups?fields=id&fields=name&tenant_id=1f6d7fcba65a455581a2a64df0c32edc HTTP/1.1" status: 200 len: 380 time: 0.0472124
2026-04-14 06:49:20.060 10 WARNING neutron_lib.context [req-4ea08b52-d4df-40b6-bbbe-f678d3c81e6b req-7225d33c-5a37-444b-89a3-e7e912e0625f 08304ae53ed649e48f386dc704a59f3c 1f6d7fcba65a455581a2a64df0c32edc - - default default] Method 'is_advsvc' is deprecated since 2023.2 release (neutron-lib 3.8.0) and will be removed once support for the old RBAC API policies will be removed from Neutron. Please use method 'is_service_role' instead.
2026-04-14 06:49:20.353 10 INFO neutron.db.ovn_revision_numbers_db [None req-99ee7e6d-0e46-4a6b-9339-1cf7a8b3fe9f 8e48e3dbd812419ca5004eea22056236 bed3f8109c6b496ab3a5d63ed409cf55 - - default default] Successfully bumped revision number for resource 043292f0-0f52-4e21-96b4-f73bd8a39ba5 (type: security_groups) to 1
2026-04-14 06:49:20.353 9 INFO neutron.wsgi [req-e69bc76d-a2e6-414d-9175-799d2198693e req-df4727ed-8397-475a-b7df-e2fe2874ea7c 08304ae53ed649e48f386dc704a59f3c 1f6d7fcba65a455581a2a64df0c32edc - - default default] 10.0.0.72 "GET /v2.0/ports?device_id=e45a74f2-5789-42fe-a337-799c2df93367 HTTP/1.1" status: 200 len: 210 time: 0.0240266
2026-04-14 06:49:20.370 10 INFO neutron.db.ovn_revision_numbers_db [None req-99ee7e6d-0e46-4a6b-9339-1cf7a8b3fe9f 8e48e3dbd812419ca5004eea22056236 bed3f8109c6b496ab3a5d63ed409cf55 - - default default] Successfully bumped revision number for resource 11f0a9ad-7d59-477e-8a7a-5ce8122b62c8 (type: security_group_rules) to 0
2026-04-14 06:49:20.390 10 WARNING neutron.scheduler.dhcp_agent_scheduler [req-4ea08b52-d4df-40b6-bbbe-f678d3c81e6b req-7225d33c-5a37-444b-89a3-e7e912e0625f 08304ae53ed649e48f386dc704a59f3c 1f6d7fcba65a455581a2a64df0c32edc - - default default] No more DHCP agents
2026-04-14 06:49:20.393 10 WARNING neutron.api.rpc.agentnotifiers.dhcp_rpc_agent_api [req-4ea08b52-d4df-40b6-bbbe-f678d3c81e6b req-7225d33c-5a37-444b-89a3-e7e912e0625f 08304ae53ed649e48f386dc704a59f3c 1f6d7fcba65a455581a2a64df0c32edc - - default default] Unable to schedule network 7024df8b-c3b4-40e5-bb6e-8191fd389cdf: no agents available; will retry on subsequent port and subnet creation events.
2026-04-14 06:49:20.396 10 INFO neutron.db.ovn_revision_numbers_db [None req-99ee7e6d-0e46-4a6b-9339-1cf7a8b3fe9f 8e48e3dbd812419ca5004eea22056236 bed3f8109c6b496ab3a5d63ed409cf55 - - default default] Successfully bumped revision number for resource 56ce4d8d-fb3f-4734-9c13-ffd35f35b256 (type: security_group_rules) to 0
2026-04-14 06:49:20.601 10 INFO neutron.db.ovn_revision_numbers_db [None req-99ee7e6d-0e46-4a6b-9339-1cf7a8b3fe9f 8e48e3dbd812419ca5004eea22056236 bed3f8109c6b496ab3a5d63ed409cf55 - - default default] Successfully bumped revision number for resource 78d15f1e-a52b-4b15-b9f9-9d4aa0faab81 (type: security_group_rules) to 0
2026-04-14 06:49:20.624 10 INFO neutron.db.ovn_revision_numbers_db [None req-99ee7e6d-0e46-4a6b-9339-1cf7a8b3fe9f 8e48e3dbd812419ca5004eea22056236 bed3f8109c6b496ab3a5d63ed409cf55 - - default default] Successfully bumped revision number for resource 920d0d52-8841-48c0-b2ec-e8e09719147c (type: security_group_rules) to 0
2026-04-14 06:49:20.651 10 INFO neutron.wsgi [None req-99ee7e6d-0e46-4a6b-9339-1cf7a8b3fe9f 8e48e3dbd812419ca5004eea22056236 bed3f8109c6b496ab3a5d63ed409cf55 - - default default] 10.0.0.159 "GET /v2.0/security-groups?tenant_id=ad7125f756604385915e887066a91c25&name=default HTTP/1.1" status: 200 len: 2996 time: 0.5565903 /var/lib/openstack/lib/python3.10/site-packages/pycadf/identifier.py:71: UserWarning: Invalid uuid: neutron. To ensure interoperability, identifiers should be a valid uuid. warnings.warn(('Invalid uuid: %s. To ensure interoperability, '
2026-04-14 06:49:20.751 10 INFO neutron.db.ovn_revision_numbers_db [req-4ea08b52-d4df-40b6-bbbe-f678d3c81e6b req-7225d33c-5a37-444b-89a3-e7e912e0625f 08304ae53ed649e48f386dc704a59f3c 1f6d7fcba65a455581a2a64df0c32edc - - default default] Successfully bumped revision number for resource 00c3b8c2-fcaa-4fc2-b17a-bae407d10144 (type: ports) to 1
2026-04-14 06:49:20.779 10 INFO neutron.wsgi [req-4ea08b52-d4df-40b6-bbbe-f678d3c81e6b req-7225d33c-5a37-444b-89a3-e7e912e0625f 08304ae53ed649e48f386dc704a59f3c 1f6d7fcba65a455581a2a64df0c32edc - - default default] 162.253.55.62 "POST /v2.0/ports HTTP/1.1" status: 201 len: 1162 time: 0.7278533
2026-04-14 06:49:20.789 9 INFO neutron.wsgi [req-e2417573-1e81-413b-a23b-60077c64f27d req-9a41f4c9-fcde-4d52-bc9f-0c23db7d155d 3c75dd45c996441fa726172e7c87476c 20c6709344df44d28735d48523711bad - - 50d5ba81f0dc4f2ab56814b6a00f312e 50d5ba81f0dc4f2ab56814b6a00f312e] 10.0.0.69 "GET /v2.0/ports?device_id=ee38430d-4ef3-41c8-b31f-e735c0f66df1 HTTP/1.1" status: 200 len: 1409 time: 0.2673092
2026-04-14 06:49:20.844 9 INFO neutron.wsgi [req-e2417573-1e81-413b-a23b-60077c64f27d req-46b00ac8-5f3b-402a-bdba-10381789e8f8 3c75dd45c996441fa726172e7c87476c 20c6709344df44d28735d48523711bad - - 50d5ba81f0dc4f2ab56814b6a00f312e 50d5ba81f0dc4f2ab56814b6a00f312e] 10.0.0.69 "GET /v2.0/security-groups?id=793d2829-3d12-4a9e-9159-f7c44588218a&fields=id&fields=name HTTP/1.1" status: 200 len: 313 time: 0.0475652
2026-04-14 06:49:20.922 10 INFO neutron.wsgi [None req-070a581c-554e-449a-b256-37c5c0fb2570 8e48e3dbd812419ca5004eea22056236 bed3f8109c6b496ab3a5d63ed409cf55 - - default default] 10.0.0.159 "DELETE /v2.0/security-groups/043292f0-0f52-4e21-96b4-f73bd8a39ba5 HTTP/1.1" status: 204 len: 168 time: 0.2640612
2026-04-14 06:49:21.237 9 INFO neutron.db.ovn_revision_numbers_db [None req-092e0615-8c1a-437e-9d63-b7dbf3b32481 8e48e3dbd812419ca5004eea22056236 bed3f8109c6b496ab3a5d63ed409cf55 - - default default] Successfully bumped revision number for resource cb2c242c-099c-4e21-97c9-5c29031ca614 (type: security_groups) to 1
2026-04-14 06:49:21.248 10 INFO neutron.db.ovn_revision_numbers_db [req-4ea08b52-d4df-40b6-bbbe-f678d3c81e6b req-5eb66623-f534-43b9-a174-d432fbfb6239 3c75dd45c996441fa726172e7c87476c 20c6709344df44d28735d48523711bad - - 50d5ba81f0dc4f2ab56814b6a00f312e 50d5ba81f0dc4f2ab56814b6a00f312e] Successfully bumped revision number for resource 00c3b8c2-fcaa-4fc2-b17a-bae407d10144 (type: ports) to 2
2026-04-14 06:49:21.254 9 INFO neutron.db.ovn_revision_numbers_db [None req-092e0615-8c1a-437e-9d63-b7dbf3b32481 8e48e3dbd812419ca5004eea22056236 bed3f8109c6b496ab3a5d63ed409cf55 - - default default] Successfully bumped revision number for resource 3194937a-c766-44e1-a6e3-a1b823709c88 (type: security_group_rules) to 0
2026-04-14 06:49:21.272 9 INFO neutron.db.ovn_revision_numbers_db [None req-092e0615-8c1a-437e-9d63-b7dbf3b32481 8e48e3dbd812419ca5004eea22056236 bed3f8109c6b496ab3a5d63ed409cf55 - - default default] Successfully bumped revision number for resource 42b52fa8-1d31-471b-9fbf-aae864f80dd8 (type: security_group_rules) to 0
2026-04-14 06:49:21.300 9 INFO neutron.db.ovn_revision_numbers_db [None req-092e0615-8c1a-437e-9d63-b7dbf3b32481 8e48e3dbd812419ca5004eea22056236 bed3f8109c6b496ab3a5d63ed409cf55 - - default default] Successfully bumped revision number for resource 74e8692a-c389-4ab6-8f7f-31ea92e5aa31 (type: security_group_rules) to 0
2026-04-14 06:49:21.314 9 INFO neutron.db.ovn_revision_numbers_db [None req-092e0615-8c1a-437e-9d63-b7dbf3b32481 8e48e3dbd812419ca5004eea22056236 bed3f8109c6b496ab3a5d63ed409cf55 - - default default] Successfully bumped revision number for resource fa107b60-924b-4ee9-adb1-c02a1736c684 (type: security_group_rules) to 0
2026-04-14 06:49:21.339 9 INFO neutron.wsgi [None req-092e0615-8c1a-437e-9d63-b7dbf3b32481 8e48e3dbd812419ca5004eea22056236 bed3f8109c6b496ab3a5d63ed409cf55 - - default default] 10.0.0.159 "GET /v2.0/security-groups?tenant_id=3f79b8646fe44f52a23eeb48646e8423&name=default HTTP/1.1" status: 200 len: 2996 time: 0.2270188
2026-04-14 06:49:21.361 10 INFO neutron.wsgi [-] 10.0.0.208 "GET / HTTP/1.1" status: 200 len: 247 time: 0.0016112
2026-04-14 06:49:21.363 10 INFO neutron.wsgi [-] 10.0.0.208 "GET / HTTP/1.1" status: 200 len: 247 time: 0.0009079 /var/lib/openstack/lib/python3.10/site-packages/pycadf/identifier.py:71: UserWarning: Invalid uuid: neutron. To ensure interoperability, identifiers should be a valid uuid. warnings.warn(('Invalid uuid: %s. To ensure interoperability, '
2026-04-14 06:49:21.483 10 INFO neutron.db.ovn_revision_numbers_db [req-4ea08b52-d4df-40b6-bbbe-f678d3c81e6b req-5eb66623-f534-43b9-a174-d432fbfb6239 3c75dd45c996441fa726172e7c87476c 20c6709344df44d28735d48523711bad - - 50d5ba81f0dc4f2ab56814b6a00f312e 50d5ba81f0dc4f2ab56814b6a00f312e] Successfully bumped revision number for resource 00c3b8c2-fcaa-4fc2-b17a-bae407d10144 (type: ports) to 2
2026-04-14 06:49:21.515 10 INFO neutron.wsgi [req-4ea08b52-d4df-40b6-bbbe-f678d3c81e6b req-5eb66623-f534-43b9-a174-d432fbfb6239 3c75dd45c996441fa726172e7c87476c 20c6709344df44d28735d48523711bad - - 50d5ba81f0dc4f2ab56814b6a00f312e 50d5ba81f0dc4f2ab56814b6a00f312e] 162.253.55.62 "PUT /v2.0/ports/00c3b8c2-fcaa-4fc2-b17a-bae407d10144 HTTP/1.1" status: 200 len: 1380 time: 0.7284522
2026-04-14 06:49:21.548 10 INFO neutron.wsgi [req-cd5ce849-afcd-42e9-becb-afe2c7b46ea7 req-fc6299c4-03c9-4b15-ae3f-e96f6475f586 08304ae53ed649e48f386dc704a59f3c 1f6d7fcba65a455581a2a64df0c32edc - - default default] 10.0.0.72 "GET /v2.0/ports?device_id=e45a74f2-5789-42fe-a337-799c2df93367 HTTP/1.1" status: 200 len: 1172 time: 0.1177535
2026-04-14 06:49:21.558 9 INFO neutron.wsgi [None req-dd2c2167-6964-484c-956f-ba6872f711d3 8e48e3dbd812419ca5004eea22056236 bed3f8109c6b496ab3a5d63ed409cf55 - - default default] 10.0.0.159 "DELETE /v2.0/security-groups/cb2c242c-099c-4e21-97c9-5c29031ca614 HTTP/1.1" status: 204 len: 168 time: 0.2121582
2026-04-14 06:49:21.563 10 INFO neutron.notifiers.nova [-] Nova event matching ['req-9deb9688-2e75-4a18-949e-a40bfda43d35'] response: {'name': 'network-changed', 'server_uuid': 'e45a74f2-5789-42fe-a337-799c2df93367', 'tag': '00c3b8c2-fcaa-4fc2-b17a-bae407d10144', 'status': 'completed', 'code': 200}
2026-04-14 06:49:21.598 10 INFO neutron.wsgi [req-4ea08b52-d4df-40b6-bbbe-f678d3c81e6b req-5661c164-d953-4310-814c-81b0244c18ae 3c75dd45c996441fa726172e7c87476c 20c6709344df44d28735d48523711bad - - 50d5ba81f0dc4f2ab56814b6a00f312e 50d5ba81f0dc4f2ab56814b6a00f312e] 162.253.55.62 "GET /v2.0/ports?tenant_id=1f6d7fcba65a455581a2a64df0c32edc&device_id=e45a74f2-5789-42fe-a337-799c2df93367 HTTP/1.1" status: 200 len: 1411 time: 0.0454357
2026-04-14 06:49:21.607 10 INFO neutron.wsgi [req-cd5ce849-afcd-42e9-becb-afe2c7b46ea7 req-60d2341c-52ef-48c3-87f3-42b99f334338 08304ae53ed649e48f386dc704a59f3c 1f6d7fcba65a455581a2a64df0c32edc - - default default] 10.0.0.72 "GET /v2.0/security-groups?id=d4925535-f3bd-412a-b2fa-071537dcbcf5&fields=id&fields=name HTTP/1.1" status: 200 len: 313 time: 0.0526824
2026-04-14 06:49:21.629 10 INFO neutron.wsgi [req-4ea08b52-d4df-40b6-bbbe-f678d3c81e6b req-aa63b029-af43-4b06-916c-4f9b674a898b 3c75dd45c996441fa726172e7c87476c 20c6709344df44d28735d48523711bad - - 50d5ba81f0dc4f2ab56814b6a00f312e 50d5ba81f0dc4f2ab56814b6a00f312e] 162.253.55.62 "GET /v2.0/floatingips?fixed_ip_address=10.100.0.12&port_id=00c3b8c2-fcaa-4fc2-b17a-bae407d10144 HTTP/1.1" status: 200 len: 217 time: 0.0240734
2026-04-14 06:49:21.668 10 INFO neutron.wsgi [req-4ea08b52-d4df-40b6-bbbe-f678d3c81e6b req-9ca0e71a-0673-4372-bfe9-2be36cccb021 3c75dd45c996441fa726172e7c87476c 20c6709344df44d28735d48523711bad - - 50d5ba81f0dc4f2ab56814b6a00f312e 50d5ba81f0dc4f2ab56814b6a00f312e] 162.253.55.62 "GET /v2.0/subnets?id=a32a8acb-d134-4001-89c1-96fcb878b6ea HTTP/1.1" status: 200 len: 863 time: 0.0334260
2026-04-14 06:49:21.696 10 INFO neutron.wsgi [req-4ea08b52-d4df-40b6-bbbe-f678d3c81e6b req-7a166fce-8ef5-430e-bf62-63e5134dd3e0 3c75dd45c996441fa726172e7c87476c 20c6709344df44d28735d48523711bad - - 50d5ba81f0dc4f2ab56814b6a00f312e 50d5ba81f0dc4f2ab56814b6a00f312e] 162.253.55.62 "GET /v2.0/ports?network_id=7024df8b-c3b4-40e5-bb6e-8191fd389cdf&device_owner=network%3Adhcp HTTP/1.1" status: 200 len: 210 time: 0.0214882
2026-04-14 06:49:21.763 10 INFO neutron.wsgi [req-4ea08b52-d4df-40b6-bbbe-f678d3c81e6b req-a7afc7a5-3d8e-4cff-bc06-b4da82ea245f 3c75dd45c996441fa726172e7c87476c 20c6709344df44d28735d48523711bad - - 50d5ba81f0dc4f2ab56814b6a00f312e 50d5ba81f0dc4f2ab56814b6a00f312e] 162.253.55.62 "GET /v2.0/networks/7024df8b-c3b4-40e5-bb6e-8191fd389cdf?fields=segments HTTP/1.1" status: 200 len: 212 time: 0.0608604
2026-04-14 06:49:21.841 10 INFO neutron.wsgi [req-4ea08b52-d4df-40b6-bbbe-f678d3c81e6b req-5701083e-9474-45f8-9c47-39f75120e0a4 3c75dd45c996441fa726172e7c87476c 20c6709344df44d28735d48523711bad - - 50d5ba81f0dc4f2ab56814b6a00f312e 50d5ba81f0dc4f2ab56814b6a00f312e] 162.253.55.62 "GET /v2.0/networks/7024df8b-c3b4-40e5-bb6e-8191fd389cdf?fields=provider%3Aphysical_network&fields=provider%3Anetwork_type HTTP/1.1" status: 200 len: 277 time: 0.0657396
2026-04-14 06:49:21.925 10 INFO neutron.wsgi [req-229259f4-fa71-4482-9a91-d2ceb0858d23 req-b297f8c6-59b7-42b7-bcd7-5a0640b37e3c 3c75dd45c996441fa726172e7c87476c 20c6709344df44d28735d48523711bad - - 50d5ba81f0dc4f2ab56814b6a00f312e 50d5ba81f0dc4f2ab56814b6a00f312e] 162.253.55.62 "GET /v2.0/ports?tenant_id=1f6d7fcba65a455581a2a64df0c32edc&device_id=e45a74f2-5789-42fe-a337-799c2df93367 HTTP/1.1" status: 200 len: 1411 time: 0.0369670
2026-04-14 06:49:21.997 10 WARNING neutron.plugins.ml2.drivers.ovn.mech_driver.ovsdb.ovn_client [None req-3be24af8-912c-4216-9038-2fc1fe89e298 - - - - - -] No hosting information found for port c322c2d2-bf22-48d1-af1a-fb25adf45f20: RuntimeError: No hosting information found for port c322c2d2-bf22-48d1-af1a-fb25adf45f20
2026-04-14 06:49:22.015 10 INFO neutron.wsgi [req-229259f4-fa71-4482-9a91-d2ceb0858d23 req-eafd1435-d409-4180-aa0d-5882d9c3cb33 3c75dd45c996441fa726172e7c87476c 20c6709344df44d28735d48523711bad - - 50d5ba81f0dc4f2ab56814b6a00f312e 50d5ba81f0dc4f2ab56814b6a00f312e] 162.253.55.62 "GET /v2.0/networks?id=7024df8b-c3b4-40e5-bb6e-8191fd389cdf HTTP/1.1" status: 200 len: 968 time: 0.0845866
2026-04-14 06:49:22.046 10 INFO neutron.wsgi [req-229259f4-fa71-4482-9a91-d2ceb0858d23 req-e6570e8e-af1a-4a20-b938-7de8568f8d07 3c75dd45c996441fa726172e7c87476c 20c6709344df44d28735d48523711bad - - 50d5ba81f0dc4f2ab56814b6a00f312e 50d5ba81f0dc4f2ab56814b6a00f312e] 162.253.55.62 "GET /v2.0/floatingips?fixed_ip_address=10.100.0.12&port_id=00c3b8c2-fcaa-4fc2-b17a-bae407d10144 HTTP/1.1" status: 200 len: 217 time: 0.0236063
2026-04-14 06:49:22.051 10 INFO neutron.plugins.ml2.drivers.ovn.mech_driver.mech_driver [None req-3be24af8-912c-4216-9038-2fc1fe89e298 - - - - - -] OVN reports status up for port: 00c3b8c2-fcaa-4fc2-b17a-bae407d10144
2026-04-14 06:49:22.077 10 INFO neutron.plugins.ml2.plugin [None req-3be24af8-912c-4216-9038-2fc1fe89e298 - - - - - -] Attempt 1 to provision port 00c3b8c2-fcaa-4fc2-b17a-bae407d10144
2026-04-14 06:49:22.091 10 INFO neutron.wsgi [req-229259f4-fa71-4482-9a91-d2ceb0858d23 req-596e9d8d-299e-4dd2-8807-4ebfde44092a 3c75dd45c996441fa726172e7c87476c 20c6709344df44d28735d48523711bad - - 50d5ba81f0dc4f2ab56814b6a00f312e 50d5ba81f0dc4f2ab56814b6a00f312e] 162.253.55.62 "GET /v2.0/subnets?id=a32a8acb-d134-4001-89c1-96fcb878b6ea HTTP/1.1" status: 200 len: 863 time: 0.0386059
2026-04-14 06:49:22.127 10 INFO neutron.wsgi [req-229259f4-fa71-4482-9a91-d2ceb0858d23 req-61e8699d-e425-46b1-8b1d-699b5617ddbb 3c75dd45c996441fa726172e7c87476c 20c6709344df44d28735d48523711bad - - 50d5ba81f0dc4f2ab56814b6a00f312e 50d5ba81f0dc4f2ab56814b6a00f312e] 162.253.55.62 "GET /v2.0/ports?network_id=7024df8b-c3b4-40e5-bb6e-8191fd389cdf&device_owner=network%3Adhcp HTTP/1.1" status: 200 len: 210 time: 0.0243256
2026-04-14 06:49:22.243 10 INFO neutron.wsgi [req-229259f4-fa71-4482-9a91-d2ceb0858d23 req-7fd99cc9-234c-4e26-99c3-e900124598fb 3c75dd45c996441fa726172e7c87476c 20c6709344df44d28735d48523711bad - - 50d5ba81f0dc4f2ab56814b6a00f312e 50d5ba81f0dc4f2ab56814b6a00f312e] 162.253.55.62 "GET /v2.0/networks/7024df8b-c3b4-40e5-bb6e-8191fd389cdf?fields=segments HTTP/1.1" status: 200 len: 212 time: 0.0995009
2026-04-14 06:49:22.360 10 INFO neutron.wsgi [req-229259f4-fa71-4482-9a91-d2ceb0858d23 req-ff2325e0-31bb-4880-84f6-e01d82f6f16a 3c75dd45c996441fa726172e7c87476c 20c6709344df44d28735d48523711bad - - 50d5ba81f0dc4f2ab56814b6a00f312e 50d5ba81f0dc4f2ab56814b6a00f312e] 162.253.55.62 "GET /v2.0/networks/7024df8b-c3b4-40e5-bb6e-8191fd389cdf?fields=provider%3Aphysical_network&fields=provider%3Anetwork_type HTTP/1.1" status: 200 len: 277 time: 0.1098797
2026-04-14 06:49:22.368 9 INFO neutron.db.ovn_revision_numbers_db [None req-3c37348c-07ff-4cea-b28e-bc02b6e5a083 8e48e3dbd812419ca5004eea22056236 bed3f8109c6b496ab3a5d63ed409cf55 - - default default] Successfully bumped revision number for resource 09e16049-544d-4093-b8ac-ef9a4226a827 (type: security_groups) to 1
2026-04-14 06:49:22.388 9 INFO neutron.db.ovn_revision_numbers_db [None req-3c37348c-07ff-4cea-b28e-bc02b6e5a083 8e48e3dbd812419ca5004eea22056236 bed3f8109c6b496ab3a5d63ed409cf55 - - default default] Successfully bumped revision number for resource 177cfafa-f9ad-4a64-b495-6421c3c5a3a5 (type: security_group_rules) to 0
2026-04-14 06:49:22.404 9 INFO neutron.db.ovn_revision_numbers_db [None req-3c37348c-07ff-4cea-b28e-bc02b6e5a083 8e48e3dbd812419ca5004eea22056236 bed3f8109c6b496ab3a5d63ed409cf55 - - default default] Successfully bumped revision number for resource 48e83ada-6701-4660-b719-c5eb761acfcb (type: security_group_rules) to 0
2026-04-14 06:49:22.422 9 INFO neutron.db.ovn_revision_numbers_db [None req-3c37348c-07ff-4cea-b28e-bc02b6e5a083 8e48e3dbd812419ca5004eea22056236 bed3f8109c6b496ab3a5d63ed409cf55 - - default default] Successfully bumped revision number for resource 825ea92a-97d7-4c97-a884-eaece6186b1c (type: security_group_rules) to 0
2026-04-14 06:49:22.435 9 INFO neutron.db.ovn_revision_numbers_db [None req-3c37348c-07ff-4cea-b28e-bc02b6e5a083 8e48e3dbd812419ca5004eea22056236 bed3f8109c6b496ab3a5d63ed409cf55 - - default default] Successfully bumped revision number for resource a6932321-d661-477b-bba5-327c9f72b81d (type: security_group_rules) to 0
2026-04-14 06:49:22.459 9 INFO neutron.wsgi [None req-3c37348c-07ff-4cea-b28e-bc02b6e5a083 8e48e3dbd812419ca5004eea22056236 bed3f8109c6b496ab3a5d63ed409cf55 - - default default] 10.0.0.159 "GET /v2.0/security-groups?tenant_id=a7ce234e36a245e18e46439fdc3723d1&name=default HTTP/1.1" status: 200 len: 2996 time: 0.5038710
2026-04-14 06:49:22.508 10 INFO neutron.db.ovn_revision_numbers_db [None req-3be24af8-912c-4216-9038-2fc1fe89e298 - - - - - -] Successfully bumped revision number for resource 00c3b8c2-fcaa-4fc2-b17a-bae407d10144 (type: ports) to 4
2026-04-14 06:49:22.686 9 INFO neutron.wsgi [None req-9512d927-5dc5-4dde-a176-f952931cbf00 8e48e3dbd812419ca5004eea22056236 bed3f8109c6b496ab3a5d63ed409cf55 - - default default] 10.0.0.159 "DELETE /v2.0/security-groups/09e16049-544d-4093-b8ac-ef9a4226a827 HTTP/1.1" status: 204 len: 168 time: 0.2199588
2026-04-14 06:49:22.711 9 INFO neutron.wsgi [req-9e2daf6f-2b3a-4466-b3f9-7d939fa28f59 req-52910725-6cf8-45c9-be19-d36ba516214a 08304ae53ed649e48f386dc704a59f3c 1f6d7fcba65a455581a2a64df0c32edc - - default default] 10.0.0.72 "GET /v2.0/ports?device_id=e45a74f2-5789-42fe-a337-799c2df93367 HTTP/1.1" status: 200 len: 1174 time: 0.0358741
2026-04-14 06:49:22.761 9 INFO neutron.wsgi [req-9e2daf6f-2b3a-4466-b3f9-7d939fa28f59 req-f9933715-449f-4caa-b7f6-839df3067520 08304ae53ed649e48f386dc704a59f3c 1f6d7fcba65a455581a2a64df0c32edc - - default default] 10.0.0.72 "GET /v2.0/security-groups?id=d4925535-f3bd-412a-b2fa-071537dcbcf5&fields=id&fields=name HTTP/1.1" status: 200 len: 313 time: 0.0420330 /var/lib/openstack/lib/python3.10/site-packages/pycadf/identifier.py:71: UserWarning: Invalid uuid: neutron. To ensure interoperability, identifiers should be a valid uuid. warnings.warn(('Invalid uuid: %s. To ensure interoperability, '
2026-04-14 06:49:22.881 10 INFO neutron.db.ovn_revision_numbers_db [None req-7087ca8c-5b5a-4ef3-a8b7-5a41c9837b8e 8e48e3dbd812419ca5004eea22056236 bed3f8109c6b496ab3a5d63ed409cf55 - - default default] Successfully bumped revision number for resource a3931871-fef6-4506-822f-70676019a71c (type: security_groups) to 1
2026-04-14 06:49:22.893 10 INFO neutron.db.ovn_revision_numbers_db [None req-7087ca8c-5b5a-4ef3-a8b7-5a41c9837b8e 8e48e3dbd812419ca5004eea22056236 bed3f8109c6b496ab3a5d63ed409cf55 - - default default] Successfully bumped revision number for resource 150f76a3-74c4-4507-be88-dab0c411041b (type: security_group_rules) to 0
2026-04-14 06:49:22.906 10 INFO neutron.db.ovn_revision_numbers_db [None req-7087ca8c-5b5a-4ef3-a8b7-5a41c9837b8e 8e48e3dbd812419ca5004eea22056236 bed3f8109c6b496ab3a5d63ed409cf55 - - default default] Successfully bumped revision number for resource 387f228d-ded1-4cd7-8ffc-f320c8a3ae6d (type: security_group_rules) to 0
2026-04-14 06:49:22.919 10 INFO neutron.db.ovn_revision_numbers_db [None req-7087ca8c-5b5a-4ef3-a8b7-5a41c9837b8e 8e48e3dbd812419ca5004eea22056236 bed3f8109c6b496ab3a5d63ed409cf55 - - default default] Successfully bumped revision number for resource 55581f15-349a-4342-ab0f-396b516b5810 (type: security_group_rules) to 0
2026-04-14 06:49:22.932 10 INFO neutron.db.ovn_revision_numbers_db [None req-7087ca8c-5b5a-4ef3-a8b7-5a41c9837b8e 8e48e3dbd812419ca5004eea22056236 bed3f8109c6b496ab3a5d63ed409cf55 - - default default] Successfully bumped revision number for resource ad091aa0-fce4-4c26-ab58-3572a1217b5c (type: security_group_rules) to 0
2026-04-14 06:49:22.958 10 INFO neutron.wsgi [None req-7087ca8c-5b5a-4ef3-a8b7-5a41c9837b8e 8e48e3dbd812419ca5004eea22056236 bed3f8109c6b496ab3a5d63ed409cf55 - - default default] 10.0.0.159 "GET /v2.0/security-groups?tenant_id=f7ec392f8c3f4fd8a529e9430c56f878&name=default HTTP/1.1" status: 200 len: 2996 time: 0.1793478
2026-04-14 06:49:23.152 10 INFO neutron.wsgi [None req-17dcd9eb-1cfa-4385-84ca-b2f15482cfc7 8e48e3dbd812419ca5004eea22056236 bed3f8109c6b496ab3a5d63ed409cf55 - - default default] 10.0.0.159 "DELETE /v2.0/security-groups/a3931871-fef6-4506-822f-70676019a71c HTTP/1.1" status: 204 len: 168 time: 0.1887739
2026-04-14 06:49:23.602 10 INFO neutron.notifiers.nova [-] Nova event matching ['req-2d521aa3-6f06-4dc1-a140-ae2fe8650e8e'] response: {'server_uuid': 'e45a74f2-5789-42fe-a337-799c2df93367', 'name': 'network-vif-plugged', 'status': 'completed', 'tag': '00c3b8c2-fcaa-4fc2-b17a-bae407d10144', 'code': 200}
2026-04-14 06:49:23.603 10 INFO neutron.notifiers.nova [-] Nova event matching ['req-2d521aa3-6f06-4dc1-a140-ae2fe8650e8e'] response: {'server_uuid': 'e45a74f2-5789-42fe-a337-799c2df93367', 'name': 'network-vif-plugged', 'status': 'completed', 'tag': '00c3b8c2-fcaa-4fc2-b17a-bae407d10144', 'code': 200}
2026-04-14 06:49:23.869 9 INFO neutron.wsgi [req-a8ad69cd-0e5e-4fc9-bfbf-3a1740eb6c80 req-626a454b-bbed-4d61-a49b-2a96d9e9b311 08304ae53ed649e48f386dc704a59f3c 1f6d7fcba65a455581a2a64df0c32edc - - default default] 10.0.0.72 "GET /v2.0/ports?device_id=e45a74f2-5789-42fe-a337-799c2df93367 HTTP/1.1" status: 200 len: 1174 time: 0.0443051
2026-04-14 06:49:23.923 9 INFO neutron.wsgi [req-a8ad69cd-0e5e-4fc9-bfbf-3a1740eb6c80 req-e656dfcd-d551-42a2-a706-aff19e564790 08304ae53ed649e48f386dc704a59f3c 1f6d7fcba65a455581a2a64df0c32edc - - default default] 10.0.0.72 "GET /v2.0/security-groups?id=d4925535-f3bd-412a-b2fa-071537dcbcf5&fields=id&fields=name HTTP/1.1" status: 200 len: 313 time: 0.0460114
2026-04-14 06:49:25.047 10 INFO neutron.wsgi [req-ddc54d45-c706-442d-bc8d-068ff4fdb1a9 req-ff54966d-b185-4e4a-946c-022e4edfb12f 08304ae53ed649e48f386dc704a59f3c 1f6d7fcba65a455581a2a64df0c32edc - - default default] 10.0.0.72 "GET /v2.0/ports?device_id=e45a74f2-5789-42fe-a337-799c2df93367 HTTP/1.1" status: 200 len: 1174 time: 0.0433421
2026-04-14 06:49:25.084 10 INFO neutron.wsgi [req-ddc54d45-c706-442d-bc8d-068ff4fdb1a9 req-7b3f4c61-1c9a-4414-beee-e96dc637b895 08304ae53ed649e48f386dc704a59f3c 1f6d7fcba65a455581a2a64df0c32edc - - default default] 10.0.0.72 "GET /v2.0/security-groups?id=d4925535-f3bd-412a-b2fa-071537dcbcf5&fields=id&fields=name HTTP/1.1" status: 200 len: 313 time: 0.0299716
2026-04-14 06:49:25.319 9 INFO neutron.wsgi [req-54243a63-0bb2-425d-a287-a45337f71bbb req-f9cc573b-946f-4e36-b714-44ac3710deea 08304ae53ed649e48f386dc704a59f3c 1f6d7fcba65a455581a2a64df0c32edc - - default default] 10.0.0.72 "GET /v2.0/ports?device_id=e45a74f2-5789-42fe-a337-799c2df93367 HTTP/1.1" status: 200 len: 1174 time: 0.1400723
2026-04-14 06:49:25.601 10 INFO neutron.db.l3_db [None req-cdb2807e-4601-4b2c-808a-5043648f5ce1 08304ae53ed649e48f386dc704a59f3c 1f6d7fcba65a455581a2a64df0c32edc - - default default] Floating IP 551ca8b4-7ffd-4916-8f63-4d67891284c9 associated. External IP: 10.96.250.206, port: 00c3b8c2-fcaa-4fc2-b17a-bae407d10144.
2026-04-14 06:49:25.820 10 INFO neutron.db.ovn_revision_numbers_db [None req-cdb2807e-4601-4b2c-808a-5043648f5ce1 08304ae53ed649e48f386dc704a59f3c 1f6d7fcba65a455581a2a64df0c32edc - - default default] Successfully bumped revision number for resource 551ca8b4-7ffd-4916-8f63-4d67891284c9 (type: floatingips) to 1
2026-04-14 06:49:25.932 10 INFO neutron.db.ovn_revision_numbers_db [None req-cdb2807e-4601-4b2c-808a-5043648f5ce1 08304ae53ed649e48f386dc704a59f3c 1f6d7fcba65a455581a2a64df0c32edc - - default default] Successfully bumped revision number for resource 551ca8b4-7ffd-4916-8f63-4d67891284c9 (type: floatingips) to 2
2026-04-14 06:49:25.954 10 INFO neutron.wsgi [None req-cdb2807e-4601-4b2c-808a-5043648f5ce1 08304ae53ed649e48f386dc704a59f3c 1f6d7fcba65a455581a2a64df0c32edc - - default default] 10.0.0.159 "PUT /v2.0/floatingips/551ca8b4-7ffd-4916-8f63-4d67891284c9 HTTP/1.1" status: 200 len: 1050 time: 0.6182203
2026-04-14 06:49:25.993 10 INFO neutron.notifiers.nova [-] Nova event matching ['req-c5211de1-fe32-4acc-8242-85e9b8ae06e6'] response: {'name': 'network-changed', 'server_uuid': 'e45a74f2-5789-42fe-a337-799c2df93367', 'tag': '00c3b8c2-fcaa-4fc2-b17a-bae407d10144', 'status': 'completed', 'code': 200}
2026-04-14 06:49:26.061 10 INFO neutron.wsgi [req-8bd7ba35-5dfb-412d-9d05-d141df371896 req-e9300293-9aff-4daa-b4d4-d3ba1c4f3a00 08304ae53ed649e48f386dc704a59f3c 1f6d7fcba65a455581a2a64df0c32edc - - default default] 10.0.0.72 "GET /v2.0/ports?device_id=e45a74f2-5789-42fe-a337-799c2df93367 HTTP/1.1" status: 200 len: 1174 time: 0.0558975
2026-04-14 06:49:26.070 10 INFO neutron.wsgi [req-08dba83b-dbfa-4e8e-87dd-449a76f6fd22 req-567e8ddd-227b-4de7-9323-7875937bc6e4 3c75dd45c996441fa726172e7c87476c 20c6709344df44d28735d48523711bad - - 50d5ba81f0dc4f2ab56814b6a00f312e 50d5ba81f0dc4f2ab56814b6a00f312e] 162.253.55.62 "GET /v2.0/ports?tenant_id=1f6d7fcba65a455581a2a64df0c32edc&device_id=e45a74f2-5789-42fe-a337-799c2df93367 HTTP/1.1" status: 200 len: 1413 time: 0.0546031
2026-04-14 06:49:26.144 10 INFO neutron.wsgi [req-8bd7ba35-5dfb-412d-9d05-d141df371896 req-0f377599-6fc7-424c-8029-442c7dfe01bc 08304ae53ed649e48f386dc704a59f3c 1f6d7fcba65a455581a2a64df0c32edc - - default default] 10.0.0.72 "GET /v2.0/security-groups?id=d4925535-f3bd-412a-b2fa-071537dcbcf5&fields=id&fields=name HTTP/1.1" status: 200 len: 313 time: 0.0717363
2026-04-14 06:49:26.173 10 INFO neutron.wsgi [req-08dba83b-dbfa-4e8e-87dd-449a76f6fd22 req-cecca68b-efff-46b3-b3a4-e437ca55af32 3c75dd45c996441fa726172e7c87476c 20c6709344df44d28735d48523711bad - - 50d5ba81f0dc4f2ab56814b6a00f312e 50d5ba81f0dc4f2ab56814b6a00f312e] 162.253.55.62 "GET /v2.0/networks?id=7024df8b-c3b4-40e5-bb6e-8191fd389cdf HTTP/1.1" status: 200 len: 968 time: 0.0929019
2026-04-14 06:49:26.219 10 INFO neutron.wsgi [req-08dba83b-dbfa-4e8e-87dd-449a76f6fd22 req-1b60ddb5-6ed6-4cf6-872e-a8e9d16d51e7 3c75dd45c996441fa726172e7c87476c 20c6709344df44d28735d48523711bad - - 50d5ba81f0dc4f2ab56814b6a00f312e 50d5ba81f0dc4f2ab56814b6a00f312e] 162.253.55.62 "GET /v2.0/floatingips?fixed_ip_address=10.100.0.12&port_id=00c3b8c2-fcaa-4fc2-b17a-bae407d10144 HTTP/1.1" status: 200 len: 1060 time: 0.0406353
2026-04-14 06:49:26.262 10 INFO neutron.wsgi [req-08dba83b-dbfa-4e8e-87dd-449a76f6fd22 req-ff991c9e-ff60-45e9-83fe-0e51dd2bc137 3c75dd45c996441fa726172e7c87476c 20c6709344df44d28735d48523711bad - - 50d5ba81f0dc4f2ab56814b6a00f312e 50d5ba81f0dc4f2ab56814b6a00f312e] 162.253.55.62 "GET /v2.0/subnets?id=a32a8acb-d134-4001-89c1-96fcb878b6ea HTTP/1.1" status: 200 len: 863 time: 0.0368593
2026-04-14 06:49:26.302 10 INFO neutron.wsgi [req-08dba83b-dbfa-4e8e-87dd-449a76f6fd22 req-844a4c1d-1bd8-4aa3-9329-32b060aaf9cf 3c75dd45c996441fa726172e7c87476c 20c6709344df44d28735d48523711bad - - 50d5ba81f0dc4f2ab56814b6a00f312e 50d5ba81f0dc4f2ab56814b6a00f312e] 162.253.55.62 "GET /v2.0/ports?network_id=7024df8b-c3b4-40e5-bb6e-8191fd389cdf&device_owner=network%3Adhcp HTTP/1.1" status: 200 len: 210 time: 0.0221138
2026-04-14 06:49:26.382 10 INFO neutron.wsgi [req-08dba83b-dbfa-4e8e-87dd-449a76f6fd22 req-9851efa1-ba6e-487f-8148-95f6a5ee8162 3c75dd45c996441fa726172e7c87476c 20c6709344df44d28735d48523711bad - - 50d5ba81f0dc4f2ab56814b6a00f312e 50d5ba81f0dc4f2ab56814b6a00f312e] 162.253.55.62 "GET /v2.0/networks/7024df8b-c3b4-40e5-bb6e-8191fd389cdf?fields=segments HTTP/1.1" status: 200 len: 212 time: 0.0722198 /var/lib/openstack/lib/python3.10/site-packages/pycadf/identifier.py:71: UserWarning: Invalid uuid: neutron. To ensure interoperability, identifiers should be a valid uuid. warnings.warn(('Invalid uuid: %s. To ensure interoperability, '
2026-04-14 06:49:26.457 10 INFO neutron.plugins.ml2.drivers.ovn.mech_driver.mech_driver [None req-3be24af8-912c-4216-9038-2fc1fe89e298 - - - - - -] OVN reports status down for port: 00c3b8c2-fcaa-4fc2-b17a-bae407d10144
2026-04-14 06:49:26.464 9 INFO neutron.wsgi [req-748611a3-4e43-4fb6-8c64-9831f18d47c6 req-ab1a10fe-7281-4b35-b81c-7053eff2f079 08304ae53ed649e48f386dc704a59f3c 1f6d7fcba65a455581a2a64df0c32edc - - default default] 10.0.0.72 "GET /v2.0/ports?device_id=e45a74f2-5789-42fe-a337-799c2df93367 HTTP/1.1" status: 200 len: 1174 time: 0.0597639
2026-04-14 06:49:26.484 10 INFO neutron.wsgi [req-08dba83b-dbfa-4e8e-87dd-449a76f6fd22 req-24fdf990-0c28-44dc-a7ea-21aaf272b52a 3c75dd45c996441fa726172e7c87476c 20c6709344df44d28735d48523711bad - - 50d5ba81f0dc4f2ab56814b6a00f312e 50d5ba81f0dc4f2ab56814b6a00f312e] 162.253.55.62 "GET /v2.0/networks/7024df8b-c3b4-40e5-bb6e-8191fd389cdf?fields=provider%3Aphysical_network&fields=provider%3Anetwork_type HTTP/1.1" status: 200 len: 277 time: 0.0963848
2026-04-14 06:49:26.529 9 INFO neutron.wsgi [req-748611a3-4e43-4fb6-8c64-9831f18d47c6 req-b3f38ee8-dd9b-4a4e-86ed-b963a7051c94 08304ae53ed649e48f386dc704a59f3c 1f6d7fcba65a455581a2a64df0c32edc - - default default] 10.0.0.72 "GET /v2.0/security-groups?id=d4925535-f3bd-412a-b2fa-071537dcbcf5&fields=id&fields=name HTTP/1.1" status: 200 len: 313 time: 0.0569484
2026-04-14 06:49:26.730 10 INFO neutron.db.ovn_revision_numbers_db [None req-3be24af8-912c-4216-9038-2fc1fe89e298 - - - - - -] Successfully bumped revision number for resource 00c3b8c2-fcaa-4fc2-b17a-bae407d10144 (type: ports) to 5
2026-04-14 06:49:26.816 10 INFO neutron.wsgi [req-9cd84801-5f17-4325-9ad9-d410116b9d69 req-ae15eafd-e9d0-4b5e-82e7-ba0ddbfc586f 08304ae53ed649e48f386dc704a59f3c 1f6d7fcba65a455581a2a64df0c32edc - - default default] 162.253.55.62 "GET /v2.0/ports?device_id=e45a74f2-5789-42fe-a337-799c2df93367 HTTP/1.1" status: 200 len: 1172 time: 0.0920353 /var/lib/openstack/lib/python3.10/site-packages/pycadf/identifier.py:71: UserWarning: Invalid uuid: neutron. To ensure interoperability, identifiers should be a valid uuid. warnings.warn(('Invalid uuid: %s. To ensure interoperability, '
2026-04-14 06:49:27.323 10 INFO neutron.db.l3_db [req-9cd84801-5f17-4325-9ad9-d410116b9d69 req-ca5feeed-fb4e-4e67-812b-d3649d83d625 08304ae53ed649e48f386dc704a59f3c 1f6d7fcba65a455581a2a64df0c32edc - - default default] Floating IP 551ca8b4-7ffd-4916-8f63-4d67891284c9 disassociated. External IP: 10.96.250.206, port: 00c3b8c2-fcaa-4fc2-b17a-bae407d10144.
2026-04-14 06:49:27.502 10 INFO neutron.wsgi [req-9cd84801-5f17-4325-9ad9-d410116b9d69 req-ca5feeed-fb4e-4e67-812b-d3649d83d625 08304ae53ed649e48f386dc704a59f3c 1f6d7fcba65a455581a2a64df0c32edc - - default default] 162.253.55.62 "DELETE /v2.0/ports/00c3b8c2-fcaa-4fc2-b17a-bae407d10144 HTTP/1.1" status: 204 len: 173 time: 0.6791751
2026-04-14 06:49:27.635 10 INFO neutron.wsgi [req-efd03ff7-0205-42a3-aac4-f6eb327659d1 req-c2b6fb54-0a15-4b4a-895a-f9f96ab67051 08304ae53ed649e48f386dc704a59f3c 1f6d7fcba65a455581a2a64df0c32edc - - default default] 10.0.0.72 "GET /v2.0/ports?device_id=e45a74f2-5789-42fe-a337-799c2df93367 HTTP/1.1" status: 200 len: 210 time: 0.0265813 /var/lib/openstack/lib/python3.10/site-packages/pycadf/identifier.py:71: UserWarning: Invalid uuid: neutron. To ensure interoperability, identifiers should be a valid uuid. warnings.warn(('Invalid uuid: %s. To ensure interoperability, '
