2026-04-14 06:48:57.777 9 INFO neutron.plugins.ml2.drivers.ovn.mech_driver.mech_driver [None req-43508560-b61f-49c9-9d23-fd51b0189029 - - - - - -] OVN reports status up for port: e24f56f9-ba98-43f5-b0b3-6f66d01890ab
2026-04-14 06:48:57.790 9 INFO neutron.wsgi [req-7aa337ce-8eab-42bb-902e-8ae5461027d7 req-8b1e5c31-b855-4690-af14-3878ef5256fc ed6c4b7860d447bca86737bd68cb38cd fb69e347f32646b1b42ea661e99390d1 - - default default] 10.0.0.72 "GET /v2.0/security-groups?id=a25aaea9-93cf-49ca-b35d-eb896e977675&fields=id&fields=name HTTP/1.1" status: 200 len: 311 time: 0.0649767
2026-04-14 06:48:57.791 9 INFO neutron.plugins.ml2.plugin [None req-43508560-b61f-49c9-9d23-fd51b0189029 - - - - - -] Attempt 1 to provision port e24f56f9-ba98-43f5-b0b3-6f66d01890ab
2026-04-14 06:48:57.797 10 WARNING neutron.scheduler.dhcp_agent_scheduler [None req-18919c13-4095-4941-97d7-4b2a1c2a4a27 8e48e3dbd812419ca5004eea22056236 bed3f8109c6b496ab3a5d63ed409cf55 - - default default] No more DHCP agents
2026-04-14 06:48:57.805 10 WARNING neutron.api.rpc.agentnotifiers.dhcp_rpc_agent_api [None req-18919c13-4095-4941-97d7-4b2a1c2a4a27 8e48e3dbd812419ca5004eea22056236 bed3f8109c6b496ab3a5d63ed409cf55 - - default default] Unable to schedule network 0fff69c0-d12b-4996-b869-db1eefdf004d: no agents available; will retry on subsequent port and subnet creation events. /var/lib/openstack/lib/python3.10/site-packages/pycadf/identifier.py:71: UserWarning: Invalid uuid: neutron. To ensure interoperability, identifiers should be a valid uuid. warnings.warn(('Invalid uuid: %s. To ensure interoperability, ' /var/lib/openstack/lib/python3.10/site-packages/pycadf/identifier.py:71: UserWarning: Invalid uuid: neutron. To ensure interoperability, identifiers should be a valid uuid. warnings.warn(('Invalid uuid: %s. To ensure interoperability, '
2026-04-14 06:48:57.853 10 WARNING neutron.scheduler.dhcp_agent_scheduler [None req-4f3e404d-cb7c-4f49-b065-902585f0fb1d 8e48e3dbd812419ca5004eea22056236 bed3f8109c6b496ab3a5d63ed409cf55 - - default default] No more DHCP agents
2026-04-14 06:48:57.856 10 WARNING neutron.api.rpc.agentnotifiers.dhcp_rpc_agent_api [None req-4f3e404d-cb7c-4f49-b065-902585f0fb1d 8e48e3dbd812419ca5004eea22056236 bed3f8109c6b496ab3a5d63ed409cf55 - - default default] Unable to schedule network 81b26675-349c-4b38-98e5-093323be7aba: no agents available; will retry on subsequent port and subnet creation events.
2026-04-14 06:48:57.888 9 INFO neutron.wsgi [req-cd2b88d9-da50-47cd-9a4e-c1cf71820b66 req-5a3a5fb2-cb06-44f6-9e25-8dce81c8b8df ed6c4b7860d447bca86737bd68cb38cd fb69e347f32646b1b42ea661e99390d1 - - default default] 10.0.0.72 "GET /v2.0/ports?device_id=0dcfad78-e851-475c-a51c-b536dd68a195 HTTP/1.1" status: 200 len: 1174 time: 0.0398097
2026-04-14 06:48:58.089 9 INFO neutron.db.ovn_revision_numbers_db [None req-43508560-b61f-49c9-9d23-fd51b0189029 - - - - - -] Successfully bumped revision number for resource e24f56f9-ba98-43f5-b0b3-6f66d01890ab (type: ports) to 2
2026-04-14 06:48:58.172 9 INFO neutron.db.ovn_revision_numbers_db [None req-43508560-b61f-49c9-9d23-fd51b0189029 - - - - - -] Successfully bumped revision number for resource e24f56f9-ba98-43f5-b0b3-6f66d01890ab (type: router_ports) to 2
2026-04-14 06:48:58.237 10 INFO neutron.wsgi [req-b686e7ad-af51-4d45-bd95-79c1f93481ac req-139769c9-a92b-423d-a6bb-098317f8e179 8bc2ddd1742143a69ce2c1da526fbd94 0025c6db2c1b4b06ab348056129882c8 - - default default] 10.0.0.72 "GET /v2.0/ports?device_id=fafb53fb-d400-46bc-afd1-8c8290bce927 HTTP/1.1" status: 200 len: 1170 time: 0.4143219
2026-04-14 06:48:58.395 10 INFO neutron.wsgi [req-b686e7ad-af51-4d45-bd95-79c1f93481ac req-7b88bb6c-4986-4e70-984c-5e154a0fb4bd 8bc2ddd1742143a69ce2c1da526fbd94 0025c6db2c1b4b06ab348056129882c8 - - default default] 10.0.0.72 "GET /v2.0/security-groups?id=06ac7527-b85b-4ac9-a1b7-77cb48c7aa67&fields=id&fields=name HTTP/1.1" status: 200 len: 313 time: 0.1403089
2026-04-14 06:48:58.686 10 INFO neutron.db.l3_db [None req-ddc11901-6b10-4132-b74d-36de867f8e26 ed6c4b7860d447bca86737bd68cb38cd fb69e347f32646b1b42ea661e99390d1 - - default default] Floating IP a1fee61b-046f-4a97-9471-c146a4637b98 associated. External IP: 10.96.250.210, port: 9be9cdc2-0597-4342-b8e5-3c5be22b91a5.
2026-04-14 06:48:58.898 9 INFO neutron.wsgi [req-cc2605ea-f543-4355-9b45-7be2da85c325 req-12cc1359-1fcb-4cde-b076-12da518dfe5c 8bc2ddd1742143a69ce2c1da526fbd94 0025c6db2c1b4b06ab348056129882c8 - - default default] 10.0.0.72 "GET /v2.0/ports?device_id=fafb53fb-d400-46bc-afd1-8c8290bce927 HTTP/1.1" status: 200 len: 1170 time: 0.0464571
2026-04-14 06:48:58.941 9 INFO neutron.wsgi [req-cc2605ea-f543-4355-9b45-7be2da85c325 req-c5048b28-33f9-4591-b61b-e6cf80af1573 8bc2ddd1742143a69ce2c1da526fbd94 0025c6db2c1b4b06ab348056129882c8 - - default default] 10.0.0.72 "GET /v2.0/security-groups?id=06ac7527-b85b-4ac9-a1b7-77cb48c7aa67&fields=id&fields=name HTTP/1.1" status: 200 len: 313 time: 0.0370269
2026-04-14 06:48:59.006 10 INFO neutron.plugins.ml2.drivers.ovn.mech_driver.mech_driver [None req-3be24af8-912c-4216-9038-2fc1fe89e298 - - - - - -] OVN reports status down for port: c5fe56aa-47c0-48fc-a7c5-978844c82529
2026-04-14 06:48:59.184 9 INFO neutron.notifiers.nova [-] Nova event matching ['req-ab60fd9e-ec3f-4ce1-b1c6-14b0f9b9de77'] response: {'server_uuid': '0dcfad78-e851-475c-a51c-b536dd68a195', 'name': 'network-vif-plugged', 'status': 'completed', 'tag': '9be9cdc2-0597-4342-b8e5-3c5be22b91a5', 'code': 200}
2026-04-14 06:48:59.185 9 INFO neutron.notifiers.nova [-] Nova event matching ['req-ab60fd9e-ec3f-4ce1-b1c6-14b0f9b9de77'] response: {'name': 'network-changed', 'server_uuid': 'fafb53fb-d400-46bc-afd1-8c8290bce927', 'tag': 'c5fe56aa-47c0-48fc-a7c5-978844c82529', 'status': 'completed', 'code': 200}
2026-04-14 06:48:59.271 9 INFO neutron.wsgi [req-e76bf27c-cac5-4076-bb2b-36da63f1fd55 req-5849faac-8c83-42e1-b583-d9f9632a9892 8bc2ddd1742143a69ce2c1da526fbd94 0025c6db2c1b4b06ab348056129882c8 - - default default] 162.253.55.62 "GET /v2.0/ports?device_id=fafb53fb-d400-46bc-afd1-8c8290bce927 HTTP/1.1" status: 200 len: 1170 time: 0.0479815
2026-04-14 06:48:59.316 10 INFO neutron.wsgi [req-ef36e9e2-542b-4770-91e6-8a1a63b67b5e req-b19c4b52-8fc0-4eb9-b817-f8f62581c0a4 3c75dd45c996441fa726172e7c87476c 20c6709344df44d28735d48523711bad - - 50d5ba81f0dc4f2ab56814b6a00f312e 50d5ba81f0dc4f2ab56814b6a00f312e] 162.253.55.62 "GET /v2.0/ports?tenant_id=0025c6db2c1b4b06ab348056129882c8&device_id=fafb53fb-d400-46bc-afd1-8c8290bce927 HTTP/1.1" status: 200 len: 1409 time: 0.1017015
2026-04-14 06:48:59.325 10 INFO neutron.notifiers.nova [-] Nova event matching ['req-b7a0887e-c476-4dd2-b1ff-05d04331813b'] response: {'server_uuid': 'fafb53fb-d400-46bc-afd1-8c8290bce927', 'name': 'network-vif-unplugged', 'status': 'completed', 'tag': 'c5fe56aa-47c0-48fc-a7c5-978844c82529', 'code': 200}
2026-04-14 06:48:59.405 10 INFO neutron.db.ovn_revision_numbers_db [None req-ddc11901-6b10-4132-b74d-36de867f8e26 ed6c4b7860d447bca86737bd68cb38cd fb69e347f32646b1b42ea661e99390d1 - - default default] Successfully bumped revision number for resource a1fee61b-046f-4a97-9471-c146a4637b98 (type: floatingips) to 1
2026-04-14 06:48:59.519 10 INFO neutron.wsgi [req-ef36e9e2-542b-4770-91e6-8a1a63b67b5e req-1a365f72-fbd5-45cb-98a0-fd0cd7882fea 3c75dd45c996441fa726172e7c87476c 20c6709344df44d28735d48523711bad - - 50d5ba81f0dc4f2ab56814b6a00f312e 50d5ba81f0dc4f2ab56814b6a00f312e] 162.253.55.62 "GET /v2.0/networks?id=6ef58d28-9604-45c3-b633-6bbc306d7b0e HTTP/1.1" status: 200 len: 973 time: 0.1908104
2026-04-14 06:48:59.620 10 INFO neutron.wsgi [req-ef36e9e2-542b-4770-91e6-8a1a63b67b5e req-57190bb9-6244-4d3c-aa94-b9a4d571acdd 3c75dd45c996441fa726172e7c87476c 20c6709344df44d28735d48523711bad - - 50d5ba81f0dc4f2ab56814b6a00f312e 50d5ba81f0dc4f2ab56814b6a00f312e] 162.253.55.62 "GET /v2.0/floatingips?fixed_ip_address=10.100.0.7&port_id=c5fe56aa-47c0-48fc-a7c5-978844c82529 HTTP/1.1" status: 200 len: 1057 time: 0.0885308
2026-04-14 06:48:59.695 9 INFO neutron.db.l3_db [req-e76bf27c-cac5-4076-bb2b-36da63f1fd55 req-5b74052b-ad57-4408-82b2-448f247cf374 8bc2ddd1742143a69ce2c1da526fbd94 0025c6db2c1b4b06ab348056129882c8 - - default default] Floating IP 595c109f-2d68-41d3-8db1-aa36f5ccd231 disassociated. External IP: 10.96.250.217, port: c5fe56aa-47c0-48fc-a7c5-978844c82529.
2026-04-14 06:48:59.870 9 INFO neutron.wsgi [req-e76bf27c-cac5-4076-bb2b-36da63f1fd55 req-5b74052b-ad57-4408-82b2-448f247cf374 8bc2ddd1742143a69ce2c1da526fbd94 0025c6db2c1b4b06ab348056129882c8 - - default default] 162.253.55.62 "DELETE /v2.0/ports/c5fe56aa-47c0-48fc-a7c5-978844c82529 HTTP/1.1" status: 204 len: 173 time: 0.5929797
2026-04-14 06:48:59.888 10 INFO neutron.wsgi [req-ef36e9e2-542b-4770-91e6-8a1a63b67b5e req-e508a4a3-40ad-4b77-85f9-fdfcc7e8378e 3c75dd45c996441fa726172e7c87476c 20c6709344df44d28735d48523711bad - - 50d5ba81f0dc4f2ab56814b6a00f312e 50d5ba81f0dc4f2ab56814b6a00f312e] 162.253.55.62 "GET /v2.0/subnets?id=a7fac8f9-b127-4068-9554-0f41b6d1b2ec HTTP/1.1" status: 200 len: 868 time: 0.2555156
2026-04-14 06:48:59.906 10 INFO neutron.db.ovn_revision_numbers_db [None req-ddc11901-6b10-4132-b74d-36de867f8e26 ed6c4b7860d447bca86737bd68cb38cd fb69e347f32646b1b42ea661e99390d1 - - default default] Successfully bumped revision number for resource a1fee61b-046f-4a97-9471-c146a4637b98 (type: floatingips) to 2
2026-04-14 06:48:59.945 10 INFO neutron.wsgi [req-ef36e9e2-542b-4770-91e6-8a1a63b67b5e req-20f32ce5-35aa-47fc-bebd-54849545bf2b 3c75dd45c996441fa726172e7c87476c 20c6709344df44d28735d48523711bad - - 50d5ba81f0dc4f2ab56814b6a00f312e 50d5ba81f0dc4f2ab56814b6a00f312e] 162.253.55.62 "GET /v2.0/ports?network_id=6ef58d28-9604-45c3-b633-6bbc306d7b0e&device_owner=network%3Adhcp HTTP/1.1" status: 200 len: 210 time: 0.0487998
2026-04-14 06:48:59.984 10 INFO neutron.wsgi [None req-ddc11901-6b10-4132-b74d-36de867f8e26 ed6c4b7860d447bca86737bd68cb38cd fb69e347f32646b1b42ea661e99390d1 - - default default] 10.0.0.159 "PUT /v2.0/floatingips/a1fee61b-046f-4a97-9471-c146a4637b98 HTTP/1.1" status: 200 len: 1050 time: 2.0836377
2026-04-14 06:48:59.988 10 ERROR neutron.plugins.ml2.managers [None req-3be24af8-912c-4216-9038-2fc1fe89e298 - - - - - -] Mechanism driver 'ovn' failed in update_port_postcommit: ovsdbapp.backend.ovs_idl.idlutils.RowNotFound: Cannot find Logical_Switch_Port with name=c5fe56aa-47c0-48fc-a7c5-978844c82529
2026-04-14 06:48:59.988 10 ERROR neutron.plugins.ml2.managers
Traceback (most recent call last):
2026-04-14 06:48:59.988 10 ERROR neutron.plugins.ml2.managers
File "/var/lib/openstack/lib/python3.10/site-packages/neutron/plugins/ml2/managers.py", line 497, in _call_on_drivers
2026-04-14 06:48:59.988 10 ERROR neutron.plugins.ml2.managers getattr(driver.obj, method_name)(context)
2026-04-14 06:48:59.988 10 ERROR neutron.plugins.ml2.managers
File "/var/lib/openstack/lib/python3.10/site-packages/neutron/plugins/ml2/drivers/ovn/mech_driver/mech_driver.py", line 896, in update_port_postcommit
2026-04-14 06:48:59.988 10 ERROR neutron.plugins.ml2.managers self._ovn_update_port(context.plugin_context, port, original_port,
2026-04-14 06:48:59.988 10 ERROR neutron.plugins.ml2.managers
File "/var/lib/openstack/lib/python3.10/site-packages/neutron/plugins/ml2/drivers/ovn/mech_driver/mech_driver.py", line 777, in _ovn_update_port
2026-04-14 06:48:59.988 10 ERROR neutron.plugins.ml2.managers self._ovn_client.update_port(plugin_context, port,
2026-04-14 06:48:59.988 10 ERROR neutron.plugins.ml2.managers
File "/var/lib/openstack/lib/python3.10/site-packages/neutron/plugins/ml2/drivers/ovn/mech_driver/ovsdb/ovn_client.py", line 724, in update_port
2026-04-14 06:48:59.988 10 ERROR neutron.plugins.ml2.managers ovn_port = self._nb_idl.lookup('Logical_Switch_Port', port['id'])
2026-04-14 06:48:59.988 10 ERROR neutron.plugins.ml2.managers
File "/var/lib/openstack/lib/python3.10/site-packages/ovsdbapp/backend/ovs_idl/__init__.py", line 184, in lookup
2026-04-14 06:48:59.988 10 ERROR neutron.plugins.ml2.managers return self._lookup(table, record)
2026-04-14 06:48:59.988 10 ERROR neutron.plugins.ml2.managers
File "/var/lib/openstack/lib/python3.10/site-packages/ovsdbapp/backend/ovs_idl/__init__.py", line 235, in _lookup
2026-04-14 06:48:59.988 10 ERROR neutron.plugins.ml2.managers row = idlutils.row_by_value(self, rl.table, rl.column, record)
2026-04-14 06:48:59.988 10 ERROR neutron.plugins.ml2.managers
File "/var/lib/openstack/lib/python3.10/site-packages/ovsdbapp/backend/ovs_idl/idlutils.py", line 114, in row_by_value
2026-04-14 06:48:59.988 10 ERROR neutron.plugins.ml2.managers raise RowNotFound(table=table, col=column, match=match)
2026-04-14 06:48:59.988 10 ERROR neutron.plugins.ml2.managers ovsdbapp.backend.ovs_idl.idlutils.RowNotFound: Cannot find Logical_Switch_Port with name=c5fe56aa-47c0-48fc-a7c5-978844c82529
2026-04-14 06:48:59.988 10 ERROR neutron.plugins.ml2.managers 
2026-04-14 06:49:00.053 10 ERROR ovsdbapp.backend.ovs_idl.command [None req-3be24af8-912c-4216-9038-2fc1fe89e298 - - - - - -] Error executing command (LspGetUpCommand): ovsdbapp.backend.ovs_idl.idlutils.RowNotFound: Cannot find Logical_Switch_Port with name=c5fe56aa-47c0-48fc-a7c5-978844c82529
2026-04-14 06:49:00.053 10 ERROR ovsdbapp.backend.ovs_idl.command
Traceback (most recent call last):
2026-04-14 06:49:00.053 10 ERROR ovsdbapp.backend.ovs_idl.command
File "/var/lib/openstack/lib/python3.10/site-packages/ovsdbapp/backend/ovs_idl/command.py", line 47, in execute
2026-04-14 06:49:00.053 10 ERROR ovsdbapp.backend.ovs_idl.command self.run_idl(None)
2026-04-14 06:49:00.053 10 ERROR ovsdbapp.backend.ovs_idl.command
File "/var/lib/openstack/lib/python3.10/site-packages/ovsdbapp/schema/ovn_northbound/commands.py", line 672, in run_idl
2026-04-14 06:49:00.053 10 ERROR ovsdbapp.backend.ovs_idl.command lsp = self.api.lookup('Logical_Switch_Port', self.port)
2026-04-14 06:49:00.053 10 ERROR ovsdbapp.backend.ovs_idl.command
File "/var/lib/openstack/lib/python3.10/site-packages/ovsdbapp/backend/ovs_idl/__init__.py", line 184, in lookup
2026-04-14 06:49:00.053 10 ERROR ovsdbapp.backend.ovs_idl.command return self._lookup(table, record)
2026-04-14 06:49:00.053 10 ERROR ovsdbapp.backend.ovs_idl.command
File "/var/lib/openstack/lib/python3.10/site-packages/ovsdbapp/backend/ovs_idl/__init__.py", line 235, in _lookup
2026-04-14 06:49:00.053 10 ERROR ovsdbapp.backend.ovs_idl.command row = idlutils.row_by_value(self, rl.table, rl.column, record)
2026-04-14 06:49:00.053 10 ERROR ovsdbapp.backend.ovs_idl.command
File "/var/lib/openstack/lib/python3.10/site-packages/ovsdbapp/backend/ovs_idl/idlutils.py", line 114, in row_by_value
2026-04-14 06:49:00.053 10 ERROR ovsdbapp.backend.ovs_idl.command raise RowNotFound(table=table, col=column, match=match)
2026-04-14 06:49:00.053 10 ERROR ovsdbapp.backend.ovs_idl.command ovsdbapp.backend.ovs_idl.idlutils.RowNotFound: Cannot find Logical_Switch_Port with name=c5fe56aa-47c0-48fc-a7c5-978844c82529
2026-04-14 06:49:00.053 10 ERROR ovsdbapp.backend.ovs_idl.command 
2026-04-14 06:49:00.054 10 ERROR ovsdbapp.event [None req-3be24af8-912c-4216-9038-2fc1fe89e298 - - - - - -] Unexpected exception in notify_loop: ovsdbapp.backend.ovs_idl.idlutils.RowNotFound: Cannot find Logical_Switch_Port with name=c5fe56aa-47c0-48fc-a7c5-978844c82529
2026-04-14 06:49:00.054 10 ERROR ovsdbapp.event
Traceback (most recent call last):
2026-04-14 06:49:00.054 10 ERROR ovsdbapp.event
File "/var/lib/openstack/lib/python3.10/site-packages/ovsdbapp/event.py", line 177, in notify_loop
2026-04-14 06:49:00.054 10 ERROR ovsdbapp.event match.run(event, row, updates)
2026-04-14 06:49:00.054 10 ERROR ovsdbapp.event
File "/var/lib/openstack/lib/python3.10/site-packages/neutron/plugins/ml2/drivers/ovn/mech_driver/ovsdb/ovsdb_monitor.py", line 543, in run
2026-04-14 06:49:00.054 10 ERROR ovsdbapp.event self.driver.set_port_status_down(row.name)
2026-04-14 06:49:00.054 10 ERROR ovsdbapp.event
File "/var/lib/openstack/lib/python3.10/site-packages/neutron/plugins/ml2/drivers/ovn/mech_driver/mech_driver.py", line 1241, in set_port_status_down
2026-04-14 06:49:00.054 10 ERROR ovsdbapp.event self._ovn_client.update_lsp_host_info(
2026-04-14 06:49:00.054 10 ERROR ovsdbapp.event
File "/var/lib/openstack/lib/python3.10/site-packages/neutron/plugins/ml2/drivers/ovn/mech_driver/ovsdb/ovn_client.py", line 297, in update_lsp_host_info
2026-04-14 06:49:00.054 10 ERROR ovsdbapp.event port_up = self._nb_idl.lsp_get_up(db_port.id).execute(
2026-04-14 06:49:00.054 10 ERROR ovsdbapp.event
File "/var/lib/openstack/lib/python3.10/site-packages/ovsdbapp/backend/ovs_idl/command.py", line 47, in execute
2026-04-14 06:49:00.054 10 ERROR ovsdbapp.event self.run_idl(None)
2026-04-14 06:49:00.054 10 ERROR ovsdbapp.event
File "/var/lib/openstack/lib/python3.10/site-packages/ovsdbapp/schema/ovn_northbound/commands.py", line 672, in run_idl
2026-04-14 06:49:00.054 10 ERROR ovsdbapp.event lsp = self.api.lookup('Logical_Switch_Port', self.port)
2026-04-14 06:49:00.054 10 ERROR ovsdbapp.event
File "/var/lib/openstack/lib/python3.10/site-packages/ovsdbapp/backend/ovs_idl/__init__.py", line 184, in lookup
2026-04-14 06:49:00.054 10 ERROR ovsdbapp.event return self._lookup(table, record)
2026-04-14 06:49:00.054 10 ERROR ovsdbapp.event
File "/var/lib/openstack/lib/python3.10/site-packages/ovsdbapp/backend/ovs_idl/__init__.py", line 235, in _lookup
2026-04-14 06:49:00.054 10 ERROR ovsdbapp.event row = idlutils.row_by_value(self, rl.table, rl.column, record)
2026-04-14 06:49:00.054 10 ERROR ovsdbapp.event
File "/var/lib/openstack/lib/python3.10/site-packages/ovsdbapp/backend/ovs_idl/idlutils.py", line 114, in row_by_value
2026-04-14 06:49:00.054 10 ERROR ovsdbapp.event raise RowNotFound(table=table, col=column, match=match)
2026-04-14 06:49:00.054 10 ERROR ovsdbapp.event ovsdbapp.backend.ovs_idl.idlutils.RowNotFound: Cannot find Logical_Switch_Port with name=c5fe56aa-47c0-48fc-a7c5-978844c82529
2026-04-14 06:49:00.054 10 ERROR ovsdbapp.event 
2026-04-14 06:49:00.071 9 INFO neutron.wsgi [req-9e153456-a14d-4b7d-b587-acea581ecd5c req-4c874616-7122-4a4c-aa1b-7e5726981df8 ed6c4b7860d447bca86737bd68cb38cd fb69e347f32646b1b42ea661e99390d1 - - default default] 10.0.0.72 "GET /v2.0/ports?device_id=0dcfad78-e851-475c-a51c-b536dd68a195 HTTP/1.1" status: 200 len: 1174 time: 0.0406311
2026-04-14 06:49:00.093 10 INFO neutron.wsgi [req-5b59ae0d-90ab-4457-a185-6267808deca6 req-8b2eb151-dbe9-4d03-a712-1c3d4c1e55f4 8bc2ddd1742143a69ce2c1da526fbd94 0025c6db2c1b4b06ab348056129882c8 - - default default] 10.0.0.72 "GET /v2.0/ports?device_id=fafb53fb-d400-46bc-afd1-8c8290bce927 HTTP/1.1" status: 200 len: 210 time: 0.0722704
2026-04-14 06:49:00.115 9 INFO neutron.wsgi [req-9e153456-a14d-4b7d-b587-acea581ecd5c req-8b5c1594-482b-46e5-9a02-f8bf92363052 ed6c4b7860d447bca86737bd68cb38cd fb69e347f32646b1b42ea661e99390d1 - - default default] 10.0.0.72 "GET /v2.0/security-groups?id=a25aaea9-93cf-49ca-b35d-eb896e977675&fields=id&fields=name HTTP/1.1" status: 200 len: 311 time: 0.0352809
2026-04-14 06:49:00.132 10 INFO neutron.wsgi [req-ef36e9e2-542b-4770-91e6-8a1a63b67b5e req-89e9216b-1a64-491a-9250-416f4177dddf 3c75dd45c996441fa726172e7c87476c 20c6709344df44d28735d48523711bad - - 50d5ba81f0dc4f2ab56814b6a00f312e 50d5ba81f0dc4f2ab56814b6a00f312e] 162.253.55.62 "GET /v2.0/networks/6ef58d28-9604-45c3-b633-6bbc306d7b0e?fields=segments HTTP/1.1" status: 200 len: 212 time: 0.1643870 /var/lib/openstack/lib/python3.10/site-packages/pycadf/identifier.py:71: UserWarning: Invalid uuid: neutron. To ensure interoperability, identifiers should be a valid uuid. warnings.warn(('Invalid uuid: %s. To ensure interoperability, '
2026-04-14 06:49:00.263 10 INFO neutron.wsgi [req-ef36e9e2-542b-4770-91e6-8a1a63b67b5e req-fe986750-efd7-4265-ac35-05eb7f5c2672 3c75dd45c996441fa726172e7c87476c 20c6709344df44d28735d48523711bad - - 50d5ba81f0dc4f2ab56814b6a00f312e 50d5ba81f0dc4f2ab56814b6a00f312e] 162.253.55.62 "GET /v2.0/networks/6ef58d28-9604-45c3-b633-6bbc306d7b0e?fields=provider%3Aphysical_network&fields=provider%3Anetwork_type HTTP/1.1" status: 200 len: 277 time: 0.1158943
2026-04-14 06:49:00.333 10 INFO neutron.wsgi [None req-18919c13-4095-4941-97d7-4b2a1c2a4a27 8e48e3dbd812419ca5004eea22056236 bed3f8109c6b496ab3a5d63ed409cf55 - - default default] 10.0.0.159 "PUT /v2.0/routers/2a61f0ae-b031-46df-ba75-dba78316e734/add_router_interface HTTP/1.1" status: 200 len: 503 time: 5.8144047
2026-04-14 06:49:00.346 10 INFO neutron.db.ovn_revision_numbers_db [None req-4f3e404d-cb7c-4f49-b065-902585f0fb1d 8e48e3dbd812419ca5004eea22056236 bed3f8109c6b496ab3a5d63ed409cf55 - - default default] Successfully bumped revision number for resource 4826865a-79e3-42c9-9aa9-e19b1a2ac41c (type: router_ports) to 1
2026-04-14 06:49:00.350 10 INFO neutron.wsgi [None req-4f3e404d-cb7c-4f49-b065-902585f0fb1d 8e48e3dbd812419ca5004eea22056236 bed3f8109c6b496ab3a5d63ed409cf55 - - default default] 10.0.0.159 "PUT /v2.0/routers/5c4d9387-871d-494a-b813-738b6966274d/add_router_interface HTTP/1.1" status: 200 len: 503 time: 5.8641047
2026-04-14 06:49:00.531 10 INFO neutron.wsgi [req-677b5448-f15e-4b49-89c8-8fad3ad5652f req-7af3a874-3d7b-450a-a4ec-bc574b8e7cc1 ed6c4b7860d447bca86737bd68cb38cd fb69e347f32646b1b42ea661e99390d1 - - default default] 10.0.0.72 "GET /v2.0/ports?device_id=0dcfad78-e851-475c-a51c-b536dd68a195 HTTP/1.1" status: 200 len: 1174 time: 0.0401981
2026-04-14 06:49:00.595 10 INFO neutron.wsgi [req-677b5448-f15e-4b49-89c8-8fad3ad5652f req-a3653cd7-a12e-4144-aa49-f12adab2b277 ed6c4b7860d447bca86737bd68cb38cd fb69e347f32646b1b42ea661e99390d1 - - default default] 10.0.0.72 "GET /v2.0/security-groups?id=a25aaea9-93cf-49ca-b35d-eb896e977675&fields=id&fields=name HTTP/1.1" status: 200 len: 311 time: 0.0562315
2026-04-14 06:49:00.868 9 WARNING neutron_lib.context [None req-40ae6211-97be-4327-80fb-1ab0a290336b 40f7cf4cf1704afeafdd52994ecee08b d5b69169f9a143eb8c8e97cca066c52c - - default default] Method 'is_advsvc' is deprecated since 2023.2 release (neutron-lib 3.8.0) and will be removed once support for the old RBAC API policies will be removed from Neutron. Please use method 'is_service_role' instead.
2026-04-14 06:49:00.893 10 INFO neutron.wsgi [req-738f1859-fbca-4892-b78f-d5e7198c084b req-6b892ba9-ef21-4ebd-ad6a-1fca20ea3336 ed6c4b7860d447bca86737bd68cb38cd fb69e347f32646b1b42ea661e99390d1 - - default default] 162.253.55.62 "GET /v2.0/ports?device_id=0dcfad78-e851-475c-a51c-b536dd68a195 HTTP/1.1" status: 200 len: 1174 time: 0.0432777
2026-04-14 06:49:01.001 9 INFO neutron.db.ovn_revision_numbers_db [None req-40ae6211-97be-4327-80fb-1ab0a290336b 40f7cf4cf1704afeafdd52994ecee08b d5b69169f9a143eb8c8e97cca066c52c - - default default] Successfully bumped revision number for resource 793d2829-3d12-4a9e-9159-f7c44588218a (type: security_groups) to 1
2026-04-14 06:49:01.016 9 INFO neutron.db.ovn_revision_numbers_db [None req-40ae6211-97be-4327-80fb-1ab0a290336b 40f7cf4cf1704afeafdd52994ecee08b d5b69169f9a143eb8c8e97cca066c52c - - default default] Successfully bumped revision number for resource 4bbbfea6-3b3f-442c-89a0-60c8fe90000d (type: security_group_rules) to 0
2026-04-14 06:49:01.033 9 INFO neutron.db.ovn_revision_numbers_db [None req-40ae6211-97be-4327-80fb-1ab0a290336b 40f7cf4cf1704afeafdd52994ecee08b d5b69169f9a143eb8c8e97cca066c52c - - default default] Successfully bumped revision number for resource e5273935-5fe0-4998-bb74-b5dd4c2d7a3a (type: security_group_rules) to 0
2026-04-14 06:49:01.065 9 INFO neutron.wsgi [None req-40ae6211-97be-4327-80fb-1ab0a290336b 40f7cf4cf1704afeafdd52994ecee08b d5b69169f9a143eb8c8e97cca066c52c - - default default] 10.0.0.159 "POST /v2.0/security-groups HTTP/1.1" status: 201 len: 1797 time: 0.2059290
2026-04-14 06:49:01.077 9 WARNING neutron_lib.context [None req-ac335bdd-d724-4298-8805-c0cd2de2eb95 40f7cf4cf1704afeafdd52994ecee08b d5b69169f9a143eb8c8e97cca066c52c - - default default] Method 'is_advsvc' is deprecated since 2023.2 release (neutron-lib 3.8.0) and will be removed once support for the old RBAC API policies will be removed from Neutron. Please use method 'is_service_role' instead.
2026-04-14 06:49:01.230 9 INFO neutron.notifiers.nova [-] Nova event matching ['req-aa023056-2554-4220-b7d1-6167ac2583a7'] response: {'server_uuid': 'fafb53fb-d400-46bc-afd1-8c8290bce927', 'name': 'network-vif-deleted', 'tag': 'c5fe56aa-47c0-48fc-a7c5-978844c82529', 'status': 'completed', 'code': 200}
2026-04-14 06:49:01.246 9 INFO neutron.db.ovn_revision_numbers_db [None req-ac335bdd-d724-4298-8805-c0cd2de2eb95 40f7cf4cf1704afeafdd52994ecee08b d5b69169f9a143eb8c8e97cca066c52c - - default default] Successfully bumped revision number for resource 69fa5959-e0fd-4260-bca1-78e4c103f347 (type: security_group_rules) to 0
2026-04-14 06:49:01.260 10 INFO neutron.wsgi [req-63de5672-adf1-4a9e-8af9-5ff596878649 req-91f1b100-f877-48e9-a157-008ae82eca80 aa891b05be3c4269a9a79d59c5aded88 df63082258be439797f69a2a8b96bf98 - - default default] 10.0.0.72 "GET /v2.0/networks?id=81b26675-349c-4b38-98e5-093323be7aba HTTP/1.1" status: 200 len: 877 time: 0.0965986
2026-04-14 06:49:01.280 9 INFO neutron.wsgi [None req-ac335bdd-d724-4298-8805-c0cd2de2eb95 40f7cf4cf1704afeafdd52994ecee08b d5b69169f9a143eb8c8e97cca066c52c - - default default] 10.0.0.159 "POST /v2.0/security-group-rules HTTP/1.1" status: 201 len: 764 time: 0.2088037
2026-04-14 06:49:01.290 10 INFO neutron.wsgi [req-63de5672-adf1-4a9e-8af9-5ff596878649 req-77b686a7-f07c-4d40-a4e1-05acfeda4f87 aa891b05be3c4269a9a79d59c5aded88 df63082258be439797f69a2a8b96bf98 - - default default] 10.0.0.72 "GET /v2.0/quotas/df63082258be439797f69a2a8b96bf98 HTTP/1.1" status: 200 len: 386 time: 0.0202274
2026-04-14 06:49:01.293 9 WARNING neutron_lib.context [None req-3a9a9ca2-3c07-44d0-83ca-6bad8dad8e43 40f7cf4cf1704afeafdd52994ecee08b d5b69169f9a143eb8c8e97cca066c52c - - default default] Method 'is_advsvc' is deprecated since 2023.2 release (neutron-lib 3.8.0) and will be removed once support for the old RBAC API policies will be removed from Neutron. Please use method 'is_service_role' instead.
2026-04-14 06:49:01.309 10 INFO neutron.db.l3_db [req-738f1859-fbca-4892-b78f-d5e7198c084b req-98c5e6e0-8999-46ca-9124-c23ff2cce2be ed6c4b7860d447bca86737bd68cb38cd fb69e347f32646b1b42ea661e99390d1 - - default default] Floating IP a1fee61b-046f-4a97-9471-c146a4637b98 disassociated. External IP: 10.96.250.210, port: 9be9cdc2-0597-4342-b8e5-3c5be22b91a5.
2026-04-14 06:49:01.351 9 INFO neutron.wsgi [None req-aae09669-9bd9-42ba-b327-e4c7bd63520d 8bc2ddd1742143a69ce2c1da526fbd94 0025c6db2c1b4b06ab348056129882c8 - - default default] 10.0.0.159 "DELETE /v2.0/security-groups/06ac7527-b85b-4ac9-a1b7-77cb48c7aa67 HTTP/1.1" status: 204 len: 168 time: 0.1694307
2026-04-14 06:49:01.372 9 INFO neutron.api.v2.resource [None req-a3dd8ea3-8d56-4e0b-bd08-c715396d8c55 8bc2ddd1742143a69ce2c1da526fbd94 0025c6db2c1b4b06ab348056129882c8 - - default default] show failed (client error): The resource could not be found.
2026-04-14 06:49:01.374 9 INFO neutron.wsgi [None req-a3dd8ea3-8d56-4e0b-bd08-c715396d8c55 8bc2ddd1742143a69ce2c1da526fbd94 0025c6db2c1b4b06ab348056129882c8 - - default default] 10.0.0.159 "GET /v2.0/security-groups/06ac7527-b85b-4ac9-a1b7-77cb48c7aa67 HTTP/1.1" status: 404 len: 347 time: 0.0171371
2026-04-14 06:49:01.383 10 INFO neutron.notifiers.nova [-] Nova event matching ['req-62c801a7-8c54-4862-be0c-f38f78aff775'] response: {'name': 'network-changed', 'server_uuid': '0dcfad78-e851-475c-a51c-b536dd68a195', 'tag': '9be9cdc2-0597-4342-b8e5-3c5be22b91a5', 'status': 'completed', 'code': 200}
2026-04-14 06:49:01.383 10 INFO neutron.notifiers.nova [-] Nova event matching ['req-62c801a7-8c54-4862-be0c-f38f78aff775'] response: {'server_uuid': 'fafb53fb-d400-46bc-afd1-8c8290bce927', 'name': 'network-vif-plugged', 'status': 'completed', 'tag': 'c5fe56aa-47c0-48fc-a7c5-978844c82529', 'code': 200}
2026-04-14 06:49:01.466 10 INFO neutron.wsgi [req-63de5672-adf1-4a9e-8af9-5ff596878649 req-792da2c3-8e62-4712-b82f-dc4ce9620f01 aa891b05be3c4269a9a79d59c5aded88 df63082258be439797f69a2a8b96bf98 - - default default] 10.0.0.72 "GET /v2.0/ports?tenant_id=df63082258be439797f69a2a8b96bf98&fields=id HTTP/1.1" status: 200 len: 302 time: 0.1650231
2026-04-14 06:49:01.466 9 INFO neutron.wsgi [req-6b4dd3ca-a22e-4218-8a69-c5ed958ca7f5 req-e197d739-ab76-4c53-b315-d3d6ab0b8c35 3c75dd45c996441fa726172e7c87476c 20c6709344df44d28735d48523711bad - - 50d5ba81f0dc4f2ab56814b6a00f312e 50d5ba81f0dc4f2ab56814b6a00f312e] 162.253.55.62 "GET /v2.0/ports?tenant_id=fb69e347f32646b1b42ea661e99390d1&device_id=0dcfad78-e851-475c-a51c-b536dd68a195 HTTP/1.1" status: 200 len: 1413 time: 0.0651560
2026-04-14 06:49:01.546 9 INFO neutron.db.ovn_revision_numbers_db [None req-3a9a9ca2-3c07-44d0-83ca-6bad8dad8e43 40f7cf4cf1704afeafdd52994ecee08b d5b69169f9a143eb8c8e97cca066c52c - - default default] Successfully bumped revision number for resource 4f1f066c-acbe-46c7-b1b7-1a7b22e9e708 (type: security_group_rules) to 0
2026-04-14 06:49:01.567 10 INFO neutron.wsgi [req-63de5672-adf1-4a9e-8af9-5ff596878649 req-98df19ee-6fa8-48cb-9edb-3da8dbcfed34 3c75dd45c996441fa726172e7c87476c 20c6709344df44d28735d48523711bad - - 50d5ba81f0dc4f2ab56814b6a00f312e 50d5ba81f0dc4f2ab56814b6a00f312e] 10.0.0.72 "GET /v2.0/networks/81b26675-349c-4b38-98e5-093323be7aba?fields=segments HTTP/1.1" status: 200 len: 212 time: 0.0917459
2026-04-14 06:49:01.585 9 INFO neutron.wsgi [req-6b4dd3ca-a22e-4218-8a69-c5ed958ca7f5 req-3aa74b03-b094-4378-91a9-616d0baf79a0 3c75dd45c996441fa726172e7c87476c 20c6709344df44d28735d48523711bad - - 50d5ba81f0dc4f2ab56814b6a00f312e 50d5ba81f0dc4f2ab56814b6a00f312e] 162.253.55.62 "GET /v2.0/networks?id=57e9d5ee-17d4-4707-9a36-edf2cef49445 HTTP/1.1" status: 200 len: 978 time: 0.1134081
2026-04-14 06:49:01.595 9 INFO neutron.wsgi [None req-3a9a9ca2-3c07-44d0-83ca-6bad8dad8e43 40f7cf4cf1704afeafdd52994ecee08b d5b69169f9a143eb8c8e97cca066c52c - - default default] 10.0.0.159 "POST /v2.0/security-group-rules HTTP/1.1" status: 201 len: 769 time: 0.3074269
2026-04-14 06:49:01.603 10 INFO neutron.wsgi [req-738f1859-fbca-4892-b78f-d5e7198c084b req-98c5e6e0-8999-46ca-9124-c23ff2cce2be ed6c4b7860d447bca86737bd68cb38cd fb69e347f32646b1b42ea661e99390d1 - - default default] 162.253.55.62 "DELETE /v2.0/ports/9be9cdc2-0597-4342-b8e5-3c5be22b91a5 HTTP/1.1" status: 204 len: 173 time: 0.7065582
2026-04-14 06:49:01.612 9 WARNING neutron_lib.context [None req-5feb6cc8-a44f-4cb1-b922-f2eb0b6c4c6a 40f7cf4cf1704afeafdd52994ecee08b d5b69169f9a143eb8c8e97cca066c52c - - default default] Method 'is_advsvc' is deprecated since 2023.2 release (neutron-lib 3.8.0) and will be removed once support for the old RBAC API policies will be removed from Neutron. Please use method 'is_service_role' instead.
2026-04-14 06:49:01.626 9 INFO neutron.wsgi [req-6b4dd3ca-a22e-4218-8a69-c5ed958ca7f5 req-363bf654-6aef-48e0-9aaf-82fa9e21011b 3c75dd45c996441fa726172e7c87476c 20c6709344df44d28735d48523711bad - - 50d5ba81f0dc4f2ab56814b6a00f312e 50d5ba81f0dc4f2ab56814b6a00f312e] 162.253.55.62 "GET /v2.0/floatingips?fixed_ip_address=10.100.0.11&port_id=9be9cdc2-0597-4342-b8e5-3c5be22b91a5 HTTP/1.1" status: 200 len: 217 time: 0.0307934
2026-04-14 06:49:01.635 10 INFO neutron.wsgi [req-63de5672-adf1-4a9e-8af9-5ff596878649 req-a2b2b845-464a-42fb-bbe9-51e11df16a60 3c75dd45c996441fa726172e7c87476c 20c6709344df44d28735d48523711bad - - 50d5ba81f0dc4f2ab56814b6a00f312e 50d5ba81f0dc4f2ab56814b6a00f312e] 10.0.0.72 "GET /v2.0/networks/81b26675-349c-4b38-98e5-093323be7aba?fields=provider%3Aphysical_network&fields=provider%3Anetwork_type HTTP/1.1" status: 200 len: 277 time: 0.0585966
2026-04-14 06:49:01.696 9 INFO neutron.wsgi [req-6b4dd3ca-a22e-4218-8a69-c5ed958ca7f5 req-f93791cb-4cac-4c96-a7c7-3235dc5cccfa 3c75dd45c996441fa726172e7c87476c 20c6709344df44d28735d48523711bad - - 50d5ba81f0dc4f2ab56814b6a00f312e 50d5ba81f0dc4f2ab56814b6a00f312e] 162.253.55.62 "GET /v2.0/subnets?id=aaf6321b-43f6-43ee-939d-1a27577fe398 HTTP/1.1" status: 200 len: 873 time: 0.0640190
2026-04-14 06:49:01.715 9 INFO neutron.wsgi [req-0219e86c-367c-44c7-a067-f23125a3048a req-d8807b70-dd54-49e3-9a40-18f6bd693026 ed6c4b7860d447bca86737bd68cb38cd fb69e347f32646b1b42ea661e99390d1 - - default default] 10.0.0.72 "GET /v2.0/ports?device_id=0dcfad78-e851-475c-a51c-b536dd68a195 HTTP/1.1" status: 200 len: 210 time: 0.0399656
2026-04-14 06:49:01.753 9 INFO neutron.wsgi [req-6b4dd3ca-a22e-4218-8a69-c5ed958ca7f5 req-b45bf9d8-f5b9-462c-a8e8-1f0b06150b84 3c75dd45c996441fa726172e7c87476c 20c6709344df44d28735d48523711bad - - 50d5ba81f0dc4f2ab56814b6a00f312e 50d5ba81f0dc4f2ab56814b6a00f312e] 162.253.55.62 "GET /v2.0/ports?network_id=57e9d5ee-17d4-4707-9a36-edf2cef49445&device_owner=network%3Adhcp HTTP/1.1" status: 200 len: 210 time: 0.0487468
2026-04-14 06:49:01.798 10 INFO neutron.wsgi [req-3ac6b417-9525-4ea9-945c-f186a7863c01 req-35416cd2-fc3b-4910-821e-1a1e95d1c76e aa891b05be3c4269a9a79d59c5aded88 df63082258be439797f69a2a8b96bf98 - - default default] 10.0.0.72 "GET /v2.0/ports?device_id=c3c4084a-2988-426d-8ebe-a231ac987c85 HTTP/1.1" status: 200 len: 210 time: 0.0257785
2026-04-14 06:49:01.862 9 INFO neutron.wsgi [req-6b4dd3ca-a22e-4218-8a69-c5ed958ca7f5 req-75928448-7e21-476d-950a-b447d4153fe3 3c75dd45c996441fa726172e7c87476c 20c6709344df44d28735d48523711bad - - 50d5ba81f0dc4f2ab56814b6a00f312e 50d5ba81f0dc4f2ab56814b6a00f312e] 162.253.55.62 "GET /v2.0/networks/57e9d5ee-17d4-4707-9a36-edf2cef49445?fields=segments HTTP/1.1" status: 200 len: 212 time: 0.0965059
2026-04-14 06:49:02.001 9 INFO neutron.wsgi [req-6b4dd3ca-a22e-4218-8a69-c5ed958ca7f5 req-2ff4de8f-78c8-4951-86ee-08fd7819d331 3c75dd45c996441fa726172e7c87476c 20c6709344df44d28735d48523711bad - - 50d5ba81f0dc4f2ab56814b6a00f312e 50d5ba81f0dc4f2ab56814b6a00f312e] 162.253.55.62 "GET /v2.0/networks/57e9d5ee-17d4-4707-9a36-edf2cef49445?fields=provider%3Aphysical_network&fields=provider%3Anetwork_type HTTP/1.1" status: 200 len: 277 time: 0.1313827
2026-04-14 06:49:02.045 9 INFO neutron.wsgi [None req-17da2af6-ee2f-408e-bef8-2309d4282935 8bc2ddd1742143a69ce2c1da526fbd94 0025c6db2c1b4b06ab348056129882c8 - - default default] 10.0.0.159 "DELETE /v2.0/floatingips/595c109f-2d68-41d3-8db1-aa36f5ccd231 HTTP/1.1" status: 204 len: 168 time: 0.6666605
2026-04-14 06:49:02.347 9 WARNING neutron.scheduler.dhcp_agent_scheduler [None req-5feb6cc8-a44f-4cb1-b922-f2eb0b6c4c6a 40f7cf4cf1704afeafdd52994ecee08b d5b69169f9a143eb8c8e97cca066c52c - - default default] No more DHCP agents
2026-04-14 06:49:02.350 9 WARNING neutron.api.rpc.agentnotifiers.dhcp_rpc_agent_api [None req-5feb6cc8-a44f-4cb1-b922-f2eb0b6c4c6a 40f7cf4cf1704afeafdd52994ecee08b d5b69169f9a143eb8c8e97cca066c52c - - default default] Unable to schedule network 889f5795-88d7-46f7-9c2f-28e66ef80dff: no agents available; will retry on subsequent port and subnet creation events.
2026-04-14 06:49:02.698 9 INFO neutron.wsgi [req-63de5672-adf1-4a9e-8af9-5ff596878649 req-8f9f5958-52c0-4fca-b9be-4cf27aff1e10 aa891b05be3c4269a9a79d59c5aded88 df63082258be439797f69a2a8b96bf98 - - default default] 162.253.55.62 "GET /v2.0/networks?id=81b26675-349c-4b38-98e5-093323be7aba HTTP/1.1" status: 200 len: 877 time: 0.1025555
2026-04-14 06:49:02.712 9 WARNING neutron_lib.context [req-63de5672-adf1-4a9e-8af9-5ff596878649 req-f24b4973-72ee-43b6-977f-25b3dfebc470 aa891b05be3c4269a9a79d59c5aded88 df63082258be439797f69a2a8b96bf98 - - default default] Method 'is_advsvc' is deprecated since 2023.2 release (neutron-lib 3.8.0) and will be removed once support for the old RBAC API policies will be removed from Neutron. Please use method 'is_service_role' instead.
2026-04-14 06:49:02.919 9 INFO neutron.wsgi [req-721ed6fd-58d3-430e-8951-a023bfb9c2a2 req-e31e34e6-8d7d-4be5-a09a-9cf8e07a563f aa891b05be3c4269a9a79d59c5aded88 df63082258be439797f69a2a8b96bf98 - - default default] 10.0.0.72 "GET /v2.0/ports?device_id=c3c4084a-2988-426d-8ebe-a231ac987c85 HTTP/1.1" status: 200 len: 210 time: 0.0309246
2026-04-14 06:49:02.927 9 INFO neutron.db.ovn_revision_numbers_db [None req-5feb6cc8-a44f-4cb1-b922-f2eb0b6c4c6a 40f7cf4cf1704afeafdd52994ecee08b d5b69169f9a143eb8c8e97cca066c52c - - default default] Successfully bumped revision number for resource dcdeb0b6-c10c-4b26-b939-ecea1d125033 (type: floatingips) to 0
2026-04-14 06:49:02.966 9 INFO neutron.wsgi [None req-5feb6cc8-a44f-4cb1-b922-f2eb0b6c4c6a 40f7cf4cf1704afeafdd52994ecee08b d5b69169f9a143eb8c8e97cca066c52c - - default default] 10.0.0.159 "POST /v2.0/floatingips HTTP/1.1" status: 201 len: 751 time: 1.3615324
2026-04-14 06:49:02.979 10 INFO neutron.wsgi [None req-b14fdfc9-5383-40e9-ae8d-1cc891ef28fb ed6c4b7860d447bca86737bd68cb38cd fb69e347f32646b1b42ea661e99390d1 - - default default] 10.0.0.159 "DELETE /v2.0/security-groups/a25aaea9-93cf-49ca-b35d-eb896e977675 HTTP/1.1" status: 204 len: 168 time: 0.1524999
2026-04-14 06:49:02.996 10 INFO neutron.api.v2.resource [None req-e833206a-1c13-4304-a955-c66b69eb3b12 ed6c4b7860d447bca86737bd68cb38cd fb69e347f32646b1b42ea661e99390d1 - - default default] show failed (client error): The resource could not be found.
2026-04-14 06:49:02.998 10 INFO neutron.wsgi [None req-e833206a-1c13-4304-a955-c66b69eb3b12 ed6c4b7860d447bca86737bd68cb38cd fb69e347f32646b1b42ea661e99390d1 - - default default] 10.0.0.159 "GET /v2.0/security-groups/a25aaea9-93cf-49ca-b35d-eb896e977675 HTTP/1.1" status: 404 len: 347 time: 0.0127141
2026-04-14 06:49:03.254 9 WARNING neutron.scheduler.dhcp_agent_scheduler [req-63de5672-adf1-4a9e-8af9-5ff596878649 req-f24b4973-72ee-43b6-977f-25b3dfebc470 aa891b05be3c4269a9a79d59c5aded88 df63082258be439797f69a2a8b96bf98 - - default default] No more DHCP agents
2026-04-14 06:49:03.259 9 WARNING neutron.api.rpc.agentnotifiers.dhcp_rpc_agent_api [req-63de5672-adf1-4a9e-8af9-5ff596878649 req-f24b4973-72ee-43b6-977f-25b3dfebc470 aa891b05be3c4269a9a79d59c5aded88 df63082258be439797f69a2a8b96bf98 - - default default] Unable to schedule network 81b26675-349c-4b38-98e5-093323be7aba: no agents available; will retry on subsequent port and subnet creation events.
2026-04-14 06:49:03.340 10 INFO neutron.wsgi [None req-4b34b4d6-3f67-4e99-810f-ff9cff0c7e77 ed6c4b7860d447bca86737bd68cb38cd fb69e347f32646b1b42ea661e99390d1 - - default default] 10.0.0.159 "DELETE /v2.0/floatingips/a1fee61b-046f-4a97-9471-c146a4637b98 HTTP/1.1" status: 204 len: 168 time: 0.3379974
2026-04-14 06:49:03.419 10 INFO neutron.notifiers.nova [-] Nova event matching ['req-063e6ae7-1086-4185-870e-31c69276675b'] response: {'server_uuid': '0dcfad78-e851-475c-a51c-b536dd68a195', 'name': 'network-vif-deleted', 'tag': '9be9cdc2-0597-4342-b8e5-3c5be22b91a5', 'status': 'completed', 'code': 200}
2026-04-14 06:49:03.507 9 INFO neutron.db.ovn_revision_numbers_db [req-63de5672-adf1-4a9e-8af9-5ff596878649 req-f24b4973-72ee-43b6-977f-25b3dfebc470 aa891b05be3c4269a9a79d59c5aded88 df63082258be439797f69a2a8b96bf98 - - default default] Successfully bumped revision number for resource a62cfbb0-b36b-44a2-9d59-38def4ce253a (type: ports) to 1
2026-04-14 06:49:03.546 9 INFO neutron.wsgi [req-63de5672-adf1-4a9e-8af9-5ff596878649 req-f24b4973-72ee-43b6-977f-25b3dfebc470 aa891b05be3c4269a9a79d59c5aded88 df63082258be439797f69a2a8b96bf98 - - default default] 162.253.55.62 "POST /v2.0/ports HTTP/1.1" status: 201 len: 1158 time: 0.8411822 /var/lib/openstack/lib/python3.10/site-packages/pycadf/identifier.py:71: UserWarning: Invalid uuid: neutron. To ensure interoperability, identifiers should be a valid uuid. warnings.warn(('Invalid uuid: %s. To ensure interoperability, '
2026-04-14 06:49:03.743 10 INFO neutron.wsgi [req-4f869d2d-9522-4e23-afbf-10ab56c3273b req-9e469b0c-6523-453a-8d4c-12b5b03760f3 40f7cf4cf1704afeafdd52994ecee08b d5b69169f9a143eb8c8e97cca066c52c - - default default] 10.0.0.72 "GET /v2.0/security-groups?name=tempest-securitygroup--1214085160&fields=id&tenant_id=d5b69169f9a143eb8c8e97cca066c52c HTTP/1.1" status: 200 len: 267 time: 0.2924809
2026-04-14 06:49:03.854 10 INFO neutron.wsgi [req-4f869d2d-9522-4e23-afbf-10ab56c3273b req-196d132c-ad99-4e54-838f-b5075cc548dc 40f7cf4cf1704afeafdd52994ecee08b d5b69169f9a143eb8c8e97cca066c52c - - default default] 10.0.0.72 "GET /v2.0/networks?id=0fff69c0-d12b-4996-b869-db1eefdf004d HTTP/1.1" status: 200 len: 883 time: 0.0954113
2026-04-14 06:49:03.882 10 INFO neutron.wsgi [req-4f869d2d-9522-4e23-afbf-10ab56c3273b req-1311480a-6cd8-4cec-a7a9-0e2f20f7984e 40f7cf4cf1704afeafdd52994ecee08b d5b69169f9a143eb8c8e97cca066c52c - - default default] 10.0.0.72 "GET /v2.0/quotas/d5b69169f9a143eb8c8e97cca066c52c HTTP/1.1" status: 200 len: 386 time: 0.0140405
2026-04-14 06:49:03.955 9 WARNING neutron.plugins.ml2.drivers.ovn.mech_driver.ovsdb.ovn_client [None req-43508560-b61f-49c9-9d23-fd51b0189029 - - - - - -] No hosting information found for port e24f56f9-ba98-43f5-b0b3-6f66d01890ab: RuntimeError: No hosting information found for port e24f56f9-ba98-43f5-b0b3-6f66d01890ab
2026-04-14 06:49:03.956 9 INFO neutron.plugins.ml2.drivers.ovn.mech_driver.mech_driver [None req-43508560-b61f-49c9-9d23-fd51b0189029 - - - - - -] OVN reports status up for port: 4826865a-79e3-42c9-9aa9-e19b1a2ac41c
2026-04-14 06:49:03.971 9 INFO neutron.plugins.ml2.plugin [None req-43508560-b61f-49c9-9d23-fd51b0189029 - - - - - -] Attempt 1 to provision port 4826865a-79e3-42c9-9aa9-e19b1a2ac41c
2026-04-14 06:49:03.995 10 INFO neutron.wsgi [req-4f869d2d-9522-4e23-afbf-10ab56c3273b req-43b5443f-4077-412c-ae12-761237d4cf39 40f7cf4cf1704afeafdd52994ecee08b d5b69169f9a143eb8c8e97cca066c52c - - default default] 10.0.0.72 "GET /v2.0/ports?tenant_id=d5b69169f9a143eb8c8e97cca066c52c&fields=id HTTP/1.1" status: 200 len: 302 time: 0.1032887
2026-04-14 06:49:04.081 10 INFO neutron.wsgi [req-4f869d2d-9522-4e23-afbf-10ab56c3273b req-2adad105-842d-4bc8-8795-9d131f7230f6 3c75dd45c996441fa726172e7c87476c 20c6709344df44d28735d48523711bad - - 50d5ba81f0dc4f2ab56814b6a00f312e 50d5ba81f0dc4f2ab56814b6a00f312e] 10.0.0.72 "GET /v2.0/networks/0fff69c0-d12b-4996-b869-db1eefdf004d?fields=segments HTTP/1.1" status: 200 len: 212 time: 0.0682898
2026-04-14 06:49:04.163 10 INFO neutron.wsgi [req-4f869d2d-9522-4e23-afbf-10ab56c3273b req-69032782-9603-49f9-9115-c6b2318aef57 3c75dd45c996441fa726172e7c87476c 20c6709344df44d28735d48523711bad - - 50d5ba81f0dc4f2ab56814b6a00f312e 50d5ba81f0dc4f2ab56814b6a00f312e] 10.0.0.72 "GET /v2.0/networks/0fff69c0-d12b-4996-b869-db1eefdf004d?fields=provider%3Aphysical_network&fields=provider%3Anetwork_type HTTP/1.1" status: 200 len: 277 time: 0.0715837
2026-04-14 06:49:04.305 10 INFO neutron.wsgi [req-91bc1490-6f4d-4407-8785-590a7fde2fc6 req-17d96a5e-b283-494f-967e-9442b976a861 40f7cf4cf1704afeafdd52994ecee08b d5b69169f9a143eb8c8e97cca066c52c - - default default] 10.0.0.72 "GET /v2.0/ports?device_id=ee38430d-4ef3-41c8-b31f-e735c0f66df1 HTTP/1.1" status: 200 len: 210 time: 0.0307443
2026-04-14 06:49:04.441 9 INFO neutron.wsgi [req-733b7abf-3097-4fbc-8613-b2a369d42d2b req-8a9ceb9f-749b-492f-9aaf-66065469c1fb aa891b05be3c4269a9a79d59c5aded88 df63082258be439797f69a2a8b96bf98 - - default default] 10.0.0.72 "GET /v2.0/ports?device_id=c3c4084a-2988-426d-8ebe-a231ac987c85 HTTP/1.1" status: 200 len: 1168 time: 0.4610188 /var/lib/openstack/lib/python3.10/site-packages/pycadf/identifier.py:71: UserWarning: Invalid uuid: neutron. To ensure interoperability, identifiers should be a valid uuid. warnings.warn(('Invalid uuid: %s. To ensure interoperability, '
2026-04-14 06:49:04.534 9 INFO neutron.wsgi [req-733b7abf-3097-4fbc-8613-b2a369d42d2b req-9d100af5-de14-4338-9794-7305f6164a05 aa891b05be3c4269a9a79d59c5aded88 df63082258be439797f69a2a8b96bf98 - - default default] 10.0.0.72 "GET /v2.0/security-groups?id=41e7d681-ae77-4745-9eef-7fa91502d460&fields=id&fields=name HTTP/1.1" status: 200 len: 286 time: 0.0834713
2026-04-14 06:49:04.633 9 INFO neutron.wsgi [None req-fb212aa7-b4b2-4849-a654-d6bd3db545de 8e48e3dbd812419ca5004eea22056236 bed3f8109c6b496ab3a5d63ed409cf55 - - default default] 10.0.0.159 "PUT /v2.0/routers/983a2113-659e-45f8-a3d6-b1994b9506b2/remove_router_interface HTTP/1.1" status: 200 len: 503 time: 2.5821350
2026-04-14 06:49:04.635 9 INFO neutron.db.ovn_revision_numbers_db [req-63de5672-adf1-4a9e-8af9-5ff596878649 req-6f97220d-97ef-41cb-8ade-3551bb26b5b9 3c75dd45c996441fa726172e7c87476c 20c6709344df44d28735d48523711bad - - 50d5ba81f0dc4f2ab56814b6a00f312e 50d5ba81f0dc4f2ab56814b6a00f312e] Successfully bumped revision number for resource a62cfbb0-b36b-44a2-9d59-38def4ce253a (type: ports) to 2 /var/lib/openstack/lib/python3.10/site-packages/pycadf/identifier.py:71: UserWarning: Invalid uuid: neutron. To ensure interoperability, identifiers should be a valid uuid. warnings.warn(('Invalid uuid: %s. To ensure interoperability, '
2026-04-14 06:49:04.865 9 INFO neutron.db.ovn_revision_numbers_db [None req-43508560-b61f-49c9-9d23-fd51b0189029 - - - - - -] Successfully bumped revision number for resource 4826865a-79e3-42c9-9aa9-e19b1a2ac41c (type: ports) to 2
2026-04-14 06:49:05.069 9 INFO neutron.db.ovn_revision_numbers_db [None req-43508560-b61f-49c9-9d23-fd51b0189029 - - - - - -] Successfully bumped revision number for resource 4826865a-79e3-42c9-9aa9-e19b1a2ac41c (type: router_ports) to 2
2026-04-14 06:49:05.080 10 INFO neutron.wsgi [None req-6634fd83-8531-4c1c-b0ad-db4d60cb8128 8e48e3dbd812419ca5004eea22056236 bed3f8109c6b496ab3a5d63ed409cf55 - - default default] 10.0.0.159 "PUT /v2.0/routers/751ba8b7-62f2-4382-a34b-ccc6a81583ef/remove_router_interface HTTP/1.1" status: 200 len: 503 time: 1.7341516 /var/lib/openstack/lib/python3.10/site-packages/pycadf/identifier.py:71: UserWarning: Invalid uuid: neutron. To ensure interoperability, identifiers should be a valid uuid. warnings.warn(('Invalid uuid: %s. To ensure interoperability, '
2026-04-14 06:49:05.118 10 INFO neutron.wsgi [req-4f869d2d-9522-4e23-afbf-10ab56c3273b req-e0686d46-f705-481b-a6f6-3a845e82f0e6 40f7cf4cf1704afeafdd52994ecee08b d5b69169f9a143eb8c8e97cca066c52c - - default default] 162.253.55.62 "GET /v2.0/networks?id=0fff69c0-d12b-4996-b869-db1eefdf004d HTTP/1.1" status: 200 len: 883 time: 0.1337955
2026-04-14 06:49:05.132 9 INFO neutron.db.ovn_revision_numbers_db [req-63de5672-adf1-4a9e-8af9-5ff596878649 req-6f97220d-97ef-41cb-8ade-3551bb26b5b9 3c75dd45c996441fa726172e7c87476c 20c6709344df44d28735d48523711bad - - 50d5ba81f0dc4f2ab56814b6a00f312e 50d5ba81f0dc4f2ab56814b6a00f312e] Successfully bumped revision number for resource a62cfbb0-b36b-44a2-9d59-38def4ce253a (type: ports) to 2
2026-04-14 06:49:05.169 9 INFO neutron.wsgi [req-63de5672-adf1-4a9e-8af9-5ff596878649 req-6f97220d-97ef-41cb-8ade-3551bb26b5b9 3c75dd45c996441fa726172e7c87476c 20c6709344df44d28735d48523711bad - - 50d5ba81f0dc4f2ab56814b6a00f312e 50d5ba81f0dc4f2ab56814b6a00f312e] 162.253.55.62 "PUT /v2.0/ports/a62cfbb0-b36b-44a2-9d59-38def4ce253a HTTP/1.1" status: 200 len: 1376 time: 1.6132379
2026-04-14 06:49:05.207 9 INFO neutron.notifiers.nova [-] Nova event matching ['req-ce1143c9-cf78-4432-9d02-db3d251cb806'] response: {'name': 'network-changed', 'server_uuid': 'c3c4084a-2988-426d-8ebe-a231ac987c85', 'tag': 'a62cfbb0-b36b-44a2-9d59-38def4ce253a', 'status': 'completed', 'code': 200}
2026-04-14 06:49:05.207 10 INFO neutron.wsgi [req-4f869d2d-9522-4e23-afbf-10ab56c3273b req-e555cf6c-f523-47ab-8163-4dabb262018a 40f7cf4cf1704afeafdd52994ecee08b d5b69169f9a143eb8c8e97cca066c52c - - default default] 162.253.55.62 "GET /v2.0/security-groups?fields=id&fields=name&tenant_id=d5b69169f9a143eb8c8e97cca066c52c HTTP/1.1" status: 200 len: 380 time: 0.0666521
2026-04-14 06:49:05.251 10 WARNING neutron_lib.context [req-4f869d2d-9522-4e23-afbf-10ab56c3273b req-752cec51-6980-495c-a6d2-2b403f15532b 40f7cf4cf1704afeafdd52994ecee08b d5b69169f9a143eb8c8e97cca066c52c - - default default] Method 'is_advsvc' is deprecated since 2023.2 release (neutron-lib 3.8.0) and will be removed once support for the old RBAC API policies will be removed from Neutron. Please use method 'is_service_role' instead. /var/lib/openstack/lib/python3.10/site-packages/pycadf/identifier.py:71: UserWarning: Invalid uuid: neutron. To ensure interoperability, identifiers should be a valid uuid. warnings.warn(('Invalid uuid: %s. To ensure interoperability, '
2026-04-14 06:49:05.335 9 INFO neutron.wsgi [req-0e06325e-5f10-46b6-98ee-b8b41ece2a7f req-e9eb01d3-52a5-4e51-aa2b-fe4e889e49d5 3c75dd45c996441fa726172e7c87476c 20c6709344df44d28735d48523711bad - - 50d5ba81f0dc4f2ab56814b6a00f312e 50d5ba81f0dc4f2ab56814b6a00f312e] 162.253.55.62 "GET /v2.0/ports?tenant_id=df63082258be439797f69a2a8b96bf98&device_id=c3c4084a-2988-426d-8ebe-a231ac987c85 HTTP/1.1" status: 200 len: 1407 time: 0.0731974
2026-04-14 06:49:05.449 9 INFO neutron.wsgi [req-060b9035-e90d-4dfa-b41c-44c2f754f7f2 req-a7ab9d5f-21f7-45ce-ad15-472e1a9fece3 40f7cf4cf1704afeafdd52994ecee08b d5b69169f9a143eb8c8e97cca066c52c - - default default] 10.0.0.72 "GET /v2.0/ports?device_id=ee38430d-4ef3-41c8-b31f-e735c0f66df1 HTTP/1.1" status: 200 len: 210 time: 0.0717092
2026-04-14 06:49:05.514 9 INFO neutron.wsgi [req-0e06325e-5f10-46b6-98ee-b8b41ece2a7f req-98c5d6bd-0b20-4c87-84bb-4579f05a58c2 3c75dd45c996441fa726172e7c87476c 20c6709344df44d28735d48523711bad - - 50d5ba81f0dc4f2ab56814b6a00f312e 50d5ba81f0dc4f2ab56814b6a00f312e] 162.253.55.62 "GET /v2.0/networks?tenant_id=df63082258be439797f69a2a8b96bf98&shared=False HTTP/1.1" status: 200 len: 976 time: 0.1733482
2026-04-14 06:49:05.641 9 INFO neutron.wsgi [req-0e06325e-5f10-46b6-98ee-b8b41ece2a7f req-e12b0903-c633-4ba2-975f-d5e99617ea8b 3c75dd45c996441fa726172e7c87476c 20c6709344df44d28735d48523711bad - - 50d5ba81f0dc4f2ab56814b6a00f312e 50d5ba81f0dc4f2ab56814b6a00f312e] 162.253.55.62 "GET /v2.0/networks?shared=True HTTP/1.1" status: 200 len: 952 time: 0.1167262
2026-04-14 06:49:05.712 10 INFO neutron.wsgi [req-093909a0-8694-465c-8eee-f956e6c46c52 req-11e69882-4397-4808-ba72-96344eca861c aa891b05be3c4269a9a79d59c5aded88 df63082258be439797f69a2a8b96bf98 - - default default] 10.0.0.72 "GET /v2.0/ports?device_id=c3c4084a-2988-426d-8ebe-a231ac987c85 HTTP/1.1" status: 200 len: 1168 time: 0.0636497
