2026-04-14 06:48:40.401 9 INFO neutron.db.ovn_revision_numbers_db [req-e286ce25-c5c4-4641-8fcf-d73ce0bec1ec req-0078e988-f65a-40c6-b77d-8ca56e99e22a 4a5d8fd4e5de4435a75ee725705b39ff 01c2c720ea724b658085e038debb6b25 - - default default] Successfully bumped revision number for resource 5c6406e6-1e2b-476b-87d2-30823741a319 (type: security_group_rules) to 0
2026-04-14 06:48:40.419 9 INFO neutron.db.ovn_revision_numbers_db [None req-77f49a91-ffdd-4e53-bbc4-596beb35bce9 - - - - - -] Successfully bumped revision number for resource 9d6fecc2-5334-46e5-9341-d8cc7e48f69f (type: ports) to 1
2026-04-14 06:48:40.424 9 INFO neutron.db.ovn_revision_numbers_db [req-e286ce25-c5c4-4641-8fcf-d73ce0bec1ec req-0078e988-f65a-40c6-b77d-8ca56e99e22a 4a5d8fd4e5de4435a75ee725705b39ff 01c2c720ea724b658085e038debb6b25 - - default default] Successfully bumped revision number for resource 9233c970-ee2d-4f69-afc5-3da4fa8bf862 (type: security_group_rules) to 0
2026-04-14 06:48:40.437 10 INFO neutron.db.ovn_revision_numbers_db [None req-53d307b9-453d-443b-8f86-c4eb0e63587b ed6c4b7860d447bca86737bd68cb38cd fb69e347f32646b1b42ea661e99390d1 - - default default] Successfully bumped revision number for resource a13f4e46-5d61-4562-b5d6-5e007c946630 (type: security_group_rules) to 0
2026-04-14 06:48:40.445 9 INFO neutron.wsgi [req-e286ce25-c5c4-4641-8fcf-d73ce0bec1ec req-0078e988-f65a-40c6-b77d-8ca56e99e22a 4a5d8fd4e5de4435a75ee725705b39ff 01c2c720ea724b658085e038debb6b25 - - default default] 10.0.0.72 "POST /v2.0/security-groups HTTP/1.1" status: 201 len: 1822 time: 0.2532325
2026-04-14 06:48:40.485 10 WARNING neutron.scheduler.dhcp_agent_scheduler [None req-72493171-ca9e-45fc-a640-26c57d312de7 8e48e3dbd812419ca5004eea22056236 bed3f8109c6b496ab3a5d63ed409cf55 - - default default] No more DHCP agents
2026-04-14 06:48:40.492 10 WARNING neutron.api.rpc.agentnotifiers.dhcp_rpc_agent_api [None req-72493171-ca9e-45fc-a640-26c57d312de7 8e48e3dbd812419ca5004eea22056236 bed3f8109c6b496ab3a5d63ed409cf55 - - default default] Unable to schedule network 6ef58d28-9604-45c3-b633-6bbc306d7b0e: no agents available; will retry on subsequent port and subnet creation events.
2026-04-14 06:48:40.506 10 INFO neutron.wsgi [None req-53d307b9-453d-443b-8f86-c4eb0e63587b ed6c4b7860d447bca86737bd68cb38cd fb69e347f32646b1b42ea661e99390d1 - - default default] 10.0.0.159 "POST /v2.0/security-group-rules HTTP/1.1" status: 201 len: 764 time: 0.3785510
2026-04-14 06:48:40.515 10 WARNING neutron_lib.context [None req-799f247f-c649-41e4-84c2-505206413853 ed6c4b7860d447bca86737bd68cb38cd fb69e347f32646b1b42ea661e99390d1 - - default default] Method 'is_advsvc' is deprecated since 2023.2 release (neutron-lib 3.8.0) and will be removed once support for the old RBAC API policies will be removed from Neutron. Please use method 'is_service_role' instead.
2026-04-14 06:48:40.533 9 INFO neutron.wsgi [req-fbcca7bd-36b2-42e1-a998-8b11dc9d4ede req-fedbd92e-5bbb-4ca9-aba5-022000ba9d68 4a5d8fd4e5de4435a75ee725705b39ff 01c2c720ea724b658085e038debb6b25 - - default default] 10.0.0.72 "GET /v2.0/security-groups?tenant_id=01c2c720ea724b658085e038debb6b25 HTTP/1.1" status: 200 len: 7793 time: 0.0575666
2026-04-14 06:48:40.599 9 INFO neutron.wsgi [req-fbcca7bd-36b2-42e1-a998-8b11dc9d4ede req-c6315299-8543-4e81-9ff4-4f5dcec3a8d1 4a5d8fd4e5de4435a75ee725705b39ff 01c2c720ea724b658085e038debb6b25 - - default default] 10.0.0.72 "GET /v2.0/security-groups/5312fa70-3428-46e3-9b99-045dc8e59abb HTTP/1.1" status: 200 len: 2994 time: 0.0567904
2026-04-14 06:48:40.624 10 INFO neutron.db.ovn_revision_numbers_db [req-495d1df6-2107-45d2-af5d-92142ab54cbd req-fc2c10a7-03a3-451d-b92b-7aecd1e9872d cf40e41bfa154741b78958111cb6ac1f 3111a3a87093427683b0e9557dbb5537 - - default default] Successfully bumped revision number for resource 4c60b960-0811-49e4-ae24-458ac4a8f79e (type: security_group_rules) to 0
2026-04-14 06:48:40.669 10 INFO neutron.wsgi [req-495d1df6-2107-45d2-af5d-92142ab54cbd req-fc2c10a7-03a3-451d-b92b-7aecd1e9872d cf40e41bfa154741b78958111cb6ac1f 3111a3a87093427683b0e9557dbb5537 - - default default] 10.0.0.72 "POST /v2.0/security-group-rules HTTP/1.1" status: 201 len: 786 time: 0.3633184
2026-04-14 06:48:40.676 9 INFO neutron.wsgi [req-fbcca7bd-36b2-42e1-a998-8b11dc9d4ede req-da71b193-3141-41b6-8591-88201b594375 4a5d8fd4e5de4435a75ee725705b39ff 01c2c720ea724b658085e038debb6b25 - - default default] 10.0.0.72 "GET /v2.0/security-groups/5312fa70-3428-46e3-9b99-045dc8e59abb HTTP/1.1" status: 200 len: 2994 time: 0.0709195
2026-04-14 06:48:40.683 10 INFO neutron.db.ovn_revision_numbers_db [None req-72493171-ca9e-45fc-a640-26c57d312de7 8e48e3dbd812419ca5004eea22056236 bed3f8109c6b496ab3a5d63ed409cf55 - - default default] Successfully bumped revision number for resource 7ed6c5ea-d4d0-4c87-83b6-85388f221021 (type: ports) to 1
2026-04-14 06:48:40.711 9 WARNING neutron_lib.context [req-4cc14425-87d0-4bc0-ae99-f98cee29b387 req-9e05ac4f-5e70-4138-a3bc-ff5e0925dfef cf40e41bfa154741b78958111cb6ac1f 3111a3a87093427683b0e9557dbb5537 - - default default] Method 'is_advsvc' is deprecated since 2023.2 release (neutron-lib 3.8.0) and will be removed once support for the old RBAC API policies will be removed from Neutron. Please use method 'is_service_role' instead.
2026-04-14 06:48:40.744 9 INFO neutron.db.ovn_revision_numbers_db [None req-77f49a91-ffdd-4e53-bbc4-596beb35bce9 - - - - - -] Successfully bumped revision number for resource 9d6fecc2-5334-46e5-9341-d8cc7e48f69f (type: router_ports) to 3
2026-04-14 06:48:40.759 10 INFO neutron.wsgi [req-6abd0ee8-8426-4c16-a8ff-9ae0954bd267 req-8c9dc985-9225-49d2-afbc-71219722be29 4a5d8fd4e5de4435a75ee725705b39ff 01c2c720ea724b658085e038debb6b25 - - default default] 10.0.0.72 "GET /v2.0/security-groups/399abe2a-59ce-4a24-b358-95adc536f482 HTTP/1.1" status: 200 len: 1816 time: 0.0522425
2026-04-14 06:48:40.760 10 INFO neutron.db.ovn_revision_numbers_db [None req-799f247f-c649-41e4-84c2-505206413853 ed6c4b7860d447bca86737bd68cb38cd fb69e347f32646b1b42ea661e99390d1 - - default default] Successfully bumped revision number for resource eb25ea14-c970-4310-811c-a3b5809f9799 (type: security_group_rules) to 0
2026-04-14 06:48:40.805 10 INFO neutron.wsgi [None req-799f247f-c649-41e4-84c2-505206413853 ed6c4b7860d447bca86737bd68cb38cd fb69e347f32646b1b42ea661e99390d1 - - default default] 10.0.0.159 "POST /v2.0/security-group-rules HTTP/1.1" status: 201 len: 769 time: 0.2946782
2026-04-14 06:48:40.820 10 WARNING neutron_lib.context [None req-22c4d686-2de1-418b-91a3-42a20f7edcee ed6c4b7860d447bca86737bd68cb38cd fb69e347f32646b1b42ea661e99390d1 - - default default] Method 'is_advsvc' is deprecated since 2023.2 release (neutron-lib 3.8.0) and will be removed once support for the old RBAC API policies will be removed from Neutron. Please use method 'is_service_role' instead.
2026-04-14 06:48:40.878 9 INFO neutron.db.ovn_revision_numbers_db [req-4cc14425-87d0-4bc0-ae99-f98cee29b387 req-9e05ac4f-5e70-4138-a3bc-ff5e0925dfef cf40e41bfa154741b78958111cb6ac1f 3111a3a87093427683b0e9557dbb5537 - - default default] Successfully bumped revision number for resource 5765a2ae-e998-4487-8d8f-e4b570a89bf0 (type: security_groups) to 1
2026-04-14 06:48:40.896 9 INFO neutron.db.ovn_revision_numbers_db [req-4cc14425-87d0-4bc0-ae99-f98cee29b387 req-9e05ac4f-5e70-4138-a3bc-ff5e0925dfef cf40e41bfa154741b78958111cb6ac1f 3111a3a87093427683b0e9557dbb5537 - - default default] Successfully bumped revision number for resource 944bbd9d-5101-46fb-ae58-8dcc4734fa8a (type: security_group_rules) to 0
2026-04-14 06:48:40.899 9 INFO neutron.db.ovn_revision_numbers_db [None req-77f49a91-ffdd-4e53-bbc4-596beb35bce9 - - - - - -] Successfully bumped revision number for resource 9d6fecc2-5334-46e5-9341-d8cc7e48f69f (type: ports) to 2
2026-04-14 06:48:40.912 9 INFO neutron.db.ovn_revision_numbers_db [req-4cc14425-87d0-4bc0-ae99-f98cee29b387 req-9e05ac4f-5e70-4138-a3bc-ff5e0925dfef cf40e41bfa154741b78958111cb6ac1f 3111a3a87093427683b0e9557dbb5537 - - default default] Successfully bumped revision number for resource fb630978-4670-4c94-aecd-4e693707a1a6 (type: security_group_rules) to 0
2026-04-14 06:48:40.940 9 INFO neutron.wsgi [req-4cc14425-87d0-4bc0-ae99-f98cee29b387 req-9e05ac4f-5e70-4138-a3bc-ff5e0925dfef cf40e41bfa154741b78958111cb6ac1f 3111a3a87093427683b0e9557dbb5537 - - default default] 10.0.0.72 "POST /v2.0/security-groups HTTP/1.1" status: 201 len: 1827 time: 0.2352140
2026-04-14 06:48:41.004 9 INFO neutron.wsgi [req-3f337d91-4c04-4955-8441-c9ff6cbf30f6 req-5bd400e4-24e2-42a8-b1a3-0584d4c5aaf8 cf40e41bfa154741b78958111cb6ac1f 3111a3a87093427683b0e9557dbb5537 - - default default] 10.0.0.72 "GET /v2.0/security-groups/5765a2ae-e998-4487-8d8f-e4b570a89bf0 HTTP/1.1" status: 200 len: 1822 time: 0.0423064
2026-04-14 06:48:41.019 10 INFO neutron.wsgi [req-6abd0ee8-8426-4c16-a8ff-9ae0954bd267 req-7fb1f106-a062-4aeb-87e2-0f3d7ad31a40 4a5d8fd4e5de4435a75ee725705b39ff 01c2c720ea724b658085e038debb6b25 - - default default] 10.0.0.72 "DELETE /v2.0/security-groups/399abe2a-59ce-4a24-b358-95adc536f482 HTTP/1.1" status: 204 len: 173 time: 0.2523510
2026-04-14 06:48:41.033 9 WARNING neutron_lib.context [req-3f337d91-4c04-4955-8441-c9ff6cbf30f6 req-2a50a5eb-673e-44b1-86d1-8704ff7800db cf40e41bfa154741b78958111cb6ac1f 3111a3a87093427683b0e9557dbb5537 - - default default] Method 'is_advsvc' is deprecated since 2023.2 release (neutron-lib 3.8.0) and will be removed once support for the old RBAC API policies will be removed from Neutron. Please use method 'is_service_role' instead.
2026-04-14 06:48:41.066 10 INFO neutron.api.v2.resource [req-6e2489ee-2ef9-4106-901c-28a373ea6831 req-34184773-a513-4e55-b189-7a8e77d32b61 4a5d8fd4e5de4435a75ee725705b39ff 01c2c720ea724b658085e038debb6b25 - - default default] show failed (client error): The resource could not be found.
2026-04-14 06:48:41.067 10 INFO neutron.wsgi [req-6e2489ee-2ef9-4106-901c-28a373ea6831 req-34184773-a513-4e55-b189-7a8e77d32b61 4a5d8fd4e5de4435a75ee725705b39ff 01c2c720ea724b658085e038debb6b25 - - default default] 10.0.0.72 "GET /v2.0/security-groups/399abe2a-59ce-4a24-b358-95adc536f482 HTTP/1.1" status: 404 len: 352 time: 0.0287879
2026-04-14 06:48:41.159 10 INFO neutron.wsgi [req-fca3befb-34db-431a-b605-e12d7de86f9e req-f536a604-0ae6-415e-90c2-86d0c53a45fc 4a5d8fd4e5de4435a75ee725705b39ff 01c2c720ea724b658085e038debb6b25 - - default default] 10.0.0.72 "GET /v2.0/security-groups/baa46862-a34a-460c-9c83-854b49b43a7b HTTP/1.1" status: 200 len: 1817 time: 0.0670316
2026-04-14 06:48:41.223 9 INFO neutron.db.ovn_revision_numbers_db [None req-77f49a91-ffdd-4e53-bbc4-596beb35bce9 - - - - - -] Successfully bumped revision number for resource 9d6fecc2-5334-46e5-9341-d8cc7e48f69f (type: ports) to 4
2026-04-14 06:48:41.227 9 INFO neutron.db.ovn_revision_numbers_db [req-3f337d91-4c04-4955-8441-c9ff6cbf30f6 req-2a50a5eb-673e-44b1-86d1-8704ff7800db cf40e41bfa154741b78958111cb6ac1f 3111a3a87093427683b0e9557dbb5537 - - default default] Successfully bumped revision number for resource 765ba43c-9db5-4daa-9a16-76c7992359cc (type: security_group_rules) to 0
2026-04-14 06:48:41.269 9 INFO neutron.wsgi [req-3f337d91-4c04-4955-8441-c9ff6cbf30f6 req-2a50a5eb-673e-44b1-86d1-8704ff7800db cf40e41bfa154741b78958111cb6ac1f 3111a3a87093427683b0e9557dbb5537 - - default default] 10.0.0.72 "POST /v2.0/security-group-rules HTTP/1.1" status: 201 len: 786 time: 0.2537608
2026-04-14 06:48:41.345 9 INFO neutron.wsgi [req-1031987b-4bd9-40da-818c-a99e4224c94e req-607c8a99-2383-4c38-a51d-bf4a24e9c9b8 cf40e41bfa154741b78958111cb6ac1f 3111a3a87093427683b0e9557dbb5537 - - default default] 10.0.0.72 "GET /v2.0/security-groups/5765a2ae-e998-4487-8d8f-e4b570a89bf0 HTTP/1.1" status: 200 len: 2415 time: 0.0475199
2026-04-14 06:48:41.361 9 WARNING neutron_lib.context [req-1031987b-4bd9-40da-818c-a99e4224c94e req-28f886b9-0b6f-4c71-bbfb-e534cfe9aac1 cf40e41bfa154741b78958111cb6ac1f 3111a3a87093427683b0e9557dbb5537 - - default default] Method 'is_advsvc' is deprecated since 2023.2 release (neutron-lib 3.8.0) and will be removed once support for the old RBAC API policies will be removed from Neutron. Please use method 'is_service_role' instead.
2026-04-14 06:48:41.408 10 WARNING neutron.scheduler.dhcp_agent_scheduler [None req-22c4d686-2de1-418b-91a3-42a20f7edcee ed6c4b7860d447bca86737bd68cb38cd fb69e347f32646b1b42ea661e99390d1 - - default default] No more DHCP agents
2026-04-14 06:48:41.413 10 WARNING neutron.api.rpc.agentnotifiers.dhcp_rpc_agent_api [None req-22c4d686-2de1-418b-91a3-42a20f7edcee ed6c4b7860d447bca86737bd68cb38cd fb69e347f32646b1b42ea661e99390d1 - - default default] Unable to schedule network 889f5795-88d7-46f7-9c2f-28e66ef80dff: no agents available; will retry on subsequent port and subnet creation events.
2026-04-14 06:48:41.488 9 INFO neutron.db.ovn_revision_numbers_db [None req-77f49a91-ffdd-4e53-bbc4-596beb35bce9 - - - - - -] Successfully bumped revision number for resource 9d6fecc2-5334-46e5-9341-d8cc7e48f69f (type: router_ports) to 4
2026-04-14 06:48:41.517 9 INFO neutron.db.ovn_revision_numbers_db [req-1031987b-4bd9-40da-818c-a99e4224c94e req-28f886b9-0b6f-4c71-bbfb-e534cfe9aac1 cf40e41bfa154741b78958111cb6ac1f 3111a3a87093427683b0e9557dbb5537 - - default default] Successfully bumped revision number for resource d6975c08-a8c2-4777-abe4-bd3220067fb9 (type: security_group_rules) to 0
2026-04-14 06:48:41.543 10 INFO neutron.wsgi [req-fca3befb-34db-431a-b605-e12d7de86f9e req-5764d7d1-ba3b-41aa-b676-d93d8f73d525 4a5d8fd4e5de4435a75ee725705b39ff 01c2c720ea724b658085e038debb6b25 - - default default] 10.0.0.72 "DELETE /v2.0/security-groups/baa46862-a34a-460c-9c83-854b49b43a7b HTTP/1.1" status: 204 len: 173 time: 0.3744042
2026-04-14 06:48:41.544 10 INFO neutron.db.ovn_revision_numbers_db [None req-72493171-ca9e-45fc-a640-26c57d312de7 8e48e3dbd812419ca5004eea22056236 bed3f8109c6b496ab3a5d63ed409cf55 - - default default] Successfully bumped revision number for resource 7ed6c5ea-d4d0-4c87-83b6-85388f221021 (type: router_ports) to 1
2026-04-14 06:48:41.544 9 INFO neutron.wsgi [req-1031987b-4bd9-40da-818c-a99e4224c94e req-28f886b9-0b6f-4c71-bbfb-e534cfe9aac1 cf40e41bfa154741b78958111cb6ac1f 3111a3a87093427683b0e9557dbb5537 - - default default] 10.0.0.72 "POST /v2.0/security-group-rules HTTP/1.1" status: 201 len: 791 time: 0.1896269
2026-04-14 06:48:41.582 10 INFO neutron.api.v2.resource [req-57a5b646-0dfc-4d52-9774-9ac491de249d req-a22475e7-112a-403e-8da7-1ddcabb83a75 4a5d8fd4e5de4435a75ee725705b39ff 01c2c720ea724b658085e038debb6b25 - - default default] show failed (client error): The resource could not be found.
2026-04-14 06:48:41.583 10 INFO neutron.wsgi [req-57a5b646-0dfc-4d52-9774-9ac491de249d req-a22475e7-112a-403e-8da7-1ddcabb83a75 4a5d8fd4e5de4435a75ee725705b39ff 01c2c720ea724b658085e038debb6b25 - - default default] 10.0.0.72 "GET /v2.0/security-groups/baa46862-a34a-460c-9c83-854b49b43a7b HTTP/1.1" status: 404 len: 352 time: 0.0167038
2026-04-14 06:48:41.611 9 INFO neutron.wsgi [req-74096cda-01a1-4744-838c-7b6f457784e2 req-67fdb7c4-a65b-4721-ace6-5b76a20f0c6e cf40e41bfa154741b78958111cb6ac1f 3111a3a87093427683b0e9557dbb5537 - - default default] 10.0.0.72 "GET /v2.0/security-groups/5765a2ae-e998-4487-8d8f-e4b570a89bf0 HTTP/1.1" status: 200 len: 3013 time: 0.0392859
2026-04-14 06:48:41.659 9 INFO neutron.wsgi [req-a24aad33-981b-48c7-abd0-4795ccd31ad3 req-4a5d7e0c-a4fc-4149-9a2c-ee86bc8c7437 cf40e41bfa154741b78958111cb6ac1f 3111a3a87093427683b0e9557dbb5537 - - default default] 10.0.0.72 "GET /v2.0/security-group-rules/d6975c08-a8c2-4777-abe4-bd3220067fb9 HTTP/1.1" status: 200 len: 783 time: 0.0196338
2026-04-14 06:48:41.670 10 INFO neutron.wsgi [req-5a2d3073-bf3f-4291-81eb-09a2a70ac29f req-2ab4302f-80a2-47c2-bac4-ce1715205ddd 4a5d8fd4e5de4435a75ee725705b39ff 01c2c720ea724b658085e038debb6b25 - - default default] 10.0.0.72 "GET /v2.0/security-groups/4c9e23b0-5bbc-4905-abdd-5998a17f7e29 HTTP/1.1" status: 200 len: 1817 time: 0.0672514
2026-04-14 06:48:41.704 9 INFO neutron.wsgi [req-a24aad33-981b-48c7-abd0-4795ccd31ad3 req-685e1ad9-d03f-4f78-b295-696ecbee93e1 cf40e41bfa154741b78958111cb6ac1f 3111a3a87093427683b0e9557dbb5537 - - default default] 10.0.0.72 "GET /v2.0/security-groups/5765a2ae-e998-4487-8d8f-e4b570a89bf0 HTTP/1.1" status: 200 len: 3013 time: 0.0373609
2026-04-14 06:48:41.778 10 INFO neutron.db.ovn_revision_numbers_db [None req-72493171-ca9e-45fc-a640-26c57d312de7 8e48e3dbd812419ca5004eea22056236 bed3f8109c6b496ab3a5d63ed409cf55 - - default default] Successfully bumped revision number for resource 7ed6c5ea-d4d0-4c87-83b6-85388f221021 (type: ports) to 1
2026-04-14 06:48:41.854 9 INFO neutron.wsgi [req-a24aad33-981b-48c7-abd0-4795ccd31ad3 req-92f06f44-f8da-4840-a775-b54bf7084bd5 cf40e41bfa154741b78958111cb6ac1f 3111a3a87093427683b0e9557dbb5537 - - default default] 10.0.0.72 "DELETE /v2.0/security-group-rules/d6975c08-a8c2-4777-abe4-bd3220067fb9 HTTP/1.1" status: 204 len: 173 time: 0.1418173
2026-04-14 06:48:41.868 10 INFO neutron.db.ovn_revision_numbers_db [None req-22c4d686-2de1-418b-91a3-42a20f7edcee ed6c4b7860d447bca86737bd68cb38cd fb69e347f32646b1b42ea661e99390d1 - - default default] Successfully bumped revision number for resource a1fee61b-046f-4a97-9471-c146a4637b98 (type: floatingips) to 0
2026-04-14 06:48:41.886 10 INFO neutron.wsgi [None req-22c4d686-2de1-418b-91a3-42a20f7edcee ed6c4b7860d447bca86737bd68cb38cd fb69e347f32646b1b42ea661e99390d1 - - default default] 10.0.0.159 "POST /v2.0/floatingips HTTP/1.1" status: 201 len: 751 time: 1.0707884
2026-04-14 06:48:41.908 10 INFO neutron.wsgi [req-5a2d3073-bf3f-4291-81eb-09a2a70ac29f req-57d93b5d-e13c-46d3-8738-52b985585a0f 4a5d8fd4e5de4435a75ee725705b39ff 01c2c720ea724b658085e038debb6b25 - - default default] 10.0.0.72 "DELETE /v2.0/security-groups/4c9e23b0-5bbc-4905-abdd-5998a17f7e29 HTTP/1.1" status: 204 len: 173 time: 0.2285876
2026-04-14 06:48:41.913 10 WARNING neutron.scheduler.dhcp_agent_scheduler [None req-72493171-ca9e-45fc-a640-26c57d312de7 8e48e3dbd812419ca5004eea22056236 bed3f8109c6b496ab3a5d63ed409cf55 - - default default] No more DHCP agents
2026-04-14 06:48:41.914 10 WARNING neutron.api.rpc.agentnotifiers.dhcp_rpc_agent_api [None req-72493171-ca9e-45fc-a640-26c57d312de7 8e48e3dbd812419ca5004eea22056236 bed3f8109c6b496ab3a5d63ed409cf55 - - default default] Unable to schedule network 6ef58d28-9604-45c3-b633-6bbc306d7b0e: no agents available; will retry on subsequent port and subnet creation events.
2026-04-14 06:48:41.916 9 INFO neutron.wsgi [req-a85fbab6-a6a7-4cd8-9e62-679b024ca85c req-8c5e3745-1cdd-4df1-aa47-44b9a29206f4 cf40e41bfa154741b78958111cb6ac1f 3111a3a87093427683b0e9557dbb5537 - - default default] 10.0.0.72 "GET /v2.0/security-groups/5765a2ae-e998-4487-8d8f-e4b570a89bf0 HTTP/1.1" status: 200 len: 2415 time: 0.0351524
2026-04-14 06:48:41.949 10 INFO neutron.api.v2.resource [req-87ca1ba0-1fbc-46bb-b865-e087a3bd0c3f req-216cc4cf-cb8e-4a5a-bcf8-e6b86beb21db 4a5d8fd4e5de4435a75ee725705b39ff 01c2c720ea724b658085e038debb6b25 - - default default] show failed (client error): The resource could not be found.
2026-04-14 06:48:41.950 10 INFO neutron.wsgi [req-87ca1ba0-1fbc-46bb-b865-e087a3bd0c3f req-216cc4cf-cb8e-4a5a-bcf8-e6b86beb21db 4a5d8fd4e5de4435a75ee725705b39ff 01c2c720ea724b658085e038debb6b25 - - default default] 10.0.0.72 "GET /v2.0/security-groups/4c9e23b0-5bbc-4905-abdd-5998a17f7e29 HTTP/1.1" status: 404 len: 352 time: 0.0184062
2026-04-14 06:48:42.029 10 INFO neutron.wsgi [req-c00f0b8a-7d55-40ea-b314-2447f602c309 req-a207acb0-8ecf-42db-96e2-b49fd7c6b770 4a5d8fd4e5de4435a75ee725705b39ff 01c2c720ea724b658085e038debb6b25 - - default default] 10.0.0.72 "GET /v2.0/security-groups?tenant_id=01c2c720ea724b658085e038debb6b25 HTTP/1.1" status: 200 len: 2997 time: 0.0561092
2026-04-14 06:48:42.049 9 INFO neutron.wsgi [req-a85fbab6-a6a7-4cd8-9e62-679b024ca85c req-9b5f9175-f861-4fa8-8e55-98ba05b365c4 cf40e41bfa154741b78958111cb6ac1f 3111a3a87093427683b0e9557dbb5537 - - default default] 10.0.0.72 "DELETE /v2.0/security-groups/5765a2ae-e998-4487-8d8f-e4b570a89bf0 HTTP/1.1" status: 204 len: 173 time: 0.1243424
2026-04-14 06:48:42.082 10 INFO neutron.wsgi [req-c00f0b8a-7d55-40ea-b314-2447f602c309 req-77866159-5d29-4b9b-9e8e-58e8fdb3bd20 4a5d8fd4e5de4435a75ee725705b39ff 01c2c720ea724b658085e038debb6b25 - - default default] 10.0.0.72 "GET /v2.0/security-groups/5312fa70-3428-46e3-9b99-045dc8e59abb HTTP/1.1" status: 200 len: 2994 time: 0.0443804
2026-04-14 06:48:42.102 9 INFO neutron.wsgi [req-f049edce-8299-4669-8a39-56b3b452104d req-55f8e5e1-082a-4dbd-bffc-a48427d9030f cf40e41bfa154741b78958111cb6ac1f 3111a3a87093427683b0e9557dbb5537 - - default default] 10.0.0.72 "GET /v2.0/security-groups/d5f1655e-08b2-4dc9-97ce-1975a90e0256 HTTP/1.1" status: 200 len: 2413 time: 0.0343788
2026-04-14 06:48:42.143 10 INFO neutron.wsgi [req-c00f0b8a-7d55-40ea-b314-2447f602c309 req-81199320-d3a0-4a4e-9b89-647b36448e38 4a5d8fd4e5de4435a75ee725705b39ff 01c2c720ea724b658085e038debb6b25 - - default default] 10.0.0.72 "GET /v2.0/security-groups/5312fa70-3428-46e3-9b99-045dc8e59abb HTTP/1.1" status: 200 len: 2994 time: 0.0502322
2026-04-14 06:48:42.200 10 INFO neutron.api.v2.resource [req-ad66a2fd-98dc-4a9c-b6bd-fdd0639129d8 req-0cdd166e-2efd-480e-a476-3fc232b2dbe8 4a5d8fd4e5de4435a75ee725705b39ff 01c2c720ea724b658085e038debb6b25 - - default default] show failed (client error): The resource could not be found.
2026-04-14 06:48:42.201 10 INFO neutron.wsgi [req-ad66a2fd-98dc-4a9c-b6bd-fdd0639129d8 req-0cdd166e-2efd-480e-a476-3fc232b2dbe8 4a5d8fd4e5de4435a75ee725705b39ff 01c2c720ea724b658085e038debb6b25 - - default default] 10.0.0.72 "GET /v2.0/security-groups/4c9e23b0-5bbc-4905-abdd-5998a17f7e29 HTTP/1.1" status: 404 len: 352 time: 0.0156119
2026-04-14 06:48:42.259 9 INFO neutron.wsgi [req-f049edce-8299-4669-8a39-56b3b452104d req-011e69ac-56ce-4425-8a90-9f03eac4a61c cf40e41bfa154741b78958111cb6ac1f 3111a3a87093427683b0e9557dbb5537 - - default default] 10.0.0.72 "DELETE /v2.0/security-groups/d5f1655e-08b2-4dc9-97ce-1975a90e0256 HTTP/1.1" status: 204 len: 173 time: 0.1503329
2026-04-14 06:48:42.262 10 INFO neutron.api.v2.resource [req-28849dd7-1fc5-4efc-beca-f35a7189b018 req-ce855896-0690-478c-a1f9-98914c6ac5ed 4a5d8fd4e5de4435a75ee725705b39ff 01c2c720ea724b658085e038debb6b25 - - default default] show failed (client error): The resource could not be found.
2026-04-14 06:48:42.263 10 INFO neutron.wsgi [req-28849dd7-1fc5-4efc-beca-f35a7189b018 req-ce855896-0690-478c-a1f9-98914c6ac5ed 4a5d8fd4e5de4435a75ee725705b39ff 01c2c720ea724b658085e038debb6b25 - - default default] 10.0.0.72 "GET /v2.0/security-groups/baa46862-a34a-460c-9c83-854b49b43a7b HTTP/1.1" status: 404 len: 352 time: 0.0133696
2026-04-14 06:48:42.331 9 INFO neutron.api.v2.resource [req-6403eef7-c1be-4c97-bdb5-20762d44a7db req-b8e89e24-1585-4d28-b4c1-c13f2dc768e8 4a5d8fd4e5de4435a75ee725705b39ff 01c2c720ea724b658085e038debb6b25 - - default default] show failed (client error): The resource could not be found.
2026-04-14 06:48:42.332 9 INFO neutron.wsgi [req-6403eef7-c1be-4c97-bdb5-20762d44a7db req-b8e89e24-1585-4d28-b4c1-c13f2dc768e8 4a5d8fd4e5de4435a75ee725705b39ff 01c2c720ea724b658085e038debb6b25 - - default default] 10.0.0.72 "GET /v2.0/security-groups/399abe2a-59ce-4a24-b358-95adc536f482 HTTP/1.1" status: 404 len: 352 time: 0.0150731
2026-04-14 06:48:42.848 10 INFO neutron.db.ovn_revision_numbers_db [None req-72493171-ca9e-45fc-a640-26c57d312de7 8e48e3dbd812419ca5004eea22056236 bed3f8109c6b496ab3a5d63ed409cf55 - - default default] Successfully bumped revision number for resource 7ed6c5ea-d4d0-4c87-83b6-85388f221021 (type: router_ports) to 1
2026-04-14 06:48:42.851 10 INFO neutron.wsgi [None req-72493171-ca9e-45fc-a640-26c57d312de7 8e48e3dbd812419ca5004eea22056236 bed3f8109c6b496ab3a5d63ed409cf55 - - default default] 10.0.0.159 "PUT /v2.0/routers/983a2113-659e-45f8-a3d6-b1994b9506b2/add_router_interface HTTP/1.1" status: 200 len: 503 time: 3.1955132
2026-04-14 06:48:43.440 9 WARNING neutron_lib.context [None req-09eefdb6-3389-46cd-87a6-60894d5df1f6 8bc2ddd1742143a69ce2c1da526fbd94 0025c6db2c1b4b06ab348056129882c8 - - default default] Method 'is_advsvc' is deprecated since 2023.2 release (neutron-lib 3.8.0) and will be removed once support for the old RBAC API policies will be removed from Neutron. Please use method 'is_service_role' instead.
2026-04-14 06:48:43.851 9 INFO neutron.db.ovn_revision_numbers_db [None req-09eefdb6-3389-46cd-87a6-60894d5df1f6 8bc2ddd1742143a69ce2c1da526fbd94 0025c6db2c1b4b06ab348056129882c8 - - default default] Successfully bumped revision number for resource 06ac7527-b85b-4ac9-a1b7-77cb48c7aa67 (type: security_groups) to 1
2026-04-14 06:48:43.900 9 INFO neutron.db.ovn_revision_numbers_db [None req-09eefdb6-3389-46cd-87a6-60894d5df1f6 8bc2ddd1742143a69ce2c1da526fbd94 0025c6db2c1b4b06ab348056129882c8 - - default default] Successfully bumped revision number for resource 2cddf2d0-495b-4bae-b4e2-476e71efc7f4 (type: security_group_rules) to 0
2026-04-14 06:48:43.931 9 INFO neutron.db.ovn_revision_numbers_db [None req-09eefdb6-3389-46cd-87a6-60894d5df1f6 8bc2ddd1742143a69ce2c1da526fbd94 0025c6db2c1b4b06ab348056129882c8 - - default default] Successfully bumped revision number for resource 4d23aa34-7072-4a2b-af56-22e7a5c1581f (type: security_group_rules) to 0
2026-04-14 06:48:43.964 9 INFO neutron.wsgi [None req-09eefdb6-3389-46cd-87a6-60894d5df1f6 8bc2ddd1742143a69ce2c1da526fbd94 0025c6db2c1b4b06ab348056129882c8 - - default default] 10.0.0.159 "POST /v2.0/security-groups HTTP/1.1" status: 201 len: 1797 time: 0.5322990
2026-04-14 06:48:43.977 10 WARNING neutron_lib.context [None req-5227cdc3-8eb7-4cd9-a3ef-66fcb4b40e26 8bc2ddd1742143a69ce2c1da526fbd94 0025c6db2c1b4b06ab348056129882c8 - - default default] Method 'is_advsvc' is deprecated since 2023.2 release (neutron-lib 3.8.0) and will be removed once support for the old RBAC API policies will be removed from Neutron. Please use method 'is_service_role' instead.
2026-04-14 06:48:44.111 10 INFO neutron.db.ovn_revision_numbers_db [None req-5227cdc3-8eb7-4cd9-a3ef-66fcb4b40e26 8bc2ddd1742143a69ce2c1da526fbd94 0025c6db2c1b4b06ab348056129882c8 - - default default] Successfully bumped revision number for resource 2010bb98-18a9-4bfc-870e-eeaeab5c1856 (type: security_group_rules) to 0
2026-04-14 06:48:44.133 10 INFO neutron.wsgi [None req-5227cdc3-8eb7-4cd9-a3ef-66fcb4b40e26 8bc2ddd1742143a69ce2c1da526fbd94 0025c6db2c1b4b06ab348056129882c8 - - default default] 10.0.0.159 "POST /v2.0/security-group-rules HTTP/1.1" status: 201 len: 764 time: 0.1638145
2026-04-14 06:48:44.149 10 WARNING neutron_lib.context [None req-989954d6-79c0-4331-89a0-0fbd187273b1 8bc2ddd1742143a69ce2c1da526fbd94 0025c6db2c1b4b06ab348056129882c8 - - default default] Method 'is_advsvc' is deprecated since 2023.2 release (neutron-lib 3.8.0) and will be removed once support for the old RBAC API policies will be removed from Neutron. Please use method 'is_service_role' instead.
2026-04-14 06:48:44.184 9 WARNING neutron.plugins.ml2.drivers.ovn.mech_driver.ovsdb.ovn_client [None req-43508560-b61f-49c9-9d23-fd51b0189029 - - - - - -] No port found with ID 9a00b9ac-c22e-45d0-9f54-1a399bef6d19: RuntimeError: No port found with ID 9a00b9ac-c22e-45d0-9f54-1a399bef6d19
2026-04-14 06:48:44.185 9 INFO neutron.plugins.ml2.drivers.ovn.mech_driver.mech_driver [None req-43508560-b61f-49c9-9d23-fd51b0189029 - - - - - -] OVN reports status up for port: 7ed6c5ea-d4d0-4c87-83b6-85388f221021
2026-04-14 06:48:44.211 9 INFO neutron.plugins.ml2.plugin [None req-43508560-b61f-49c9-9d23-fd51b0189029 - - - - - -] Attempt 1 to provision port 7ed6c5ea-d4d0-4c87-83b6-85388f221021
2026-04-14 06:48:44.270 10 INFO neutron.db.ovn_revision_numbers_db [None req-989954d6-79c0-4331-89a0-0fbd187273b1 8bc2ddd1742143a69ce2c1da526fbd94 0025c6db2c1b4b06ab348056129882c8 - - default default] Successfully bumped revision number for resource 63237ab1-370f-4175-9914-f9a923d471c1 (type: security_group_rules) to 0
2026-04-14 06:48:44.296 10 INFO neutron.wsgi [None req-989954d6-79c0-4331-89a0-0fbd187273b1 8bc2ddd1742143a69ce2c1da526fbd94 0025c6db2c1b4b06ab348056129882c8 - - default default] 10.0.0.159 "POST /v2.0/security-group-rules HTTP/1.1" status: 201 len: 769 time: 0.1545472
2026-04-14 06:48:44.306 10 WARNING neutron_lib.context [None req-36e577e1-fc14-42ec-a2ee-f7989532ada7 8bc2ddd1742143a69ce2c1da526fbd94 0025c6db2c1b4b06ab348056129882c8 - - default default] Method 'is_advsvc' is deprecated since 2023.2 release (neutron-lib 3.8.0) and will be removed once support for the old RBAC API policies will be removed from Neutron. Please use method 'is_service_role' instead.
2026-04-14 06:48:44.735 10 WARNING neutron.scheduler.dhcp_agent_scheduler [None req-36e577e1-fc14-42ec-a2ee-f7989532ada7 8bc2ddd1742143a69ce2c1da526fbd94 0025c6db2c1b4b06ab348056129882c8 - - default default] No more DHCP agents
2026-04-14 06:48:44.738 10 WARNING neutron.api.rpc.agentnotifiers.dhcp_rpc_agent_api [None req-36e577e1-fc14-42ec-a2ee-f7989532ada7 8bc2ddd1742143a69ce2c1da526fbd94 0025c6db2c1b4b06ab348056129882c8 - - default default] Unable to schedule network 889f5795-88d7-46f7-9c2f-28e66ef80dff: no agents available; will retry on subsequent port and subnet creation events.
2026-04-14 06:48:44.832 9 INFO neutron.wsgi [None req-4940e047-1cd6-467a-9d00-3c621ac5d137 8e48e3dbd812419ca5004eea22056236 bed3f8109c6b496ab3a5d63ed409cf55 - - default default] 10.0.0.159 "PUT /v2.0/routers/ac2e6a66-b209-43e4-89a5-4fa361b65276/remove_router_interface HTTP/1.1" status: 200 len: 503 time: 2.5579369
2026-04-14 06:48:44.905 9 INFO neutron.wsgi [None req-8b4de72c-b25f-4f6a-9b8d-13b8b8cc3705 8e48e3dbd812419ca5004eea22056236 bed3f8109c6b496ab3a5d63ed409cf55 - - default default] 10.0.0.159 "PUT /v2.0/routers/139cfaff-973b-4288-9613-748a87237e6f/remove_router_interface HTTP/1.1" status: 200 len: 503 time: 2.5555222
2026-04-14 06:48:44.934 9 INFO neutron.db.ovn_revision_numbers_db [None req-43508560-b61f-49c9-9d23-fd51b0189029 - - - - - -] Successfully bumped revision number for resource 7ed6c5ea-d4d0-4c87-83b6-85388f221021 (type: ports) to 2
2026-04-14 06:48:45.033 9 INFO neutron.db.ovn_revision_numbers_db [None req-43508560-b61f-49c9-9d23-fd51b0189029 - - - - - -] Successfully bumped revision number for resource 7ed6c5ea-d4d0-4c87-83b6-85388f221021 (type: router_ports) to 2
2026-04-14 06:48:45.256 10 WARNING neutron.plugins.ml2.drivers.ovn.mech_driver.ovsdb.ovn_client [None req-3be24af8-912c-4216-9038-2fc1fe89e298 - - - - - -] No port found with ID ac060f82-c73d-4259-a21d-c69a2c14d8f1: RuntimeError: No port found with ID ac060f82-c73d-4259-a21d-c69a2c14d8f1
2026-04-14 06:48:45.257 10 INFO neutron.plugins.ml2.drivers.ovn.mech_driver.mech_driver [None req-3be24af8-912c-4216-9038-2fc1fe89e298 - - - - - -] OVN reports status up for port: b7196eda-79b4-4364-a5ba-41f5715c699c
2026-04-14 06:48:45.270 10 INFO neutron.plugins.ml2.plugin [None req-3be24af8-912c-4216-9038-2fc1fe89e298 - - - - - -] Attempt 1 to provision port b7196eda-79b4-4364-a5ba-41f5715c699c
2026-04-14 06:48:45.292 10 INFO neutron.db.ovn_revision_numbers_db [None req-36e577e1-fc14-42ec-a2ee-f7989532ada7 8bc2ddd1742143a69ce2c1da526fbd94 0025c6db2c1b4b06ab348056129882c8 - - default default] Successfully bumped revision number for resource 595c109f-2d68-41d3-8db1-aa36f5ccd231 (type: floatingips) to 0
2026-04-14 06:48:45.317 10 INFO neutron.wsgi [None req-36e577e1-fc14-42ec-a2ee-f7989532ada7 8bc2ddd1742143a69ce2c1da526fbd94 0025c6db2c1b4b06ab348056129882c8 - - default default] 10.0.0.159 "POST /v2.0/floatingips HTTP/1.1" status: 201 len: 751 time: 1.0164695 /var/lib/openstack/lib/python3.10/site-packages/pycadf/identifier.py:71: UserWarning: Invalid uuid: neutron. To ensure interoperability, identifiers should be a valid uuid. warnings.warn(('Invalid uuid: %s. To ensure interoperability, '
2026-04-14 06:48:45.769 9 INFO neutron.wsgi [req-55bc0740-69d4-4439-b7cd-134e5ea56253 req-467dac46-6399-486b-8742-e8cf081fed65 8bc2ddd1742143a69ce2c1da526fbd94 0025c6db2c1b4b06ab348056129882c8 - - default default] 10.0.0.72 "GET /v2.0/security-groups?name=tempest-securitygroup--1698122267&fields=id&tenant_id=0025c6db2c1b4b06ab348056129882c8 HTTP/1.1" status: 200 len: 267 time: 0.0519984
2026-04-14 06:48:45.891 9 INFO neutron.wsgi [req-55bc0740-69d4-4439-b7cd-134e5ea56253 req-eb63780e-aea0-488b-bbb2-caa8b1b85a8b 8bc2ddd1742143a69ce2c1da526fbd94 0025c6db2c1b4b06ab348056129882c8 - - default default] 10.0.0.72 "GET /v2.0/networks?id=6ef58d28-9604-45c3-b633-6bbc306d7b0e HTTP/1.1" status: 200 len: 874 time: 0.1125293
2026-04-14 06:48:45.908 9 INFO neutron.wsgi [req-55bc0740-69d4-4439-b7cd-134e5ea56253 req-c2ad8915-d86b-47d5-ad8e-c4457f098e0f 8bc2ddd1742143a69ce2c1da526fbd94 0025c6db2c1b4b06ab348056129882c8 - - default default] 10.0.0.72 "GET /v2.0/quotas/0025c6db2c1b4b06ab348056129882c8 HTTP/1.1" status: 200 len: 386 time: 0.0113888
2026-04-14 06:48:46.026 10 INFO neutron.db.ovn_revision_numbers_db [None req-3be24af8-912c-4216-9038-2fc1fe89e298 - - - - - -] Successfully bumped revision number for resource b7196eda-79b4-4364-a5ba-41f5715c699c (type: ports) to 2
2026-04-14 06:48:46.053 9 INFO neutron.wsgi [req-55bc0740-69d4-4439-b7cd-134e5ea56253 req-9b55cf3b-1d72-4546-b7e4-a69126ce6598 8bc2ddd1742143a69ce2c1da526fbd94 0025c6db2c1b4b06ab348056129882c8 - - default default] 10.0.0.72 "GET /v2.0/ports?tenant_id=0025c6db2c1b4b06ab348056129882c8&fields=id HTTP/1.1" status: 200 len: 302 time: 0.1364849
2026-04-14 06:48:46.179 10 INFO neutron.db.ovn_revision_numbers_db [None req-3be24af8-912c-4216-9038-2fc1fe89e298 - - - - - -] Successfully bumped revision number for resource b7196eda-79b4-4364-a5ba-41f5715c699c (type: router_ports) to 2
2026-04-14 06:48:46.464 9 INFO neutron.wsgi [req-55bc0740-69d4-4439-b7cd-134e5ea56253 req-7d8bb7ef-bddf-483e-b528-67ffa7c9bd76 3c75dd45c996441fa726172e7c87476c 20c6709344df44d28735d48523711bad - - 50d5ba81f0dc4f2ab56814b6a00f312e 50d5ba81f0dc4f2ab56814b6a00f312e] 10.0.0.72 "GET /v2.0/extensions HTTP/1.1" status: 200 len: 16980 time: 0.0583272
2026-04-14 06:48:46.532 9 INFO neutron.wsgi [req-55bc0740-69d4-4439-b7cd-134e5ea56253 req-21f88755-a240-42c5-9e91-06987fd31411 3c75dd45c996441fa726172e7c87476c 20c6709344df44d28735d48523711bad - - 50d5ba81f0dc4f2ab56814b6a00f312e 50d5ba81f0dc4f2ab56814b6a00f312e] 10.0.0.72 "GET /v2.0/networks/6ef58d28-9604-45c3-b633-6bbc306d7b0e?fields=segments HTTP/1.1" status: 200 len: 212 time: 0.0601618
2026-04-14 06:48:46.602 9 INFO neutron.wsgi [req-55bc0740-69d4-4439-b7cd-134e5ea56253 req-a0cdb6be-8c72-4e17-84fb-b3659a8f9593 3c75dd45c996441fa726172e7c87476c 20c6709344df44d28735d48523711bad - - 50d5ba81f0dc4f2ab56814b6a00f312e 50d5ba81f0dc4f2ab56814b6a00f312e] 10.0.0.72 "GET /v2.0/networks/6ef58d28-9604-45c3-b633-6bbc306d7b0e?fields=provider%3Aphysical_network&fields=provider%3Anetwork_type HTTP/1.1" status: 200 len: 277 time: 0.0615523
2026-04-14 06:48:46.700 10 INFO neutron.wsgi [None req-5d01a7e9-02e0-43fe-9e5d-50b5efd42312 8e48e3dbd812419ca5004eea22056236 bed3f8109c6b496ab3a5d63ed409cf55 - - default default] 10.0.0.159 "DELETE /v2.0/routers/ac2e6a66-b209-43e4-89a5-4fa361b65276 HTTP/1.1" status: 204 len: 168 time: 1.8617120
2026-04-14 06:48:46.728 10 INFO neutron.wsgi [None req-711830f9-b316-4a50-9b18-fc6d7fca8c55 8e48e3dbd812419ca5004eea22056236 bed3f8109c6b496ab3a5d63ed409cf55 - - default default] 10.0.0.159 "DELETE /v2.0/routers/139cfaff-973b-4288-9613-748a87237e6f HTTP/1.1" status: 204 len: 168 time: 1.8165615
2026-04-14 06:48:46.764 10 INFO neutron.wsgi [req-d7bd7d3e-f7db-4658-bc98-d2c6d2dfb80a req-a1591538-c0f3-4dfd-b3b7-e1b93fee8a8a ed6c4b7860d447bca86737bd68cb38cd fb69e347f32646b1b42ea661e99390d1 - - default default] 10.0.0.72 "GET /v2.0/security-groups?name=tempest-securitygroup--64389944&fields=id&tenant_id=fb69e347f32646b1b42ea661e99390d1 HTTP/1.1" status: 200 len: 267 time: 0.0634351
2026-04-14 06:48:46.819 9 INFO neutron.wsgi [req-9aaf6a6c-04c4-401a-ba1a-7c8d306eb8f9 req-90d1b295-0c60-4c9a-a3e5-eb6affe14c10 8bc2ddd1742143a69ce2c1da526fbd94 0025c6db2c1b4b06ab348056129882c8 - - default default] 10.0.0.72 "GET /v2.0/ports?device_id=fafb53fb-d400-46bc-afd1-8c8290bce927 HTTP/1.1" status: 200 len: 210 time: 0.0415728
2026-04-14 06:48:46.894 10 INFO neutron.wsgi [req-d7bd7d3e-f7db-4658-bc98-d2c6d2dfb80a req-cd17a5bd-184a-46f6-8025-c1f97baf436f ed6c4b7860d447bca86737bd68cb38cd fb69e347f32646b1b42ea661e99390d1 - - default default] 10.0.0.72 "GET /v2.0/networks?id=57e9d5ee-17d4-4707-9a36-edf2cef49445 HTTP/1.1" status: 200 len: 879 time: 0.1249087
2026-04-14 06:48:46.919 10 INFO neutron.wsgi [req-d7bd7d3e-f7db-4658-bc98-d2c6d2dfb80a req-8d3b95f1-8f71-4375-9eb7-4f1b4febc76f ed6c4b7860d447bca86737bd68cb38cd fb69e347f32646b1b42ea661e99390d1 - - default default] 10.0.0.72 "GET /v2.0/quotas/fb69e347f32646b1b42ea661e99390d1 HTTP/1.1" status: 200 len: 386 time: 0.0166178
2026-04-14 06:48:46.962 9 INFO neutron.wsgi [None req-b9afe109-c6e3-4daf-a49b-cf93281483eb 8e48e3dbd812419ca5004eea22056236 bed3f8109c6b496ab3a5d63ed409cf55 - - default default] 10.0.0.159 "DELETE /v2.0/subnets/15435849-4bc6-44f9-b7a5-498d0d2c22e6 HTTP/1.1" status: 204 len: 168 time: 0.2543101
2026-04-14 06:48:47.036 10 INFO neutron.wsgi [None req-aeb95d0e-c399-4496-8b8c-a30c760f448c 8e48e3dbd812419ca5004eea22056236 bed3f8109c6b496ab3a5d63ed409cf55 - - default default] 10.0.0.159 "DELETE /v2.0/subnets/69d118fd-9435-4fd3-bc14-1bae48153677 HTTP/1.1" status: 204 len: 168 time: 0.3041098
2026-04-14 06:48:47.040 10 INFO neutron.wsgi [req-d7bd7d3e-f7db-4658-bc98-d2c6d2dfb80a req-87e3b2ed-12a7-49e9-935b-bc93d0ee1e72 ed6c4b7860d447bca86737bd68cb38cd fb69e347f32646b1b42ea661e99390d1 - - default default] 10.0.0.72 "GET /v2.0/ports?tenant_id=fb69e347f32646b1b42ea661e99390d1&fields=id HTTP/1.1" status: 200 len: 302 time: 0.1058528
2026-04-14 06:48:47.413 9 INFO neutron.wsgi [None req-de081784-4147-4b04-9fe4-2ed46b18b7ec 8e48e3dbd812419ca5004eea22056236 bed3f8109c6b496ab3a5d63ed409cf55 - - default default] 10.0.0.159 "DELETE /v2.0/networks/21cba9a9-01f2-4944-975d-4b3390665eac HTTP/1.1" status: 204 len: 168 time: 0.4463248
2026-04-14 06:48:47.478 10 INFO neutron.wsgi [req-d7bd7d3e-f7db-4658-bc98-d2c6d2dfb80a req-403ea27e-8ba5-478f-8768-1116b81e88e2 3c75dd45c996441fa726172e7c87476c 20c6709344df44d28735d48523711bad - - 50d5ba81f0dc4f2ab56814b6a00f312e 50d5ba81f0dc4f2ab56814b6a00f312e] 10.0.0.72 "GET /v2.0/extensions HTTP/1.1" status: 200 len: 16980 time: 0.0984457
2026-04-14 06:48:47.488 10 INFO neutron.wsgi [None req-4b826aff-b7af-463a-b914-600a143863f9 8e48e3dbd812419ca5004eea22056236 bed3f8109c6b496ab3a5d63ed409cf55 - - default default] 10.0.0.159 "DELETE /v2.0/networks/b1f18ff1-11f1-44a2-8cc8-6dfc98299501 HTTP/1.1" status: 204 len: 168 time: 0.4469121
2026-04-14 06:48:47.555 10 INFO neutron.wsgi [req-d7bd7d3e-f7db-4658-bc98-d2c6d2dfb80a req-ccd05024-23ae-47e0-9abe-c80fa4efa0c3 3c75dd45c996441fa726172e7c87476c 20c6709344df44d28735d48523711bad - - 50d5ba81f0dc4f2ab56814b6a00f312e 50d5ba81f0dc4f2ab56814b6a00f312e] 10.0.0.72 "GET /v2.0/networks/57e9d5ee-17d4-4707-9a36-edf2cef49445?fields=segments HTTP/1.1" status: 200 len: 212 time: 0.0658305
2026-04-14 06:48:47.650 10 INFO neutron.wsgi [req-d7bd7d3e-f7db-4658-bc98-d2c6d2dfb80a req-42094642-cdae-4566-b3c2-92a957b6a2e9 3c75dd45c996441fa726172e7c87476c 20c6709344df44d28735d48523711bad - - 50d5ba81f0dc4f2ab56814b6a00f312e 50d5ba81f0dc4f2ab56814b6a00f312e] 10.0.0.72 "GET /v2.0/networks/57e9d5ee-17d4-4707-9a36-edf2cef49445?fields=provider%3Aphysical_network&fields=provider%3Anetwork_type HTTP/1.1" status: 200 len: 277 time: 0.0875554
2026-04-14 06:48:47.826 9 INFO neutron.wsgi [None req-ff85f365-cff1-4bd6-acb3-98c4d21cf94d 8e48e3dbd812419ca5004eea22056236 bed3f8109c6b496ab3a5d63ed409cf55 - - default default] 10.0.0.159 "GET /v2.0/security-groups?tenant_id=3111a3a87093427683b0e9557dbb5537&name=default HTTP/1.1" status: 200 len: 2992 time: 0.0455112
2026-04-14 06:48:47.884 9 INFO neutron.wsgi [None req-cc66ef8d-c9af-4407-8480-930d42bd3867 8e48e3dbd812419ca5004eea22056236 bed3f8109c6b496ab3a5d63ed409cf55 - - default default] 10.0.0.159 "GET /v2.0/security-groups?tenant_id=01c2c720ea724b658085e038debb6b25&name=default HTTP/1.1" status: 200 len: 2992 time: 0.0410109
2026-04-14 06:48:47.989 9 INFO neutron.services.segments.plugin [-] Segment 5b87c97a-7bae-484b-bc45-4b87f327799e resource provider aggregate not found
2026-04-14 06:48:48.027 10 INFO neutron.wsgi [req-d6784901-667d-402e-bfa8-f3beca74c246 req-25b7fe2f-fcc2-40e2-bdcf-629928e46954 ed6c4b7860d447bca86737bd68cb38cd fb69e347f32646b1b42ea661e99390d1 - - default default] 10.0.0.72 "GET /v2.0/ports?device_id=0dcfad78-e851-475c-a51c-b536dd68a195 HTTP/1.1" status: 200 len: 210 time: 0.0375731
2026-04-14 06:48:48.064 9 INFO neutron.services.segments.plugin [-] Segment 5b87c97a-7bae-484b-bc45-4b87f327799e resource provider aggregate not found
2026-04-14 06:48:48.073 10 INFO neutron.services.segments.plugin [-] Segment c908a718-b37a-4633-9fef-23e8eff181c0 resource provider aggregate not found
2026-04-14 06:48:48.081 9 INFO neutron.services.segments.plugin [-] Segment 5b87c97a-7bae-484b-bc45-4b87f327799e resource provider not found; error: Placement Client Error (4xx): {"errors": [{"status": 404, "title": "Not Found", "detail": "The resource could not be found.\n\n No resource provider with uuid 5b87c97a-7bae-484b-bc45-4b87f327799e found for delete ", "request_id": "req-1e7d6bc2-225c-46ca-a6e8-14a3f4fc9b34"}]}
2026-04-14 06:48:48.126 9 INFO neutron.wsgi [req-54bcec59-4d14-47a1-8d2a-9901eaae925e req-bdd37178-d7d9-4f70-9577-9a6680bb8de6 8bc2ddd1742143a69ce2c1da526fbd94 0025c6db2c1b4b06ab348056129882c8 - - default default] 10.0.0.72 "GET /v2.0/ports?device_id=fafb53fb-d400-46bc-afd1-8c8290bce927 HTTP/1.1" status: 200 len: 210 time: 0.0290375
2026-04-14 06:48:48.127 10 INFO neutron.services.segments.plugin [-] Segment c908a718-b37a-4633-9fef-23e8eff181c0 resource provider aggregate not found
2026-04-14 06:48:48.133 9 INFO neutron.services.segments.plugin [-] Segment 5b87c97a-7bae-484b-bc45-4b87f327799e resource provider not found; error: Placement Client Error (4xx): {"errors": [{"status": 404, "title": "Not Found", "detail": "The resource could not be found.\n\n No resource provider with uuid 5b87c97a-7bae-484b-bc45-4b87f327799e found for delete ", "request_id": "req-26afacf8-8fe2-4b62-bf2c-4cb80c1bf079"}]}
2026-04-14 06:48:48.140 10 INFO neutron.services.segments.plugin [-] Segment c908a718-b37a-4633-9fef-23e8eff181c0 resource provider not found; error: Placement Client Error (4xx): {"errors": [{"status": 404, "title": "Not Found", "detail": "The resource could not be found.\n\n No resource provider with uuid c908a718-b37a-4633-9fef-23e8eff181c0 found for delete ", "request_id": "req-59ff9faa-6292-4679-9010-8ca751a28325"}]}
2026-04-14 06:48:48.146 9 INFO neutron.wsgi [None req-549001d4-4da4-41ad-90d4-5fc5fdaab1d4 8e48e3dbd812419ca5004eea22056236 bed3f8109c6b496ab3a5d63ed409cf55 - - default default] 10.0.0.159 "DELETE /v2.0/security-groups/07a01bef-8fee-4470-adb2-21f78090bb36 HTTP/1.1" status: 204 len: 168 time: 0.3145456
2026-04-14 06:48:48.158 10 INFO neutron.services.segments.plugin [-] Segment c908a718-b37a-4633-9fef-23e8eff181c0 resource provider not found; error: Placement Client Error (4xx): {"errors": [{"status": 404, "title": "Not Found", "detail": "The resource could not be found.\n\n No resource provider with uuid c908a718-b37a-4633-9fef-23e8eff181c0 found for delete ", "request_id": "req-ab5f7f8f-0636-4c7d-8191-4a7b049ce2b3"}]}
2026-04-14 06:48:48.174 9 INFO neutron.wsgi [None req-96ca3ae1-e10c-4f12-8a8d-dd9c6bd55118 8e48e3dbd812419ca5004eea22056236 bed3f8109c6b496ab3a5d63ed409cf55 - - default default] 10.0.0.159 "DELETE /v2.0/security-groups/5312fa70-3428-46e3-9b99-045dc8e59abb HTTP/1.1" status: 204 len: 168 time: 0.2839375
2026-04-14 06:48:48.816 10 INFO neutron.wsgi [req-55bc0740-69d4-4439-b7cd-134e5ea56253 req-6e4d6610-9d9f-4532-aef2-9b9227106136 8bc2ddd1742143a69ce2c1da526fbd94 0025c6db2c1b4b06ab348056129882c8 - - default default] 162.253.55.62 "GET /v2.0/networks?id=6ef58d28-9604-45c3-b633-6bbc306d7b0e HTTP/1.1" status: 200 len: 874 time: 0.1883686
2026-04-14 06:48:48.891 10 INFO neutron.wsgi [req-55bc0740-69d4-4439-b7cd-134e5ea56253 req-77bf7e40-989a-4bf8-b6b1-a951e918ad9d 8bc2ddd1742143a69ce2c1da526fbd94 0025c6db2c1b4b06ab348056129882c8 - - default default] 162.253.55.62 "GET /v2.0/security-groups?fields=id&fields=name&tenant_id=0025c6db2c1b4b06ab348056129882c8 HTTP/1.1" status: 200 len: 380 time: 0.0586846
2026-04-14 06:48:48.903 10 WARNING neutron_lib.context [req-55bc0740-69d4-4439-b7cd-134e5ea56253 req-3dbf092b-5320-4c41-a202-e34ea834cc6f 8bc2ddd1742143a69ce2c1da526fbd94 0025c6db2c1b4b06ab348056129882c8 - - default default] Method 'is_advsvc' is deprecated since 2023.2 release (neutron-lib 3.8.0) and will be removed once support for the old RBAC API policies will be removed from Neutron. Please use method 'is_service_role' instead.
2026-04-14 06:48:49.031 9 INFO neutron.wsgi [req-d7bd7d3e-f7db-4658-bc98-d2c6d2dfb80a req-3f3e88b6-779a-4289-99f7-93a51b019a39 ed6c4b7860d447bca86737bd68cb38cd fb69e347f32646b1b42ea661e99390d1 - - default default] 162.253.55.62 "GET /v2.0/networks?id=57e9d5ee-17d4-4707-9a36-edf2cef49445 HTTP/1.1" status: 200 len: 879 time: 0.0788243
2026-04-14 06:48:49.089 9 INFO neutron.wsgi [req-d7bd7d3e-f7db-4658-bc98-d2c6d2dfb80a req-7310bab9-90c3-4a6e-a1de-845d4a449f80 ed6c4b7860d447bca86737bd68cb38cd fb69e347f32646b1b42ea661e99390d1 - - default default] 162.253.55.62 "GET /v2.0/security-groups?fields=id&fields=name&tenant_id=fb69e347f32646b1b42ea661e99390d1 HTTP/1.1" status: 200 len: 378 time: 0.0498202
2026-04-14 06:48:49.104 9 WARNING neutron_lib.context [req-d7bd7d3e-f7db-4658-bc98-d2c6d2dfb80a req-1d106950-d1cf-4283-bea6-064d770accd3 ed6c4b7860d447bca86737bd68cb38cd fb69e347f32646b1b42ea661e99390d1 - - default default] Method 'is_advsvc' is deprecated since 2023.2 release (neutron-lib 3.8.0) and will be removed once support for the old RBAC API policies will be removed from Neutron. Please use method 'is_service_role' instead.
2026-04-14 06:48:49.362 9 INFO neutron.wsgi [req-ccce4d84-2631-466e-802c-9a98cfa78ea2 req-78c5cb56-f51a-455c-90f6-e28d8d8ff04a ed6c4b7860d447bca86737bd68cb38cd fb69e347f32646b1b42ea661e99390d1 - - default default] 10.0.0.72 "GET /v2.0/ports?device_id=0dcfad78-e851-475c-a51c-b536dd68a195 HTTP/1.1" status: 200 len: 210 time: 0.0352759
2026-04-14 06:48:49.481 10 WARNING neutron.scheduler.dhcp_agent_scheduler [req-55bc0740-69d4-4439-b7cd-134e5ea56253 req-3dbf092b-5320-4c41-a202-e34ea834cc6f 8bc2ddd1742143a69ce2c1da526fbd94 0025c6db2c1b4b06ab348056129882c8 - - default default] No more DHCP agents
2026-04-14 06:48:49.485 10 WARNING neutron.api.rpc.agentnotifiers.dhcp_rpc_agent_api [req-55bc0740-69d4-4439-b7cd-134e5ea56253 req-3dbf092b-5320-4c41-a202-e34ea834cc6f 8bc2ddd1742143a69ce2c1da526fbd94 0025c6db2c1b4b06ab348056129882c8 - - default default] Unable to schedule network 6ef58d28-9604-45c3-b633-6bbc306d7b0e: no agents available; will retry on subsequent port and subnet creation events. /var/lib/openstack/lib/python3.10/site-packages/pycadf/identifier.py:71: UserWarning: Invalid uuid: neutron. To ensure interoperability, identifiers should be a valid uuid. warnings.warn(('Invalid uuid: %s. To ensure interoperability, '
2026-04-14 06:48:49.734 9 WARNING neutron.scheduler.dhcp_agent_scheduler [req-d7bd7d3e-f7db-4658-bc98-d2c6d2dfb80a req-1d106950-d1cf-4283-bea6-064d770accd3 ed6c4b7860d447bca86737bd68cb38cd fb69e347f32646b1b42ea661e99390d1 - - default default] No more DHCP agents
2026-04-14 06:48:49.737 9 WARNING neutron.api.rpc.agentnotifiers.dhcp_rpc_agent_api [req-d7bd7d3e-f7db-4658-bc98-d2c6d2dfb80a req-1d106950-d1cf-4283-bea6-064d770accd3 ed6c4b7860d447bca86737bd68cb38cd fb69e347f32646b1b42ea661e99390d1 - - default default] Unable to schedule network 57e9d5ee-17d4-4707-9a36-edf2cef49445: no agents available; will retry on subsequent port and subnet creation events.
2026-04-14 06:48:49.791 10 INFO neutron.wsgi [req-195db707-c803-4050-ba98-a2142edcf21f req-5488171a-fc8b-4e60-b922-667fefa42a21 8bc2ddd1742143a69ce2c1da526fbd94 0025c6db2c1b4b06ab348056129882c8 - - default default] 10.0.0.72 "GET /v2.0/ports?device_id=fafb53fb-d400-46bc-afd1-8c8290bce927 HTTP/1.1" status: 200 len: 1156 time: 0.1194568
2026-04-14 06:48:49.842 10 INFO neutron.db.ovn_revision_numbers_db [req-55bc0740-69d4-4439-b7cd-134e5ea56253 req-3dbf092b-5320-4c41-a202-e34ea834cc6f 8bc2ddd1742143a69ce2c1da526fbd94 0025c6db2c1b4b06ab348056129882c8 - - default default] Successfully bumped revision number for resource c5fe56aa-47c0-48fc-a7c5-978844c82529 (type: ports) to 1
2026-04-14 06:48:49.868 10 INFO neutron.wsgi [req-55bc0740-69d4-4439-b7cd-134e5ea56253 req-3dbf092b-5320-4c41-a202-e34ea834cc6f 8bc2ddd1742143a69ce2c1da526fbd94 0025c6db2c1b4b06ab348056129882c8 - - default default] 162.253.55.62 "POST /v2.0/ports HTTP/1.1" status: 201 len: 1158 time: 0.9730093
2026-04-14 06:48:49.889 10 INFO neutron.wsgi [req-55bc0740-69d4-4439-b7cd-134e5ea56253 req-4a08c733-4283-4058-8a8d-099dab93fbd1 8bc2ddd1742143a69ce2c1da526fbd94 0025c6db2c1b4b06ab348056129882c8 - - default default] 162.253.55.62 "GET /v2.0/extensions HTTP/1.1" status: 200 len: 16980 time: 0.0096214
2026-04-14 06:48:49.896 10 INFO neutron.wsgi [req-195db707-c803-4050-ba98-a2142edcf21f req-0a9879fb-ad8c-4f7e-a2ee-4fcd178c0850 8bc2ddd1742143a69ce2c1da526fbd94 0025c6db2c1b4b06ab348056129882c8 - - default default] 10.0.0.72 "GET /v2.0/security-groups?id=06ac7527-b85b-4ac9-a1b7-77cb48c7aa67&fields=id&fields=name HTTP/1.1" status: 200 len: 313 time: 0.0900643
2026-04-14 06:48:50.007 9 INFO neutron.db.ovn_revision_numbers_db [req-d7bd7d3e-f7db-4658-bc98-d2c6d2dfb80a req-1d106950-d1cf-4283-bea6-064d770accd3 ed6c4b7860d447bca86737bd68cb38cd fb69e347f32646b1b42ea661e99390d1 - - default default] Successfully bumped revision number for resource 9be9cdc2-0597-4342-b8e5-3c5be22b91a5 (type: ports) to 1
