2026-04-14 06:52:47.076 9 INFO neutron.wsgi [req-6a43a806-81e3-43af-9eec-73061f021e68 req-ab1d1b37-2999-4635-9603-a6d12a7dd49e fce5a011465c4162ab50cb3cb70dda0f 19da8ca1200649dfbd17a5b567a365a5 - - default default] 10.0.0.72 "GET /v2.0/ports?device_id=93f69d41-410f-4d45-a67f-bf5983115e80 HTTP/1.1" status: 200 len: 210 time: 0.0396791
2026-04-14 06:52:47.110 10 INFO neutron.wsgi [req-ecb9b166-b48a-427f-bf5c-cd9db2dd6aa7 req-09ab8629-84d6-4a1a-865b-327a42d1bbad 3c75dd45c996441fa726172e7c87476c 20c6709344df44d28735d48523711bad - - 50d5ba81f0dc4f2ab56814b6a00f312e 50d5ba81f0dc4f2ab56814b6a00f312e] 162.253.55.62 "GET /v2.0/ports?tenant_id=19da8ca1200649dfbd17a5b567a365a5&device_id=85e1d73d-d93f-49cf-b45a-3b4da97916b7 HTTP/1.1" status: 200 len: 1634 time: 0.0416667
2026-04-14 06:52:47.124 9 INFO neutron.wsgi [None req-d1947974-37d5-472a-ae6b-13f36b02f096 9f7f8bf1160e486e97966cc8dbfe6a9d d610e892751149dda7b5815be04e8eaf - - default default] 10.0.0.159 "DELETE /v2.0/networks/029c9394-42a9-459d-9b2c-856de40a316d HTTP/1.1" status: 204 len: 168 time: 0.4481494
2026-04-14 06:52:47.207 10 INFO neutron.wsgi [req-ecb9b166-b48a-427f-bf5c-cd9db2dd6aa7 req-4eeefa7a-692d-49a6-9a67-880c9af11a7f 3c75dd45c996441fa726172e7c87476c 20c6709344df44d28735d48523711bad - - 50d5ba81f0dc4f2ab56814b6a00f312e 50d5ba81f0dc4f2ab56814b6a00f312e] 162.253.55.62 "GET /v2.0/networks?id=d9f2322a-75f7-4e0f-a434-c94fcbe8f58d HTTP/1.1" status: 200 len: 1003 time: 0.0878129
2026-04-14 06:52:47.285 10 INFO neutron.wsgi [req-ecb9b166-b48a-427f-bf5c-cd9db2dd6aa7 req-05038a96-8516-4ac9-b046-ef4f9b4eee19 3c75dd45c996441fa726172e7c87476c 20c6709344df44d28735d48523711bad - - 50d5ba81f0dc4f2ab56814b6a00f312e 50d5ba81f0dc4f2ab56814b6a00f312e] 162.253.55.62 "GET /v2.0/floatingips?fixed_ip_address=10.2.1.72&port_id=96686f42-bfaf-4647-b0e1-bb07228f9cdb HTTP/1.1" status: 200 len: 1058 time: 0.0702565
2026-04-14 06:52:47.312 10 INFO neutron.wsgi [req-ecb9b166-b48a-427f-bf5c-cd9db2dd6aa7 req-a76bbde0-5454-4575-a303-5a8c2c3b8e82 3c75dd45c996441fa726172e7c87476c 20c6709344df44d28735d48523711bad - - 50d5ba81f0dc4f2ab56814b6a00f312e 50d5ba81f0dc4f2ab56814b6a00f312e] 162.253.55.62 "GET /v2.0/floatingips?fixed_ip_address=fd7b%3Af9f7%3Afff%3A4eca%3A%3A3b6&port_id=96686f42-bfaf-4647-b0e1-bb07228f9cdb HTTP/1.1" status: 200 len: 217 time: 0.0224230
2026-04-14 06:52:47.360 10 INFO neutron.wsgi [req-ecb9b166-b48a-427f-bf5c-cd9db2dd6aa7 req-22ecf3b4-7a34-4059-a750-9cae00746b43 3c75dd45c996441fa726172e7c87476c 20c6709344df44d28735d48523711bad - - 50d5ba81f0dc4f2ab56814b6a00f312e 50d5ba81f0dc4f2ab56814b6a00f312e] 162.253.55.62 "GET /v2.0/subnets?id=9829ba40-01df-4b16-a1f2-f48fdd5e0021&id=f8f31790-ce0a-4dea-877d-f703367ccbbb HTTP/1.1" status: 200 len: 1563 time: 0.0391879
2026-04-14 06:52:47.399 10 INFO neutron.wsgi [req-ecb9b166-b48a-427f-bf5c-cd9db2dd6aa7 req-f6f307fa-be43-4908-84aa-22cf11b2885c 3c75dd45c996441fa726172e7c87476c 20c6709344df44d28735d48523711bad - - 50d5ba81f0dc4f2ab56814b6a00f312e 50d5ba81f0dc4f2ab56814b6a00f312e] 162.253.55.62 "GET /v2.0/ports?network_id=d9f2322a-75f7-4e0f-a434-c94fcbe8f58d&device_owner=network%3Adhcp HTTP/1.1" status: 200 len: 210 time: 0.0318708
2026-04-14 06:52:47.429 10 INFO neutron.wsgi [req-ecb9b166-b48a-427f-bf5c-cd9db2dd6aa7 req-635f9b1a-a89b-4c9e-8e64-819ab1fdaa30 3c75dd45c996441fa726172e7c87476c 20c6709344df44d28735d48523711bad - - 50d5ba81f0dc4f2ab56814b6a00f312e 50d5ba81f0dc4f2ab56814b6a00f312e] 162.253.55.62 "GET /v2.0/ports?network_id=d9f2322a-75f7-4e0f-a434-c94fcbe8f58d&device_owner=network%3Adhcp HTTP/1.1" status: 200 len: 210 time: 0.0245063
2026-04-14 06:52:47.509 10 INFO neutron.wsgi [req-ecb9b166-b48a-427f-bf5c-cd9db2dd6aa7 req-12309344-6447-4cc1-822b-4dc388a81a2d 3c75dd45c996441fa726172e7c87476c 20c6709344df44d28735d48523711bad - - 50d5ba81f0dc4f2ab56814b6a00f312e 50d5ba81f0dc4f2ab56814b6a00f312e] 162.253.55.62 "GET /v2.0/networks/d9f2322a-75f7-4e0f-a434-c94fcbe8f58d?fields=segments HTTP/1.1" status: 200 len: 212 time: 0.0730674
2026-04-14 06:52:47.582 10 INFO neutron.wsgi [req-ecb9b166-b48a-427f-bf5c-cd9db2dd6aa7 req-f0ba6984-9f93-431c-a417-019c950456c1 3c75dd45c996441fa726172e7c87476c 20c6709344df44d28735d48523711bad - - 50d5ba81f0dc4f2ab56814b6a00f312e 50d5ba81f0dc4f2ab56814b6a00f312e] 162.253.55.62 "GET /v2.0/networks/d9f2322a-75f7-4e0f-a434-c94fcbe8f58d?fields=provider%3Aphysical_network&fields=provider%3Anetwork_type HTTP/1.1" status: 200 len: 277 time: 0.0665092
2026-04-14 06:52:47.601 9 INFO neutron.wsgi [None req-a578ec5a-6713-4f5e-9396-a777d11f442f 9f7f8bf1160e486e97966cc8dbfe6a9d d610e892751149dda7b5815be04e8eaf - - default default] 10.0.0.159 "DELETE /v2.0/networks/fb89d64f-4fa3-4c5a-a1af-ac9d6e225c24 HTTP/1.1" status: 204 len: 168 time: 0.4659624
2026-04-14 06:52:47.863 10 INFO neutron.wsgi [req-a2263c68-6859-4e03-9a70-002ac2a81ac4 req-3aefecf3-969e-49d7-b2ab-e7df5ce3f452 fce5a011465c4162ab50cb3cb70dda0f 19da8ca1200649dfbd17a5b567a365a5 - - default default] 162.253.55.62 "GET /v2.0/networks?id=31a01f86-1bab-476a-be4f-35cd51a6e68a HTTP/1.1" status: 200 len: 903 time: 0.1118314
2026-04-14 06:52:47.921 10 INFO neutron.wsgi [req-a2263c68-6859-4e03-9a70-002ac2a81ac4 req-a983d541-7953-4c57-a316-b00d5ecb489e fce5a011465c4162ab50cb3cb70dda0f 19da8ca1200649dfbd17a5b567a365a5 - - default default] 162.253.55.62 "GET /v2.0/security-groups?fields=id&fields=name&tenant_id=19da8ca1200649dfbd17a5b567a365a5 HTTP/1.1" status: 200 len: 377 time: 0.0534792
2026-04-14 06:52:47.963 10 WARNING neutron_lib.context [req-a2263c68-6859-4e03-9a70-002ac2a81ac4 req-e6ea85f8-b1b3-4936-958d-0bfd8759bf44 fce5a011465c4162ab50cb3cb70dda0f 19da8ca1200649dfbd17a5b567a365a5 - - default default] Method 'is_advsvc' is deprecated since 2023.2 release (neutron-lib 3.8.0) and will be removed once support for the old RBAC API policies will be removed from Neutron. Please use method 'is_service_role' instead.
2026-04-14 06:52:48.072 10 INFO neutron.services.segments.plugin [-] Segment 96f236b9-b458-4101-b9b3-7969e5335ddb resource provider aggregate not found
2026-04-14 06:52:48.078 10 INFO neutron.services.segments.plugin [-] Segment 96f236b9-b458-4101-b9b3-7969e5335ddb resource provider aggregate not found
2026-04-14 06:52:48.096 10 INFO neutron.services.segments.plugin [-] Segment 96f236b9-b458-4101-b9b3-7969e5335ddb resource provider not found; error: Placement Client Error (4xx): {"errors": [{"status": 404, "title": "Not Found", "detail": "The resource could not be found.\n\n No resource provider with uuid 96f236b9-b458-4101-b9b3-7969e5335ddb found for delete ", "request_id": "req-ad00ffa1-9a7a-4c29-93e8-d6d6d80b8dea"}]}
2026-04-14 06:52:48.097 10 INFO neutron.services.segments.plugin [-] Segment 96f236b9-b458-4101-b9b3-7969e5335ddb resource provider not found; error: Placement Client Error (4xx): {"errors": [{"status": 404, "title": "Not Found", "detail": "The resource could not be found.\n\n No resource provider with uuid 96f236b9-b458-4101-b9b3-7969e5335ddb found for delete ", "request_id": "req-9762f48c-c969-4846-aaa8-e20cbe70fc95"}]}
2026-04-14 06:52:48.127 10 INFO neutron.wsgi [None req-a44b2e59-1be3-4cf7-9363-d30730cc6312 9f7f8bf1160e486e97966cc8dbfe6a9d d610e892751149dda7b5815be04e8eaf - - default default] 10.0.0.159 "DELETE /v2.0/networks/7e9ed137-2812-495c-8233-d0fa3f0eced0 HTTP/1.1" status: 204 len: 168 time: 0.5181794
2026-04-14 06:52:48.291 9 INFO neutron.services.segments.plugin [-] Segment 911da040-cce7-44e3-8999-6eefa903996d resource provider aggregate not found
2026-04-14 06:52:48.305 9 INFO neutron.services.segments.plugin [-] Segment 911da040-cce7-44e3-8999-6eefa903996d resource provider aggregate not found
2026-04-14 06:52:48.312 9 INFO neutron.services.segments.plugin [-] Segment 911da040-cce7-44e3-8999-6eefa903996d resource provider not found; error: Placement Client Error (4xx): {"errors": [{"status": 404, "title": "Not Found", "detail": "The resource could not be found.\n\n No resource provider with uuid 911da040-cce7-44e3-8999-6eefa903996d found for delete ", "request_id": "req-c61f5ff9-8e25-44fc-bfb9-f0ec7647977b"}]}
2026-04-14 06:52:48.323 9 INFO neutron.services.segments.plugin [-] Segment 911da040-cce7-44e3-8999-6eefa903996d resource provider not found; error: Placement Client Error (4xx): {"errors": [{"status": 404, "title": "Not Found", "detail": "The resource could not be found.\n\n No resource provider with uuid 911da040-cce7-44e3-8999-6eefa903996d found for delete ", "request_id": "req-d1731f42-4411-4cc2-b9c2-d638d0384638"}]}
2026-04-14 06:52:48.333 9 INFO neutron.services.segments.plugin [-] Segment 4c755d01-448d-4424-936b-3aa655a484b1 resource provider aggregate not found
2026-04-14 06:52:48.339 9 INFO neutron.services.segments.plugin [-] Segment 4c755d01-448d-4424-936b-3aa655a484b1 resource provider aggregate not found
2026-04-14 06:52:48.352 9 INFO neutron.services.segments.plugin [-] Segment 4c755d01-448d-4424-936b-3aa655a484b1 resource provider not found; error: Placement Client Error (4xx): {"errors": [{"status": 404, "title": "Not Found", "detail": "The resource could not be found.\n\n No resource provider with uuid 4c755d01-448d-4424-936b-3aa655a484b1 found for delete ", "request_id": "req-561a4a89-f831-4584-a4ec-7c774efcbc82"}]}
2026-04-14 06:52:48.359 9 INFO neutron.services.segments.plugin [-] Segment 4c755d01-448d-4424-936b-3aa655a484b1 resource provider not found; error: Placement Client Error (4xx): {"errors": [{"status": 404, "title": "Not Found", "detail": "The resource could not be found.\n\n No resource provider with uuid 4c755d01-448d-4424-936b-3aa655a484b1 found for delete ", "request_id": "req-6bbafc31-174e-43c4-a870-3170de98d64d"}]}
2026-04-14 06:52:48.370 9 INFO neutron.services.segments.plugin [-] Segment 6f0931e3-cd90-4405-a5ac-8f50fdecf065 resource provider aggregate not found
2026-04-14 06:52:48.376 9 INFO neutron.services.segments.plugin [-] Segment 6f0931e3-cd90-4405-a5ac-8f50fdecf065 resource provider aggregate not found
2026-04-14 06:52:48.391 9 INFO neutron.services.segments.plugin [-] Segment 6f0931e3-cd90-4405-a5ac-8f50fdecf065 resource provider not found; error: Placement Client Error (4xx): {"errors": [{"status": 404, "title": "Not Found", "detail": "The resource could not be found.\n\n No resource provider with uuid 6f0931e3-cd90-4405-a5ac-8f50fdecf065 found for delete ", "request_id": "req-139d314a-3a8d-4b0e-b4a0-f9c2dfb077c0"}]}
2026-04-14 06:52:48.394 9 INFO neutron.services.segments.plugin [-] Segment 6f0931e3-cd90-4405-a5ac-8f50fdecf065 resource provider not found; error: Placement Client Error (4xx): {"errors": [{"status": 404, "title": "Not Found", "detail": "The resource could not be found.\n\n No resource provider with uuid 6f0931e3-cd90-4405-a5ac-8f50fdecf065 found for delete ", "request_id": "req-a81570e2-8859-4bd7-89a3-b35eed4dfcd9"}]}
2026-04-14 06:52:48.405 10 WARNING neutron.scheduler.dhcp_agent_scheduler [req-a2263c68-6859-4e03-9a70-002ac2a81ac4 req-e6ea85f8-b1b3-4936-958d-0bfd8759bf44 fce5a011465c4162ab50cb3cb70dda0f 19da8ca1200649dfbd17a5b567a365a5 - - default default] No more DHCP agents
2026-04-14 06:52:48.408 10 WARNING neutron.api.rpc.agentnotifiers.dhcp_rpc_agent_api [req-a2263c68-6859-4e03-9a70-002ac2a81ac4 req-e6ea85f8-b1b3-4936-958d-0bfd8759bf44 fce5a011465c4162ab50cb3cb70dda0f 19da8ca1200649dfbd17a5b567a365a5 - - default default] Unable to schedule network 31a01f86-1bab-476a-be4f-35cd51a6e68a: no agents available; will retry on subsequent port and subnet creation events.
2026-04-14 06:52:48.589 10 INFO neutron.db.ovn_revision_numbers_db [req-a2263c68-6859-4e03-9a70-002ac2a81ac4 req-e6ea85f8-b1b3-4936-958d-0bfd8759bf44 fce5a011465c4162ab50cb3cb70dda0f 19da8ca1200649dfbd17a5b567a365a5 - - default default] Successfully bumped revision number for resource 9ae8e22c-1f74-4bf7-86ca-9e8f847b2907 (type: ports) to 1
2026-04-14 06:52:48.617 10 INFO neutron.wsgi [req-a2263c68-6859-4e03-9a70-002ac2a81ac4 req-e6ea85f8-b1b3-4936-958d-0bfd8759bf44 fce5a011465c4162ab50cb3cb70dda0f 19da8ca1200649dfbd17a5b567a365a5 - - default default] 162.253.55.62 "POST /v2.0/ports HTTP/1.1" status: 201 len: 1388 time: 0.6670268 /var/lib/openstack/lib/python3.10/site-packages/pycadf/identifier.py:71: UserWarning: Invalid uuid: neutron. To ensure interoperability, identifiers should be a valid uuid. warnings.warn(('Invalid uuid: %s. To ensure interoperability, '
2026-04-14 06:52:49.041 10 INFO neutron.db.ovn_revision_numbers_db [req-a2263c68-6859-4e03-9a70-002ac2a81ac4 req-a0e20b83-cc17-4e9d-9b9f-82dfaa88b747 3c75dd45c996441fa726172e7c87476c 20c6709344df44d28735d48523711bad - - 50d5ba81f0dc4f2ab56814b6a00f312e 50d5ba81f0dc4f2ab56814b6a00f312e] Successfully bumped revision number for resource 9ae8e22c-1f74-4bf7-86ca-9e8f847b2907 (type: ports) to 2
2026-04-14 06:52:49.263 10 INFO neutron.db.ovn_revision_numbers_db [req-a2263c68-6859-4e03-9a70-002ac2a81ac4 req-a0e20b83-cc17-4e9d-9b9f-82dfaa88b747 3c75dd45c996441fa726172e7c87476c 20c6709344df44d28735d48523711bad - - 50d5ba81f0dc4f2ab56814b6a00f312e 50d5ba81f0dc4f2ab56814b6a00f312e] Successfully bumped revision number for resource 9ae8e22c-1f74-4bf7-86ca-9e8f847b2907 (type: ports) to 2
2026-04-14 06:52:49.285 10 INFO neutron.wsgi [req-a2263c68-6859-4e03-9a70-002ac2a81ac4 req-a0e20b83-cc17-4e9d-9b9f-82dfaa88b747 3c75dd45c996441fa726172e7c87476c 20c6709344df44d28735d48523711bad - - 50d5ba81f0dc4f2ab56814b6a00f312e 50d5ba81f0dc4f2ab56814b6a00f312e] 162.253.55.62 "PUT /v2.0/ports/9ae8e22c-1f74-4bf7-86ca-9e8f847b2907 HTTP/1.1" status: 200 len: 1605 time: 0.6575274
2026-04-14 06:52:49.314 9 INFO neutron.db.ovn_revision_numbers_db [None req-186ec390-3499-4093-826d-4acbdc0cf9d8 8e48e3dbd812419ca5004eea22056236 bed3f8109c6b496ab3a5d63ed409cf55 - - default default] Successfully bumped revision number for resource 636a2124-146d-449f-9447-7a977e9c7dc0 (type: security_groups) to 1
2026-04-14 06:52:49.319 10 INFO neutron.notifiers.nova [-] Nova event matching ['req-2678d8eb-c85a-4e17-bd27-27225c3603bb'] response: {'name': 'network-changed', 'server_uuid': '93f69d41-410f-4d45-a67f-bf5983115e80', 'tag': '9ae8e22c-1f74-4bf7-86ca-9e8f847b2907', 'status': 'completed', 'code': 200}
2026-04-14 06:52:49.330 9 INFO neutron.db.ovn_revision_numbers_db [None req-186ec390-3499-4093-826d-4acbdc0cf9d8 8e48e3dbd812419ca5004eea22056236 bed3f8109c6b496ab3a5d63ed409cf55 - - default default] Successfully bumped revision number for resource 5bf46f46-bbe6-4c19-983c-c140427dbb3c (type: security_group_rules) to 0 /var/lib/openstack/lib/python3.10/site-packages/pycadf/identifier.py:71: UserWarning: Invalid uuid: neutron. To ensure interoperability, identifiers should be a valid uuid. warnings.warn(('Invalid uuid: %s. To ensure interoperability, '
2026-04-14 06:52:49.342 9 INFO neutron.db.ovn_revision_numbers_db [None req-186ec390-3499-4093-826d-4acbdc0cf9d8 8e48e3dbd812419ca5004eea22056236 bed3f8109c6b496ab3a5d63ed409cf55 - - default default] Successfully bumped revision number for resource 8102b67a-5314-4b3a-87a2-21c644abc4cd (type: security_group_rules) to 0
2026-04-14 06:52:49.356 9 INFO neutron.db.ovn_revision_numbers_db [None req-186ec390-3499-4093-826d-4acbdc0cf9d8 8e48e3dbd812419ca5004eea22056236 bed3f8109c6b496ab3a5d63ed409cf55 - - default default] Successfully bumped revision number for resource bb8af96f-ccdd-4c6e-bc0d-71f53a840a3d (type: security_group_rules) to 0
2026-04-14 06:52:49.366 10 INFO neutron.wsgi [req-a2263c68-6859-4e03-9a70-002ac2a81ac4 req-984ed2fc-aa37-47c4-b998-e6029d43a404 3c75dd45c996441fa726172e7c87476c 20c6709344df44d28735d48523711bad - - 50d5ba81f0dc4f2ab56814b6a00f312e 50d5ba81f0dc4f2ab56814b6a00f312e] 162.253.55.62 "GET /v2.0/ports?tenant_id=19da8ca1200649dfbd17a5b567a365a5&device_id=93f69d41-410f-4d45-a67f-bf5983115e80 HTTP/1.1" status: 200 len: 1636 time: 0.0377696
2026-04-14 06:52:49.375 9 INFO neutron.db.ovn_revision_numbers_db [None req-186ec390-3499-4093-826d-4acbdc0cf9d8 8e48e3dbd812419ca5004eea22056236 bed3f8109c6b496ab3a5d63ed409cf55 - - default default] Successfully bumped revision number for resource fc4d6dff-de73-4046-9e36-947f10ba5418 (type: security_group_rules) to 0
2026-04-14 06:52:49.394 10 INFO neutron.wsgi [req-a2263c68-6859-4e03-9a70-002ac2a81ac4 req-092ed673-0ac7-4691-80b0-7a613582ddda 3c75dd45c996441fa726172e7c87476c 20c6709344df44d28735d48523711bad - - 50d5ba81f0dc4f2ab56814b6a00f312e 50d5ba81f0dc4f2ab56814b6a00f312e] 162.253.55.62 "GET /v2.0/floatingips?fixed_ip_address=10.2.2.27&port_id=9ae8e22c-1f74-4bf7-86ca-9e8f847b2907 HTTP/1.1" status: 200 len: 217 time: 0.0213184
2026-04-14 06:52:49.405 9 INFO neutron.wsgi [None req-186ec390-3499-4093-826d-4acbdc0cf9d8 8e48e3dbd812419ca5004eea22056236 bed3f8109c6b496ab3a5d63ed409cf55 - - default default] 10.0.0.159 "GET /v2.0/security-groups?tenant_id=0a5284f0a6e646158b95c41cdb0ac1b9&name=default HTTP/1.1" status: 200 len: 3000 time: 0.3969297
2026-04-14 06:52:49.419 10 INFO neutron.wsgi [req-a2263c68-6859-4e03-9a70-002ac2a81ac4 req-3dda2cb1-04f9-4427-92f9-0b24ca2f8764 3c75dd45c996441fa726172e7c87476c 20c6709344df44d28735d48523711bad - - 50d5ba81f0dc4f2ab56814b6a00f312e 50d5ba81f0dc4f2ab56814b6a00f312e] 162.253.55.62 "GET /v2.0/floatingips?fixed_ip_address=fd77%3A1457%3A4cf0%3A26a8%3A%3A175&port_id=9ae8e22c-1f74-4bf7-86ca-9e8f847b2907 HTTP/1.1" status: 200 len: 217 time: 0.0200591
2026-04-14 06:52:49.465 10 INFO neutron.wsgi [req-a2263c68-6859-4e03-9a70-002ac2a81ac4 req-bd4f7657-86cc-40b9-82ea-df8c8c3104aa 3c75dd45c996441fa726172e7c87476c 20c6709344df44d28735d48523711bad - - 50d5ba81f0dc4f2ab56814b6a00f312e 50d5ba81f0dc4f2ab56814b6a00f312e] 162.253.55.62 "GET /v2.0/subnets?id=5e477b23-2fe9-48f9-915e-346901faca09&id=2b6486c2-66ea-4865-abd0-140e8c0d440b HTTP/1.1" status: 200 len: 1566 time: 0.0385749
2026-04-14 06:52:49.490 10 INFO neutron.wsgi [req-a2263c68-6859-4e03-9a70-002ac2a81ac4 req-f011b859-c1e2-4300-82d9-a1d34e37cab6 3c75dd45c996441fa726172e7c87476c 20c6709344df44d28735d48523711bad - - 50d5ba81f0dc4f2ab56814b6a00f312e 50d5ba81f0dc4f2ab56814b6a00f312e] 162.253.55.62 "GET /v2.0/ports?network_id=31a01f86-1bab-476a-be4f-35cd51a6e68a&device_owner=network%3Adhcp HTTP/1.1" status: 200 len: 210 time: 0.0189283
2026-04-14 06:52:49.511 10 INFO neutron.wsgi [req-a2263c68-6859-4e03-9a70-002ac2a81ac4 req-e158d595-b170-45d2-9418-84fe35094094 3c75dd45c996441fa726172e7c87476c 20c6709344df44d28735d48523711bad - - 50d5ba81f0dc4f2ab56814b6a00f312e 50d5ba81f0dc4f2ab56814b6a00f312e] 162.253.55.62 "GET /v2.0/ports?network_id=31a01f86-1bab-476a-be4f-35cd51a6e68a&device_owner=network%3Adhcp HTTP/1.1" status: 200 len: 210 time: 0.0174451
2026-04-14 06:52:49.591 10 INFO neutron.wsgi [req-a2263c68-6859-4e03-9a70-002ac2a81ac4 req-447de972-f0de-439f-950b-d269478e85bb 3c75dd45c996441fa726172e7c87476c 20c6709344df44d28735d48523711bad - - 50d5ba81f0dc4f2ab56814b6a00f312e 50d5ba81f0dc4f2ab56814b6a00f312e] 162.253.55.62 "GET /v2.0/networks/31a01f86-1bab-476a-be4f-35cd51a6e68a?fields=segments HTTP/1.1" status: 200 len: 212 time: 0.0752068
2026-04-14 06:52:49.661 9 INFO neutron.wsgi [None req-9c18a3d4-a948-44d6-b40b-1ec4bc1d428c 8e48e3dbd812419ca5004eea22056236 bed3f8109c6b496ab3a5d63ed409cf55 - - default default] 10.0.0.159 "DELETE /v2.0/security-groups/636a2124-146d-449f-9447-7a977e9c7dc0 HTTP/1.1" status: 204 len: 168 time: 0.2492580
2026-04-14 06:52:49.675 10 INFO neutron.wsgi [req-a2263c68-6859-4e03-9a70-002ac2a81ac4 req-5c3a7c2f-3862-4f63-ab87-c286c90ab56d 3c75dd45c996441fa726172e7c87476c 20c6709344df44d28735d48523711bad - - 50d5ba81f0dc4f2ab56814b6a00f312e 50d5ba81f0dc4f2ab56814b6a00f312e] 162.253.55.62 "GET /v2.0/networks/31a01f86-1bab-476a-be4f-35cd51a6e68a?fields=provider%3Aphysical_network&fields=provider%3Anetwork_type HTTP/1.1" status: 200 len: 277 time: 0.0778556
2026-04-14 06:52:49.762 10 INFO neutron.wsgi [req-889cb53c-8a0f-4eff-b7c5-22a901ea38dd req-b55d1eca-76fd-4f83-ac7a-ebac24b40d81 3c75dd45c996441fa726172e7c87476c 20c6709344df44d28735d48523711bad - - 50d5ba81f0dc4f2ab56814b6a00f312e 50d5ba81f0dc4f2ab56814b6a00f312e] 162.253.55.62 "GET /v2.0/ports?tenant_id=19da8ca1200649dfbd17a5b567a365a5&device_id=93f69d41-410f-4d45-a67f-bf5983115e80 HTTP/1.1" status: 200 len: 1636 time: 0.0421174
2026-04-14 06:52:49.853 10 INFO neutron.wsgi [req-889cb53c-8a0f-4eff-b7c5-22a901ea38dd req-e9d5623e-dd11-4253-bd10-b5043b1429c2 3c75dd45c996441fa726172e7c87476c 20c6709344df44d28735d48523711bad - - 50d5ba81f0dc4f2ab56814b6a00f312e 50d5ba81f0dc4f2ab56814b6a00f312e] 162.253.55.62 "GET /v2.0/networks?id=31a01f86-1bab-476a-be4f-35cd51a6e68a HTTP/1.1" status: 200 len: 1002 time: 0.0867989
2026-04-14 06:52:49.890 9 INFO neutron.plugins.ml2.drivers.ovn.mech_driver.mech_driver [None req-43508560-b61f-49c9-9d23-fd51b0189029 - - - - - -] OVN reports status up for port: 9ae8e22c-1f74-4bf7-86ca-9e8f847b2907
2026-04-14 06:52:49.891 10 INFO neutron.wsgi [req-889cb53c-8a0f-4eff-b7c5-22a901ea38dd req-2bf6140d-3fdc-437e-81c6-25284781b499 3c75dd45c996441fa726172e7c87476c 20c6709344df44d28735d48523711bad - - 50d5ba81f0dc4f2ab56814b6a00f312e 50d5ba81f0dc4f2ab56814b6a00f312e] 162.253.55.62 "GET /v2.0/floatingips?fixed_ip_address=10.2.2.27&port_id=9ae8e22c-1f74-4bf7-86ca-9e8f847b2907 HTTP/1.1" status: 200 len: 217 time: 0.0315711
2026-04-14 06:52:49.907 10 WARNING neutron_lib.context [None req-399b206d-300b-4e68-abd5-6234dfb6a617 d2bac88708964b7983cccb0800046ee8 7c2b1b1afcca481086fa4debd57db7f0 - - default default] Method 'is_advsvc' is deprecated since 2023.2 release (neutron-lib 3.8.0) and will be removed once support for the old RBAC API policies will be removed from Neutron. Please use method 'is_service_role' instead.
2026-04-14 06:52:49.927 9 INFO neutron.plugins.ml2.plugin [None req-43508560-b61f-49c9-9d23-fd51b0189029 - - - - - -] Attempt 1 to provision port 9ae8e22c-1f74-4bf7-86ca-9e8f847b2907
2026-04-14 06:52:49.935 9 INFO neutron.db.ovn_revision_numbers_db [None req-0c951176-a33d-4edd-b71e-f7bdfed17bfc 8e48e3dbd812419ca5004eea22056236 bed3f8109c6b496ab3a5d63ed409cf55 - - default default] Successfully bumped revision number for resource 4fb519b3-01a2-4a63-bd1f-02181f721f67 (type: security_groups) to 1
2026-04-14 06:52:49.939 10 INFO neutron.wsgi [req-889cb53c-8a0f-4eff-b7c5-22a901ea38dd req-8296b299-2012-4f73-b988-1c3c5eb7cf1f 3c75dd45c996441fa726172e7c87476c 20c6709344df44d28735d48523711bad - - 50d5ba81f0dc4f2ab56814b6a00f312e 50d5ba81f0dc4f2ab56814b6a00f312e] 162.253.55.62 "GET /v2.0/floatingips?fixed_ip_address=fd77%3A1457%3A4cf0%3A26a8%3A%3A175&port_id=9ae8e22c-1f74-4bf7-86ca-9e8f847b2907 HTTP/1.1" status: 200 len: 217 time: 0.0405862
2026-04-14 06:52:49.983 9 INFO neutron.db.ovn_revision_numbers_db [None req-0c951176-a33d-4edd-b71e-f7bdfed17bfc 8e48e3dbd812419ca5004eea22056236 bed3f8109c6b496ab3a5d63ed409cf55 - - default default] Successfully bumped revision number for resource 65d15597-75a8-4836-b441-baa7c90d1690 (type: security_group_rules) to 0
2026-04-14 06:52:50.003 10 INFO neutron.wsgi [req-889cb53c-8a0f-4eff-b7c5-22a901ea38dd req-05bbc6aa-e720-4211-a033-0814d4af06eb 3c75dd45c996441fa726172e7c87476c 20c6709344df44d28735d48523711bad - - 50d5ba81f0dc4f2ab56814b6a00f312e 50d5ba81f0dc4f2ab56814b6a00f312e] 162.253.55.62 "GET /v2.0/subnets?id=5e477b23-2fe9-48f9-915e-346901faca09&id=2b6486c2-66ea-4865-abd0-140e8c0d440b HTTP/1.1" status: 200 len: 1566 time: 0.0572238
2026-04-14 06:52:50.018 9 INFO neutron.db.ovn_revision_numbers_db [None req-0c951176-a33d-4edd-b71e-f7bdfed17bfc 8e48e3dbd812419ca5004eea22056236 bed3f8109c6b496ab3a5d63ed409cf55 - - default default] Successfully bumped revision number for resource 735d6f59-c338-44ff-afbf-4dcc62f883e0 (type: security_group_rules) to 0
2026-04-14 06:52:50.044 9 INFO neutron.db.ovn_revision_numbers_db [None req-0c951176-a33d-4edd-b71e-f7bdfed17bfc 8e48e3dbd812419ca5004eea22056236 bed3f8109c6b496ab3a5d63ed409cf55 - - default default] Successfully bumped revision number for resource 84d25e35-acfd-4b67-8e81-826edbc5e0ed (type: security_group_rules) to 0
2026-04-14 06:52:50.080 9 INFO neutron.db.ovn_revision_numbers_db [None req-0c951176-a33d-4edd-b71e-f7bdfed17bfc 8e48e3dbd812419ca5004eea22056236 bed3f8109c6b496ab3a5d63ed409cf55 - - default default] Successfully bumped revision number for resource cbe9b7f3-40dd-4a92-a032-7e6a3a6b927f (type: security_group_rules) to 0
2026-04-14 06:52:50.105 9 INFO neutron.notifiers.nova [-] Nova event matching ['req-03765b16-57fb-4d3e-8d02-08a81cf9f2aa'] response: {'server_uuid': '93f69d41-410f-4d45-a67f-bf5983115e80', 'name': 'network-vif-plugged', 'status': 'completed', 'tag': '9ae8e22c-1f74-4bf7-86ca-9e8f847b2907', 'code': 200}
2026-04-14 06:52:50.125 9 INFO neutron.wsgi [None req-0c951176-a33d-4edd-b71e-f7bdfed17bfc 8e48e3dbd812419ca5004eea22056236 bed3f8109c6b496ab3a5d63ed409cf55 - - default default] 10.0.0.159 "GET /v2.0/security-groups?tenant_id=db5a9c76b87d456ca885595cec6ea394&name=default HTTP/1.1" status: 200 len: 3000 time: 0.3624060
2026-04-14 06:52:50.227 10 INFO neutron.wsgi [req-889cb53c-8a0f-4eff-b7c5-22a901ea38dd req-6db8b2c3-7799-426a-9a03-353eb66dc179 3c75dd45c996441fa726172e7c87476c 20c6709344df44d28735d48523711bad - - 50d5ba81f0dc4f2ab56814b6a00f312e 50d5ba81f0dc4f2ab56814b6a00f312e] 162.253.55.62 "GET /v2.0/ports?network_id=31a01f86-1bab-476a-be4f-35cd51a6e68a&device_owner=network%3Adhcp HTTP/1.1" status: 200 len: 210 time: 0.2122238
2026-04-14 06:52:50.263 10 INFO neutron.wsgi [req-889cb53c-8a0f-4eff-b7c5-22a901ea38dd req-105d7aef-68d2-4e7b-9a8d-429a429b37d6 3c75dd45c996441fa726172e7c87476c 20c6709344df44d28735d48523711bad - - 50d5ba81f0dc4f2ab56814b6a00f312e 50d5ba81f0dc4f2ab56814b6a00f312e] 162.253.55.62 "GET /v2.0/ports?network_id=31a01f86-1bab-476a-be4f-35cd51a6e68a&device_owner=network%3Adhcp HTTP/1.1" status: 200 len: 210 time: 0.0211451
2026-04-14 06:52:50.335 10 INFO neutron.db.ovn_revision_numbers_db [None req-399b206d-300b-4e68-abd5-6234dfb6a617 d2bac88708964b7983cccb0800046ee8 7c2b1b1afcca481086fa4debd57db7f0 - - default default] Successfully bumped revision number for resource 50295236-93bd-4dc5-b755-5f4ff7c859e6 (type: security_groups) to 1
2026-04-14 06:52:50.339 10 INFO neutron.wsgi [req-889cb53c-8a0f-4eff-b7c5-22a901ea38dd req-8d8d5eb8-02f7-4804-aa56-923c0e0e6a9f 3c75dd45c996441fa726172e7c87476c 20c6709344df44d28735d48523711bad - - 50d5ba81f0dc4f2ab56814b6a00f312e 50d5ba81f0dc4f2ab56814b6a00f312e] 162.253.55.62 "GET /v2.0/networks/31a01f86-1bab-476a-be4f-35cd51a6e68a?fields=segments HTTP/1.1" status: 200 len: 212 time: 0.0689054
2026-04-14 06:52:50.354 10 INFO neutron.db.ovn_revision_numbers_db [None req-399b206d-300b-4e68-abd5-6234dfb6a617 d2bac88708964b7983cccb0800046ee8 7c2b1b1afcca481086fa4debd57db7f0 - - default default] Successfully bumped revision number for resource 4bbb791c-11d4-4643-8c93-e0cc3e187998 (type: security_group_rules) to 0
2026-04-14 06:52:50.385 9 INFO neutron.db.ovn_revision_numbers_db [None req-43508560-b61f-49c9-9d23-fd51b0189029 - - - - - -] Successfully bumped revision number for resource 9ae8e22c-1f74-4bf7-86ca-9e8f847b2907 (type: ports) to 4
2026-04-14 06:52:50.386 10 INFO neutron.db.ovn_revision_numbers_db [None req-399b206d-300b-4e68-abd5-6234dfb6a617 d2bac88708964b7983cccb0800046ee8 7c2b1b1afcca481086fa4debd57db7f0 - - default default] Successfully bumped revision number for resource 5ba6544c-e7c6-45b2-9440-6e6af895feb1 (type: security_group_rules) to 0
2026-04-14 06:52:50.404 10 INFO neutron.db.ovn_revision_numbers_db [None req-399b206d-300b-4e68-abd5-6234dfb6a617 d2bac88708964b7983cccb0800046ee8 7c2b1b1afcca481086fa4debd57db7f0 - - default default] Successfully bumped revision number for resource 5d166ad1-690c-403a-9aa8-f31014bb4c1a (type: security_group_rules) to 0
2026-04-14 06:52:50.415 10 INFO neutron.wsgi [req-889cb53c-8a0f-4eff-b7c5-22a901ea38dd req-c9b6bfd4-f3db-419b-9b2a-63ae269e5fe2 3c75dd45c996441fa726172e7c87476c 20c6709344df44d28735d48523711bad - - 50d5ba81f0dc4f2ab56814b6a00f312e 50d5ba81f0dc4f2ab56814b6a00f312e] 162.253.55.62 "GET /v2.0/networks/31a01f86-1bab-476a-be4f-35cd51a6e68a?fields=provider%3Aphysical_network&fields=provider%3Anetwork_type HTTP/1.1" status: 200 len: 277 time: 0.0623302
2026-04-14 06:52:50.421 10 INFO neutron.db.ovn_revision_numbers_db [None req-399b206d-300b-4e68-abd5-6234dfb6a617 d2bac88708964b7983cccb0800046ee8 7c2b1b1afcca481086fa4debd57db7f0 - - default default] Successfully bumped revision number for resource c103da6f-7415-4741-93b5-541e592ac738 (type: security_group_rules) to 0
2026-04-14 06:52:50.447 9 INFO neutron.wsgi [None req-f026051e-9d13-490d-a759-fd49f73b1ec2 8e48e3dbd812419ca5004eea22056236 bed3f8109c6b496ab3a5d63ed409cf55 - - default default] 10.0.0.159 "DELETE /v2.0/security-groups/4fb519b3-01a2-4a63-bd1f-02181f721f67 HTTP/1.1" status: 204 len: 168 time: 0.3070145
2026-04-14 06:52:50.513 10 INFO neutron.db.ovn_revision_numbers_db [None req-399b206d-300b-4e68-abd5-6234dfb6a617 d2bac88708964b7983cccb0800046ee8 7c2b1b1afcca481086fa4debd57db7f0 - - default default] Successfully bumped revision number for resource 7d5903bf-4517-41e2-9e9b-6487c9075064 (type: security_groups) to 1
2026-04-14 06:52:50.526 10 INFO neutron.db.ovn_revision_numbers_db [None req-399b206d-300b-4e68-abd5-6234dfb6a617 d2bac88708964b7983cccb0800046ee8 7c2b1b1afcca481086fa4debd57db7f0 - - default default] Successfully bumped revision number for resource 43f7c45e-785e-4d47-a147-aa557be50dcd (type: security_group_rules) to 0
2026-04-14 06:52:50.540 10 INFO neutron.db.ovn_revision_numbers_db [None req-399b206d-300b-4e68-abd5-6234dfb6a617 d2bac88708964b7983cccb0800046ee8 7c2b1b1afcca481086fa4debd57db7f0 - - default default] Successfully bumped revision number for resource ad769b03-17af-491d-b900-83f3d3fd5bc8 (type: security_group_rules) to 0
2026-04-14 06:52:50.566 10 INFO neutron.wsgi [None req-399b206d-300b-4e68-abd5-6234dfb6a617 d2bac88708964b7983cccb0800046ee8 7c2b1b1afcca481086fa4debd57db7f0 - - default default] 10.0.0.159 "POST /v2.0/security-groups HTTP/1.1" status: 201 len: 1739 time: 0.8696442
2026-04-14 06:52:50.632 10 INFO neutron.wsgi [None req-51d3b756-9d7a-4ecf-a2e5-11a63bdae362 d2bac88708964b7983cccb0800046ee8 7c2b1b1afcca481086fa4debd57db7f0 - - default default] 10.0.0.159 "PUT /v2.0/security-groups/7d5903bf-4517-41e2-9e9b-6487c9075064/tags HTTP/1.1" status: 200 len: 218 time: 0.0592630 /var/lib/openstack/lib/python3.10/site-packages/pycadf/identifier.py:71: UserWarning: Invalid uuid: neutron. To ensure interoperability, identifiers should be a valid uuid. warnings.warn(('Invalid uuid: %s. To ensure interoperability, '
2026-04-14 06:52:50.667 10 INFO neutron.wsgi [None req-4d02a31f-4843-4500-ba0b-713aa541ee22 8e48e3dbd812419ca5004eea22056236 bed3f8109c6b496ab3a5d63ed409cf55 - - default default] 10.0.0.159 "GET /v2.0/security-groups?tenant_id=d610e892751149dda7b5815be04e8eaf&name=default HTTP/1.1" status: 200 len: 3000 time: 0.0424123
2026-04-14 06:52:50.668 9 INFO neutron.wsgi [None req-2eb3807e-70e7-47a2-9c1e-520dc5619e0b d2bac88708964b7983cccb0800046ee8 7c2b1b1afcca481086fa4debd57db7f0 - - default default] 10.0.0.159 "GET /v2.0/security-groups/7d5903bf-4517-41e2-9e9b-6487c9075064/tags HTTP/1.1" status: 200 len: 218 time: 0.0294783
2026-04-14 06:52:50.725 10 INFO neutron.wsgi [None req-08fe0742-37fe-44a1-83ed-521fe5dd4a1f d2bac88708964b7983cccb0800046ee8 7c2b1b1afcca481086fa4debd57db7f0 - - default default] 10.0.0.159 "PUT /v2.0/security-groups/7d5903bf-4517-41e2-9e9b-6487c9075064/tags/green HTTP/1.1" status: 201 len: 201 time: 0.0492134
2026-04-14 06:52:50.753 10 INFO neutron.wsgi [None req-4776acd0-4c8e-4060-8652-b36661f19399 d2bac88708964b7983cccb0800046ee8 7c2b1b1afcca481086fa4debd57db7f0 - - default default] 10.0.0.159 "GET /v2.0/security-groups/7d5903bf-4517-41e2-9e9b-6487c9075064/tags HTTP/1.1" status: 200 len: 227 time: 0.0234873
2026-04-14 06:52:50.786 10 INFO neutron.wsgi [None req-cb7c8cc4-35e4-482b-ac11-3ea2d253415b d2bac88708964b7983cccb0800046ee8 7c2b1b1afcca481086fa4debd57db7f0 - - default default] 10.0.0.159 "PUT /v2.0/security-groups/7d5903bf-4517-41e2-9e9b-6487c9075064/tags/red HTTP/1.1" status: 201 len: 201 time: 0.0286531
2026-04-14 06:52:50.820 10 INFO neutron.wsgi [None req-7a040c74-83f1-4c60-a9e9-8eba5fb6d2a0 d2bac88708964b7983cccb0800046ee8 7c2b1b1afcca481086fa4debd57db7f0 - - default default] 10.0.0.159 "GET /v2.0/security-groups/7d5903bf-4517-41e2-9e9b-6487c9075064/tags HTTP/1.1" status: 200 len: 227 time: 0.0283854
2026-04-14 06:52:50.871 10 INFO neutron.wsgi [None req-072f1e35-cc93-4b05-89f9-33fa9b47bcbb d2bac88708964b7983cccb0800046ee8 7c2b1b1afcca481086fa4debd57db7f0 - - default default] 10.0.0.159 "PUT /v2.0/security-groups/7d5903bf-4517-41e2-9e9b-6487c9075064/tags/black.or.white HTTP/1.1" status: 201 len: 201 time: 0.0450711
2026-04-14 06:52:50.879 9 INFO neutron.wsgi [None req-45904529-2b89-4e43-ba22-e392a272be23 8e48e3dbd812419ca5004eea22056236 bed3f8109c6b496ab3a5d63ed409cf55 - - default default] 10.0.0.159 "DELETE /v2.0/security-groups/fa9ee6f9-cea6-4ba7-af8c-604b3e3c7970 HTTP/1.1" status: 204 len: 168 time: 0.2054613
2026-04-14 06:52:50.905 10 INFO neutron.wsgi [None req-c3c9a768-9299-4e18-9726-29e1636988d3 d2bac88708964b7983cccb0800046ee8 7c2b1b1afcca481086fa4debd57db7f0 - - default default] 10.0.0.159 "GET /v2.0/security-groups/7d5903bf-4517-41e2-9e9b-6487c9075064/tags HTTP/1.1" status: 200 len: 245 time: 0.0292370
2026-04-14 06:52:50.949 10 INFO neutron.wsgi [None req-29e96026-65f7-4b12-81bd-807e5209b65d d2bac88708964b7983cccb0800046ee8 7c2b1b1afcca481086fa4debd57db7f0 - - default default] 10.0.0.159 "PUT /v2.0/security-groups/7d5903bf-4517-41e2-9e9b-6487c9075064/tags HTTP/1.1" status: 200 len: 230 time: 0.0373333
2026-04-14 06:52:50.977 10 INFO neutron.wsgi [None req-2c8903da-2fe5-4625-86b6-737960e881a7 d2bac88708964b7983cccb0800046ee8 7c2b1b1afcca481086fa4debd57db7f0 - - default default] 10.0.0.159 "GET /v2.0/security-groups/7d5903bf-4517-41e2-9e9b-6487c9075064/tags HTTP/1.1" status: 200 len: 230 time: 0.0241299
2026-04-14 06:52:51.005 10 INFO neutron.wsgi [None req-fd2be20b-c7ab-40d3-80f9-b1d9dca26309 d2bac88708964b7983cccb0800046ee8 7c2b1b1afcca481086fa4debd57db7f0 - - default default] 10.0.0.159 "GET /v2.0/security-groups/7d5903bf-4517-41e2-9e9b-6487c9075064/tags/red HTTP/1.1" status: 204 len: 168 time: 0.0234456
2026-04-14 06:52:51.093 10 INFO neutron.api.v2.resource [None req-29c66b1a-6bcc-43e9-8219-2be9f1ae18ee d2bac88708964b7983cccb0800046ee8 7c2b1b1afcca481086fa4debd57db7f0 - - default default] show failed (client error): The resource could not be found.
2026-04-14 06:52:51.095 10 INFO neutron.wsgi [None req-29c66b1a-6bcc-43e9-8219-2be9f1ae18ee d2bac88708964b7983cccb0800046ee8 7c2b1b1afcca481086fa4debd57db7f0 - - default default] 10.0.0.159 "GET /v2.0/security-groups/7d5903bf-4517-41e2-9e9b-6487c9075064/tags/green HTTP/1.1" status: 404 len: 299 time: 0.0861254
2026-04-14 06:52:51.138 10 INFO neutron.wsgi [None req-6ef52e1f-385c-4659-9ce0-c53c35e546a0 d2bac88708964b7983cccb0800046ee8 7c2b1b1afcca481086fa4debd57db7f0 - - default default] 10.0.0.159 "DELETE /v2.0/security-groups/7d5903bf-4517-41e2-9e9b-6487c9075064/tags/red HTTP/1.1" status: 204 len: 168 time: 0.0366058
2026-04-14 06:52:51.174 10 INFO neutron.wsgi [None req-3f5c0c55-9188-433c-8146-9ba960114f90 d2bac88708964b7983cccb0800046ee8 7c2b1b1afcca481086fa4debd57db7f0 - - default default] 10.0.0.159 "GET /v2.0/security-groups/7d5903bf-4517-41e2-9e9b-6487c9075064/tags HTTP/1.1" status: 200 len: 223 time: 0.0304885
2026-04-14 06:52:51.206 10 INFO neutron.api.v2.resource [None req-0f38d591-97f1-4fb0-958f-880e25715353 d2bac88708964b7983cccb0800046ee8 7c2b1b1afcca481086fa4debd57db7f0 - - default default] delete failed (client error): The resource could not be found.
2026-04-14 06:52:51.208 10 INFO neutron.wsgi [None req-0f38d591-97f1-4fb0-958f-880e25715353 d2bac88708964b7983cccb0800046ee8 7c2b1b1afcca481086fa4debd57db7f0 - - default default] 10.0.0.159 "DELETE /v2.0/security-groups/7d5903bf-4517-41e2-9e9b-6487c9075064/tags/green HTTP/1.1" status: 404 len: 299 time: 0.0287166
2026-04-14 06:52:51.261 10 INFO neutron.wsgi [None req-c2f8d9ab-d211-47b0-9a8e-faecdd5a8e70 d2bac88708964b7983cccb0800046ee8 7c2b1b1afcca481086fa4debd57db7f0 - - default default] 10.0.0.159 "DELETE /v2.0/security-groups/7d5903bf-4517-41e2-9e9b-6487c9075064/tags HTTP/1.1" status: 204 len: 168 time: 0.0458305
2026-04-14 06:52:51.296 9 INFO neutron.wsgi [None req-4812bd7e-6a20-4591-a3c3-d60b47cd741c d2bac88708964b7983cccb0800046ee8 7c2b1b1afcca481086fa4debd57db7f0 - - default default] 10.0.0.159 "GET /v2.0/security-groups/7d5903bf-4517-41e2-9e9b-6487c9075064/tags HTTP/1.1" status: 200 len: 205 time: 0.0273447
2026-04-14 06:52:51.364 10 INFO neutron.wsgi [-] 10.0.0.208 "GET / HTTP/1.1" status: 200 len: 247 time: 0.0039937
2026-04-14 06:52:51.368 10 INFO neutron.wsgi [-] 10.0.0.208 "GET / HTTP/1.1" status: 200 len: 247 time: 0.0021417
2026-04-14 06:52:51.413 9 INFO neutron.wsgi [None req-2765bf5b-c557-4553-ab74-e301ef250bef d2bac88708964b7983cccb0800046ee8 7c2b1b1afcca481086fa4debd57db7f0 - - default default] 10.0.0.159 "DELETE /v2.0/security-groups/7d5903bf-4517-41e2-9e9b-6487c9075064 HTTP/1.1" status: 204 len: 168 time: 0.1105492
2026-04-14 06:52:52.154 9 INFO neutron.notifiers.nova [-] Nova event matching ['req-882155c9-e932-4283-b10e-3e113d73631b'] response: {'server_uuid': '93f69d41-410f-4d45-a67f-bf5983115e80', 'name': 'network-vif-plugged', 'status': 'completed', 'tag': '9ae8e22c-1f74-4bf7-86ca-9e8f847b2907', 'code': 200}
2026-04-14 06:52:52.289 10 INFO neutron.wsgi [req-ad9269fd-2b43-48b6-bad0-cedb8fba50a3 req-25ecb806-61ff-4a23-a64e-f7637ea754fd fce5a011465c4162ab50cb3cb70dda0f 19da8ca1200649dfbd17a5b567a365a5 - - default default] 10.0.0.72 "GET /v2.0/ports?device_id=93f69d41-410f-4d45-a67f-bf5983115e80 HTTP/1.1" status: 200 len: 1400 time: 0.1352894
2026-04-14 06:52:52.346 10 INFO neutron.wsgi [req-ad9269fd-2b43-48b6-bad0-cedb8fba50a3 req-caca858b-a376-43a8-91e3-4848eef08686 fce5a011465c4162ab50cb3cb70dda0f 19da8ca1200649dfbd17a5b567a365a5 - - default default] 10.0.0.72 "GET /v2.0/security-groups?id=8a437bf9-972c-4bef-a1a2-5c0b18270079&fields=id&fields=name HTTP/1.1" status: 200 len: 310 time: 0.0488062
2026-04-14 06:52:52.416 10 INFO neutron.wsgi [None req-f9177b36-c01f-4371-8c4a-067eab91e7d3 fce5a011465c4162ab50cb3cb70dda0f 19da8ca1200649dfbd17a5b567a365a5 - - default default] 10.0.0.159 "GET /v2.0/ports?network_id=31a01f86-1bab-476a-be4f-35cd51a6e68a&mac_address=fa%3A16%3A3e%3Abf%3Aef%3Aa3 HTTP/1.1" status: 200 len: 1395 time: 0.0428953
2026-04-14 06:52:52.427 10 WARNING neutron_lib.context [None req-66485219-3705-45eb-8a91-fb91007c8499 fce5a011465c4162ab50cb3cb70dda0f 19da8ca1200649dfbd17a5b567a365a5 - - default default] Method 'is_advsvc' is deprecated since 2023.2 release (neutron-lib 3.8.0) and will be removed once support for the old RBAC API policies will be removed from Neutron. Please use method 'is_service_role' instead.
2026-04-14 06:52:52.500 10 INFO neutron.db.ovn_revision_numbers_db [None req-61a7e377-a0b0-439f-b55a-99744de7c92b 8e48e3dbd812419ca5004eea22056236 bed3f8109c6b496ab3a5d63ed409cf55 - - default default] Successfully bumped revision number for resource 83d2a1d0-17ac-4050-a587-33db081b055c (type: security_groups) to 1
2026-04-14 06:52:52.518 10 INFO neutron.db.ovn_revision_numbers_db [None req-61a7e377-a0b0-439f-b55a-99744de7c92b 8e48e3dbd812419ca5004eea22056236 bed3f8109c6b496ab3a5d63ed409cf55 - - default default] Successfully bumped revision number for resource 27b52768-9e2c-4501-9f86-260ab48ff3c4 (type: security_group_rules) to 0
2026-04-14 06:52:52.538 10 INFO neutron.db.ovn_revision_numbers_db [None req-61a7e377-a0b0-439f-b55a-99744de7c92b 8e48e3dbd812419ca5004eea22056236 bed3f8109c6b496ab3a5d63ed409cf55 - - default default] Successfully bumped revision number for resource 69ac6fd6-2f28-4f31-be6b-e09a2c604db4 (type: security_group_rules) to 0
2026-04-14 06:52:52.557 10 INFO neutron.db.ovn_revision_numbers_db [None req-61a7e377-a0b0-439f-b55a-99744de7c92b 8e48e3dbd812419ca5004eea22056236 bed3f8109c6b496ab3a5d63ed409cf55 - - default default] Successfully bumped revision number for resource 8d9636db-1a26-4cf4-8572-e15fba82cc9d (type: security_group_rules) to 0
2026-04-14 06:52:52.578 10 INFO neutron.db.ovn_revision_numbers_db [None req-61a7e377-a0b0-439f-b55a-99744de7c92b 8e48e3dbd812419ca5004eea22056236 bed3f8109c6b496ab3a5d63ed409cf55 - - default default] Successfully bumped revision number for resource d782c2c2-6456-49ed-b113-8c4d7890a236 (type: security_group_rules) to 0
2026-04-14 06:52:52.609 10 INFO neutron.wsgi [None req-61a7e377-a0b0-439f-b55a-99744de7c92b 8e48e3dbd812419ca5004eea22056236 bed3f8109c6b496ab3a5d63ed409cf55 - - default default] 10.0.0.159 "GET /v2.0/security-groups?tenant_id=7a13018cd8b34630b70782875b60e55c&name=default HTTP/1.1" status: 200 len: 3000 time: 0.5348885
2026-04-14 06:52:52.707 10 WARNING neutron.scheduler.dhcp_agent_scheduler [None req-66485219-3705-45eb-8a91-fb91007c8499 fce5a011465c4162ab50cb3cb70dda0f 19da8ca1200649dfbd17a5b567a365a5 - - default default] No more DHCP agents
2026-04-14 06:52:52.708 10 WARNING neutron.api.rpc.agentnotifiers.dhcp_rpc_agent_api [None req-66485219-3705-45eb-8a91-fb91007c8499 fce5a011465c4162ab50cb3cb70dda0f 19da8ca1200649dfbd17a5b567a365a5 - - default default] Unable to schedule network 889f5795-88d7-46f7-9c2f-28e66ef80dff: no agents available; will retry on subsequent port and subnet creation events.
2026-04-14 06:52:52.827 9 INFO neutron.wsgi [None req-d4d23958-506f-42e1-b80c-bddc865bf063 8e48e3dbd812419ca5004eea22056236 bed3f8109c6b496ab3a5d63ed409cf55 - - default default] 10.0.0.159 "DELETE /v2.0/security-groups/83d2a1d0-17ac-4050-a587-33db081b055c HTTP/1.1" status: 204 len: 168 time: 0.2089391
2026-04-14 06:52:53.070 10 INFO neutron.wsgi [None req-b954f26b-9610-4c72-b639-031bbfa3ebfa 8e48e3dbd812419ca5004eea22056236 bed3f8109c6b496ab3a5d63ed409cf55 - - default default] 10.0.0.159 "GET /v2.0/security-groups?tenant_id=7c2b1b1afcca481086fa4debd57db7f0&name=default HTTP/1.1" status: 200 len: 3000 time: 0.0542626
2026-04-14 06:52:53.204 10 INFO neutron.db.l3_db [None req-66485219-3705-45eb-8a91-fb91007c8499 fce5a011465c4162ab50cb3cb70dda0f 19da8ca1200649dfbd17a5b567a365a5 - - default default] Floating IP a99bc8e9-8232-4dc4-bd2f-474a7965829d associated. External IP: 10.96.250.201, port: 9ae8e22c-1f74-4bf7-86ca-9e8f847b2907.
2026-04-14 06:52:53.254 9 INFO neutron.wsgi [req-cd88d166-0525-47e2-b5e6-1bc1e68e803f req-49a2f0dd-379d-4243-a0f1-21bf3f5069a0 3c75dd45c996441fa726172e7c87476c 20c6709344df44d28735d48523711bad - - 50d5ba81f0dc4f2ab56814b6a00f312e 50d5ba81f0dc4f2ab56814b6a00f312e] 10.0.0.69 "GET /v2.0/ports?device_id=85e1d73d-d93f-49cf-b45a-3b4da97916b7 HTTP/1.1" status: 200 len: 1634 time: 0.0667381
2026-04-14 06:52:53.313 9 INFO neutron.wsgi [req-cd88d166-0525-47e2-b5e6-1bc1e68e803f req-88d4df53-10f3-4bd2-8d89-fa0b3bca827c 3c75dd45c996441fa726172e7c87476c 20c6709344df44d28735d48523711bad - - 50d5ba81f0dc4f2ab56814b6a00f312e 50d5ba81f0dc4f2ab56814b6a00f312e] 10.0.0.69 "GET /v2.0/security-groups?id=8a437bf9-972c-4bef-a1a2-5c0b18270079&fields=id&fields=name HTTP/1.1" status: 200 len: 310 time: 0.0495999
2026-04-14 06:52:53.363 9 INFO neutron.wsgi [None req-7e56a351-9db4-4fbb-9838-e048356d5128 8e48e3dbd812419ca5004eea22056236 bed3f8109c6b496ab3a5d63ed409cf55 - - default default] 10.0.0.159 "DELETE /v2.0/security-groups/50295236-93bd-4dc5-b755-5f4ff7c859e6 HTTP/1.1" status: 204 len: 168 time: 0.2860651
2026-04-14 06:52:53.498 10 INFO neutron.db.ovn_revision_numbers_db [None req-66485219-3705-45eb-8a91-fb91007c8499 fce5a011465c4162ab50cb3cb70dda0f 19da8ca1200649dfbd17a5b567a365a5 - - default default] Successfully bumped revision number for resource a99bc8e9-8232-4dc4-bd2f-474a7965829d (type: floatingips) to 0
2026-04-14 06:52:53.616 10 INFO neutron.db.ovn_revision_numbers_db [None req-66485219-3705-45eb-8a91-fb91007c8499 fce5a011465c4162ab50cb3cb70dda0f 19da8ca1200649dfbd17a5b567a365a5 - - default default] Successfully bumped revision number for resource a99bc8e9-8232-4dc4-bd2f-474a7965829d (type: floatingips) to 1
2026-04-14 06:52:53.664 10 INFO neutron.wsgi [None req-66485219-3705-45eb-8a91-fb91007c8499 fce5a011465c4162ab50cb3cb70dda0f 19da8ca1200649dfbd17a5b567a365a5 - - default default] 10.0.0.159 "POST /v2.0/floatingips HTTP/1.1" status: 201 len: 1053 time: 1.2428753
2026-04-14 06:52:53.710 10 INFO neutron.notifiers.nova [-] Nova event matching ['req-253ecd30-96a5-4e4e-b1fd-39a0b5a2f8f1'] response: {'name': 'network-changed', 'server_uuid': '93f69d41-410f-4d45-a67f-bf5983115e80', 'tag': '9ae8e22c-1f74-4bf7-86ca-9e8f847b2907', 'status': 'completed', 'code': 200} /var/lib/openstack/lib/python3.10/site-packages/pycadf/identifier.py:71: UserWarning: Invalid uuid: neutron. To ensure interoperability, identifiers should be a valid uuid. warnings.warn(('Invalid uuid: %s. To ensure interoperability, '
2026-04-14 06:52:53.786 10 INFO neutron.wsgi [req-bd886d8f-4ab7-4d5b-8f8b-6f80e0dbf61d req-eae24747-70ef-4aa3-a8d4-dbc5526e7ce8 3c75dd45c996441fa726172e7c87476c 20c6709344df44d28735d48523711bad - - 50d5ba81f0dc4f2ab56814b6a00f312e 50d5ba81f0dc4f2ab56814b6a00f312e] 162.253.55.62 "GET /v2.0/ports?tenant_id=19da8ca1200649dfbd17a5b567a365a5&device_id=93f69d41-410f-4d45-a67f-bf5983115e80 HTTP/1.1" status: 200 len: 1638 time: 0.0446775
2026-04-14 06:52:53.855 10 INFO neutron.wsgi [req-bd886d8f-4ab7-4d5b-8f8b-6f80e0dbf61d req-28cf685d-4fe6-47ae-9b19-7533ec2b7ee4 3c75dd45c996441fa726172e7c87476c 20c6709344df44d28735d48523711bad - - 50d5ba81f0dc4f2ab56814b6a00f312e 50d5ba81f0dc4f2ab56814b6a00f312e] 162.253.55.62 "GET /v2.0/networks?id=31a01f86-1bab-476a-be4f-35cd51a6e68a HTTP/1.1" status: 200 len: 1002 time: 0.0609236
2026-04-14 06:52:53.910 10 INFO neutron.wsgi [req-bd886d8f-4ab7-4d5b-8f8b-6f80e0dbf61d req-38eb586b-707b-4976-9935-41dbdcb04010 3c75dd45c996441fa726172e7c87476c 20c6709344df44d28735d48523711bad - - 50d5ba81f0dc4f2ab56814b6a00f312e 50d5ba81f0dc4f2ab56814b6a00f312e] 162.253.55.62 "GET /v2.0/floatingips?fixed_ip_address=10.2.2.27&port_id=9ae8e22c-1f74-4bf7-86ca-9e8f847b2907 HTTP/1.1" status: 200 len: 1058 time: 0.0482759
2026-04-14 06:52:53.940 10 INFO neutron.wsgi [req-bd886d8f-4ab7-4d5b-8f8b-6f80e0dbf61d req-1d2d1403-bbba-40db-af68-1b09639d54d2 3c75dd45c996441fa726172e7c87476c 20c6709344df44d28735d48523711bad - - 50d5ba81f0dc4f2ab56814b6a00f312e 50d5ba81f0dc4f2ab56814b6a00f312e] 162.253.55.62 "GET /v2.0/floatingips?fixed_ip_address=fd77%3A1457%3A4cf0%3A26a8%3A%3A175&port_id=9ae8e22c-1f74-4bf7-86ca-9e8f847b2907 HTTP/1.1" status: 200 len: 217 time: 0.0241776
2026-04-14 06:52:53.981 10 INFO neutron.wsgi [req-bd886d8f-4ab7-4d5b-8f8b-6f80e0dbf61d req-a7122822-74c7-4ac2-ad6d-334e0cbada59 3c75dd45c996441fa726172e7c87476c 20c6709344df44d28735d48523711bad - - 50d5ba81f0dc4f2ab56814b6a00f312e 50d5ba81f0dc4f2ab56814b6a00f312e] 162.253.55.62 "GET /v2.0/subnets?id=5e477b23-2fe9-48f9-915e-346901faca09&id=2b6486c2-66ea-4865-abd0-140e8c0d440b HTTP/1.1" status: 200 len: 1566 time: 0.0351467
2026-04-14 06:52:54.006 10 INFO neutron.wsgi [req-bd886d8f-4ab7-4d5b-8f8b-6f80e0dbf61d req-74af359b-91e5-4423-9e4f-c33b1383a962 3c75dd45c996441fa726172e7c87476c 20c6709344df44d28735d48523711bad - - 50d5ba81f0dc4f2ab56814b6a00f312e 50d5ba81f0dc4f2ab56814b6a00f312e] 162.253.55.62 "GET /v2.0/ports?network_id=31a01f86-1bab-476a-be4f-35cd51a6e68a&device_owner=network%3Adhcp HTTP/1.1" status: 200 len: 210 time: 0.0190613
2026-04-14 06:52:54.032 10 INFO neutron.wsgi [req-bd886d8f-4ab7-4d5b-8f8b-6f80e0dbf61d req-8c7f1404-f655-4b2b-b978-3c592081947c 3c75dd45c996441fa726172e7c87476c 20c6709344df44d28735d48523711bad - - 50d5ba81f0dc4f2ab56814b6a00f312e 50d5ba81f0dc4f2ab56814b6a00f312e] 162.253.55.62 "GET /v2.0/ports?network_id=31a01f86-1bab-476a-be4f-35cd51a6e68a&device_owner=network%3Adhcp HTTP/1.1" status: 200 len: 210 time: 0.0188723
2026-04-14 06:52:54.096 10 INFO neutron.wsgi [req-bd886d8f-4ab7-4d5b-8f8b-6f80e0dbf61d req-609176bb-9c5f-4482-8462-fb2eed5a222c 3c75dd45c996441fa726172e7c87476c 20c6709344df44d28735d48523711bad - - 50d5ba81f0dc4f2ab56814b6a00f312e 50d5ba81f0dc4f2ab56814b6a00f312e] 162.253.55.62 "GET /v2.0/networks/31a01f86-1bab-476a-be4f-35cd51a6e68a?fields=segments HTTP/1.1" status: 200 len: 212 time: 0.0570540
2026-04-14 06:52:54.172 10 INFO neutron.wsgi [req-bd886d8f-4ab7-4d5b-8f8b-6f80e0dbf61d req-131e3234-57aa-4120-a02a-f6d16fd4e8c1 3c75dd45c996441fa726172e7c87476c 20c6709344df44d28735d48523711bad - - 50d5ba81f0dc4f2ab56814b6a00f312e 50d5ba81f0dc4f2ab56814b6a00f312e] 162.253.55.62 "GET /v2.0/networks/31a01f86-1bab-476a-be4f-35cd51a6e68a?fields=provider%3Aphysical_network&fields=provider%3Anetwork_type HTTP/1.1" status: 200 len: 277 time: 0.0698929
2026-04-14 06:52:54.367 9 INFO neutron.wsgi [None req-9373b5c7-deac-41da-a130-f071cc343dd0 8e48e3dbd812419ca5004eea22056236 bed3f8109c6b496ab3a5d63ed409cf55 - - default default] 10.0.0.126 "GET /v2.0/subnets HTTP/1.1" status: 200 len: 5498 time: 0.1726453
2026-04-14 06:52:54.471 9 INFO neutron.wsgi [None req-e533f2a3-b93f-4722-bb62-0ab45b7773e7 8e48e3dbd812419ca5004eea22056236 bed3f8109c6b496ab3a5d63ed409cf55 - - default default] 10.0.0.126 "GET /v2.0/routers HTTP/1.1" status: 200 len: 850 time: 0.1014695
2026-04-14 06:52:54.487 9 INFO neutron.wsgi [None req-7f5fb0a4-7383-48c0-ad15-d552bd217e14 8e48e3dbd812419ca5004eea22056236 bed3f8109c6b496ab3a5d63ed409cf55 - - default default] 10.0.0.126 "GET /v2.0/agents?binary=ovn-controller HTTP/1.1" status: 200 len: 591 time: 0.0125468
2026-04-14 06:52:54.594 9 INFO neutron.wsgi [None req-b1406ea5-0e92-4f6e-9e85-f9741ac230d5 8e48e3dbd812419ca5004eea22056236 bed3f8109c6b496ab3a5d63ed409cf55 - - default default] 10.0.0.126 "GET /v2.0/networks HTTP/1.1" status: 200 len: 4720 time: 0.1059513
2026-04-14 06:52:54.687 9 INFO neutron.wsgi [None req-a35cd307-ce75-44e0-a332-8fc89565cd90 8e48e3dbd812419ca5004eea22056236 bed3f8109c6b496ab3a5d63ed409cf55 - - default default] 10.0.0.126 "GET /v2.0/security-groups HTTP/1.1" status: 200 len: 27523 time: 0.0818977
