2026-04-14 06:51:23.514 10 INFO neutron.db.ovn_revision_numbers_db [None req-3e086af7-fea8-4865-8a31-dfd8f16ce915 789215c01d0d407090e5e8d96fd4e1d7 161977d4d3204128bd323fb747e56e86 - - default default] Successfully bumped revision number for resource 921e2cd9-d51e-448c-a6ed-ee80ab072cf4 (type: floatingips) to 1
2026-04-14 06:51:23.615 9 INFO neutron.wsgi [None req-5a63db25-16b5-4c89-b82e-7bfc4cbf16c6 e2097556210744aab2defcb3430e455c 72c66d3973c145fbb3880b635e8972b4 - - default default] 10.0.0.159 "DELETE /v2.0/security-groups/8ec1e36f-3373-4170-abda-c6eb223a9a5e HTTP/1.1" status: 204 len: 168 time: 0.1223407
2026-04-14 06:51:23.666 9 INFO neutron.wsgi [None req-a2bea349-f218-48b9-909a-35108a4fbd9c e2097556210744aab2defcb3430e455c 72c66d3973c145fbb3880b635e8972b4 - - default default] 10.0.0.159 "GET /v2.0/security-groups HTTP/1.1" status: 200 len: 2996 time: 0.0468435
2026-04-14 06:51:23.722 10 INFO neutron.db.ovn_revision_numbers_db [None req-3e086af7-fea8-4865-8a31-dfd8f16ce915 789215c01d0d407090e5e8d96fd4e1d7 161977d4d3204128bd323fb747e56e86 - - default default] Successfully bumped revision number for resource 921e2cd9-d51e-448c-a6ed-ee80ab072cf4 (type: floatingips) to 2
2026-04-14 06:51:23.734 9 INFO neutron.wsgi [None req-d0f49b97-6985-4812-a152-a541092538a4 e2097556210744aab2defcb3430e455c 72c66d3973c145fbb3880b635e8972b4 - - default default] 10.0.0.159 "GET /v2.0/security-groups HTTP/1.1" status: 200 len: 2996 time: 0.0574229
2026-04-14 06:51:23.765 10 INFO neutron.wsgi [None req-3e086af7-fea8-4865-8a31-dfd8f16ce915 789215c01d0d407090e5e8d96fd4e1d7 161977d4d3204128bd323fb747e56e86 - - default default] 10.0.0.159 "PUT /v2.0/floatingips/921e2cd9-d51e-448c-a6ed-ee80ab072cf4 HTTP/1.1" status: 200 len: 1050 time: 1.1922891
2026-04-14 06:51:23.813 10 INFO neutron.notifiers.nova [-] Nova event matching ['req-c7d29a13-80c7-49c2-85d2-8f04bead3547'] response: {'name': 'network-changed', 'server_uuid': '52ffe5f8-f07c-4ab9-9846-fcb425e8a0ea', 'tag': 'f2132c65-5d5b-48b5-bf78-a0ad4b730655', 'status': 'completed', 'code': 200} /var/lib/openstack/lib/python3.10/site-packages/pycadf/identifier.py:71: UserWarning: Invalid uuid: neutron. To ensure interoperability, identifiers should be a valid uuid. warnings.warn(('Invalid uuid: %s. To ensure interoperability, '
2026-04-14 06:51:23.889 10 INFO neutron.wsgi [req-fd69426c-bb2b-4563-b8fd-688ac3717342 req-7b7b4bb7-ec6a-46b3-8b2c-b8434ef83d85 3c75dd45c996441fa726172e7c87476c 20c6709344df44d28735d48523711bad - - 50d5ba81f0dc4f2ab56814b6a00f312e 50d5ba81f0dc4f2ab56814b6a00f312e] 162.253.55.62 "GET /v2.0/ports?tenant_id=161977d4d3204128bd323fb747e56e86&device_id=52ffe5f8-f07c-4ab9-9846-fcb425e8a0ea HTTP/1.1" status: 200 len: 1452 time: 0.0486982
2026-04-14 06:51:23.919 10 INFO neutron.plugins.ml2.drivers.ovn.mech_driver.mech_driver [None req-3be24af8-912c-4216-9038-2fc1fe89e298 - - - - - -] OVN reports status up for port: b72bd9df-bd5d-470e-ae85-6bdb343be6ea
2026-04-14 06:51:23.919 10 INFO neutron.plugins.ml2.drivers.ovn.mech_driver.ovsdb.ovsdb_monitor [None req-fb60f9fb-6625-41c4-9312-73059a6b6cac - - - - - -] Router be181427-401a-4d03-824a-3119dd4bdd6d is bound to host instance
2026-04-14 06:51:23.964 10 INFO neutron.plugins.ml2.plugin [None req-3be24af8-912c-4216-9038-2fc1fe89e298 - - - - - -] Attempt 1 to provision port b72bd9df-bd5d-470e-ae85-6bdb343be6ea
2026-04-14 06:51:24.002 10 INFO neutron.db.ovn_revision_numbers_db [None req-f72e50a0-8063-40a6-986e-30be4fe20086 8e48e3dbd812419ca5004eea22056236 bed3f8109c6b496ab3a5d63ed409cf55 - - default default] Successfully bumped revision number for resource b72bd9df-bd5d-470e-ae85-6bdb343be6ea (type: router_ports) to 1
2026-04-14 06:51:24.010 10 INFO neutron.wsgi [req-fd69426c-bb2b-4563-b8fd-688ac3717342 req-7e49101f-1857-438b-b580-7089ad42254f 3c75dd45c996441fa726172e7c87476c 20c6709344df44d28735d48523711bad - - 50d5ba81f0dc4f2ab56814b6a00f312e 50d5ba81f0dc4f2ab56814b6a00f312e] 162.253.55.62 "GET /v2.0/networks?id=c433b8f5-d12c-4592-a705-44957f105651 HTTP/1.1" status: 200 len: 971 time: 0.1123011
2026-04-14 06:51:24.131 10 INFO neutron.wsgi [req-fd69426c-bb2b-4563-b8fd-688ac3717342 req-79093fb6-5b46-4cc3-8739-b1578ff4bbdb 3c75dd45c996441fa726172e7c87476c 20c6709344df44d28735d48523711bad - - 50d5ba81f0dc4f2ab56814b6a00f312e 50d5ba81f0dc4f2ab56814b6a00f312e] 162.253.55.62 "GET /v2.0/floatingips?fixed_ip_address=10.100.0.14&port_id=f2132c65-5d5b-48b5-bf78-a0ad4b730655 HTTP/1.1" status: 200 len: 1060 time: 0.1045935
2026-04-14 06:51:24.168 10 INFO neutron.db.ovn_revision_numbers_db [None req-f72e50a0-8063-40a6-986e-30be4fe20086 8e48e3dbd812419ca5004eea22056236 bed3f8109c6b496ab3a5d63ed409cf55 - - default default] Successfully bumped revision number for resource be181427-401a-4d03-824a-3119dd4bdd6d (type: routers) to 2
2026-04-14 06:51:24.188 10 INFO neutron.wsgi [None req-f72e50a0-8063-40a6-986e-30be4fe20086 8e48e3dbd812419ca5004eea22056236 bed3f8109c6b496ab3a5d63ed409cf55 - - default default] 10.0.0.159 "POST /v2.0/routers HTTP/1.1" status: 201 len: 873 time: 2.3215318
2026-04-14 06:51:24.194 10 INFO neutron.wsgi [req-fd69426c-bb2b-4563-b8fd-688ac3717342 req-238ef74e-1248-434e-8db5-3a7e7e435335 3c75dd45c996441fa726172e7c87476c 20c6709344df44d28735d48523711bad - - 50d5ba81f0dc4f2ab56814b6a00f312e 50d5ba81f0dc4f2ab56814b6a00f312e] 162.253.55.62 "GET /v2.0/subnets?id=a063a560-f663-4772-9a69-8c66e99e31cc HTTP/1.1" status: 200 len: 866 time: 0.0519490
2026-04-14 06:51:24.233 10 INFO neutron.wsgi [req-fd69426c-bb2b-4563-b8fd-688ac3717342 req-5c591892-f7e2-4124-b9b5-eceec02a724c 3c75dd45c996441fa726172e7c87476c 20c6709344df44d28735d48523711bad - - 50d5ba81f0dc4f2ab56814b6a00f312e 50d5ba81f0dc4f2ab56814b6a00f312e] 162.253.55.62 "GET /v2.0/ports?network_id=c433b8f5-d12c-4592-a705-44957f105651&device_owner=network%3Adhcp HTTP/1.1" status: 200 len: 210 time: 0.0312333
2026-04-14 06:51:24.324 10 INFO neutron.wsgi [req-fd69426c-bb2b-4563-b8fd-688ac3717342 req-4514b20d-0f99-4939-bff4-b86d6b15a410 3c75dd45c996441fa726172e7c87476c 20c6709344df44d28735d48523711bad - - 50d5ba81f0dc4f2ab56814b6a00f312e 50d5ba81f0dc4f2ab56814b6a00f312e] 162.253.55.62 "GET /v2.0/networks/c433b8f5-d12c-4592-a705-44957f105651?fields=segments HTTP/1.1" status: 200 len: 212 time: 0.0808771
2026-04-14 06:51:24.416 10 INFO neutron.wsgi [req-fd69426c-bb2b-4563-b8fd-688ac3717342 req-df29a388-daa8-4c66-85a3-f0e9c2863d04 3c75dd45c996441fa726172e7c87476c 20c6709344df44d28735d48523711bad - - 50d5ba81f0dc4f2ab56814b6a00f312e 50d5ba81f0dc4f2ab56814b6a00f312e] 162.253.55.62 "GET /v2.0/networks/c433b8f5-d12c-4592-a705-44957f105651?fields=provider%3Aphysical_network&fields=provider%3Anetwork_type HTTP/1.1" status: 200 len: 277 time: 0.0809176
2026-04-14 06:51:24.448 9 INFO neutron.wsgi [None req-c438a818-a162-405e-8caf-852d3969c531 8e48e3dbd812419ca5004eea22056236 bed3f8109c6b496ab3a5d63ed409cf55 - - default default] 10.0.0.159 "GET /v2.0/security-groups?tenant_id=72c66d3973c145fbb3880b635e8972b4&name=default HTTP/1.1" status: 200 len: 2996 time: 0.1953917
2026-04-14 06:51:24.694 10 INFO neutron.db.ovn_revision_numbers_db [None req-fb60f9fb-6625-41c4-9312-73059a6b6cac - - - - - -] Successfully bumped revision number for resource b72bd9df-bd5d-470e-ae85-6bdb343be6ea (type: ports) to 1
2026-04-14 06:51:24.702 9 WARNING neutron.scheduler.dhcp_agent_scheduler [None req-aa52ba6b-433e-49ff-a831-7af3a4e447ff 8e48e3dbd812419ca5004eea22056236 bed3f8109c6b496ab3a5d63ed409cf55 - - default default] No more DHCP agents
2026-04-14 06:51:24.705 9 WARNING neutron.api.rpc.agentnotifiers.dhcp_rpc_agent_api [None req-aa52ba6b-433e-49ff-a831-7af3a4e447ff 8e48e3dbd812419ca5004eea22056236 bed3f8109c6b496ab3a5d63ed409cf55 - - default default] Unable to schedule network f8fef06e-a803-4c1d-af39-bd8eab4213fb: no agents available; will retry on subsequent port and subnet creation events.
2026-04-14 06:51:24.864 9 INFO neutron.db.ovn_revision_numbers_db [None req-aa52ba6b-433e-49ff-a831-7af3a4e447ff 8e48e3dbd812419ca5004eea22056236 bed3f8109c6b496ab3a5d63ed409cf55 - - default default] Successfully bumped revision number for resource bf558828-6a0e-4877-b9f8-c7d2b38090e0 (type: ports) to 1
2026-04-14 06:51:24.978 10 INFO neutron.wsgi [None req-770af208-9c70-4239-8694-e1dda738c0ce 8e48e3dbd812419ca5004eea22056236 bed3f8109c6b496ab3a5d63ed409cf55 - - default default] 10.0.0.159 "DELETE /v2.0/security-groups/eb00f1fb-c22b-4f55-b40e-3db60fc68f7b HTTP/1.1" status: 204 len: 168 time: 0.5242708
2026-04-14 06:51:25.241 10 INFO neutron.db.ovn_revision_numbers_db [None req-fb60f9fb-6625-41c4-9312-73059a6b6cac - - - - - -] Successfully bumped revision number for resource b72bd9df-bd5d-470e-ae85-6bdb343be6ea (type: router_ports) to 3
2026-04-14 06:51:25.283 9 INFO neutron.plugins.ml2.drivers.ovn.mech_driver.mech_driver [None req-43508560-b61f-49c9-9d23-fd51b0189029 - - - - - -] OVN reports status up for port: bf558828-6a0e-4877-b9f8-c7d2b38090e0
2026-04-14 06:51:25.300 9 INFO neutron.plugins.ml2.plugin [None req-43508560-b61f-49c9-9d23-fd51b0189029 - - - - - -] Attempt 1 to provision port bf558828-6a0e-4877-b9f8-c7d2b38090e0
2026-04-14 06:51:25.334 9 INFO neutron.db.ovn_revision_numbers_db [None req-aa52ba6b-433e-49ff-a831-7af3a4e447ff 8e48e3dbd812419ca5004eea22056236 bed3f8109c6b496ab3a5d63ed409cf55 - - default default] Successfully bumped revision number for resource bf558828-6a0e-4877-b9f8-c7d2b38090e0 (type: router_ports) to 1
2026-04-14 06:51:25.451 10 INFO neutron.db.ovn_revision_numbers_db [None req-fb60f9fb-6625-41c4-9312-73059a6b6cac - - - - - -] Successfully bumped revision number for resource b72bd9df-bd5d-470e-ae85-6bdb343be6ea (type: ports) to 2
2026-04-14 06:51:25.748 10 INFO neutron.db.ovn_revision_numbers_db [None req-fb60f9fb-6625-41c4-9312-73059a6b6cac - - - - - -] Successfully bumped revision number for resource b72bd9df-bd5d-470e-ae85-6bdb343be6ea (type: ports) to 4
2026-04-14 06:51:25.831 9 INFO neutron.db.ovn_revision_numbers_db [None req-aa52ba6b-433e-49ff-a831-7af3a4e447ff 8e48e3dbd812419ca5004eea22056236 bed3f8109c6b496ab3a5d63ed409cf55 - - default default] Successfully bumped revision number for resource bf558828-6a0e-4877-b9f8-c7d2b38090e0 (type: ports) to 1
2026-04-14 06:51:25.945 9 WARNING neutron.scheduler.dhcp_agent_scheduler [None req-aa52ba6b-433e-49ff-a831-7af3a4e447ff 8e48e3dbd812419ca5004eea22056236 bed3f8109c6b496ab3a5d63ed409cf55 - - default default] No more DHCP agents
2026-04-14 06:51:25.947 9 WARNING neutron.api.rpc.agentnotifiers.dhcp_rpc_agent_api [None req-aa52ba6b-433e-49ff-a831-7af3a4e447ff 8e48e3dbd812419ca5004eea22056236 bed3f8109c6b496ab3a5d63ed409cf55 - - default default] Unable to schedule network f8fef06e-a803-4c1d-af39-bd8eab4213fb: no agents available; will retry on subsequent port and subnet creation events.
2026-04-14 06:51:25.955 10 WARNING neutron_lib.context [None req-1593524d-5935-4983-9000-69a8bad89e82 bd91868e44f5475c87d4ebb0f92b66da bb00304ed12f4162a97900719ae4e95e - - default default] Method 'is_advsvc' is deprecated since 2023.2 release (neutron-lib 3.8.0) and will be removed once support for the old RBAC API policies will be removed from Neutron. Please use method 'is_service_role' instead.
2026-04-14 06:51:25.979 10 INFO neutron.db.ovn_revision_numbers_db [None req-fb60f9fb-6625-41c4-9312-73059a6b6cac - - - - - -] Successfully bumped revision number for resource b72bd9df-bd5d-470e-ae85-6bdb343be6ea (type: router_ports) to 4
2026-04-14 06:51:26.036 9 INFO neutron.db.ovn_revision_numbers_db [None req-43508560-b61f-49c9-9d23-fd51b0189029 - - - - - -] Successfully bumped revision number for resource bf558828-6a0e-4877-b9f8-c7d2b38090e0 (type: ports) to 2
2026-04-14 06:51:26.100 10 INFO neutron.db.ovn_revision_numbers_db [None req-1593524d-5935-4983-9000-69a8bad89e82 bd91868e44f5475c87d4ebb0f92b66da bb00304ed12f4162a97900719ae4e95e - - default default] Successfully bumped revision number for resource a7007980-a85d-4a0b-9514-abbf92a6eb27 (type: security_groups) to 1
2026-04-14 06:51:26.114 10 INFO neutron.db.ovn_revision_numbers_db [None req-1593524d-5935-4983-9000-69a8bad89e82 bd91868e44f5475c87d4ebb0f92b66da bb00304ed12f4162a97900719ae4e95e - - default default] Successfully bumped revision number for resource 7af46254-6012-47d8-8b52-ee9f9842a139 (type: security_group_rules) to 0
2026-04-14 06:51:26.129 10 INFO neutron.db.ovn_revision_numbers_db [None req-1593524d-5935-4983-9000-69a8bad89e82 bd91868e44f5475c87d4ebb0f92b66da bb00304ed12f4162a97900719ae4e95e - - default default] Successfully bumped revision number for resource 7d1f59e5-0f92-4972-bdb3-d80f29de456c (type: security_group_rules) to 0
2026-04-14 06:51:26.139 9 INFO neutron.db.ovn_revision_numbers_db [None req-43508560-b61f-49c9-9d23-fd51b0189029 - - - - - -] Successfully bumped revision number for resource bf558828-6a0e-4877-b9f8-c7d2b38090e0 (type: router_ports) to 2
2026-04-14 06:51:26.144 10 INFO neutron.db.ovn_revision_numbers_db [None req-1593524d-5935-4983-9000-69a8bad89e82 bd91868e44f5475c87d4ebb0f92b66da bb00304ed12f4162a97900719ae4e95e - - default default] Successfully bumped revision number for resource d83829ba-661f-4240-ad01-c626f6e39761 (type: security_group_rules) to 0
2026-04-14 06:51:26.161 10 INFO neutron.db.ovn_revision_numbers_db [None req-1593524d-5935-4983-9000-69a8bad89e82 bd91868e44f5475c87d4ebb0f92b66da bb00304ed12f4162a97900719ae4e95e - - default default] Successfully bumped revision number for resource e6d1980e-60fc-46f1-a5cc-a94e84550d1e (type: security_group_rules) to 0
2026-04-14 06:51:26.207 10 INFO neutron.db.segments_db [None req-1593524d-5935-4983-9000-69a8bad89e82 bd91868e44f5475c87d4ebb0f92b66da bb00304ed12f4162a97900719ae4e95e - - default default] Added segment c42fecfa-77dd-415b-9537-122798e19fd6 of type geneve for network d9da83b6-204e-4fd3-aecb-f984535b5430
2026-04-14 06:51:26.367 10 INFO neutron.db.ovn_revision_numbers_db [None req-1593524d-5935-4983-9000-69a8bad89e82 bd91868e44f5475c87d4ebb0f92b66da bb00304ed12f4162a97900719ae4e95e - - default default] Successfully bumped revision number for resource d9da83b6-204e-4fd3-aecb-f984535b5430 (type: networks) to 1
2026-04-14 06:51:26.549 10 WARNING neutron.scheduler.dhcp_agent_scheduler [None req-1593524d-5935-4983-9000-69a8bad89e82 bd91868e44f5475c87d4ebb0f92b66da bb00304ed12f4162a97900719ae4e95e - - default default] No more DHCP agents
2026-04-14 06:51:26.551 10 WARNING neutron.api.rpc.agentnotifiers.dhcp_rpc_agent_api [None req-1593524d-5935-4983-9000-69a8bad89e82 bd91868e44f5475c87d4ebb0f92b66da bb00304ed12f4162a97900719ae4e95e - - default default] Unable to schedule network d9da83b6-204e-4fd3-aecb-f984535b5430: no agents available; will retry on subsequent port and subnet creation events.
2026-04-14 06:51:26.656 10 INFO neutron.db.ovn_revision_numbers_db [None req-1593524d-5935-4983-9000-69a8bad89e82 bd91868e44f5475c87d4ebb0f92b66da bb00304ed12f4162a97900719ae4e95e - - default default] Successfully bumped revision number for resource 19f462e8-a4df-490e-96b9-ca50e8ae2bc5 (type: ports) to 1
2026-04-14 06:51:26.657 9 INFO neutron.db.ovn_revision_numbers_db [None req-aa52ba6b-433e-49ff-a831-7af3a4e447ff 8e48e3dbd812419ca5004eea22056236 bed3f8109c6b496ab3a5d63ed409cf55 - - default default] Successfully bumped revision number for resource bf558828-6a0e-4877-b9f8-c7d2b38090e0 (type: router_ports) to 2
2026-04-14 06:51:26.659 9 INFO neutron.wsgi [None req-aa52ba6b-433e-49ff-a831-7af3a4e447ff 8e48e3dbd812419ca5004eea22056236 bed3f8109c6b496ab3a5d63ed409cf55 - - default default] 10.0.0.159 "PUT /v2.0/routers/be181427-401a-4d03-824a-3119dd4bdd6d/add_router_interface HTTP/1.1" status: 200 len: 503 time: 2.4647806
2026-04-14 06:51:26.677 10 INFO neutron.wsgi [None req-1593524d-5935-4983-9000-69a8bad89e82 bd91868e44f5475c87d4ebb0f92b66da bb00304ed12f4162a97900719ae4e95e - - default default] 10.0.0.159 "POST /v2.0/networks HTTP/1.1" status: 201 len: 830 time: 0.8887620
2026-04-14 06:51:26.687 10 WARNING neutron_lib.context [None req-8bc94cc5-b881-4317-9226-9b07f2490094 bd91868e44f5475c87d4ebb0f92b66da bb00304ed12f4162a97900719ae4e95e - - default default] Method 'is_advsvc' is deprecated since 2023.2 release (neutron-lib 3.8.0) and will be removed once support for the old RBAC API policies will be removed from Neutron. Please use method 'is_service_role' instead.
2026-04-14 06:51:26.765 10 INFO neutron.db.segments_db [None req-8bc94cc5-b881-4317-9226-9b07f2490094 bd91868e44f5475c87d4ebb0f92b66da bb00304ed12f4162a97900719ae4e95e - - default default] Added segment a612c224-b5bf-4690-ba4b-bc8aba243be4 of type geneve for network 1d51ecaf-8280-4346-bc10-36b2bceac1de
2026-04-14 06:51:26.907 10 INFO neutron.db.ovn_revision_numbers_db [None req-8bc94cc5-b881-4317-9226-9b07f2490094 bd91868e44f5475c87d4ebb0f92b66da bb00304ed12f4162a97900719ae4e95e - - default default] Successfully bumped revision number for resource 1d51ecaf-8280-4346-bc10-36b2bceac1de (type: networks) to 1
2026-04-14 06:51:27.077 10 WARNING neutron.scheduler.dhcp_agent_scheduler [None req-8bc94cc5-b881-4317-9226-9b07f2490094 bd91868e44f5475c87d4ebb0f92b66da bb00304ed12f4162a97900719ae4e95e - - default default] No more DHCP agents
2026-04-14 06:51:27.079 10 WARNING neutron.api.rpc.agentnotifiers.dhcp_rpc_agent_api [None req-8bc94cc5-b881-4317-9226-9b07f2490094 bd91868e44f5475c87d4ebb0f92b66da bb00304ed12f4162a97900719ae4e95e - - default default] Unable to schedule network 1d51ecaf-8280-4346-bc10-36b2bceac1de: no agents available; will retry on subsequent port and subnet creation events.
2026-04-14 06:51:27.163 10 INFO neutron.db.ovn_revision_numbers_db [None req-8bc94cc5-b881-4317-9226-9b07f2490094 bd91868e44f5475c87d4ebb0f92b66da bb00304ed12f4162a97900719ae4e95e - - default default] Successfully bumped revision number for resource d4a08ede-3da0-4603-bd98-abc6bd0856eb (type: ports) to 1
2026-04-14 06:51:27.194 10 INFO neutron.wsgi [None req-8bc94cc5-b881-4317-9226-9b07f2490094 bd91868e44f5475c87d4ebb0f92b66da bb00304ed12f4162a97900719ae4e95e - - default default] 10.0.0.159 "POST /v2.0/networks HTTP/1.1" status: 201 len: 831 time: 0.5113521
2026-04-14 06:51:27.204 10 WARNING neutron_lib.context [None req-9b0e85aa-aabe-4f21-bcbf-b16ec902425a bd91868e44f5475c87d4ebb0f92b66da bb00304ed12f4162a97900719ae4e95e - - default default] Method 'is_advsvc' is deprecated since 2023.2 release (neutron-lib 3.8.0) and will be removed once support for the old RBAC API policies will be removed from Neutron. Please use method 'is_service_role' instead.
2026-04-14 06:51:27.285 10 INFO neutron.db.segments_db [None req-9b0e85aa-aabe-4f21-bcbf-b16ec902425a bd91868e44f5475c87d4ebb0f92b66da bb00304ed12f4162a97900719ae4e95e - - default default] Added segment 3bfc1740-8ac0-40c0-b10f-ad18f5a6f651 of type geneve for network 778639c3-eef0-4399-9c02-ad15403c8bf5
2026-04-14 06:51:27.456 10 INFO neutron.db.ovn_revision_numbers_db [None req-9b0e85aa-aabe-4f21-bcbf-b16ec902425a bd91868e44f5475c87d4ebb0f92b66da bb00304ed12f4162a97900719ae4e95e - - default default] Successfully bumped revision number for resource 778639c3-eef0-4399-9c02-ad15403c8bf5 (type: networks) to 1
2026-04-14 06:51:27.656 10 WARNING neutron.scheduler.dhcp_agent_scheduler [None req-9b0e85aa-aabe-4f21-bcbf-b16ec902425a bd91868e44f5475c87d4ebb0f92b66da bb00304ed12f4162a97900719ae4e95e - - default default] No more DHCP agents
2026-04-14 06:51:27.658 10 WARNING neutron.api.rpc.agentnotifiers.dhcp_rpc_agent_api [None req-9b0e85aa-aabe-4f21-bcbf-b16ec902425a bd91868e44f5475c87d4ebb0f92b66da bb00304ed12f4162a97900719ae4e95e - - default default] Unable to schedule network 778639c3-eef0-4399-9c02-ad15403c8bf5: no agents available; will retry on subsequent port and subnet creation events.
2026-04-14 06:51:27.738 10 INFO neutron.db.ovn_revision_numbers_db [None req-9b0e85aa-aabe-4f21-bcbf-b16ec902425a bd91868e44f5475c87d4ebb0f92b66da bb00304ed12f4162a97900719ae4e95e - - default default] Successfully bumped revision number for resource b653351d-3a4e-4456-906b-d8c224567b37 (type: ports) to 1
2026-04-14 06:51:27.758 10 INFO neutron.wsgi [None req-9b0e85aa-aabe-4f21-bcbf-b16ec902425a bd91868e44f5475c87d4ebb0f92b66da bb00304ed12f4162a97900719ae4e95e - - default default] 10.0.0.159 "POST /v2.0/networks HTTP/1.1" status: 201 len: 830 time: 0.5591140
2026-04-14 06:51:27.767 10 WARNING neutron_lib.context [None req-dc6cd213-7d63-485c-9abe-f957f0e7a883 bd91868e44f5475c87d4ebb0f92b66da bb00304ed12f4162a97900719ae4e95e - - default default] Method 'is_advsvc' is deprecated since 2023.2 release (neutron-lib 3.8.0) and will be removed once support for the old RBAC API policies will be removed from Neutron. Please use method 'is_service_role' instead.
2026-04-14 06:51:27.864 10 INFO neutron.db.segments_db [None req-dc6cd213-7d63-485c-9abe-f957f0e7a883 bd91868e44f5475c87d4ebb0f92b66da bb00304ed12f4162a97900719ae4e95e - - default default] Added segment deb1ab99-1044-45a9-9296-fadebc7c5ff5 of type geneve for network 5f3d7dab-f3f3-4e0d-9c69-d8347bc000ab
2026-04-14 06:51:28.046 10 INFO neutron.db.ovn_revision_numbers_db [None req-dc6cd213-7d63-485c-9abe-f957f0e7a883 bd91868e44f5475c87d4ebb0f92b66da bb00304ed12f4162a97900719ae4e95e - - default default] Successfully bumped revision number for resource 5f3d7dab-f3f3-4e0d-9c69-d8347bc000ab (type: networks) to 1
2026-04-14 06:51:28.240 10 WARNING neutron.scheduler.dhcp_agent_scheduler [None req-dc6cd213-7d63-485c-9abe-f957f0e7a883 bd91868e44f5475c87d4ebb0f92b66da bb00304ed12f4162a97900719ae4e95e - - default default] No more DHCP agents
2026-04-14 06:51:28.244 10 WARNING neutron.api.rpc.agentnotifiers.dhcp_rpc_agent_api [None req-dc6cd213-7d63-485c-9abe-f957f0e7a883 bd91868e44f5475c87d4ebb0f92b66da bb00304ed12f4162a97900719ae4e95e - - default default] Unable to schedule network 5f3d7dab-f3f3-4e0d-9c69-d8347bc000ab: no agents available; will retry on subsequent port and subnet creation events.
2026-04-14 06:51:28.352 10 INFO neutron.db.ovn_revision_numbers_db [None req-dc6cd213-7d63-485c-9abe-f957f0e7a883 bd91868e44f5475c87d4ebb0f92b66da bb00304ed12f4162a97900719ae4e95e - - default default] Successfully bumped revision number for resource d68c248a-2fed-4cbb-92c0-08fb09f9d39d (type: ports) to 1
2026-04-14 06:51:28.380 10 INFO neutron.wsgi [None req-dc6cd213-7d63-485c-9abe-f957f0e7a883 bd91868e44f5475c87d4ebb0f92b66da bb00304ed12f4162a97900719ae4e95e - - default default] 10.0.0.159 "POST /v2.0/networks HTTP/1.1" status: 201 len: 829 time: 0.6177404
2026-04-14 06:51:28.388 10 WARNING neutron_lib.context [None req-d03dc1e2-68e3-4e5e-8c25-ae9dbd88ddea bd91868e44f5475c87d4ebb0f92b66da bb00304ed12f4162a97900719ae4e95e - - default default] Method 'is_advsvc' is deprecated since 2023.2 release (neutron-lib 3.8.0) and will be removed once support for the old RBAC API policies will be removed from Neutron. Please use method 'is_service_role' instead.
2026-04-14 06:51:28.466 10 INFO neutron.db.segments_db [None req-d03dc1e2-68e3-4e5e-8c25-ae9dbd88ddea bd91868e44f5475c87d4ebb0f92b66da bb00304ed12f4162a97900719ae4e95e - - default default] Added segment fa3d00a5-e3b8-4fea-a89d-2d656c6c0ceb of type geneve for network 5d2b846b-461f-41a5-ba6f-88033dfa200d
2026-04-14 06:51:28.639 10 INFO neutron.db.ovn_revision_numbers_db [None req-d03dc1e2-68e3-4e5e-8c25-ae9dbd88ddea bd91868e44f5475c87d4ebb0f92b66da bb00304ed12f4162a97900719ae4e95e - - default default] Successfully bumped revision number for resource 5d2b846b-461f-41a5-ba6f-88033dfa200d (type: networks) to 1
2026-04-14 06:51:28.836 10 WARNING neutron.scheduler.dhcp_agent_scheduler [None req-d03dc1e2-68e3-4e5e-8c25-ae9dbd88ddea bd91868e44f5475c87d4ebb0f92b66da bb00304ed12f4162a97900719ae4e95e - - default default] No more DHCP agents
2026-04-14 06:51:28.839 10 WARNING neutron.api.rpc.agentnotifiers.dhcp_rpc_agent_api [None req-d03dc1e2-68e3-4e5e-8c25-ae9dbd88ddea bd91868e44f5475c87d4ebb0f92b66da bb00304ed12f4162a97900719ae4e95e - - default default] Unable to schedule network 5d2b846b-461f-41a5-ba6f-88033dfa200d: no agents available; will retry on subsequent port and subnet creation events.
2026-04-14 06:51:28.939 10 INFO neutron.db.ovn_revision_numbers_db [None req-d03dc1e2-68e3-4e5e-8c25-ae9dbd88ddea bd91868e44f5475c87d4ebb0f92b66da bb00304ed12f4162a97900719ae4e95e - - default default] Successfully bumped revision number for resource c88d92f7-6c82-41bb-b6bb-dae846f47e51 (type: ports) to 1
2026-04-14 06:51:28.957 10 INFO neutron.wsgi [None req-d03dc1e2-68e3-4e5e-8c25-ae9dbd88ddea bd91868e44f5475c87d4ebb0f92b66da bb00304ed12f4162a97900719ae4e95e - - default default] 10.0.0.159 "POST /v2.0/networks HTTP/1.1" status: 201 len: 831 time: 0.5732729
2026-04-14 06:51:29.012 10 INFO neutron.wsgi [None req-4353a64b-7b0c-43ca-94ce-2f7aff741024 bd91868e44f5475c87d4ebb0f92b66da bb00304ed12f4162a97900719ae4e95e - - default default] 10.0.0.159 "PUT /v2.0/networks/d9da83b6-204e-4fd3-aecb-f984535b5430/tags HTTP/1.1" status: 200 len: 210 time: 0.0504200
2026-04-14 06:51:29.072 10 INFO neutron.wsgi [None req-988b9777-62c3-4cc9-b56f-72ce1eaab07a bd91868e44f5475c87d4ebb0f92b66da bb00304ed12f4162a97900719ae4e95e - - default default] 10.0.0.159 "PUT /v2.0/networks/1d51ecaf-8280-4346-bc10-36b2bceac1de/tags HTTP/1.1" status: 200 len: 218 time: 0.0554340
2026-04-14 06:51:29.134 10 INFO neutron.wsgi [None req-3de13089-ef37-4b8d-8ea3-805a9f73a583 bd91868e44f5475c87d4ebb0f92b66da bb00304ed12f4162a97900719ae4e95e - - default default] 10.0.0.159 "PUT /v2.0/networks/778639c3-eef0-4399-9c02-ad15403c8bf5/tags HTTP/1.1" status: 200 len: 227 time: 0.0567710
2026-04-14 06:51:29.152 9 INFO neutron.wsgi [req-9da65983-311e-4bdf-b5f0-73d78da2888f req-5cbbbd27-e0ea-4ed6-9023-33dae0569157 c56124df3db5468086454cb12b253d10 cd02e65f195e417eaedcd5d80ff63fb6 - - default default] 10.0.0.72 "GET /v2.0/networks?id=f8fef06e-a803-4c1d-af39-bd8eab4213fb HTTP/1.1" status: 200 len: 871 time: 0.0636792
2026-04-14 06:51:29.174 9 INFO neutron.wsgi [req-9da65983-311e-4bdf-b5f0-73d78da2888f req-7c09b19e-0a5d-4e5c-9d7a-9da512cf143e c56124df3db5468086454cb12b253d10 cd02e65f195e417eaedcd5d80ff63fb6 - - default default] 10.0.0.72 "GET /v2.0/quotas/cd02e65f195e417eaedcd5d80ff63fb6 HTTP/1.1" status: 200 len: 386 time: 0.0140595
2026-04-14 06:51:29.181 10 INFO neutron.wsgi [None req-7a913541-dc02-4b32-a017-5f867dcc082b bd91868e44f5475c87d4ebb0f92b66da bb00304ed12f4162a97900719ae4e95e - - default default] 10.0.0.159 "PUT /v2.0/networks/5f3d7dab-f3f3-4e0d-9c69-d8347bc000ab/tags HTTP/1.1" status: 200 len: 212 time: 0.0425236
2026-04-14 06:51:29.256 10 INFO neutron.wsgi [None req-42a92c08-12da-45cb-a837-c698c314734a bd91868e44f5475c87d4ebb0f92b66da bb00304ed12f4162a97900719ae4e95e - - default default] 10.0.0.159 "GET /v2.0/networks?tags=red HTTP/1.1" status: 200 len: 2068 time: 0.0692580
2026-04-14 06:51:29.262 9 INFO neutron.wsgi [req-9da65983-311e-4bdf-b5f0-73d78da2888f req-654370c5-ed51-4f03-ae99-76d2f4a69950 c56124df3db5468086454cb12b253d10 cd02e65f195e417eaedcd5d80ff63fb6 - - default default] 10.0.0.72 "GET /v2.0/ports?tenant_id=cd02e65f195e417eaedcd5d80ff63fb6&fields=id HTTP/1.1" status: 200 len: 302 time: 0.0812955
2026-04-14 06:51:29.332 9 INFO neutron.wsgi [req-9da65983-311e-4bdf-b5f0-73d78da2888f req-75937484-1d56-478f-8e7e-edd2fa0c008d 3c75dd45c996441fa726172e7c87476c 20c6709344df44d28735d48523711bad - - 50d5ba81f0dc4f2ab56814b6a00f312e 50d5ba81f0dc4f2ab56814b6a00f312e] 10.0.0.72 "GET /v2.0/networks/f8fef06e-a803-4c1d-af39-bd8eab4213fb?fields=segments HTTP/1.1" status: 200 len: 212 time: 0.0612459
2026-04-14 06:51:29.336 10 INFO neutron.wsgi [None req-97ee5959-b46d-4bb1-b48b-491e183e11e4 bd91868e44f5475c87d4ebb0f92b66da bb00304ed12f4162a97900719ae4e95e - - default default] 10.0.0.159 "GET /v2.0/networks?tags=red%2Cblue HTTP/1.1" status: 200 len: 1456 time: 0.0749390
2026-04-14 06:51:29.391 9 INFO neutron.wsgi [req-9da65983-311e-4bdf-b5f0-73d78da2888f req-525780d2-256f-41db-b552-0da2c3808508 3c75dd45c996441fa726172e7c87476c 20c6709344df44d28735d48523711bad - - 50d5ba81f0dc4f2ab56814b6a00f312e 50d5ba81f0dc4f2ab56814b6a00f312e] 10.0.0.72 "GET /v2.0/networks/f8fef06e-a803-4c1d-af39-bd8eab4213fb?fields=provider%3Aphysical_network&fields=provider%3Anetwork_type HTTP/1.1" status: 200 len: 277 time: 0.0479326
2026-04-14 06:51:29.412 10 INFO neutron.wsgi [None req-4a4ae8fd-c0d0-4354-a2fa-fdfd7d21b8b7 bd91868e44f5475c87d4ebb0f92b66da bb00304ed12f4162a97900719ae4e95e - - default default] 10.0.0.159 "GET /v2.0/networks?tags-any=blue HTTP/1.1" status: 200 len: 1456 time: 0.0714848
2026-04-14 06:51:29.487 9 INFO neutron.wsgi [None req-9dd2d063-13c6-4f73-abf7-03317e9e1f89 bd91868e44f5475c87d4ebb0f92b66da bb00304ed12f4162a97900719ae4e95e - - default default] 10.0.0.159 "GET /v2.0/networks?tags-any=red%2Cblue HTTP/1.1" status: 200 len: 2068 time: 0.0708826
2026-04-14 06:51:29.525 10 INFO neutron.wsgi [req-8b74609e-72f3-474c-868c-51f39cf2fd6a req-ac35b24d-7f51-4504-8c2a-321b15b934c3 c56124df3db5468086454cb12b253d10 cd02e65f195e417eaedcd5d80ff63fb6 - - default default] 10.0.0.72 "GET /v2.0/ports?device_id=f3cb1492-a422-46a1-8db3-03ef82665489 HTTP/1.1" status: 200 len: 210 time: 0.0204024
2026-04-14 06:51:29.598 9 INFO neutron.wsgi [None req-ab4f62dd-3fe0-477f-ba4a-8bbf4e324d8c bd91868e44f5475c87d4ebb0f92b66da bb00304ed12f4162a97900719ae4e95e - - default default] 10.0.0.159 "GET /v2.0/networks?not-tags=red HTTP/1.1" status: 200 len: 2067 time: 0.1069684
2026-04-14 06:51:29.721 9 INFO neutron.wsgi [None req-514e1c31-9299-47c8-848d-a212fed2c566 bd91868e44f5475c87d4ebb0f92b66da bb00304ed12f4162a97900719ae4e95e - - default default] 10.0.0.159 "GET /v2.0/networks?not-tags=red%2Cblue HTTP/1.1" status: 200 len: 2679 time: 0.1184494
2026-04-14 06:51:29.855 9 INFO neutron.wsgi [None req-df13ab6b-61e8-4868-b124-32bece9724c9 bd91868e44f5475c87d4ebb0f92b66da bb00304ed12f4162a97900719ae4e95e - - default default] 10.0.0.159 "GET /v2.0/networks?not-tags-any=blue HTTP/1.1" status: 200 len: 2679 time: 0.1276813
2026-04-14 06:51:29.877 10 INFO neutron.db.ovn_revision_numbers_db [None req-495d534e-e211-41bb-bfa2-5054953b8596 8e48e3dbd812419ca5004eea22056236 bed3f8109c6b496ab3a5d63ed409cf55 - - default default] Successfully bumped revision number for resource b79f0737-17a4-455a-9f18-5ad39dfba55e (type: security_groups) to 1
2026-04-14 06:51:29.917 10 INFO neutron.db.ovn_revision_numbers_db [None req-495d534e-e211-41bb-bfa2-5054953b8596 8e48e3dbd812419ca5004eea22056236 bed3f8109c6b496ab3a5d63ed409cf55 - - default default] Successfully bumped revision number for resource 0446a4cf-f2d3-4011-b652-de0748720362 (type: security_group_rules) to 0
2026-04-14 06:51:29.943 10 INFO neutron.db.ovn_revision_numbers_db [None req-495d534e-e211-41bb-bfa2-5054953b8596 8e48e3dbd812419ca5004eea22056236 bed3f8109c6b496ab3a5d63ed409cf55 - - default default] Successfully bumped revision number for resource 2e0c12ca-753b-451f-ac5a-526fca3b3307 (type: security_group_rules) to 0
2026-04-14 06:51:29.962 10 INFO neutron.wsgi [None req-664ec48d-c5b8-4cf9-a576-b5fd5c30b689 bd91868e44f5475c87d4ebb0f92b66da bb00304ed12f4162a97900719ae4e95e - - default default] 10.0.0.159 "GET /v2.0/networks?not-tags-any=red%2Cblue HTTP/1.1" status: 200 len: 2067 time: 0.1008043
2026-04-14 06:51:29.967 10 INFO neutron.db.ovn_revision_numbers_db [None req-495d534e-e211-41bb-bfa2-5054953b8596 8e48e3dbd812419ca5004eea22056236 bed3f8109c6b496ab3a5d63ed409cf55 - - default default] Successfully bumped revision number for resource 8aab09b2-f165-4cba-90da-71d76036c713 (type: security_group_rules) to 0
2026-04-14 06:51:29.987 10 INFO neutron.db.ovn_revision_numbers_db [None req-495d534e-e211-41bb-bfa2-5054953b8596 8e48e3dbd812419ca5004eea22056236 bed3f8109c6b496ab3a5d63ed409cf55 - - default default] Successfully bumped revision number for resource c84f61b9-360e-4978-b74f-beae1cd9b6aa (type: security_group_rules) to 0
2026-04-14 06:51:30.015 10 INFO neutron.wsgi [None req-495d534e-e211-41bb-bfa2-5054953b8596 8e48e3dbd812419ca5004eea22056236 bed3f8109c6b496ab3a5d63ed409cf55 - - default default] 10.0.0.159 "GET /v2.0/security-groups?tenant_id=d4d4a84823f44c73b8f6f8bafb37c789&name=default HTTP/1.1" status: 200 len: 2996 time: 0.4549778
2026-04-14 06:51:30.248 10 INFO neutron.wsgi [req-9da65983-311e-4bdf-b5f0-73d78da2888f req-31d9222b-7a52-4994-a54a-615da2e74de2 c56124df3db5468086454cb12b253d10 cd02e65f195e417eaedcd5d80ff63fb6 - - default default] 162.253.55.62 "GET /v2.0/networks?id=f8fef06e-a803-4c1d-af39-bd8eab4213fb HTTP/1.1" status: 200 len: 871 time: 0.0820310
2026-04-14 06:51:30.254 10 INFO neutron.wsgi [None req-32c57196-cfda-4995-af5f-9def5f3820ad 8e48e3dbd812419ca5004eea22056236 bed3f8109c6b496ab3a5d63ed409cf55 - - default default] 10.0.0.159 "DELETE /v2.0/security-groups/b79f0737-17a4-455a-9f18-5ad39dfba55e HTTP/1.1" status: 204 len: 168 time: 0.2337239
2026-04-14 06:51:30.263 10 WARNING neutron_lib.context [req-9da65983-311e-4bdf-b5f0-73d78da2888f req-e2949485-0af5-4265-ab6a-6a4f7147ece4 c56124df3db5468086454cb12b253d10 cd02e65f195e417eaedcd5d80ff63fb6 - - default default] Method 'is_advsvc' is deprecated since 2023.2 release (neutron-lib 3.8.0) and will be removed once support for the old RBAC API policies will be removed from Neutron. Please use method 'is_service_role' instead.
2026-04-14 06:51:30.317 9 INFO neutron.services.segments.plugin [-] Segment c42fecfa-77dd-415b-9537-122798e19fd6 resource provider aggregate not found
2026-04-14 06:51:30.322 9 INFO neutron.services.segments.plugin [-] Segment c42fecfa-77dd-415b-9537-122798e19fd6 resource provider aggregate not found
2026-04-14 06:51:30.337 9 INFO neutron.services.segments.plugin [-] Segment c42fecfa-77dd-415b-9537-122798e19fd6 resource provider not found; error: Placement Client Error (4xx): {"errors": [{"status": 404, "title": "Not Found", "detail": "The resource could not be found.\n\n No resource provider with uuid c42fecfa-77dd-415b-9537-122798e19fd6 found for delete ", "request_id": "req-036ba815-5fd8-4b74-9eb9-9c61d5d5c381"}]}
2026-04-14 06:51:30.338 9 INFO neutron.services.segments.plugin [-] Segment c42fecfa-77dd-415b-9537-122798e19fd6 resource provider not found; error: Placement Client Error (4xx): {"errors": [{"status": 404, "title": "Not Found", "detail": "The resource could not be found.\n\n No resource provider with uuid c42fecfa-77dd-415b-9537-122798e19fd6 found for delete ", "request_id": "req-22d0958a-05d8-48e4-bd8e-cc67f26d55a4"}]}
2026-04-14 06:51:30.358 9 INFO neutron.wsgi [None req-5efe12a8-7625-421c-8bd8-476f1aa6e5ce bd91868e44f5475c87d4ebb0f92b66da bb00304ed12f4162a97900719ae4e95e - - default default] 10.0.0.159 "DELETE /v2.0/networks/d9da83b6-204e-4fd3-aecb-f984535b5430 HTTP/1.1" status: 204 len: 168 time: 0.3879859
2026-04-14 06:51:30.603 10 INFO neutron.db.ovn_revision_numbers_db [None req-d47a03e3-72c9-4bac-97af-cd9cef4c58b2 8e48e3dbd812419ca5004eea22056236 bed3f8109c6b496ab3a5d63ed409cf55 - - default default] Successfully bumped revision number for resource e3507c5c-55f9-4c85-bc00-4aecb8644043 (type: security_groups) to 1
2026-04-14 06:51:30.639 9 INFO neutron.wsgi [req-a961ab21-5034-4c12-8815-a55a96b3ffdb req-653a0461-c91c-48d8-9bb5-dc71cc0c8b07 c56124df3db5468086454cb12b253d10 cd02e65f195e417eaedcd5d80ff63fb6 - - default default] 10.0.0.72 "GET /v2.0/ports?device_id=f3cb1492-a422-46a1-8db3-03ef82665489 HTTP/1.1" status: 200 len: 210 time: 0.0296910
2026-04-14 06:51:30.654 10 INFO neutron.db.ovn_revision_numbers_db [None req-d47a03e3-72c9-4bac-97af-cd9cef4c58b2 8e48e3dbd812419ca5004eea22056236 bed3f8109c6b496ab3a5d63ed409cf55 - - default default] Successfully bumped revision number for resource 0af18e02-513a-464c-9347-51e6090ecd25 (type: security_group_rules) to 0
2026-04-14 06:51:30.681 10 INFO neutron.db.ovn_revision_numbers_db [None req-d47a03e3-72c9-4bac-97af-cd9cef4c58b2 8e48e3dbd812419ca5004eea22056236 bed3f8109c6b496ab3a5d63ed409cf55 - - default default] Successfully bumped revision number for resource 6cacd45c-661d-457a-bfbf-a764b1edb322 (type: security_group_rules) to 0
2026-04-14 06:51:30.710 10 INFO neutron.db.ovn_revision_numbers_db [None req-d47a03e3-72c9-4bac-97af-cd9cef4c58b2 8e48e3dbd812419ca5004eea22056236 bed3f8109c6b496ab3a5d63ed409cf55 - - default default] Successfully bumped revision number for resource c1aa538c-ff61-4f23-9c7c-8cd0c85f90ec (type: security_group_rules) to 0
2026-04-14 06:51:30.720 10 WARNING neutron.scheduler.dhcp_agent_scheduler [req-9da65983-311e-4bdf-b5f0-73d78da2888f req-e2949485-0af5-4265-ab6a-6a4f7147ece4 c56124df3db5468086454cb12b253d10 cd02e65f195e417eaedcd5d80ff63fb6 - - default default] No more DHCP agents
2026-04-14 06:51:30.725 10 WARNING neutron.api.rpc.agentnotifiers.dhcp_rpc_agent_api [req-9da65983-311e-4bdf-b5f0-73d78da2888f req-e2949485-0af5-4265-ab6a-6a4f7147ece4 c56124df3db5468086454cb12b253d10 cd02e65f195e417eaedcd5d80ff63fb6 - - default default] Unable to schedule network f8fef06e-a803-4c1d-af39-bd8eab4213fb: no agents available; will retry on subsequent port and subnet creation events.
2026-04-14 06:51:30.740 10 INFO neutron.db.ovn_revision_numbers_db [None req-d47a03e3-72c9-4bac-97af-cd9cef4c58b2 8e48e3dbd812419ca5004eea22056236 bed3f8109c6b496ab3a5d63ed409cf55 - - default default] Successfully bumped revision number for resource d504f430-ec72-43c7-b572-224ef49bce71 (type: security_group_rules) to 0
2026-04-14 06:51:30.785 10 INFO neutron.wsgi [None req-d47a03e3-72c9-4bac-97af-cd9cef4c58b2 8e48e3dbd812419ca5004eea22056236 bed3f8109c6b496ab3a5d63ed409cf55 - - default default] 10.0.0.159 "GET /v2.0/security-groups?tenant_id=171f326e0998417cab3c7b0aea55efd7&name=default HTTP/1.1" status: 200 len: 2996 time: 0.4280207
2026-04-14 06:51:31.023 9 INFO neutron.wsgi [None req-7a5430f5-d27a-413b-ad01-81ca86ec3aad 8e48e3dbd812419ca5004eea22056236 bed3f8109c6b496ab3a5d63ed409cf55 - - default default] 10.0.0.159 "DELETE /v2.0/security-groups/e3507c5c-55f9-4c85-bc00-4aecb8644043 HTTP/1.1" status: 204 len: 168 time: 0.2320905
2026-04-14 06:51:31.185 10 INFO neutron.services.segments.plugin [-] Segment a612c224-b5bf-4690-ba4b-bc8aba243be4 resource provider aggregate not found
2026-04-14 06:51:31.190 10 INFO neutron.services.segments.plugin [-] Segment a612c224-b5bf-4690-ba4b-bc8aba243be4 resource provider aggregate not found
2026-04-14 06:51:31.204 10 INFO neutron.services.segments.plugin [-] Segment a612c224-b5bf-4690-ba4b-bc8aba243be4 resource provider not found; error: Placement Client Error (4xx): {"errors": [{"status": 404, "title": "Not Found", "detail": "The resource could not be found.\n\n No resource provider with uuid a612c224-b5bf-4690-ba4b-bc8aba243be4 found for delete ", "request_id": "req-21d3319c-a21e-4f51-a4cd-86a5ab434ca1"}]}
2026-04-14 06:51:31.206 10 INFO neutron.services.segments.plugin [-] Segment a612c224-b5bf-4690-ba4b-bc8aba243be4 resource provider not found; error: Placement Client Error (4xx): {"errors": [{"status": 404, "title": "Not Found", "detail": "The resource could not be found.\n\n No resource provider with uuid a612c224-b5bf-4690-ba4b-bc8aba243be4 found for delete ", "request_id": "req-9ae96719-bf74-44a2-8674-2df80f0cf224"}]}
2026-04-14 06:51:31.235 10 INFO neutron.db.ovn_revision_numbers_db [req-9da65983-311e-4bdf-b5f0-73d78da2888f req-e2949485-0af5-4265-ab6a-6a4f7147ece4 c56124df3db5468086454cb12b253d10 cd02e65f195e417eaedcd5d80ff63fb6 - - default default] Successfully bumped revision number for resource e1afac9d-1ed5-41a7-b0f3-85608d248fea (type: ports) to 1
2026-04-14 06:51:31.246 10 INFO neutron.wsgi [None req-3f308b84-d53f-4c66-b172-961764c06d8a bd91868e44f5475c87d4ebb0f92b66da bb00304ed12f4162a97900719ae4e95e - - default default] 10.0.0.159 "DELETE /v2.0/networks/1d51ecaf-8280-4346-bc10-36b2bceac1de HTTP/1.1" status: 204 len: 168 time: 0.8809059
2026-04-14 06:51:31.263 10 INFO neutron.wsgi [req-9da65983-311e-4bdf-b5f0-73d78da2888f req-e2949485-0af5-4265-ab6a-6a4f7147ece4 c56124df3db5468086454cb12b253d10 cd02e65f195e417eaedcd5d80ff63fb6 - - default default] 162.253.55.62 "POST /v2.0/ports HTTP/1.1" status: 201 len: 1158 time: 1.0060074 /var/lib/openstack/lib/python3.10/site-packages/pycadf/identifier.py:71: UserWarning: Invalid uuid: neutron. To ensure interoperability, identifiers should be a valid uuid. warnings.warn(('Invalid uuid: %s. To ensure interoperability, '
2026-04-14 06:51:31.325 9 WARNING neutron.plugins.ml2.drivers.ovn.mech_driver.ovsdb.ovn_client [None req-43508560-b61f-49c9-9d23-fd51b0189029 - - - - - -] No hosting information found for port bf558828-6a0e-4877-b9f8-c7d2b38090e0: RuntimeError: No hosting information found for port bf558828-6a0e-4877-b9f8-c7d2b38090e0
2026-04-14 06:51:31.696 10 INFO neutron.db.ovn_revision_numbers_db [req-9da65983-311e-4bdf-b5f0-73d78da2888f req-891c7627-bac5-40ab-8595-5670f3e614de 3c75dd45c996441fa726172e7c87476c 20c6709344df44d28735d48523711bad - - 50d5ba81f0dc4f2ab56814b6a00f312e 50d5ba81f0dc4f2ab56814b6a00f312e] Successfully bumped revision number for resource e1afac9d-1ed5-41a7-b0f3-85608d248fea (type: ports) to 2
2026-04-14 06:51:31.849 9 INFO neutron.wsgi [req-54219312-a9f8-429b-a055-08ff057e41a4 req-b51f92cf-ba58-4ec2-9a9f-e8a5b6daac76 c56124df3db5468086454cb12b253d10 cd02e65f195e417eaedcd5d80ff63fb6 - - default default] 10.0.0.72 "GET /v2.0/ports?device_id=f3cb1492-a422-46a1-8db3-03ef82665489 HTTP/1.1" status: 200 len: 1168 time: 0.0372324
2026-04-14 06:51:31.927 10 INFO neutron.db.ovn_revision_numbers_db [req-9da65983-311e-4bdf-b5f0-73d78da2888f req-891c7627-bac5-40ab-8595-5670f3e614de 3c75dd45c996441fa726172e7c87476c 20c6709344df44d28735d48523711bad - - 50d5ba81f0dc4f2ab56814b6a00f312e 50d5ba81f0dc4f2ab56814b6a00f312e] Successfully bumped revision number for resource e1afac9d-1ed5-41a7-b0f3-85608d248fea (type: ports) to 2
2026-04-14 06:51:31.931 9 INFO neutron.wsgi [req-54219312-a9f8-429b-a055-08ff057e41a4 req-d23bd8cd-3c1d-4fe9-9c2c-af25789c2773 c56124df3db5468086454cb12b253d10 cd02e65f195e417eaedcd5d80ff63fb6 - - default default] 10.0.0.72 "GET /v2.0/security-groups?id=7a85fdc6-86bb-494e-8927-2ab774f83a80&fields=id&fields=name HTTP/1.1" status: 200 len: 286 time: 0.0719578
2026-04-14 06:51:31.947 10 INFO neutron.wsgi [req-9da65983-311e-4bdf-b5f0-73d78da2888f req-891c7627-bac5-40ab-8595-5670f3e614de 3c75dd45c996441fa726172e7c87476c 20c6709344df44d28735d48523711bad - - 50d5ba81f0dc4f2ab56814b6a00f312e 50d5ba81f0dc4f2ab56814b6a00f312e] 162.253.55.62 "PUT /v2.0/ports/e1afac9d-1ed5-41a7-b0f3-85608d248fea HTTP/1.1" status: 200 len: 1376 time: 0.6721916 /var/lib/openstack/lib/python3.10/site-packages/pycadf/identifier.py:71: UserWarning: Invalid uuid: neutron. To ensure interoperability, identifiers should be a valid uuid. warnings.warn(('Invalid uuid: %s. To ensure interoperability, '
2026-04-14 06:51:31.999 10 INFO neutron.notifiers.nova [-] Nova event matching ['req-1d285fcb-2f91-4337-b5bd-edc30662b8f8'] response: {'name': 'network-changed', 'server_uuid': 'f3cb1492-a422-46a1-8db3-03ef82665489', 'tag': 'e1afac9d-1ed5-41a7-b0f3-85608d248fea', 'status': 'completed', 'code': 200}
2026-04-14 06:51:32.028 10 INFO neutron.wsgi [req-9da65983-311e-4bdf-b5f0-73d78da2888f req-ecb200b0-d334-477d-b1b1-57d9c5d8763f 3c75dd45c996441fa726172e7c87476c 20c6709344df44d28735d48523711bad - - 50d5ba81f0dc4f2ab56814b6a00f312e 50d5ba81f0dc4f2ab56814b6a00f312e] 162.253.55.62 "GET /v2.0/ports?tenant_id=cd02e65f195e417eaedcd5d80ff63fb6&device_id=f3cb1492-a422-46a1-8db3-03ef82665489 HTTP/1.1" status: 200 len: 1407 time: 0.0418947
2026-04-14 06:51:32.058 10 INFO neutron.wsgi [req-9da65983-311e-4bdf-b5f0-73d78da2888f req-83434922-9ecb-4f4d-99e7-f557f41b4709 3c75dd45c996441fa726172e7c87476c 20c6709344df44d28735d48523711bad - - 50d5ba81f0dc4f2ab56814b6a00f312e 50d5ba81f0dc4f2ab56814b6a00f312e] 162.253.55.62 "GET /v2.0/floatingips?fixed_ip_address=10.100.0.7&port_id=e1afac9d-1ed5-41a7-b0f3-85608d248fea HTTP/1.1" status: 200 len: 217 time: 0.0237238
2026-04-14 06:51:32.065 9 INFO neutron.wsgi [None req-7ad3e2fe-832e-4079-bb46-15a1c16c8550 bd91868e44f5475c87d4ebb0f92b66da bb00304ed12f4162a97900719ae4e95e - - default default] 10.0.0.159 "DELETE /v2.0/networks/778639c3-eef0-4399-9c02-ad15403c8bf5 HTTP/1.1" status: 204 len: 168 time: 0.8123138
2026-04-14 06:51:32.102 10 INFO neutron.wsgi [req-9da65983-311e-4bdf-b5f0-73d78da2888f req-92699781-0d60-4202-9757-ed2030772a3f 3c75dd45c996441fa726172e7c87476c 20c6709344df44d28735d48523711bad - - 50d5ba81f0dc4f2ab56814b6a00f312e 50d5ba81f0dc4f2ab56814b6a00f312e] 162.253.55.62 "GET /v2.0/subnets?id=6cd5fa4c-264e-46f7-adde-f7432db569b0 HTTP/1.1" status: 200 len: 865 time: 0.0360510
2026-04-14 06:51:32.125 10 INFO neutron.wsgi [req-9da65983-311e-4bdf-b5f0-73d78da2888f req-99ba5b30-ff68-422b-a0ce-efa8106f2207 3c75dd45c996441fa726172e7c87476c 20c6709344df44d28735d48523711bad - - 50d5ba81f0dc4f2ab56814b6a00f312e 50d5ba81f0dc4f2ab56814b6a00f312e] 162.253.55.62 "GET /v2.0/ports?network_id=f8fef06e-a803-4c1d-af39-bd8eab4213fb&device_owner=network%3Adhcp HTTP/1.1" status: 200 len: 210 time: 0.0171607
2026-04-14 06:51:32.196 10 INFO neutron.wsgi [req-9da65983-311e-4bdf-b5f0-73d78da2888f req-849cef79-e745-420d-b8da-24972181d1f1 3c75dd45c996441fa726172e7c87476c 20c6709344df44d28735d48523711bad - - 50d5ba81f0dc4f2ab56814b6a00f312e 50d5ba81f0dc4f2ab56814b6a00f312e] 162.253.55.62 "GET /v2.0/networks/f8fef06e-a803-4c1d-af39-bd8eab4213fb?fields=segments HTTP/1.1" status: 200 len: 212 time: 0.0616825
2026-04-14 06:51:32.260 10 INFO neutron.wsgi [req-9da65983-311e-4bdf-b5f0-73d78da2888f req-66b74012-6f63-410b-b0b6-0c2ce480cf2c 3c75dd45c996441fa726172e7c87476c 20c6709344df44d28735d48523711bad - - 50d5ba81f0dc4f2ab56814b6a00f312e 50d5ba81f0dc4f2ab56814b6a00f312e] 162.253.55.62 "GET /v2.0/networks/f8fef06e-a803-4c1d-af39-bd8eab4213fb?fields=provider%3Aphysical_network&fields=provider%3Anetwork_type HTTP/1.1" status: 200 len: 277 time: 0.0576656
2026-04-14 06:51:32.339 10 INFO neutron.wsgi [req-efaaa013-4e73-43f6-b03c-73ed30f74bc1 req-4e785263-c5b0-489a-bdb9-8bccf6062954 3c75dd45c996441fa726172e7c87476c 20c6709344df44d28735d48523711bad - - 50d5ba81f0dc4f2ab56814b6a00f312e 50d5ba81f0dc4f2ab56814b6a00f312e] 162.253.55.62 "GET /v2.0/ports?tenant_id=cd02e65f195e417eaedcd5d80ff63fb6&device_id=f3cb1492-a422-46a1-8db3-03ef82665489 HTTP/1.1" status: 200 len: 1407 time: 0.0353799
2026-04-14 06:51:32.368 9 INFO neutron.services.segments.plugin [-] Segment 3bfc1740-8ac0-40c0-b10f-ad18f5a6f651 resource provider aggregate not found
2026-04-14 06:51:32.376 9 INFO neutron.services.segments.plugin [-] Segment 3bfc1740-8ac0-40c0-b10f-ad18f5a6f651 resource provider aggregate not found
2026-04-14 06:51:32.399 9 INFO neutron.services.segments.plugin [-] Segment 3bfc1740-8ac0-40c0-b10f-ad18f5a6f651 resource provider not found; error: Placement Client Error (4xx): {"errors": [{"status": 404, "title": "Not Found", "detail": "The resource could not be found.\n\n No resource provider with uuid 3bfc1740-8ac0-40c0-b10f-ad18f5a6f651 found for delete ", "request_id": "req-99ca0702-6fe8-4bed-866e-8cd64ba25856"}]}
2026-04-14 06:51:32.400 9 INFO neutron.services.segments.plugin [-] Segment 3bfc1740-8ac0-40c0-b10f-ad18f5a6f651 resource provider not found; error: Placement Client Error (4xx): {"errors": [{"status": 404, "title": "Not Found", "detail": "The resource could not be found.\n\n No resource provider with uuid 3bfc1740-8ac0-40c0-b10f-ad18f5a6f651 found for delete ", "request_id": "req-5bb80c07-c0ce-4788-bd11-ee989a14dcbc"}]}
2026-04-14 06:51:32.413 10 INFO neutron.wsgi [req-efaaa013-4e73-43f6-b03c-73ed30f74bc1 req-66aed294-393d-47ba-a111-d0c5fa4d53b8 3c75dd45c996441fa726172e7c87476c 20c6709344df44d28735d48523711bad - - 50d5ba81f0dc4f2ab56814b6a00f312e 50d5ba81f0dc4f2ab56814b6a00f312e] 162.253.55.62 "GET /v2.0/networks?id=f8fef06e-a803-4c1d-af39-bd8eab4213fb HTTP/1.1" status: 200 len: 970 time: 0.0682218
2026-04-14 06:51:32.443 10 INFO neutron.wsgi [req-efaaa013-4e73-43f6-b03c-73ed30f74bc1 req-b677ad16-dd59-48a6-bd21-e978b1c1dd60 3c75dd45c996441fa726172e7c87476c 20c6709344df44d28735d48523711bad - - 50d5ba81f0dc4f2ab56814b6a00f312e 50d5ba81f0dc4f2ab56814b6a00f312e] 162.253.55.62 "GET /v2.0/floatingips?fixed_ip_address=10.100.0.7&port_id=e1afac9d-1ed5-41a7-b0f3-85608d248fea HTTP/1.1" status: 200 len: 217 time: 0.0252805
2026-04-14 06:51:32.463 9 INFO neutron.wsgi [None req-2947ec34-b586-41c4-a8cb-d456c0d48f0c bd91868e44f5475c87d4ebb0f92b66da bb00304ed12f4162a97900719ae4e95e - - default default] 10.0.0.159 "DELETE /v2.0/networks/5f3d7dab-f3f3-4e0d-9c69-d8347bc000ab HTTP/1.1" status: 204 len: 168 time: 0.3914738
2026-04-14 06:51:32.469 10 INFO neutron.plugins.ml2.drivers.ovn.mech_driver.mech_driver [None req-3be24af8-912c-4216-9038-2fc1fe89e298 - - - - - -] OVN reports status up for port: e1afac9d-1ed5-41a7-b0f3-85608d248fea
2026-04-14 06:51:32.480 10 INFO neutron.plugins.ml2.plugin [None req-3be24af8-912c-4216-9038-2fc1fe89e298 - - - - - -] Attempt 1 to provision port e1afac9d-1ed5-41a7-b0f3-85608d248fea
2026-04-14 06:51:32.505 10 INFO neutron.wsgi [req-efaaa013-4e73-43f6-b03c-73ed30f74bc1 req-349f8f9e-a290-4b2b-be1a-86cfb882d65e 3c75dd45c996441fa726172e7c87476c 20c6709344df44d28735d48523711bad - - 50d5ba81f0dc4f2ab56814b6a00f312e 50d5ba81f0dc4f2ab56814b6a00f312e] 162.253.55.62 "GET /v2.0/subnets?id=6cd5fa4c-264e-46f7-adde-f7432db569b0 HTTP/1.1" status: 200 len: 865 time: 0.0548451
2026-04-14 06:51:32.538 10 INFO neutron.wsgi [req-efaaa013-4e73-43f6-b03c-73ed30f74bc1 req-23082f8e-a5b6-4b2b-acf5-3b0e08f4f7ae 3c75dd45c996441fa726172e7c87476c 20c6709344df44d28735d48523711bad - - 50d5ba81f0dc4f2ab56814b6a00f312e 50d5ba81f0dc4f2ab56814b6a00f312e] 162.253.55.62 "GET /v2.0/ports?network_id=f8fef06e-a803-4c1d-af39-bd8eab4213fb&device_owner=network%3Adhcp HTTP/1.1" status: 200 len: 210 time: 0.0252404
2026-04-14 06:51:32.613 10 INFO neutron.wsgi [req-efaaa013-4e73-43f6-b03c-73ed30f74bc1 req-3698d7db-c791-4af7-9011-5b65b2a2658d 3c75dd45c996441fa726172e7c87476c 20c6709344df44d28735d48523711bad - - 50d5ba81f0dc4f2ab56814b6a00f312e 50d5ba81f0dc4f2ab56814b6a00f312e] 162.253.55.62 "GET /v2.0/networks/f8fef06e-a803-4c1d-af39-bd8eab4213fb?fields=segments HTTP/1.1" status: 200 len: 212 time: 0.0668468
