2026-04-14 06:49:48.303 9 INFO neutron.db.ovn_revision_numbers_db [None req-63bf275b-6cee-4173-9bf2-748aba706c57 44cbdd6073f54ccaa7d8542bbf5240c0 ea86449b0acb444caad93cc7c5464227 - - default default] Successfully bumped revision number for resource 5abdbda4-aaff-4522-9985-d1d3364b4ffd (type: subnets) to 0
2026-04-14 06:49:48.337 9 INFO neutron.wsgi [None req-63bf275b-6cee-4173-9bf2-748aba706c57 44cbdd6073f54ccaa7d8542bbf5240c0 ea86449b0acb444caad93cc7c5464227 - - default default] 10.0.0.159 "POST /v2.0/subnets HTTP/1.1" status: 201 len: 802 time: 0.4424376
2026-04-14 06:49:48.357 9 WARNING neutron_lib.context [None req-eb848e12-e6b1-4cca-8206-2d6473ee72ee 44cbdd6073f54ccaa7d8542bbf5240c0 ea86449b0acb444caad93cc7c5464227 - - default default] Method 'is_advsvc' is deprecated since 2023.2 release (neutron-lib 3.8.0) and will be removed once support for the old RBAC API policies will be removed from Neutron. Please use method 'is_service_role' instead.
2026-04-14 06:49:48.397 10 INFO neutron.wsgi [req-1953b41d-4e45-4959-8d91-3645dcfcca9b req-a992e82a-b861-4e55-96d0-c021f6762888 3c75dd45c996441fa726172e7c87476c 20c6709344df44d28735d48523711bad - - 50d5ba81f0dc4f2ab56814b6a00f312e 50d5ba81f0dc4f2ab56814b6a00f312e] 162.253.55.62 "GET /v2.0/networks/f7ff7d41-909b-4507-8942-88df5f11dded?fields=provider%3Aphysical_network&fields=provider%3Anetwork_type HTTP/1.1" status: 200 len: 277 time: 0.0910490
2026-04-14 06:49:48.497 10 WARNING neutron.scheduler.dhcp_agent_scheduler [None req-2b84f731-dbc2-41f2-ad6f-64d479bcd689 93975178044d4c3f8018757e9338e737 9e320ad56f8e4f899afd55a3af9c3a28 - - default default] No more DHCP agents
2026-04-14 06:49:48.499 10 WARNING neutron.api.rpc.agentnotifiers.dhcp_rpc_agent_api [None req-2b84f731-dbc2-41f2-ad6f-64d479bcd689 93975178044d4c3f8018757e9338e737 9e320ad56f8e4f899afd55a3af9c3a28 - - default default] Unable to schedule network 9e241969-9069-462a-8963-e396a850e941: no agents available; will retry on subsequent port and subnet creation events.
2026-04-14 06:49:48.581 10 INFO neutron.db.ovn_revision_numbers_db [None req-2b84f731-dbc2-41f2-ad6f-64d479bcd689 93975178044d4c3f8018757e9338e737 9e320ad56f8e4f899afd55a3af9c3a28 - - default default] Successfully bumped revision number for resource 0b80c388-6fea-4ef2-9164-5b1df7a634aa (type: ports) to 1
2026-04-14 06:49:48.599 10 INFO neutron.wsgi [None req-2b84f731-dbc2-41f2-ad6f-64d479bcd689 93975178044d4c3f8018757e9338e737 9e320ad56f8e4f899afd55a3af9c3a28 - - default default] 10.0.0.159 "POST /v2.0/networks HTTP/1.1" status: 201 len: 849 time: 0.6850300
2026-04-14 06:49:48.631 9 INFO neutron.db.ovn_revision_numbers_db [None req-43508560-b61f-49c9-9d23-fd51b0189029 - - - - - -] Successfully bumped revision number for resource 3ab693df-8a66-480f-8166-b196b239cc87 (type: ports) to 4
2026-04-14 06:49:48.646 10 WARNING neutron_lib.context [None req-c69f6eb1-3136-4015-9315-d948258c0fa0 93975178044d4c3f8018757e9338e737 9e320ad56f8e4f899afd55a3af9c3a28 - - default default] Method 'is_advsvc' is deprecated since 2023.2 release (neutron-lib 3.8.0) and will be removed once support for the old RBAC API policies will be removed from Neutron. Please use method 'is_service_role' instead.
2026-04-14 06:49:48.664 9 INFO neutron.wsgi [None req-5cbfa0ba-e71e-4b85-b03e-776302e483b1 8e48e3dbd812419ca5004eea22056236 bed3f8109c6b496ab3a5d63ed409cf55 - - default default] 10.0.0.159 "DELETE /v2.0/security-groups/cca6bc61-fe65-41b9-8306-7e6413604756 HTTP/1.1" status: 204 len: 168 time: 0.4898353
2026-04-14 06:49:48.681 10 WARNING neutron_lib.context [None req-c69f6eb1-3136-4015-9315-d948258c0fa0 93975178044d4c3f8018757e9338e737 9e320ad56f8e4f899afd55a3af9c3a28 - - default default] Method 'is_advsvc' is deprecated since 2023.2 release (neutron-lib 3.8.0) and will be removed once support for the old RBAC API policies will be removed from Neutron. Please use method 'is_service_role' instead. /var/lib/openstack/lib/python3.10/site-packages/pycadf/identifier.py:71: UserWarning: Invalid uuid: neutron. To ensure interoperability, identifiers should be a valid uuid. warnings.warn(('Invalid uuid: %s. To ensure interoperability, '
2026-04-14 06:49:48.785 9 INFO neutron.wsgi [req-bcc2d55d-4992-4313-b478-d6454a9c3a1a req-073f5c1d-6e97-4b7d-be54-4a01a50eee2e aaf0a80d120b41b2a4482b1e6395e91d 506ed0b81ff947ed8d7ac6a238b9bbcc - - default default] 10.0.0.72 "GET /v2.0/ports?device_id=f28ea0a3-ec52-40fd-9ddc-423d317d377b HTTP/1.1" status: 200 len: 1174 time: 0.0430357
2026-04-14 06:49:48.834 9 INFO neutron.wsgi [req-bcc2d55d-4992-4313-b478-d6454a9c3a1a req-c0852fb4-06b9-4912-8ff8-f567dbc2de90 aaf0a80d120b41b2a4482b1e6395e91d 506ed0b81ff947ed8d7ac6a238b9bbcc - - default default] 10.0.0.72 "GET /v2.0/security-groups?id=23c2256f-a3c5-4df6-97ff-30c6cc96aa7c&fields=id&fields=name HTTP/1.1" status: 200 len: 312 time: 0.0382130
2026-04-14 06:49:48.946 9 WARNING neutron.scheduler.dhcp_agent_scheduler [None req-eb848e12-e6b1-4cca-8206-2d6473ee72ee 44cbdd6073f54ccaa7d8542bbf5240c0 ea86449b0acb444caad93cc7c5464227 - - default default] No more DHCP agents
2026-04-14 06:49:48.949 9 WARNING neutron.api.rpc.agentnotifiers.dhcp_rpc_agent_api [None req-eb848e12-e6b1-4cca-8206-2d6473ee72ee 44cbdd6073f54ccaa7d8542bbf5240c0 ea86449b0acb444caad93cc7c5464227 - - default default] Unable to schedule network 889f5795-88d7-46f7-9c2f-28e66ef80dff: no agents available; will retry on subsequent port and subnet creation events.
2026-04-14 06:49:49.084 10 WARNING neutron.scheduler.dhcp_agent_scheduler [None req-c69f6eb1-3136-4015-9315-d948258c0fa0 93975178044d4c3f8018757e9338e737 9e320ad56f8e4f899afd55a3af9c3a28 - - default default] No more DHCP agents
2026-04-14 06:49:49.086 10 WARNING neutron.api.rpc.agentnotifiers.dhcp_rpc_agent_api [None req-c69f6eb1-3136-4015-9315-d948258c0fa0 93975178044d4c3f8018757e9338e737 9e320ad56f8e4f899afd55a3af9c3a28 - - default default] Unable to schedule network 34c475be-7958-4f8b-bf1f-356a7218cc70: no agents available; will retry on subsequent port and subnet creation events.
2026-04-14 06:49:49.105 9 INFO neutron.db.ovn_revision_numbers_db [None req-eb848e12-e6b1-4cca-8206-2d6473ee72ee 44cbdd6073f54ccaa7d8542bbf5240c0 ea86449b0acb444caad93cc7c5464227 - - default default] Successfully bumped revision number for resource d5d5f9ed-53b7-459d-9674-ac92922d8966 (type: ports) to 1
2026-04-14 06:49:49.713 10 INFO neutron.plugins.ml2.drivers.ovn.mech_driver.mech_driver [None req-3be24af8-912c-4216-9038-2fc1fe89e298 - - - - - -] OVN reports status up for port: d5d5f9ed-53b7-459d-9674-ac92922d8966
2026-04-14 06:49:49.721 9 INFO neutron.db.ovn_revision_numbers_db [None req-eb848e12-e6b1-4cca-8206-2d6473ee72ee 44cbdd6073f54ccaa7d8542bbf5240c0 ea86449b0acb444caad93cc7c5464227 - - default default] Successfully bumped revision number for resource d5d5f9ed-53b7-459d-9674-ac92922d8966 (type: router_ports) to 1
2026-04-14 06:49:49.723 10 INFO neutron.plugins.ml2.plugin [None req-3be24af8-912c-4216-9038-2fc1fe89e298 - - - - - -] Attempt 1 to provision port d5d5f9ed-53b7-459d-9674-ac92922d8966
2026-04-14 06:49:49.792 9 INFO neutron.db.ovn_revision_numbers_db [None req-eb848e12-e6b1-4cca-8206-2d6473ee72ee 44cbdd6073f54ccaa7d8542bbf5240c0 ea86449b0acb444caad93cc7c5464227 - - default default] Successfully bumped revision number for resource 7e18a89a-876a-4299-ab44-aa2a565c1bcb (type: routers) to 2
2026-04-14 06:49:49.796 10 INFO neutron.db.ovn_revision_numbers_db [None req-c69f6eb1-3136-4015-9315-d948258c0fa0 93975178044d4c3f8018757e9338e737 9e320ad56f8e4f899afd55a3af9c3a28 - - default default] Successfully bumped revision number for resource 4a1ce986-6362-4e05-b722-b509bd0d74cb (type: ports) to 2
2026-04-14 06:49:49.807 9 INFO neutron.wsgi [None req-eb848e12-e6b1-4cca-8206-2d6473ee72ee 44cbdd6073f54ccaa7d8542bbf5240c0 ea86449b0acb444caad93cc7c5464227 - - default default] 10.0.0.159 "POST /v2.0/routers HTTP/1.1" status: 201 len: 874 time: 1.4572411
2026-04-14 06:49:49.869 10 INFO neutron.db.ovn_revision_numbers_db [None req-c69f6eb1-3136-4015-9315-d948258c0fa0 93975178044d4c3f8018757e9338e737 9e320ad56f8e4f899afd55a3af9c3a28 - - default default] Successfully bumped revision number for resource 49dbcf3c-7a28-47e1-9651-b5d9347acd46 (type: subnets) to 0
2026-04-14 06:49:49.928 10 WARNING neutron.scheduler.dhcp_agent_scheduler [None req-c69f6eb1-3136-4015-9315-d948258c0fa0 93975178044d4c3f8018757e9338e737 9e320ad56f8e4f899afd55a3af9c3a28 - - default default] No more DHCP agents
2026-04-14 06:49:49.935 10 WARNING neutron.api.rpc.agentnotifiers.dhcp_rpc_agent_api [None req-c69f6eb1-3136-4015-9315-d948258c0fa0 93975178044d4c3f8018757e9338e737 9e320ad56f8e4f899afd55a3af9c3a28 - - default default] Unable to schedule network 9e241969-9069-462a-8963-e396a850e941: no agents available; will retry on subsequent port and subnet creation events.
2026-04-14 06:49:50.079 10 INFO neutron.wsgi [req-bf6007af-7a70-4e4d-92fe-bfdae0c2d300 req-49a67dfa-00e2-4322-9640-1366707edc2f aaf0a80d120b41b2a4482b1e6395e91d 506ed0b81ff947ed8d7ac6a238b9bbcc - - default default] 10.0.0.72 "GET /v2.0/ports?device_id=f28ea0a3-ec52-40fd-9ddc-423d317d377b HTTP/1.1" status: 200 len: 1174 time: 0.1644304
2026-04-14 06:49:50.156 10 INFO neutron.wsgi [req-bf6007af-7a70-4e4d-92fe-bfdae0c2d300 req-23479326-d73c-405b-a733-69b6f30bcd8f aaf0a80d120b41b2a4482b1e6395e91d 506ed0b81ff947ed8d7ac6a238b9bbcc - - default default] 10.0.0.72 "GET /v2.0/security-groups?id=23c2256f-a3c5-4df6-97ff-30c6cc96aa7c&fields=id&fields=name HTTP/1.1" status: 200 len: 312 time: 0.0690553
2026-04-14 06:49:50.252 9 INFO neutron.wsgi [req-e18df1dd-9e80-4031-8266-5ba9a1812e59 req-f284e454-98a6-402e-949a-1c581bcf83c6 aaf0a80d120b41b2a4482b1e6395e91d 506ed0b81ff947ed8d7ac6a238b9bbcc - - default default] 10.0.0.72 "GET /v2.0/ports?device_id=f28ea0a3-ec52-40fd-9ddc-423d317d377b HTTP/1.1" status: 200 len: 1174 time: 0.0394483
2026-04-14 06:49:50.547 10 WARNING neutron_lib.context [None req-f62fbf01-a1c8-47f5-ad02-e35d7d7339c2 e2130597000747798cd09a7565154344 c0ead99176c34a4aa5f05d3cec5f0033 - - default default] Method 'is_advsvc' is deprecated since 2023.2 release (neutron-lib 3.8.0) and will be removed once support for the old RBAC API policies will be removed from Neutron. Please use method 'is_service_role' instead.
2026-04-14 06:49:50.565 9 INFO neutron.notifiers.nova [-] Nova event matching ['req-89ea225a-14f7-47bf-8f58-91413ba8bf08'] response: {'server_uuid': 'f28ea0a3-ec52-40fd-9ddc-423d317d377b', 'name': 'network-vif-plugged', 'status': 'completed', 'tag': '3ab693df-8a66-480f-8166-b196b239cc87', 'code': 200}
2026-04-14 06:49:50.624 10 WARNING neutron.scheduler.dhcp_agent_scheduler [None req-1a88bb28-6aa8-4c66-bb16-a913ba63f365 44cbdd6073f54ccaa7d8542bbf5240c0 ea86449b0acb444caad93cc7c5464227 - - default default] No more DHCP agents
2026-04-14 06:49:50.631 10 WARNING neutron.api.rpc.agentnotifiers.dhcp_rpc_agent_api [None req-1a88bb28-6aa8-4c66-bb16-a913ba63f365 44cbdd6073f54ccaa7d8542bbf5240c0 ea86449b0acb444caad93cc7c5464227 - - default default] Unable to schedule network 039732ba-df01-4dfd-8415-91719b0381ca: no agents available; will retry on subsequent port and subnet creation events.
2026-04-14 06:49:50.755 10 INFO neutron.db.ovn_revision_numbers_db [None req-c69f6eb1-3136-4015-9315-d948258c0fa0 93975178044d4c3f8018757e9338e737 9e320ad56f8e4f899afd55a3af9c3a28 - - default default] Successfully bumped revision number for resource 0b80c388-6fea-4ef2-9164-5b1df7a634aa (type: ports) to 2
2026-04-14 06:49:50.790 10 INFO neutron.db.ovn_revision_numbers_db [None req-f62fbf01-a1c8-47f5-ad02-e35d7d7339c2 e2130597000747798cd09a7565154344 c0ead99176c34a4aa5f05d3cec5f0033 - - default default] Successfully bumped revision number for resource d1c61575-51b4-4d8c-85fe-f00bc9c5c5b6 (type: security_groups) to 1
2026-04-14 06:49:50.810 10 INFO neutron.db.ovn_revision_numbers_db [None req-f62fbf01-a1c8-47f5-ad02-e35d7d7339c2 e2130597000747798cd09a7565154344 c0ead99176c34a4aa5f05d3cec5f0033 - - default default] Successfully bumped revision number for resource 027bd23c-d5e3-4934-8141-405fbab8732d (type: security_group_rules) to 0
2026-04-14 06:49:50.814 10 INFO neutron.db.ovn_revision_numbers_db [None req-c69f6eb1-3136-4015-9315-d948258c0fa0 93975178044d4c3f8018757e9338e737 9e320ad56f8e4f899afd55a3af9c3a28 - - default default] Successfully bumped revision number for resource 4f4405ff-c7e5-4ac1-9406-95ef6bc1f6a2 (type: subnets) to 0
2026-04-14 06:49:50.821 9 INFO neutron.db.l3_db [None req-8f827720-d50a-402b-88eb-71c799354bb8 aaf0a80d120b41b2a4482b1e6395e91d 506ed0b81ff947ed8d7ac6a238b9bbcc - - default default] Floating IP df6e5c4e-2abe-4735-b1c8-e00840f435e5 associated. External IP: 10.96.250.205, port: 3ab693df-8a66-480f-8166-b196b239cc87.
2026-04-14 06:49:50.844 10 INFO neutron.db.ovn_revision_numbers_db [None req-f62fbf01-a1c8-47f5-ad02-e35d7d7339c2 e2130597000747798cd09a7565154344 c0ead99176c34a4aa5f05d3cec5f0033 - - default default] Successfully bumped revision number for resource 84e5cc6e-05c3-48b6-8264-a1ddaaa5028c (type: security_group_rules) to 0
2026-04-14 06:49:50.849 10 INFO neutron.wsgi [None req-c69f6eb1-3136-4015-9315-d948258c0fa0 93975178044d4c3f8018757e9338e737 9e320ad56f8e4f899afd55a3af9c3a28 - - default default] 10.0.0.159 "POST /v2.0/subnets HTTP/1.1" status: 201 len: 1425 time: 2.2109780
2026-04-14 06:49:50.877 10 INFO neutron.db.ovn_revision_numbers_db [None req-f62fbf01-a1c8-47f5-ad02-e35d7d7339c2 e2130597000747798cd09a7565154344 c0ead99176c34a4aa5f05d3cec5f0033 - - default default] Successfully bumped revision number for resource c56eb612-bf96-4199-acc3-43d7450b2e50 (type: security_group_rules) to 0
2026-04-14 06:49:50.880 10 INFO neutron.db.ovn_revision_numbers_db [None req-1a88bb28-6aa8-4c66-bb16-a913ba63f365 44cbdd6073f54ccaa7d8542bbf5240c0 ea86449b0acb444caad93cc7c5464227 - - default default] Successfully bumped revision number for resource f7bfa64f-ff9e-45ae-861d-4cae76bcb939 (type: ports) to 1
2026-04-14 06:49:50.907 10 INFO neutron.wsgi [None req-0f0f2dba-ebb5-4f75-82f6-0d575cc1d70d 93975178044d4c3f8018757e9338e737 9e320ad56f8e4f899afd55a3af9c3a28 - - default default] 10.0.0.159 "GET /v2.0/subnets HTTP/1.1" status: 200 len: 2033 time: 0.0513263
2026-04-14 06:49:50.908 10 INFO neutron.db.ovn_revision_numbers_db [None req-f62fbf01-a1c8-47f5-ad02-e35d7d7339c2 e2130597000747798cd09a7565154344 c0ead99176c34a4aa5f05d3cec5f0033 - - default default] Successfully bumped revision number for resource d07cc959-11fc-45f7-976a-ac9e0fd1f395 (type: security_group_rules) to 0
2026-04-14 06:49:50.979 10 INFO neutron.db.segments_db [None req-f62fbf01-a1c8-47f5-ad02-e35d7d7339c2 e2130597000747798cd09a7565154344 c0ead99176c34a4aa5f05d3cec5f0033 - - default default] Added segment cf826ec9-3024-4637-a7f0-0ed450458e08 of type geneve for network 69e278c5-3606-41f9-bc20-2d4d06b62be0
2026-04-14 06:49:51.151 9 INFO neutron.db.ovn_revision_numbers_db [None req-8f827720-d50a-402b-88eb-71c799354bb8 aaf0a80d120b41b2a4482b1e6395e91d 506ed0b81ff947ed8d7ac6a238b9bbcc - - default default] Successfully bumped revision number for resource df6e5c4e-2abe-4735-b1c8-e00840f435e5 (type: floatingips) to 1
2026-04-14 06:49:51.179 10 INFO neutron.db.ovn_revision_numbers_db [None req-f62fbf01-a1c8-47f5-ad02-e35d7d7339c2 e2130597000747798cd09a7565154344 c0ead99176c34a4aa5f05d3cec5f0033 - - default default] Successfully bumped revision number for resource 69e278c5-3606-41f9-bc20-2d4d06b62be0 (type: networks) to 1
2026-04-14 06:49:51.271 9 INFO neutron.wsgi [None req-dac36e27-4d93-4fdf-8598-f9f8e01ab254 93975178044d4c3f8018757e9338e737 9e320ad56f8e4f899afd55a3af9c3a28 - - default default] 10.0.0.159 "DELETE /v2.0/subnets/49dbcf3c-7a28-47e1-9651-b5d9347acd46 HTTP/1.1" status: 204 len: 168 time: 0.3508339
2026-04-14 06:49:51.299 9 INFO neutron.db.ovn_revision_numbers_db [None req-8f827720-d50a-402b-88eb-71c799354bb8 aaf0a80d120b41b2a4482b1e6395e91d 506ed0b81ff947ed8d7ac6a238b9bbcc - - default default] Successfully bumped revision number for resource df6e5c4e-2abe-4735-b1c8-e00840f435e5 (type: floatingips) to 2
2026-04-14 06:49:51.328 9 INFO neutron.wsgi [None req-8f827720-d50a-402b-88eb-71c799354bb8 aaf0a80d120b41b2a4482b1e6395e91d 506ed0b81ff947ed8d7ac6a238b9bbcc - - default default] 10.0.0.159 "PUT /v2.0/floatingips/df6e5c4e-2abe-4735-b1c8-e00840f435e5 HTTP/1.1" status: 200 len: 1050 time: 1.0624781
2026-04-14 06:49:51.363 9 INFO neutron.wsgi [-] 10.0.0.208 "GET / HTTP/1.1" status: 200 len: 247 time: 0.0026655
2026-04-14 06:49:51.365 9 INFO neutron.wsgi [-] 10.0.0.208 "GET / HTTP/1.1" status: 200 len: 247 time: 0.0015473
2026-04-14 06:49:51.769 10 WARNING neutron.scheduler.dhcp_agent_scheduler [None req-f62fbf01-a1c8-47f5-ad02-e35d7d7339c2 e2130597000747798cd09a7565154344 c0ead99176c34a4aa5f05d3cec5f0033 - - default default] No more DHCP agents
2026-04-14 06:49:51.774 10 WARNING neutron.api.rpc.agentnotifiers.dhcp_rpc_agent_api [None req-f62fbf01-a1c8-47f5-ad02-e35d7d7339c2 e2130597000747798cd09a7565154344 c0ead99176c34a4aa5f05d3cec5f0033 - - default default] Unable to schedule network 69e278c5-3606-41f9-bc20-2d4d06b62be0: no agents available; will retry on subsequent port and subnet creation events.
2026-04-14 06:49:51.944 10 INFO neutron.db.ovn_revision_numbers_db [None req-f62fbf01-a1c8-47f5-ad02-e35d7d7339c2 e2130597000747798cd09a7565154344 c0ead99176c34a4aa5f05d3cec5f0033 - - default default] Successfully bumped revision number for resource d45a2533-7c1b-4382-84ac-34beb1350036 (type: ports) to 1
2026-04-14 06:49:51.991 10 INFO neutron.wsgi [None req-dccf15c1-8420-4030-b6e3-f3879024bafe 93975178044d4c3f8018757e9338e737 9e320ad56f8e4f899afd55a3af9c3a28 - - default default] 10.0.0.159 "DELETE /v2.0/subnets/4f4405ff-c7e5-4ac1-9406-95ef6bc1f6a2 HTTP/1.1" status: 204 len: 168 time: 0.7125301 /var/lib/openstack/lib/python3.10/site-packages/pycadf/identifier.py:71: UserWarning: Invalid uuid: neutron. To ensure interoperability, identifiers should be a valid uuid. warnings.warn(('Invalid uuid: %s. To ensure interoperability, '
2026-04-14 06:49:52.004 10 INFO neutron.wsgi [None req-f62fbf01-a1c8-47f5-ad02-e35d7d7339c2 e2130597000747798cd09a7565154344 c0ead99176c34a4aa5f05d3cec5f0033 - - default default] 10.0.0.159 "POST /v2.0/networks HTTP/1.1" status: 201 len: 846 time: 1.6304622
2026-04-14 06:49:52.013 10 WARNING neutron_lib.context [None req-303d5d13-370f-4562-9aa8-c612fa73239a e2130597000747798cd09a7565154344 c0ead99176c34a4aa5f05d3cec5f0033 - - default default] Method 'is_advsvc' is deprecated since 2023.2 release (neutron-lib 3.8.0) and will be removed once support for the old RBAC API policies will be removed from Neutron. Please use method 'is_service_role' instead.
2026-04-14 06:49:52.016 10 INFO neutron.db.ovn_revision_numbers_db [None req-1a88bb28-6aa8-4c66-bb16-a913ba63f365 44cbdd6073f54ccaa7d8542bbf5240c0 ea86449b0acb444caad93cc7c5464227 - - default default] Successfully bumped revision number for resource f7bfa64f-ff9e-45ae-861d-4cae76bcb939 (type: router_ports) to 1
2026-04-14 06:49:52.054 9 INFO neutron.wsgi [None req-8f91b6e3-69c4-4c65-9afb-3712c3438a99 93975178044d4c3f8018757e9338e737 9e320ad56f8e4f899afd55a3af9c3a28 - - default default] 10.0.0.159 "GET /v2.0/subnets HTTP/1.1" status: 200 len: 820 time: 0.0565064
2026-04-14 06:49:52.282 10 INFO neutron.db.ovn_revision_numbers_db [None req-1a88bb28-6aa8-4c66-bb16-a913ba63f365 44cbdd6073f54ccaa7d8542bbf5240c0 ea86449b0acb444caad93cc7c5464227 - - default default] Successfully bumped revision number for resource f7bfa64f-ff9e-45ae-861d-4cae76bcb939 (type: ports) to 1
2026-04-14 06:49:52.367 10 WARNING neutron.scheduler.dhcp_agent_scheduler [None req-303d5d13-370f-4562-9aa8-c612fa73239a e2130597000747798cd09a7565154344 c0ead99176c34a4aa5f05d3cec5f0033 - - default default] No more DHCP agents
2026-04-14 06:49:52.371 10 WARNING neutron.api.rpc.agentnotifiers.dhcp_rpc_agent_api [None req-303d5d13-370f-4562-9aa8-c612fa73239a e2130597000747798cd09a7565154344 c0ead99176c34a4aa5f05d3cec5f0033 - - default default] Unable to schedule network 69e278c5-3606-41f9-bc20-2d4d06b62be0: no agents available; will retry on subsequent port and subnet creation events.
2026-04-14 06:49:52.378 10 WARNING neutron.scheduler.dhcp_agent_scheduler [None req-1a88bb28-6aa8-4c66-bb16-a913ba63f365 44cbdd6073f54ccaa7d8542bbf5240c0 ea86449b0acb444caad93cc7c5464227 - - default default] No more DHCP agents
2026-04-14 06:49:52.380 10 WARNING neutron.api.rpc.agentnotifiers.dhcp_rpc_agent_api [None req-1a88bb28-6aa8-4c66-bb16-a913ba63f365 44cbdd6073f54ccaa7d8542bbf5240c0 ea86449b0acb444caad93cc7c5464227 - - default default] Unable to schedule network 039732ba-df01-4dfd-8415-91719b0381ca: no agents available; will retry on subsequent port and subnet creation events.
2026-04-14 06:49:52.486 10 INFO neutron.db.ovn_revision_numbers_db [None req-303d5d13-370f-4562-9aa8-c612fa73239a e2130597000747798cd09a7565154344 c0ead99176c34a4aa5f05d3cec5f0033 - - default default] Successfully bumped revision number for resource b37d9971-ab1c-47fb-8ee4-e043207eb5f8 (type: ports) to 1
2026-04-14 06:49:52.517 10 INFO neutron.wsgi [None req-303d5d13-370f-4562-9aa8-c612fa73239a e2130597000747798cd09a7565154344 c0ead99176c34a4aa5f05d3cec5f0033 - - default default] 10.0.0.159 "POST /v2.0/ports HTTP/1.1" status: 201 len: 978 time: 0.5088470 /var/lib/openstack/lib/python3.10/site-packages/pycadf/identifier.py:71: UserWarning: Invalid uuid: neutron. To ensure interoperability, identifiers should be a valid uuid. warnings.warn(('Invalid uuid: %s. To ensure interoperability, '
2026-04-14 06:49:52.530 10 WARNING neutron_lib.context [None req-5640ddac-8e07-4de5-98f5-edf11ed2b0dd e2130597000747798cd09a7565154344 c0ead99176c34a4aa5f05d3cec5f0033 - - default default] Method 'is_advsvc' is deprecated since 2023.2 release (neutron-lib 3.8.0) and will be removed once support for the old RBAC API policies will be removed from Neutron. Please use method 'is_service_role' instead.
2026-04-14 06:49:52.630 9 INFO neutron.services.segments.plugin [-] Segment af24d551-bc59-40f7-8501-4de1df87ad01 resource provider aggregate not found
2026-04-14 06:49:52.639 9 INFO neutron.services.segments.plugin [-] Segment af24d551-bc59-40f7-8501-4de1df87ad01 resource provider aggregate not found
2026-04-14 06:49:52.647 9 INFO neutron.notifiers.nova [-] Nova event matching ['req-c5bc9e4f-d689-47a7-b7a6-648bf86ea2e1'] response: {'name': 'network-changed', 'server_uuid': 'f28ea0a3-ec52-40fd-9ddc-423d317d377b', 'tag': '3ab693df-8a66-480f-8166-b196b239cc87', 'status': 'completed', 'code': 200}
2026-04-14 06:49:52.650 10 INFO neutron.db.segments_db [None req-5640ddac-8e07-4de5-98f5-edf11ed2b0dd e2130597000747798cd09a7565154344 c0ead99176c34a4aa5f05d3cec5f0033 - - default default] Added segment 9ac8f8bc-6ac3-478c-8906-e0646df9408e of type geneve for network b81471bd-cd82-46b1-a21f-3bdcd9aa5e5f
2026-04-14 06:49:52.658 9 INFO neutron.services.segments.plugin [-] Segment af24d551-bc59-40f7-8501-4de1df87ad01 resource provider not found; error: Placement Client Error (4xx): {"errors": [{"status": 404, "title": "Not Found", "detail": "The resource could not be found.\n\n No resource provider with uuid af24d551-bc59-40f7-8501-4de1df87ad01 found for delete ", "request_id": "req-d44818c8-c1ac-4de4-86c6-e56834a9b3d0"}]}
2026-04-14 06:49:52.660 9 INFO neutron.services.segments.plugin [-] Segment af24d551-bc59-40f7-8501-4de1df87ad01 resource provider not found; error: Placement Client Error (4xx): {"errors": [{"status": 404, "title": "Not Found", "detail": "The resource could not be found.\n\n No resource provider with uuid af24d551-bc59-40f7-8501-4de1df87ad01 found for delete ", "request_id": "req-56ba85f1-f602-43d3-9395-460a7f137394"}]}
2026-04-14 06:49:52.686 9 INFO neutron.wsgi [None req-9ee0e635-6199-410c-b637-b6cd556a8873 93975178044d4c3f8018757e9338e737 9e320ad56f8e4f899afd55a3af9c3a28 - - default default] 10.0.0.159 "DELETE /v2.0/networks/9e241969-9069-462a-8963-e396a850e941 HTTP/1.1" status: 204 len: 168 time: 0.6270728
2026-04-14 06:49:52.724 10 INFO neutron.wsgi [req-56722301-a5e5-4dc8-a739-d55f04945e7d req-49780b11-3cad-4070-8cba-152f3f7791fe 3c75dd45c996441fa726172e7c87476c 20c6709344df44d28735d48523711bad - - 50d5ba81f0dc4f2ab56814b6a00f312e 50d5ba81f0dc4f2ab56814b6a00f312e] 162.253.55.62 "GET /v2.0/ports?tenant_id=506ed0b81ff947ed8d7ac6a238b9bbcc&device_id=f28ea0a3-ec52-40fd-9ddc-423d317d377b HTTP/1.1" status: 200 len: 1413 time: 0.0540996
2026-04-14 06:49:52.735 10 INFO neutron.db.ovn_revision_numbers_db [None req-1a88bb28-6aa8-4c66-bb16-a913ba63f365 44cbdd6073f54ccaa7d8542bbf5240c0 ea86449b0acb444caad93cc7c5464227 - - default default] Successfully bumped revision number for resource f7bfa64f-ff9e-45ae-861d-4cae76bcb939 (type: router_ports) to 1
2026-04-14 06:49:52.737 10 INFO neutron.wsgi [None req-1a88bb28-6aa8-4c66-bb16-a913ba63f365 44cbdd6073f54ccaa7d8542bbf5240c0 ea86449b0acb444caad93cc7c5464227 - - default default] 10.0.0.159 "PUT /v2.0/routers/7e18a89a-876a-4299-ab44-aa2a565c1bcb/add_router_interface HTTP/1.1" status: 200 len: 503 time: 2.9255605
2026-04-14 06:49:52.751 10 WARNING neutron_lib.context [None req-39b366c2-5042-489d-a876-b373f7ee827a 44cbdd6073f54ccaa7d8542bbf5240c0 ea86449b0acb444caad93cc7c5464227 - - default default] Method 'is_advsvc' is deprecated since 2023.2 release (neutron-lib 3.8.0) and will be removed once support for the old RBAC API policies will be removed from Neutron. Please use method 'is_service_role' instead.
2026-04-14 06:49:52.866 10 INFO neutron.wsgi [req-56722301-a5e5-4dc8-a739-d55f04945e7d req-3a6dd896-e30b-4842-a2f6-eb706edf32e8 3c75dd45c996441fa726172e7c87476c 20c6709344df44d28735d48523711bad - - 50d5ba81f0dc4f2ab56814b6a00f312e 50d5ba81f0dc4f2ab56814b6a00f312e] 162.253.55.62 "GET /v2.0/networks?id=f7ff7d41-909b-4507-8942-88df5f11dded HTTP/1.1" status: 200 len: 974 time: 0.1314635
2026-04-14 06:49:52.909 10 INFO neutron.db.ovn_revision_numbers_db [None req-5640ddac-8e07-4de5-98f5-edf11ed2b0dd e2130597000747798cd09a7565154344 c0ead99176c34a4aa5f05d3cec5f0033 - - default default] Successfully bumped revision number for resource b81471bd-cd82-46b1-a21f-3bdcd9aa5e5f (type: networks) to 1
2026-04-14 06:49:52.951 10 INFO neutron.wsgi [req-56722301-a5e5-4dc8-a739-d55f04945e7d req-ee26f783-9838-4337-8672-6ea1f77a9f85 3c75dd45c996441fa726172e7c87476c 20c6709344df44d28735d48523711bad - - 50d5ba81f0dc4f2ab56814b6a00f312e 50d5ba81f0dc4f2ab56814b6a00f312e] 162.253.55.62 "GET /v2.0/floatingips?fixed_ip_address=10.100.0.12&port_id=3ab693df-8a66-480f-8166-b196b239cc87 HTTP/1.1" status: 200 len: 1060 time: 0.0755510
2026-04-14 06:49:53.018 10 INFO neutron.wsgi [req-56722301-a5e5-4dc8-a739-d55f04945e7d req-59450019-265b-4808-a469-e71fd0b3c4c5 3c75dd45c996441fa726172e7c87476c 20c6709344df44d28735d48523711bad - - 50d5ba81f0dc4f2ab56814b6a00f312e 50d5ba81f0dc4f2ab56814b6a00f312e] 162.253.55.62 "GET /v2.0/subnets?id=3d7ad818-a0b5-4068-8c81-00fd3ff1f28f HTTP/1.1" status: 200 len: 869 time: 0.0585020
2026-04-14 06:49:53.066 10 INFO neutron.wsgi [req-56722301-a5e5-4dc8-a739-d55f04945e7d req-bef0e758-c18f-4996-8822-3e96fcf3964a 3c75dd45c996441fa726172e7c87476c 20c6709344df44d28735d48523711bad - - 50d5ba81f0dc4f2ab56814b6a00f312e 50d5ba81f0dc4f2ab56814b6a00f312e] 162.253.55.62 "GET /v2.0/ports?network_id=f7ff7d41-909b-4507-8942-88df5f11dded&device_owner=network%3Adhcp HTTP/1.1" status: 200 len: 210 time: 0.0369866
2026-04-14 06:49:53.077 9 INFO neutron.wsgi [None req-5a1e51cf-bcde-4e15-822d-243cf63f1251 93975178044d4c3f8018757e9338e737 9e320ad56f8e4f899afd55a3af9c3a28 - - default default] 10.0.0.159 "DELETE /v2.0/networks/34c475be-7958-4f8b-bf1f-356a7218cc70 HTTP/1.1" status: 204 len: 168 time: 0.3842347
2026-04-14 06:49:53.193 10 INFO neutron.wsgi [req-56722301-a5e5-4dc8-a739-d55f04945e7d req-fae863b8-ded3-4b8a-9c1f-98ce812b26dd 3c75dd45c996441fa726172e7c87476c 20c6709344df44d28735d48523711bad - - 50d5ba81f0dc4f2ab56814b6a00f312e 50d5ba81f0dc4f2ab56814b6a00f312e] 162.253.55.62 "GET /v2.0/networks/f7ff7d41-909b-4507-8942-88df5f11dded?fields=segments HTTP/1.1" status: 200 len: 212 time: 0.1187596
2026-04-14 06:49:53.434 10 WARNING neutron.scheduler.dhcp_agent_scheduler [None req-5640ddac-8e07-4de5-98f5-edf11ed2b0dd e2130597000747798cd09a7565154344 c0ead99176c34a4aa5f05d3cec5f0033 - - default default] No more DHCP agents
2026-04-14 06:49:53.444 10 WARNING neutron.api.rpc.agentnotifiers.dhcp_rpc_agent_api [None req-5640ddac-8e07-4de5-98f5-edf11ed2b0dd e2130597000747798cd09a7565154344 c0ead99176c34a4aa5f05d3cec5f0033 - - default default] Unable to schedule network b81471bd-cd82-46b1-a21f-3bdcd9aa5e5f: no agents available; will retry on subsequent port and subnet creation events.
2026-04-14 06:49:53.444 9 INFO neutron.wsgi [None req-d5be4acb-d9b1-4e11-9eb8-d9ad35971fe9 93975178044d4c3f8018757e9338e737 9e320ad56f8e4f899afd55a3af9c3a28 - - default default] 10.0.0.159 "DELETE /v2.0/networks/696ada54-ee24-4857-bcf7-fbbc4ba90acb HTTP/1.1" status: 204 len: 168 time: 0.3625064
2026-04-14 06:49:53.512 10 INFO neutron.wsgi [req-56722301-a5e5-4dc8-a739-d55f04945e7d req-612a84ac-fec8-4332-b751-2e1635d0da7b 3c75dd45c996441fa726172e7c87476c 20c6709344df44d28735d48523711bad - - 50d5ba81f0dc4f2ab56814b6a00f312e 50d5ba81f0dc4f2ab56814b6a00f312e] 162.253.55.62 "GET /v2.0/networks/f7ff7d41-909b-4507-8942-88df5f11dded?fields=provider%3Aphysical_network&fields=provider%3Anetwork_type HTTP/1.1" status: 200 len: 277 time: 0.3109388
2026-04-14 06:49:53.531 10 WARNING neutron.scheduler.dhcp_agent_scheduler [None req-39b366c2-5042-489d-a876-b373f7ee827a 44cbdd6073f54ccaa7d8542bbf5240c0 ea86449b0acb444caad93cc7c5464227 - - default default] No more DHCP agents
2026-04-14 06:49:53.536 10 WARNING neutron.api.rpc.agentnotifiers.dhcp_rpc_agent_api [None req-39b366c2-5042-489d-a876-b373f7ee827a 44cbdd6073f54ccaa7d8542bbf5240c0 ea86449b0acb444caad93cc7c5464227 - - default default] Unable to schedule network 039732ba-df01-4dfd-8415-91719b0381ca: no agents available; will retry on subsequent port and subnet creation events.
2026-04-14 06:49:53.581 10 INFO neutron.db.ovn_revision_numbers_db [None req-5640ddac-8e07-4de5-98f5-edf11ed2b0dd e2130597000747798cd09a7565154344 c0ead99176c34a4aa5f05d3cec5f0033 - - default default] Successfully bumped revision number for resource 341e42be-d0c8-4426-85a8-c9b25e60eed2 (type: ports) to 1
2026-04-14 06:49:53.610 10 INFO neutron.wsgi [None req-5640ddac-8e07-4de5-98f5-edf11ed2b0dd e2130597000747798cd09a7565154344 c0ead99176c34a4aa5f05d3cec5f0033 - - default default] 10.0.0.159 "POST /v2.0/networks HTTP/1.1" status: 201 len: 835 time: 1.0881939 /var/lib/openstack/lib/python3.10/site-packages/pycadf/identifier.py:71: UserWarning: Invalid uuid: neutron. To ensure interoperability, identifiers should be a valid uuid. warnings.warn(('Invalid uuid: %s. To ensure interoperability, '
2026-04-14 06:49:53.620 10 WARNING neutron_lib.context [None req-804e3ce2-1daa-47af-bb70-012021688845 e2130597000747798cd09a7565154344 c0ead99176c34a4aa5f05d3cec5f0033 - - default default] Method 'is_advsvc' is deprecated since 2023.2 release (neutron-lib 3.8.0) and will be removed once support for the old RBAC API policies will be removed from Neutron. Please use method 'is_service_role' instead.
2026-04-14 06:49:53.767 10 INFO neutron.db.ovn_revision_numbers_db [None req-39b366c2-5042-489d-a876-b373f7ee827a 44cbdd6073f54ccaa7d8542bbf5240c0 ea86449b0acb444caad93cc7c5464227 - - default default] Successfully bumped revision number for resource 28f3b8d5-d33d-4876-b96c-19f5e1427c67 (type: ports) to 1
2026-04-14 06:49:53.805 10 INFO neutron.wsgi [None req-39b366c2-5042-489d-a876-b373f7ee827a 44cbdd6073f54ccaa7d8542bbf5240c0 ea86449b0acb444caad93cc7c5464227 - - default default] 10.0.0.159 "POST /v2.0/ports HTTP/1.1" status: 201 len: 1152 time: 1.0592864
2026-04-14 06:49:53.815 10 WARNING neutron_lib.context [None req-8e5ca209-2082-4404-ae2b-0283d6ac9e16 44cbdd6073f54ccaa7d8542bbf5240c0 ea86449b0acb444caad93cc7c5464227 - - default default] Method 'is_advsvc' is deprecated since 2023.2 release (neutron-lib 3.8.0) and will be removed once support for the old RBAC API policies will be removed from Neutron. Please use method 'is_service_role' instead.
2026-04-14 06:49:53.886 9 INFO neutron.wsgi [None req-e7fbc395-4b55-461f-96da-c2753336975f 93975178044d4c3f8018757e9338e737 9e320ad56f8e4f899afd55a3af9c3a28 - - default default] 10.0.0.159 "DELETE /v2.0/networks/653be850-2fb8-4b70-a944-97bdc2f5b272 HTTP/1.1" status: 204 len: 168 time: 0.4355552
2026-04-14 06:49:53.964 10 WARNING neutron.scheduler.dhcp_agent_scheduler [None req-804e3ce2-1daa-47af-bb70-012021688845 e2130597000747798cd09a7565154344 c0ead99176c34a4aa5f05d3cec5f0033 - - default default] No more DHCP agents
2026-04-14 06:49:53.967 10 WARNING neutron.api.rpc.agentnotifiers.dhcp_rpc_agent_api [None req-804e3ce2-1daa-47af-bb70-012021688845 e2130597000747798cd09a7565154344 c0ead99176c34a4aa5f05d3cec5f0033 - - default default] Unable to schedule network b81471bd-cd82-46b1-a21f-3bdcd9aa5e5f: no agents available; will retry on subsequent port and subnet creation events.
2026-04-14 06:49:54.012 10 INFO neutron.db.ovn_revision_numbers_db [None req-804e3ce2-1daa-47af-bb70-012021688845 e2130597000747798cd09a7565154344 c0ead99176c34a4aa5f05d3cec5f0033 - - default default] Successfully bumped revision number for resource d12b36d2-998e-453b-8c63-da35d00f63fd (type: subnets) to 0
2026-04-14 06:49:54.029 10 INFO neutron.wsgi [None req-804e3ce2-1daa-47af-bb70-012021688845 e2130597000747798cd09a7565154344 c0ead99176c34a4aa5f05d3cec5f0033 - - default default] 10.0.0.159 "POST /v2.0/subnets HTTP/1.1" status: 201 len: 821 time: 0.4135225
2026-04-14 06:49:54.043 9 WARNING neutron_lib.context [None req-e4a88e5b-1a15-4084-a94c-4f8a4b8cf168 e2130597000747798cd09a7565154344 c0ead99176c34a4aa5f05d3cec5f0033 - - default default] Method 'is_advsvc' is deprecated since 2023.2 release (neutron-lib 3.8.0) and will be removed once support for the old RBAC API policies will be removed from Neutron. Please use method 'is_service_role' instead.
2026-04-14 06:49:54.209 10 WARNING neutron.scheduler.dhcp_agent_scheduler [None req-8e5ca209-2082-4404-ae2b-0283d6ac9e16 44cbdd6073f54ccaa7d8542bbf5240c0 ea86449b0acb444caad93cc7c5464227 - - default default] No more DHCP agents
2026-04-14 06:49:54.210 10 WARNING neutron.api.rpc.agentnotifiers.dhcp_rpc_agent_api [None req-8e5ca209-2082-4404-ae2b-0283d6ac9e16 44cbdd6073f54ccaa7d8542bbf5240c0 ea86449b0acb444caad93cc7c5464227 - - default default] Unable to schedule network 039732ba-df01-4dfd-8415-91719b0381ca: no agents available; will retry on subsequent port and subnet creation events.
2026-04-14 06:49:54.380 10 INFO neutron.db.ovn_revision_numbers_db [None req-8e5ca209-2082-4404-ae2b-0283d6ac9e16 44cbdd6073f54ccaa7d8542bbf5240c0 ea86449b0acb444caad93cc7c5464227 - - default default] Successfully bumped revision number for resource abd18bd4-4221-4d78-b721-35af5cd4cfe1 (type: ports) to 1
2026-04-14 06:49:54.402 10 INFO neutron.wsgi [None req-8e5ca209-2082-4404-ae2b-0283d6ac9e16 44cbdd6073f54ccaa7d8542bbf5240c0 ea86449b0acb444caad93cc7c5464227 - - default default] 10.0.0.159 "POST /v2.0/ports HTTP/1.1" status: 201 len: 1158 time: 0.5934355
2026-04-14 06:49:54.402 9 INFO neutron.wsgi [None req-fb911904-fd01-414f-9887-e4e0e924e4bc 8e48e3dbd812419ca5004eea22056236 bed3f8109c6b496ab3a5d63ed409cf55 - - default default] 10.0.0.126 "GET /v2.0/agents HTTP/1.1" status: 200 len: 997 time: 0.1330869 /var/lib/openstack/lib/python3.10/site-packages/pycadf/identifier.py:71: UserWarning: Invalid uuid: neutron. To ensure interoperability, identifiers should be a valid uuid. warnings.warn(('Invalid uuid: %s. To ensure interoperability, '
2026-04-14 06:49:54.412 10 WARNING neutron_lib.context [None req-da4c9972-3f11-466d-b182-dc3345717d51 44cbdd6073f54ccaa7d8542bbf5240c0 ea86449b0acb444caad93cc7c5464227 - - default default] Method 'is_advsvc' is deprecated since 2023.2 release (neutron-lib 3.8.0) and will be removed once support for the old RBAC API policies will be removed from Neutron. Please use method 'is_service_role' instead. /var/lib/openstack/lib/python3.10/site-packages/pycadf/identifier.py:71: UserWarning: Invalid uuid: neutron. To ensure interoperability, identifiers should be a valid uuid. warnings.warn(('Invalid uuid: %s. To ensure interoperability, '
2026-04-14 06:49:54.510 9 WARNING neutron.scheduler.dhcp_agent_scheduler [None req-e4a88e5b-1a15-4084-a94c-4f8a4b8cf168 e2130597000747798cd09a7565154344 c0ead99176c34a4aa5f05d3cec5f0033 - - default default] No more DHCP agents
2026-04-14 06:49:54.515 9 WARNING neutron.api.rpc.agentnotifiers.dhcp_rpc_agent_api [None req-e4a88e5b-1a15-4084-a94c-4f8a4b8cf168 e2130597000747798cd09a7565154344 c0ead99176c34a4aa5f05d3cec5f0033 - - default default] Unable to schedule network b81471bd-cd82-46b1-a21f-3bdcd9aa5e5f: no agents available; will retry on subsequent port and subnet creation events.
2026-04-14 06:49:54.521 9 INFO neutron.wsgi [None req-595c210a-d559-4883-9145-9c26f7db4d8a 8e48e3dbd812419ca5004eea22056236 bed3f8109c6b496ab3a5d63ed409cf55 - - default default] 10.0.0.159 "GET /v2.0/security-groups?tenant_id=9e320ad56f8e4f899afd55a3af9c3a28&name=default HTTP/1.1" status: 200 len: 2996 time: 0.1489663
2026-04-14 06:49:54.536 9 INFO neutron.wsgi [None req-6ccf1b61-e2d4-4498-a3bd-37583e7aee83 8e48e3dbd812419ca5004eea22056236 bed3f8109c6b496ab3a5d63ed409cf55 - - default default] 10.0.0.126 "GET /v2.0/networks HTTP/1.1" status: 200 len: 5344 time: 0.1323717 /var/lib/openstack/lib/python3.10/site-packages/pycadf/identifier.py:71: UserWarning: Invalid uuid: neutron. To ensure interoperability, identifiers should be a valid uuid. warnings.warn(('Invalid uuid: %s. To ensure interoperability, '
2026-04-14 06:49:54.600 9 INFO neutron.wsgi [None req-d173b5a0-5b4e-476f-bcaa-b116b655d489 8e48e3dbd812419ca5004eea22056236 bed3f8109c6b496ab3a5d63ed409cf55 - - default default] 10.0.0.126 "GET /v2.0/subnets HTTP/1.1" status: 200 len: 3335 time: 0.0569494
2026-04-14 06:49:54.692 9 INFO neutron.services.segments.plugin [-] Segment 2e5de297-76bf-4159-a9ee-eabbe1617855 resource provider aggregate not found
2026-04-14 06:49:54.700 9 INFO neutron.services.segments.plugin [-] Segment 2e5de297-76bf-4159-a9ee-eabbe1617855 resource provider aggregate not found
2026-04-14 06:49:54.715 9 INFO neutron.services.segments.plugin [-] Segment 2e5de297-76bf-4159-a9ee-eabbe1617855 resource provider not found; error: Placement Client Error (4xx): {"errors": [{"status": 404, "title": "Not Found", "detail": "The resource could not be found.\n\n No resource provider with uuid 2e5de297-76bf-4159-a9ee-eabbe1617855 found for delete ", "request_id": "req-d2a9057e-6cb0-46a6-9847-d4f8102b3183"}]}
2026-04-14 06:49:54.731 9 INFO neutron.services.segments.plugin [-] Segment 2e5de297-76bf-4159-a9ee-eabbe1617855 resource provider not found; error: Placement Client Error (4xx): {"errors": [{"status": 404, "title": "Not Found", "detail": "The resource could not be found.\n\n No resource provider with uuid 2e5de297-76bf-4159-a9ee-eabbe1617855 found for delete ", "request_id": "req-b95822da-7335-4c60-986c-bd307c04966a"}]}
2026-04-14 06:49:54.739 9 INFO neutron.services.segments.plugin [-] Segment f2a4b245-cfce-4334-bf3b-19228db13b82 resource provider aggregate not found
2026-04-14 06:49:54.746 10 WARNING neutron.scheduler.dhcp_agent_scheduler [None req-da4c9972-3f11-466d-b182-dc3345717d51 44cbdd6073f54ccaa7d8542bbf5240c0 ea86449b0acb444caad93cc7c5464227 - - default default] No more DHCP agents
2026-04-14 06:49:54.751 10 WARNING neutron.api.rpc.agentnotifiers.dhcp_rpc_agent_api [None req-da4c9972-3f11-466d-b182-dc3345717d51 44cbdd6073f54ccaa7d8542bbf5240c0 ea86449b0acb444caad93cc7c5464227 - - default default] Unable to schedule network 889f5795-88d7-46f7-9c2f-28e66ef80dff: no agents available; will retry on subsequent port and subnet creation events.
2026-04-14 06:49:54.752 9 INFO neutron.services.segments.plugin [-] Segment f2a4b245-cfce-4334-bf3b-19228db13b82 resource provider aggregate not found
2026-04-14 06:49:54.759 9 INFO neutron.services.segments.plugin [-] Segment f2a4b245-cfce-4334-bf3b-19228db13b82 resource provider not found; error: Placement Client Error (4xx): {"errors": [{"status": 404, "title": "Not Found", "detail": "The resource could not be found.\n\n No resource provider with uuid f2a4b245-cfce-4334-bf3b-19228db13b82 found for delete ", "request_id": "req-d9cad634-1a63-4850-b342-2714533677cc"}]}
2026-04-14 06:49:54.770 9 INFO neutron.services.segments.plugin [-] Segment f2a4b245-cfce-4334-bf3b-19228db13b82 resource provider not found; error: Placement Client Error (4xx): {"errors": [{"status": 404, "title": "Not Found", "detail": "The resource could not be found.\n\n No resource provider with uuid f2a4b245-cfce-4334-bf3b-19228db13b82 found for delete ", "request_id": "req-27f13af7-8cc3-4fb2-91a5-0e8d6ea6495d"}]}
2026-04-14 06:49:54.776 9 INFO neutron.services.segments.plugin [-] Segment 9c10ead5-9ece-4121-a4ab-d986acc62a2c resource provider aggregate not found
2026-04-14 06:49:54.782 9 INFO neutron.db.ovn_revision_numbers_db [None req-e4a88e5b-1a15-4084-a94c-4f8a4b8cf168 e2130597000747798cd09a7565154344 c0ead99176c34a4aa5f05d3cec5f0033 - - default default] Successfully bumped revision number for resource cf1d9f5a-9d70-4048-908c-e03c556bcee1 (type: ports) to 1
2026-04-14 06:49:54.786 9 INFO neutron.wsgi [None req-6db2b904-920b-47ce-85b0-05d59e5e6c65 8e48e3dbd812419ca5004eea22056236 bed3f8109c6b496ab3a5d63ed409cf55 - - default default] 10.0.0.126 "GET /v2.0/routers HTTP/1.1" status: 200 len: 1534 time: 0.1769693
2026-04-14 06:49:54.787 9 INFO neutron.services.segments.plugin [-] Segment 9c10ead5-9ece-4121-a4ab-d986acc62a2c resource provider aggregate not found
2026-04-14 06:49:54.792 9 INFO neutron.services.segments.plugin [-] Segment 9c10ead5-9ece-4121-a4ab-d986acc62a2c resource provider not found; error: Placement Client Error (4xx): {"errors": [{"status": 404, "title": "Not Found", "detail": "The resource could not be found.\n\n No resource provider with uuid 9c10ead5-9ece-4121-a4ab-d986acc62a2c found for delete ", "request_id": "req-89da060f-0bcb-47be-9584-bf0132119391"}]}
2026-04-14 06:49:54.803 9 INFO neutron.services.segments.plugin [-] Segment 9c10ead5-9ece-4121-a4ab-d986acc62a2c resource provider not found; error: Placement Client Error (4xx): {"errors": [{"status": 404, "title": "Not Found", "detail": "The resource could not be found.\n\n No resource provider with uuid 9c10ead5-9ece-4121-a4ab-d986acc62a2c found for delete ", "request_id": "req-1f398b62-cf2f-4d82-934a-036a23831287"}]}
2026-04-14 06:49:54.810 9 INFO neutron.wsgi [None req-387bc645-14f3-42ba-8b26-5053f2eede66 8e48e3dbd812419ca5004eea22056236 bed3f8109c6b496ab3a5d63ed409cf55 - - default default] 10.0.0.126 "GET /v2.0/agents?binary=ovn-controller HTTP/1.1" status: 200 len: 591 time: 0.0179648
2026-04-14 06:49:54.842 9 INFO neutron.wsgi [None req-e4a88e5b-1a15-4084-a94c-4f8a4b8cf168 e2130597000747798cd09a7565154344 c0ead99176c34a4aa5f05d3cec5f0033 - - default default] 10.0.0.159 "POST /v2.0/ports HTTP/1.1" status: 201 len: 1165 time: 0.8076854
2026-04-14 06:49:54.863 10 INFO neutron.wsgi [None req-7f3fa032-8f97-483f-99cd-e9e08ae25482 8e48e3dbd812419ca5004eea22056236 bed3f8109c6b496ab3a5d63ed409cf55 - - default default] 10.0.0.159 "DELETE /v2.0/security-groups/acffff51-1479-4a6e-8666-27a106ac3ed8 HTTP/1.1" status: 204 len: 168 time: 0.3263021
2026-04-14 06:49:54.882 9 INFO neutron.wsgi [None req-39d3b7e4-860c-4915-8ac0-92a962bdb66e 8e48e3dbd812419ca5004eea22056236 bed3f8109c6b496ab3a5d63ed409cf55 - - default default] 10.0.0.126 "GET /v2.0/floatingips HTTP/1.1" status: 200 len: 1036 time: 0.0708761
2026-04-14 06:49:55.024 10 WARNING neutron.plugins.ml2.drivers.ovn.mech_driver.ovsdb.ovn_client [None req-3be24af8-912c-4216-9038-2fc1fe89e298 - - - - - -] No hosting information found for port d5d5f9ed-53b7-459d-9674-ac92922d8966: RuntimeError: No hosting information found for port d5d5f9ed-53b7-459d-9674-ac92922d8966
2026-04-14 06:49:55.024 10 INFO neutron.plugins.ml2.drivers.ovn.mech_driver.mech_driver [None req-3be24af8-912c-4216-9038-2fc1fe89e298 - - - - - -] OVN reports status up for port: f7bfa64f-ff9e-45ae-861d-4cae76bcb939
2026-04-14 06:49:55.039 10 INFO neutron.plugins.ml2.plugin [None req-3be24af8-912c-4216-9038-2fc1fe89e298 - - - - - -] Attempt 1 to provision port f7bfa64f-ff9e-45ae-861d-4cae76bcb939
2026-04-14 06:49:55.157 9 INFO neutron.wsgi [None req-30ee76de-2f63-4b96-8420-48f792595f29 8e48e3dbd812419ca5004eea22056236 bed3f8109c6b496ab3a5d63ed409cf55 - - default default] 10.0.0.126 "GET /v2.0/security-groups HTTP/1.1" status: 200 len: 27880 time: 0.2714574
2026-04-14 06:49:55.295 9 INFO neutron.wsgi [None req-2fa85ce0-d280-4ced-b4c0-82c17e52e71b 8e48e3dbd812419ca5004eea22056236 bed3f8109c6b496ab3a5d63ed409cf55 - - default default] 10.0.0.126 "GET /v2.0/ports HTTP/1.1" status: 200 len: 20521 time: 0.1261377
2026-04-14 06:49:55.352 9 INFO neutron.wsgi [None req-2f13e75c-48fd-4a70-98b9-9cce0a217dca 8e48e3dbd812419ca5004eea22056236 bed3f8109c6b496ab3a5d63ed409cf55 - - default default] 10.0.0.126 "GET /v2.0/subnets HTTP/1.1" status: 200 len: 3335 time: 0.0474358
2026-04-14 06:49:55.353 10 INFO neutron.db.l3_db [None req-da4c9972-3f11-466d-b182-dc3345717d51 44cbdd6073f54ccaa7d8542bbf5240c0 ea86449b0acb444caad93cc7c5464227 - - default default] Floating IP e711e068-1b12-4a67-9b06-dfd997f36a85 associated. External IP: 10.96.250.204, port: abd18bd4-4221-4d78-b721-35af5cd4cfe1.
2026-04-14 06:49:55.374 9 INFO neutron.wsgi [None req-47eaceff-2a9d-4754-94d6-d21ad20516f4 8e48e3dbd812419ca5004eea22056236 bed3f8109c6b496ab3a5d63ed409cf55 - - default default] 10.0.0.126 "GET /v2.0/subnetpools HTTP/1.1" status: 200 len: 193 time: 0.0205142
2026-04-14 06:49:55.392 9 INFO neutron.wsgi [None req-1f91c21e-6259-403e-9cbe-5f741da97490 8e48e3dbd812419ca5004eea22056236 bed3f8109c6b496ab3a5d63ed409cf55 - - default default] 10.0.0.126 "GET /v2.0/network-ip-availabilities HTTP/1.1" status: 200 len: 2929 time: 0.0148087
2026-04-14 06:49:55.474 9 INFO neutron.wsgi [None req-ec5c3ad4-1dd5-4fd0-a521-b7fd43cb7f78 e2130597000747798cd09a7565154344 c0ead99176c34a4aa5f05d3cec5f0033 - - default default] 10.0.0.159 "DELETE /v2.0/ports/cf1d9f5a-9d70-4048-908c-e03c556bcee1 HTTP/1.1" status: 204 len: 168 time: 0.6282902
2026-04-14 06:49:55.497 9 INFO neutron.pecan_wsgi.hooks.translation [None req-5d4e6f05-d555-4b2e-b421-d84f66bdd699 e2130597000747798cd09a7565154344 c0ead99176c34a4aa5f05d3cec5f0033 - - default default] DELETE failed (client error): The resource could not be found.
2026-04-14 06:49:55.499 9 INFO neutron.wsgi [None req-5d4e6f05-d555-4b2e-b421-d84f66bdd699 e2130597000747798cd09a7565154344 c0ead99176c34a4aa5f05d3cec5f0033 - - default default] 10.0.0.159 "DELETE /v2.0/ports/cf1d9f5a-9d70-4048-908c-e03c556bcee1 HTTP/1.1" status: 404 len: 333 time: 0.0199690
2026-04-14 06:49:55.537 9 INFO neutron.pecan_wsgi.hooks.translation [None req-b138df59-8c17-44ed-842f-e2391efab4ab e2130597000747798cd09a7565154344 c0ead99176c34a4aa5f05d3cec5f0033 - - default default] GET failed (client error): The resource could not be found.
2026-04-14 06:49:55.539 9 INFO neutron.wsgi [None req-b138df59-8c17-44ed-842f-e2391efab4ab e2130597000747798cd09a7565154344 c0ead99176c34a4aa5f05d3cec5f0033 - - default default] 10.0.0.159 "GET /v2.0/ports/cf1d9f5a-9d70-4048-908c-e03c556bcee1 HTTP/1.1" status: 404 len: 333 time: 0.0340872
2026-04-14 06:49:55.647 10 INFO neutron.db.ovn_revision_numbers_db [None req-3be24af8-912c-4216-9038-2fc1fe89e298 - - - - - -] Successfully bumped revision number for resource f7bfa64f-ff9e-45ae-861d-4cae76bcb939 (type: ports) to 2
2026-04-14 06:49:55.739 9 INFO neutron.wsgi [None req-827c0abb-954f-4456-9de2-1d342fa5f9d2 e2130597000747798cd09a7565154344 c0ead99176c34a4aa5f05d3cec5f0033 - - default default] 10.0.0.159 "DELETE /v2.0/subnets/d12b36d2-998e-453b-8c63-da35d00f63fd HTTP/1.1" status: 204 len: 168 time: 0.1938674
2026-04-14 06:49:55.755 10 INFO neutron.db.ovn_revision_numbers_db [None req-3be24af8-912c-4216-9038-2fc1fe89e298 - - - - - -] Successfully bumped revision number for resource f7bfa64f-ff9e-45ae-861d-4cae76bcb939 (type: router_ports) to 2
2026-04-14 06:49:55.821 10 INFO neutron.db.ovn_revision_numbers_db [None req-da4c9972-3f11-466d-b182-dc3345717d51 44cbdd6073f54ccaa7d8542bbf5240c0 ea86449b0acb444caad93cc7c5464227 - - default default] Successfully bumped revision number for resource e711e068-1b12-4a67-9b06-dfd997f36a85 (type: floatingips) to 0
2026-04-14 06:49:55.932 10 INFO neutron.db.ovn_revision_numbers_db [None req-da4c9972-3f11-466d-b182-dc3345717d51 44cbdd6073f54ccaa7d8542bbf5240c0 ea86449b0acb444caad93cc7c5464227 - - default default] Successfully bumped revision number for resource e711e068-1b12-4a67-9b06-dfd997f36a85 (type: floatingips) to 1
2026-04-14 06:49:55.967 10 INFO neutron.wsgi [None req-da4c9972-3f11-466d-b182-dc3345717d51 44cbdd6073f54ccaa7d8542bbf5240c0 ea86449b0acb444caad93cc7c5464227 - - default default] 10.0.0.159 "POST /v2.0/floatingips HTTP/1.1" status: 201 len: 1042 time: 1.5601654
2026-04-14 06:49:56.099 10 INFO neutron.db.l3_db [None req-5fa89fa1-e618-4604-be28-a867f5aaa195 44cbdd6073f54ccaa7d8542bbf5240c0 ea86449b0acb444caad93cc7c5464227 - - default default] Floating IP e711e068-1b12-4a67-9b06-dfd997f36a85 disassociated. External IP: 10.96.250.204, port: abd18bd4-4221-4d78-b721-35af5cd4cfe1.
2026-04-14 06:49:56.135 10 INFO neutron.db.ovn_revision_numbers_db [None req-5fa89fa1-e618-4604-be28-a867f5aaa195 44cbdd6073f54ccaa7d8542bbf5240c0 ea86449b0acb444caad93cc7c5464227 - - default default] Successfully bumped revision number for resource e711e068-1b12-4a67-9b06-dfd997f36a85 (type: floatingips) to 2
