2026-04-14 06:48:50.046 9 INFO neutron.wsgi [req-d7bd7d3e-f7db-4658-bc98-d2c6d2dfb80a req-1d106950-d1cf-4283-bea6-064d770accd3 ed6c4b7860d447bca86737bd68cb38cd fb69e347f32646b1b42ea661e99390d1 - - default default] 162.253.55.62 "POST /v2.0/ports HTTP/1.1" status: 201 len: 1162 time: 0.9472253 /var/lib/openstack/lib/python3.10/site-packages/pycadf/identifier.py:71: UserWarning: Invalid uuid: neutron. To ensure interoperability, identifiers should be a valid uuid. warnings.warn(('Invalid uuid: %s. To ensure interoperability, '
2026-04-14 06:48:50.480 10 INFO neutron.db.ovn_revision_numbers_db [None req-293114e4-a682-4aa1-a6c1-8cd780fe9b76 8e48e3dbd812419ca5004eea22056236 bed3f8109c6b496ab3a5d63ed409cf55 - - default default] Successfully bumped revision number for resource 06342252-aa73-43cb-a2f0-96e1da0668ec (type: security_groups) to 1
2026-04-14 06:48:50.511 10 INFO neutron.db.ovn_revision_numbers_db [None req-293114e4-a682-4aa1-a6c1-8cd780fe9b76 8e48e3dbd812419ca5004eea22056236 bed3f8109c6b496ab3a5d63ed409cf55 - - default default] Successfully bumped revision number for resource 0027f3cb-b0ff-4ecd-b6c8-b58a1ce81813 (type: security_group_rules) to 0
2026-04-14 06:48:50.551 10 INFO neutron.db.ovn_revision_numbers_db [None req-293114e4-a682-4aa1-a6c1-8cd780fe9b76 8e48e3dbd812419ca5004eea22056236 bed3f8109c6b496ab3a5d63ed409cf55 - - default default] Successfully bumped revision number for resource 52362488-7479-4bda-b315-61225aae26ff (type: security_group_rules) to 0
2026-04-14 06:48:50.571 10 INFO neutron.db.ovn_revision_numbers_db [None req-293114e4-a682-4aa1-a6c1-8cd780fe9b76 8e48e3dbd812419ca5004eea22056236 bed3f8109c6b496ab3a5d63ed409cf55 - - default default] Successfully bumped revision number for resource 64b9ff70-8ddf-4c4f-929f-cd0abdcb8552 (type: security_group_rules) to 0
2026-04-14 06:48:50.574 9 INFO neutron.wsgi [req-1546d94e-5260-41b0-8ab2-04a7f47a8e24 req-301e4fac-63d2-43ce-8c75-0b9326d3fa66 ed6c4b7860d447bca86737bd68cb38cd fb69e347f32646b1b42ea661e99390d1 - - default default] 10.0.0.72 "GET /v2.0/ports?device_id=0dcfad78-e851-475c-a51c-b536dd68a195 HTTP/1.1" status: 200 len: 1160 time: 0.1471229
2026-04-14 06:48:50.611 10 INFO neutron.db.ovn_revision_numbers_db [None req-5d3b77bb-1f7a-461f-ad28-63b86c656927 8e48e3dbd812419ca5004eea22056236 bed3f8109c6b496ab3a5d63ed409cf55 - - default default] Successfully bumped revision number for resource 41e7d681-ae77-4745-9eef-7fa91502d460 (type: security_groups) to 1
2026-04-14 06:48:50.618 10 INFO neutron.db.ovn_revision_numbers_db [None req-293114e4-a682-4aa1-a6c1-8cd780fe9b76 8e48e3dbd812419ca5004eea22056236 bed3f8109c6b496ab3a5d63ed409cf55 - - default default] Successfully bumped revision number for resource 9f301b25-5954-4354-b7bf-fd69bf5fdadb (type: security_group_rules) to 0
2026-04-14 06:48:50.646 10 INFO neutron.db.ovn_revision_numbers_db [None req-5d3b77bb-1f7a-461f-ad28-63b86c656927 8e48e3dbd812419ca5004eea22056236 bed3f8109c6b496ab3a5d63ed409cf55 - - default default] Successfully bumped revision number for resource 44de085a-3d8a-4267-a7b4-d98844a5fee8 (type: security_group_rules) to 0
2026-04-14 06:48:50.648 9 INFO neutron.wsgi [req-1546d94e-5260-41b0-8ab2-04a7f47a8e24 req-b39d7f86-9050-4072-b718-cd4340a78ef6 ed6c4b7860d447bca86737bd68cb38cd fb69e347f32646b1b42ea661e99390d1 - - default default] 10.0.0.72 "GET /v2.0/security-groups?id=a25aaea9-93cf-49ca-b35d-eb896e977675&fields=id&fields=name HTTP/1.1" status: 200 len: 311 time: 0.0638227
2026-04-14 06:48:50.671 10 INFO neutron.db.ovn_revision_numbers_db [None req-5d3b77bb-1f7a-461f-ad28-63b86c656927 8e48e3dbd812419ca5004eea22056236 bed3f8109c6b496ab3a5d63ed409cf55 - - default default] Successfully bumped revision number for resource 4beb9552-d8e4-4193-af2e-f2b413c59a4b (type: security_group_rules) to 0
2026-04-14 06:48:50.699 10 INFO neutron.db.segments_db [None req-293114e4-a682-4aa1-a6c1-8cd780fe9b76 8e48e3dbd812419ca5004eea22056236 bed3f8109c6b496ab3a5d63ed409cf55 - - default default] Added segment 247ea4c3-7453-47dc-84b2-d8df005cc2a4 of type geneve for network 0fff69c0-d12b-4996-b869-db1eefdf004d
2026-04-14 06:48:50.702 10 INFO neutron.db.ovn_revision_numbers_db [None req-5d3b77bb-1f7a-461f-ad28-63b86c656927 8e48e3dbd812419ca5004eea22056236 bed3f8109c6b496ab3a5d63ed409cf55 - - default default] Successfully bumped revision number for resource 881a3505-18e0-4ace-90cf-083c0906cf91 (type: security_group_rules) to 0
2026-04-14 06:48:50.736 10 INFO neutron.db.ovn_revision_numbers_db [None req-5d3b77bb-1f7a-461f-ad28-63b86c656927 8e48e3dbd812419ca5004eea22056236 bed3f8109c6b496ab3a5d63ed409cf55 - - default default] Successfully bumped revision number for resource ef80784d-72d1-4d94-9218-eb360dd0e034 (type: security_group_rules) to 0
2026-04-14 06:48:50.812 10 INFO neutron.db.segments_db [None req-5d3b77bb-1f7a-461f-ad28-63b86c656927 8e48e3dbd812419ca5004eea22056236 bed3f8109c6b496ab3a5d63ed409cf55 - - default default] Added segment 2907a9ae-5a8e-4ee6-a920-d9ebb0ae03e7 of type geneve for network 81b26675-349c-4b38-98e5-093323be7aba
2026-04-14 06:48:50.816 9 INFO neutron.db.ovn_revision_numbers_db [req-55bc0740-69d4-4439-b7cd-134e5ea56253 req-de6ee5a9-c07a-4655-ab8b-c3ea5167c00e 3c75dd45c996441fa726172e7c87476c 20c6709344df44d28735d48523711bad - - 50d5ba81f0dc4f2ab56814b6a00f312e 50d5ba81f0dc4f2ab56814b6a00f312e] Successfully bumped revision number for resource c5fe56aa-47c0-48fc-a7c5-978844c82529 (type: ports) to 2
2026-04-14 06:48:50.980 9 WARNING neutron.plugins.ml2.drivers.ovn.mech_driver.ovsdb.ovn_client [None req-43508560-b61f-49c9-9d23-fd51b0189029 - - - - - -] No hosting information found for port 7ed6c5ea-d4d0-4c87-83b6-85388f221021: RuntimeError: No hosting information found for port 7ed6c5ea-d4d0-4c87-83b6-85388f221021 /var/lib/openstack/lib/python3.10/site-packages/pycadf/identifier.py:71: UserWarning: Invalid uuid: neutron. To ensure interoperability, identifiers should be a valid uuid. warnings.warn(('Invalid uuid: %s. To ensure interoperability, '
2026-04-14 06:48:51.026 10 INFO neutron.wsgi [req-dc07aaa6-6e0c-4599-be9c-ec34a9ae8fcf req-e4b569ac-3efe-4127-badb-a26517deac47 8bc2ddd1742143a69ce2c1da526fbd94 0025c6db2c1b4b06ab348056129882c8 - - default default] 10.0.0.72 "GET /v2.0/ports?device_id=fafb53fb-d400-46bc-afd1-8c8290bce927 HTTP/1.1" status: 200 len: 1168 time: 0.0452931
2026-04-14 06:48:51.028 10 INFO neutron.db.ovn_revision_numbers_db [None req-293114e4-a682-4aa1-a6c1-8cd780fe9b76 8e48e3dbd812419ca5004eea22056236 bed3f8109c6b496ab3a5d63ed409cf55 - - default default] Successfully bumped revision number for resource 0fff69c0-d12b-4996-b869-db1eefdf004d (type: networks) to 1
2026-04-14 06:48:51.061 10 INFO neutron.db.ovn_revision_numbers_db [req-d7bd7d3e-f7db-4658-bc98-d2c6d2dfb80a req-7255a8f7-a235-477e-81a1-404fe8c36be3 3c75dd45c996441fa726172e7c87476c 20c6709344df44d28735d48523711bad - - 50d5ba81f0dc4f2ab56814b6a00f312e 50d5ba81f0dc4f2ab56814b6a00f312e] Successfully bumped revision number for resource 9be9cdc2-0597-4342-b8e5-3c5be22b91a5 (type: ports) to 2
2026-04-14 06:48:51.088 9 INFO neutron.db.ovn_revision_numbers_db [req-55bc0740-69d4-4439-b7cd-134e5ea56253 req-de6ee5a9-c07a-4655-ab8b-c3ea5167c00e 3c75dd45c996441fa726172e7c87476c 20c6709344df44d28735d48523711bad - - 50d5ba81f0dc4f2ab56814b6a00f312e 50d5ba81f0dc4f2ab56814b6a00f312e] Successfully bumped revision number for resource c5fe56aa-47c0-48fc-a7c5-978844c82529 (type: ports) to 2
2026-04-14 06:48:51.109 9 INFO neutron.wsgi [req-55bc0740-69d4-4439-b7cd-134e5ea56253 req-de6ee5a9-c07a-4655-ab8b-c3ea5167c00e 3c75dd45c996441fa726172e7c87476c 20c6709344df44d28735d48523711bad - - 50d5ba81f0dc4f2ab56814b6a00f312e 50d5ba81f0dc4f2ab56814b6a00f312e] 162.253.55.62 "PUT /v2.0/ports/c5fe56aa-47c0-48fc-a7c5-978844c82529 HTTP/1.1" status: 200 len: 1376 time: 0.8656347 /var/lib/openstack/lib/python3.10/site-packages/pycadf/identifier.py:71: UserWarning: Invalid uuid: neutron. To ensure interoperability, identifiers should be a valid uuid. warnings.warn(('Invalid uuid: %s. To ensure interoperability, '
2026-04-14 06:48:51.150 10 INFO neutron.wsgi [req-dc07aaa6-6e0c-4599-be9c-ec34a9ae8fcf req-e55c8602-2f17-488b-8a78-596620ae74fe 8bc2ddd1742143a69ce2c1da526fbd94 0025c6db2c1b4b06ab348056129882c8 - - default default] 10.0.0.72 "GET /v2.0/security-groups?id=06ac7527-b85b-4ac9-a1b7-77cb48c7aa67&fields=id&fields=name HTTP/1.1" status: 200 len: 313 time: 0.1155849
2026-04-14 06:48:51.165 10 INFO neutron.db.ovn_revision_numbers_db [None req-5d3b77bb-1f7a-461f-ad28-63b86c656927 8e48e3dbd812419ca5004eea22056236 bed3f8109c6b496ab3a5d63ed409cf55 - - default default] Successfully bumped revision number for resource 81b26675-349c-4b38-98e5-093323be7aba (type: networks) to 1
2026-04-14 06:48:51.198 9 INFO neutron.wsgi [req-55bc0740-69d4-4439-b7cd-134e5ea56253 req-da3cc9a6-047e-4bff-bc86-f8201d264870 3c75dd45c996441fa726172e7c87476c 20c6709344df44d28735d48523711bad - - 50d5ba81f0dc4f2ab56814b6a00f312e 50d5ba81f0dc4f2ab56814b6a00f312e] 162.253.55.62 "GET /v2.0/ports?tenant_id=0025c6db2c1b4b06ab348056129882c8&device_id=fafb53fb-d400-46bc-afd1-8c8290bce927 HTTP/1.1" status: 200 len: 1407 time: 0.0579526
2026-04-14 06:48:51.230 9 INFO neutron.wsgi [req-55bc0740-69d4-4439-b7cd-134e5ea56253 req-fcc6392f-4691-4f9c-9ecf-a402ffd459b1 3c75dd45c996441fa726172e7c87476c 20c6709344df44d28735d48523711bad - - 50d5ba81f0dc4f2ab56814b6a00f312e 50d5ba81f0dc4f2ab56814b6a00f312e] 162.253.55.62 "GET /v2.0/floatingips?fixed_ip_address=10.100.0.7&port_id=c5fe56aa-47c0-48fc-a7c5-978844c82529 HTTP/1.1" status: 200 len: 217 time: 0.0270028
2026-04-14 06:48:51.294 9 INFO neutron.wsgi [req-55bc0740-69d4-4439-b7cd-134e5ea56253 req-125aca26-81be-4af3-9cda-ea6c3ad00876 3c75dd45c996441fa726172e7c87476c 20c6709344df44d28735d48523711bad - - 50d5ba81f0dc4f2ab56814b6a00f312e 50d5ba81f0dc4f2ab56814b6a00f312e] 162.253.55.62 "GET /v2.0/subnets?id=a7fac8f9-b127-4068-9554-0f41b6d1b2ec HTTP/1.1" status: 200 len: 868 time: 0.0558541
2026-04-14 06:48:51.323 10 WARNING neutron.scheduler.dhcp_agent_scheduler [None req-293114e4-a682-4aa1-a6c1-8cd780fe9b76 8e48e3dbd812419ca5004eea22056236 bed3f8109c6b496ab3a5d63ed409cf55 - - default default] No more DHCP agents
2026-04-14 06:48:51.333 9 INFO neutron.wsgi [req-55bc0740-69d4-4439-b7cd-134e5ea56253 req-ddf6f48a-4a04-4658-b045-108095daf389 3c75dd45c996441fa726172e7c87476c 20c6709344df44d28735d48523711bad - - 50d5ba81f0dc4f2ab56814b6a00f312e 50d5ba81f0dc4f2ab56814b6a00f312e] 162.253.55.62 "GET /v2.0/ports?network_id=6ef58d28-9604-45c3-b633-6bbc306d7b0e&device_owner=network%3Adhcp HTTP/1.1" status: 200 len: 210 time: 0.0295863
2026-04-14 06:48:51.338 10 WARNING neutron.api.rpc.agentnotifiers.dhcp_rpc_agent_api [None req-293114e4-a682-4aa1-a6c1-8cd780fe9b76 8e48e3dbd812419ca5004eea22056236 bed3f8109c6b496ab3a5d63ed409cf55 - - default default] Unable to schedule network 0fff69c0-d12b-4996-b869-db1eefdf004d: no agents available; will retry on subsequent port and subnet creation events.
2026-04-14 06:48:51.362 9 INFO neutron.wsgi [-] 10.0.0.208 "GET / HTTP/1.1" status: 200 len: 247 time: 0.0017250
2026-04-14 06:48:51.364 9 INFO neutron.wsgi [-] 10.0.0.208 "GET / HTTP/1.1" status: 200 len: 247 time: 0.0017192
2026-04-14 06:48:51.400 9 INFO neutron.wsgi [req-55bc0740-69d4-4439-b7cd-134e5ea56253 req-6d4dba0a-e132-4668-bda2-df6391444d59 3c75dd45c996441fa726172e7c87476c 20c6709344df44d28735d48523711bad - - 50d5ba81f0dc4f2ab56814b6a00f312e 50d5ba81f0dc4f2ab56814b6a00f312e] 162.253.55.62 "GET /v2.0/networks/6ef58d28-9604-45c3-b633-6bbc306d7b0e?fields=segments HTTP/1.1" status: 200 len: 212 time: 0.0612869
2026-04-14 06:48:51.492 10 INFO neutron.db.ovn_revision_numbers_db [req-d7bd7d3e-f7db-4658-bc98-d2c6d2dfb80a req-7255a8f7-a235-477e-81a1-404fe8c36be3 3c75dd45c996441fa726172e7c87476c 20c6709344df44d28735d48523711bad - - 50d5ba81f0dc4f2ab56814b6a00f312e 50d5ba81f0dc4f2ab56814b6a00f312e] Successfully bumped revision number for resource 9be9cdc2-0597-4342-b8e5-3c5be22b91a5 (type: ports) to 2
2026-04-14 06:48:51.493 9 INFO neutron.wsgi [req-55bc0740-69d4-4439-b7cd-134e5ea56253 req-131a312a-630b-447c-965f-c668156c8287 3c75dd45c996441fa726172e7c87476c 20c6709344df44d28735d48523711bad - - 50d5ba81f0dc4f2ab56814b6a00f312e 50d5ba81f0dc4f2ab56814b6a00f312e] 162.253.55.62 "GET /v2.0/networks/6ef58d28-9604-45c3-b633-6bbc306d7b0e?fields=provider%3Aphysical_network&fields=provider%3Anetwork_type HTTP/1.1" status: 200 len: 277 time: 0.0843897
2026-04-14 06:48:51.494 10 WARNING neutron.scheduler.dhcp_agent_scheduler [None req-5d3b77bb-1f7a-461f-ad28-63b86c656927 8e48e3dbd812419ca5004eea22056236 bed3f8109c6b496ab3a5d63ed409cf55 - - default default] No more DHCP agents
2026-04-14 06:48:51.499 10 WARNING neutron.api.rpc.agentnotifiers.dhcp_rpc_agent_api [None req-5d3b77bb-1f7a-461f-ad28-63b86c656927 8e48e3dbd812419ca5004eea22056236 bed3f8109c6b496ab3a5d63ed409cf55 - - default default] Unable to schedule network 81b26675-349c-4b38-98e5-093323be7aba: no agents available; will retry on subsequent port and subnet creation events.
2026-04-14 06:48:51.500 10 INFO neutron.db.ovn_revision_numbers_db [None req-293114e4-a682-4aa1-a6c1-8cd780fe9b76 8e48e3dbd812419ca5004eea22056236 bed3f8109c6b496ab3a5d63ed409cf55 - - default default] Successfully bumped revision number for resource 994a2b20-97e6-4ecb-b8b6-522124f378f8 (type: ports) to 1
2026-04-14 06:48:51.530 10 INFO neutron.wsgi [req-d7bd7d3e-f7db-4658-bc98-d2c6d2dfb80a req-7255a8f7-a235-477e-81a1-404fe8c36be3 3c75dd45c996441fa726172e7c87476c 20c6709344df44d28735d48523711bad - - 50d5ba81f0dc4f2ab56814b6a00f312e 50d5ba81f0dc4f2ab56814b6a00f312e] 162.253.55.62 "PUT /v2.0/ports/9be9cdc2-0597-4342-b8e5-3c5be22b91a5 HTTP/1.1" status: 200 len: 1380 time: 1.2823169
2026-04-14 06:48:51.552 10 INFO neutron.wsgi [None req-293114e4-a682-4aa1-a6c1-8cd780fe9b76 8e48e3dbd812419ca5004eea22056236 bed3f8109c6b496ab3a5d63ed409cf55 - - default default] 10.0.0.159 "POST /v2.0/networks HTTP/1.1" status: 201 len: 954 time: 1.6218684 /var/lib/openstack/lib/python3.10/site-packages/pycadf/identifier.py:71: UserWarning: Invalid uuid: neutron. To ensure interoperability, identifiers should be a valid uuid. warnings.warn(('Invalid uuid: %s. To ensure interoperability, '
2026-04-14 06:48:51.634 10 INFO neutron.wsgi [req-d7bd7d3e-f7db-4658-bc98-d2c6d2dfb80a req-3d6cac8a-f9c0-4969-8020-cf6dbda5fcfe 3c75dd45c996441fa726172e7c87476c 20c6709344df44d28735d48523711bad - - 50d5ba81f0dc4f2ab56814b6a00f312e 50d5ba81f0dc4f2ab56814b6a00f312e] 162.253.55.62 "GET /v2.0/ports?tenant_id=fb69e347f32646b1b42ea661e99390d1&device_id=0dcfad78-e851-475c-a51c-b536dd68a195 HTTP/1.1" status: 200 len: 1411 time: 0.0631268
2026-04-14 06:48:51.635 10 INFO neutron.db.ovn_revision_numbers_db [None req-5d3b77bb-1f7a-461f-ad28-63b86c656927 8e48e3dbd812419ca5004eea22056236 bed3f8109c6b496ab3a5d63ed409cf55 - - default default] Successfully bumped revision number for resource 8fcb795f-da04-412d-8248-4be3b570c841 (type: ports) to 1
2026-04-14 06:48:51.641 9 INFO neutron.notifiers.nova [-] Nova event matching ['req-61dc461e-66cb-41aa-83df-ffd969117792'] response: {'name': 'network-changed', 'server_uuid': 'fafb53fb-d400-46bc-afd1-8c8290bce927', 'tag': 'c5fe56aa-47c0-48fc-a7c5-978844c82529', 'status': 'completed', 'code': 200}
2026-04-14 06:48:51.673 10 INFO neutron.wsgi [None req-5d3b77bb-1f7a-461f-ad28-63b86c656927 8e48e3dbd812419ca5004eea22056236 bed3f8109c6b496ab3a5d63ed409cf55 - - default default] 10.0.0.159 "POST /v2.0/networks HTTP/1.1" status: 201 len: 948 time: 1.4112108
2026-04-14 06:48:51.676 10 INFO neutron.wsgi [req-d7bd7d3e-f7db-4658-bc98-d2c6d2dfb80a req-89654e10-6abf-44a2-a0b0-ff8195ca7aa7 3c75dd45c996441fa726172e7c87476c 20c6709344df44d28735d48523711bad - - 50d5ba81f0dc4f2ab56814b6a00f312e 50d5ba81f0dc4f2ab56814b6a00f312e] 162.253.55.62 "GET /v2.0/floatingips?fixed_ip_address=10.100.0.11&port_id=9be9cdc2-0597-4342-b8e5-3c5be22b91a5 HTTP/1.1" status: 200 len: 217 time: 0.0326359
2026-04-14 06:48:51.707 9 INFO neutron.wsgi [req-301ebdf0-b35b-4e2a-9692-b7113564594a req-0bcf29f4-b0e1-4094-b097-0808492caa8f 3c75dd45c996441fa726172e7c87476c 20c6709344df44d28735d48523711bad - - 50d5ba81f0dc4f2ab56814b6a00f312e 50d5ba81f0dc4f2ab56814b6a00f312e] 162.253.55.62 "GET /v2.0/ports?tenant_id=0025c6db2c1b4b06ab348056129882c8&device_id=fafb53fb-d400-46bc-afd1-8c8290bce927 HTTP/1.1" status: 200 len: 1407 time: 0.0563140
2026-04-14 06:48:51.736 10 INFO neutron.wsgi [req-d7bd7d3e-f7db-4658-bc98-d2c6d2dfb80a req-9fd8d2e0-500b-4702-9773-f84bda9317c9 3c75dd45c996441fa726172e7c87476c 20c6709344df44d28735d48523711bad - - 50d5ba81f0dc4f2ab56814b6a00f312e 50d5ba81f0dc4f2ab56814b6a00f312e] 162.253.55.62 "GET /v2.0/subnets?id=aaf6321b-43f6-43ee-939d-1a27577fe398 HTTP/1.1" status: 200 len: 873 time: 0.0520055
2026-04-14 06:48:51.784 10 INFO neutron.wsgi [req-d7bd7d3e-f7db-4658-bc98-d2c6d2dfb80a req-9fb45225-47fd-49f1-9d30-f7a73b359a32 3c75dd45c996441fa726172e7c87476c 20c6709344df44d28735d48523711bad - - 50d5ba81f0dc4f2ab56814b6a00f312e 50d5ba81f0dc4f2ab56814b6a00f312e] 162.253.55.62 "GET /v2.0/ports?network_id=57e9d5ee-17d4-4707-9a36-edf2cef49445&device_owner=network%3Adhcp HTTP/1.1" status: 200 len: 210 time: 0.0401580
2026-04-14 06:48:51.788 10 INFO neutron.wsgi [req-688f9b58-27ec-4f76-b235-49ad62ddfc69 req-04d55444-aeea-4345-948e-7b91659250b6 ed6c4b7860d447bca86737bd68cb38cd fb69e347f32646b1b42ea661e99390d1 - - default default] 10.0.0.72 "GET /v2.0/ports?device_id=0dcfad78-e851-475c-a51c-b536dd68a195 HTTP/1.1" status: 200 len: 1172 time: 0.0780401
2026-04-14 06:48:51.795 9 INFO neutron.wsgi [req-301ebdf0-b35b-4e2a-9692-b7113564594a req-67b4e44d-4733-4f86-b5a5-a1e385a68cd5 3c75dd45c996441fa726172e7c87476c 20c6709344df44d28735d48523711bad - - 50d5ba81f0dc4f2ab56814b6a00f312e 50d5ba81f0dc4f2ab56814b6a00f312e] 162.253.55.62 "GET /v2.0/networks?id=6ef58d28-9604-45c3-b633-6bbc306d7b0e HTTP/1.1" status: 200 len: 973 time: 0.0806825
2026-04-14 06:48:51.829 9 INFO neutron.wsgi [req-301ebdf0-b35b-4e2a-9692-b7113564594a req-e16bb6e6-2b3d-415a-b5f0-8e0370a626d7 3c75dd45c996441fa726172e7c87476c 20c6709344df44d28735d48523711bad - - 50d5ba81f0dc4f2ab56814b6a00f312e 50d5ba81f0dc4f2ab56814b6a00f312e] 162.253.55.62 "GET /v2.0/floatingips?fixed_ip_address=10.100.0.7&port_id=c5fe56aa-47c0-48fc-a7c5-978844c82529 HTTP/1.1" status: 200 len: 217 time: 0.0283689
2026-04-14 06:48:51.841 9 WARNING neutron.scheduler.dhcp_agent_scheduler [None req-f4d21df4-5be2-41b1-b065-7dcbb843a34e 8e48e3dbd812419ca5004eea22056236 bed3f8109c6b496ab3a5d63ed409cf55 - - default default] No more DHCP agents
2026-04-14 06:48:51.850 9 WARNING neutron.api.rpc.agentnotifiers.dhcp_rpc_agent_api [None req-f4d21df4-5be2-41b1-b065-7dcbb843a34e 8e48e3dbd812419ca5004eea22056236 bed3f8109c6b496ab3a5d63ed409cf55 - - default default] Unable to schedule network 0fff69c0-d12b-4996-b869-db1eefdf004d: no agents available; will retry on subsequent port and subnet creation events.
2026-04-14 06:48:51.893 9 INFO neutron.wsgi [req-301ebdf0-b35b-4e2a-9692-b7113564594a req-87e88ced-4181-458e-864a-039a4595c98c 3c75dd45c996441fa726172e7c87476c 20c6709344df44d28735d48523711bad - - 50d5ba81f0dc4f2ab56814b6a00f312e 50d5ba81f0dc4f2ab56814b6a00f312e] 162.253.55.62 "GET /v2.0/subnets?id=a7fac8f9-b127-4068-9554-0f41b6d1b2ec HTTP/1.1" status: 200 len: 868 time: 0.0565553
2026-04-14 06:48:52.059 10 WARNING neutron.plugins.ml2.drivers.ovn.mech_driver.ovsdb.ovn_client [None req-3be24af8-912c-4216-9038-2fc1fe89e298 - - - - - -] No hosting information found for port b7196eda-79b4-4364-a5ba-41f5715c699c: RuntimeError: No hosting information found for port b7196eda-79b4-4364-a5ba-41f5715c699c
2026-04-14 06:48:52.059 10 INFO neutron.plugins.ml2.drivers.ovn.mech_driver.mech_driver [None req-3be24af8-912c-4216-9038-2fc1fe89e298 - - - - - -] OVN reports status up for port: 9d6fecc2-5334-46e5-9341-d8cc7e48f69f
2026-04-14 06:48:52.063 10 INFO neutron.wsgi [req-688f9b58-27ec-4f76-b235-49ad62ddfc69 req-7bab1c0e-07d8-4472-9d10-1b7736834575 ed6c4b7860d447bca86737bd68cb38cd fb69e347f32646b1b42ea661e99390d1 - - default default] 10.0.0.72 "GET /v2.0/security-groups?id=a25aaea9-93cf-49ca-b35d-eb896e977675&fields=id&fields=name HTTP/1.1" status: 200 len: 311 time: 0.2637644
2026-04-14 06:48:52.074 10 INFO neutron.wsgi [req-d7bd7d3e-f7db-4658-bc98-d2c6d2dfb80a req-501006b7-23ed-49f1-ba25-d39e12b6f8bd 3c75dd45c996441fa726172e7c87476c 20c6709344df44d28735d48523711bad - - 50d5ba81f0dc4f2ab56814b6a00f312e 50d5ba81f0dc4f2ab56814b6a00f312e] 162.253.55.62 "GET /v2.0/networks/57e9d5ee-17d4-4707-9a36-edf2cef49445?fields=segments HTTP/1.1" status: 200 len: 212 time: 0.2834113
2026-04-14 06:48:52.078 10 INFO neutron.plugins.ml2.plugin [None req-3be24af8-912c-4216-9038-2fc1fe89e298 - - - - - -] Attempt 1 to provision port 9d6fecc2-5334-46e5-9341-d8cc7e48f69f
2026-04-14 06:48:52.080 10 INFO neutron.notifiers.nova [-] Nova event matching ['req-cfc258c3-1546-48a4-ae30-ce45d4e1dcc1'] response: {'name': 'network-changed', 'server_uuid': '0dcfad78-e851-475c-a51c-b536dd68a195', 'tag': '9be9cdc2-0597-4342-b8e5-3c5be22b91a5', 'status': 'completed', 'code': 200}
2026-04-14 06:48:52.091 9 INFO neutron.wsgi [req-301ebdf0-b35b-4e2a-9692-b7113564594a req-bc6117f1-e8b0-4bd4-a3a0-c111b1e0587d 3c75dd45c996441fa726172e7c87476c 20c6709344df44d28735d48523711bad - - 50d5ba81f0dc4f2ab56814b6a00f312e 50d5ba81f0dc4f2ab56814b6a00f312e] 162.253.55.62 "GET /v2.0/ports?network_id=6ef58d28-9604-45c3-b633-6bbc306d7b0e&device_owner=network%3Adhcp HTTP/1.1" status: 200 len: 210 time: 0.0230799
2026-04-14 06:48:52.181 10 WARNING neutron.scheduler.dhcp_agent_scheduler [None req-630d8aab-a9a7-4a25-94c8-06d8d9b8c238 8e48e3dbd812419ca5004eea22056236 bed3f8109c6b496ab3a5d63ed409cf55 - - default default] No more DHCP agents
2026-04-14 06:48:52.190 10 WARNING neutron.api.rpc.agentnotifiers.dhcp_rpc_agent_api [None req-630d8aab-a9a7-4a25-94c8-06d8d9b8c238 8e48e3dbd812419ca5004eea22056236 bed3f8109c6b496ab3a5d63ed409cf55 - - default default] Unable to schedule network 81b26675-349c-4b38-98e5-093323be7aba: no agents available; will retry on subsequent port and subnet creation events.
2026-04-14 06:48:52.199 10 INFO neutron.wsgi [req-d7bd7d3e-f7db-4658-bc98-d2c6d2dfb80a req-f4be356d-9ce6-4053-ac97-246837eecfa5 3c75dd45c996441fa726172e7c87476c 20c6709344df44d28735d48523711bad - - 50d5ba81f0dc4f2ab56814b6a00f312e 50d5ba81f0dc4f2ab56814b6a00f312e] 162.253.55.62 "GET /v2.0/networks/57e9d5ee-17d4-4707-9a36-edf2cef49445?fields=provider%3Aphysical_network&fields=provider%3Anetwork_type HTTP/1.1" status: 200 len: 277 time: 0.1062460
2026-04-14 06:48:52.230 9 INFO neutron.wsgi [req-301ebdf0-b35b-4e2a-9692-b7113564594a req-84d0fdf9-9383-4d35-ae59-a234bd255334 3c75dd45c996441fa726172e7c87476c 20c6709344df44d28735d48523711bad - - 50d5ba81f0dc4f2ab56814b6a00f312e 50d5ba81f0dc4f2ab56814b6a00f312e] 162.253.55.62 "GET /v2.0/networks/6ef58d28-9604-45c3-b633-6bbc306d7b0e?fields=segments HTTP/1.1" status: 200 len: 212 time: 0.1157241
2026-04-14 06:48:52.286 10 INFO neutron.wsgi [req-e422509c-4f61-4be0-a0f3-a755937663c6 req-065585ea-d6bd-4b62-bc70-734ec647bfb8 8bc2ddd1742143a69ce2c1da526fbd94 0025c6db2c1b4b06ab348056129882c8 - - default default] 10.0.0.72 "GET /v2.0/ports?device_id=fafb53fb-d400-46bc-afd1-8c8290bce927 HTTP/1.1" status: 200 len: 1168 time: 0.0576518
2026-04-14 06:48:52.346 10 INFO neutron.wsgi [req-e422509c-4f61-4be0-a0f3-a755937663c6 req-be4ac99b-fdc0-4125-a62a-f0b7d0f6d66b 8bc2ddd1742143a69ce2c1da526fbd94 0025c6db2c1b4b06ab348056129882c8 - - default default] 10.0.0.72 "GET /v2.0/security-groups?id=06ac7527-b85b-4ac9-a1b7-77cb48c7aa67&fields=id&fields=name HTTP/1.1" status: 200 len: 313 time: 0.0466714
2026-04-14 06:48:52.378 9 INFO neutron.wsgi [req-301ebdf0-b35b-4e2a-9692-b7113564594a req-c97d18cb-e872-401b-b75c-debd3a8a460e 3c75dd45c996441fa726172e7c87476c 20c6709344df44d28735d48523711bad - - 50d5ba81f0dc4f2ab56814b6a00f312e 50d5ba81f0dc4f2ab56814b6a00f312e] 162.253.55.62 "GET /v2.0/networks/6ef58d28-9604-45c3-b633-6bbc306d7b0e?fields=provider%3Aphysical_network&fields=provider%3Anetwork_type HTTP/1.1" status: 200 len: 277 time: 0.0787995
2026-04-14 06:48:52.418 10 INFO neutron.wsgi [req-07757794-14b3-4750-ab60-a104863efdb4 req-27202d77-d320-4c72-a88e-30c0279cc133 3c75dd45c996441fa726172e7c87476c 20c6709344df44d28735d48523711bad - - 50d5ba81f0dc4f2ab56814b6a00f312e 50d5ba81f0dc4f2ab56814b6a00f312e] 162.253.55.62 "GET /v2.0/ports?tenant_id=fb69e347f32646b1b42ea661e99390d1&device_id=0dcfad78-e851-475c-a51c-b536dd68a195 HTTP/1.1" status: 200 len: 1411 time: 0.0418108
2026-04-14 06:48:52.509 10 INFO neutron.wsgi [req-07757794-14b3-4750-ab60-a104863efdb4 req-3eff4f8e-3ac0-42de-8348-5b531907e01c 3c75dd45c996441fa726172e7c87476c 20c6709344df44d28735d48523711bad - - 50d5ba81f0dc4f2ab56814b6a00f312e 50d5ba81f0dc4f2ab56814b6a00f312e] 162.253.55.62 "GET /v2.0/networks?id=57e9d5ee-17d4-4707-9a36-edf2cef49445 HTTP/1.1" status: 200 len: 978 time: 0.0824432
2026-04-14 06:48:52.544 10 INFO neutron.wsgi [req-07757794-14b3-4750-ab60-a104863efdb4 req-44dd31dc-1ad7-4011-b46e-e4f506774840 3c75dd45c996441fa726172e7c87476c 20c6709344df44d28735d48523711bad - - 50d5ba81f0dc4f2ab56814b6a00f312e 50d5ba81f0dc4f2ab56814b6a00f312e] 162.253.55.62 "GET /v2.0/floatingips?fixed_ip_address=10.100.0.11&port_id=9be9cdc2-0597-4342-b8e5-3c5be22b91a5 HTTP/1.1" status: 200 len: 217 time: 0.0259047
2026-04-14 06:48:52.583 10 INFO neutron.wsgi [req-07757794-14b3-4750-ab60-a104863efdb4 req-94037a81-c6a1-4737-b2b9-fc02c804d2db 3c75dd45c996441fa726172e7c87476c 20c6709344df44d28735d48523711bad - - 50d5ba81f0dc4f2ab56814b6a00f312e 50d5ba81f0dc4f2ab56814b6a00f312e] 162.253.55.62 "GET /v2.0/subnets?id=aaf6321b-43f6-43ee-939d-1a27577fe398 HTTP/1.1" status: 200 len: 873 time: 0.0328150
2026-04-14 06:48:52.624 10 INFO neutron.wsgi [req-07757794-14b3-4750-ab60-a104863efdb4 req-f01426f6-a345-411e-bb79-7965fed0a112 3c75dd45c996441fa726172e7c87476c 20c6709344df44d28735d48523711bad - - 50d5ba81f0dc4f2ab56814b6a00f312e 50d5ba81f0dc4f2ab56814b6a00f312e] 162.253.55.62 "GET /v2.0/ports?network_id=57e9d5ee-17d4-4707-9a36-edf2cef49445&device_owner=network%3Adhcp HTTP/1.1" status: 200 len: 210 time: 0.0313354
2026-04-14 06:48:52.648 9 INFO neutron.db.ovn_revision_numbers_db [None req-f4d21df4-5be2-41b1-b065-7dcbb843a34e 8e48e3dbd812419ca5004eea22056236 bed3f8109c6b496ab3a5d63ed409cf55 - - default default] Successfully bumped revision number for resource 994a2b20-97e6-4ecb-b8b6-522124f378f8 (type: ports) to 2
2026-04-14 06:48:52.688 9 INFO neutron.db.ovn_revision_numbers_db [None req-f4d21df4-5be2-41b1-b065-7dcbb843a34e 8e48e3dbd812419ca5004eea22056236 bed3f8109c6b496ab3a5d63ed409cf55 - - default default] Successfully bumped revision number for resource b1cc0d58-5456-42a0-8083-106b8f41201c (type: subnets) to 0
2026-04-14 06:48:52.705 9 INFO neutron.wsgi [None req-f4d21df4-5be2-41b1-b065-7dcbb843a34e 8e48e3dbd812419ca5004eea22056236 bed3f8109c6b496ab3a5d63ed409cf55 - - default default] 10.0.0.159 "POST /v2.0/subnets HTTP/1.1" status: 201 len: 874 time: 1.1451612
2026-04-14 06:48:52.705 10 INFO neutron.wsgi [req-07757794-14b3-4750-ab60-a104863efdb4 req-44dc8353-bff1-4400-9862-93f2dfe4574d 3c75dd45c996441fa726172e7c87476c 20c6709344df44d28735d48523711bad - - 50d5ba81f0dc4f2ab56814b6a00f312e 50d5ba81f0dc4f2ab56814b6a00f312e] 162.253.55.62 "GET /v2.0/networks/57e9d5ee-17d4-4707-9a36-edf2cef49445?fields=segments HTTP/1.1" status: 200 len: 212 time: 0.0729179
2026-04-14 06:48:52.785 10 INFO neutron.wsgi [req-07757794-14b3-4750-ab60-a104863efdb4 req-ab8df27c-9868-4748-8bce-60cf1ebb4969 3c75dd45c996441fa726172e7c87476c 20c6709344df44d28735d48523711bad - - 50d5ba81f0dc4f2ab56814b6a00f312e 50d5ba81f0dc4f2ab56814b6a00f312e] 162.253.55.62 "GET /v2.0/networks/57e9d5ee-17d4-4707-9a36-edf2cef49445?fields=provider%3Aphysical_network&fields=provider%3Anetwork_type HTTP/1.1" status: 200 len: 277 time: 0.0727510
2026-04-14 06:48:52.852 10 INFO neutron.db.ovn_revision_numbers_db [None req-630d8aab-a9a7-4a25-94c8-06d8d9b8c238 8e48e3dbd812419ca5004eea22056236 bed3f8109c6b496ab3a5d63ed409cf55 - - default default] Successfully bumped revision number for resource 8fcb795f-da04-412d-8248-4be3b570c841 (type: ports) to 2
2026-04-14 06:48:52.888 10 INFO neutron.db.ovn_revision_numbers_db [None req-630d8aab-a9a7-4a25-94c8-06d8d9b8c238 8e48e3dbd812419ca5004eea22056236 bed3f8109c6b496ab3a5d63ed409cf55 - - default default] Successfully bumped revision number for resource 4340a6bc-3d39-4421-965d-5c3fe2931c2a (type: subnets) to 0
2026-04-14 06:48:52.905 10 INFO neutron.wsgi [None req-630d8aab-a9a7-4a25-94c8-06d8d9b8c238 8e48e3dbd812419ca5004eea22056236 bed3f8109c6b496ab3a5d63ed409cf55 - - default default] 10.0.0.159 "POST /v2.0/subnets HTTP/1.1" status: 201 len: 868 time: 1.2282970
2026-04-14 06:48:53.194 9 INFO neutron.wsgi [req-d69781ee-6b06-4109-a8e6-37616e351530 req-19149217-cf6f-4a47-9fd2-e9f3204c3b3b ed6c4b7860d447bca86737bd68cb38cd fb69e347f32646b1b42ea661e99390d1 - - default default] 10.0.0.72 "GET /v2.0/ports?device_id=0dcfad78-e851-475c-a51c-b536dd68a195 HTTP/1.1" status: 200 len: 1172 time: 0.0591595
2026-04-14 06:48:53.231 9 WARNING neutron.scheduler.dhcp_agent_scheduler [None req-25d16baa-aab8-4df2-b042-2bcaf0f1ab16 8e48e3dbd812419ca5004eea22056236 bed3f8109c6b496ab3a5d63ed409cf55 - - default default] No more DHCP agents
2026-04-14 06:48:53.234 9 WARNING neutron.api.rpc.agentnotifiers.dhcp_rpc_agent_api [None req-25d16baa-aab8-4df2-b042-2bcaf0f1ab16 8e48e3dbd812419ca5004eea22056236 bed3f8109c6b496ab3a5d63ed409cf55 - - default default] Unable to schedule network 889f5795-88d7-46f7-9c2f-28e66ef80dff: no agents available; will retry on subsequent port and subnet creation events.
2026-04-14 06:48:53.257 9 INFO neutron.wsgi [req-d69781ee-6b06-4109-a8e6-37616e351530 req-c33d5413-6b77-479a-9753-fa2875271472 ed6c4b7860d447bca86737bd68cb38cd fb69e347f32646b1b42ea661e99390d1 - - default default] 10.0.0.72 "GET /v2.0/security-groups?id=a25aaea9-93cf-49ca-b35d-eb896e977675&fields=id&fields=name HTTP/1.1" status: 200 len: 311 time: 0.0514174
2026-04-14 06:48:53.355 10 WARNING neutron.scheduler.dhcp_agent_scheduler [None req-88d00e69-35be-4887-938c-9092df259f0f 8e48e3dbd812419ca5004eea22056236 bed3f8109c6b496ab3a5d63ed409cf55 - - default default] No more DHCP agents
2026-04-14 06:48:53.357 10 WARNING neutron.api.rpc.agentnotifiers.dhcp_rpc_agent_api [None req-88d00e69-35be-4887-938c-9092df259f0f 8e48e3dbd812419ca5004eea22056236 bed3f8109c6b496ab3a5d63ed409cf55 - - default default] Unable to schedule network 889f5795-88d7-46f7-9c2f-28e66ef80dff: no agents available; will retry on subsequent port and subnet creation events.
2026-04-14 06:48:53.415 9 INFO neutron.db.ovn_revision_numbers_db [None req-25d16baa-aab8-4df2-b042-2bcaf0f1ab16 8e48e3dbd812419ca5004eea22056236 bed3f8109c6b496ab3a5d63ed409cf55 - - default default] Successfully bumped revision number for resource 90b837ac-c175-46a8-80e6-9bc9152ed269 (type: ports) to 1
2026-04-14 06:48:53.454 10 INFO neutron.wsgi [req-d068347f-4ce9-4f01-b2c6-e311e8f682a3 req-21a43c48-b0fc-4799-bcd5-a65f0b4c7bee 8bc2ddd1742143a69ce2c1da526fbd94 0025c6db2c1b4b06ab348056129882c8 - - default default] 10.0.0.72 "GET /v2.0/ports?device_id=fafb53fb-d400-46bc-afd1-8c8290bce927 HTTP/1.1" status: 200 len: 1168 time: 0.0400670
2026-04-14 06:48:53.504 10 INFO neutron.wsgi [req-d068347f-4ce9-4f01-b2c6-e311e8f682a3 req-7bfb2ad5-a477-4bf5-9f61-396573bd4592 8bc2ddd1742143a69ce2c1da526fbd94 0025c6db2c1b4b06ab348056129882c8 - - default default] 10.0.0.72 "GET /v2.0/security-groups?id=06ac7527-b85b-4ac9-a1b7-77cb48c7aa67&fields=id&fields=name HTTP/1.1" status: 200 len: 313 time: 0.0398211
2026-04-14 06:48:53.541 10 INFO neutron.db.ovn_revision_numbers_db [None req-88d00e69-35be-4887-938c-9092df259f0f 8e48e3dbd812419ca5004eea22056236 bed3f8109c6b496ab3a5d63ed409cf55 - - default default] Successfully bumped revision number for resource 4a13740e-86f8-4d0d-9713-e5b5b545334c (type: ports) to 1
2026-04-14 06:48:54.075 9 INFO neutron.plugins.ml2.drivers.ovn.mech_driver.mech_driver [None req-43508560-b61f-49c9-9d23-fd51b0189029 - - - - - -] OVN reports status up for port: 90b837ac-c175-46a8-80e6-9bc9152ed269
2026-04-14 06:48:54.094 10 INFO neutron.plugins.ml2.drivers.ovn.mech_driver.ovsdb.ovsdb_monitor [None req-fb60f9fb-6625-41c4-9312-73059a6b6cac - - - - - -] Router 2a61f0ae-b031-46df-ba75-dba78316e734 is bound to host instance
2026-04-14 06:48:54.106 9 INFO neutron.plugins.ml2.plugin [None req-43508560-b61f-49c9-9d23-fd51b0189029 - - - - - -] Attempt 1 to provision port 90b837ac-c175-46a8-80e6-9bc9152ed269
2026-04-14 06:48:54.117 9 INFO neutron.db.ovn_revision_numbers_db [None req-25d16baa-aab8-4df2-b042-2bcaf0f1ab16 8e48e3dbd812419ca5004eea22056236 bed3f8109c6b496ab3a5d63ed409cf55 - - default default] Successfully bumped revision number for resource 90b837ac-c175-46a8-80e6-9bc9152ed269 (type: router_ports) to 1
2026-04-14 06:48:54.173 9 INFO neutron.plugins.ml2.drivers.ovn.mech_driver.ovsdb.ovsdb_monitor [None req-77f49a91-ffdd-4e53-bbc4-596beb35bce9 - - - - - -] Router 5c4d9387-871d-494a-b813-738b6966274d is bound to host instance
2026-04-14 06:48:54.269 9 INFO neutron.db.ovn_revision_numbers_db [None req-25d16baa-aab8-4df2-b042-2bcaf0f1ab16 8e48e3dbd812419ca5004eea22056236 bed3f8109c6b496ab3a5d63ed409cf55 - - default default] Successfully bumped revision number for resource 2a61f0ae-b031-46df-ba75-dba78316e734 (type: routers) to 2
2026-04-14 06:48:54.374 10 INFO neutron.db.ovn_revision_numbers_db [None req-88d00e69-35be-4887-938c-9092df259f0f 8e48e3dbd812419ca5004eea22056236 bed3f8109c6b496ab3a5d63ed409cf55 - - default default] Successfully bumped revision number for resource 4a13740e-86f8-4d0d-9713-e5b5b545334c (type: router_ports) to 1
2026-04-14 06:48:54.463 10 INFO neutron.db.ovn_revision_numbers_db [None req-88d00e69-35be-4887-938c-9092df259f0f 8e48e3dbd812419ca5004eea22056236 bed3f8109c6b496ab3a5d63ed409cf55 - - default default] Successfully bumped revision number for resource 5c4d9387-871d-494a-b813-738b6966274d (type: routers) to 2
2026-04-14 06:48:54.480 10 INFO neutron.wsgi [None req-88d00e69-35be-4887-938c-9092df259f0f 8e48e3dbd812419ca5004eea22056236 bed3f8109c6b496ab3a5d63ed409cf55 - - default default] 10.0.0.159 "POST /v2.0/routers HTTP/1.1" status: 201 len: 879 time: 1.5701702
2026-04-14 06:48:54.508 9 INFO neutron.wsgi [None req-25d16baa-aab8-4df2-b042-2bcaf0f1ab16 8e48e3dbd812419ca5004eea22056236 bed3f8109c6b496ab3a5d63ed409cf55 - - default default] 10.0.0.159 "POST /v2.0/routers HTTP/1.1" status: 201 len: 885 time: 1.7956557
2026-04-14 06:48:54.539 9 INFO neutron.wsgi [None req-8f70b43f-e87a-498b-be6b-5762eb1c3786 8e48e3dbd812419ca5004eea22056236 bed3f8109c6b496ab3a5d63ed409cf55 - - default default] 10.0.0.126 "GET /v2.0/security-groups HTTP/1.1" status: 200 len: 33393 time: 0.4046462
2026-04-14 06:48:54.598 9 INFO neutron.wsgi [None req-a6132e07-4142-47ae-93be-d3a809463adc 8e48e3dbd812419ca5004eea22056236 bed3f8109c6b496ab3a5d63ed409cf55 - - default default] 10.0.0.126 "GET /v2.0/agents HTTP/1.1" status: 200 len: 997 time: 0.0454721
2026-04-14 06:48:54.607 9 INFO neutron.wsgi [req-4e2bd5a4-c5d4-4be7-8356-fe6d25d71031 req-625721ca-5cd3-4bb8-9bd0-ab5b3ebb170e ed6c4b7860d447bca86737bd68cb38cd fb69e347f32646b1b42ea661e99390d1 - - default default] 10.0.0.72 "GET /v2.0/ports?device_id=0dcfad78-e851-475c-a51c-b536dd68a195 HTTP/1.1" status: 200 len: 1172 time: 0.1030099
2026-04-14 06:48:54.651 10 INFO neutron.wsgi [req-e8008de9-e54a-4f50-9c1c-7d0d86842b2a req-85b7cdc6-9908-4b7b-9f2a-eee2d3c6fa85 8bc2ddd1742143a69ce2c1da526fbd94 0025c6db2c1b4b06ab348056129882c8 - - default default] 10.0.0.72 "GET /v2.0/ports?device_id=fafb53fb-d400-46bc-afd1-8c8290bce927 HTTP/1.1" status: 200 len: 1168 time: 0.0611949
2026-04-14 06:48:54.660 9 INFO neutron.wsgi [None req-d6a13cad-d372-4bbf-b190-d4aa9bf5cd41 8e48e3dbd812419ca5004eea22056236 bed3f8109c6b496ab3a5d63ed409cf55 - - default default] 10.0.0.126 "GET /v2.0/floatingips HTTP/1.1" status: 200 len: 1269 time: 0.0588553
2026-04-14 06:48:54.739 9 INFO neutron.wsgi [req-4e2bd5a4-c5d4-4be7-8356-fe6d25d71031 req-11dfbb3c-fd69-4cba-b5c4-2f238debd776 ed6c4b7860d447bca86737bd68cb38cd fb69e347f32646b1b42ea661e99390d1 - - default default] 10.0.0.72 "GET /v2.0/security-groups?id=a25aaea9-93cf-49ca-b35d-eb896e977675&fields=id&fields=name HTTP/1.1" status: 200 len: 311 time: 0.1218858
2026-04-14 06:48:54.782 9 INFO neutron.wsgi [None req-65c2e569-a8a2-4bc3-8e80-5168b7d24a10 8e48e3dbd812419ca5004eea22056236 bed3f8109c6b496ab3a5d63ed409cf55 - - default default] 10.0.0.126 "GET /v2.0/networks HTTP/1.1" status: 200 len: 5407 time: 0.1166415
2026-04-14 06:48:54.806 9 INFO neutron.wsgi [None req-6c562776-461d-4e59-9d8b-85ccf4dd9b9b 8e48e3dbd812419ca5004eea22056236 bed3f8109c6b496ab3a5d63ed409cf55 - - default default] 10.0.0.126 "GET /v2.0/network-ip-availabilities HTTP/1.1" status: 200 len: 3218 time: 0.0195036
2026-04-14 06:48:54.811 10 INFO neutron.wsgi [req-e8008de9-e54a-4f50-9c1c-7d0d86842b2a req-4e80a61b-958c-434e-b667-66232f9f04d2 8bc2ddd1742143a69ce2c1da526fbd94 0025c6db2c1b4b06ab348056129882c8 - - default default] 10.0.0.72 "GET /v2.0/security-groups?id=06ac7527-b85b-4ac9-a1b7-77cb48c7aa67&fields=id&fields=name HTTP/1.1" status: 200 len: 313 time: 0.1504285
2026-04-14 06:48:54.897 10 INFO neutron.plugins.ml2.drivers.ovn.mech_driver.mech_driver [None req-3be24af8-912c-4216-9038-2fc1fe89e298 - - - - - -] OVN reports status up for port: c5fe56aa-47c0-48fc-a7c5-978844c82529
2026-04-14 06:48:54.932 10 INFO neutron.plugins.ml2.plugin [None req-3be24af8-912c-4216-9038-2fc1fe89e298 - - - - - -] Attempt 1 to provision port c5fe56aa-47c0-48fc-a7c5-978844c82529
2026-04-14 06:48:54.953 9 INFO neutron.wsgi [None req-02edce3b-3389-4a75-93c6-3e9e4c13fbb6 8e48e3dbd812419ca5004eea22056236 bed3f8109c6b496ab3a5d63ed409cf55 - - default default] 10.0.0.126 "GET /v2.0/routers HTTP/1.1" status: 200 len: 2898 time: 0.1442533
2026-04-14 06:48:54.967 9 INFO neutron.wsgi [None req-c21ba7c1-8f67-4cc7-8a0c-bb490f09dee4 8e48e3dbd812419ca5004eea22056236 bed3f8109c6b496ab3a5d63ed409cf55 - - default default] 10.0.0.126 "GET /v2.0/agents?binary=ovn-controller HTTP/1.1" status: 200 len: 591 time: 0.0119276
2026-04-14 06:48:55.029 9 INFO neutron.wsgi [None req-dbec79f3-21a4-4faf-b448-f844cd58adf1 8e48e3dbd812419ca5004eea22056236 bed3f8109c6b496ab3a5d63ed409cf55 - - default default] 10.0.0.126 "GET /v2.0/subnets HTTP/1.1" status: 200 len: 4078 time: 0.0486259
2026-04-14 06:48:55.122 9 INFO neutron.wsgi [None req-1e942d71-0705-4c00-b295-2ce1052bb78e 8e48e3dbd812419ca5004eea22056236 bed3f8109c6b496ab3a5d63ed409cf55 - - default default] 10.0.0.126 "GET /v2.0/ports HTTP/1.1" status: 200 len: 20298 time: 0.0910633
2026-04-14 06:48:55.174 10 INFO neutron.notifiers.nova [-] Nova event matching ['req-4c9b86ac-6418-4430-86be-6ec5b38065a0'] response: {'server_uuid': 'fafb53fb-d400-46bc-afd1-8c8290bce927', 'name': 'network-vif-plugged', 'status': 'completed', 'tag': 'c5fe56aa-47c0-48fc-a7c5-978844c82529', 'code': 200}
2026-04-14 06:48:55.205 9 INFO neutron.wsgi [None req-a7403533-6b4e-42c8-b3d0-bef1bdfa9cd7 8e48e3dbd812419ca5004eea22056236 bed3f8109c6b496ab3a5d63ed409cf55 - - default default] 10.0.0.126 "GET /v2.0/subnets HTTP/1.1" status: 200 len: 4078 time: 0.0672433
2026-04-14 06:48:55.233 9 INFO neutron.wsgi [None req-a6d235f4-7a64-447b-aee1-f1eeeb33a0fe 8e48e3dbd812419ca5004eea22056236 bed3f8109c6b496ab3a5d63ed409cf55 - - default default] 10.0.0.126 "GET /v2.0/subnetpools HTTP/1.1" status: 200 len: 193 time: 0.0183642
2026-04-14 06:48:55.311 9 INFO neutron.db.ovn_revision_numbers_db [None req-77f49a91-ffdd-4e53-bbc4-596beb35bce9 - - - - - -] Successfully bumped revision number for resource 4a13740e-86f8-4d0d-9713-e5b5b545334c (type: ports) to 1
2026-04-14 06:48:55.571 10 INFO neutron.db.ovn_revision_numbers_db [None req-fb60f9fb-6625-41c4-9312-73059a6b6cac - - - - - -] Successfully bumped revision number for resource 90b837ac-c175-46a8-80e6-9bc9152ed269 (type: ports) to 1
2026-04-14 06:48:55.576 9 INFO neutron.db.ovn_revision_numbers_db [None req-77f49a91-ffdd-4e53-bbc4-596beb35bce9 - - - - - -] Successfully bumped revision number for resource 4a13740e-86f8-4d0d-9713-e5b5b545334c (type: router_ports) to 3
2026-04-14 06:48:55.752 9 INFO neutron.db.ovn_revision_numbers_db [None req-77f49a91-ffdd-4e53-bbc4-596beb35bce9 - - - - - -] Successfully bumped revision number for resource 4a13740e-86f8-4d0d-9713-e5b5b545334c (type: ports) to 2
2026-04-14 06:48:55.876 10 WARNING neutron.scheduler.dhcp_agent_scheduler [None req-4f3e404d-cb7c-4f49-b065-902585f0fb1d 8e48e3dbd812419ca5004eea22056236 bed3f8109c6b496ab3a5d63ed409cf55 - - default default] No more DHCP agents
2026-04-14 06:48:55.888 10 WARNING neutron.scheduler.dhcp_agent_scheduler [None req-18919c13-4095-4941-97d7-4b2a1c2a4a27 8e48e3dbd812419ca5004eea22056236 bed3f8109c6b496ab3a5d63ed409cf55 - - default default] No more DHCP agents
2026-04-14 06:48:55.888 10 INFO neutron.db.ovn_revision_numbers_db [None req-3be24af8-912c-4216-9038-2fc1fe89e298 - - - - - -] Successfully bumped revision number for resource c5fe56aa-47c0-48fc-a7c5-978844c82529 (type: ports) to 4
2026-04-14 06:48:55.890 10 WARNING neutron.api.rpc.agentnotifiers.dhcp_rpc_agent_api [None req-4f3e404d-cb7c-4f49-b065-902585f0fb1d 8e48e3dbd812419ca5004eea22056236 bed3f8109c6b496ab3a5d63ed409cf55 - - default default] Unable to schedule network 81b26675-349c-4b38-98e5-093323be7aba: no agents available; will retry on subsequent port and subnet creation events.
2026-04-14 06:48:55.894 10 WARNING neutron.api.rpc.agentnotifiers.dhcp_rpc_agent_api [None req-18919c13-4095-4941-97d7-4b2a1c2a4a27 8e48e3dbd812419ca5004eea22056236 bed3f8109c6b496ab3a5d63ed409cf55 - - default default] Unable to schedule network 0fff69c0-d12b-4996-b869-db1eefdf004d: no agents available; will retry on subsequent port and subnet creation events.
2026-04-14 06:48:56.036 9 INFO neutron.db.ovn_revision_numbers_db [None req-77f49a91-ffdd-4e53-bbc4-596beb35bce9 - - - - - -] Successfully bumped revision number for resource 4a13740e-86f8-4d0d-9713-e5b5b545334c (type: ports) to 4
2026-04-14 06:48:56.043 9 INFO neutron.wsgi [req-c5e4ba89-3316-4ea4-8302-ab5311ec0c33 req-59eb14a3-9338-458f-8db6-bfa7fef40ff1 8bc2ddd1742143a69ce2c1da526fbd94 0025c6db2c1b4b06ab348056129882c8 - - default default] 10.0.0.72 "GET /v2.0/ports?device_id=fafb53fb-d400-46bc-afd1-8c8290bce927 HTTP/1.1" status: 200 len: 1170 time: 0.1284277
2026-04-14 06:48:56.123 9 INFO neutron.wsgi [req-c5e4ba89-3316-4ea4-8302-ab5311ec0c33 req-b212313f-a75d-494e-a724-5ec393fe6b69 8bc2ddd1742143a69ce2c1da526fbd94 0025c6db2c1b4b06ab348056129882c8 - - default default] 10.0.0.72 "GET /v2.0/security-groups?id=06ac7527-b85b-4ac9-a1b7-77cb48c7aa67&fields=id&fields=name HTTP/1.1" status: 200 len: 313 time: 0.0734577
2026-04-14 06:48:56.134 10 INFO neutron.wsgi [req-435a779c-564d-4025-9c4f-25fd75c6921c req-5b8d49aa-315d-4f7c-b3c8-d87fa3b00229 ed6c4b7860d447bca86737bd68cb38cd fb69e347f32646b1b42ea661e99390d1 - - default default] 10.0.0.72 "GET /v2.0/ports?device_id=0dcfad78-e851-475c-a51c-b536dd68a195 HTTP/1.1" status: 200 len: 1172 time: 0.2979689
2026-04-14 06:48:56.269 9 INFO neutron.wsgi [req-cbb9b2e9-c56b-4ef9-a7eb-96927f292f9f req-5276da83-e251-4156-981c-40fa6394b3aa 8bc2ddd1742143a69ce2c1da526fbd94 0025c6db2c1b4b06ab348056129882c8 - - default default] 10.0.0.72 "GET /v2.0/ports?device_id=fafb53fb-d400-46bc-afd1-8c8290bce927 HTTP/1.1" status: 200 len: 1170 time: 0.0522118
2026-04-14 06:48:56.272 10 INFO neutron.wsgi [req-435a779c-564d-4025-9c4f-25fd75c6921c req-e9b3c2dd-3978-480c-ab33-ce322bcd9f35 ed6c4b7860d447bca86737bd68cb38cd fb69e347f32646b1b42ea661e99390d1 - - default default] 10.0.0.72 "GET /v2.0/security-groups?id=a25aaea9-93cf-49ca-b35d-eb896e977675&fields=id&fields=name HTTP/1.1" status: 200 len: 311 time: 0.1275852
2026-04-14 06:48:56.293 10 INFO neutron.db.ovn_revision_numbers_db [None req-fb60f9fb-6625-41c4-9312-73059a6b6cac - - - - - -] Successfully bumped revision number for resource 90b837ac-c175-46a8-80e6-9bc9152ed269 (type: router_ports) to 3
2026-04-14 06:48:56.336 9 INFO neutron.db.ovn_revision_numbers_db [None req-77f49a91-ffdd-4e53-bbc4-596beb35bce9 - - - - - -] Successfully bumped revision number for resource 4a13740e-86f8-4d0d-9713-e5b5b545334c (type: router_ports) to 4
2026-04-14 06:48:56.362 10 INFO neutron.db.ovn_revision_numbers_db [None req-18919c13-4095-4941-97d7-4b2a1c2a4a27 8e48e3dbd812419ca5004eea22056236 bed3f8109c6b496ab3a5d63ed409cf55 - - default default] Successfully bumped revision number for resource e24f56f9-ba98-43f5-b0b3-6f66d01890ab (type: ports) to 1
2026-04-14 06:48:56.363 10 INFO neutron.db.ovn_revision_numbers_db [None req-4f3e404d-cb7c-4f49-b065-902585f0fb1d 8e48e3dbd812419ca5004eea22056236 bed3f8109c6b496ab3a5d63ed409cf55 - - default default] Successfully bumped revision number for resource 4826865a-79e3-42c9-9aa9-e19b1a2ac41c (type: ports) to 1
2026-04-14 06:48:56.653 9 INFO neutron.plugins.ml2.drivers.ovn.mech_driver.mech_driver [None req-43508560-b61f-49c9-9d23-fd51b0189029 - - - - - -] OVN reports status up for port: 4a13740e-86f8-4d0d-9713-e5b5b545334c
2026-04-14 06:48:56.683 9 INFO neutron.plugins.ml2.plugin [None req-43508560-b61f-49c9-9d23-fd51b0189029 - - - - - -] Attempt 1 to provision port 4a13740e-86f8-4d0d-9713-e5b5b545334c
2026-04-14 06:48:56.734 10 INFO neutron.db.ovn_revision_numbers_db [None req-fb60f9fb-6625-41c4-9312-73059a6b6cac - - - - - -] Successfully bumped revision number for resource 90b837ac-c175-46a8-80e6-9bc9152ed269 (type: ports) to 2
2026-04-14 06:48:56.886 9 INFO neutron.plugins.ml2.drivers.ovn.mech_driver.mech_driver [None req-43508560-b61f-49c9-9d23-fd51b0189029 - - - - - -] OVN reports status up for port: 9be9cdc2-0597-4342-b8e5-3c5be22b91a5
2026-04-14 06:48:56.907 9 INFO neutron.plugins.ml2.plugin [None req-43508560-b61f-49c9-9d23-fd51b0189029 - - - - - -] Attempt 1 to provision port 9be9cdc2-0597-4342-b8e5-3c5be22b91a5
2026-04-14 06:48:56.923 9 INFO neutron.db.l3_db [None req-fdd54a14-3d45-4d16-82fc-fd1327cfab41 8bc2ddd1742143a69ce2c1da526fbd94 0025c6db2c1b4b06ab348056129882c8 - - default default] Floating IP 595c109f-2d68-41d3-8db1-aa36f5ccd231 associated. External IP: 10.96.250.217, port: c5fe56aa-47c0-48fc-a7c5-978844c82529.
2026-04-14 06:48:57.127 9 INFO neutron.notifiers.nova [-] Nova event matching ['req-f9c42f2b-ce46-4981-be2f-95eb849b9122'] response: {'server_uuid': '0dcfad78-e851-475c-a51c-b536dd68a195', 'name': 'network-vif-plugged', 'status': 'completed', 'tag': '9be9cdc2-0597-4342-b8e5-3c5be22b91a5', 'code': 200}
2026-04-14 06:48:57.242 10 INFO neutron.notifiers.nova [-] Nova event matching ['req-dffe2fcb-e0a0-466e-a100-e9fd75a851b9'] response: {'server_uuid': 'fafb53fb-d400-46bc-afd1-8c8290bce927', 'name': 'network-vif-plugged', 'status': 'completed', 'tag': 'c5fe56aa-47c0-48fc-a7c5-978844c82529', 'code': 200}
2026-04-14 06:48:57.291 10 INFO neutron.db.ovn_revision_numbers_db [None req-fb60f9fb-6625-41c4-9312-73059a6b6cac - - - - - -] Successfully bumped revision number for resource 90b837ac-c175-46a8-80e6-9bc9152ed269 (type: ports) to 4
2026-04-14 06:48:57.293 9 INFO neutron.db.ovn_revision_numbers_db [None req-fdd54a14-3d45-4d16-82fc-fd1327cfab41 8bc2ddd1742143a69ce2c1da526fbd94 0025c6db2c1b4b06ab348056129882c8 - - default default] Successfully bumped revision number for resource 595c109f-2d68-41d3-8db1-aa36f5ccd231 (type: floatingips) to 1
2026-04-14 06:48:57.308 10 INFO neutron.db.ovn_revision_numbers_db [None req-18919c13-4095-4941-97d7-4b2a1c2a4a27 8e48e3dbd812419ca5004eea22056236 bed3f8109c6b496ab3a5d63ed409cf55 - - default default] Successfully bumped revision number for resource e24f56f9-ba98-43f5-b0b3-6f66d01890ab (type: router_ports) to 1
2026-04-14 06:48:57.361 10 INFO neutron.db.ovn_revision_numbers_db [None req-4f3e404d-cb7c-4f49-b065-902585f0fb1d 8e48e3dbd812419ca5004eea22056236 bed3f8109c6b496ab3a5d63ed409cf55 - - default default] Successfully bumped revision number for resource 4826865a-79e3-42c9-9aa9-e19b1a2ac41c (type: router_ports) to 1
2026-04-14 06:48:57.628 10 INFO neutron.db.ovn_revision_numbers_db [None req-18919c13-4095-4941-97d7-4b2a1c2a4a27 8e48e3dbd812419ca5004eea22056236 bed3f8109c6b496ab3a5d63ed409cf55 - - default default] Successfully bumped revision number for resource e24f56f9-ba98-43f5-b0b3-6f66d01890ab (type: ports) to 1
2026-04-14 06:48:57.687 10 INFO neutron.db.ovn_revision_numbers_db [None req-4f3e404d-cb7c-4f49-b065-902585f0fb1d 8e48e3dbd812419ca5004eea22056236 bed3f8109c6b496ab3a5d63ed409cf55 - - default default] Successfully bumped revision number for resource 4826865a-79e3-42c9-9aa9-e19b1a2ac41c (type: ports) to 1
2026-04-14 06:48:57.696 9 INFO neutron.db.ovn_revision_numbers_db [None req-43508560-b61f-49c9-9d23-fd51b0189029 - - - - - -] Successfully bumped revision number for resource 9be9cdc2-0597-4342-b8e5-3c5be22b91a5 (type: ports) to 4
2026-04-14 06:48:57.698 10 INFO neutron.db.ovn_revision_numbers_db [None req-fb60f9fb-6625-41c4-9312-73059a6b6cac - - - - - -] Successfully bumped revision number for resource 90b837ac-c175-46a8-80e6-9bc9152ed269 (type: router_ports) to 4
2026-04-14 06:48:57.708 9 INFO neutron.wsgi [req-7aa337ce-8eab-42bb-902e-8ae5461027d7 req-72e1bbb1-86c8-4d97-81ef-2a47111776fd ed6c4b7860d447bca86737bd68cb38cd fb69e347f32646b1b42ea661e99390d1 - - default default] 10.0.0.72 "GET /v2.0/ports?device_id=0dcfad78-e851-475c-a51c-b536dd68a195 HTTP/1.1" status: 200 len: 1174 time: 0.3559110
2026-04-14 06:48:57.711 9 INFO neutron.db.ovn_revision_numbers_db [None req-fdd54a14-3d45-4d16-82fc-fd1327cfab41 8bc2ddd1742143a69ce2c1da526fbd94 0025c6db2c1b4b06ab348056129882c8 - - default default] Successfully bumped revision number for resource 595c109f-2d68-41d3-8db1-aa36f5ccd231 (type: floatingips) to 2
2026-04-14 06:48:57.771 9 INFO neutron.wsgi [None req-fdd54a14-3d45-4d16-82fc-fd1327cfab41 8bc2ddd1742143a69ce2c1da526fbd94 0025c6db2c1b4b06ab348056129882c8 - - default default] 10.0.0.159 "PUT /v2.0/floatingips/595c109f-2d68-41d3-8db1-aa36f5ccd231 HTTP/1.1" status: 200 len: 1049 time: 1.4934297
