2026-04-14 06:42:54.327 9 INFO neutron.wsgi [None req-27b8f3be-169e-4068-823b-b34a5cc24e90 8e48e3dbd812419ca5004eea22056236 bed3f8109c6b496ab3a5d63ed409cf55 - - default default] 10.0.0.126 "GET /v2.0/agents?binary=ovn-controller HTTP/1.1" status: 200 len: 591 time: 0.0279891
2026-04-14 06:42:54.342 9 INFO neutron.wsgi [None req-7008f1df-e70e-42f0-ab12-474c3a903755 8e48e3dbd812419ca5004eea22056236 bed3f8109c6b496ab3a5d63ed409cf55 - - default default] 10.0.0.126 "GET /v2.0/network-ip-availabilities HTTP/1.1" status: 200 len: 1280 time: 0.0128996
2026-04-14 06:42:54.378 9 INFO neutron.wsgi [None req-2567db85-ce60-4042-b908-318bb0570ec9 8e48e3dbd812419ca5004eea22056236 bed3f8109c6b496ab3a5d63ed409cf55 - - default default] 10.0.0.126 "GET /v2.0/subnets HTTP/1.1" status: 200 len: 1437 time: 0.0341456
2026-04-14 06:42:54.387 9 INFO neutron.wsgi [None req-8d485c53-650d-4431-a682-8d9a61ece0bd 8e48e3dbd812419ca5004eea22056236 bed3f8109c6b496ab3a5d63ed409cf55 - - default default] 10.0.0.126 "GET /v2.0/subnetpools HTTP/1.1" status: 200 len: 193 time: 0.0084305
2026-04-14 06:42:54.434 9 INFO neutron.wsgi [None req-30a3db97-39b0-4019-9b04-ebb11cdb96a3 8e48e3dbd812419ca5004eea22056236 bed3f8109c6b496ab3a5d63ed409cf55 - - default default] 10.0.0.126 "GET /v2.0/security-groups HTTP/1.1" status: 200 len: 16799 time: 0.0464475
2026-04-14 06:42:54.496 9 INFO neutron.wsgi [None req-42592cfc-d841-4fd8-a193-ba64ddfd83c8 8e48e3dbd812419ca5004eea22056236 bed3f8109c6b496ab3a5d63ed409cf55 - - default default] 10.0.0.126 "GET /v2.0/ports HTTP/1.1" status: 200 len: 5347 time: 0.0557985
2026-04-14 06:42:54.513 9 INFO neutron.wsgi [None req-289b3900-632f-48ab-8554-0ae7dd0df665 8e48e3dbd812419ca5004eea22056236 bed3f8109c6b496ab3a5d63ed409cf55 - - default default] 10.0.0.126 "GET /v2.0/agents HTTP/1.1" status: 200 len: 997 time: 0.0139132
2026-04-14 06:42:54.539 9 INFO neutron.wsgi [None req-0ac4c707-9e05-4b0a-ad6c-b91bed950fe6 8e48e3dbd812419ca5004eea22056236 bed3f8109c6b496ab3a5d63ed409cf55 - - default default] 10.0.0.126 "GET /v2.0/floatingips HTTP/1.1" status: 200 len: 193 time: 0.0240476
2026-04-14 06:42:54.601 9 INFO neutron.wsgi [None req-1b8bd9e7-74df-48cb-a28e-7c96119b1e4a 8e48e3dbd812419ca5004eea22056236 bed3f8109c6b496ab3a5d63ed409cf55 - - default default] 10.0.0.126 "GET /v2.0/networks HTTP/1.1" status: 200 len: 2350 time: 0.0615373
2026-04-14 06:43:06.362 10 INFO neutron.wsgi [-] 10.0.0.208 "GET / HTTP/1.1" status: 200 len: 247 time: 0.0024905
2026-04-14 06:43:06.367 10 INFO neutron.wsgi [-] 10.0.0.208 "GET / HTTP/1.1" status: 200 len: 247 time: 0.0020204
2026-04-14 06:43:21.362 10 INFO neutron.wsgi [-] 10.0.0.208 "GET / HTTP/1.1" status: 200 len: 247 time: 0.0018275
2026-04-14 06:43:21.364 9 INFO neutron.wsgi [-] 10.0.0.208 "GET / HTTP/1.1" status: 200 len: 247 time: 0.0021598
2026-04-14 06:43:36.362 9 INFO neutron.wsgi [-] 10.0.0.208 "GET / HTTP/1.1" status: 200 len: 247 time: 0.0021048
2026-04-14 06:43:36.365 9 INFO neutron.wsgi [-] 10.0.0.208 "GET / HTTP/1.1" status: 200 len: 247 time: 0.0024714
2026-04-14 06:43:51.362 9 INFO neutron.wsgi [-] 10.0.0.208 "GET / HTTP/1.1" status: 200 len: 247 time: 0.0019701
2026-04-14 06:43:51.363 10 INFO neutron.wsgi [-] 10.0.0.208 "GET / HTTP/1.1" status: 200 len: 247 time: 0.0024638
2026-04-14 06:43:54.217 9 INFO neutron.wsgi [None req-70a0bac4-73af-434c-98c1-f00305e28cad 8e48e3dbd812419ca5004eea22056236 bed3f8109c6b496ab3a5d63ed409cf55 - - default default] 10.0.0.126 "GET /v2.0/agents HTTP/1.1" status: 200 len: 997 time: 0.1096306
2026-04-14 06:43:54.236 9 INFO neutron.wsgi [None req-048cd711-0d74-438c-92fb-db693189b24f 8e48e3dbd812419ca5004eea22056236 bed3f8109c6b496ab3a5d63ed409cf55 - - default default] 10.0.0.126 "GET /v2.0/network-ip-availabilities HTTP/1.1" status: 200 len: 1280 time: 0.0155816
2026-04-14 06:43:54.282 9 INFO neutron.wsgi [None req-e6f4c99c-eddc-4860-9998-b92972c0e37a 8e48e3dbd812419ca5004eea22056236 bed3f8109c6b496ab3a5d63ed409cf55 - - default default] 10.0.0.126 "GET /v2.0/ports HTTP/1.1" status: 200 len: 5347 time: 0.0442162
2026-04-14 06:43:54.314 9 INFO neutron.wsgi [None req-1697c393-b40e-4565-a794-e388b58da78c 8e48e3dbd812419ca5004eea22056236 bed3f8109c6b496ab3a5d63ed409cf55 - - default default] 10.0.0.126 "GET /v2.0/routers HTTP/1.1" status: 200 len: 189 time: 0.0284193
2026-04-14 06:43:54.325 9 INFO neutron.wsgi [None req-fa92e0c5-0752-47b4-af2d-ef5feb08c059 8e48e3dbd812419ca5004eea22056236 bed3f8109c6b496ab3a5d63ed409cf55 - - default default] 10.0.0.126 "GET /v2.0/agents?binary=ovn-controller HTTP/1.1" status: 200 len: 591 time: 0.0099697
2026-04-14 06:43:54.356 9 INFO neutron.wsgi [None req-702e2652-e850-4d37-bb57-aa3801c87f33 8e48e3dbd812419ca5004eea22056236 bed3f8109c6b496ab3a5d63ed409cf55 - - default default] 10.0.0.126 "GET /v2.0/subnets HTTP/1.1" status: 200 len: 1437 time: 0.0298574
2026-04-14 06:43:54.377 9 INFO neutron.wsgi [None req-1b58ee1f-845d-4582-a78f-b2c4268345fc 8e48e3dbd812419ca5004eea22056236 bed3f8109c6b496ab3a5d63ed409cf55 - - default default] 10.0.0.126 "GET /v2.0/floatingips HTTP/1.1" status: 200 len: 193 time: 0.0204947
2026-04-14 06:43:54.416 9 INFO neutron.wsgi [None req-4156b4e0-baca-4648-8b5b-a3fe4c4a647a 8e48e3dbd812419ca5004eea22056236 bed3f8109c6b496ab3a5d63ed409cf55 - - default default] 10.0.0.126 "GET /v2.0/security-groups HTTP/1.1" status: 200 len: 16799 time: 0.0373693
2026-04-14 06:43:54.463 9 INFO neutron.wsgi [None req-072171db-99d0-4552-94a3-5c08fe8f040d 8e48e3dbd812419ca5004eea22056236 bed3f8109c6b496ab3a5d63ed409cf55 - - default default] 10.0.0.126 "GET /v2.0/subnets HTTP/1.1" status: 200 len: 1437 time: 0.0409055
2026-04-14 06:43:54.476 9 INFO neutron.wsgi [None req-050036f5-d379-430c-b020-0a968f8662cc 8e48e3dbd812419ca5004eea22056236 bed3f8109c6b496ab3a5d63ed409cf55 - - default default] 10.0.0.126 "GET /v2.0/subnetpools HTTP/1.1" status: 200 len: 193 time: 0.0116558
2026-04-14 06:43:54.549 9 INFO neutron.wsgi [None req-1a0125f4-94b9-4379-af4d-aa1cf6875502 8e48e3dbd812419ca5004eea22056236 bed3f8109c6b496ab3a5d63ed409cf55 - - default default] 10.0.0.126 "GET /v2.0/networks HTTP/1.1" status: 200 len: 2350 time: 0.0718086
2026-04-14 06:44:06.363 9 INFO neutron.wsgi [-] 10.0.0.208 "GET / HTTP/1.1" status: 200 len: 247 time: 0.0025764
2026-04-14 06:44:06.365 10 INFO neutron.wsgi [-] 10.0.0.208 "GET / HTTP/1.1" status: 200 len: 247 time: 0.0041451
2026-04-14 06:44:21.363 10 INFO neutron.wsgi [-] 10.0.0.208 "GET / HTTP/1.1" status: 200 len: 247 time: 0.0032198
2026-04-14 06:44:21.366 10 INFO neutron.wsgi [-] 10.0.0.208 "GET / HTTP/1.1" status: 200 len: 247 time: 0.0020468
2026-04-14 06:44:36.362 10 INFO neutron.wsgi [-] 10.0.0.208 "GET / HTTP/1.1" status: 200 len: 247 time: 0.0023963
2026-04-14 06:44:36.366 10 INFO neutron.wsgi [-] 10.0.0.208 "GET / HTTP/1.1" status: 200 len: 247 time: 0.0020726
2026-04-14 06:44:45.548 10 INFO neutron.pecan_wsgi.hooks.translation [None req-70cb9607-69dc-44a0-9463-35d24002577b 8e48e3dbd812419ca5004eea22056236 bed3f8109c6b496ab3a5d63ed409cf55 - - default default] GET failed (client error): The resource could not be found.
2026-04-14 06:44:45.550 10 INFO neutron.wsgi [None req-70cb9607-69dc-44a0-9463-35d24002577b 8e48e3dbd812419ca5004eea22056236 bed3f8109c6b496ab3a5d63ed409cf55 - - default default] 162.253.55.62,10.0.0.208 "GET /v2.0/networks/public HTTP/1.1" status: 404 len: 290 time: 0.0731809
2026-04-14 06:44:45.633 10 INFO neutron.wsgi [None req-1ea459ae-1e5f-4716-9c0a-ea5d8af1db83 8e48e3dbd812419ca5004eea22056236 bed3f8109c6b496ab3a5d63ed409cf55 - - default default] 162.253.55.62,10.0.0.208 "GET /v2.0/networks?name=public HTTP/1.1" status: 200 len: 928 time: 0.0791330
2026-04-14 06:44:46.888 9 INFO neutron.pecan_wsgi.hooks.translation [None req-0065efa8-7b5a-4456-bae8-af20c1d791d1 8e48e3dbd812419ca5004eea22056236 bed3f8109c6b496ab3a5d63ed409cf55 - - default default] GET failed (client error): The resource could not be found.
2026-04-14 06:44:46.890 9 INFO neutron.wsgi [None req-0065efa8-7b5a-4456-bae8-af20c1d791d1 8e48e3dbd812419ca5004eea22056236 bed3f8109c6b496ab3a5d63ed409cf55 - - default default] 162.253.55.62,10.0.0.208 "GET /v2.0/networks/public HTTP/1.1" status: 404 len: 290 time: 0.0660584
2026-04-14 06:44:47.060 9 INFO neutron.wsgi [None req-9e39dc18-27aa-44b1-abe3-22c49371a96e 8e48e3dbd812419ca5004eea22056236 bed3f8109c6b496ab3a5d63ed409cf55 - - default default] 162.253.55.62,10.0.0.208 "GET /v2.0/networks?name=public HTTP/1.1" status: 200 len: 928 time: 0.1657479
2026-04-14 06:44:47.090 9 INFO neutron.pecan_wsgi.hooks.translation [None req-3194b0c4-8a0f-4684-ae29-c3aa95805a00 8e48e3dbd812419ca5004eea22056236 bed3f8109c6b496ab3a5d63ed409cf55 - - default default] GET failed (client error): The resource could not be found.
2026-04-14 06:44:47.091 9 INFO neutron.wsgi [None req-3194b0c4-8a0f-4684-ae29-c3aa95805a00 8e48e3dbd812419ca5004eea22056236 bed3f8109c6b496ab3a5d63ed409cf55 - - default default] 162.253.55.62,10.0.0.208 "GET /v2.0/subnets/public-subnet?network_id=889f5795-88d7-46f7-9c2f-28e66ef80dff HTTP/1.1" status: 404 len: 295 time: 0.0208504
2026-04-14 06:44:47.135 9 INFO neutron.wsgi [None req-b5693ec6-39fc-4be6-a941-9f13493b9032 8e48e3dbd812419ca5004eea22056236 bed3f8109c6b496ab3a5d63ed409cf55 - - default default] 162.253.55.62,10.0.0.208 "GET /v2.0/subnets?name=public-subnet&network_id=889f5795-88d7-46f7-9c2f-28e66ef80dff HTTP/1.1" status: 200 len: 819 time: 0.0411124
2026-04-14 06:44:51.364 9 INFO neutron.wsgi [-] 10.0.0.208 "GET / HTTP/1.1" status: 200 len: 247 time: 0.0028813
2026-04-14 06:44:51.367 9 INFO neutron.wsgi [-] 10.0.0.208 "GET / HTTP/1.1" status: 200 len: 247 time: 0.0020649
2026-04-14 06:44:54.241 9 INFO neutron.wsgi [None req-3d4cd285-6670-41c6-8821-c62007d49732 8e48e3dbd812419ca5004eea22056236 bed3f8109c6b496ab3a5d63ed409cf55 - - default default] 10.0.0.126 "GET /v2.0/security-groups HTTP/1.1" status: 200 len: 16799 time: 0.1206245
2026-04-14 06:44:54.283 9 INFO neutron.wsgi [None req-d34ad050-933d-473b-8ea7-73634990740c 8e48e3dbd812419ca5004eea22056236 bed3f8109c6b496ab3a5d63ed409cf55 - - default default] 10.0.0.126 "GET /v2.0/subnets HTTP/1.1" status: 200 len: 1437 time: 0.0378473
2026-04-14 06:44:54.299 9 INFO neutron.wsgi [None req-06e48c6d-6119-4226-8fd1-73d54d69cca7 8e48e3dbd812419ca5004eea22056236 bed3f8109c6b496ab3a5d63ed409cf55 - - default default] 10.0.0.126 "GET /v2.0/subnetpools HTTP/1.1" status: 200 len: 193 time: 0.0145156
2026-04-14 06:44:54.372 9 INFO neutron.wsgi [None req-93711eeb-fa41-4c36-bfde-fac2a0b3eb43 8e48e3dbd812419ca5004eea22056236 bed3f8109c6b496ab3a5d63ed409cf55 - - default default] 10.0.0.126 "GET /v2.0/networks HTTP/1.1" status: 200 len: 2350 time: 0.0730741
2026-04-14 06:44:54.422 9 INFO neutron.wsgi [None req-8dbe2e55-421d-4472-80fa-472ed5feb79f 8e48e3dbd812419ca5004eea22056236 bed3f8109c6b496ab3a5d63ed409cf55 - - default default] 10.0.0.126 "GET /v2.0/ports HTTP/1.1" status: 200 len: 5347 time: 0.0457296
2026-04-14 06:44:54.452 9 INFO neutron.wsgi [None req-f979f4ef-6276-4169-b172-29d3bfb86e4e 8e48e3dbd812419ca5004eea22056236 bed3f8109c6b496ab3a5d63ed409cf55 - - default default] 10.0.0.126 "GET /v2.0/routers HTTP/1.1" status: 200 len: 189 time: 0.0265038
2026-04-14 06:44:54.492 9 INFO neutron.wsgi [None req-071c35b8-3102-4a97-a7c0-7f52edc4cb99 8e48e3dbd812419ca5004eea22056236 bed3f8109c6b496ab3a5d63ed409cf55 - - default default] 10.0.0.126 "GET /v2.0/agents?binary=ovn-controller HTTP/1.1" status: 200 len: 591 time: 0.0393605
2026-04-14 06:44:54.535 9 INFO neutron.wsgi [None req-8ad8cd7c-743f-462a-99b6-37264cb616b3 8e48e3dbd812419ca5004eea22056236 bed3f8109c6b496ab3a5d63ed409cf55 - - default default] 10.0.0.126 "GET /v2.0/subnets HTTP/1.1" status: 200 len: 1437 time: 0.0411675
2026-04-14 06:44:54.550 9 INFO neutron.wsgi [None req-055f60ef-f461-427d-9693-b84a5b37cf73 8e48e3dbd812419ca5004eea22056236 bed3f8109c6b496ab3a5d63ed409cf55 - - default default] 10.0.0.126 "GET /v2.0/network-ip-availabilities HTTP/1.1" status: 200 len: 1280 time: 0.0145781
2026-04-14 06:44:54.571 9 INFO neutron.wsgi [None req-61222fa3-7d02-46c0-a723-9df4443705f2 8e48e3dbd812419ca5004eea22056236 bed3f8109c6b496ab3a5d63ed409cf55 - - default default] 10.0.0.126 "GET /v2.0/floatingips HTTP/1.1" status: 200 len: 193 time: 0.0196061
2026-04-14 06:44:54.595 9 INFO neutron.wsgi [None req-1d1dc673-3657-461e-beb8-cefcf66a35d3 8e48e3dbd812419ca5004eea22056236 bed3f8109c6b496ab3a5d63ed409cf55 - - default default] 10.0.0.126 "GET /v2.0/agents HTTP/1.1" status: 200 len: 997 time: 0.0140102
2026-04-14 06:45:06.363 9 INFO neutron.wsgi [-] 10.0.0.208 "GET / HTTP/1.1" status: 200 len: 247 time: 0.0026309
2026-04-14 06:45:06.366 9 INFO neutron.wsgi [-] 10.0.0.208 "GET / HTTP/1.1" status: 200 len: 247 time: 0.0017200
2026-04-14 06:45:19.891 10 INFO neutron.pecan_wsgi.hooks.translation [None req-0107c31f-056e-4242-a8f3-fd0490f4a84f 8e48e3dbd812419ca5004eea22056236 bed3f8109c6b496ab3a5d63ed409cf55 - - default default] GET failed (client error): The resource could not be found.
2026-04-14 06:45:19.893 10 INFO neutron.wsgi [None req-0107c31f-056e-4242-a8f3-fd0490f4a84f 8e48e3dbd812419ca5004eea22056236 bed3f8109c6b496ab3a5d63ed409cf55 - - default default] 162.253.55.62,10.0.0.208 "GET /v2.0/networks/lb-mgmt-net HTTP/1.1" status: 404 len: 295 time: 0.0490913
2026-04-14 06:45:19.953 10 INFO neutron.wsgi [None req-cf0adb02-a456-4ba2-8d47-3cae5ae69458 8e48e3dbd812419ca5004eea22056236 bed3f8109c6b496ab3a5d63ed409cf55 - - default default] 162.253.55.62,10.0.0.208 "GET /v2.0/networks?name=lb-mgmt-net HTTP/1.1" status: 200 len: 913 time: 0.0560853
2026-04-14 06:45:20.871 10 INFO neutron.pecan_wsgi.hooks.translation [None req-325ad772-0e1f-4ac3-b60c-3602fd977bd2 8e48e3dbd812419ca5004eea22056236 bed3f8109c6b496ab3a5d63ed409cf55 - - default default] GET failed (client error): The resource could not be found.
2026-04-14 06:45:20.873 10 INFO neutron.wsgi [None req-325ad772-0e1f-4ac3-b60c-3602fd977bd2 8e48e3dbd812419ca5004eea22056236 bed3f8109c6b496ab3a5d63ed409cf55 - - default default] 162.253.55.62,10.0.0.208 "GET /v2.0/networks/lb-mgmt-net HTTP/1.1" status: 404 len: 295 time: 0.0505185
2026-04-14 06:45:20.996 10 INFO neutron.wsgi [None req-efd29336-998d-4635-b896-ec32499b24ce 8e48e3dbd812419ca5004eea22056236 bed3f8109c6b496ab3a5d63ed409cf55 - - default default] 162.253.55.62,10.0.0.208 "GET /v2.0/networks?name=lb-mgmt-net HTTP/1.1" status: 200 len: 913 time: 0.1203110
2026-04-14 06:45:21.025 10 INFO neutron.pecan_wsgi.hooks.translation [None req-27c50848-e9cc-4b4b-b3de-f8bd90d1bfd7 8e48e3dbd812419ca5004eea22056236 bed3f8109c6b496ab3a5d63ed409cf55 - - default default] GET failed (client error): The resource could not be found.
2026-04-14 06:45:21.027 10 INFO neutron.wsgi [None req-27c50848-e9cc-4b4b-b3de-f8bd90d1bfd7 8e48e3dbd812419ca5004eea22056236 bed3f8109c6b496ab3a5d63ed409cf55 - - default default] 162.253.55.62,10.0.0.208 "GET /v2.0/subnets/lb-mgmt-subnet?network_id=976ac746-d73e-4923-b276-5f659542eda8 HTTP/1.1" status: 404 len: 296 time: 0.0204070
2026-04-14 06:45:21.068 10 INFO neutron.wsgi [None req-f84af327-9024-443b-9bda-03362712c202 8e48e3dbd812419ca5004eea22056236 bed3f8109c6b496ab3a5d63ed409cf55 - - default default] 162.253.55.62,10.0.0.208 "GET /v2.0/subnets?name=lb-mgmt-subnet&network_id=976ac746-d73e-4923-b276-5f659542eda8 HTTP/1.1" status: 200 len: 805 time: 0.0374217
2026-04-14 06:45:21.363 9 INFO neutron.wsgi [-] 10.0.0.208 "GET / HTTP/1.1" status: 200 len: 247 time: 0.0020015
2026-04-14 06:45:21.363 10 INFO neutron.wsgi [-] 10.0.0.208 "GET / HTTP/1.1" status: 200 len: 247 time: 0.0023873
2026-04-14 06:45:22.104 10 INFO neutron.api.v2.resource [None req-09d9af04-ed12-4052-a1fe-96182a2d1453 8e48e3dbd812419ca5004eea22056236 bed3f8109c6b496ab3a5d63ed409cf55 - - default default] show failed (client error): The resource could not be found.
2026-04-14 06:45:22.105 10 INFO neutron.wsgi [None req-09d9af04-ed12-4052-a1fe-96182a2d1453 8e48e3dbd812419ca5004eea22056236 bed3f8109c6b496ab3a5d63ed409cf55 - - default default] 162.253.55.62,10.0.0.208 "GET /v2.0/security-groups/lb-health-mgr-sec-grp HTTP/1.1" status: 404 len: 313 time: 0.0497308
2026-04-14 06:45:22.134 10 INFO neutron.wsgi [None req-88e20fd3-22fc-4081-85e6-2495abaf240a 8e48e3dbd812419ca5004eea22056236 bed3f8109c6b496ab3a5d63ed409cf55 - - default default] 162.253.55.62,10.0.0.208 "GET /v2.0/security-groups?name=lb-health-mgr-sec-grp HTTP/1.1" status: 200 len: 4649 time: 0.0262659
2026-04-14 06:45:23.175 10 INFO neutron.wsgi [None req-fdc7ee2b-4cb8-4f1d-b73e-4983f8bfa923 8e48e3dbd812419ca5004eea22056236 bed3f8109c6b496ab3a5d63ed409cf55 - - default default] 162.253.55.62,10.0.0.208 "GET /v2.0/security-groups/ccaf81d5-f70c-4181-8348-67fc1d2e43bc HTTP/1.1" status: 200 len: 4646 time: 0.0675192
2026-04-14 06:45:23.217 10 INFO neutron.wsgi [None req-9208ba9d-a334-47ec-847e-f226c2bd6d5e 8e48e3dbd812419ca5004eea22056236 bed3f8109c6b496ab3a5d63ed409cf55 - - default default] 162.253.55.62,10.0.0.208 "GET /v2.0/security-groups/ccaf81d5-f70c-4181-8348-67fc1d2e43bc HTTP/1.1" status: 200 len: 4646 time: 0.0333943
2026-04-14 06:45:23.236 10 INFO neutron.wsgi [None req-e38ca299-d5cc-4178-99a4-2b216cb93aae 8e48e3dbd812419ca5004eea22056236 bed3f8109c6b496ab3a5d63ed409cf55 - - default default] 162.253.55.62,10.0.0.208 "GET /v2.0/security-group-rules/e0e8d347-13eb-4ee3-9670-9b4c5b2a225b HTTP/1.1" status: 200 len: 744 time: 0.0136404
2026-04-14 06:45:24.161 10 INFO neutron.wsgi [None req-4557a42e-655e-4247-a509-51b98480b002 8e48e3dbd812419ca5004eea22056236 bed3f8109c6b496ab3a5d63ed409cf55 - - default default] 162.253.55.62,10.0.0.208 "GET /v2.0/security-groups/ccaf81d5-f70c-4181-8348-67fc1d2e43bc HTTP/1.1" status: 200 len: 4646 time: 0.0748608
2026-04-14 06:45:24.203 10 INFO neutron.wsgi [None req-d19384e8-1e35-4988-8422-0f39a6e41b56 8e48e3dbd812419ca5004eea22056236 bed3f8109c6b496ab3a5d63ed409cf55 - - default default] 162.253.55.62,10.0.0.208 "GET /v2.0/security-groups/ccaf81d5-f70c-4181-8348-67fc1d2e43bc HTTP/1.1" status: 200 len: 4646 time: 0.0361397
2026-04-14 06:45:24.222 10 INFO neutron.wsgi [None req-26d8ff5a-c3f5-4a63-a15b-c7779330b524 8e48e3dbd812419ca5004eea22056236 bed3f8109c6b496ab3a5d63ed409cf55 - - default default] 162.253.55.62,10.0.0.208 "GET /v2.0/security-group-rules/fecd0cc1-a915-4f28-a226-afc37640c249 HTTP/1.1" status: 200 len: 746 time: 0.0133133
2026-04-14 06:45:25.135 9 INFO neutron.wsgi [None req-b276f2a0-1641-473d-be80-084cfa703cc5 8e48e3dbd812419ca5004eea22056236 bed3f8109c6b496ab3a5d63ed409cf55 - - default default] 162.253.55.62,10.0.0.208 "GET /v2.0/security-groups/ccaf81d5-f70c-4181-8348-67fc1d2e43bc HTTP/1.1" status: 200 len: 4646 time: 0.0845501
2026-04-14 06:45:25.174 9 INFO neutron.wsgi [None req-d90eeaad-f156-4976-9144-15add3ee19da 8e48e3dbd812419ca5004eea22056236 bed3f8109c6b496ab3a5d63ed409cf55 - - default default] 162.253.55.62,10.0.0.208 "GET /v2.0/security-groups/ccaf81d5-f70c-4181-8348-67fc1d2e43bc HTTP/1.1" status: 200 len: 4646 time: 0.0341585
2026-04-14 06:45:25.194 9 INFO neutron.wsgi [None req-ffa50549-711e-4401-b380-32c618bfaa08 8e48e3dbd812419ca5004eea22056236 bed3f8109c6b496ab3a5d63ed409cf55 - - default default] 162.253.55.62,10.0.0.208 "GET /v2.0/security-group-rules/26e77e42-3ec0-47b4-86ad-0763a35abaa6 HTTP/1.1" status: 200 len: 746 time: 0.0167999
2026-04-14 06:45:26.047 10 INFO neutron.wsgi [None req-63bc8a13-718e-488d-87b3-cf842c6a9ed9 8e48e3dbd812419ca5004eea22056236 bed3f8109c6b496ab3a5d63ed409cf55 - - default default] 162.253.55.62,10.0.0.208 "GET /v2.0/security-groups/ccaf81d5-f70c-4181-8348-67fc1d2e43bc HTTP/1.1" status: 200 len: 4646 time: 0.0688994
2026-04-14 06:45:26.083 10 INFO neutron.wsgi [None req-af55b6b3-efa5-413f-aa49-b5260f69a266 8e48e3dbd812419ca5004eea22056236 bed3f8109c6b496ab3a5d63ed409cf55 - - default default] 162.253.55.62,10.0.0.208 "GET /v2.0/security-groups/ccaf81d5-f70c-4181-8348-67fc1d2e43bc HTTP/1.1" status: 200 len: 4646 time: 0.0283458
2026-04-14 06:45:26.100 10 INFO neutron.wsgi [None req-6bb35cb3-7979-4373-969c-79ff36d5c949 8e48e3dbd812419ca5004eea22056236 bed3f8109c6b496ab3a5d63ed409cf55 - - default default] 162.253.55.62,10.0.0.208 "GET /v2.0/security-group-rules/f1be4485-d563-43d9-8592-e784a6f9d1e8 HTTP/1.1" status: 200 len: 746 time: 0.0119007
2026-04-14 06:45:26.973 9 INFO neutron.wsgi [None req-e9fc5673-8fc8-4259-bbc8-71d5957a0aca 8e48e3dbd812419ca5004eea22056236 bed3f8109c6b496ab3a5d63ed409cf55 - - default default] 162.253.55.62,10.0.0.208 "GET /v2.0/security-groups/ccaf81d5-f70c-4181-8348-67fc1d2e43bc HTTP/1.1" status: 200 len: 4646 time: 0.0770898
2026-04-14 06:45:27.016 9 INFO neutron.wsgi [None req-a31df797-fde9-4565-95ed-07b16634bd83 8e48e3dbd812419ca5004eea22056236 bed3f8109c6b496ab3a5d63ed409cf55 - - default default] 162.253.55.62,10.0.0.208 "GET /v2.0/security-groups/ccaf81d5-f70c-4181-8348-67fc1d2e43bc HTTP/1.1" status: 200 len: 4646 time: 0.0341616
2026-04-14 06:45:27.042 9 INFO neutron.wsgi [None req-45229690-088d-4e0e-9573-c1d4b3ca13a1 8e48e3dbd812419ca5004eea22056236 bed3f8109c6b496ab3a5d63ed409cf55 - - default default] 162.253.55.62,10.0.0.208 "GET /v2.0/security-group-rules/f63867a8-b90c-42bb-8733-96a491db253a HTTP/1.1" status: 200 len: 746 time: 0.0168824
2026-04-14 06:45:28.244 10 INFO neutron.wsgi [None req-4d327407-b04b-4ac5-a371-90cd0762277a 8e48e3dbd812419ca5004eea22056236 bed3f8109c6b496ab3a5d63ed409cf55 - - default default] 162.253.55.62,10.0.0.208 "GET /v2.0/networks/976ac746-d73e-4923-b276-5f659542eda8 HTTP/1.1" status: 200 len: 910 time: 0.1205044
2026-04-14 06:45:28.267 10 INFO neutron.pecan_wsgi.hooks.translation [None req-91420c1f-1304-4f14-ae6d-7e5e41e37574 8e48e3dbd812419ca5004eea22056236 bed3f8109c6b496ab3a5d63ed409cf55 - - default default] GET failed (client error): The resource could not be found.
2026-04-14 06:45:28.268 10 INFO neutron.wsgi [None req-91420c1f-1304-4f14-ae6d-7e5e41e37574 8e48e3dbd812419ca5004eea22056236 bed3f8109c6b496ab3a5d63ed409cf55 - - default default] 162.253.55.62,10.0.0.208 "GET /v2.0/ports/octavia-health-manager-port-instance?network_id=976ac746-d73e-4923-b276-5f659542eda8 HTTP/1.1" status: 404 len: 314 time: 0.0186355
2026-04-14 06:45:28.310 10 INFO neutron.wsgi [None req-e9385261-63d0-4ad8-917a-e6f5b3c468bf 8e48e3dbd812419ca5004eea22056236 bed3f8109c6b496ab3a5d63ed409cf55 - - default default] 162.253.55.62,10.0.0.208 "GET /v2.0/ports?name=octavia-health-manager-port-instance&network_id=976ac746-d73e-4923-b276-5f659542eda8 HTTP/1.1" status: 200 len: 1395 time: 0.0383527
2026-04-14 06:45:28.347 10 INFO neutron.wsgi [None req-3a983d40-10e9-4c02-8de2-360282877ada 8e48e3dbd812419ca5004eea22056236 bed3f8109c6b496ab3a5d63ed409cf55 - - default default] 162.253.55.62,10.0.0.208 "GET /v2.0/security-groups/ccaf81d5-f70c-4181-8348-67fc1d2e43bc HTTP/1.1" status: 200 len: 4646 time: 0.0297184
2026-04-14 06:45:34.474 10 INFO neutron.pecan_wsgi.hooks.translation [None req-354f7d97-39b7-46ca-8d90-d66b63de2637 8e48e3dbd812419ca5004eea22056236 bed3f8109c6b496ab3a5d63ed409cf55 - - default default] GET failed (client error): The resource could not be found.
2026-04-14 06:45:34.477 10 INFO neutron.wsgi [None req-354f7d97-39b7-46ca-8d90-d66b63de2637 8e48e3dbd812419ca5004eea22056236 bed3f8109c6b496ab3a5d63ed409cf55 - - default default] 162.253.55.62,10.0.0.208 "GET /v2.0/ports/octavia-health-manager-port-instance HTTP/1.1" status: 404 len: 314 time: 0.0709262
2026-04-14 06:45:34.519 10 INFO neutron.wsgi [None req-3fe02960-0471-4476-adbe-73e68915a150 8e48e3dbd812419ca5004eea22056236 bed3f8109c6b496ab3a5d63ed409cf55 - - default default] 162.253.55.62,10.0.0.208 "GET /v2.0/ports?name=octavia-health-manager-port-instance HTTP/1.1" status: 200 len: 1395 time: 0.0391054
2026-04-14 06:45:35.989 10 INFO neutron.wsgi [None req-d63ae021-d250-4efa-8b50-6779c0492471 8e48e3dbd812419ca5004eea22056236 bed3f8109c6b496ab3a5d63ed409cf55 - - default default] 162.253.55.62,10.0.0.208 "GET /v2.0/ports HTTP/1.1" status: 200 len: 5347 time: 0.0891933
2026-04-14 06:45:36.364 10 INFO neutron.wsgi [-] 10.0.0.208 "GET / HTTP/1.1" status: 200 len: 247 time: 0.0033023
2026-04-14 06:45:36.365 9 INFO neutron.wsgi [-] 10.0.0.208 "GET / HTTP/1.1" status: 200 len: 247 time: 0.0043163
2026-04-14 06:45:37.005 9 INFO neutron.api.v2.resource [None req-45ba8019-8c1b-47d7-8075-ec4b011afdf0 8e48e3dbd812419ca5004eea22056236 bed3f8109c6b496ab3a5d63ed409cf55 - - default default] show failed (client error): The resource could not be found.
2026-04-14 06:45:37.006 9 INFO neutron.wsgi [None req-45ba8019-8c1b-47d7-8075-ec4b011afdf0 8e48e3dbd812419ca5004eea22056236 bed3f8109c6b496ab3a5d63ed409cf55 - - default default] 162.253.55.62,10.0.0.208 "GET /v2.0/security-groups/lb-mgmt-sec-grp HTTP/1.1" status: 404 len: 307 time: 0.0540197
2026-04-14 06:45:37.049 9 INFO neutron.wsgi [None req-28c77da4-0445-4140-9d0b-86a3a40bf834 8e48e3dbd812419ca5004eea22056236 bed3f8109c6b496ab3a5d63ed409cf55 - - default default] 162.253.55.62,10.0.0.208 "GET /v2.0/security-groups?name=lb-mgmt-sec-grp HTTP/1.1" status: 200 len: 2933 time: 0.0376451
2026-04-14 06:45:38.056 9 INFO neutron.wsgi [None req-3dd2b67b-bc1e-490f-aeb3-4d1b699d638c 8e48e3dbd812419ca5004eea22056236 bed3f8109c6b496ab3a5d63ed409cf55 - - default default] 162.253.55.62,10.0.0.208 "GET /v2.0/security-groups/d8504a27-3223-432b-8873-79144a2c1e99 HTTP/1.1" status: 200 len: 2930 time: 0.0804923
2026-04-14 06:45:38.100 9 INFO neutron.wsgi [None req-9cef09a8-a5a3-4d7a-8f87-eacb6dcf3ba3 8e48e3dbd812419ca5004eea22056236 bed3f8109c6b496ab3a5d63ed409cf55 - - default default] 162.253.55.62,10.0.0.208 "GET /v2.0/security-groups/d8504a27-3223-432b-8873-79144a2c1e99 HTTP/1.1" status: 200 len: 2930 time: 0.0375919
2026-04-14 06:45:38.120 9 INFO neutron.wsgi [None req-095d05b0-d66b-42e0-8f40-fa3ede4a167c 8e48e3dbd812419ca5004eea22056236 bed3f8109c6b496ab3a5d63ed409cf55 - - default default] 162.253.55.62,10.0.0.208 "GET /v2.0/security-group-rules/ac1fa91b-2cae-41dc-85c1-e06954d5ee8e HTTP/1.1" status: 200 len: 764 time: 0.0145235
2026-04-14 06:45:39.024 9 INFO neutron.wsgi [None req-12e8a405-962c-4fd8-ad54-9c700e89e946 8e48e3dbd812419ca5004eea22056236 bed3f8109c6b496ab3a5d63ed409cf55 - - default default] 162.253.55.62,10.0.0.208 "GET /v2.0/security-groups/d8504a27-3223-432b-8873-79144a2c1e99 HTTP/1.1" status: 200 len: 2930 time: 0.0699320
2026-04-14 06:45:39.059 9 INFO neutron.wsgi [None req-9a592d7f-2539-4703-b72f-8de66cc07b94 8e48e3dbd812419ca5004eea22056236 bed3f8109c6b496ab3a5d63ed409cf55 - - default default] 162.253.55.62,10.0.0.208 "GET /v2.0/security-groups/d8504a27-3223-432b-8873-79144a2c1e99 HTTP/1.1" status: 200 len: 2930 time: 0.0272000
2026-04-14 06:45:39.078 9 INFO neutron.wsgi [None req-f9e5c667-c7da-4c42-ab83-7fe0eae7972f 8e48e3dbd812419ca5004eea22056236 bed3f8109c6b496ab3a5d63ed409cf55 - - default default] 162.253.55.62,10.0.0.208 "GET /v2.0/security-group-rules/fb1c30cc-1a0a-4f74-bd0a-cc67eb7f1ab9 HTTP/1.1" status: 200 len: 768 time: 0.0122333
2026-04-14 06:45:50.143 10 INFO neutron.wsgi [None req-15b331f5-7bc7-4272-b173-7d702437e032 8e48e3dbd812419ca5004eea22056236 bed3f8109c6b496ab3a5d63ed409cf55 - - default default] 162.253.55.62,10.0.0.208 "GET /v2.0/quotas/bed3f8109c6b496ab3a5d63ed409cf55 HTTP/1.1" status: 200 len: 361 time: 0.0127487
2026-04-14 06:45:51.363 10 INFO neutron.wsgi [-] 10.0.0.208 "GET / HTTP/1.1" status: 200 len: 247 time: 0.0028090
2026-04-14 06:45:51.364 9 INFO neutron.wsgi [-] 10.0.0.208 "GET / HTTP/1.1" status: 200 len: 247 time: 0.0031807
2026-04-14 06:45:54.194 9 INFO neutron.wsgi [None req-8b348cdf-1b8b-4176-af4d-9b210b55ed9c 8e48e3dbd812419ca5004eea22056236 bed3f8109c6b496ab3a5d63ed409cf55 - - default default] 10.0.0.126 "GET /v2.0/routers HTTP/1.1" status: 200 len: 189 time: 0.0674491
2026-04-14 06:45:54.231 9 INFO neutron.wsgi [None req-469a6aae-857a-4c90-b1ed-5a43d5a8f17c 8e48e3dbd812419ca5004eea22056236 bed3f8109c6b496ab3a5d63ed409cf55 - - default default] 10.0.0.126 "GET /v2.0/agents?binary=ovn-controller HTTP/1.1" status: 200 len: 591 time: 0.0363300
2026-04-14 06:45:54.258 9 INFO neutron.wsgi [None req-3fb1b338-54ee-416b-baa3-df75eb58ad9b 8e48e3dbd812419ca5004eea22056236 bed3f8109c6b496ab3a5d63ed409cf55 - - default default] 10.0.0.126 "GET /v2.0/floatingips HTTP/1.1" status: 200 len: 193 time: 0.0248759
2026-04-14 06:45:54.302 9 INFO neutron.wsgi [None req-bfd55538-9592-4525-846c-9e31a8d6db36 8e48e3dbd812419ca5004eea22056236 bed3f8109c6b496ab3a5d63ed409cf55 - - default default] 10.0.0.126 "GET /v2.0/subnets HTTP/1.1" status: 200 len: 1437 time: 0.0433977
2026-04-14 06:45:54.319 9 INFO neutron.wsgi [None req-48694d6a-089d-48fa-94fd-6bf92e7c8db2 8e48e3dbd812419ca5004eea22056236 bed3f8109c6b496ab3a5d63ed409cf55 - - default default] 10.0.0.126 "GET /v2.0/network-ip-availabilities HTTP/1.1" status: 200 len: 1280 time: 0.0152926
2026-04-14 06:45:54.384 9 INFO neutron.wsgi [None req-87678c98-cd1b-4d59-bb84-dc2a16bf1046 8e48e3dbd812419ca5004eea22056236 bed3f8109c6b496ab3a5d63ed409cf55 - - default default] 10.0.0.126 "GET /v2.0/networks HTTP/1.1" status: 200 len: 2350 time: 0.0640771
2026-04-14 06:45:54.435 9 INFO neutron.wsgi [None req-875f9f18-bcb3-4747-8c94-330cf209a571 8e48e3dbd812419ca5004eea22056236 bed3f8109c6b496ab3a5d63ed409cf55 - - default default] 10.0.0.126 "GET /v2.0/ports HTTP/1.1" status: 200 len: 5347 time: 0.0482779
2026-04-14 06:45:54.453 9 INFO neutron.wsgi [None req-5689dc46-6d47-4f00-82e3-891791de3210 8e48e3dbd812419ca5004eea22056236 bed3f8109c6b496ab3a5d63ed409cf55 - - default default] 10.0.0.126 "GET /v2.0/agents HTTP/1.1" status: 200 len: 997 time: 0.0151782
2026-04-14 06:45:54.504 9 INFO neutron.wsgi [None req-b0ef00b6-20ef-4551-99a6-fa70b5fdb7c7 8e48e3dbd812419ca5004eea22056236 bed3f8109c6b496ab3a5d63ed409cf55 - - default default] 10.0.0.126 "GET /v2.0/security-groups HTTP/1.1" status: 200 len: 16799 time: 0.0493214
2026-04-14 06:45:54.540 9 INFO neutron.wsgi [None req-a70c873d-48c0-4504-93a6-fc62e1745126 8e48e3dbd812419ca5004eea22056236 bed3f8109c6b496ab3a5d63ed409cf55 - - default default] 10.0.0.126 "GET /v2.0/subnets HTTP/1.1" status: 200 len: 1437 time: 0.0311110
2026-04-14 06:45:54.550 9 INFO neutron.wsgi [None req-f0cd11c9-2f5b-45c9-a0e7-b42ce1a5a2ca 8e48e3dbd812419ca5004eea22056236 bed3f8109c6b496ab3a5d63ed409cf55 - - default default] 10.0.0.126 "GET /v2.0/subnetpools HTTP/1.1" status: 200 len: 193 time: 0.0091276
2026-04-14 06:46:06.363 9 INFO neutron.wsgi [-] 10.0.0.208 "GET / HTTP/1.1" status: 200 len: 247 time: 0.0027263
2026-04-14 06:46:06.364 10 INFO neutron.wsgi [-] 10.0.0.208 "GET / HTTP/1.1" status: 200 len: 247 time: 0.0035391
2026-04-14 06:46:21.362 10 INFO neutron.wsgi [-] 10.0.0.208 "GET / HTTP/1.1" status: 200 len: 247 time: 0.0017574
2026-04-14 06:46:21.362 9 INFO neutron.wsgi [-] 10.0.0.208 "GET / HTTP/1.1" status: 200 len: 247 time: 0.0017292
2026-04-14 06:46:36.364 10 INFO neutron.wsgi [-] 10.0.0.208 "GET / HTTP/1.1" status: 200 len: 247 time: 0.0031683
2026-04-14 06:46:36.365 9 INFO neutron.wsgi [-] 10.0.0.208 "GET / HTTP/1.1" status: 200 len: 247 time: 0.0028794
2026-04-14 06:46:38.965 9 INFO neutron.api.v2.resource [None req-a31345fd-10ab-4a4b-bc4a-7720c7cde6d7 8e48e3dbd812419ca5004eea22056236 bed3f8109c6b496ab3a5d63ed409cf55 - - default default] show failed (client error): The resource could not be found.
2026-04-14 06:46:38.966 9 INFO neutron.wsgi [None req-a31345fd-10ab-4a4b-bc4a-7720c7cde6d7 8e48e3dbd812419ca5004eea22056236 bed3f8109c6b496ab3a5d63ed409cf55 - - default default] 162.253.55.62,10.0.0.208 "GET /v2.0/security-groups/manila-service-security-group?project_id=20c6709344df44d28735d48523711bad HTTP/1.1" status: 404 len: 321 time: 0.0536053
2026-04-14 06:46:39.007 9 INFO neutron.wsgi [None req-91ee7e51-4f0e-481e-ab40-f8c378685fcb 8e48e3dbd812419ca5004eea22056236 bed3f8109c6b496ab3a5d63ed409cf55 - - default default] 162.253.55.62,10.0.0.208 "GET /v2.0/security-groups?name=manila-service-security-group&project_id=20c6709344df44d28735d48523711bad HTTP/1.1" status: 200 len: 4062 time: 0.0368452
2026-04-14 06:46:40.044 9 INFO neutron.wsgi [None req-9dadcea8-4047-42b2-b98a-94a4d11ed636 8e48e3dbd812419ca5004eea22056236 bed3f8109c6b496ab3a5d63ed409cf55 - - default default] 162.253.55.62,10.0.0.208 "GET /v2.0/security-groups/7e0dfaed-0edb-41d2-98df-2cbea271716d?project_id=20c6709344df44d28735d48523711bad HTTP/1.1" status: 200 len: 4059 time: 0.0855160
2026-04-14 06:46:40.089 9 INFO neutron.wsgi [None req-6f40e991-a899-4ad9-b6ab-50c9c33f3358 8e48e3dbd812419ca5004eea22056236 bed3f8109c6b496ab3a5d63ed409cf55 - - default default] 162.253.55.62,10.0.0.208 "GET /v2.0/security-groups/7e0dfaed-0edb-41d2-98df-2cbea271716d HTTP/1.1" status: 200 len: 4059 time: 0.0376132
2026-04-14 06:46:40.113 9 INFO neutron.wsgi [None req-c4755a71-0baf-46f2-bc52-c0292675c65d 8e48e3dbd812419ca5004eea22056236 bed3f8109c6b496ab3a5d63ed409cf55 - - default default] 162.253.55.62,10.0.0.208 "GET /v2.0/security-group-rules/1be421d8-b533-4a08-ace6-d66328de6038 HTTP/1.1" status: 200 len: 740 time: 0.0163655
2026-04-14 06:46:41.062 9 INFO neutron.wsgi [None req-5d85fd85-996d-4437-b7d3-612148c951a6 8e48e3dbd812419ca5004eea22056236 bed3f8109c6b496ab3a5d63ed409cf55 - - default default] 162.253.55.62,10.0.0.208 "GET /v2.0/security-groups/7e0dfaed-0edb-41d2-98df-2cbea271716d?project_id=20c6709344df44d28735d48523711bad HTTP/1.1" status: 200 len: 4059 time: 0.0911872
2026-04-14 06:46:41.102 9 INFO neutron.wsgi [None req-255f517d-cbbe-4d72-b67a-1b19a2bbd774 8e48e3dbd812419ca5004eea22056236 bed3f8109c6b496ab3a5d63ed409cf55 - - default default] 162.253.55.62,10.0.0.208 "GET /v2.0/security-groups/7e0dfaed-0edb-41d2-98df-2cbea271716d HTTP/1.1" status: 200 len: 4059 time: 0.0320010
2026-04-14 06:46:41.124 9 INFO neutron.wsgi [None req-f765dfae-3dc9-4aff-ba35-3789009af8f9 8e48e3dbd812419ca5004eea22056236 bed3f8109c6b496ab3a5d63ed409cf55 - - default default] 162.253.55.62,10.0.0.208 "GET /v2.0/security-group-rules/8535b070-0096-43a1-a264-25658647f9f2 HTTP/1.1" status: 200 len: 742 time: 0.0167305
2026-04-14 06:46:42.104 10 INFO neutron.wsgi [None req-ee4fe1a4-2912-4bd8-ab24-edb11d6fe920 8e48e3dbd812419ca5004eea22056236 bed3f8109c6b496ab3a5d63ed409cf55 - - default default] 162.253.55.62,10.0.0.208 "GET /v2.0/security-groups/7e0dfaed-0edb-41d2-98df-2cbea271716d?project_id=20c6709344df44d28735d48523711bad HTTP/1.1" status: 200 len: 4059 time: 0.0934718
2026-04-14 06:46:42.144 10 INFO neutron.wsgi [None req-5805ce35-58bf-4614-8484-218776637d59 8e48e3dbd812419ca5004eea22056236 bed3f8109c6b496ab3a5d63ed409cf55 - - default default] 162.253.55.62,10.0.0.208 "GET /v2.0/security-groups/7e0dfaed-0edb-41d2-98df-2cbea271716d HTTP/1.1" status: 200 len: 4059 time: 0.0327296
2026-04-14 06:46:42.174 10 INFO neutron.wsgi [None req-a17f97ce-991d-4d23-a5e9-877cb9b20656 8e48e3dbd812419ca5004eea22056236 bed3f8109c6b496ab3a5d63ed409cf55 - - default default] 162.253.55.62,10.0.0.208 "GET /v2.0/security-group-rules/778dfad0-5c87-4427-9e13-f1e9673b70a4 HTTP/1.1" status: 200 len: 744 time: 0.0222363
2026-04-14 06:46:43.201 10 INFO neutron.wsgi [None req-29934bc7-e1d9-49d6-a1a6-ece6f2dd5a35 8e48e3dbd812419ca5004eea22056236 bed3f8109c6b496ab3a5d63ed409cf55 - - default default] 162.253.55.62,10.0.0.208 "GET /v2.0/security-groups/7e0dfaed-0edb-41d2-98df-2cbea271716d?project_id=20c6709344df44d28735d48523711bad HTTP/1.1" status: 200 len: 4059 time: 0.0786676
2026-04-14 06:46:43.248 10 INFO neutron.wsgi [None req-84a52e17-9a5f-42b4-bce6-7b165d3b6c00 8e48e3dbd812419ca5004eea22056236 bed3f8109c6b496ab3a5d63ed409cf55 - - default default] 162.253.55.62,10.0.0.208 "GET /v2.0/security-groups/7e0dfaed-0edb-41d2-98df-2cbea271716d HTTP/1.1" status: 200 len: 4059 time: 0.0385282
2026-04-14 06:46:43.269 10 INFO neutron.wsgi [None req-dde785c1-413b-4265-953c-167ce6d4252c 8e48e3dbd812419ca5004eea22056236 bed3f8109c6b496ab3a5d63ed409cf55 - - default default] 162.253.55.62,10.0.0.208 "GET /v2.0/security-group-rules/33803f63-0555-44ba-86c8-0ffffc7e410c HTTP/1.1" status: 200 len: 745 time: 0.0158331
2026-04-14 06:46:50.372 10 INFO neutron.wsgi [None req-b0f5d510-8406-42e7-b145-8888a170cfd4 8e48e3dbd812419ca5004eea22056236 bed3f8109c6b496ab3a5d63ed409cf55 - - default default] 162.253.55.62,10.0.0.208 "GET /v2.0/quotas/20c6709344df44d28735d48523711bad HTTP/1.1" status: 200 len: 361 time: 0.0133507
2026-04-14 06:46:51.365 10 INFO neutron.wsgi [-] 10.0.0.208 "GET / HTTP/1.1" status: 200 len: 247 time: 0.0030615
2026-04-14 06:46:51.366 9 INFO neutron.wsgi [-] 10.0.0.208 "GET / HTTP/1.1" status: 200 len: 247 time: 0.0043209
2026-04-14 06:46:54.213 9 INFO neutron.wsgi [None req-678e68c5-800d-457f-af4f-26b70448d106 8e48e3dbd812419ca5004eea22056236 bed3f8109c6b496ab3a5d63ed409cf55 - - default default] 10.0.0.126 "GET /v2.0/ports HTTP/1.1" status: 200 len: 5347 time: 0.1071320
2026-04-14 06:46:54.229 9 INFO neutron.wsgi [None req-8654f725-d12f-4545-a3a1-615246dae97f 8e48e3dbd812419ca5004eea22056236 bed3f8109c6b496ab3a5d63ed409cf55 - - default default] 10.0.0.126 "GET /v2.0/network-ip-availabilities HTTP/1.1" status: 200 len: 1280 time: 0.0140240
2026-04-14 06:46:54.304 9 INFO neutron.wsgi [None req-e9503866-9236-4348-94af-f8c67fd7c8e2 8e48e3dbd812419ca5004eea22056236 bed3f8109c6b496ab3a5d63ed409cf55 - - default default] 10.0.0.126 "GET /v2.0/security-groups HTTP/1.1" status: 200 len: 16799 time: 0.0742760
2026-04-14 06:46:54.344 9 INFO neutron.wsgi [None req-aba2a10b-c4bc-429f-9b89-0890361d3131 8e48e3dbd812419ca5004eea22056236 bed3f8109c6b496ab3a5d63ed409cf55 - - default default] 10.0.0.126 "GET /v2.0/subnets HTTP/1.1" status: 200 len: 1437 time: 0.0347743
2026-04-14 06:46:54.360 9 INFO neutron.wsgi [None req-0b3045d5-0b6b-42da-9a0d-907cd835f890 8e48e3dbd812419ca5004eea22056236 bed3f8109c6b496ab3a5d63ed409cf55 - - default default] 10.0.0.126 "GET /v2.0/subnetpools HTTP/1.1" status: 200 len: 193 time: 0.0140238
2026-04-14 06:46:54.385 9 INFO neutron.wsgi [None req-dc39c5b2-157f-447c-887c-0350bc26e143 8e48e3dbd812419ca5004eea22056236 bed3f8109c6b496ab3a5d63ed409cf55 - - default default] 10.0.0.126 "GET /v2.0/floatingips HTTP/1.1" status: 200 len: 193 time: 0.0238307
2026-04-14 06:46:54.465 9 INFO neutron.wsgi [None req-452f149d-3bdb-4f30-84ce-82b5a9763862 8e48e3dbd812419ca5004eea22056236 bed3f8109c6b496ab3a5d63ed409cf55 - - default default] 10.0.0.126 "GET /v2.0/networks HTTP/1.1" status: 200 len: 2350 time: 0.0792115
2026-04-14 06:46:54.510 9 INFO neutron.wsgi [None req-893b1e41-105a-4e6c-87bf-6d01f6cc44b2 8e48e3dbd812419ca5004eea22056236 bed3f8109c6b496ab3a5d63ed409cf55 - - default default] 10.0.0.126 "GET /v2.0/subnets HTTP/1.1" status: 200 len: 1437 time: 0.0407529
2026-04-14 06:46:54.552 9 INFO neutron.wsgi [None req-29d508c2-a476-4fae-abc0-8964ba70a7fe 8e48e3dbd812419ca5004eea22056236 bed3f8109c6b496ab3a5d63ed409cf55 - - default default] 10.0.0.126 "GET /v2.0/agents HTTP/1.1" status: 200 len: 997 time: 0.0412593
2026-04-14 06:46:54.583 9 INFO neutron.wsgi [None req-5522b4f4-a852-4899-8e70-104176b174d2 8e48e3dbd812419ca5004eea22056236 bed3f8109c6b496ab3a5d63ed409cf55 - - default default] 10.0.0.126 "GET /v2.0/routers HTTP/1.1" status: 200 len: 189 time: 0.0295987
2026-04-14 06:46:54.599 9 INFO neutron.wsgi [None req-19f7f533-5051-4cd0-82f1-060a693e25fd 8e48e3dbd812419ca5004eea22056236 bed3f8109c6b496ab3a5d63ed409cf55 - - default default] 10.0.0.126 "GET /v2.0/agents?binary=ovn-controller HTTP/1.1" status: 200 len: 591 time: 0.0153823
2026-04-14 06:47:06.363 10 INFO neutron.wsgi [-] 10.0.0.208 "GET / HTTP/1.1" status: 200 len: 247 time: 0.0022864
2026-04-14 06:47:06.364 9 INFO neutron.wsgi [-] 10.0.0.208 "GET / HTTP/1.1" status: 200 len: 247 time: 0.0032411
2026-04-14 06:47:21.364 9 INFO neutron.wsgi [-] 10.0.0.208 "GET / HTTP/1.1" status: 200 len: 247 time: 0.0029302
2026-04-14 06:47:21.368 9 INFO neutron.wsgi [-] 10.0.0.208 "GET / HTTP/1.1" status: 200 len: 247 time: 0.0035241
2026-04-14 06:47:36.363 10 INFO neutron.wsgi [-] 10.0.0.208 "GET / HTTP/1.1" status: 200 len: 247 time: 0.0024571
2026-04-14 06:47:36.363 9 INFO neutron.wsgi [-] 10.0.0.208 "GET / HTTP/1.1" status: 200 len: 247 time: 0.0027597
2026-04-14 06:47:39.393 10 INFO neutron.wsgi [None req-faf10e40-4676-45c3-a8d1-fd3e55367ceb 8e48e3dbd812419ca5004eea22056236 bed3f8109c6b496ab3a5d63ed409cf55 - - default default] 162.253.55.62,10.0.0.208 "GET /v2.0/networks?name=public HTTP/1.1" status: 200 len: 928 time: 0.1205091
2026-04-14 06:47:51.363 10 INFO neutron.wsgi [-] 10.0.0.208 "GET / HTTP/1.1" status: 200 len: 247 time: 0.0019934
2026-04-14 06:47:51.364 9 INFO neutron.wsgi [-] 10.0.0.208 "GET / HTTP/1.1" status: 200 len: 247 time: 0.0024714
2026-04-14 06:47:54.403 9 INFO neutron.wsgi [None req-386fb525-ffd2-4277-9c13-9b2858f2cae9 8e48e3dbd812419ca5004eea22056236 bed3f8109c6b496ab3a5d63ed409cf55 - - default default] 10.0.0.126 "GET /v2.0/security-groups HTTP/1.1" status: 200 len: 16799 time: 0.1303582
2026-04-14 06:47:54.443 9 INFO neutron.wsgi [None req-c189536b-5e8d-44b4-96a5-b67da8b454a2 8e48e3dbd812419ca5004eea22056236 bed3f8109c6b496ab3a5d63ed409cf55 - - default default] 10.0.0.126 "GET /v2.0/floatingips HTTP/1.1" status: 200 len: 193 time: 0.0313301
2026-04-14 06:47:54.514 9 INFO neutron.wsgi [None req-1d632a76-b763-4f84-9f6f-76fc89fa4e10 8e48e3dbd812419ca5004eea22056236 bed3f8109c6b496ab3a5d63ed409cf55 - - default default] 10.0.0.126 "GET /v2.0/subnets HTTP/1.1" status: 200 len: 1437 time: 0.0700612
2026-04-14 06:47:54.533 9 INFO neutron.wsgi [None req-af0280e2-ee2e-4b69-905b-f7a3b2514e0d 8e48e3dbd812419ca5004eea22056236 bed3f8109c6b496ab3a5d63ed409cf55 - - default default] 10.0.0.126 "GET /v2.0/subnetpools HTTP/1.1" status: 200 len: 193 time: 0.0135560
2026-04-14 06:47:54.578 9 INFO neutron.wsgi [None req-90e7051d-33aa-44a4-88ba-66ce89a270bf 8e48e3dbd812419ca5004eea22056236 bed3f8109c6b496ab3a5d63ed409cf55 - - default default] 10.0.0.126 "GET /v2.0/subnets HTTP/1.1" status: 200 len: 1437 time: 0.0445635
2026-04-14 06:47:54.636 9 INFO neutron.wsgi [None req-772ac329-456d-465e-8320-35ba9dcfd14d 8e48e3dbd812419ca5004eea22056236 bed3f8109c6b496ab3a5d63ed409cf55 - - default default] 10.0.0.126 "GET /v2.0/ports HTTP/1.1" status: 200 len: 5347 time: 0.0568082
2026-04-14 06:47:54.665 9 INFO neutron.wsgi [None req-4877ebd4-677b-48a9-b227-25a6ffa773df 8e48e3dbd812419ca5004eea22056236 bed3f8109c6b496ab3a5d63ed409cf55 - - default default] 10.0.0.126 "GET /v2.0/routers HTTP/1.1" status: 200 len: 189 time: 0.0256944
2026-04-14 06:47:54.705 9 INFO neutron.wsgi [None req-a34fa4fa-8a62-4297-8786-e6f69eb3981c 8e48e3dbd812419ca5004eea22056236 bed3f8109c6b496ab3a5d63ed409cf55 - - default default] 10.0.0.126 "GET /v2.0/agents?binary=ovn-controller HTTP/1.1" status: 200 len: 591 time: 0.0397151
2026-04-14 06:47:54.719 9 INFO neutron.wsgi [None req-b8e04bee-96c7-4f54-b160-0a24139c8f16 8e48e3dbd812419ca5004eea22056236 bed3f8109c6b496ab3a5d63ed409cf55 - - default default] 10.0.0.126 "GET /v2.0/agents HTTP/1.1" status: 200 len: 997 time: 0.0131834
2026-04-14 06:47:54.733 9 INFO neutron.wsgi [None req-9d972ded-3d0d-47b4-a7ff-4d55ae198749 8e48e3dbd812419ca5004eea22056236 bed3f8109c6b496ab3a5d63ed409cf55 - - default default] 10.0.0.126 "GET /v2.0/network-ip-availabilities HTTP/1.1" status: 200 len: 1280 time: 0.0123701
2026-04-14 06:47:54.792 9 INFO neutron.wsgi [None req-6a171047-a9df-4331-8021-358ea5a53511 8e48e3dbd812419ca5004eea22056236 bed3f8109c6b496ab3a5d63ed409cf55 - - default default] 10.0.0.126 "GET /v2.0/networks HTTP/1.1" status: 200 len: 2350 time: 0.0582688
2026-04-14 06:48:06.363 10 INFO neutron.wsgi [-] 10.0.0.208 "GET / HTTP/1.1" status: 200 len: 247 time: 0.0025563
2026-04-14 06:48:06.363 9 INFO neutron.wsgi [-] 10.0.0.208 "GET / HTTP/1.1" status: 200 len: 247 time: 0.0025284
2026-04-14 06:48:17.838 9 INFO neutron.wsgi [None req-4d9c6163-6c98-424e-a390-57b9509fad54 8e48e3dbd812419ca5004eea22056236 bed3f8109c6b496ab3a5d63ed409cf55 - - default default] 10.0.0.159 "GET /v2.0/networks HTTP/1.1" status: 200 len: 2369 time: 0.2254202 /var/lib/openstack/lib/python3.10/site-packages/pycadf/identifier.py:71: UserWarning: Invalid uuid: neutron. To ensure interoperability, identifiers should be a valid uuid. warnings.warn(('Invalid uuid: %s. To ensure interoperability, '
2026-04-14 06:48:19.048 10 INFO neutron.wsgi [None req-7009a9cd-ba0b-4d08-ba30-3fb152870b16 8e48e3dbd812419ca5004eea22056236 bed3f8109c6b496ab3a5d63ed409cf55 - - default default] 10.0.0.159 "GET /v2.0/floatingips HTTP/1.1" status: 200 len: 212 time: 0.0379453
2026-04-14 06:48:19.089 10 INFO neutron.wsgi [None req-2740929c-9aa3-4e93-a0d0-8b3e95d536f8 8e48e3dbd812419ca5004eea22056236 bed3f8109c6b496ab3a5d63ed409cf55 - - default default] 10.0.0.159 "GET /v2.0/routers HTTP/1.1" status: 200 len: 208 time: 0.0351965
2026-04-14 06:48:19.144 10 INFO neutron.wsgi [None req-eb8bd05c-eee1-4f8e-9ff5-dad65a8ab76d 8e48e3dbd812419ca5004eea22056236 bed3f8109c6b496ab3a5d63ed409cf55 - - default default] 10.0.0.159 "GET /v2.0/ports HTTP/1.1" status: 200 len: 5366 time: 0.0502176
2026-04-14 06:48:19.190 10 INFO neutron.wsgi [None req-a30f1458-5991-44ac-ba5d-77d0aff2f331 8e48e3dbd812419ca5004eea22056236 bed3f8109c6b496ab3a5d63ed409cf55 - - default default] 10.0.0.159 "GET /v2.0/subnets HTTP/1.1" status: 200 len: 1456 time: 0.0415704
2026-04-14 06:48:19.278 10 INFO neutron.wsgi [None req-e1e04833-d86e-40dc-9125-0b85f6098b77 8e48e3dbd812419ca5004eea22056236 bed3f8109c6b496ab3a5d63ed409cf55 - - default default] 10.0.0.159 "GET /v2.0/networks HTTP/1.1" status: 200 len: 2369 time: 0.0830734
2026-04-14 06:48:19.328 10 INFO neutron.wsgi [None req-546e605e-e6d6-416f-9080-66ce0cf8a913 8e48e3dbd812419ca5004eea22056236 bed3f8109c6b496ab3a5d63ed409cf55 - - default default] 10.0.0.159 "GET /v2.0/security-groups HTTP/1.1" status: 200 len: 16818 time: 0.0454066
2026-04-14 06:48:19.345 10 INFO neutron.wsgi [None req-56e9b5d3-3b32-483d-bf55-8131a2955273 8e48e3dbd812419ca5004eea22056236 bed3f8109c6b496ab3a5d63ed409cf55 - - default default] 10.0.0.159 "GET /v2.0/subnetpools HTTP/1.1" status: 200 len: 212 time: 0.0115166
2026-04-14 06:48:21.363 10 INFO neutron.wsgi [-] 10.0.0.208 "GET / HTTP/1.1" status: 200 len: 247 time: 0.0025103
2026-04-14 06:48:21.363 9 INFO neutron.wsgi [-] 10.0.0.208 "GET / HTTP/1.1" status: 200 len: 247 time: 0.0024848
2026-04-14 06:48:30.510 9 INFO neutron.db.ovn_revision_numbers_db [None req-69ce1ae6-9256-4588-810a-9bf92c6d402c 8e48e3dbd812419ca5004eea22056236 bed3f8109c6b496ab3a5d63ed409cf55 - - default default] Successfully bumped revision number for resource 07a01bef-8fee-4470-adb2-21f78090bb36 (type: security_groups) to 1
2026-04-14 06:48:30.524 10 INFO neutron.db.ovn_revision_numbers_db [None req-97b944e5-5c31-4cd1-94ea-bf81dcd98c4b 8e48e3dbd812419ca5004eea22056236 bed3f8109c6b496ab3a5d63ed409cf55 - - default default] Successfully bumped revision number for resource 5d05268e-ceb6-4925-833e-545f4096be26 (type: security_groups) to 1
2026-04-14 06:48:30.525 10 INFO neutron.db.ovn_revision_numbers_db [None req-6efcfcd0-1759-480d-8f83-dd84c17bf281 8e48e3dbd812419ca5004eea22056236 bed3f8109c6b496ab3a5d63ed409cf55 - - default default] Successfully bumped revision number for resource 5312fa70-3428-46e3-9b99-045dc8e59abb (type: security_groups) to 1
2026-04-14 06:48:30.527 9 INFO neutron.db.ovn_revision_numbers_db [None req-69ce1ae6-9256-4588-810a-9bf92c6d402c 8e48e3dbd812419ca5004eea22056236 bed3f8109c6b496ab3a5d63ed409cf55 - - default default] Successfully bumped revision number for resource 3687567d-a7a5-4d08-9ac3-73876d7dc67e (type: security_group_rules) to 0
2026-04-14 06:48:30.540 10 INFO neutron.db.ovn_revision_numbers_db [None req-97b944e5-5c31-4cd1-94ea-bf81dcd98c4b 8e48e3dbd812419ca5004eea22056236 bed3f8109c6b496ab3a5d63ed409cf55 - - default default] Successfully bumped revision number for resource 269bbdc5-b46b-41e7-a36b-504bc1ab1f24 (type: security_group_rules) to 0
2026-04-14 06:48:30.542 10 INFO neutron.db.ovn_revision_numbers_db [None req-6efcfcd0-1759-480d-8f83-dd84c17bf281 8e48e3dbd812419ca5004eea22056236 bed3f8109c6b496ab3a5d63ed409cf55 - - default default] Successfully bumped revision number for resource 3e34e5be-ac0d-4691-9c91-3cd06457e36d (type: security_group_rules) to 0
2026-04-14 06:48:30.545 9 INFO neutron.db.ovn_revision_numbers_db [None req-69ce1ae6-9256-4588-810a-9bf92c6d402c 8e48e3dbd812419ca5004eea22056236 bed3f8109c6b496ab3a5d63ed409cf55 - - default default] Successfully bumped revision number for resource 70ff7414-2cea-40f3-bb0e-3edd59dd4d6a (type: security_group_rules) to 0
2026-04-14 06:48:30.556 10 INFO neutron.db.ovn_revision_numbers_db [None req-97b944e5-5c31-4cd1-94ea-bf81dcd98c4b 8e48e3dbd812419ca5004eea22056236 bed3f8109c6b496ab3a5d63ed409cf55 - - default default] Successfully bumped revision number for resource 2f9282a3-abf3-4553-a5ec-abdea9feaa26 (type: security_group_rules) to 0
2026-04-14 06:48:30.558 10 INFO neutron.db.ovn_revision_numbers_db [None req-6efcfcd0-1759-480d-8f83-dd84c17bf281 8e48e3dbd812419ca5004eea22056236 bed3f8109c6b496ab3a5d63ed409cf55 - - default default] Successfully bumped revision number for resource 49c9f566-1ac8-4b8d-8201-53e16c16d90d (type: security_group_rules) to 0
2026-04-14 06:48:30.562 9 INFO neutron.db.ovn_revision_numbers_db [None req-69ce1ae6-9256-4588-810a-9bf92c6d402c 8e48e3dbd812419ca5004eea22056236 bed3f8109c6b496ab3a5d63ed409cf55 - - default default] Successfully bumped revision number for resource 7f5cddae-03e8-463a-b5f8-0c8bfafee0e1 (type: security_group_rules) to 0
2026-04-14 06:48:30.572 10 INFO neutron.db.ovn_revision_numbers_db [None req-97b944e5-5c31-4cd1-94ea-bf81dcd98c4b 8e48e3dbd812419ca5004eea22056236 bed3f8109c6b496ab3a5d63ed409cf55 - - default default] Successfully bumped revision number for resource 5106875d-506d-4823-81eb-65cdee9c369b (type: security_group_rules) to 0
2026-04-14 06:48:30.575 10 INFO neutron.db.ovn_revision_numbers_db [None req-6efcfcd0-1759-480d-8f83-dd84c17bf281 8e48e3dbd812419ca5004eea22056236 bed3f8109c6b496ab3a5d63ed409cf55 - - default default] Successfully bumped revision number for resource 4de2cda7-5bb6-4153-82e2-7846d52f0ae8 (type: security_group_rules) to 0
