2026-04-14 06:48:54.314 7 INFO cinder.api.openstack.wsgi [None req-5d0a9343-be83-4599-95df-c6de50ddacab 8e48e3dbd812419ca5004eea22056236 bed3f8109c6b496ab3a5d63ed409cf55 - - default default] http://cinder-api.openstack.svc.cluster.local:8776/v3/bed3f8109c6b496ab3a5d63ed409cf55/snapshots?all_tenants=true returned with HTTP 200 [pid: 7|app: 0|req: 334/669] 10.0.0.126 () {28 vars in 674 bytes} [Tue Apr 14 06:48:54 2026] GET /v3/bed3f8109c6b496ab3a5d63ed409cf55/snapshots?all_tenants=true => generated 17 bytes in 17 msecs (HTTP/1.1 200) 7 headers in 284 bytes (1 switches on core 0) /var/lib/openstack/lib/python3.10/site-packages/pycadf/identifier.py:71: UserWarning: Invalid uuid: cinderv3. To ensure interoperability, identifiers should be a valid uuid. warnings.warn(('Invalid uuid: %s. To ensure interoperability, '
2026-04-14 06:48:54.326 8 INFO cinder.api.openstack.wsgi [None req-59c778f5-cfdd-48eb-83a0-c6e71158064b 8e48e3dbd812419ca5004eea22056236 bed3f8109c6b496ab3a5d63ed409cf55 - - default default] GET http://cinder-api.openstack.svc.cluster.local:8776/v3/bed3f8109c6b496ab3a5d63ed409cf55/os-services
2026-04-14 06:48:54.332 8 INFO cinder.api.openstack.wsgi [None req-59c778f5-cfdd-48eb-83a0-c6e71158064b 8e48e3dbd812419ca5004eea22056236 bed3f8109c6b496ab3a5d63ed409cf55 - - default default] http://cinder-api.openstack.svc.cluster.local:8776/v3/bed3f8109c6b496ab3a5d63ed409cf55/os-services returned with HTTP 200 [pid: 8|app: 0|req: 336/670] 10.0.0.126 () {28 vars in 645 bytes} [Tue Apr 14 06:48:54 2026] GET /v3/bed3f8109c6b496ab3a5d63ed409cf55/os-services => generated 646 bytes in 13 msecs (HTTP/1.1 200) 7 headers in 285 bytes (1 switches on core 0)
2026-04-14 06:48:54.350 7 INFO cinder.api.openstack.wsgi [None req-b38ccee2-562e-4f27-9167-170621f16821 8e48e3dbd812419ca5004eea22056236 bed3f8109c6b496ab3a5d63ed409cf55 - - default default] GET http://cinder-api.openstack.svc.cluster.local:8776/v3/bed3f8109c6b496ab3a5d63ed409cf55/scheduler-stats/get_pools?detail=true
2026-04-14 06:48:54.363 7 INFO cinder.api.openstack.wsgi [None req-b38ccee2-562e-4f27-9167-170621f16821 8e48e3dbd812419ca5004eea22056236 bed3f8109c6b496ab3a5d63ed409cf55 - - default default] http://cinder-api.openstack.svc.cluster.local:8776/v3/bed3f8109c6b496ab3a5d63ed409cf55/scheduler-stats/get_pools?detail=true returned with HTTP 200 [pid: 7|app: 0|req: 335/671] 10.0.0.126 () {28 vars in 696 bytes} [Tue Apr 14 06:48:54 2026] GET /v3/bed3f8109c6b496ab3a5d63ed409cf55/scheduler-stats/get_pools?detail=true => generated 670 bytes in 28 msecs (HTTP/1.1 200) 7 headers in 285 bytes (1 switches on core 0)
2026-04-14 06:48:54.374 8 INFO cinder.api.openstack.wsgi [None req-a78365e9-d764-4818-b96d-d184e1a40bca 8e48e3dbd812419ca5004eea22056236 bed3f8109c6b496ab3a5d63ed409cf55 - - default default] GET http://cinder-api.openstack.svc.cluster.local:8776/v3/bed3f8109c6b496ab3a5d63ed409cf55/volumes/detail?all_tenants=true
2026-04-14 06:48:54.387 8 INFO cinder.volume.api [None req-a78365e9-d764-4818-b96d-d184e1a40bca 8e48e3dbd812419ca5004eea22056236 bed3f8109c6b496ab3a5d63ed409cf55 - - default default] Get all volumes completed successfully. /var/lib/openstack/lib/python3.10/site-packages/oslo_context/context.py:100: DeprecationWarning: Policy enforcement is depending on the value of is_admin. This key is deprecated. Please update your policy file to use the standard policy values. warnings.warn('Policy enforcement is depending on the value of '
2026-04-14 06:48:54.393 8 INFO cinder.api.openstack.wsgi [None req-a78365e9-d764-4818-b96d-d184e1a40bca 8e48e3dbd812419ca5004eea22056236 bed3f8109c6b496ab3a5d63ed409cf55 - - default default] http://cinder-api.openstack.svc.cluster.local:8776/v3/bed3f8109c6b496ab3a5d63ed409cf55/volumes/detail?all_tenants=true returned with HTTP 200 [pid: 8|app: 0|req: 337/672] 10.0.0.126 () {28 vars in 684 bytes} [Tue Apr 14 06:48:54 2026] GET /v3/bed3f8109c6b496ab3a5d63ed409cf55/volumes/detail?all_tenants=true => generated 1807 bytes in 24 msecs (HTTP/1.1 200) 7 headers in 286 bytes (1 switches on core 0)
2026-04-14 06:48:54.436 7 INFO cinder.api.openstack.wsgi [None req-2c2587db-68ae-42d2-8284-779bd766e84c 8e48e3dbd812419ca5004eea22056236 bed3f8109c6b496ab3a5d63ed409cf55 - - default default] GET http://cinder-api.openstack.svc.cluster.local:8776/v3/bed3f8109c6b496ab3a5d63ed409cf55/os-quota-sets/0025c6db2c1b4b06ab348056129882c8?usage=true
2026-04-14 06:48:54.486 7 INFO cinder.api.openstack.wsgi [None req-2c2587db-68ae-42d2-8284-779bd766e84c 8e48e3dbd812419ca5004eea22056236 bed3f8109c6b496ab3a5d63ed409cf55 - - default default] http://cinder-api.openstack.svc.cluster.local:8776/v3/bed3f8109c6b496ab3a5d63ed409cf55/os-quota-sets/0025c6db2c1b4b06ab348056129882c8?usage=true returned with HTTP 200 [pid: 7|app: 0|req: 336/673] 10.0.0.126 () {28 vars in 736 bytes} [Tue Apr 14 06:48:54 2026] GET /v3/bed3f8109c6b496ab3a5d63ed409cf55/os-quota-sets/0025c6db2c1b4b06ab348056129882c8?usage=true => generated 847 bytes in 59 msecs (HTTP/1.1 200) 7 headers in 285 bytes (1 switches on core 0) /var/lib/openstack/lib/python3.10/site-packages/pycadf/identifier.py:71: UserWarning: Invalid uuid: cinderv3. To ensure interoperability, identifiers should be a valid uuid. warnings.warn(('Invalid uuid: %s. To ensure interoperability, '
2026-04-14 06:48:54.500 8 INFO cinder.api.openstack.wsgi [None req-e8fee0be-ce90-4803-ab7c-6a9fadda92bf 8e48e3dbd812419ca5004eea22056236 bed3f8109c6b496ab3a5d63ed409cf55 - - default default] GET http://cinder-api.openstack.svc.cluster.local:8776/v3/bed3f8109c6b496ab3a5d63ed409cf55/os-quota-sets/20c6709344df44d28735d48523711bad?usage=true
2026-04-14 06:48:54.531 8 INFO cinder.api.openstack.wsgi [None req-e8fee0be-ce90-4803-ab7c-6a9fadda92bf 8e48e3dbd812419ca5004eea22056236 bed3f8109c6b496ab3a5d63ed409cf55 - - default default] http://cinder-api.openstack.svc.cluster.local:8776/v3/bed3f8109c6b496ab3a5d63ed409cf55/os-quota-sets/20c6709344df44d28735d48523711bad?usage=true returned with HTTP 200 [pid: 8|app: 0|req: 338/674] 10.0.0.126 () {28 vars in 736 bytes} [Tue Apr 14 06:48:54 2026] GET /v3/bed3f8109c6b496ab3a5d63ed409cf55/os-quota-sets/20c6709344df44d28735d48523711bad?usage=true => generated 845 bytes in 42 msecs (HTTP/1.1 200) 7 headers in 285 bytes (1 switches on core 0)
2026-04-14 06:48:54.545 7 INFO cinder.api.openstack.wsgi [None req-23344ff6-9d2c-4def-8fe2-8605fc54efb1 8e48e3dbd812419ca5004eea22056236 bed3f8109c6b496ab3a5d63ed409cf55 - - default default] GET http://cinder-api.openstack.svc.cluster.local:8776/v3/bed3f8109c6b496ab3a5d63ed409cf55/os-quota-sets/34704d6d0d1145379b8902c4df13d091?usage=true
2026-04-14 06:48:54.594 7 INFO cinder.api.openstack.wsgi [None req-23344ff6-9d2c-4def-8fe2-8605fc54efb1 8e48e3dbd812419ca5004eea22056236 bed3f8109c6b496ab3a5d63ed409cf55 - - default default] http://cinder-api.openstack.svc.cluster.local:8776/v3/bed3f8109c6b496ab3a5d63ed409cf55/os-quota-sets/34704d6d0d1145379b8902c4df13d091?usage=true returned with HTTP 200 [pid: 7|app: 0|req: 337/675] 10.0.0.126 () {28 vars in 736 bytes} [Tue Apr 14 06:48:54 2026] GET /v3/bed3f8109c6b496ab3a5d63ed409cf55/os-quota-sets/34704d6d0d1145379b8902c4df13d091?usage=true => generated 847 bytes in 58 msecs (HTTP/1.1 200) 7 headers in 285 bytes (1 switches on core 0)
2026-04-14 06:48:54.610 8 INFO cinder.api.openstack.wsgi [None req-b92f89bc-fd8a-40b5-a6da-6e29c1fe6d78 8e48e3dbd812419ca5004eea22056236 bed3f8109c6b496ab3a5d63ed409cf55 - - default default] GET http://cinder-api.openstack.svc.cluster.local:8776/v3/bed3f8109c6b496ab3a5d63ed409cf55/os-quota-sets/bed3f8109c6b496ab3a5d63ed409cf55?usage=true
2026-04-14 06:48:54.636 8 INFO cinder.api.openstack.wsgi [None req-b92f89bc-fd8a-40b5-a6da-6e29c1fe6d78 8e48e3dbd812419ca5004eea22056236 bed3f8109c6b496ab3a5d63ed409cf55 - - default default] http://cinder-api.openstack.svc.cluster.local:8776/v3/bed3f8109c6b496ab3a5d63ed409cf55/os-quota-sets/bed3f8109c6b496ab3a5d63ed409cf55?usage=true returned with HTTP 200 [pid: 8|app: 0|req: 339/676] 10.0.0.126 () {28 vars in 736 bytes} [Tue Apr 14 06:48:54 2026] GET /v3/bed3f8109c6b496ab3a5d63ed409cf55/os-quota-sets/bed3f8109c6b496ab3a5d63ed409cf55?usage=true => generated 845 bytes in 38 msecs (HTTP/1.1 200) 7 headers in 285 bytes (1 switches on core 0)
2026-04-14 06:48:54.649 7 INFO cinder.api.openstack.wsgi [None req-f09b12b0-867d-4295-930b-93c685347490 8e48e3dbd812419ca5004eea22056236 bed3f8109c6b496ab3a5d63ed409cf55 - - default default] GET http://cinder-api.openstack.svc.cluster.local:8776/v3/bed3f8109c6b496ab3a5d63ed409cf55/os-quota-sets/d5b69169f9a143eb8c8e97cca066c52c?usage=true
2026-04-14 06:48:54.684 7 INFO cinder.api.openstack.wsgi [None req-f09b12b0-867d-4295-930b-93c685347490 8e48e3dbd812419ca5004eea22056236 bed3f8109c6b496ab3a5d63ed409cf55 - - default default] http://cinder-api.openstack.svc.cluster.local:8776/v3/bed3f8109c6b496ab3a5d63ed409cf55/os-quota-sets/d5b69169f9a143eb8c8e97cca066c52c?usage=true returned with HTTP 200 [pid: 7|app: 0|req: 338/677] 10.0.0.126 () {28 vars in 736 bytes} [Tue Apr 14 06:48:54 2026] GET /v3/bed3f8109c6b496ab3a5d63ed409cf55/os-quota-sets/d5b69169f9a143eb8c8e97cca066c52c?usage=true => generated 847 bytes in 44 msecs (HTTP/1.1 200) 7 headers in 285 bytes (1 switches on core 0)
2026-04-14 06:48:54.699 8 INFO cinder.api.openstack.wsgi [None req-ffde65df-776a-4151-b576-8a254a73c02e 8e48e3dbd812419ca5004eea22056236 bed3f8109c6b496ab3a5d63ed409cf55 - - default default] GET http://cinder-api.openstack.svc.cluster.local:8776/v3/bed3f8109c6b496ab3a5d63ed409cf55/os-quota-sets/df63082258be439797f69a2a8b96bf98?usage=true
2026-04-14 06:48:54.729 8 INFO cinder.api.openstack.wsgi [None req-ffde65df-776a-4151-b576-8a254a73c02e 8e48e3dbd812419ca5004eea22056236 bed3f8109c6b496ab3a5d63ed409cf55 - - default default] http://cinder-api.openstack.svc.cluster.local:8776/v3/bed3f8109c6b496ab3a5d63ed409cf55/os-quota-sets/df63082258be439797f69a2a8b96bf98?usage=true returned with HTTP 200 [pid: 8|app: 0|req: 340/678] 10.0.0.126 () {28 vars in 736 bytes} [Tue Apr 14 06:48:54 2026] GET /v3/bed3f8109c6b496ab3a5d63ed409cf55/os-quota-sets/df63082258be439797f69a2a8b96bf98?usage=true => generated 847 bytes in 41 msecs (HTTP/1.1 200) 7 headers in 285 bytes (1 switches on core 0)
2026-04-14 06:48:54.742 7 INFO cinder.api.openstack.wsgi [None req-7dec330e-2ac9-4266-8cbe-1a84e397e9b2 8e48e3dbd812419ca5004eea22056236 bed3f8109c6b496ab3a5d63ed409cf55 - - default default] GET http://cinder-api.openstack.svc.cluster.local:8776/v3/bed3f8109c6b496ab3a5d63ed409cf55/os-quota-sets/fb69e347f32646b1b42ea661e99390d1?usage=true
2026-04-14 06:48:54.769 7 INFO cinder.api.openstack.wsgi [None req-7dec330e-2ac9-4266-8cbe-1a84e397e9b2 8e48e3dbd812419ca5004eea22056236 bed3f8109c6b496ab3a5d63ed409cf55 - - default default] http://cinder-api.openstack.svc.cluster.local:8776/v3/bed3f8109c6b496ab3a5d63ed409cf55/os-quota-sets/fb69e347f32646b1b42ea661e99390d1?usage=true returned with HTTP 200 [pid: 7|app: 0|req: 339/679] 10.0.0.126 () {28 vars in 736 bytes} [Tue Apr 14 06:48:54 2026] GET /v3/bed3f8109c6b496ab3a5d63ed409cf55/os-quota-sets/fb69e347f32646b1b42ea661e99390d1?usage=true => generated 847 bytes in 35 msecs (HTTP/1.1 200) 7 headers in 285 bytes (1 switches on core 0)
2026-04-14 06:48:57.568 7 INFO cinder.api.openstack.wsgi [None req-7dec330e-2ac9-4266-8cbe-1a84e397e9b2 8e48e3dbd812419ca5004eea22056236 bed3f8109c6b496ab3a5d63ed409cf55 - - default default] GET http://10.0.0.207:8776/
2026-04-14 06:48:57.568 8 INFO cinder.api.openstack.wsgi [None req-ffde65df-776a-4151-b576-8a254a73c02e 8e48e3dbd812419ca5004eea22056236 bed3f8109c6b496ab3a5d63ed409cf55 - - default default] GET http://10.0.0.207:8776/
2026-04-14 06:48:57.569 7 INFO cinder.api.openstack.wsgi [None req-7dec330e-2ac9-4266-8cbe-1a84e397e9b2 8e48e3dbd812419ca5004eea22056236 bed3f8109c6b496ab3a5d63ed409cf55 - - default default] http://10.0.0.207:8776/ returned with HTTP 300
2026-04-14 06:48:57.569 8 INFO cinder.api.openstack.wsgi [None req-ffde65df-776a-4151-b576-8a254a73c02e 8e48e3dbd812419ca5004eea22056236 bed3f8109c6b496ab3a5d63ed409cf55 - - default default] http://10.0.0.207:8776/ returned with HTTP 300
2026-04-14 06:49:01.661 7 INFO cinder.api.openstack.wsgi [req-738f1859-fbca-4892-b78f-d5e7198c084b req-0788053b-2dd1-418c-baf6-d3820dcb911e ed6c4b7860d447bca86737bd68cb38cd fb69e347f32646b1b42ea661e99390d1 - - default default] DELETE http://cinder-api.openstack.svc.cluster.local:8776/v3/fb69e347f32646b1b42ea661e99390d1/attachments/e617bd49-405a-4f5a-ab47-d691f1494783 /var/lib/openstack/lib/python3.10/site-packages/oslo_context/context.py:100: DeprecationWarning: Policy enforcement is depending on the value of is_admin. This key is deprecated. Please update your policy file to use the standard policy values. warnings.warn('Policy enforcement is depending on the value of '
2026-04-14 06:49:01.757 7 INFO cinder.api.openstack.wsgi [req-738f1859-fbca-4892-b78f-d5e7198c084b req-0788053b-2dd1-418c-baf6-d3820dcb911e ed6c4b7860d447bca86737bd68cb38cd fb69e347f32646b1b42ea661e99390d1 - - default default] http://cinder-api.openstack.svc.cluster.local:8776/v3/fb69e347f32646b1b42ea661e99390d1/attachments/e617bd49-405a-4f5a-ab47-d691f1494783 returned with HTTP 200 [pid: 7|app: 0|req: 341/682] 162.253.55.62 () {38 vars in 1102 bytes} [Tue Apr 14 06:49:01 2026] DELETE /v3/fb69e347f32646b1b42ea661e99390d1/attachments/e617bd49-405a-4f5a-ab47-d691f1494783 => generated 19 bytes in 101 msecs (HTTP/1.1 200) 7 headers in 285 bytes (1 switches on core 0)
2026-04-14 06:49:01.771 8 INFO cinder.api.openstack.wsgi [req-738f1859-fbca-4892-b78f-d5e7198c084b req-7c89adfb-0caf-400c-913d-a04a239c4272 ed6c4b7860d447bca86737bd68cb38cd fb69e347f32646b1b42ea661e99390d1 - - default default] DELETE http://cinder-api.openstack.svc.cluster.local:8776/v3/fb69e347f32646b1b42ea661e99390d1/volumes/1141aee5-bdb0-4db2-bddf-12e247d70d9b
2026-04-14 06:49:01.772 8 INFO cinder.api.v3.volumes [req-738f1859-fbca-4892-b78f-d5e7198c084b req-7c89adfb-0caf-400c-913d-a04a239c4272 ed6c4b7860d447bca86737bd68cb38cd fb69e347f32646b1b42ea661e99390d1 - - default default] Delete volume with id: 1141aee5-bdb0-4db2-bddf-12e247d70d9b  /var/lib/openstack/lib/python3.10/site-packages/oslo_context/context.py:100: DeprecationWarning: Policy enforcement is depending on the value of is_admin. This key is deprecated. Please update your policy file to use the standard policy values. warnings.warn('Policy enforcement is depending on the value of '
2026-04-14 06:49:01.790 8 INFO cinder.volume.api [req-738f1859-fbca-4892-b78f-d5e7198c084b req-7c89adfb-0caf-400c-913d-a04a239c4272 ed6c4b7860d447bca86737bd68cb38cd fb69e347f32646b1b42ea661e99390d1 - - default default] Volume info retrieved successfully.
2026-04-14 06:49:01.826 8 INFO cinder.volume.api [req-738f1859-fbca-4892-b78f-d5e7198c084b req-7c89adfb-0caf-400c-913d-a04a239c4272 ed6c4b7860d447bca86737bd68cb38cd fb69e347f32646b1b42ea661e99390d1 - - default default] Delete volume request issued successfully.
2026-04-14 06:49:01.827 8 INFO cinder.api.openstack.wsgi [req-738f1859-fbca-4892-b78f-d5e7198c084b req-7c89adfb-0caf-400c-913d-a04a239c4272 ed6c4b7860d447bca86737bd68cb38cd fb69e347f32646b1b42ea661e99390d1 - - default default] http://cinder-api.openstack.svc.cluster.local:8776/v3/fb69e347f32646b1b42ea661e99390d1/volumes/1141aee5-bdb0-4db2-bddf-12e247d70d9b returned with HTTP 202 [pid: 8|app: 0|req: 342/683] 162.253.55.62 () {36 vars in 1053 bytes} [Tue Apr 14 06:49:01 2026] DELETE /v3/fb69e347f32646b1b42ea661e99390d1/volumes/1141aee5-bdb0-4db2-bddf-12e247d70d9b => generated 0 bytes in 63 msecs (HTTP/1.1 202) 6 headers in 233 bytes (1 switches on core 0)
2026-04-14 06:49:07.568 7 INFO cinder.api.openstack.wsgi [req-738f1859-fbca-4892-b78f-d5e7198c084b req-0788053b-2dd1-418c-baf6-d3820dcb911e ed6c4b7860d447bca86737bd68cb38cd fb69e347f32646b1b42ea661e99390d1 - - default default] GET http://10.0.0.207:8776/
2026-04-14 06:49:07.568 8 INFO cinder.api.openstack.wsgi [req-738f1859-fbca-4892-b78f-d5e7198c084b req-7c89adfb-0caf-400c-913d-a04a239c4272 ed6c4b7860d447bca86737bd68cb38cd fb69e347f32646b1b42ea661e99390d1 - - default default] GET http://10.0.0.207:8776/
2026-04-14 06:49:07.569 7 INFO cinder.api.openstack.wsgi [req-738f1859-fbca-4892-b78f-d5e7198c084b req-0788053b-2dd1-418c-baf6-d3820dcb911e ed6c4b7860d447bca86737bd68cb38cd fb69e347f32646b1b42ea661e99390d1 - - default default] http://10.0.0.207:8776/ returned with HTTP 300
2026-04-14 06:49:07.569 8 INFO cinder.api.openstack.wsgi [req-738f1859-fbca-4892-b78f-d5e7198c084b req-7c89adfb-0caf-400c-913d-a04a239c4272 ed6c4b7860d447bca86737bd68cb38cd fb69e347f32646b1b42ea661e99390d1 - - default default] http://10.0.0.207:8776/ returned with HTTP 300
2026-04-14 06:49:17.568 8 INFO cinder.api.openstack.wsgi [req-738f1859-fbca-4892-b78f-d5e7198c084b req-7c89adfb-0caf-400c-913d-a04a239c4272 ed6c4b7860d447bca86737bd68cb38cd fb69e347f32646b1b42ea661e99390d1 - - default default] GET http://10.0.0.207:8776/
2026-04-14 06:49:17.569 8 INFO cinder.api.openstack.wsgi [req-738f1859-fbca-4892-b78f-d5e7198c084b req-7c89adfb-0caf-400c-913d-a04a239c4272 ed6c4b7860d447bca86737bd68cb38cd fb69e347f32646b1b42ea661e99390d1 - - default default] http://10.0.0.207:8776/ returned with HTTP 300
2026-04-14 06:49:17.568 7 INFO cinder.api.openstack.wsgi [req-738f1859-fbca-4892-b78f-d5e7198c084b req-0788053b-2dd1-418c-baf6-d3820dcb911e ed6c4b7860d447bca86737bd68cb38cd fb69e347f32646b1b42ea661e99390d1 - - default default] GET http://10.0.0.207:8776/
2026-04-14 06:49:17.571 7 INFO cinder.api.openstack.wsgi [req-738f1859-fbca-4892-b78f-d5e7198c084b req-0788053b-2dd1-418c-baf6-d3820dcb911e ed6c4b7860d447bca86737bd68cb38cd fb69e347f32646b1b42ea661e99390d1 - - default default] http://10.0.0.207:8776/ returned with HTTP 300
2026-04-14 06:49:27.568 8 INFO cinder.api.openstack.wsgi [req-738f1859-fbca-4892-b78f-d5e7198c084b req-7c89adfb-0caf-400c-913d-a04a239c4272 ed6c4b7860d447bca86737bd68cb38cd fb69e347f32646b1b42ea661e99390d1 - - default default] GET http://10.0.0.207:8776/
2026-04-14 06:49:27.568 7 INFO cinder.api.openstack.wsgi [req-738f1859-fbca-4892-b78f-d5e7198c084b req-0788053b-2dd1-418c-baf6-d3820dcb911e ed6c4b7860d447bca86737bd68cb38cd fb69e347f32646b1b42ea661e99390d1 - - default default] GET http://10.0.0.207:8776/
2026-04-14 06:49:27.569 8 INFO cinder.api.openstack.wsgi [req-738f1859-fbca-4892-b78f-d5e7198c084b req-7c89adfb-0caf-400c-913d-a04a239c4272 ed6c4b7860d447bca86737bd68cb38cd fb69e347f32646b1b42ea661e99390d1 - - default default] http://10.0.0.207:8776/ returned with HTTP 300
2026-04-14 06:49:27.569 7 INFO cinder.api.openstack.wsgi [req-738f1859-fbca-4892-b78f-d5e7198c084b req-0788053b-2dd1-418c-baf6-d3820dcb911e ed6c4b7860d447bca86737bd68cb38cd fb69e347f32646b1b42ea661e99390d1 - - default default] http://10.0.0.207:8776/ returned with HTTP 300
2026-04-14 06:49:37.568 8 INFO cinder.api.openstack.wsgi [req-738f1859-fbca-4892-b78f-d5e7198c084b req-7c89adfb-0caf-400c-913d-a04a239c4272 ed6c4b7860d447bca86737bd68cb38cd fb69e347f32646b1b42ea661e99390d1 - - default default] GET http://10.0.0.207:8776/
2026-04-14 06:49:37.568 7 INFO cinder.api.openstack.wsgi [req-738f1859-fbca-4892-b78f-d5e7198c084b req-0788053b-2dd1-418c-baf6-d3820dcb911e ed6c4b7860d447bca86737bd68cb38cd fb69e347f32646b1b42ea661e99390d1 - - default default] GET http://10.0.0.207:8776/
2026-04-14 06:49:37.569 8 INFO cinder.api.openstack.wsgi [req-738f1859-fbca-4892-b78f-d5e7198c084b req-7c89adfb-0caf-400c-913d-a04a239c4272 ed6c4b7860d447bca86737bd68cb38cd fb69e347f32646b1b42ea661e99390d1 - - default default] http://10.0.0.207:8776/ returned with HTTP 300
2026-04-14 06:49:37.569 7 INFO cinder.api.openstack.wsgi [req-738f1859-fbca-4892-b78f-d5e7198c084b req-0788053b-2dd1-418c-baf6-d3820dcb911e ed6c4b7860d447bca86737bd68cb38cd fb69e347f32646b1b42ea661e99390d1 - - default default] http://10.0.0.207:8776/ returned with HTTP 300
2026-04-14 06:49:47.568 7 INFO cinder.api.openstack.wsgi [req-738f1859-fbca-4892-b78f-d5e7198c084b req-0788053b-2dd1-418c-baf6-d3820dcb911e ed6c4b7860d447bca86737bd68cb38cd fb69e347f32646b1b42ea661e99390d1 - - default default] GET http://10.0.0.207:8776/
2026-04-14 06:49:47.569 8 INFO cinder.api.openstack.wsgi [req-738f1859-fbca-4892-b78f-d5e7198c084b req-7c89adfb-0caf-400c-913d-a04a239c4272 ed6c4b7860d447bca86737bd68cb38cd fb69e347f32646b1b42ea661e99390d1 - - default default] GET http://10.0.0.207:8776/
2026-04-14 06:49:47.569 7 INFO cinder.api.openstack.wsgi [req-738f1859-fbca-4892-b78f-d5e7198c084b req-0788053b-2dd1-418c-baf6-d3820dcb911e ed6c4b7860d447bca86737bd68cb38cd fb69e347f32646b1b42ea661e99390d1 - - default default] http://10.0.0.207:8776/ returned with HTTP 300
2026-04-14 06:49:47.571 8 INFO cinder.api.openstack.wsgi [req-738f1859-fbca-4892-b78f-d5e7198c084b req-7c89adfb-0caf-400c-913d-a04a239c4272 ed6c4b7860d447bca86737bd68cb38cd fb69e347f32646b1b42ea661e99390d1 - - default default] http://10.0.0.207:8776/ returned with HTTP 300 /var/lib/openstack/lib/python3.10/site-packages/pycadf/identifier.py:71: UserWarning: Invalid uuid: cinderv3. To ensure interoperability, identifiers should be a valid uuid. warnings.warn(('Invalid uuid: %s. To ensure interoperability, '
2026-04-14 06:49:54.417 7 INFO cinder.api.openstack.wsgi [None req-7149592e-02f7-4976-877c-593eff355411 8e48e3dbd812419ca5004eea22056236 bed3f8109c6b496ab3a5d63ed409cf55 - - default default] GET http://cinder-api.openstack.svc.cluster.local:8776/v3/bed3f8109c6b496ab3a5d63ed409cf55/os-services /var/lib/openstack/lib/python3.10/site-packages/oslo_context/context.py:100: DeprecationWarning: Policy enforcement is depending on the value of is_admin. This key is deprecated. Please update your policy file to use the standard policy values. warnings.warn('Policy enforcement is depending on the value of '
2026-04-14 06:49:54.423 7 INFO cinder.api.openstack.wsgi [None req-7149592e-02f7-4976-877c-593eff355411 8e48e3dbd812419ca5004eea22056236 bed3f8109c6b496ab3a5d63ed409cf55 - - default default] http://cinder-api.openstack.svc.cluster.local:8776/v3/bed3f8109c6b496ab3a5d63ed409cf55/os-services returned with HTTP 200 [pid: 7|app: 0|req: 347/694] 10.0.0.126 () {28 vars in 645 bytes} [Tue Apr 14 06:49:54 2026] GET /v3/bed3f8109c6b496ab3a5d63ed409cf55/os-services => generated 646 bytes in 150 msecs (HTTP/1.1 200) 7 headers in 285 bytes (1 switches on core 0) /var/lib/openstack/lib/python3.10/site-packages/pycadf/identifier.py:71: UserWarning: Invalid uuid: cinderv3. To ensure interoperability, identifiers should be a valid uuid. warnings.warn(('Invalid uuid: %s. To ensure interoperability, '
2026-04-14 06:49:54.463 8 INFO cinder.api.openstack.wsgi [None req-fb3960b0-3281-43f1-957f-383190b35c09 8e48e3dbd812419ca5004eea22056236 bed3f8109c6b496ab3a5d63ed409cf55 - - default default] GET http://cinder-api.openstack.svc.cluster.local:8776/v3/bed3f8109c6b496ab3a5d63ed409cf55/os-quota-sets/20c6709344df44d28735d48523711bad?usage=true
2026-04-14 06:49:54.486 8 INFO cinder.api.openstack.wsgi [None req-fb3960b0-3281-43f1-957f-383190b35c09 8e48e3dbd812419ca5004eea22056236 bed3f8109c6b496ab3a5d63ed409cf55 - - default default] http://cinder-api.openstack.svc.cluster.local:8776/v3/bed3f8109c6b496ab3a5d63ed409cf55/os-quota-sets/20c6709344df44d28735d48523711bad?usage=true returned with HTTP 200 [pid: 8|app: 0|req: 348/695] 10.0.0.126 () {28 vars in 736 bytes} [Tue Apr 14 06:49:54 2026] GET /v3/bed3f8109c6b496ab3a5d63ed409cf55/os-quota-sets/20c6709344df44d28735d48523711bad?usage=true => generated 845 bytes in 33 msecs (HTTP/1.1 200) 7 headers in 285 bytes (1 switches on core 0)
2026-04-14 06:49:54.499 7 INFO cinder.api.openstack.wsgi [None req-1faff213-e8b3-4ae1-8637-e0c9f1085bc3 8e48e3dbd812419ca5004eea22056236 bed3f8109c6b496ab3a5d63ed409cf55 - - default default] GET http://cinder-api.openstack.svc.cluster.local:8776/v3/bed3f8109c6b496ab3a5d63ed409cf55/os-quota-sets/34704d6d0d1145379b8902c4df13d091?usage=true
2026-04-14 06:49:54.534 7 INFO cinder.api.openstack.wsgi [None req-1faff213-e8b3-4ae1-8637-e0c9f1085bc3 8e48e3dbd812419ca5004eea22056236 bed3f8109c6b496ab3a5d63ed409cf55 - - default default] http://cinder-api.openstack.svc.cluster.local:8776/v3/bed3f8109c6b496ab3a5d63ed409cf55/os-quota-sets/34704d6d0d1145379b8902c4df13d091?usage=true returned with HTTP 200 [pid: 7|app: 0|req: 348/696] 10.0.0.126 () {28 vars in 736 bytes} [Tue Apr 14 06:49:54 2026] GET /v3/bed3f8109c6b496ab3a5d63ed409cf55/os-quota-sets/34704d6d0d1145379b8902c4df13d091?usage=true => generated 847 bytes in 42 msecs (HTTP/1.1 200) 7 headers in 285 bytes (1 switches on core 0)
2026-04-14 06:49:54.549 8 INFO cinder.api.openstack.wsgi [None req-47fa2e3a-9f91-4dde-8081-361520b935ad 8e48e3dbd812419ca5004eea22056236 bed3f8109c6b496ab3a5d63ed409cf55 - - default default] GET http://cinder-api.openstack.svc.cluster.local:8776/v3/bed3f8109c6b496ab3a5d63ed409cf55/os-quota-sets/506ed0b81ff947ed8d7ac6a238b9bbcc?usage=true
2026-04-14 06:49:54.572 8 INFO cinder.api.openstack.wsgi [None req-47fa2e3a-9f91-4dde-8081-361520b935ad 8e48e3dbd812419ca5004eea22056236 bed3f8109c6b496ab3a5d63ed409cf55 - - default default] http://cinder-api.openstack.svc.cluster.local:8776/v3/bed3f8109c6b496ab3a5d63ed409cf55/os-quota-sets/506ed0b81ff947ed8d7ac6a238b9bbcc?usage=true returned with HTTP 200 [pid: 8|app: 0|req: 349/697] 10.0.0.126 () {28 vars in 736 bytes} [Tue Apr 14 06:49:54 2026] GET /v3/bed3f8109c6b496ab3a5d63ed409cf55/os-quota-sets/506ed0b81ff947ed8d7ac6a238b9bbcc?usage=true => generated 847 bytes in 34 msecs (HTTP/1.1 200) 7 headers in 285 bytes (1 switches on core 0)
2026-04-14 06:49:54.587 7 INFO cinder.api.openstack.wsgi [None req-9f3fd4c7-4c55-4226-bd35-66a305d85d18 8e48e3dbd812419ca5004eea22056236 bed3f8109c6b496ab3a5d63ed409cf55 - - default default] GET http://cinder-api.openstack.svc.cluster.local:8776/v3/bed3f8109c6b496ab3a5d63ed409cf55/os-quota-sets/9e320ad56f8e4f899afd55a3af9c3a28?usage=true
2026-04-14 06:49:54.612 7 INFO cinder.api.openstack.wsgi [None req-9f3fd4c7-4c55-4226-bd35-66a305d85d18 8e48e3dbd812419ca5004eea22056236 bed3f8109c6b496ab3a5d63ed409cf55 - - default default] http://cinder-api.openstack.svc.cluster.local:8776/v3/bed3f8109c6b496ab3a5d63ed409cf55/os-quota-sets/9e320ad56f8e4f899afd55a3af9c3a28?usage=true returned with HTTP 200 [pid: 7|app: 0|req: 349/698] 10.0.0.126 () {28 vars in 736 bytes} [Tue Apr 14 06:49:54 2026] GET /v3/bed3f8109c6b496ab3a5d63ed409cf55/os-quota-sets/9e320ad56f8e4f899afd55a3af9c3a28?usage=true => generated 847 bytes in 35 msecs (HTTP/1.1 200) 7 headers in 285 bytes (1 switches on core 0)
2026-04-14 06:49:54.622 8 INFO cinder.api.openstack.wsgi [None req-3e8e724f-c34c-4b61-9b63-c821760245c4 8e48e3dbd812419ca5004eea22056236 bed3f8109c6b496ab3a5d63ed409cf55 - - default default] GET http://cinder-api.openstack.svc.cluster.local:8776/v3/bed3f8109c6b496ab3a5d63ed409cf55/os-quota-sets/bed3f8109c6b496ab3a5d63ed409cf55?usage=true
2026-04-14 06:49:54.644 8 INFO cinder.api.openstack.wsgi [None req-3e8e724f-c34c-4b61-9b63-c821760245c4 8e48e3dbd812419ca5004eea22056236 bed3f8109c6b496ab3a5d63ed409cf55 - - default default] http://cinder-api.openstack.svc.cluster.local:8776/v3/bed3f8109c6b496ab3a5d63ed409cf55/os-quota-sets/bed3f8109c6b496ab3a5d63ed409cf55?usage=true returned with HTTP 200 [pid: 8|app: 0|req: 350/699] 10.0.0.126 () {28 vars in 736 bytes} [Tue Apr 14 06:49:54 2026] GET /v3/bed3f8109c6b496ab3a5d63ed409cf55/os-quota-sets/bed3f8109c6b496ab3a5d63ed409cf55?usage=true => generated 845 bytes in 29 msecs (HTTP/1.1 200) 7 headers in 285 bytes (1 switches on core 0)
2026-04-14 06:49:54.656 7 INFO cinder.api.openstack.wsgi [None req-13e0a596-3586-403f-89d1-241b05b45a51 8e48e3dbd812419ca5004eea22056236 bed3f8109c6b496ab3a5d63ed409cf55 - - default default] GET http://cinder-api.openstack.svc.cluster.local:8776/v3/bed3f8109c6b496ab3a5d63ed409cf55/os-quota-sets/c0ead99176c34a4aa5f05d3cec5f0033?usage=true
2026-04-14 06:49:54.684 7 INFO cinder.api.openstack.wsgi [None req-13e0a596-3586-403f-89d1-241b05b45a51 8e48e3dbd812419ca5004eea22056236 bed3f8109c6b496ab3a5d63ed409cf55 - - default default] http://cinder-api.openstack.svc.cluster.local:8776/v3/bed3f8109c6b496ab3a5d63ed409cf55/os-quota-sets/c0ead99176c34a4aa5f05d3cec5f0033?usage=true returned with HTTP 200 [pid: 7|app: 0|req: 350/700] 10.0.0.126 () {28 vars in 736 bytes} [Tue Apr 14 06:49:54 2026] GET /v3/bed3f8109c6b496ab3a5d63ed409cf55/os-quota-sets/c0ead99176c34a4aa5f05d3cec5f0033?usage=true => generated 847 bytes in 37 msecs (HTTP/1.1 200) 7 headers in 285 bytes (1 switches on core 0)
2026-04-14 06:49:54.694 8 INFO cinder.api.openstack.wsgi [None req-856aea36-a1c3-489a-89a8-07237d78d959 8e48e3dbd812419ca5004eea22056236 bed3f8109c6b496ab3a5d63ed409cf55 - - default default] GET http://cinder-api.openstack.svc.cluster.local:8776/v3/bed3f8109c6b496ab3a5d63ed409cf55/os-quota-sets/ea86449b0acb444caad93cc7c5464227?usage=true
2026-04-14 06:49:54.736 8 INFO cinder.api.openstack.wsgi [None req-856aea36-a1c3-489a-89a8-07237d78d959 8e48e3dbd812419ca5004eea22056236 bed3f8109c6b496ab3a5d63ed409cf55 - - default default] http://cinder-api.openstack.svc.cluster.local:8776/v3/bed3f8109c6b496ab3a5d63ed409cf55/os-quota-sets/ea86449b0acb444caad93cc7c5464227?usage=true returned with HTTP 200 [pid: 8|app: 0|req: 351/701] 10.0.0.126 () {28 vars in 736 bytes} [Tue Apr 14 06:49:54 2026] GET /v3/bed3f8109c6b496ab3a5d63ed409cf55/os-quota-sets/ea86449b0acb444caad93cc7c5464227?usage=true => generated 847 bytes in 49 msecs (HTTP/1.1 200) 7 headers in 285 bytes (1 switches on core 0)
2026-04-14 06:49:54.745 7 INFO cinder.api.openstack.wsgi [None req-46060674-2512-4b2e-99d3-519ee9630729 8e48e3dbd812419ca5004eea22056236 bed3f8109c6b496ab3a5d63ed409cf55 - - default default] GET http://cinder-api.openstack.svc.cluster.local:8776/v3/bed3f8109c6b496ab3a5d63ed409cf55/snapshots?all_tenants=true
2026-04-14 06:49:54.752 7 INFO cinder.volume.api [None req-46060674-2512-4b2e-99d3-519ee9630729 8e48e3dbd812419ca5004eea22056236 bed3f8109c6b496ab3a5d63ed409cf55 - - default default] Get all snapshots completed successfully.
2026-04-14 06:49:54.752 7 INFO cinder.api.openstack.wsgi [None req-46060674-2512-4b2e-99d3-519ee9630729 8e48e3dbd812419ca5004eea22056236 bed3f8109c6b496ab3a5d63ed409cf55 - - default default] http://cinder-api.openstack.svc.cluster.local:8776/v3/bed3f8109c6b496ab3a5d63ed409cf55/snapshots?all_tenants=true returned with HTTP 200 [pid: 7|app: 0|req: 351/702] 10.0.0.126 () {28 vars in 674 bytes} [Tue Apr 14 06:49:54 2026] GET /v3/bed3f8109c6b496ab3a5d63ed409cf55/snapshots?all_tenants=true => generated 17 bytes in 13 msecs (HTTP/1.1 200) 7 headers in 284 bytes (1 switches on core 0)
2026-04-14 06:49:54.763 8 INFO cinder.api.openstack.wsgi [None req-9fe97cfb-e11c-4d86-8894-c67dec53dc0d 8e48e3dbd812419ca5004eea22056236 bed3f8109c6b496ab3a5d63ed409cf55 - - default default] GET http://cinder-api.openstack.svc.cluster.local:8776/v3/bed3f8109c6b496ab3a5d63ed409cf55/volumes/detail?all_tenants=true
2026-04-14 06:49:54.773 8 INFO cinder.volume.api [None req-9fe97cfb-e11c-4d86-8894-c67dec53dc0d 8e48e3dbd812419ca5004eea22056236 bed3f8109c6b496ab3a5d63ed409cf55 - - default default] Get all volumes completed successfully.
2026-04-14 06:49:54.775 8 INFO cinder.api.openstack.wsgi [None req-9fe97cfb-e11c-4d86-8894-c67dec53dc0d 8e48e3dbd812419ca5004eea22056236 bed3f8109c6b496ab3a5d63ed409cf55 - - default default] http://cinder-api.openstack.svc.cluster.local:8776/v3/bed3f8109c6b496ab3a5d63ed409cf55/volumes/detail?all_tenants=true returned with HTTP 200 [pid: 8|app: 0|req: 352/703] 10.0.0.126 () {28 vars in 684 bytes} [Tue Apr 14 06:49:54 2026] GET /v3/bed3f8109c6b496ab3a5d63ed409cf55/volumes/detail?all_tenants=true => generated 15 bytes in 20 msecs (HTTP/1.1 200) 7 headers in 284 bytes (1 switches on core 0)
2026-04-14 06:49:54.787 7 INFO cinder.api.openstack.wsgi [None req-700896d3-07cc-4438-bcaf-473b6826de60 8e48e3dbd812419ca5004eea22056236 bed3f8109c6b496ab3a5d63ed409cf55 - - default default] GET http://cinder-api.openstack.svc.cluster.local:8776/v3/bed3f8109c6b496ab3a5d63ed409cf55/volumes/detail?all_tenants=true
2026-04-14 06:49:54.797 7 INFO cinder.volume.api [None req-700896d3-07cc-4438-bcaf-473b6826de60 8e48e3dbd812419ca5004eea22056236 bed3f8109c6b496ab3a5d63ed409cf55 - - default default] Get all volumes completed successfully.
2026-04-14 06:49:54.799 7 INFO cinder.api.openstack.wsgi [None req-700896d3-07cc-4438-bcaf-473b6826de60 8e48e3dbd812419ca5004eea22056236 bed3f8109c6b496ab3a5d63ed409cf55 - - default default] http://cinder-api.openstack.svc.cluster.local:8776/v3/bed3f8109c6b496ab3a5d63ed409cf55/volumes/detail?all_tenants=true returned with HTTP 200 [pid: 7|app: 0|req: 352/704] 10.0.0.126 () {28 vars in 684 bytes} [Tue Apr 14 06:49:54 2026] GET /v3/bed3f8109c6b496ab3a5d63ed409cf55/volumes/detail?all_tenants=true => generated 15 bytes in 20 msecs (HTTP/1.1 200) 7 headers in 284 bytes (1 switches on core 0)
2026-04-14 06:49:54.811 8 INFO cinder.api.openstack.wsgi [None req-a9db9740-8f83-43ad-913b-d486b1ff478d 8e48e3dbd812419ca5004eea22056236 bed3f8109c6b496ab3a5d63ed409cf55 - - default default] GET http://cinder-api.openstack.svc.cluster.local:8776/v3/bed3f8109c6b496ab3a5d63ed409cf55/scheduler-stats/get_pools?detail=true
2026-04-14 06:49:54.829 8 INFO cinder.api.openstack.wsgi [None req-a9db9740-8f83-43ad-913b-d486b1ff478d 8e48e3dbd812419ca5004eea22056236 bed3f8109c6b496ab3a5d63ed409cf55 - - default default] http://cinder-api.openstack.svc.cluster.local:8776/v3/bed3f8109c6b496ab3a5d63ed409cf55/scheduler-stats/get_pools?detail=true returned with HTTP 200 [pid: 8|app: 0|req: 353/705] 10.0.0.126 () {28 vars in 696 bytes} [Tue Apr 14 06:49:54 2026] GET /v3/bed3f8109c6b496ab3a5d63ed409cf55/scheduler-stats/get_pools?detail=true => generated 670 bytes in 24 msecs (HTTP/1.1 200) 7 headers in 285 bytes (1 switches on core 0)
2026-04-14 06:49:57.569 8 INFO cinder.api.openstack.wsgi [None req-a9db9740-8f83-43ad-913b-d486b1ff478d 8e48e3dbd812419ca5004eea22056236 bed3f8109c6b496ab3a5d63ed409cf55 - - default default] GET http://10.0.0.207:8776/
2026-04-14 06:49:57.569 7 INFO cinder.api.openstack.wsgi [None req-700896d3-07cc-4438-bcaf-473b6826de60 8e48e3dbd812419ca5004eea22056236 bed3f8109c6b496ab3a5d63ed409cf55 - - default default] GET http://10.0.0.207:8776/
2026-04-14 06:49:57.570 8 INFO cinder.api.openstack.wsgi [None req-a9db9740-8f83-43ad-913b-d486b1ff478d 8e48e3dbd812419ca5004eea22056236 bed3f8109c6b496ab3a5d63ed409cf55 - - default default] http://10.0.0.207:8776/ returned with HTTP 300
2026-04-14 06:49:57.570 7 INFO cinder.api.openstack.wsgi [None req-700896d3-07cc-4438-bcaf-473b6826de60 8e48e3dbd812419ca5004eea22056236 bed3f8109c6b496ab3a5d63ed409cf55 - - default default] http://10.0.0.207:8776/ returned with HTTP 300
2026-04-14 06:50:07.568 7 INFO cinder.api.openstack.wsgi [None req-700896d3-07cc-4438-bcaf-473b6826de60 8e48e3dbd812419ca5004eea22056236 bed3f8109c6b496ab3a5d63ed409cf55 - - default default] GET http://10.0.0.207:8776/
2026-04-14 06:50:07.569 8 INFO cinder.api.openstack.wsgi [None req-a9db9740-8f83-43ad-913b-d486b1ff478d 8e48e3dbd812419ca5004eea22056236 bed3f8109c6b496ab3a5d63ed409cf55 - - default default] GET http://10.0.0.207:8776/
2026-04-14 06:50:07.569 7 INFO cinder.api.openstack.wsgi [None req-700896d3-07cc-4438-bcaf-473b6826de60 8e48e3dbd812419ca5004eea22056236 bed3f8109c6b496ab3a5d63ed409cf55 - - default default] http://10.0.0.207:8776/ returned with HTTP 300
2026-04-14 06:50:07.570 8 INFO cinder.api.openstack.wsgi [None req-a9db9740-8f83-43ad-913b-d486b1ff478d 8e48e3dbd812419ca5004eea22056236 bed3f8109c6b496ab3a5d63ed409cf55 - - default default] http://10.0.0.207:8776/ returned with HTTP 300
2026-04-14 06:50:07.852 7 INFO cinder.api.openstack.wsgi [req-03249823-a004-4632-bbf5-12980c6b5621 req-a1b21140-6f08-4c69-97da-787790401bc7 aaf0a80d120b41b2a4482b1e6395e91d 506ed0b81ff947ed8d7ac6a238b9bbcc - - default default] GET http://cinder-api.openstack.svc.cluster.local:8776/v3/506ed0b81ff947ed8d7ac6a238b9bbcc/attachments?instance_id=f28ea0a3-ec52-40fd-9ddc-423d317d377b
2026-04-14 06:50:07.876 7 INFO cinder.api.openstack.wsgi [req-03249823-a004-4632-bbf5-12980c6b5621 req-a1b21140-6f08-4c69-97da-787790401bc7 aaf0a80d120b41b2a4482b1e6395e91d 506ed0b81ff947ed8d7ac6a238b9bbcc - - default default] http://cinder-api.openstack.svc.cluster.local:8776/v3/506ed0b81ff947ed8d7ac6a238b9bbcc/attachments?instance_id=f28ea0a3-ec52-40fd-9ddc-423d317d377b returned with HTTP 200 [pid: 7|app: 0|req: 355/710] 162.253.55.62 () {36 vars in 1103 bytes} [Tue Apr 14 06:50:07 2026] GET /v3/506ed0b81ff947ed8d7ac6a238b9bbcc/attachments?instance_id=f28ea0a3-ec52-40fd-9ddc-423d317d377b => generated 19 bytes in 33 msecs (HTTP/1.1 200) 7 headers in 285 bytes (1 switches on core 0)
2026-04-14 06:50:17.568 8 INFO cinder.api.openstack.wsgi [None req-a9db9740-8f83-43ad-913b-d486b1ff478d 8e48e3dbd812419ca5004eea22056236 bed3f8109c6b496ab3a5d63ed409cf55 - - default default] GET http://10.0.0.207:8776/
2026-04-14 06:50:17.569 8 INFO cinder.api.openstack.wsgi [None req-a9db9740-8f83-43ad-913b-d486b1ff478d 8e48e3dbd812419ca5004eea22056236 bed3f8109c6b496ab3a5d63ed409cf55 - - default default] http://10.0.0.207:8776/ returned with HTTP 300
2026-04-14 06:50:17.568 7 INFO cinder.api.openstack.wsgi [req-03249823-a004-4632-bbf5-12980c6b5621 req-a1b21140-6f08-4c69-97da-787790401bc7 aaf0a80d120b41b2a4482b1e6395e91d 506ed0b81ff947ed8d7ac6a238b9bbcc - - default default] GET http://10.0.0.207:8776/
2026-04-14 06:50:17.570 7 INFO cinder.api.openstack.wsgi [req-03249823-a004-4632-bbf5-12980c6b5621 req-a1b21140-6f08-4c69-97da-787790401bc7 aaf0a80d120b41b2a4482b1e6395e91d 506ed0b81ff947ed8d7ac6a238b9bbcc - - default default] http://10.0.0.207:8776/ returned with HTTP 300
2026-04-14 06:50:27.569 8 INFO cinder.api.openstack.wsgi [None req-a9db9740-8f83-43ad-913b-d486b1ff478d 8e48e3dbd812419ca5004eea22056236 bed3f8109c6b496ab3a5d63ed409cf55 - - default default] GET http://10.0.0.207:8776/
2026-04-14 06:50:27.569 7 INFO cinder.api.openstack.wsgi [req-03249823-a004-4632-bbf5-12980c6b5621 req-a1b21140-6f08-4c69-97da-787790401bc7 aaf0a80d120b41b2a4482b1e6395e91d 506ed0b81ff947ed8d7ac6a238b9bbcc - - default default] GET http://10.0.0.207:8776/
2026-04-14 06:50:27.570 8 INFO cinder.api.openstack.wsgi [None req-a9db9740-8f83-43ad-913b-d486b1ff478d 8e48e3dbd812419ca5004eea22056236 bed3f8109c6b496ab3a5d63ed409cf55 - - default default] http://10.0.0.207:8776/ returned with HTTP 300
2026-04-14 06:50:27.570 7 INFO cinder.api.openstack.wsgi [req-03249823-a004-4632-bbf5-12980c6b5621 req-a1b21140-6f08-4c69-97da-787790401bc7 aaf0a80d120b41b2a4482b1e6395e91d 506ed0b81ff947ed8d7ac6a238b9bbcc - - default default] http://10.0.0.207:8776/ returned with HTTP 300
2026-04-14 06:50:34.644 8 INFO cinder.api.openstack.wsgi [None req-f241bf7d-a9b3-465e-99a5-321742e3be8f 190942d20094437da048679a70594b83 336dd6b238574a5d9598e6449f24dcd5 - - default default] GET http://cinder-api.openstack.svc.cluster.local:8776/v3/336dd6b238574a5d9598e6449f24dcd5/volumes
2026-04-14 06:50:34.680 8 INFO cinder.volume.api [None req-f241bf7d-a9b3-465e-99a5-321742e3be8f 190942d20094437da048679a70594b83 336dd6b238574a5d9598e6449f24dcd5 - - default default] Get all volumes completed successfully.
2026-04-14 06:50:34.682 8 INFO cinder.api.openstack.wsgi [None req-f241bf7d-a9b3-465e-99a5-321742e3be8f 190942d20094437da048679a70594b83 336dd6b238574a5d9598e6449f24dcd5 - - default default] http://cinder-api.openstack.svc.cluster.local:8776/v3/336dd6b238574a5d9598e6449f24dcd5/volumes returned with HTTP 200 [pid: 8|app: 0|req: 358/715] 10.0.0.159 () {32 vars in 701 bytes} [Tue Apr 14 06:50:34 2026] GET /v3/336dd6b238574a5d9598e6449f24dcd5/volumes => generated 15 bytes in 283 msecs (HTTP/1.1 200) 7 headers in 284 bytes (1 switches on core 0)
2026-04-14 06:50:34.702 7 INFO cinder.api.openstack.wsgi [None req-32d553e5-1b55-4d58-8de0-ba37e2c053f7 190942d20094437da048679a70594b83 336dd6b238574a5d9598e6449f24dcd5 - - default default] POST http://cinder-api.openstack.svc.cluster.local:8776/v3/336dd6b238574a5d9598e6449f24dcd5/volumes
2026-04-14 06:50:34.704 7 INFO cinder.api.v3.volumes [None req-32d553e5-1b55-4d58-8de0-ba37e2c053f7 190942d20094437da048679a70594b83 336dd6b238574a5d9598e6449f24dcd5 - - default default] Create volume of 1 GB
2026-04-14 06:50:34.710 7 INFO cinder.volume.api [None req-32d553e5-1b55-4d58-8de0-ba37e2c053f7 190942d20094437da048679a70594b83 336dd6b238574a5d9598e6449f24dcd5 - - default default] Availability Zones retrieved successfully.
2026-04-14 06:50:34.867 7 INFO cinder.volume.api [None req-32d553e5-1b55-4d58-8de0-ba37e2c053f7 190942d20094437da048679a70594b83 336dd6b238574a5d9598e6449f24dcd5 - - default default] Create volume request issued successfully.
2026-04-14 06:50:34.868 7 INFO cinder.api.openstack.wsgi [None req-32d553e5-1b55-4d58-8de0-ba37e2c053f7 190942d20094437da048679a70594b83 336dd6b238574a5d9598e6449f24dcd5 - - default default] http://cinder-api.openstack.svc.cluster.local:8776/v3/336dd6b238574a5d9598e6449f24dcd5/volumes returned with HTTP 202 [pid: 7|app: 0|req: 358/716] 10.0.0.159 () {34 vars in 723 bytes} [Tue Apr 14 06:50:34 2026] POST /v3/336dd6b238574a5d9598e6449f24dcd5/volumes => generated 876 bytes in 174 msecs (HTTP/1.1 202) 7 headers in 291 bytes (1 switches on core 0)
2026-04-14 06:50:34.890 8 INFO cinder.api.openstack.wsgi [None req-2a795efd-70e8-4866-a715-3c53c155a800 190942d20094437da048679a70594b83 336dd6b238574a5d9598e6449f24dcd5 - - default default] GET http://cinder-api.openstack.svc.cluster.local:8776/v3/336dd6b238574a5d9598e6449f24dcd5/volumes/b363147c-5a73-44a6-97f3-382eccc0b01d /var/lib/openstack/lib/python3.10/site-packages/oslo_context/context.py:100: DeprecationWarning: Policy enforcement is depending on the value of is_admin. This key is deprecated. Please update your policy file to use the standard policy values. warnings.warn('Policy enforcement is depending on the value of '
2026-04-14 06:50:34.909 8 INFO cinder.volume.api [None req-2a795efd-70e8-4866-a715-3c53c155a800 190942d20094437da048679a70594b83 336dd6b238574a5d9598e6449f24dcd5 - - default default] Volume info retrieved successfully.
2026-04-14 06:50:34.916 8 INFO cinder.api.openstack.wsgi [None req-2a795efd-70e8-4866-a715-3c53c155a800 190942d20094437da048679a70594b83 336dd6b238574a5d9598e6449f24dcd5 - - default default] http://cinder-api.openstack.svc.cluster.local:8776/v3/336dd6b238574a5d9598e6449f24dcd5/volumes/b363147c-5a73-44a6-97f3-382eccc0b01d returned with HTTP 200 [pid: 8|app: 0|req: 359/717] 10.0.0.159 () {32 vars in 775 bytes} [Tue Apr 14 06:50:34 2026] GET /v3/336dd6b238574a5d9598e6449f24dcd5/volumes/b363147c-5a73-44a6-97f3-382eccc0b01d => generated 944 bytes in 33 msecs (HTTP/1.1 200) 7 headers in 285 bytes (1 switches on core 0) /var/lib/openstack/lib/python3.10/site-packages/pycadf/identifier.py:71: UserWarning: Invalid uuid: cinderv3. To ensure interoperability, identifiers should be a valid uuid. warnings.warn(('Invalid uuid: %s. To ensure interoperability, '
2026-04-14 06:50:35.937 7 INFO cinder.api.openstack.wsgi [None req-ba280d67-df4e-433e-a12a-7f838ae52f73 190942d20094437da048679a70594b83 336dd6b238574a5d9598e6449f24dcd5 - - default default] GET http://cinder-api.openstack.svc.cluster.local:8776/v3/336dd6b238574a5d9598e6449f24dcd5/volumes/b363147c-5a73-44a6-97f3-382eccc0b01d /var/lib/openstack/lib/python3.10/site-packages/oslo_context/context.py:100: DeprecationWarning: Policy enforcement is depending on the value of is_admin. This key is deprecated. Please update your policy file to use the standard policy values. warnings.warn('Policy enforcement is depending on the value of '
2026-04-14 06:50:35.951 7 INFO cinder.volume.api [None req-ba280d67-df4e-433e-a12a-7f838ae52f73 190942d20094437da048679a70594b83 336dd6b238574a5d9598e6449f24dcd5 - - default default] Volume info retrieved successfully.
2026-04-14 06:50:35.956 7 INFO cinder.api.openstack.wsgi [None req-ba280d67-df4e-433e-a12a-7f838ae52f73 190942d20094437da048679a70594b83 336dd6b238574a5d9598e6449f24dcd5 - - default default] http://cinder-api.openstack.svc.cluster.local:8776/v3/336dd6b238574a5d9598e6449f24dcd5/volumes/b363147c-5a73-44a6-97f3-382eccc0b01d returned with HTTP 200 [pid: 7|app: 0|req: 359/718] 10.0.0.159 () {32 vars in 775 bytes} [Tue Apr 14 06:50:35 2026] GET /v3/336dd6b238574a5d9598e6449f24dcd5/volumes/b363147c-5a73-44a6-97f3-382eccc0b01d => generated 969 bytes in 25 msecs (HTTP/1.1 200) 7 headers in 285 bytes (1 switches on core 0) /var/lib/openstack/lib/python3.10/site-packages/pycadf/identifier.py:71: UserWarning: Invalid uuid: cinderv3. To ensure interoperability, identifiers should be a valid uuid. warnings.warn(('Invalid uuid: %s. To ensure interoperability, '
2026-04-14 06:50:35.990 8 INFO cinder.api.openstack.wsgi [None req-0bbefa6c-aebe-4e0f-b9c6-bd137c056d7f 190942d20094437da048679a70594b83 336dd6b238574a5d9598e6449f24dcd5 - - default default] GET http://cinder-api.openstack.svc.cluster.local:8776/v3/336dd6b238574a5d9598e6449f24dcd5/volumes/b363147c-5a73-44a6-97f3-382eccc0b01d /var/lib/openstack/lib/python3.10/site-packages/oslo_context/context.py:100: DeprecationWarning: Policy enforcement is depending on the value of is_admin. This key is deprecated. Please update your policy file to use the standard policy values. warnings.warn('Policy enforcement is depending on the value of '
2026-04-14 06:50:36.013 8 INFO cinder.volume.api [None req-0bbefa6c-aebe-4e0f-b9c6-bd137c056d7f 190942d20094437da048679a70594b83 336dd6b238574a5d9598e6449f24dcd5 - - default default] Volume info retrieved successfully.
2026-04-14 06:50:36.018 8 INFO cinder.api.openstack.wsgi [None req-0bbefa6c-aebe-4e0f-b9c6-bd137c056d7f 190942d20094437da048679a70594b83 336dd6b238574a5d9598e6449f24dcd5 - - default default] http://cinder-api.openstack.svc.cluster.local:8776/v3/336dd6b238574a5d9598e6449f24dcd5/volumes/b363147c-5a73-44a6-97f3-382eccc0b01d returned with HTTP 200 [pid: 8|app: 0|req: 360/719] 10.0.0.159 () {32 vars in 775 bytes} [Tue Apr 14 06:50:35 2026] GET /v3/336dd6b238574a5d9598e6449f24dcd5/volumes/b363147c-5a73-44a6-97f3-382eccc0b01d => generated 969 bytes in 39 msecs (HTTP/1.1 200) 7 headers in 285 bytes (1 switches on core 0) /var/lib/openstack/lib/python3.10/site-packages/pycadf/identifier.py:71: UserWarning: Invalid uuid: cinderv3. To ensure interoperability, identifiers should be a valid uuid. warnings.warn(('Invalid uuid: %s. To ensure interoperability, '
2026-04-14 06:50:36.046 7 INFO cinder.api.openstack.wsgi [None req-58e0b3fb-e970-4c9a-9a9e-9132274b0285 190942d20094437da048679a70594b83 336dd6b238574a5d9598e6449f24dcd5 - - default default] POST http://cinder-api.openstack.svc.cluster.local:8776/v3/336dd6b238574a5d9598e6449f24dcd5/volumes
2026-04-14 06:50:36.049 7 INFO cinder.api.v3.volumes [None req-58e0b3fb-e970-4c9a-9a9e-9132274b0285 190942d20094437da048679a70594b83 336dd6b238574a5d9598e6449f24dcd5 - - default default] Create volume of 1 GB
2026-04-14 06:50:36.054 7 INFO cinder.volume.api [None req-58e0b3fb-e970-4c9a-9a9e-9132274b0285 190942d20094437da048679a70594b83 336dd6b238574a5d9598e6449f24dcd5 - - default default] Availability Zones retrieved successfully.
2026-04-14 06:50:36.174 7 INFO cinder.volume.api [None req-58e0b3fb-e970-4c9a-9a9e-9132274b0285 190942d20094437da048679a70594b83 336dd6b238574a5d9598e6449f24dcd5 - - default default] Create volume request issued successfully.
2026-04-14 06:50:36.175 7 INFO cinder.api.openstack.wsgi [None req-58e0b3fb-e970-4c9a-9a9e-9132274b0285 190942d20094437da048679a70594b83 336dd6b238574a5d9598e6449f24dcd5 - - default default] http://cinder-api.openstack.svc.cluster.local:8776/v3/336dd6b238574a5d9598e6449f24dcd5/volumes returned with HTTP 202 [pid: 7|app: 0|req: 360/720] 10.0.0.159 () {34 vars in 723 bytes} [Tue Apr 14 06:50:36 2026] POST /v3/336dd6b238574a5d9598e6449f24dcd5/volumes => generated 875 bytes in 138 msecs (HTTP/1.1 202) 7 headers in 291 bytes (1 switches on core 0) /var/lib/openstack/lib/python3.10/site-packages/pycadf/identifier.py:71: UserWarning: Invalid uuid: cinderv3. To ensure interoperability, identifiers should be a valid uuid. warnings.warn(('Invalid uuid: %s. To ensure interoperability, '
2026-04-14 06:50:36.200 8 INFO cinder.api.openstack.wsgi [None req-ede72e5b-8af9-40bc-bbd9-c6dbf0e2035b 190942d20094437da048679a70594b83 336dd6b238574a5d9598e6449f24dcd5 - - default default] GET http://cinder-api.openstack.svc.cluster.local:8776/v3/336dd6b238574a5d9598e6449f24dcd5/volumes/b6c908ce-94c6-4ebe-b8cf-d7877e030757 /var/lib/openstack/lib/python3.10/site-packages/oslo_context/context.py:100: DeprecationWarning: Policy enforcement is depending on the value of is_admin. This key is deprecated. Please update your policy file to use the standard policy values. warnings.warn('Policy enforcement is depending on the value of '
2026-04-14 06:50:36.224 8 INFO cinder.volume.api [None req-ede72e5b-8af9-40bc-bbd9-c6dbf0e2035b 190942d20094437da048679a70594b83 336dd6b238574a5d9598e6449f24dcd5 - - default default] Volume info retrieved successfully.
2026-04-14 06:50:36.230 8 INFO cinder.api.openstack.wsgi [None req-ede72e5b-8af9-40bc-bbd9-c6dbf0e2035b 190942d20094437da048679a70594b83 336dd6b238574a5d9598e6449f24dcd5 - - default default] http://cinder-api.openstack.svc.cluster.local:8776/v3/336dd6b238574a5d9598e6449f24dcd5/volumes/b6c908ce-94c6-4ebe-b8cf-d7877e030757 returned with HTTP 200 [pid: 8|app: 0|req: 361/721] 10.0.0.159 () {32 vars in 775 bytes} [Tue Apr 14 06:50:36 2026] GET /v3/336dd6b238574a5d9598e6449f24dcd5/volumes/b6c908ce-94c6-4ebe-b8cf-d7877e030757 => generated 943 bytes in 40 msecs (HTTP/1.1 200) 7 headers in 285 bytes (1 switches on core 0) /var/lib/openstack/lib/python3.10/site-packages/pycadf/identifier.py:71: UserWarning: Invalid uuid: cinderv3. To ensure interoperability, identifiers should be a valid uuid. warnings.warn(('Invalid uuid: %s. To ensure interoperability, '
