2026-07-01 08:50:31.667 10 INFO neutron.wsgi [None req-2ae2fe4b-c99c-49fa-92af-0b774e15dd17 55a5c6c56fb943e2a14e1ac6b25eeb85 2bcdf5accffc4304b39fe6804f571679 - - default default] 10.0.0.235 "DELETE /v2.0/security-groups/a8aa1ae9-9de7-4a1b-a12e-978b8872aae6 HTTP/1.1" status: 204 len: 168 time: 0.3324003
2026-07-01 08:50:31.807 10 INFO neutron.wsgi [None req-4b1cd646-7381-49c6-afee-6a450e1ac4a2 55a5c6c56fb943e2a14e1ac6b25eeb85 2bcdf5accffc4304b39fe6804f571679 - - default default] 199.204.45.70 "GET /v2.0/extensions/security-group HTTP/1.1" status: 200 len: 369 time: 0.0104210
2026-07-01 08:50:31.824 10 INFO neutron.wsgi [None req-14098752-5334-4f2a-9a3f-81fcc91d0691 55a5c6c56fb943e2a14e1ac6b25eeb85 2bcdf5accffc4304b39fe6804f571679 - - default default] 199.204.45.70 "GET /v2.0/extensions/dns-integration HTTP/1.1" status: 200 len: 371 time: 0.0109470
2026-07-01 08:50:31.837 10 INFO neutron.wsgi [None req-a8f50b11-88db-44a3-8559-fe52ad583e34 55a5c6c56fb943e2a14e1ac6b25eeb85 2bcdf5accffc4304b39fe6804f571679 - - default default] 199.204.45.70 "GET /v2.0/extensions/qos HTTP/1.1" status: 200 len: 365 time: 0.0067482
2026-07-01 08:50:31.850 10 INFO neutron.wsgi [None req-c9098130-3746-4eba-93af-ddab0fa90ece 55a5c6c56fb943e2a14e1ac6b25eeb85 2bcdf5accffc4304b39fe6804f571679 - - default default] 199.204.45.70 "GET /v2.0/extensions/allowed-address-pairs HTTP/1.1" status: 200 len: 383 time: 0.0066390
2026-07-01 08:50:31.861 9 INFO neutron.wsgi [None req-4b2ac755-e2bf-4f0f-8640-3619f6de26ed 55a5c6c56fb943e2a14e1ac6b25eeb85 2bcdf5accffc4304b39fe6804f571679 - - default default] 10.0.0.235 "GET /v2.0/security-groups?tenant_id=35b0edc25287438897384d2483ad2e14&name=default HTTP/1.1" status: 200 len: 3120 time: 0.0585856
2026-07-01 08:50:31.879 10 INFO neutron.api.v2.resource [None req-258606de-5841-4431-96f0-7848233eae9d 55a5c6c56fb943e2a14e1ac6b25eeb85 2bcdf5accffc4304b39fe6804f571679 - - default default] show failed (client error): The resource could not be found.
2026-07-01 08:50:31.881 10 INFO neutron.wsgi [None req-258606de-5841-4431-96f0-7848233eae9d 55a5c6c56fb943e2a14e1ac6b25eeb85 2bcdf5accffc4304b39fe6804f571679 - - default default] 199.204.45.70 "GET /v2.0/security-groups/lb-3ab4bd0a-55eb-419c-b2b3-c5234510ce75 HTTP/1.1" status: 404 len: 355 time: 0.0249982
2026-07-01 08:50:31.940 10 INFO neutron.wsgi [None req-028d2658-d47b-485e-96b7-69ed02b6ec6d 55a5c6c56fb943e2a14e1ac6b25eeb85 2bcdf5accffc4304b39fe6804f571679 - - default default] 199.204.45.70 "GET /v2.0/security-groups?name=lb-3ab4bd0a-55eb-419c-b2b3-c5234510ce75 HTTP/1.1" status: 200 len: 221 time: 0.0533035
2026-07-01 08:50:32.119 10 INFO neutron.db.ovn_revision_numbers_db [None req-f9fc5d37-f578-483f-aa71-58266cf425ac 55a5c6c56fb943e2a14e1ac6b25eeb85 2bcdf5accffc4304b39fe6804f571679 - - default default] Successfully bumped revision number for resource cd0f5f9b-b75e-468f-af3a-838c6bf7baf0 (type: security_groups) to 1
2026-07-01 08:50:32.139 10 INFO neutron.db.ovn_revision_numbers_db [None req-f9fc5d37-f578-483f-aa71-58266cf425ac 55a5c6c56fb943e2a14e1ac6b25eeb85 2bcdf5accffc4304b39fe6804f571679 - - default default] Successfully bumped revision number for resource 3e2e2f09-777a-4e23-89fb-139831385a88 (type: security_group_rules) to 0
2026-07-01 08:50:32.158 10 INFO neutron.db.ovn_revision_numbers_db [None req-f9fc5d37-f578-483f-aa71-58266cf425ac 55a5c6c56fb943e2a14e1ac6b25eeb85 2bcdf5accffc4304b39fe6804f571679 - - default default] Successfully bumped revision number for resource dbb12e9a-efe3-4ffa-8d68-6bba87d33996 (type: security_group_rules) to 0
2026-07-01 08:50:32.191 10 INFO neutron.wsgi [None req-f9fc5d37-f578-483f-aa71-58266cf425ac 55a5c6c56fb943e2a14e1ac6b25eeb85 2bcdf5accffc4304b39fe6804f571679 - - default default] 199.204.45.70 "POST /v2.0/security-groups HTTP/1.1" status: 201 len: 1841 time: 0.2445760
2026-07-01 08:50:32.201 10 INFO neutron.wsgi [None req-66e7e2e1-17c2-455c-88bc-071f0673592c 55a5c6c56fb943e2a14e1ac6b25eeb85 2bcdf5accffc4304b39fe6804f571679 - - default default] 10.0.0.235 "DELETE /v2.0/security-groups/3a16973c-0a45-400e-a59b-218d42f3ca13 HTTP/1.1" status: 204 len: 168 time: 0.3315315
2026-07-01 08:50:32.249 10 INFO neutron.wsgi [None req-b75e0e58-d312-4818-804e-708103834956 55a5c6c56fb943e2a14e1ac6b25eeb85 2bcdf5accffc4304b39fe6804f571679 - - default default] 199.204.45.70 "GET /v2.0/security-group-rules?security_group_id=cd0f5f9b-b75e-468f-af3a-838c6bf7baf0 HTTP/1.1" status: 200 len: 1382 time: 0.0476222
2026-07-01 08:50:32.707 10 INFO neutron.db.ovn_revision_numbers_db [None req-ad89e8ce-f021-4b3b-807a-2b9de52256f7 55a5c6c56fb943e2a14e1ac6b25eeb85 2bcdf5accffc4304b39fe6804f571679 - - default default] Successfully bumped revision number for resource d35cfc82-15d3-4569-a94c-c37098badf89 (type: ports) to 2
2026-07-01 08:50:32.723 10 INFO neutron.wsgi [None req-ad89e8ce-f021-4b3b-807a-2b9de52256f7 55a5c6c56fb943e2a14e1ac6b25eeb85 2bcdf5accffc4304b39fe6804f571679 - - default default] 199.204.45.70 "PUT /v2.0/ports/d35cfc82-15d3-4569-a94c-c37098badf89 HTTP/1.1" status: 200 len: 1328 time: 0.4626555 /var/lib/openstack/lib/python3.10/site-packages/pycadf/identifier.py:71: UserWarning: Invalid uuid: neutron. To ensure interoperability, identifiers should be a valid uuid. warnings.warn(('Invalid uuid: %s. To ensure interoperability, '
2026-07-01 08:50:32.791 10 INFO neutron.wsgi [None req-5cb2b0d2-e92c-45d6-bf0e-04d56894a4c4 55a5c6c56fb943e2a14e1ac6b25eeb85 2bcdf5accffc4304b39fe6804f571679 - - default default] 199.204.45.70 "GET /v2.0/extensions/security-group HTTP/1.1" status: 200 len: 369 time: 0.0094230
2026-07-01 08:50:32.805 10 INFO neutron.wsgi [None req-fe97952f-e7a3-453b-ac2f-1afa9ee01883 55a5c6c56fb943e2a14e1ac6b25eeb85 2bcdf5accffc4304b39fe6804f571679 - - default default] 199.204.45.70 "GET /v2.0/extensions/dns-integration HTTP/1.1" status: 200 len: 371 time: 0.0073013
2026-07-01 08:50:32.815 10 INFO neutron.wsgi [None req-f0dfa8b3-9db7-4ddd-a3bd-d33665d5e704 55a5c6c56fb943e2a14e1ac6b25eeb85 2bcdf5accffc4304b39fe6804f571679 - - default default] 199.204.45.70 "GET /v2.0/extensions/qos HTTP/1.1" status: 200 len: 365 time: 0.0068159
2026-07-01 08:50:32.827 10 INFO neutron.wsgi [None req-afbd97b6-b001-4d02-9b7e-da53136cbacd 55a5c6c56fb943e2a14e1ac6b25eeb85 2bcdf5accffc4304b39fe6804f571679 - - default default] 199.204.45.70 "GET /v2.0/extensions/allowed-address-pairs HTTP/1.1" status: 200 len: 383 time: 0.0075502
2026-07-01 08:50:32.873 10 INFO neutron.wsgi [None req-4fe8b5f8-5ca3-4644-a95b-d779a7c828d4 55a5c6c56fb943e2a14e1ac6b25eeb85 2bcdf5accffc4304b39fe6804f571679 - - default default] 199.204.45.70 "GET /v2.0/subnets/6c01e052-9176-4b20-9d59-1a1238c82976 HTTP/1.1" status: 200 len: 850 time: 0.0414827
2026-07-01 08:50:33.328 10 INFO neutron.wsgi [req-a16e0849-81fd-44d0-899c-142eb210cf10 req-372b4caf-cd1c-47c9-9aac-a3c890f2029e ae1d923bf8184c11856bc28e6bf9cd3d b0a3f25ac10c48f7ac496be8cf3a66cb - - default default] 10.0.0.79 "GET /v2.0/ports?device_id=62d6c765-f79b-4664-9337-bb9c30b3ed2a HTTP/1.1" status: 200 len: 1210 time: 0.1425529
2026-07-01 08:50:33.383 10 INFO neutron.wsgi [req-a16e0849-81fd-44d0-899c-142eb210cf10 req-00ce4bfb-90e8-4ae6-89c3-753d41b4142b ae1d923bf8184c11856bc28e6bf9cd3d b0a3f25ac10c48f7ac496be8cf3a66cb - - default default] 10.0.0.79 "GET /v2.0/security-groups?id=4e0ba116-ab8f-4f79-84a8-4e7e17cb75b8&id=ebec247e-c126-421c-be61-2ab841295527&fields=id&fields=name HTTP/1.1" status: 200 len: 405 time: 0.0482318
2026-07-01 08:50:33.808 10 INFO neutron.wsgi [None req-5a9955db-8489-4cf0-b427-cff4fe65a4c5 c10cb9e9af8a43e081a3a478ab1dd3e4 804bf86a220e45f7a154a38dbaa0f9e1 - - default default] 10.0.0.235 "GET /v2.0/ports?device_id=62d6c765-f79b-4664-9337-bb9c30b3ed2a HTTP/1.1" status: 200 len: 1443 time: 0.3940024
2026-07-01 08:50:33.885 10 INFO neutron.wsgi [None req-f8001387-0376-43c1-9d86-2c289ee909b8 ae1d923bf8184c11856bc28e6bf9cd3d b0a3f25ac10c48f7ac496be8cf3a66cb - - default default] 10.0.0.235 "GET /v2.0/floatingips?floating_network_id=76b76341-7fa0-43ff-868c-8cb45676f306&port_id=e13e6a6f-7a74-41fd-bdc4-52d6468ec9f0 HTTP/1.1" status: 200 len: 1054 time: 0.0712426
2026-07-01 08:50:34.174 10 INFO neutron.wsgi [req-56d13d4d-d5c2-431e-a15c-4735a5e8edfb req-134be728-34a5-4a55-9b56-d6463415849e 9bace6ade53a42cc8a059d404d8c575b 42f8953e468046b4837051ad68060903 - - e2a361f18ee442689da9a86b65027798 e2a361f18ee442689da9a86b65027798] 10.0.0.177 "GET /v2.0/ports?device_id=62d6c765-f79b-4664-9337-bb9c30b3ed2a HTTP/1.1" status: 200 len: 1448 time: 0.0478864
2026-07-01 08:50:34.251 10 INFO neutron.wsgi [req-56d13d4d-d5c2-431e-a15c-4735a5e8edfb req-ea812e65-637d-4316-b2d2-c1c68f6c5d1d 9bace6ade53a42cc8a059d404d8c575b 42f8953e468046b4837051ad68060903 - - e2a361f18ee442689da9a86b65027798 e2a361f18ee442689da9a86b65027798] 10.0.0.177 "GET /v2.0/security-groups?id=ebec247e-c126-421c-be61-2ab841295527&id=4e0ba116-ab8f-4f79-84a8-4e7e17cb75b8&fields=id&fields=name HTTP/1.1" status: 200 len: 405 time: 0.0678585
2026-07-01 08:50:34.588 9 INFO neutron.wsgi [-] 10.0.0.56 "GET / HTTP/1.1" status: 200 len: 247 time: 0.0029540
2026-07-01 08:50:34.588 10 INFO neutron.wsgi [-] 10.0.0.56 "GET / HTTP/1.1" status: 200 len: 247 time: 0.0036404
2026-07-01 08:50:36.330 10 INFO neutron.plugins.ml2.drivers.ovn.mech_driver.mech_driver [None req-fa2271e7-6c14-4c76-acce-a0e636548aed - - - - - -] OVN reports status down for port: e13e6a6f-7a74-41fd-bdc4-52d6468ec9f0
2026-07-01 08:50:36.340 10 INFO neutron.wsgi [req-9d8c58bf-096c-4bb5-a2de-817134ccbc30 req-820b9af1-ef44-44b4-8768-6b2b6e5386b2 ae1d923bf8184c11856bc28e6bf9cd3d b0a3f25ac10c48f7ac496be8cf3a66cb - - default default] 10.0.0.79 "GET /v2.0/ports?device_id=62d6c765-f79b-4664-9337-bb9c30b3ed2a HTTP/1.1" status: 200 len: 1210 time: 0.0979853
2026-07-01 08:50:36.451 10 INFO neutron.wsgi [req-9d8c58bf-096c-4bb5-a2de-817134ccbc30 req-0fc7e6f4-e433-4c8c-bbd8-a5188c824087 ae1d923bf8184c11856bc28e6bf9cd3d b0a3f25ac10c48f7ac496be8cf3a66cb - - default default] 10.0.0.79 "GET /v2.0/security-groups?id=4e0ba116-ab8f-4f79-84a8-4e7e17cb75b8&id=ebec247e-c126-421c-be61-2ab841295527&fields=id&fields=name HTTP/1.1" status: 200 len: 405 time: 0.0973721
2026-07-01 08:50:36.555 10 INFO neutron.notifiers.nova [-] Nova event matching ['req-2c887cf0-09fa-4dfd-bb3f-e33de489ed1f'] response: {'server_uuid': '62d6c765-f79b-4664-9337-bb9c30b3ed2a', 'name': 'network-vif-unplugged', 'status': 'completed', 'tag': 'e13e6a6f-7a74-41fd-bdc4-52d6468ec9f0', 'code': 200}
2026-07-01 08:50:36.726 9 INFO neutron.wsgi [req-d5e82c12-73c2-4d21-bb36-30f12cb996ea req-d65e33b5-c8c1-4dbe-abb3-a667e9139c6d ae1d923bf8184c11856bc28e6bf9cd3d b0a3f25ac10c48f7ac496be8cf3a66cb - - default default] 199.204.45.70 "GET /v2.0/ports?device_id=62d6c765-f79b-4664-9337-bb9c30b3ed2a HTTP/1.1" status: 200 len: 1208 time: 0.1258755
2026-07-01 08:50:36.744 10 INFO neutron.db.ovn_revision_numbers_db [None req-fa2271e7-6c14-4c76-acce-a0e636548aed - - - - - -] Successfully bumped revision number for resource e13e6a6f-7a74-41fd-bdc4-52d6468ec9f0 (type: ports) to 5 /var/lib/openstack/lib/python3.10/site-packages/pycadf/identifier.py:71: UserWarning: Invalid uuid: neutron. To ensure interoperability, identifiers should be a valid uuid. warnings.warn(('Invalid uuid: %s. To ensure interoperability, '
2026-07-01 08:50:36.869 10 WARNING neutron_lib.context [None req-bdc1f190-9b8c-4cf2-aa4a-71a071eccf9d 9e9f3b40cd724488b25cbd1c1f98a8c5 ff5b4badd09f4af28792630df503a677 - - default default] Method 'is_advsvc' is deprecated since 2023.2 release (neutron-lib 3.8.0) and will be removed once support for the old RBAC API policies will be removed from Neutron. Please use method 'is_service_role' instead.
2026-07-01 08:50:37.057 10 INFO neutron.db.ovn_revision_numbers_db [None req-bdc1f190-9b8c-4cf2-aa4a-71a071eccf9d 9e9f3b40cd724488b25cbd1c1f98a8c5 ff5b4badd09f4af28792630df503a677 - - default default] Successfully bumped revision number for resource 01fb3f11-1558-4371-b7e8-24b8fa6fd9df (type: security_groups) to 1
2026-07-01 08:50:37.071 10 INFO neutron.db.ovn_revision_numbers_db [None req-bdc1f190-9b8c-4cf2-aa4a-71a071eccf9d 9e9f3b40cd724488b25cbd1c1f98a8c5 ff5b4badd09f4af28792630df503a677 - - default default] Successfully bumped revision number for resource 055a3aa2-3f94-436b-80ef-00cd9be7fca3 (type: security_group_rules) to 0
2026-07-01 08:50:37.086 10 INFO neutron.db.ovn_revision_numbers_db [None req-bdc1f190-9b8c-4cf2-aa4a-71a071eccf9d 9e9f3b40cd724488b25cbd1c1f98a8c5 ff5b4badd09f4af28792630df503a677 - - default default] Successfully bumped revision number for resource a63bfd2a-e319-4c4f-8837-def83981095a (type: security_group_rules) to 0
2026-07-01 08:50:37.103 10 INFO neutron.db.ovn_revision_numbers_db [None req-bdc1f190-9b8c-4cf2-aa4a-71a071eccf9d 9e9f3b40cd724488b25cbd1c1f98a8c5 ff5b4badd09f4af28792630df503a677 - - default default] Successfully bumped revision number for resource ee1f36eb-d025-4c80-89ef-9c80138b737b (type: security_group_rules) to 0
2026-07-01 08:50:37.121 10 INFO neutron.db.ovn_revision_numbers_db [None req-bdc1f190-9b8c-4cf2-aa4a-71a071eccf9d 9e9f3b40cd724488b25cbd1c1f98a8c5 ff5b4badd09f4af28792630df503a677 - - default default] Successfully bumped revision number for resource ff7de0bb-9ea0-41be-905a-d564693a395e (type: security_group_rules) to 0
2026-07-01 08:50:37.171 10 INFO neutron.db.segments_db [None req-bdc1f190-9b8c-4cf2-aa4a-71a071eccf9d 9e9f3b40cd724488b25cbd1c1f98a8c5 ff5b4badd09f4af28792630df503a677 - - default default] Added segment 984d5daa-2884-4bed-9e2b-fae7a380fbaf of type geneve for network 19e03eac-7c99-4373-ac5f-cc3326cbe36a
2026-07-01 08:50:37.312 9 INFO neutron.db.l3_db [req-d5e82c12-73c2-4d21-bb36-30f12cb996ea req-36bc5565-24c6-43af-ac8c-8f63f7de2d90 ae1d923bf8184c11856bc28e6bf9cd3d b0a3f25ac10c48f7ac496be8cf3a66cb - - default default] Floating IP 2ae9bca0-2afe-4367-a11f-1c91fecb05e0 disassociated. External IP: 10.96.250.206, port: e13e6a6f-7a74-41fd-bdc4-52d6468ec9f0.
2026-07-01 08:50:37.396 10 INFO neutron.db.ovn_revision_numbers_db [None req-bdc1f190-9b8c-4cf2-aa4a-71a071eccf9d 9e9f3b40cd724488b25cbd1c1f98a8c5 ff5b4badd09f4af28792630df503a677 - - default default] Successfully bumped revision number for resource 19e03eac-7c99-4373-ac5f-cc3326cbe36a (type: networks) to 1
2026-07-01 08:50:37.476 9 INFO neutron.wsgi [req-d5e82c12-73c2-4d21-bb36-30f12cb996ea req-36bc5565-24c6-43af-ac8c-8f63f7de2d90 ae1d923bf8184c11856bc28e6bf9cd3d b0a3f25ac10c48f7ac496be8cf3a66cb - - default default] 199.204.45.70 "DELETE /v2.0/ports/e13e6a6f-7a74-41fd-bdc4-52d6468ec9f0 HTTP/1.1" status: 204 len: 173 time: 0.7454519
2026-07-01 08:50:37.528 9 INFO neutron.notifiers.nova [-] Nova event matching ['req-6ccf7b40-8081-4e08-9698-8228b6a230f8'] response: {'server_uuid': '62d6c765-f79b-4664-9337-bb9c30b3ed2a', 'name': 'network-vif-deleted', 'tag': 'e13e6a6f-7a74-41fd-bdc4-52d6468ec9f0', 'status': 'completed', 'code': 200} /var/lib/openstack/lib/python3.10/site-packages/pycadf/identifier.py:71: UserWarning: Invalid uuid: neutron. To ensure interoperability, identifiers should be a valid uuid. warnings.warn(('Invalid uuid: %s. To ensure interoperability, '
2026-07-01 08:50:37.558 10 INFO neutron.wsgi [req-ad5291ab-714b-40c4-b516-9177a09fff39 req-ce811efd-492c-4d23-a5c1-37de185c44ab ae1d923bf8184c11856bc28e6bf9cd3d b0a3f25ac10c48f7ac496be8cf3a66cb - - default default] 10.0.0.79 "GET /v2.0/ports?device_id=62d6c765-f79b-4664-9337-bb9c30b3ed2a HTTP/1.1" status: 200 len: 210 time: 0.0294909
2026-07-01 08:50:37.648 10 WARNING neutron.scheduler.dhcp_agent_scheduler [None req-bdc1f190-9b8c-4cf2-aa4a-71a071eccf9d 9e9f3b40cd724488b25cbd1c1f98a8c5 ff5b4badd09f4af28792630df503a677 - - default default] No more DHCP agents
2026-07-01 08:50:37.653 10 WARNING neutron.api.rpc.agentnotifiers.dhcp_rpc_agent_api [None req-bdc1f190-9b8c-4cf2-aa4a-71a071eccf9d 9e9f3b40cd724488b25cbd1c1f98a8c5 ff5b4badd09f4af28792630df503a677 - - default default] Unable to schedule network 19e03eac-7c99-4373-ac5f-cc3326cbe36a: no agents available; will retry on subsequent port and subnet creation events.
2026-07-01 08:50:37.780 10 INFO neutron.db.ovn_revision_numbers_db [None req-bdc1f190-9b8c-4cf2-aa4a-71a071eccf9d 9e9f3b40cd724488b25cbd1c1f98a8c5 ff5b4badd09f4af28792630df503a677 - - default default] Successfully bumped revision number for resource 44369ccd-b1b2-4c23-88b1-9ba70cd10d8d (type: ports) to 1
2026-07-01 08:50:37.806 10 INFO neutron.wsgi [None req-bdc1f190-9b8c-4cf2-aa4a-71a071eccf9d 9e9f3b40cd724488b25cbd1c1f98a8c5 ff5b4badd09f4af28792630df503a677 - - default default] 10.0.0.235 "POST /v2.0/networks HTTP/1.1" status: 201 len: 830 time: 1.1188633
2026-07-01 08:50:37.820 10 WARNING neutron_lib.context [None req-0e04841a-f3bf-4418-9a96-aaabdad268e5 9e9f3b40cd724488b25cbd1c1f98a8c5 ff5b4badd09f4af28792630df503a677 - - default default] Method 'is_advsvc' is deprecated since 2023.2 release (neutron-lib 3.8.0) and will be removed once support for the old RBAC API policies will be removed from Neutron. Please use method 'is_service_role' instead.
2026-07-01 08:50:38.143 10 WARNING neutron.scheduler.dhcp_agent_scheduler [None req-0e04841a-f3bf-4418-9a96-aaabdad268e5 9e9f3b40cd724488b25cbd1c1f98a8c5 ff5b4badd09f4af28792630df503a677 - - default default] No more DHCP agents
2026-07-01 08:50:38.145 10 WARNING neutron.api.rpc.agentnotifiers.dhcp_rpc_agent_api [None req-0e04841a-f3bf-4418-9a96-aaabdad268e5 9e9f3b40cd724488b25cbd1c1f98a8c5 ff5b4badd09f4af28792630df503a677 - - default default] Unable to schedule network 19e03eac-7c99-4373-ac5f-cc3326cbe36a: no agents available; will retry on subsequent port and subnet creation events.
2026-07-01 08:50:38.244 10 INFO neutron.db.ovn_revision_numbers_db [None req-0e04841a-f3bf-4418-9a96-aaabdad268e5 9e9f3b40cd724488b25cbd1c1f98a8c5 ff5b4badd09f4af28792630df503a677 - - default default] Successfully bumped revision number for resource 85934645-dca3-4bb1-9129-bd05c9dce213 (type: ports) to 1
2026-07-01 08:50:38.271 10 INFO neutron.wsgi [None req-0e04841a-f3bf-4418-9a96-aaabdad268e5 9e9f3b40cd724488b25cbd1c1f98a8c5 ff5b4badd09f4af28792630df503a677 - - default default] 10.0.0.235 "POST /v2.0/ports HTTP/1.1" status: 201 len: 942 time: 0.4565647 /var/lib/openstack/lib/python3.10/site-packages/pycadf/identifier.py:71: UserWarning: Invalid uuid: neutron. To ensure interoperability, identifiers should be a valid uuid. warnings.warn(('Invalid uuid: %s. To ensure interoperability, '
2026-07-01 08:50:38.283 10 WARNING neutron_lib.context [None req-b9f8978a-dad7-45e3-9f94-5b22ceef5ec4 9e9f3b40cd724488b25cbd1c1f98a8c5 ff5b4badd09f4af28792630df503a677 - - default default] Method 'is_advsvc' is deprecated since 2023.2 release (neutron-lib 3.8.0) and will be removed once support for the old RBAC API policies will be removed from Neutron. Please use method 'is_service_role' instead.
2026-07-01 08:50:38.595 10 INFO neutron.notifiers.nova [-] Nova event matching ['req-a7e6b924-6418-4d47-99cc-1003bfcdb208'] response: {'server_uuid': '62d6c765-f79b-4664-9337-bb9c30b3ed2a', 'name': 'network-vif-unplugged', 'status': 'completed', 'tag': 'e13e6a6f-7a74-41fd-bdc4-52d6468ec9f0', 'code': 200}
2026-07-01 08:50:38.615 10 INFO neutron.wsgi [None req-b9f8978a-dad7-45e3-9f94-5b22ceef5ec4 9e9f3b40cd724488b25cbd1c1f98a8c5 ff5b4badd09f4af28792630df503a677 - - default default] 10.0.0.235 "POST /v2.0/trunks HTTP/1.1" status: 201 len: 608 time: 0.3374412
2026-07-01 08:50:38.627 10 WARNING neutron_lib.context [None req-aa5b5dd4-ea33-4bdf-8707-0a29e7cf504a 9e9f3b40cd724488b25cbd1c1f98a8c5 ff5b4badd09f4af28792630df503a677 - - default default] Method 'is_advsvc' is deprecated since 2023.2 release (neutron-lib 3.8.0) and will be removed once support for the old RBAC API policies will be removed from Neutron. Please use method 'is_service_role' instead.
2026-07-01 08:50:38.751 10 INFO neutron.db.segments_db [None req-aa5b5dd4-ea33-4bdf-8707-0a29e7cf504a 9e9f3b40cd724488b25cbd1c1f98a8c5 ff5b4badd09f4af28792630df503a677 - - default default] Added segment 41d32946-4964-4e37-8d7e-3650f6db854d of type geneve for network 3d2ce412-5339-4b4a-a594-85ddda173497
2026-07-01 08:50:38.913 9 INFO neutron.wsgi [None req-b065310e-e0b0-4dd8-8d0f-31aabbe94fb5 ae1d923bf8184c11856bc28e6bf9cd3d b0a3f25ac10c48f7ac496be8cf3a66cb - - default default] 10.0.0.235 "DELETE /v2.0/security-groups/4e0ba116-ab8f-4f79-84a8-4e7e17cb75b8 HTTP/1.1" status: 204 len: 168 time: 0.1677392
2026-07-01 08:50:38.949 9 INFO neutron.api.v2.resource [None req-33bf0402-5170-45b3-bc40-e091e799439f ae1d923bf8184c11856bc28e6bf9cd3d b0a3f25ac10c48f7ac496be8cf3a66cb - - default default] show failed (client error): The resource could not be found.
2026-07-01 08:50:38.952 9 INFO neutron.wsgi [None req-33bf0402-5170-45b3-bc40-e091e799439f ae1d923bf8184c11856bc28e6bf9cd3d b0a3f25ac10c48f7ac496be8cf3a66cb - - default default] 10.0.0.235 "GET /v2.0/security-groups/4e0ba116-ab8f-4f79-84a8-4e7e17cb75b8 HTTP/1.1" status: 404 len: 347 time: 0.0163095
2026-07-01 08:50:38.981 10 INFO neutron.db.ovn_revision_numbers_db [None req-aa5b5dd4-ea33-4bdf-8707-0a29e7cf504a 9e9f3b40cd724488b25cbd1c1f98a8c5 ff5b4badd09f4af28792630df503a677 - - default default] Successfully bumped revision number for resource 3d2ce412-5339-4b4a-a594-85ddda173497 (type: networks) to 1
2026-07-01 08:50:39.241 10 WARNING neutron.scheduler.dhcp_agent_scheduler [None req-aa5b5dd4-ea33-4bdf-8707-0a29e7cf504a 9e9f3b40cd724488b25cbd1c1f98a8c5 ff5b4badd09f4af28792630df503a677 - - default default] No more DHCP agents
2026-07-01 08:50:39.259 10 WARNING neutron.api.rpc.agentnotifiers.dhcp_rpc_agent_api [None req-aa5b5dd4-ea33-4bdf-8707-0a29e7cf504a 9e9f3b40cd724488b25cbd1c1f98a8c5 ff5b4badd09f4af28792630df503a677 - - default default] Unable to schedule network 3d2ce412-5339-4b4a-a594-85ddda173497: no agents available; will retry on subsequent port and subnet creation events.
2026-07-01 08:50:39.372 10 INFO neutron.db.ovn_revision_numbers_db [None req-aa5b5dd4-ea33-4bdf-8707-0a29e7cf504a 9e9f3b40cd724488b25cbd1c1f98a8c5 ff5b4badd09f4af28792630df503a677 - - default default] Successfully bumped revision number for resource d4b5f096-eac6-4f81-9445-cd180a204c94 (type: ports) to 1
2026-07-01 08:50:39.414 10 INFO neutron.wsgi [None req-aa5b5dd4-ea33-4bdf-8707-0a29e7cf504a 9e9f3b40cd724488b25cbd1c1f98a8c5 ff5b4badd09f4af28792630df503a677 - - default default] 10.0.0.235 "POST /v2.0/networks HTTP/1.1" status: 201 len: 830 time: 0.7918978
2026-07-01 08:50:39.427 9 WARNING neutron_lib.context [None req-80c48ac2-44cf-470f-90ab-383abe88b2c3 9e9f3b40cd724488b25cbd1c1f98a8c5 ff5b4badd09f4af28792630df503a677 - - default default] Method 'is_advsvc' is deprecated since 2023.2 release (neutron-lib 3.8.0) and will be removed once support for the old RBAC API policies will be removed from Neutron. Please use method 'is_service_role' instead.
2026-07-01 08:50:39.476 10 INFO neutron.wsgi [None req-b0aff639-22fa-4d59-b3a6-8f9b7d20653f ae1d923bf8184c11856bc28e6bf9cd3d b0a3f25ac10c48f7ac496be8cf3a66cb - - default default] 10.0.0.235 "DELETE /v2.0/floatingips/2ae9bca0-2afe-4367-a11f-1c91fecb05e0 HTTP/1.1" status: 204 len: 168 time: 0.5190320
2026-07-01 08:50:39.791 9 INFO neutron.wsgi [None req-1c57eb38-fafa-4ed4-87dd-f943e4f27110 ae1d923bf8184c11856bc28e6bf9cd3d b0a3f25ac10c48f7ac496be8cf3a66cb - - default default] 10.0.0.235 "DELETE /v2.0/security-groups/ebec247e-c126-421c-be61-2ab841295527 HTTP/1.1" status: 204 len: 168 time: 0.3082430
2026-07-01 08:50:39.798 9 WARNING neutron.scheduler.dhcp_agent_scheduler [None req-80c48ac2-44cf-470f-90ab-383abe88b2c3 9e9f3b40cd724488b25cbd1c1f98a8c5 ff5b4badd09f4af28792630df503a677 - - default default] No more DHCP agents
2026-07-01 08:50:39.800 9 WARNING neutron.api.rpc.agentnotifiers.dhcp_rpc_agent_api [None req-80c48ac2-44cf-470f-90ab-383abe88b2c3 9e9f3b40cd724488b25cbd1c1f98a8c5 ff5b4badd09f4af28792630df503a677 - - default default] Unable to schedule network 3d2ce412-5339-4b4a-a594-85ddda173497: no agents available; will retry on subsequent port and subnet creation events.
2026-07-01 08:50:39.899 9 INFO neutron.db.ovn_revision_numbers_db [None req-80c48ac2-44cf-470f-90ab-383abe88b2c3 9e9f3b40cd724488b25cbd1c1f98a8c5 ff5b4badd09f4af28792630df503a677 - - default default] Successfully bumped revision number for resource aff994bb-bd29-41f8-a031-1d863c153454 (type: ports) to 1
2026-07-01 08:50:39.953 9 INFO neutron.wsgi [None req-80c48ac2-44cf-470f-90ab-383abe88b2c3 9e9f3b40cd724488b25cbd1c1f98a8c5 ff5b4badd09f4af28792630df503a677 - - default default] 10.0.0.235 "POST /v2.0/ports HTTP/1.1" status: 201 len: 942 time: 0.5331502
2026-07-01 08:50:39.965 10 WARNING neutron_lib.context [None req-d0f2a67c-1c3d-4f9e-87a6-e1caecae3515 9e9f3b40cd724488b25cbd1c1f98a8c5 ff5b4badd09f4af28792630df503a677 - - default default] Method 'is_advsvc' is deprecated since 2023.2 release (neutron-lib 3.8.0) and will be removed once support for the old RBAC API policies will be removed from Neutron. Please use method 'is_service_role' instead.
2026-07-01 08:50:40.763 10 INFO neutron.wsgi [None req-d0f2a67c-1c3d-4f9e-87a6-e1caecae3515 9e9f3b40cd724488b25cbd1c1f98a8c5 ff5b4badd09f4af28792630df503a677 - - default default] 10.0.0.235 "POST /v2.0/trunks HTTP/1.1" status: 201 len: 608 time: 0.8031404 /var/lib/openstack/lib/python3.10/site-packages/pycadf/identifier.py:71: UserWarning: Invalid uuid: neutron. To ensure interoperability, identifiers should be a valid uuid. warnings.warn(('Invalid uuid: %s. To ensure interoperability, '
2026-07-01 08:50:40.780 9 WARNING neutron_lib.context [None req-0915b016-07f7-4e3e-8665-c5e75b7ef882 9e9f3b40cd724488b25cbd1c1f98a8c5 ff5b4badd09f4af28792630df503a677 - - default default] Method 'is_advsvc' is deprecated since 2023.2 release (neutron-lib 3.8.0) and will be removed once support for the old RBAC API policies will be removed from Neutron. Please use method 'is_service_role' instead.
2026-07-01 08:50:40.880 9 INFO neutron.db.segments_db [None req-0915b016-07f7-4e3e-8665-c5e75b7ef882 9e9f3b40cd724488b25cbd1c1f98a8c5 ff5b4badd09f4af28792630df503a677 - - default default] Added segment 7f4da14a-6d5b-4e56-bf23-b3b0d9b23a53 of type geneve for network 16d41e92-2066-4224-9b56-89a0dd7a94ab
2026-07-01 08:50:41.368 10 INFO neutron.wsgi [req-e421eb71-2e74-4a5f-bc45-644598678686 req-16e9c011-1ffc-4cf4-90ad-1bb455a668cf 55a5c6c56fb943e2a14e1ac6b25eeb85 2bcdf5accffc4304b39fe6804f571679 - - default default] 10.0.0.79 "GET /v2.0/security-groups?id=fb2475dd-a60f-47a4-98dd-de5278817e5e&fields=id HTTP/1.1" status: 200 len: 267 time: 0.0805526
2026-07-01 08:50:41.452 9 INFO neutron.db.ovn_revision_numbers_db [None req-0915b016-07f7-4e3e-8665-c5e75b7ef882 9e9f3b40cd724488b25cbd1c1f98a8c5 ff5b4badd09f4af28792630df503a677 - - default default] Successfully bumped revision number for resource 16d41e92-2066-4224-9b56-89a0dd7a94ab (type: networks) to 1
2026-07-01 08:50:41.499 10 INFO neutron.wsgi [req-e421eb71-2e74-4a5f-bc45-644598678686 req-d22a49b5-235b-439a-9428-70205623457a 55a5c6c56fb943e2a14e1ac6b25eeb85 2bcdf5accffc4304b39fe6804f571679 - - default default] 10.0.0.79 "GET /v2.0/networks?id=77d2ab4f-acdd-4f14-a6bf-c4903a81e3ad HTTP/1.1" status: 200 len: 937 time: 0.1059916
2026-07-01 08:50:41.529 10 INFO neutron.wsgi [req-e421eb71-2e74-4a5f-bc45-644598678686 req-84855a67-2239-457d-8e32-5c0d1f07c8ab 55a5c6c56fb943e2a14e1ac6b25eeb85 2bcdf5accffc4304b39fe6804f571679 - - default default] 10.0.0.79 "GET /v2.0/quotas/2bcdf5accffc4304b39fe6804f571679 HTTP/1.1" status: 200 len: 490 time: 0.0238533
2026-07-01 08:50:41.607 10 INFO neutron.wsgi [req-e421eb71-2e74-4a5f-bc45-644598678686 req-61da1d45-4870-4321-a9f5-0f80d61d70aa 55a5c6c56fb943e2a14e1ac6b25eeb85 2bcdf5accffc4304b39fe6804f571679 - - default default] 10.0.0.79 "GET /v2.0/ports?tenant_id=2bcdf5accffc4304b39fe6804f571679&fields=id HTTP/1.1" status: 200 len: 348 time: 0.0688148
2026-07-01 08:50:41.695 9 WARNING neutron.scheduler.dhcp_agent_scheduler [None req-0915b016-07f7-4e3e-8665-c5e75b7ef882 9e9f3b40cd724488b25cbd1c1f98a8c5 ff5b4badd09f4af28792630df503a677 - - default default] No more DHCP agents
2026-07-01 08:50:41.701 9 WARNING neutron.api.rpc.agentnotifiers.dhcp_rpc_agent_api [None req-0915b016-07f7-4e3e-8665-c5e75b7ef882 9e9f3b40cd724488b25cbd1c1f98a8c5 ff5b4badd09f4af28792630df503a677 - - default default] Unable to schedule network 16d41e92-2066-4224-9b56-89a0dd7a94ab: no agents available; will retry on subsequent port and subnet creation events.
2026-07-01 08:50:41.746 10 INFO neutron.wsgi [req-e421eb71-2e74-4a5f-bc45-644598678686 req-f9806bb4-215b-4421-a991-9532b110f15f 9bace6ade53a42cc8a059d404d8c575b 42f8953e468046b4837051ad68060903 - - e2a361f18ee442689da9a86b65027798 e2a361f18ee442689da9a86b65027798] 10.0.0.79 "GET /v2.0/networks/77d2ab4f-acdd-4f14-a6bf-c4903a81e3ad?fields=segments HTTP/1.1" status: 200 len: 212 time: 0.0974088
2026-07-01 08:50:41.827 9 INFO neutron.db.ovn_revision_numbers_db [None req-0915b016-07f7-4e3e-8665-c5e75b7ef882 9e9f3b40cd724488b25cbd1c1f98a8c5 ff5b4badd09f4af28792630df503a677 - - default default] Successfully bumped revision number for resource 83fc7f08-88df-4610-825a-05d9ae04a158 (type: ports) to 1
2026-07-01 08:50:41.863 10 INFO neutron.wsgi [req-e421eb71-2e74-4a5f-bc45-644598678686 req-4c0a592e-1c47-4128-b60b-cbb82d4c0af5 9bace6ade53a42cc8a059d404d8c575b 42f8953e468046b4837051ad68060903 - - e2a361f18ee442689da9a86b65027798 e2a361f18ee442689da9a86b65027798] 10.0.0.79 "GET /v2.0/networks/77d2ab4f-acdd-4f14-a6bf-c4903a81e3ad?fields=provider%3Aphysical_network&fields=provider%3Anetwork_type HTTP/1.1" status: 200 len: 277 time: 0.1066487
2026-07-01 08:50:41.872 9 INFO neutron.wsgi [None req-0915b016-07f7-4e3e-8665-c5e75b7ef882 9e9f3b40cd724488b25cbd1c1f98a8c5 ff5b4badd09f4af28792630df503a677 - - default default] 10.0.0.235 "POST /v2.0/networks HTTP/1.1" status: 201 len: 831 time: 1.0988998
2026-07-01 08:50:41.884 9 WARNING neutron_lib.context [None req-61ede30c-3462-484f-8549-7ce27ded7f01 9e9f3b40cd724488b25cbd1c1f98a8c5 ff5b4badd09f4af28792630df503a677 - - default default] Method 'is_advsvc' is deprecated since 2023.2 release (neutron-lib 3.8.0) and will be removed once support for the old RBAC API policies will be removed from Neutron. Please use method 'is_service_role' instead.
2026-07-01 08:50:42.105 10 INFO neutron.wsgi [None req-de4ebefe-6a2e-4768-8175-e3e035054abc 55a5c6c56fb943e2a14e1ac6b25eeb85 2bcdf5accffc4304b39fe6804f571679 - - default default] 10.0.0.235 "PUT /v2.0/routers/418e70e4-0dbb-4f1f-89a6-1e32ba4b82d8/remove_router_interface HTTP/1.1" status: 200 len: 503 time: 2.2516882 /var/lib/openstack/lib/python3.10/site-packages/pycadf/identifier.py:71: UserWarning: Invalid uuid: neutron. To ensure interoperability, identifiers should be a valid uuid. warnings.warn(('Invalid uuid: %s. To ensure interoperability, '
2026-07-01 08:50:42.203 9 WARNING neutron.scheduler.dhcp_agent_scheduler [None req-61ede30c-3462-484f-8549-7ce27ded7f01 9e9f3b40cd724488b25cbd1c1f98a8c5 ff5b4badd09f4af28792630df503a677 - - default default] No more DHCP agents
2026-07-01 08:50:42.207 9 WARNING neutron.api.rpc.agentnotifiers.dhcp_rpc_agent_api [None req-61ede30c-3462-484f-8549-7ce27ded7f01 9e9f3b40cd724488b25cbd1c1f98a8c5 ff5b4badd09f4af28792630df503a677 - - default default] Unable to schedule network 16d41e92-2066-4224-9b56-89a0dd7a94ab: no agents available; will retry on subsequent port and subnet creation events.
2026-07-01 08:50:42.340 9 INFO neutron.db.ovn_revision_numbers_db [None req-61ede30c-3462-484f-8549-7ce27ded7f01 9e9f3b40cd724488b25cbd1c1f98a8c5 ff5b4badd09f4af28792630df503a677 - - default default] Successfully bumped revision number for resource 1c4a87a5-41f5-4e7f-aed7-b9451c1b43e1 (type: ports) to 1
2026-07-01 08:50:42.370 9 INFO neutron.wsgi [None req-61ede30c-3462-484f-8549-7ce27ded7f01 9e9f3b40cd724488b25cbd1c1f98a8c5 ff5b4badd09f4af28792630df503a677 - - default default] 10.0.0.235 "POST /v2.0/ports HTTP/1.1" status: 201 len: 942 time: 0.4924903 /var/lib/openstack/lib/python3.10/site-packages/pycadf/identifier.py:71: UserWarning: Invalid uuid: neutron. To ensure interoperability, identifiers should be a valid uuid. warnings.warn(('Invalid uuid: %s. To ensure interoperability, '
2026-07-01 08:50:42.382 9 WARNING neutron_lib.context [None req-ec3de3c2-3b6c-4fb6-a641-57233478b8c3 9e9f3b40cd724488b25cbd1c1f98a8c5 ff5b4badd09f4af28792630df503a677 - - default default] Method 'is_advsvc' is deprecated since 2023.2 release (neutron-lib 3.8.0) and will be removed once support for the old RBAC API policies will be removed from Neutron. Please use method 'is_service_role' instead.
2026-07-01 08:50:42.500 10 INFO neutron.wsgi [req-8ca4fbb4-4f4d-498c-b732-9e14e30390c4 req-203107b3-3502-455d-a3aa-5bbfcd519400 55a5c6c56fb943e2a14e1ac6b25eeb85 2bcdf5accffc4304b39fe6804f571679 - - default default] 10.0.0.79 "GET /v2.0/ports?device_id=4cb698e3-5abf-4d41-8407-997e65deb3c9 HTTP/1.1" status: 200 len: 210 time: 0.0232272
2026-07-01 08:50:42.588 10 INFO neutron.wsgi [req-7574170e-34e8-4ee3-ba67-7ac6a29c2619 req-aaf926c8-70e3-4262-b173-84db1abab354 55a5c6c56fb943e2a14e1ac6b25eeb85 2bcdf5accffc4304b39fe6804f571679 - - default default] 10.0.0.79 "GET /v2.0/ports?device_id=4cb698e3-5abf-4d41-8407-997e65deb3c9 HTTP/1.1" status: 200 len: 210 time: 0.0241704
2026-07-01 08:50:42.702 9 INFO neutron.wsgi [None req-ec3de3c2-3b6c-4fb6-a641-57233478b8c3 9e9f3b40cd724488b25cbd1c1f98a8c5 ff5b4badd09f4af28792630df503a677 - - default default] 10.0.0.235 "POST /v2.0/trunks HTTP/1.1" status: 201 len: 608 time: 0.3252673
2026-07-01 08:50:42.718 9 WARNING neutron_lib.context [None req-8343bd4c-cf3f-4a7e-a6a0-2a532e949a3e 9e9f3b40cd724488b25cbd1c1f98a8c5 ff5b4badd09f4af28792630df503a677 - - default default] Method 'is_advsvc' is deprecated since 2023.2 release (neutron-lib 3.8.0) and will be removed once support for the old RBAC API policies will be removed from Neutron. Please use method 'is_service_role' instead.
2026-07-01 08:50:42.824 9 INFO neutron.db.segments_db [None req-8343bd4c-cf3f-4a7e-a6a0-2a532e949a3e 9e9f3b40cd724488b25cbd1c1f98a8c5 ff5b4badd09f4af28792630df503a677 - - default default] Added segment 45fa37e3-d987-42f0-b5a5-845b23f7cc0a of type geneve for network 71c8d563-d209-421d-83e7-4c394ea19796
2026-07-01 08:50:42.974 9 INFO neutron.db.ovn_revision_numbers_db [None req-8343bd4c-cf3f-4a7e-a6a0-2a532e949a3e 9e9f3b40cd724488b25cbd1c1f98a8c5 ff5b4badd09f4af28792630df503a677 - - default default] Successfully bumped revision number for resource 71c8d563-d209-421d-83e7-4c394ea19796 (type: networks) to 1
2026-07-01 08:50:43.178 9 WARNING neutron.scheduler.dhcp_agent_scheduler [None req-8343bd4c-cf3f-4a7e-a6a0-2a532e949a3e 9e9f3b40cd724488b25cbd1c1f98a8c5 ff5b4badd09f4af28792630df503a677 - - default default] No more DHCP agents
2026-07-01 08:50:43.180 9 WARNING neutron.api.rpc.agentnotifiers.dhcp_rpc_agent_api [None req-8343bd4c-cf3f-4a7e-a6a0-2a532e949a3e 9e9f3b40cd724488b25cbd1c1f98a8c5 ff5b4badd09f4af28792630df503a677 - - default default] Unable to schedule network 71c8d563-d209-421d-83e7-4c394ea19796: no agents available; will retry on subsequent port and subnet creation events.
2026-07-01 08:50:43.297 9 INFO neutron.db.ovn_revision_numbers_db [None req-8343bd4c-cf3f-4a7e-a6a0-2a532e949a3e 9e9f3b40cd724488b25cbd1c1f98a8c5 ff5b4badd09f4af28792630df503a677 - - default default] Successfully bumped revision number for resource 20680da2-5440-4e0f-8e4b-7cb4ce657cbc (type: ports) to 1
2026-07-01 08:50:43.309 9 INFO neutron.wsgi [req-e421eb71-2e74-4a5f-bc45-644598678686 req-1e3a6019-5ac2-448c-a299-9479e6204070 55a5c6c56fb943e2a14e1ac6b25eeb85 2bcdf5accffc4304b39fe6804f571679 - - default default] 199.204.45.70 "GET /v2.0/networks?id=77d2ab4f-acdd-4f14-a6bf-c4903a81e3ad HTTP/1.1" status: 200 len: 937 time: 0.0908439
2026-07-01 08:50:43.337 9 INFO neutron.wsgi [None req-8343bd4c-cf3f-4a7e-a6a0-2a532e949a3e 9e9f3b40cd724488b25cbd1c1f98a8c5 ff5b4badd09f4af28792630df503a677 - - default default] 10.0.0.235 "POST /v2.0/networks HTTP/1.1" status: 201 len: 830 time: 0.6285863
2026-07-01 08:50:43.365 10 WARNING neutron_lib.context [None req-f6f9861b-602d-43ad-9930-64d9514e316e 9e9f3b40cd724488b25cbd1c1f98a8c5 ff5b4badd09f4af28792630df503a677 - - default default] Method 'is_advsvc' is deprecated since 2023.2 release (neutron-lib 3.8.0) and will be removed once support for the old RBAC API policies will be removed from Neutron. Please use method 'is_service_role' instead.
2026-07-01 08:50:43.373 9 INFO neutron.wsgi [req-e421eb71-2e74-4a5f-bc45-644598678686 req-e42cecfc-c6c3-4849-8cee-a65ea4103afc 55a5c6c56fb943e2a14e1ac6b25eeb85 2bcdf5accffc4304b39fe6804f571679 - - default default] 199.204.45.70 "GET /v2.0/security-groups?fields=id&fields=name&tenant_id=2bcdf5accffc4304b39fe6804f571679 HTTP/1.1" status: 200 len: 542 time: 0.0586555
2026-07-01 08:50:43.615 9 INFO neutron.wsgi [None req-0ffe0cc3-7b4d-45bf-b885-4a2927b90e48 55a5c6c56fb943e2a14e1ac6b25eeb85 2bcdf5accffc4304b39fe6804f571679 - - default default] 10.0.0.137 "GET /v2.0/floatingips HTTP/1.1" status: 200 len: 1877 time: 0.1664042
2026-07-01 08:50:43.645 9 INFO neutron.wsgi [None req-c8da1a88-b18e-4e4e-b2fe-d1a7a1b78a60 55a5c6c56fb943e2a14e1ac6b25eeb85 2bcdf5accffc4304b39fe6804f571679 - - default default] 10.0.0.137 "GET /v2.0/agents HTTP/1.1" status: 200 len: 1390 time: 0.0283110
2026-07-01 08:50:43.651 10 INFO neutron.wsgi [None req-e6a308b4-e095-49df-a950-39749ae94398 55a5c6c56fb943e2a14e1ac6b25eeb85 2bcdf5accffc4304b39fe6804f571679 - - default default] 10.0.0.235 "DELETE /v2.0/routers/418e70e4-0dbb-4f1f-89a6-1e32ba4b82d8 HTTP/1.1" status: 204 len: 168 time: 1.5371385
2026-07-01 08:50:43.753 9 WARNING neutron.scheduler.dhcp_agent_scheduler [req-e421eb71-2e74-4a5f-bc45-644598678686 req-68a8fede-941d-4efd-ad26-78538423db01 55a5c6c56fb943e2a14e1ac6b25eeb85 2bcdf5accffc4304b39fe6804f571679 - - default default] No more DHCP agents
2026-07-01 08:50:43.763 9 WARNING neutron.api.rpc.agentnotifiers.dhcp_rpc_agent_api [req-e421eb71-2e74-4a5f-bc45-644598678686 req-68a8fede-941d-4efd-ad26-78538423db01 55a5c6c56fb943e2a14e1ac6b25eeb85 2bcdf5accffc4304b39fe6804f571679 - - default default] Unable to schedule network 77d2ab4f-acdd-4f14-a6bf-c4903a81e3ad: no agents available; will retry on subsequent port and subnet creation events.
2026-07-01 08:50:43.802 9 INFO neutron.wsgi [None req-dbd3d885-8512-49bc-97e9-2bcb7f45005e 55a5c6c56fb943e2a14e1ac6b25eeb85 2bcdf5accffc4304b39fe6804f571679 - - default default] 10.0.0.137 "GET /v2.0/networks HTTP/1.1" status: 200 len: 9057 time: 0.1545956 /var/lib/openstack/lib/python3.10/site-packages/pycadf/identifier.py:71: UserWarning: Invalid uuid: neutron. To ensure interoperability, identifiers should be a valid uuid. warnings.warn(('Invalid uuid: %s. To ensure interoperability, '
2026-07-01 08:50:43.854 10 WARNING neutron.scheduler.dhcp_agent_scheduler [None req-f6f9861b-602d-43ad-9930-64d9514e316e 9e9f3b40cd724488b25cbd1c1f98a8c5 ff5b4badd09f4af28792630df503a677 - - default default] No more DHCP agents
2026-07-01 08:50:43.858 10 WARNING neutron.api.rpc.agentnotifiers.dhcp_rpc_agent_api [None req-f6f9861b-602d-43ad-9930-64d9514e316e 9e9f3b40cd724488b25cbd1c1f98a8c5 ff5b4badd09f4af28792630df503a677 - - default default] Unable to schedule network 71c8d563-d209-421d-83e7-4c394ea19796: no agents available; will retry on subsequent port and subnet creation events.
2026-07-01 08:50:43.960 10 INFO neutron.wsgi [None req-5d0c8af4-8d4c-412d-a617-5fd4ee23c799 55a5c6c56fb943e2a14e1ac6b25eeb85 2bcdf5accffc4304b39fe6804f571679 - - default default] 10.0.0.235 "DELETE /v2.0/subnets/731aa597-191c-45ea-9269-0875f9b777ab HTTP/1.1" status: 204 len: 168 time: 0.2982845
2026-07-01 08:50:43.971 9 INFO neutron.wsgi [None req-bc8e7808-865b-452d-bc30-524555de9d70 55a5c6c56fb943e2a14e1ac6b25eeb85 2bcdf5accffc4304b39fe6804f571679 - - default default] 10.0.0.137 "GET /v2.0/ports HTTP/1.1" status: 200 len: 31218 time: 0.1581450 /var/lib/openstack/lib/python3.10/site-packages/pycadf/identifier.py:71: UserWarning: Invalid uuid: neutron. To ensure interoperability, identifiers should be a valid uuid. warnings.warn(('Invalid uuid: %s. To ensure interoperability, '
2026-07-01 08:50:43.985 10 INFO neutron.db.ovn_revision_numbers_db [None req-f6f9861b-602d-43ad-9930-64d9514e316e 9e9f3b40cd724488b25cbd1c1f98a8c5 ff5b4badd09f4af28792630df503a677 - - default default] Successfully bumped revision number for resource c53dc795-29df-45dc-aa89-2f2b1dc9387f (type: ports) to 1
2026-07-01 08:50:44.034 10 INFO neutron.wsgi [None req-f6f9861b-602d-43ad-9930-64d9514e316e 9e9f3b40cd724488b25cbd1c1f98a8c5 ff5b4badd09f4af28792630df503a677 - - default default] 10.0.0.235 "POST /v2.0/ports HTTP/1.1" status: 201 len: 942 time: 0.6923976
2026-07-01 08:50:44.047 10 WARNING neutron_lib.context [None req-a2c9c097-5358-44bf-9c8a-e881b6674d09 9e9f3b40cd724488b25cbd1c1f98a8c5 ff5b4badd09f4af28792630df503a677 - - default default] Method 'is_advsvc' is deprecated since 2023.2 release (neutron-lib 3.8.0) and will be removed once support for the old RBAC API policies will be removed from Neutron. Please use method 'is_service_role' instead.
2026-07-01 08:50:44.080 9 INFO neutron.wsgi [None req-076f5d2b-78b4-48d1-a085-35ae5da6a542 55a5c6c56fb943e2a14e1ac6b25eeb85 2bcdf5accffc4304b39fe6804f571679 - - default default] 10.0.0.137 "GET /v2.0/subnets HTTP/1.1" status: 200 len: 6147 time: 0.0884614
2026-07-01 08:50:44.130 9 INFO neutron.wsgi [None req-db649f8b-bdfa-4f60-9cac-4c33b74bdbe9 55a5c6c56fb943e2a14e1ac6b25eeb85 2bcdf5accffc4304b39fe6804f571679 - - default default] 10.0.0.137 "GET /v2.0/subnetpools HTTP/1.1" status: 200 len: 193 time: 0.0457854
2026-07-01 08:50:44.283 9 INFO neutron.db.ovn_revision_numbers_db [req-e421eb71-2e74-4a5f-bc45-644598678686 req-68a8fede-941d-4efd-ad26-78538423db01 55a5c6c56fb943e2a14e1ac6b25eeb85 2bcdf5accffc4304b39fe6804f571679 - - default default] Successfully bumped revision number for resource 8098cec3-95c6-4301-a388-46df55e4f4cf (type: ports) to 1
2026-07-01 08:50:44.306 9 INFO neutron.wsgi [None req-f9f8cfca-4f2c-4c78-8d0d-79f16e6cfc70 55a5c6c56fb943e2a14e1ac6b25eeb85 2bcdf5accffc4304b39fe6804f571679 - - default default] 10.0.0.137 "GET /v2.0/routers HTTP/1.1" status: 200 len: 2102 time: 0.1734936
2026-07-01 08:50:44.321 9 INFO neutron.wsgi [None req-9f43213d-1a6d-450f-aae5-491d6ec3a5cd 55a5c6c56fb943e2a14e1ac6b25eeb85 2bcdf5accffc4304b39fe6804f571679 - - default default] 10.0.0.137 "GET /v2.0/agents?binary=ovn-controller HTTP/1.1" status: 200 len: 591 time: 0.0133250
2026-07-01 08:50:44.328 9 INFO neutron.wsgi [req-e421eb71-2e74-4a5f-bc45-644598678686 req-68a8fede-941d-4efd-ad26-78538423db01 55a5c6c56fb943e2a14e1ac6b25eeb85 2bcdf5accffc4304b39fe6804f571679 - - default default] 199.204.45.70 "POST /v2.0/ports HTTP/1.1" status: 201 len: 1283 time: 0.9494174
2026-07-01 08:50:44.331 10 INFO neutron.wsgi [None req-a2c9c097-5358-44bf-9c8a-e881b6674d09 9e9f3b40cd724488b25cbd1c1f98a8c5 ff5b4badd09f4af28792630df503a677 - - default default] 10.0.0.235 "POST /v2.0/trunks HTTP/1.1" status: 201 len: 608 time: 0.2905777
2026-07-01 08:50:44.340 10 WARNING neutron_lib.context [None req-82621fb8-2762-4fce-adec-6a3961805300 9e9f3b40cd724488b25cbd1c1f98a8c5 ff5b4badd09f4af28792630df503a677 - - default default] Method 'is_advsvc' is deprecated since 2023.2 release (neutron-lib 3.8.0) and will be removed once support for the old RBAC API policies will be removed from Neutron. Please use method 'is_service_role' instead.
2026-07-01 08:50:44.413 9 INFO neutron.wsgi [None req-022403c9-8e08-4a9e-bcb7-6f1af187e53f 55a5c6c56fb943e2a14e1ac6b25eeb85 2bcdf5accffc4304b39fe6804f571679 - - default default] 10.0.0.137 "GET /v2.0/security-groups HTTP/1.1" status: 200 len: 39144 time: 0.0914671
2026-07-01 08:50:44.475 9 INFO neutron.wsgi [None req-e7308203-ede2-42ae-8263-318926fe9590 55a5c6c56fb943e2a14e1ac6b25eeb85 2bcdf5accffc4304b39fe6804f571679 - - default default] 10.0.0.137 "GET /v2.0/subnets HTTP/1.1" status: 200 len: 6147 time: 0.0487373
2026-07-01 08:50:44.492 10 INFO neutron.db.segments_db [None req-82621fb8-2762-4fce-adec-6a3961805300 9e9f3b40cd724488b25cbd1c1f98a8c5 ff5b4badd09f4af28792630df503a677 - - default default] Added segment cb39e013-087b-4c45-9344-9202c467ea0a of type geneve for network acf9ed47-454f-4301-8d23-e4bf547bfe97
2026-07-01 08:50:44.502 10 INFO neutron.services.segments.plugin [-] Segment a6fe17e5-6608-4041-8578-301a592c4a43 resource provider aggregate not found
2026-07-01 08:50:44.506 10 INFO neutron.services.segments.plugin [-] Segment a6fe17e5-6608-4041-8578-301a592c4a43 resource provider aggregate not found
2026-07-01 08:50:44.526 9 INFO neutron.wsgi [None req-d47e89b6-6fa8-4a1b-99ff-02abeaa7890f 55a5c6c56fb943e2a14e1ac6b25eeb85 2bcdf5accffc4304b39fe6804f571679 - - default default] 10.0.0.137 "GET /v2.0/network-ip-availabilities HTTP/1.1" status: 200 len: 5179 time: 0.0421793
2026-07-01 08:50:44.527 10 INFO neutron.services.segments.plugin [-] Segment a6fe17e5-6608-4041-8578-301a592c4a43 resource provider not found; error: Placement Client Error (4xx): {"errors": [{"status": 404, "title": "Not Found", "detail": "The resource could not be found.\n\n No resource provider with uuid a6fe17e5-6608-4041-8578-301a592c4a43 found for delete ", "request_id": "req-6cf59eb5-50b6-4d12-a555-29a8e5fc77ad"}]}
2026-07-01 08:50:44.536 10 INFO neutron.services.segments.plugin [-] Segment a6fe17e5-6608-4041-8578-301a592c4a43 resource provider not found; error: Placement Client Error (4xx): {"errors": [{"status": 404, "title": "Not Found", "detail": "The resource could not be found.\n\n No resource provider with uuid a6fe17e5-6608-4041-8578-301a592c4a43 found for delete ", "request_id": "req-69d6b92b-26a0-46e0-9568-a06947ac5db8"}]}
2026-07-01 08:50:44.550 10 INFO neutron.wsgi [None req-daeaaf6b-deff-4d7b-9b5e-3c4b71473683 55a5c6c56fb943e2a14e1ac6b25eeb85 2bcdf5accffc4304b39fe6804f571679 - - default default] 10.0.0.235 "DELETE /v2.0/networks/fa07d891-8f26-4f38-8035-3ed86bdd47a0 HTTP/1.1" status: 204 len: 168 time: 0.5815287
2026-07-01 08:50:45.016 10 INFO neutron.db.ovn_revision_numbers_db [None req-82621fb8-2762-4fce-adec-6a3961805300 9e9f3b40cd724488b25cbd1c1f98a8c5 ff5b4badd09f4af28792630df503a677 - - default default] Successfully bumped revision number for resource acf9ed47-454f-4301-8d23-e4bf547bfe97 (type: networks) to 1
2026-07-01 08:50:45.257 10 WARNING neutron.scheduler.dhcp_agent_scheduler [None req-82621fb8-2762-4fce-adec-6a3961805300 9e9f3b40cd724488b25cbd1c1f98a8c5 ff5b4badd09f4af28792630df503a677 - - default default] No more DHCP agents
2026-07-01 08:50:45.261 10 WARNING neutron.api.rpc.agentnotifiers.dhcp_rpc_agent_api [None req-82621fb8-2762-4fce-adec-6a3961805300 9e9f3b40cd724488b25cbd1c1f98a8c5 ff5b4badd09f4af28792630df503a677 - - default default] Unable to schedule network acf9ed47-454f-4301-8d23-e4bf547bfe97: no agents available; will retry on subsequent port and subnet creation events.
2026-07-01 08:50:45.375 9 INFO neutron.db.ovn_revision_numbers_db [req-e421eb71-2e74-4a5f-bc45-644598678686 req-dd23c656-6e09-448f-b2e3-e21a1966881d 9bace6ade53a42cc8a059d404d8c575b 42f8953e468046b4837051ad68060903 - - e2a361f18ee442689da9a86b65027798 e2a361f18ee442689da9a86b65027798] Successfully bumped revision number for resource 8098cec3-95c6-4301-a388-46df55e4f4cf (type: ports) to 2
2026-07-01 08:50:45.387 10 INFO neutron.db.ovn_revision_numbers_db [None req-82621fb8-2762-4fce-adec-6a3961805300 9e9f3b40cd724488b25cbd1c1f98a8c5 ff5b4badd09f4af28792630df503a677 - - default default] Successfully bumped revision number for resource 06637b26-80ff-4f3b-9cba-f984fb9af162 (type: ports) to 1
2026-07-01 08:50:45.415 10 INFO neutron.wsgi [None req-82621fb8-2762-4fce-adec-6a3961805300 9e9f3b40cd724488b25cbd1c1f98a8c5 ff5b4badd09f4af28792630df503a677 - - default default] 10.0.0.235 "POST /v2.0/networks HTTP/1.1" status: 201 len: 830 time: 1.0800416 /var/lib/openstack/lib/python3.10/site-packages/pycadf/identifier.py:71: UserWarning: Invalid uuid: neutron. To ensure interoperability, identifiers should be a valid uuid. warnings.warn(('Invalid uuid: %s. To ensure interoperability, '
2026-07-01 08:50:45.430 9 WARNING neutron_lib.context [None req-279aa6a3-8ef3-4d83-b2b8-7d99d87b1fa2 9e9f3b40cd724488b25cbd1c1f98a8c5 ff5b4badd09f4af28792630df503a677 - - default default] Method 'is_advsvc' is deprecated since 2023.2 release (neutron-lib 3.8.0) and will be removed once support for the old RBAC API policies will be removed from Neutron. Please use method 'is_service_role' instead.
2026-07-01 08:50:45.483 10 INFO neutron.wsgi [req-58edeec4-9174-4489-8609-14d1097482da req-b6dc39d8-01ee-46ff-b340-5a8cbd96ba4f 55a5c6c56fb943e2a14e1ac6b25eeb85 2bcdf5accffc4304b39fe6804f571679 - - default default] 10.0.0.79 "GET /v2.0/ports?device_id=4cb698e3-5abf-4d41-8407-997e65deb3c9 HTTP/1.1" status: 200 len: 1301 time: 0.0484858
2026-07-01 08:50:45.541 10 INFO neutron.wsgi [req-58edeec4-9174-4489-8609-14d1097482da req-27c166c8-3c62-4368-8c2c-07527ee3d63b 55a5c6c56fb943e2a14e1ac6b25eeb85 2bcdf5accffc4304b39fe6804f571679 - - default default] 10.0.0.79 "GET /v2.0/security-groups?id=fb2475dd-a60f-47a4-98dd-de5278817e5e&fields=id&fields=name HTTP/1.1" status: 200 len: 294 time: 0.0509772
2026-07-01 08:50:45.675 10 INFO neutron.wsgi [req-1fec8e4f-30a5-4be1-802f-f00898d8b0a1 req-134bc636-a88e-49ff-9958-3383b18cd776 55a5c6c56fb943e2a14e1ac6b25eeb85 2bcdf5accffc4304b39fe6804f571679 - - default default] 10.0.0.79 "GET /v2.0/ports?device_id=4cb698e3-5abf-4d41-8407-997e65deb3c9 HTTP/1.1" status: 200 len: 1411 time: 0.0718026
2026-07-01 08:50:45.773 9 INFO neutron.db.ovn_revision_numbers_db [req-e421eb71-2e74-4a5f-bc45-644598678686 req-dd23c656-6e09-448f-b2e3-e21a1966881d 9bace6ade53a42cc8a059d404d8c575b 42f8953e468046b4837051ad68060903 - - e2a361f18ee442689da9a86b65027798 e2a361f18ee442689da9a86b65027798] Successfully bumped revision number for resource 8098cec3-95c6-4301-a388-46df55e4f4cf (type: ports) to 2
