2026-07-01 08:49:21.316 10 WARNING neutron_lib.context [None req-b2fe0ef4-5719-4a13-ad1f-2cb8995b051a dce585158ee544c7a1795b12c07085b6 753c6a8bce8348b3a0f9b24ae8c941bc - - default default] Method 'is_advsvc' is deprecated since 2023.2 release (neutron-lib 3.8.0) and will be removed once support for the old RBAC API policies will be removed from Neutron. Please use method 'is_service_role' instead.
2026-07-01 08:49:21.671 9 WARNING neutron.scheduler.dhcp_agent_scheduler [None req-5980889f-f945-477e-9e13-64fe092ff046 c3b4c9e9bd0e464eb4294917c66792ad 04dfa4a7a975407fb4d8c293846a6a3c - - default default] No more DHCP agents
2026-07-01 08:49:21.682 9 WARNING neutron.api.rpc.agentnotifiers.dhcp_rpc_agent_api [None req-5980889f-f945-477e-9e13-64fe092ff046 c3b4c9e9bd0e464eb4294917c66792ad 04dfa4a7a975407fb4d8c293846a6a3c - - default default] Unable to schedule network edd0b891-7d52-40d3-95cf-407cdd0a9beb: no agents available; will retry on subsequent port and subnet creation events.
2026-07-01 08:49:21.726 9 INFO neutron.db.ovn_revision_numbers_db [None req-5980889f-f945-477e-9e13-64fe092ff046 c3b4c9e9bd0e464eb4294917c66792ad 04dfa4a7a975407fb4d8c293846a6a3c - - default default] Successfully bumped revision number for resource b311b3ee-f33e-4a0b-ae43-153306f6ed07 (type: subnets) to 0
2026-07-01 08:49:21.745 9 INFO neutron.wsgi [None req-5980889f-f945-477e-9e13-64fe092ff046 c3b4c9e9bd0e464eb4294917c66792ad 04dfa4a7a975407fb4d8c293846a6a3c - - default default] 10.0.0.235 "POST /v2.0/subnets HTTP/1.1" status: 201 len: 907 time: 0.5059843
2026-07-01 08:49:21.758 9 WARNING neutron_lib.context [None req-f56b0936-b83c-4c87-bae0-ce1cb8a26e45 c3b4c9e9bd0e464eb4294917c66792ad 04dfa4a7a975407fb4d8c293846a6a3c - - default default] Method 'is_advsvc' is deprecated since 2023.2 release (neutron-lib 3.8.0) and will be removed once support for the old RBAC API policies will be removed from Neutron. Please use method 'is_service_role' instead.
2026-07-01 08:49:21.861 9 INFO neutron.db.segments_db [None req-f56b0936-b83c-4c87-bae0-ce1cb8a26e45 c3b4c9e9bd0e464eb4294917c66792ad 04dfa4a7a975407fb4d8c293846a6a3c - - default default] Added segment 565c920b-8a49-4370-bc3e-53cde1e0be1b of type geneve for network 3d7a95da-fb68-40b2-a4b6-b2296164f231
2026-07-01 08:49:22.049 10 WARNING neutron.scheduler.dhcp_agent_scheduler [None req-b2fe0ef4-5719-4a13-ad1f-2cb8995b051a dce585158ee544c7a1795b12c07085b6 753c6a8bce8348b3a0f9b24ae8c941bc - - default default] No more DHCP agents
2026-07-01 08:49:22.050 9 INFO neutron.db.ovn_revision_numbers_db [None req-f56b0936-b83c-4c87-bae0-ce1cb8a26e45 c3b4c9e9bd0e464eb4294917c66792ad 04dfa4a7a975407fb4d8c293846a6a3c - - default default] Successfully bumped revision number for resource 3d7a95da-fb68-40b2-a4b6-b2296164f231 (type: networks) to 1
2026-07-01 08:49:22.051 10 WARNING neutron.api.rpc.agentnotifiers.dhcp_rpc_agent_api [None req-b2fe0ef4-5719-4a13-ad1f-2cb8995b051a dce585158ee544c7a1795b12c07085b6 753c6a8bce8348b3a0f9b24ae8c941bc - - default default] Unable to schedule network 76b76341-7fa0-43ff-868c-8cb45676f306: no agents available; will retry on subsequent port and subnet creation events.
2026-07-01 08:49:22.236 10 INFO neutron.db.ovn_revision_numbers_db [None req-b2fe0ef4-5719-4a13-ad1f-2cb8995b051a dce585158ee544c7a1795b12c07085b6 753c6a8bce8348b3a0f9b24ae8c941bc - - default default] Successfully bumped revision number for resource 71eb5275-d555-4813-88b5-adb0f8f86335 (type: ports) to 1
2026-07-01 08:49:22.271 9 WARNING neutron.scheduler.dhcp_agent_scheduler [None req-f56b0936-b83c-4c87-bae0-ce1cb8a26e45 c3b4c9e9bd0e464eb4294917c66792ad 04dfa4a7a975407fb4d8c293846a6a3c - - default default] No more DHCP agents
2026-07-01 08:49:22.274 9 WARNING neutron.api.rpc.agentnotifiers.dhcp_rpc_agent_api [None req-f56b0936-b83c-4c87-bae0-ce1cb8a26e45 c3b4c9e9bd0e464eb4294917c66792ad 04dfa4a7a975407fb4d8c293846a6a3c - - default default] Unable to schedule network 3d7a95da-fb68-40b2-a4b6-b2296164f231: no agents available; will retry on subsequent port and subnet creation events.
2026-07-01 08:49:22.414 9 INFO neutron.db.ovn_revision_numbers_db [None req-f56b0936-b83c-4c87-bae0-ce1cb8a26e45 c3b4c9e9bd0e464eb4294917c66792ad 04dfa4a7a975407fb4d8c293846a6a3c - - default default] Successfully bumped revision number for resource 61415912-b42d-4dd4-921c-7160fa0fb0f9 (type: ports) to 1
2026-07-01 08:49:22.456 9 INFO neutron.wsgi [None req-f56b0936-b83c-4c87-bae0-ce1cb8a26e45 c3b4c9e9bd0e464eb4294917c66792ad 04dfa4a7a975407fb4d8c293846a6a3c - - default default] 10.0.0.235 "POST /v2.0/networks HTTP/1.1" status: 201 len: 837 time: 0.7041962
2026-07-01 08:49:22.467 9 INFO neutron.wsgi [None req-92ec8ebb-7b3d-4c99-ac71-55189d3b92c8 55a5c6c56fb943e2a14e1ac6b25eeb85 2bcdf5accffc4304b39fe6804f571679 - - default default] 10.0.0.235 "GET /v2.0/security-groups?tenant_id=365b79bc0c2849d48add9b222c8f6b11&name=default HTTP/1.1" status: 200 len: 3120 time: 0.2837260
2026-07-01 08:49:22.551 9 INFO neutron.db.ovn_revision_numbers_db [None req-f402f655-b896-4afa-a5dd-5d8be1e99368 55a5c6c56fb943e2a14e1ac6b25eeb85 2bcdf5accffc4304b39fe6804f571679 - - default default] Successfully bumped revision number for resource facb412e-a95c-4f55-abd9-4a54503a317f (type: security_groups) to 1
2026-07-01 08:49:22.571 9 INFO neutron.db.ovn_revision_numbers_db [None req-f402f655-b896-4afa-a5dd-5d8be1e99368 55a5c6c56fb943e2a14e1ac6b25eeb85 2bcdf5accffc4304b39fe6804f571679 - - default default] Successfully bumped revision number for resource 157893e2-397c-4551-8a3b-c600815dba3b (type: security_group_rules) to 0
2026-07-01 08:49:22.598 9 INFO neutron.db.ovn_revision_numbers_db [None req-f402f655-b896-4afa-a5dd-5d8be1e99368 55a5c6c56fb943e2a14e1ac6b25eeb85 2bcdf5accffc4304b39fe6804f571679 - - default default] Successfully bumped revision number for resource 80f1982f-1a6a-4500-bf73-e9a6fffd7d93 (type: security_group_rules) to 0
2026-07-01 08:49:22.619 9 INFO neutron.db.ovn_revision_numbers_db [None req-f402f655-b896-4afa-a5dd-5d8be1e99368 55a5c6c56fb943e2a14e1ac6b25eeb85 2bcdf5accffc4304b39fe6804f571679 - - default default] Successfully bumped revision number for resource 99a4bb94-2f75-4046-b2c1-29ab125a781c (type: security_group_rules) to 0
2026-07-01 08:49:22.642 9 INFO neutron.db.ovn_revision_numbers_db [None req-f402f655-b896-4afa-a5dd-5d8be1e99368 55a5c6c56fb943e2a14e1ac6b25eeb85 2bcdf5accffc4304b39fe6804f571679 - - default default] Successfully bumped revision number for resource a40c2b97-ca23-48fb-a24b-3a9e175e2b7a (type: security_group_rules) to 0
2026-07-01 08:49:22.672 9 INFO neutron.wsgi [None req-f402f655-b896-4afa-a5dd-5d8be1e99368 55a5c6c56fb943e2a14e1ac6b25eeb85 2bcdf5accffc4304b39fe6804f571679 - - default default] 10.0.0.235 "GET /v2.0/security-groups?tenant_id=5f0485440a1a499e87d0b5e02d1d7495&name=default HTTP/1.1" status: 200 len: 3120 time: 0.4683127
2026-07-01 08:49:22.802 10 WARNING neutron_lib.context [None req-956157ed-8ab5-4655-9a8f-7e1ccbb2d326 c3b4c9e9bd0e464eb4294917c66792ad 04dfa4a7a975407fb4d8c293846a6a3c - - default default] Method 'is_advsvc' is deprecated since 2023.2 release (neutron-lib 3.8.0) and will be removed once support for the old RBAC API policies will be removed from Neutron. Please use method 'is_service_role' instead.
2026-07-01 08:49:22.828 10 INFO neutron.services.segments.plugin [-] Segment d514266e-30ee-4d5a-91cd-dd6a4aa0df8b resource provider aggregate not found
2026-07-01 08:49:22.833 10 INFO neutron.services.segments.plugin [-] Segment d514266e-30ee-4d5a-91cd-dd6a4aa0df8b resource provider aggregate not found
2026-07-01 08:49:22.854 10 INFO neutron.services.segments.plugin [-] Segment d514266e-30ee-4d5a-91cd-dd6a4aa0df8b resource provider not found; error: Placement Client Error (4xx): {"errors": [{"status": 404, "title": "Not Found", "detail": "The resource could not be found.\n\n No resource provider with uuid d514266e-30ee-4d5a-91cd-dd6a4aa0df8b found for delete ", "request_id": "req-64425492-6ad9-4ec6-b780-4a00f8a1e9af"}]}
2026-07-01 08:49:22.860 10 INFO neutron.services.segments.plugin [-] Segment d514266e-30ee-4d5a-91cd-dd6a4aa0df8b resource provider not found; error: Placement Client Error (4xx): {"errors": [{"status": 404, "title": "Not Found", "detail": "The resource could not be found.\n\n No resource provider with uuid d514266e-30ee-4d5a-91cd-dd6a4aa0df8b found for delete ", "request_id": "req-518f97ec-bd50-4475-b6d5-d1bb9a077847"}]}
2026-07-01 08:49:22.880 10 INFO neutron.services.segments.plugin [-] Segment 3dc31eb9-8342-4b32-bde1-d38c267ade79 resource provider aggregate not found
2026-07-01 08:49:22.884 10 INFO neutron.services.segments.plugin [-] Segment 3dc31eb9-8342-4b32-bde1-d38c267ade79 resource provider aggregate not found
2026-07-01 08:49:22.902 10 INFO neutron.services.segments.plugin [-] Segment 3dc31eb9-8342-4b32-bde1-d38c267ade79 resource provider not found; error: Placement Client Error (4xx): {"errors": [{"status": 404, "title": "Not Found", "detail": "The resource could not be found.\n\n No resource provider with uuid 3dc31eb9-8342-4b32-bde1-d38c267ade79 found for delete ", "request_id": "req-b28a6e9f-d630-4dc2-85da-5083c9b3bdd7"}]}
2026-07-01 08:49:22.909 10 INFO neutron.services.segments.plugin [-] Segment 3dc31eb9-8342-4b32-bde1-d38c267ade79 resource provider not found; error: Placement Client Error (4xx): {"errors": [{"status": 404, "title": "Not Found", "detail": "The resource could not be found.\n\n No resource provider with uuid 3dc31eb9-8342-4b32-bde1-d38c267ade79 found for delete ", "request_id": "req-e497bb2a-606a-46bd-835c-11152d9c8ae4"}]}
2026-07-01 08:49:22.912 9 INFO neutron.wsgi [None req-c4d1cb77-15b4-40f9-be81-a8388d1913b7 55a5c6c56fb943e2a14e1ac6b25eeb85 2bcdf5accffc4304b39fe6804f571679 - - default default] 10.0.0.235 "DELETE /v2.0/security-groups/c5a70688-db2b-4f8b-b40d-cafccc6a7296 HTTP/1.1" status: 204 len: 168 time: 0.4388552
2026-07-01 08:49:22.921 10 INFO neutron.services.segments.plugin [-] Segment 02061de8-9019-4c27-80e6-11dc4d6ab853 resource provider aggregate not found
2026-07-01 08:49:22.939 10 INFO neutron.services.segments.plugin [-] Segment 02061de8-9019-4c27-80e6-11dc4d6ab853 resource provider not found; error: Placement Client Error (4xx): {"errors": [{"status": 404, "title": "Not Found", "detail": "The resource could not be found.\n\n No resource provider with uuid 02061de8-9019-4c27-80e6-11dc4d6ab853 found for delete ", "request_id": "req-9d887f43-15ac-4f70-959d-1de5520a5c0b"}]}
2026-07-01 08:49:22.943 10 INFO neutron.services.segments.plugin [-] Segment 02061de8-9019-4c27-80e6-11dc4d6ab853 resource provider aggregate not found
2026-07-01 08:49:22.965 10 INFO neutron.services.segments.plugin [-] Segment 02061de8-9019-4c27-80e6-11dc4d6ab853 resource provider not found; error: Placement Client Error (4xx): {"errors": [{"status": 404, "title": "Not Found", "detail": "The resource could not be found.\n\n No resource provider with uuid 02061de8-9019-4c27-80e6-11dc4d6ab853 found for delete ", "request_id": "req-7e076539-c50c-467d-bbd2-16d25517e316"}]}
2026-07-01 08:49:23.088 9 INFO neutron.wsgi [None req-10597975-b9d2-46ca-967b-6e2c3a00afaa 55a5c6c56fb943e2a14e1ac6b25eeb85 2bcdf5accffc4304b39fe6804f571679 - - default default] 10.0.0.235 "DELETE /v2.0/security-groups/facb412e-a95c-4f55-abd9-4a54503a317f HTTP/1.1" status: 204 len: 168 time: 0.4073994
2026-07-01 08:49:23.228 9 INFO neutron.db.ovn_revision_numbers_db [None req-2346196f-19ef-4528-a925-771cbc8af360 55a5c6c56fb943e2a14e1ac6b25eeb85 2bcdf5accffc4304b39fe6804f571679 - - default default] Successfully bumped revision number for resource b039c7a6-968e-4444-9294-6994c99c01c9 (type: security_groups) to 1
2026-07-01 08:49:23.247 10 WARNING neutron.scheduler.dhcp_agent_scheduler [None req-956157ed-8ab5-4655-9a8f-7e1ccbb2d326 c3b4c9e9bd0e464eb4294917c66792ad 04dfa4a7a975407fb4d8c293846a6a3c - - default default] No more DHCP agents
2026-07-01 08:49:23.256 10 WARNING neutron.api.rpc.agentnotifiers.dhcp_rpc_agent_api [None req-956157ed-8ab5-4655-9a8f-7e1ccbb2d326 c3b4c9e9bd0e464eb4294917c66792ad 04dfa4a7a975407fb4d8c293846a6a3c - - default default] Unable to schedule network 3d7a95da-fb68-40b2-a4b6-b2296164f231: no agents available; will retry on subsequent port and subnet creation events.
2026-07-01 08:49:23.289 9 INFO neutron.db.ovn_revision_numbers_db [None req-2346196f-19ef-4528-a925-771cbc8af360 55a5c6c56fb943e2a14e1ac6b25eeb85 2bcdf5accffc4304b39fe6804f571679 - - default default] Successfully bumped revision number for resource 06274673-780a-4f04-9974-0a6a44b2bd44 (type: security_group_rules) to 0
2026-07-01 08:49:23.313 9 INFO neutron.db.ovn_revision_numbers_db [None req-2346196f-19ef-4528-a925-771cbc8af360 55a5c6c56fb943e2a14e1ac6b25eeb85 2bcdf5accffc4304b39fe6804f571679 - - default default] Successfully bumped revision number for resource 7dc55ca1-15c1-44c2-ab8b-802547ee9f3d (type: security_group_rules) to 0
2026-07-01 08:49:23.328 9 INFO neutron.db.ovn_revision_numbers_db [None req-2346196f-19ef-4528-a925-771cbc8af360 55a5c6c56fb943e2a14e1ac6b25eeb85 2bcdf5accffc4304b39fe6804f571679 - - default default] Successfully bumped revision number for resource 8dad933d-8f38-40c3-9e9e-a070198ae477 (type: security_group_rules) to 0
2026-07-01 08:49:23.350 9 INFO neutron.db.ovn_revision_numbers_db [None req-2346196f-19ef-4528-a925-771cbc8af360 55a5c6c56fb943e2a14e1ac6b25eeb85 2bcdf5accffc4304b39fe6804f571679 - - default default] Successfully bumped revision number for resource a19699d0-9192-4cca-a23a-992154469f99 (type: security_group_rules) to 0
2026-07-01 08:49:23.381 9 INFO neutron.wsgi [None req-2346196f-19ef-4528-a925-771cbc8af360 55a5c6c56fb943e2a14e1ac6b25eeb85 2bcdf5accffc4304b39fe6804f571679 - - default default] 10.0.0.235 "GET /v2.0/security-groups?tenant_id=9d84c00a5d544a229df27ff00cb2a5bf&name=default HTTP/1.1" status: 200 len: 3120 time: 0.3067873
2026-07-01 08:49:23.518 10 INFO neutron.plugins.ml2.drivers.ovn.mech_driver.ovsdb.commands [None req-5e38e9db-7959-41a4-8c6e-a0b21a8ccf00 - - - - - -] Schedule LRP lrp-71eb5275-d555-4813-88b5-adb0f8f86335 on gateway 6ba109af-abd1-4c2c-be75-2400e5d0a839 with priority 1
2026-07-01 08:49:23.536 10 INFO neutron.plugins.ml2.drivers.ovn.mech_driver.mech_driver [None req-fa2271e7-6c14-4c76-acce-a0e636548aed - - - - - -] OVN reports status up for port: 71eb5275-d555-4813-88b5-adb0f8f86335
2026-07-01 08:49:23.561 10 INFO neutron.plugins.ml2.plugin [None req-fa2271e7-6c14-4c76-acce-a0e636548aed - - - - - -] Attempt 1 to provision port 71eb5275-d555-4813-88b5-adb0f8f86335
2026-07-01 08:49:23.622 10 INFO neutron.db.ovn_revision_numbers_db [None req-b2fe0ef4-5719-4a13-ad1f-2cb8995b051a dce585158ee544c7a1795b12c07085b6 753c6a8bce8348b3a0f9b24ae8c941bc - - default default] Successfully bumped revision number for resource 71eb5275-d555-4813-88b5-adb0f8f86335 (type: router_ports) to 1
2026-07-01 08:49:23.688 9 INFO neutron.wsgi [None req-26eca47c-1fd7-4923-b9f9-8aed767613ee 55a5c6c56fb943e2a14e1ac6b25eeb85 2bcdf5accffc4304b39fe6804f571679 - - default default] 10.0.0.235 "DELETE /v2.0/security-groups/b039c7a6-968e-4444-9294-6994c99c01c9 HTTP/1.1" status: 204 len: 168 time: 0.3017907
2026-07-01 08:49:23.779 10 INFO neutron.db.ovn_revision_numbers_db [None req-b2fe0ef4-5719-4a13-ad1f-2cb8995b051a dce585158ee544c7a1795b12c07085b6 753c6a8bce8348b3a0f9b24ae8c941bc - - default default] Successfully bumped revision number for resource 9688539d-60f0-470b-9196-e2ea114e9347 (type: routers) to 2
2026-07-01 08:49:23.823 10 INFO neutron.wsgi [None req-b2fe0ef4-5719-4a13-ad1f-2cb8995b051a dce585158ee544c7a1795b12c07085b6 753c6a8bce8348b3a0f9b24ae8c941bc - - default default] 10.0.0.235 "POST /v2.0/routers HTTP/1.1" status: 201 len: 1151 time: 2.5122840
2026-07-01 08:49:23.932 10 INFO neutron.db.ovn_revision_numbers_db [None req-956157ed-8ab5-4655-9a8f-7e1ccbb2d326 c3b4c9e9bd0e464eb4294917c66792ad 04dfa4a7a975407fb4d8c293846a6a3c - - default default] Successfully bumped revision number for resource 61415912-b42d-4dd4-921c-7160fa0fb0f9 (type: ports) to 2
2026-07-01 08:49:23.948 9 INFO neutron.wsgi [None req-b012cc55-63de-452d-80ab-4f0dc25fb609 dce585158ee544c7a1795b12c07085b6 753c6a8bce8348b3a0f9b24ae8c941bc - - default default] 10.0.0.235 "GET /v2.0/routers/9688539d-60f0-470b-9196-e2ea114e9347 HTTP/1.1" status: 200 len: 1152 time: 0.1179733
2026-07-01 08:49:23.975 10 INFO neutron.db.ovn_revision_numbers_db [None req-956157ed-8ab5-4655-9a8f-7e1ccbb2d326 c3b4c9e9bd0e464eb4294917c66792ad 04dfa4a7a975407fb4d8c293846a6a3c - - default default] Successfully bumped revision number for resource a7ac66cb-8520-4149-9219-d352fd002bc6 (type: subnets) to 0
2026-07-01 08:49:23.996 10 INFO neutron.wsgi [None req-956157ed-8ab5-4655-9a8f-7e1ccbb2d326 c3b4c9e9bd0e464eb4294917c66792ad 04dfa4a7a975407fb4d8c293846a6a3c - - default default] 10.0.0.235 "POST /v2.0/subnets HTTP/1.1" status: 201 len: 830 time: 1.5291693
2026-07-01 08:49:24.006 10 WARNING neutron_lib.context [None req-a10e9f40-499a-43e5-9356-3d35255c796f c3b4c9e9bd0e464eb4294917c66792ad 04dfa4a7a975407fb4d8c293846a6a3c - - default default] Method 'is_advsvc' is deprecated since 2023.2 release (neutron-lib 3.8.0) and will be removed once support for the old RBAC API policies will be removed from Neutron. Please use method 'is_service_role' instead.
2026-07-01 08:49:24.059 10 INFO neutron.db.ovn_revision_numbers_db [None req-ac146feb-ab75-4944-b9fc-2018a80272a9 55a5c6c56fb943e2a14e1ac6b25eeb85 2bcdf5accffc4304b39fe6804f571679 - - default default] Successfully bumped revision number for resource 73b0d8be-a20b-4c0d-8f48-d50785e52f30 (type: security_groups) to 1
2026-07-01 08:49:24.074 10 INFO neutron.db.ovn_revision_numbers_db [None req-ac146feb-ab75-4944-b9fc-2018a80272a9 55a5c6c56fb943e2a14e1ac6b25eeb85 2bcdf5accffc4304b39fe6804f571679 - - default default] Successfully bumped revision number for resource 29dd2a2e-8907-4554-9a80-5077bc54a0a9 (type: security_group_rules) to 0
2026-07-01 08:49:24.089 10 INFO neutron.db.ovn_revision_numbers_db [None req-ac146feb-ab75-4944-b9fc-2018a80272a9 55a5c6c56fb943e2a14e1ac6b25eeb85 2bcdf5accffc4304b39fe6804f571679 - - default default] Successfully bumped revision number for resource 6cbea4b1-ccb9-4d55-9c5a-4f7fb7591e4b (type: security_group_rules) to 0
2026-07-01 08:49:24.090 9 INFO neutron.wsgi [None req-6e7554e9-323d-4c52-bb9d-2411ea4f0910 dce585158ee544c7a1795b12c07085b6 753c6a8bce8348b3a0f9b24ae8c941bc - - default default] 10.0.0.235 "GET /v2.0/routers HTTP/1.1" status: 200 len: 1155 time: 0.1364238
2026-07-01 08:49:24.123 10 INFO neutron.db.ovn_revision_numbers_db [None req-ac146feb-ab75-4944-b9fc-2018a80272a9 55a5c6c56fb943e2a14e1ac6b25eeb85 2bcdf5accffc4304b39fe6804f571679 - - default default] Successfully bumped revision number for resource 927211bd-7cb6-4629-9f14-64807b9aae48 (type: security_group_rules) to 0
2026-07-01 08:49:24.146 10 INFO neutron.db.ovn_revision_numbers_db [None req-ac146feb-ab75-4944-b9fc-2018a80272a9 55a5c6c56fb943e2a14e1ac6b25eeb85 2bcdf5accffc4304b39fe6804f571679 - - default default] Successfully bumped revision number for resource c8d34319-91fd-46e4-9dee-4649c198cd78 (type: security_group_rules) to 0
2026-07-01 08:49:24.172 10 INFO neutron.wsgi [None req-ac146feb-ab75-4944-b9fc-2018a80272a9 55a5c6c56fb943e2a14e1ac6b25eeb85 2bcdf5accffc4304b39fe6804f571679 - - default default] 10.0.0.235 "GET /v2.0/security-groups?tenant_id=a7f2d5ff1e3d4a3391c8296d2c26d04d&name=default HTTP/1.1" status: 200 len: 3120 time: 0.2960734
2026-07-01 08:49:24.184 9 WARNING neutron.plugins.ml2.drivers.ovn.mech_driver.ovsdb.ovn_client [None req-5fe65190-f355-4240-aa88-3c53cbc5a684 - - - - - -] No port found with ID d7b0e3a9-26b5-41fa-bde8-bc6724f1dfa9: RuntimeError: No port found with ID d7b0e3a9-26b5-41fa-bde8-bc6724f1dfa9
2026-07-01 08:49:24.340 10 WARNING neutron.scheduler.dhcp_agent_scheduler [None req-a10e9f40-499a-43e5-9356-3d35255c796f c3b4c9e9bd0e464eb4294917c66792ad 04dfa4a7a975407fb4d8c293846a6a3c - - default default] No more DHCP agents
2026-07-01 08:49:24.344 10 WARNING neutron.api.rpc.agentnotifiers.dhcp_rpc_agent_api [None req-a10e9f40-499a-43e5-9356-3d35255c796f c3b4c9e9bd0e464eb4294917c66792ad 04dfa4a7a975407fb4d8c293846a6a3c - - default default] Unable to schedule network 3d7a95da-fb68-40b2-a4b6-b2296164f231: no agents available; will retry on subsequent port and subnet creation events.
2026-07-01 08:49:24.409 10 INFO neutron.db.ovn_revision_numbers_db [None req-a10e9f40-499a-43e5-9356-3d35255c796f c3b4c9e9bd0e464eb4294917c66792ad 04dfa4a7a975407fb4d8c293846a6a3c - - default default] Successfully bumped revision number for resource 083eb0b5-1cc6-4bc1-996f-c89a34a2d193 (type: subnets) to 0
2026-07-01 08:49:24.431 10 INFO neutron.wsgi [None req-a10e9f40-499a-43e5-9356-3d35255c796f c3b4c9e9bd0e464eb4294917c66792ad 04dfa4a7a975407fb4d8c293846a6a3c - - default default] 10.0.0.235 "POST /v2.0/subnets HTTP/1.1" status: 201 len: 901 time: 0.4302495
2026-07-01 08:49:24.443 10 WARNING neutron_lib.context [None req-f78e122c-2ad2-4be9-b460-da6bd60177ec c3b4c9e9bd0e464eb4294917c66792ad 04dfa4a7a975407fb4d8c293846a6a3c - - default default] Method 'is_advsvc' is deprecated since 2023.2 release (neutron-lib 3.8.0) and will be removed once support for the old RBAC API policies will be removed from Neutron. Please use method 'is_service_role' instead.
2026-07-01 08:49:24.507 10 INFO neutron.wsgi [None req-cfa88337-d812-4fe3-b74d-8360f0cabdb0 55a5c6c56fb943e2a14e1ac6b25eeb85 2bcdf5accffc4304b39fe6804f571679 - - default default] 10.0.0.235 "DELETE /v2.0/security-groups/73b0d8be-a20b-4c0d-8f48-d50785e52f30 HTTP/1.1" status: 204 len: 168 time: 0.3283978
2026-07-01 08:49:24.563 10 INFO neutron.db.segments_db [None req-f78e122c-2ad2-4be9-b460-da6bd60177ec c3b4c9e9bd0e464eb4294917c66792ad 04dfa4a7a975407fb4d8c293846a6a3c - - default default] Added segment 7fa7a53f-2f0a-4bbe-ac54-1d275d4d02c5 of type geneve for network 2d8d663b-544e-4606-b303-34ec3a22888b
2026-07-01 08:49:24.814 10 INFO neutron.db.ovn_revision_numbers_db [None req-f78e122c-2ad2-4be9-b460-da6bd60177ec c3b4c9e9bd0e464eb4294917c66792ad 04dfa4a7a975407fb4d8c293846a6a3c - - default default] Successfully bumped revision number for resource 2d8d663b-544e-4606-b303-34ec3a22888b (type: networks) to 1
2026-07-01 08:49:24.968 9 INFO neutron.db.ovn_revision_numbers_db [None req-4ab792a1-35e8-4701-a445-70e65b8dd6bd dce585158ee544c7a1795b12c07085b6 753c6a8bce8348b3a0f9b24ae8c941bc - - default default] Successfully bumped revision number for resource 9688539d-60f0-470b-9196-e2ea114e9347 (type: routers) to 3
2026-07-01 08:49:24.978 9 INFO neutron.wsgi [None req-4ab792a1-35e8-4701-a445-70e65b8dd6bd dce585158ee544c7a1795b12c07085b6 753c6a8bce8348b3a0f9b24ae8c941bc - - default default] 10.0.0.235 "PUT /v2.0/routers/9688539d-60f0-470b-9196-e2ea114e9347 HTTP/1.1" status: 200 len: 1159 time: 0.8819993
2026-07-01 08:49:25.039 10 WARNING neutron.scheduler.dhcp_agent_scheduler [None req-f78e122c-2ad2-4be9-b460-da6bd60177ec c3b4c9e9bd0e464eb4294917c66792ad 04dfa4a7a975407fb4d8c293846a6a3c - - default default] No more DHCP agents
2026-07-01 08:49:25.041 10 WARNING neutron.api.rpc.agentnotifiers.dhcp_rpc_agent_api [None req-f78e122c-2ad2-4be9-b460-da6bd60177ec c3b4c9e9bd0e464eb4294917c66792ad 04dfa4a7a975407fb4d8c293846a6a3c - - default default] Unable to schedule network 2d8d663b-544e-4606-b303-34ec3a22888b: no agents available; will retry on subsequent port and subnet creation events.
2026-07-01 08:49:25.083 9 INFO neutron.wsgi [None req-dde38af1-cdd5-47a2-9e94-5a097cef2872 dce585158ee544c7a1795b12c07085b6 753c6a8bce8348b3a0f9b24ae8c941bc - - default default] 10.0.0.235 "GET /v2.0/routers/9688539d-60f0-470b-9196-e2ea114e9347 HTTP/1.1" status: 200 len: 1159 time: 0.1000249
2026-07-01 08:49:25.111 9 INFO neutron.wsgi [None req-83e8272b-0b0d-4553-bafe-3e216128ebe6 dce585158ee544c7a1795b12c07085b6 753c6a8bce8348b3a0f9b24ae8c941bc - - default default] 10.0.0.235 "GET /v2.0/ports?device_id=9688539d-60f0-470b-9196-e2ea114e9347 HTTP/1.1" status: 200 len: 205 time: 0.0230427
2026-07-01 08:49:25.186 10 INFO neutron.db.ovn_revision_numbers_db [None req-f78e122c-2ad2-4be9-b460-da6bd60177ec c3b4c9e9bd0e464eb4294917c66792ad 04dfa4a7a975407fb4d8c293846a6a3c - - default default] Successfully bumped revision number for resource 450b65e3-6ba6-4ef8-b5a2-23c94e1704e4 (type: ports) to 1
2026-07-01 08:49:25.213 10 INFO neutron.wsgi [None req-f78e122c-2ad2-4be9-b460-da6bd60177ec c3b4c9e9bd0e464eb4294917c66792ad 04dfa4a7a975407fb4d8c293846a6a3c - - default default] 10.0.0.235 "POST /v2.0/networks HTTP/1.1" status: 201 len: 836 time: 0.7753687
2026-07-01 08:49:25.227 10 WARNING neutron_lib.context [None req-fb6a02f4-6dc4-4d03-ab03-1a3d7323f9fb c3b4c9e9bd0e464eb4294917c66792ad 04dfa4a7a975407fb4d8c293846a6a3c - - default default] Method 'is_advsvc' is deprecated since 2023.2 release (neutron-lib 3.8.0) and will be removed once support for the old RBAC API policies will be removed from Neutron. Please use method 'is_service_role' instead.
2026-07-01 08:49:25.524 10 WARNING neutron.scheduler.dhcp_agent_scheduler [None req-fb6a02f4-6dc4-4d03-ab03-1a3d7323f9fb c3b4c9e9bd0e464eb4294917c66792ad 04dfa4a7a975407fb4d8c293846a6a3c - - default default] No more DHCP agents
2026-07-01 08:49:25.530 10 WARNING neutron.api.rpc.agentnotifiers.dhcp_rpc_agent_api [None req-fb6a02f4-6dc4-4d03-ab03-1a3d7323f9fb c3b4c9e9bd0e464eb4294917c66792ad 04dfa4a7a975407fb4d8c293846a6a3c - - default default] Unable to schedule network 2d8d663b-544e-4606-b303-34ec3a22888b: no agents available; will retry on subsequent port and subnet creation events.
2026-07-01 08:49:26.078 9 INFO neutron.wsgi [None req-c1f11c6a-5cb1-441b-8bc5-523069c1761d dce585158ee544c7a1795b12c07085b6 753c6a8bce8348b3a0f9b24ae8c941bc - - default default] 10.0.0.235 "DELETE /v2.0/routers/9688539d-60f0-470b-9196-e2ea114e9347 HTTP/1.1" status: 204 len: 168 time: 0.9531634
2026-07-01 08:49:26.116 9 INFO neutron.wsgi [None req-17488cfa-5eb0-4a26-b5d2-3e01dd39e3a7 dce585158ee544c7a1795b12c07085b6 753c6a8bce8348b3a0f9b24ae8c941bc - - default default] 10.0.0.235 "GET /v2.0/ports?device_id=9688539d-60f0-470b-9196-e2ea114e9347 HTTP/1.1" status: 200 len: 205 time: 0.0315595
2026-07-01 08:49:26.137 10 INFO neutron.db.ovn_revision_numbers_db [None req-fb6a02f4-6dc4-4d03-ab03-1a3d7323f9fb c3b4c9e9bd0e464eb4294917c66792ad 04dfa4a7a975407fb4d8c293846a6a3c - - default default] Successfully bumped revision number for resource 450b65e3-6ba6-4ef8-b5a2-23c94e1704e4 (type: ports) to 2
2026-07-01 08:49:26.153 9 INFO neutron.api.v2.resource [None req-c6aaa677-2b12-489f-8db2-2783a08a89ee dce585158ee544c7a1795b12c07085b6 753c6a8bce8348b3a0f9b24ae8c941bc - - default default] delete failed (client error): The resource could not be found.
2026-07-01 08:49:26.154 9 INFO neutron.wsgi [None req-c6aaa677-2b12-489f-8db2-2783a08a89ee dce585158ee544c7a1795b12c07085b6 753c6a8bce8348b3a0f9b24ae8c941bc - - default default] 10.0.0.235 "DELETE /v2.0/routers/9688539d-60f0-470b-9196-e2ea114e9347 HTTP/1.1" status: 404 len: 336 time: 0.0284011
2026-07-01 08:49:26.186 9 INFO neutron.wsgi [None req-fdd1571d-74b9-45f8-8a82-29408390dc0f dce585158ee544c7a1795b12c07085b6 753c6a8bce8348b3a0f9b24ae8c941bc - - default default] 10.0.0.235 "GET /v2.0/ports?device_id=be3f442a-329c-41b5-95af-c98fa01a9ffa HTTP/1.1" status: 200 len: 205 time: 0.0248661
2026-07-01 08:49:26.187 10 INFO neutron.db.ovn_revision_numbers_db [None req-fb6a02f4-6dc4-4d03-ab03-1a3d7323f9fb c3b4c9e9bd0e464eb4294917c66792ad 04dfa4a7a975407fb4d8c293846a6a3c - - default default] Successfully bumped revision number for resource a37b6c33-1162-4c1a-b53f-a6fe7c954b66 (type: subnets) to 0
2026-07-01 08:49:26.206 10 INFO neutron.wsgi [None req-fb6a02f4-6dc4-4d03-ab03-1a3d7323f9fb c3b4c9e9bd0e464eb4294917c66792ad 04dfa4a7a975407fb4d8c293846a6a3c - - default default] 10.0.0.235 "POST /v2.0/subnets HTTP/1.1" status: 201 len: 830 time: 0.9873819
2026-07-01 08:49:26.219 10 WARNING neutron_lib.context [None req-f9f51eef-f4e2-47ad-8e04-831bec195a46 c3b4c9e9bd0e464eb4294917c66792ad 04dfa4a7a975407fb4d8c293846a6a3c - - default default] Method 'is_advsvc' is deprecated since 2023.2 release (neutron-lib 3.8.0) and will be removed once support for the old RBAC API policies will be removed from Neutron. Please use method 'is_service_role' instead.
2026-07-01 08:49:26.226 9 INFO neutron.api.v2.resource [None req-f3988486-ac4b-479e-bdb6-945d8b322bba dce585158ee544c7a1795b12c07085b6 753c6a8bce8348b3a0f9b24ae8c941bc - - default default] delete failed (client error): The resource could not be found.
2026-07-01 08:49:26.227 9 INFO neutron.wsgi [None req-f3988486-ac4b-479e-bdb6-945d8b322bba dce585158ee544c7a1795b12c07085b6 753c6a8bce8348b3a0f9b24ae8c941bc - - default default] 10.0.0.235 "DELETE /v2.0/routers/be3f442a-329c-41b5-95af-c98fa01a9ffa HTTP/1.1" status: 404 len: 336 time: 0.0324690
2026-07-01 08:49:26.267 9 INFO neutron.pecan_wsgi.hooks.translation [None req-86fa629e-a089-4b88-9104-f2a175b70b2f dce585158ee544c7a1795b12c07085b6 753c6a8bce8348b3a0f9b24ae8c941bc - - default default] DELETE failed (client error): The resource could not be found.
2026-07-01 08:49:26.270 9 INFO neutron.wsgi [None req-86fa629e-a089-4b88-9104-f2a175b70b2f dce585158ee544c7a1795b12c07085b6 753c6a8bce8348b3a0f9b24ae8c941bc - - default default] 10.0.0.235 "DELETE /v2.0/subnets/6616ad57-504e-4c71-aba8-a5d1c9ed8ec9 HTTP/1.1" status: 404 len: 337 time: 0.0328879
2026-07-01 08:49:26.292 9 INFO neutron.wsgi [None req-775fb3a8-a927-48e7-9ba4-86a566f71c89 dce585158ee544c7a1795b12c07085b6 753c6a8bce8348b3a0f9b24ae8c941bc - - default default] 10.0.0.235 "GET /v2.0/ports?device_id=abe4c51d-7f71-4e1b-9e1a-28789fec9f23 HTTP/1.1" status: 200 len: 205 time: 0.0181000
2026-07-01 08:49:26.324 9 INFO neutron.api.v2.resource [None req-f8208b01-5cc7-4201-b822-414eff4f556c dce585158ee544c7a1795b12c07085b6 753c6a8bce8348b3a0f9b24ae8c941bc - - default default] delete failed (client error): The resource could not be found.
2026-07-01 08:49:26.325 9 INFO neutron.wsgi [None req-f8208b01-5cc7-4201-b822-414eff4f556c dce585158ee544c7a1795b12c07085b6 753c6a8bce8348b3a0f9b24ae8c941bc - - default default] 10.0.0.235 "DELETE /v2.0/routers/abe4c51d-7f71-4e1b-9e1a-28789fec9f23 HTTP/1.1" status: 404 len: 336 time: 0.0258605
2026-07-01 08:49:26.346 9 INFO neutron.pecan_wsgi.hooks.translation [None req-646c7ec4-788a-4cae-aa8c-e7d6cef895ff dce585158ee544c7a1795b12c07085b6 753c6a8bce8348b3a0f9b24ae8c941bc - - default default] DELETE failed (client error): The resource could not be found.
2026-07-01 08:49:26.348 9 INFO neutron.wsgi [None req-646c7ec4-788a-4cae-aa8c-e7d6cef895ff dce585158ee544c7a1795b12c07085b6 753c6a8bce8348b3a0f9b24ae8c941bc - - default default] 10.0.0.235 "DELETE /v2.0/subnets/74884d8d-5c5e-4487-9823-64bef7b8c2a1 HTTP/1.1" status: 404 len: 337 time: 0.0186808
2026-07-01 08:49:26.375 9 INFO neutron.wsgi [None req-fce944a5-456c-4d97-8d22-1250bf2607f4 dce585158ee544c7a1795b12c07085b6 753c6a8bce8348b3a0f9b24ae8c941bc - - default default] 10.0.0.235 "GET /v2.0/ports?device_id=5f7cb01f-a0b9-4379-9d1d-060939411455 HTTP/1.1" status: 200 len: 205 time: 0.0223212
2026-07-01 08:49:26.403 9 INFO neutron.api.v2.resource [None req-1ce35d3c-4353-4bc9-8a21-af1a94352c0f dce585158ee544c7a1795b12c07085b6 753c6a8bce8348b3a0f9b24ae8c941bc - - default default] delete failed (client error): The resource could not be found.
2026-07-01 08:49:26.404 9 INFO neutron.wsgi [None req-1ce35d3c-4353-4bc9-8a21-af1a94352c0f dce585158ee544c7a1795b12c07085b6 753c6a8bce8348b3a0f9b24ae8c941bc - - default default] 10.0.0.235 "DELETE /v2.0/routers/5f7cb01f-a0b9-4379-9d1d-060939411455 HTTP/1.1" status: 404 len: 336 time: 0.0242584
2026-07-01 08:49:26.430 9 INFO neutron.pecan_wsgi.hooks.translation [None req-828ba97c-124d-489a-94a6-4b3716aed380 dce585158ee544c7a1795b12c07085b6 753c6a8bce8348b3a0f9b24ae8c941bc - - default default] DELETE failed (client error): The resource could not be found.
2026-07-01 08:49:26.433 9 INFO neutron.wsgi [None req-828ba97c-124d-489a-94a6-4b3716aed380 dce585158ee544c7a1795b12c07085b6 753c6a8bce8348b3a0f9b24ae8c941bc - - default default] 10.0.0.235 "DELETE /v2.0/subnets/f77d90c4-9d17-4a9d-9f84-dc0d8823ff93 HTTP/1.1" status: 404 len: 337 time: 0.0225029
2026-07-01 08:49:26.453 9 INFO neutron.pecan_wsgi.hooks.translation [None req-db645163-a888-4828-b798-64154b689690 dce585158ee544c7a1795b12c07085b6 753c6a8bce8348b3a0f9b24ae8c941bc - - default default] DELETE failed (client error): The resource could not be found.
2026-07-01 08:49:26.455 9 INFO neutron.wsgi [None req-db645163-a888-4828-b798-64154b689690 dce585158ee544c7a1795b12c07085b6 753c6a8bce8348b3a0f9b24ae8c941bc - - default default] 10.0.0.235 "DELETE /v2.0/subnets/9576f177-4a25-43e4-91f1-2d4a514bdf59 HTTP/1.1" status: 404 len: 337 time: 0.0167794
2026-07-01 08:49:26.529 10 WARNING neutron.scheduler.dhcp_agent_scheduler [None req-f9f51eef-f4e2-47ad-8e04-831bec195a46 c3b4c9e9bd0e464eb4294917c66792ad 04dfa4a7a975407fb4d8c293846a6a3c - - default default] No more DHCP agents
2026-07-01 08:49:26.530 10 WARNING neutron.api.rpc.agentnotifiers.dhcp_rpc_agent_api [None req-f9f51eef-f4e2-47ad-8e04-831bec195a46 c3b4c9e9bd0e464eb4294917c66792ad 04dfa4a7a975407fb4d8c293846a6a3c - - default default] Unable to schedule network 2d8d663b-544e-4606-b303-34ec3a22888b: no agents available; will retry on subsequent port and subnet creation events.
2026-07-01 08:49:26.577 10 INFO neutron.db.ovn_revision_numbers_db [None req-f9f51eef-f4e2-47ad-8e04-831bec195a46 c3b4c9e9bd0e464eb4294917c66792ad 04dfa4a7a975407fb4d8c293846a6a3c - - default default] Successfully bumped revision number for resource fd0d55c7-5bed-445d-a94a-326652a8f9f1 (type: subnets) to 0
2026-07-01 08:49:26.602 10 INFO neutron.wsgi [None req-f9f51eef-f4e2-47ad-8e04-831bec195a46 c3b4c9e9bd0e464eb4294917c66792ad 04dfa4a7a975407fb4d8c293846a6a3c - - default default] 10.0.0.235 "POST /v2.0/subnets HTTP/1.1" status: 201 len: 904 time: 0.3891327
2026-07-01 08:49:26.622 10 WARNING neutron_lib.context [None req-df3888a4-c102-43fc-832b-f2f52c691b7e c3b4c9e9bd0e464eb4294917c66792ad 04dfa4a7a975407fb4d8c293846a6a3c - - default default] Method 'is_advsvc' is deprecated since 2023.2 release (neutron-lib 3.8.0) and will be removed once support for the old RBAC API policies will be removed from Neutron. Please use method 'is_service_role' instead.
2026-07-01 08:49:27.388 9 INFO neutron.wsgi [None req-0ed081e4-ba98-40ee-b754-9ed69ce44bb8 55a5c6c56fb943e2a14e1ac6b25eeb85 2bcdf5accffc4304b39fe6804f571679 - - default default] 10.0.0.235 "GET /v2.0/security-groups?tenant_id=753c6a8bce8348b3a0f9b24ae8c941bc&name=default HTTP/1.1" status: 200 len: 3120 time: 0.3232362
2026-07-01 08:49:27.432 9 INFO neutron.wsgi [None req-e1169622-82b5-40a5-baf5-497d9602953c f04b2b9d384d4d66a9fb05668e965373 d2f7d21301824932adf9de0069d0ca4a - - default default] 10.0.0.80 "GET /v2.0/extensions HTTP/1.1" status: 200 len: 18683 time: 0.3171480
2026-07-01 08:49:27.611 9 INFO neutron.wsgi [None req-28d8e432-5283-4541-8a43-f23212baf9e5 f04b2b9d384d4d66a9fb05668e965373 d2f7d21301824932adf9de0069d0ca4a - - default default] 10.0.0.80 "GET /v2.0/quotas/d2f7d21301824932adf9de0069d0ca4a/details HTTP/1.1" status: 200 len: 1046 time: 0.1514318
2026-07-01 08:49:27.649 10 WARNING neutron.scheduler.dhcp_agent_scheduler [None req-df3888a4-c102-43fc-832b-f2f52c691b7e c3b4c9e9bd0e464eb4294917c66792ad 04dfa4a7a975407fb4d8c293846a6a3c - - default default] No more DHCP agents
2026-07-01 08:49:27.650 10 WARNING neutron.api.rpc.agentnotifiers.dhcp_rpc_agent_api [None req-df3888a4-c102-43fc-832b-f2f52c691b7e c3b4c9e9bd0e464eb4294917c66792ad 04dfa4a7a975407fb4d8c293846a6a3c - - default default] Unable to schedule network 76b76341-7fa0-43ff-868c-8cb45676f306: no agents available; will retry on subsequent port and subnet creation events.
2026-07-01 08:49:27.833 10 INFO neutron.wsgi [None req-75e97537-0d34-4500-832f-d7dc1f4dc1ed 55a5c6c56fb943e2a14e1ac6b25eeb85 2bcdf5accffc4304b39fe6804f571679 - - default default] 10.0.0.235 "DELETE /v2.0/security-groups/500f176f-1b86-4156-ab7d-600a1c951e79 HTTP/1.1" status: 204 len: 168 time: 0.4386277
2026-07-01 08:49:27.866 10 INFO neutron.db.ovn_revision_numbers_db [None req-df3888a4-c102-43fc-832b-f2f52c691b7e c3b4c9e9bd0e464eb4294917c66792ad 04dfa4a7a975407fb4d8c293846a6a3c - - default default] Successfully bumped revision number for resource 06491d2c-9152-417d-abc7-0610b57d19b1 (type: ports) to 1
2026-07-01 08:49:28.522 10 WARNING neutron.plugins.ml2.drivers.ovn.mech_driver.ovsdb.ovn_client [None req-fa2271e7-6c14-4c76-acce-a0e636548aed - - - - - -] No port found with ID 71eb5275-d555-4813-88b5-adb0f8f86335: RuntimeError: No port found with ID 71eb5275-d555-4813-88b5-adb0f8f86335
2026-07-01 08:49:28.681 10 INFO neutron.plugins.ml2.drivers.ovn.mech_driver.ovsdb.commands [None req-5e38e9db-7959-41a4-8c6e-a0b21a8ccf00 - - - - - -] Schedule LRP lrp-06491d2c-9152-417d-abc7-0610b57d19b1 on gateway 6ba109af-abd1-4c2c-be75-2400e5d0a839 with priority 1
2026-07-01 08:49:28.691 9 INFO neutron.plugins.ml2.drivers.ovn.mech_driver.mech_driver [None req-5fe65190-f355-4240-aa88-3c53cbc5a684 - - - - - -] OVN reports status up for port: 06491d2c-9152-417d-abc7-0610b57d19b1
2026-07-01 08:49:28.721 9 INFO neutron.plugins.ml2.drivers.ovn.mech_driver.ovsdb.ovsdb_monitor [None req-034382d5-47dd-4114-b89d-bad68796f172 - - - - - -] Router 04e353c4-2984-4c90-9fb6-6621ff8dfee5 is bound to host instance
2026-07-01 08:49:28.725 9 INFO neutron.plugins.ml2.plugin [None req-5fe65190-f355-4240-aa88-3c53cbc5a684 - - - - - -] Attempt 1 to provision port 06491d2c-9152-417d-abc7-0610b57d19b1
2026-07-01 08:49:28.745 10 INFO neutron.db.ovn_revision_numbers_db [None req-df3888a4-c102-43fc-832b-f2f52c691b7e c3b4c9e9bd0e464eb4294917c66792ad 04dfa4a7a975407fb4d8c293846a6a3c - - default default] Successfully bumped revision number for resource 06491d2c-9152-417d-abc7-0610b57d19b1 (type: router_ports) to 1
2026-07-01 08:49:28.835 10 INFO neutron.db.ovn_revision_numbers_db [None req-df3888a4-c102-43fc-832b-f2f52c691b7e c3b4c9e9bd0e464eb4294917c66792ad 04dfa4a7a975407fb4d8c293846a6a3c - - default default] Successfully bumped revision number for resource 04e353c4-2984-4c90-9fb6-6621ff8dfee5 (type: routers) to 2
2026-07-01 08:49:28.855 10 INFO neutron.wsgi [None req-df3888a4-c102-43fc-832b-f2f52c691b7e c3b4c9e9bd0e464eb4294917c66792ad 04dfa4a7a975407fb4d8c293846a6a3c - - default default] 10.0.0.235 "POST /v2.0/routers HTTP/1.1" status: 201 len: 1144 time: 2.2468553
2026-07-01 08:49:29.395 10 WARNING neutron_lib.context [None req-3c98a554-bb4e-49ae-8856-fbd267fa5c26 36f769c12d004f8481bb1929952cc0bb 429c849f95c241f0bf7e2e25c60f95e6 - - default default] Method 'is_advsvc' is deprecated since 2023.2 release (neutron-lib 3.8.0) and will be removed once support for the old RBAC API policies will be removed from Neutron. Please use method 'is_service_role' instead.
2026-07-01 08:49:29.567 10 WARNING neutron.scheduler.dhcp_agent_scheduler [None req-cea6ba43-c5b6-4738-a423-5a5676705e21 c3b4c9e9bd0e464eb4294917c66792ad 04dfa4a7a975407fb4d8c293846a6a3c - - default default] No more DHCP agents
2026-07-01 08:49:29.573 10 WARNING neutron.api.rpc.agentnotifiers.dhcp_rpc_agent_api [None req-cea6ba43-c5b6-4738-a423-5a5676705e21 c3b4c9e9bd0e464eb4294917c66792ad 04dfa4a7a975407fb4d8c293846a6a3c - - default default] Unable to schedule network edd0b891-7d52-40d3-95cf-407cdd0a9beb: no agents available; will retry on subsequent port and subnet creation events.
2026-07-01 08:49:29.654 10 INFO neutron.db.ovn_revision_numbers_db [None req-3c98a554-bb4e-49ae-8856-fbd267fa5c26 36f769c12d004f8481bb1929952cc0bb 429c849f95c241f0bf7e2e25c60f95e6 - - default default] Successfully bumped revision number for resource 129ab54d-b342-43d0-aa2c-0d12ef01b70d (type: security_groups) to 1
2026-07-01 08:49:29.700 10 INFO neutron.db.ovn_revision_numbers_db [None req-3c98a554-bb4e-49ae-8856-fbd267fa5c26 36f769c12d004f8481bb1929952cc0bb 429c849f95c241f0bf7e2e25c60f95e6 - - default default] Successfully bumped revision number for resource 0d94b8e1-4ea2-4bfe-832b-a0a4884dcecd (type: security_group_rules) to 0
2026-07-01 08:49:29.751 10 INFO neutron.db.ovn_revision_numbers_db [None req-3c98a554-bb4e-49ae-8856-fbd267fa5c26 36f769c12d004f8481bb1929952cc0bb 429c849f95c241f0bf7e2e25c60f95e6 - - default default] Successfully bumped revision number for resource 1bbac5ea-5fa3-4bb3-aac8-eb5ffcf83caf (type: security_group_rules) to 0
2026-07-01 08:49:29.802 10 INFO neutron.db.ovn_revision_numbers_db [None req-3c98a554-bb4e-49ae-8856-fbd267fa5c26 36f769c12d004f8481bb1929952cc0bb 429c849f95c241f0bf7e2e25c60f95e6 - - default default] Successfully bumped revision number for resource 29c1a8e1-822c-49bb-941e-eee55820f095 (type: security_group_rules) to 0
2026-07-01 08:49:29.835 10 INFO neutron.db.ovn_revision_numbers_db [None req-cea6ba43-c5b6-4738-a423-5a5676705e21 c3b4c9e9bd0e464eb4294917c66792ad 04dfa4a7a975407fb4d8c293846a6a3c - - default default] Successfully bumped revision number for resource c6081695-3872-4f53-8a56-77f83657c1e5 (type: ports) to 1
2026-07-01 08:49:29.840 10 INFO neutron.db.ovn_revision_numbers_db [None req-3c98a554-bb4e-49ae-8856-fbd267fa5c26 36f769c12d004f8481bb1929952cc0bb 429c849f95c241f0bf7e2e25c60f95e6 - - default default] Successfully bumped revision number for resource b866bf51-cd21-4254-9a7b-655ca149bfd6 (type: security_group_rules) to 0
2026-07-01 08:49:29.903 10 INFO neutron.db.segments_db [None req-3c98a554-bb4e-49ae-8856-fbd267fa5c26 36f769c12d004f8481bb1929952cc0bb 429c849f95c241f0bf7e2e25c60f95e6 - - default default] Added segment 50886c5f-0b75-48ab-bd46-8c7f07e08892 of type geneve for network 82bcaae7-58ef-421b-9ccd-3aa867b773d3
2026-07-01 08:49:29.932 9 WARNING neutron_lib.context [None req-e6e802a6-b653-4645-a784-08dad00b4baf fd61c67d8e1c4b4aaca154186588e3b1 ec2c7d0a7983475ca3abd6e904580c17 - - default default] Method 'is_advsvc' is deprecated since 2023.2 release (neutron-lib 3.8.0) and will be removed once support for the old RBAC API policies will be removed from Neutron. Please use method 'is_service_role' instead.
2026-07-01 08:49:29.981 9 INFO neutron.db.ovn_revision_numbers_db [None req-034382d5-47dd-4114-b89d-bad68796f172 - - - - - -] Successfully bumped revision number for resource 06491d2c-9152-417d-abc7-0610b57d19b1 (type: ports) to 1
2026-07-01 08:49:30.122 10 INFO neutron.db.ovn_revision_numbers_db [None req-3c98a554-bb4e-49ae-8856-fbd267fa5c26 36f769c12d004f8481bb1929952cc0bb 429c849f95c241f0bf7e2e25c60f95e6 - - default default] Successfully bumped revision number for resource 82bcaae7-58ef-421b-9ccd-3aa867b773d3 (type: networks) to 1
2026-07-01 08:49:30.195 9 INFO neutron.db.ovn_revision_numbers_db [None req-e6e802a6-b653-4645-a784-08dad00b4baf fd61c67d8e1c4b4aaca154186588e3b1 ec2c7d0a7983475ca3abd6e904580c17 - - default default] Successfully bumped revision number for resource 00317058-a058-4638-a4ec-68460ce00f42 (type: security_groups) to 1
2026-07-01 08:49:30.261 9 INFO neutron.db.ovn_revision_numbers_db [None req-e6e802a6-b653-4645-a784-08dad00b4baf fd61c67d8e1c4b4aaca154186588e3b1 ec2c7d0a7983475ca3abd6e904580c17 - - default default] Successfully bumped revision number for resource 72af7248-6107-4d0e-bd75-d88657edb4b9 (type: security_group_rules) to 0
2026-07-01 08:49:30.283 9 INFO neutron.db.ovn_revision_numbers_db [None req-e6e802a6-b653-4645-a784-08dad00b4baf fd61c67d8e1c4b4aaca154186588e3b1 ec2c7d0a7983475ca3abd6e904580c17 - - default default] Successfully bumped revision number for resource 99cc83fc-0261-4777-87d6-96d48d3af996 (type: security_group_rules) to 0
2026-07-01 08:49:30.308 9 INFO neutron.db.ovn_revision_numbers_db [None req-e6e802a6-b653-4645-a784-08dad00b4baf fd61c67d8e1c4b4aaca154186588e3b1 ec2c7d0a7983475ca3abd6e904580c17 - - default default] Successfully bumped revision number for resource 9fb823a0-73e3-404e-ab64-488464c74d8e (type: security_group_rules) to 0
2026-07-01 08:49:30.360 9 INFO neutron.db.ovn_revision_numbers_db [None req-e6e802a6-b653-4645-a784-08dad00b4baf fd61c67d8e1c4b4aaca154186588e3b1 ec2c7d0a7983475ca3abd6e904580c17 - - default default] Successfully bumped revision number for resource de0f3c52-9f97-408c-8c0c-3f6b18496da7 (type: security_group_rules) to 0
2026-07-01 08:49:30.430 9 INFO neutron.wsgi [None req-b12c31e0-66bb-47a4-bb6e-9db25ed1ca0d f04b2b9d384d4d66a9fb05668e965373 d2f7d21301824932adf9de0069d0ca4a - - default default] 10.0.0.80 "GET /v2.0/extensions HTTP/1.1" status: 200 len: 18683 time: 0.0096452
2026-07-01 08:49:30.561 9 INFO neutron.db.ovn_revision_numbers_db [None req-034382d5-47dd-4114-b89d-bad68796f172 - - - - - -] Successfully bumped revision number for resource 06491d2c-9152-417d-abc7-0610b57d19b1 (type: router_ports) to 3
2026-07-01 08:49:30.601 9 INFO neutron.db.ovn_revision_numbers_db [None req-e6e802a6-b653-4645-a784-08dad00b4baf fd61c67d8e1c4b4aaca154186588e3b1 ec2c7d0a7983475ca3abd6e904580c17 - - default default] Successfully bumped revision number for resource 19803afc-eefb-402e-b436-6121da20b1df (type: security_groups) to 1
2026-07-01 08:49:30.633 9 INFO neutron.db.ovn_revision_numbers_db [None req-e6e802a6-b653-4645-a784-08dad00b4baf fd61c67d8e1c4b4aaca154186588e3b1 ec2c7d0a7983475ca3abd6e904580c17 - - default default] Successfully bumped revision number for resource d99e0421-31ca-4540-9163-76e2f22b69d8 (type: security_group_rules) to 0
2026-07-01 08:49:30.666 9 INFO neutron.db.ovn_revision_numbers_db [None req-e6e802a6-b653-4645-a784-08dad00b4baf fd61c67d8e1c4b4aaca154186588e3b1 ec2c7d0a7983475ca3abd6e904580c17 - - default default] Successfully bumped revision number for resource ebfe2794-403f-4c92-ac8a-5ea3d449dfea (type: security_group_rules) to 0
2026-07-01 08:49:30.707 9 INFO neutron.wsgi [None req-e6e802a6-b653-4645-a784-08dad00b4baf fd61c67d8e1c4b4aaca154186588e3b1 ec2c7d0a7983475ca3abd6e904580c17 - - default default] 10.0.0.235 "POST /v2.0/security-groups HTTP/1.1" status: 201 len: 1824 time: 0.9459238
2026-07-01 08:49:30.750 10 WARNING neutron.scheduler.dhcp_agent_scheduler [None req-3c98a554-bb4e-49ae-8856-fbd267fa5c26 36f769c12d004f8481bb1929952cc0bb 429c849f95c241f0bf7e2e25c60f95e6 - - default default] No more DHCP agents
2026-07-01 08:49:30.768 10 WARNING neutron.api.rpc.agentnotifiers.dhcp_rpc_agent_api [None req-3c98a554-bb4e-49ae-8856-fbd267fa5c26 36f769c12d004f8481bb1929952cc0bb 429c849f95c241f0bf7e2e25c60f95e6 - - default default] Unable to schedule network 82bcaae7-58ef-421b-9ccd-3aa867b773d3: no agents available; will retry on subsequent port and subnet creation events.
2026-07-01 08:49:30.799 9 INFO neutron.wsgi [None req-79b68c60-e3ec-40e8-b9a9-8b62e1001652 fd61c67d8e1c4b4aaca154186588e3b1 ec2c7d0a7983475ca3abd6e904580c17 - - default default] 10.0.0.235 "GET /v2.0/security-groups HTTP/1.1" status: 200 len: 4724 time: 0.0853815
2026-07-01 08:49:30.828 10 INFO neutron.wsgi [None req-37a5d66a-2e4d-474a-8571-51518e9909c3 f04b2b9d384d4d66a9fb05668e965373 d2f7d21301824932adf9de0069d0ca4a - - default default] 10.0.0.80 "GET /v2.0/quotas/d2f7d21301824932adf9de0069d0ca4a/details HTTP/1.1" status: 200 len: 1046 time: 0.3747497
2026-07-01 08:49:30.901 9 INFO neutron.db.ovn_revision_numbers_db [None req-034382d5-47dd-4114-b89d-bad68796f172 - - - - - -] Successfully bumped revision number for resource 06491d2c-9152-417d-abc7-0610b57d19b1 (type: ports) to 2
2026-07-01 08:49:30.954 9 INFO neutron.db.ovn_revision_numbers_db [None req-da17e2ba-eb41-454a-b9fa-3d0b45ad4160 fd61c67d8e1c4b4aaca154186588e3b1 ec2c7d0a7983475ca3abd6e904580c17 - - default default] Successfully bumped revision number for resource 19803afc-eefb-402e-b436-6121da20b1df (type: security_groups) to 2
2026-07-01 08:49:30.957 10 INFO neutron.db.ovn_revision_numbers_db [None req-3c98a554-bb4e-49ae-8856-fbd267fa5c26 36f769c12d004f8481bb1929952cc0bb 429c849f95c241f0bf7e2e25c60f95e6 - - default default] Successfully bumped revision number for resource ae8c1465-ce77-40e9-b0a8-f678aee4fe9c (type: ports) to 1
2026-07-01 08:49:30.958 9 INFO neutron.wsgi [None req-da17e2ba-eb41-454a-b9fa-3d0b45ad4160 fd61c67d8e1c4b4aaca154186588e3b1 ec2c7d0a7983475ca3abd6e904580c17 - - default default] 10.0.0.235 "PUT /v2.0/security-groups/19803afc-eefb-402e-b436-6121da20b1df HTTP/1.1" status: 200 len: 1858 time: 0.1483054
2026-07-01 08:49:31.006 10 INFO neutron.wsgi [None req-ff6ebcd3-0d0d-4643-b4de-0865594b9b1f fd61c67d8e1c4b4aaca154186588e3b1 ec2c7d0a7983475ca3abd6e904580c17 - - default default] 10.0.0.235 "GET /v2.0/security-groups/19803afc-eefb-402e-b436-6121da20b1df HTTP/1.1" status: 200 len: 1858 time: 0.0411160
2026-07-01 08:49:31.013 10 INFO neutron.wsgi [None req-3c98a554-bb4e-49ae-8856-fbd267fa5c26 36f769c12d004f8481bb1929952cc0bb 429c849f95c241f0bf7e2e25c60f95e6 - - default default] 10.0.0.235 "POST /v2.0/networks HTTP/1.1" status: 201 len: 831 time: 1.8256676
2026-07-01 08:49:31.063 10 WARNING neutron_lib.context [None req-f0e0764e-763d-4629-8ed6-3963e5a0bc4d 36f769c12d004f8481bb1929952cc0bb 429c849f95c241f0bf7e2e25c60f95e6 - - default default] Method 'is_advsvc' is deprecated since 2023.2 release (neutron-lib 3.8.0) and will be removed once support for the old RBAC API policies will be removed from Neutron. Please use method 'is_service_role' instead.
2026-07-01 08:49:31.217 10 ERROR ovsdbapp.backend.ovs_idl.command [None req-cea6ba43-c5b6-4738-a423-5a5676705e21 c3b4c9e9bd0e464eb4294917c66792ad 04dfa4a7a975407fb4d8c293846a6a3c - - default default] Error executing command (DbGetCommand): ovsdbapp.backend.ovs_idl.idlutils.RowNotFound: Cannot find Logical_Router_Port with name=lrp-c6081695-3872-4f53-8a56-77f83657c1e5
2026-07-01 08:49:31.217 10 ERROR ovsdbapp.backend.ovs_idl.command
Traceback (most recent call last):
2026-07-01 08:49:31.217 10 ERROR ovsdbapp.backend.ovs_idl.command
File "/var/lib/openstack/lib/python3.10/site-packages/ovsdbapp/backend/ovs_idl/command.py", line 47, in execute
2026-07-01 08:49:31.217 10 ERROR ovsdbapp.backend.ovs_idl.command self.run_idl(None)
2026-07-01 08:49:31.217 10 ERROR ovsdbapp.backend.ovs_idl.command
