2026-07-01 08:50:03.108 9 INFO neutron.wsgi [None req-852a2d04-95b6-4578-b8a0-8027f20d0175 55a5c6c56fb943e2a14e1ac6b25eeb85 2bcdf5accffc4304b39fe6804f571679 - - default default] 10.0.0.235 "GET /v2.0/security-groups?tenant_id=185ea9f6e67945c6a58787f1af32798b&name=default HTTP/1.1" status: 200 len: 3120 time: 0.9143264 /var/lib/openstack/lib/python3.10/site-packages/pycadf/identifier.py:71: UserWarning: Invalid uuid: neutron. To ensure interoperability, identifiers should be a valid uuid. warnings.warn(('Invalid uuid: %s. To ensure interoperability, '
2026-07-01 08:50:03.331 9 INFO neutron.db.ovn_revision_numbers_db [req-73ff3094-52bd-4170-9097-0f5aec3ac0cd req-4ab5344c-3076-474a-b792-25acb32fe5a4 c3b4c9e9bd0e464eb4294917c66792ad 04dfa4a7a975407fb4d8c293846a6a3c - - default default] Successfully bumped revision number for resource 7bc6190e-0c43-40e8-b77e-aafd583aaebb (type: ports) to 1
2026-07-01 08:50:03.336 10 INFO neutron.db.ovn_revision_numbers_db [None req-114a0beb-d0c7-41d6-bc8b-15de05502624 - - - - - -] Successfully bumped revision number for resource b72f0c00-4853-413f-ad94-784095955921 (type: ports) to 4
2026-07-01 08:50:03.367 9 INFO neutron.wsgi [req-73ff3094-52bd-4170-9097-0f5aec3ac0cd req-4ab5344c-3076-474a-b792-25acb32fe5a4 c3b4c9e9bd0e464eb4294917c66792ad 04dfa4a7a975407fb4d8c293846a6a3c - - default default] 199.204.45.70 "POST /v2.0/ports HTTP/1.1" status: 201 len: 1388 time: 1.6210592
2026-07-01 08:50:03.523 9 INFO neutron.wsgi [None req-76101bd7-143c-4af8-bba9-3b3a9ee602e4 55a5c6c56fb943e2a14e1ac6b25eeb85 2bcdf5accffc4304b39fe6804f571679 - - default default] 10.0.0.235 "DELETE /v2.0/security-groups/c4e9e303-7fc3-400e-8611-1499dcf1ba8f HTTP/1.1" status: 204 len: 168 time: 0.4052243
2026-07-01 08:50:03.930 9 INFO neutron.db.ovn_revision_numbers_db [None req-294cc751-a460-49cf-b43d-c59159056d6d 55a5c6c56fb943e2a14e1ac6b25eeb85 2bcdf5accffc4304b39fe6804f571679 - - default default] Successfully bumped revision number for resource bc51c12f-5d43-460a-9976-78ec963b5021 (type: security_groups) to 1
2026-07-01 08:50:03.952 9 INFO neutron.db.ovn_revision_numbers_db [None req-294cc751-a460-49cf-b43d-c59159056d6d 55a5c6c56fb943e2a14e1ac6b25eeb85 2bcdf5accffc4304b39fe6804f571679 - - default default] Successfully bumped revision number for resource 086d2b4f-0c35-42f6-8003-483799684a8b (type: security_group_rules) to 0
2026-07-01 08:50:03.957 9 INFO neutron.db.ovn_revision_numbers_db [req-73ff3094-52bd-4170-9097-0f5aec3ac0cd req-f27bc14f-866c-4d0a-af35-92d730be2c18 9bace6ade53a42cc8a059d404d8c575b 42f8953e468046b4837051ad68060903 - - e2a361f18ee442689da9a86b65027798 e2a361f18ee442689da9a86b65027798] Successfully bumped revision number for resource 7bc6190e-0c43-40e8-b77e-aafd583aaebb (type: ports) to 2
2026-07-01 08:50:03.971 9 INFO neutron.db.ovn_revision_numbers_db [None req-294cc751-a460-49cf-b43d-c59159056d6d 55a5c6c56fb943e2a14e1ac6b25eeb85 2bcdf5accffc4304b39fe6804f571679 - - default default] Successfully bumped revision number for resource 0d658107-af2f-41af-87e5-5df91bf9a28e (type: security_group_rules) to 0
2026-07-01 08:50:03.990 10 INFO neutron.db.ovn_revision_numbers_db [None req-fa2271e7-6c14-4c76-acce-a0e636548aed - - - - - -] Successfully bumped revision number for resource 9ab21610-a99b-41bb-a350-b0cd649d4df5 (type: ports) to 2
2026-07-01 08:50:03.994 9 INFO neutron.db.ovn_revision_numbers_db [None req-294cc751-a460-49cf-b43d-c59159056d6d 55a5c6c56fb943e2a14e1ac6b25eeb85 2bcdf5accffc4304b39fe6804f571679 - - default default] Successfully bumped revision number for resource 7507e6bc-201a-4b1d-bd7d-82b9692540bc (type: security_group_rules) to 0
2026-07-01 08:50:04.009 10 INFO neutron.db.ovn_revision_numbers_db [None req-114a0beb-d0c7-41d6-bc8b-15de05502624 - - - - - -] Successfully bumped revision number for resource b72f0c00-4853-413f-ad94-784095955921 (type: router_ports) to 4
2026-07-01 08:50:04.015 9 INFO neutron.db.ovn_revision_numbers_db [None req-294cc751-a460-49cf-b43d-c59159056d6d 55a5c6c56fb943e2a14e1ac6b25eeb85 2bcdf5accffc4304b39fe6804f571679 - - default default] Successfully bumped revision number for resource b8ddbd28-743d-4100-b1e1-734849053799 (type: security_group_rules) to 0
2026-07-01 08:50:04.049 9 INFO neutron.wsgi [None req-294cc751-a460-49cf-b43d-c59159056d6d 55a5c6c56fb943e2a14e1ac6b25eeb85 2bcdf5accffc4304b39fe6804f571679 - - default default] 10.0.0.235 "GET /v2.0/security-groups?tenant_id=f095f0974e834e92b605856b6be36eef&name=default HTTP/1.1" status: 200 len: 3120 time: 0.3098023 /var/lib/openstack/lib/python3.10/site-packages/pycadf/identifier.py:71: UserWarning: Invalid uuid: neutron. To ensure interoperability, identifiers should be a valid uuid. warnings.warn(('Invalid uuid: %s. To ensure interoperability, '
2026-07-01 08:50:04.371 9 INFO neutron.db.ovn_revision_numbers_db [req-73ff3094-52bd-4170-9097-0f5aec3ac0cd req-f27bc14f-866c-4d0a-af35-92d730be2c18 9bace6ade53a42cc8a059d404d8c575b 42f8953e468046b4837051ad68060903 - - e2a361f18ee442689da9a86b65027798 e2a361f18ee442689da9a86b65027798] Successfully bumped revision number for resource 7bc6190e-0c43-40e8-b77e-aafd583aaebb (type: ports) to 2
2026-07-01 08:50:04.400 9 INFO neutron.wsgi [req-73ff3094-52bd-4170-9097-0f5aec3ac0cd req-f27bc14f-866c-4d0a-af35-92d730be2c18 9bace6ade53a42cc8a059d404d8c575b 42f8953e468046b4837051ad68060903 - - e2a361f18ee442689da9a86b65027798 e2a361f18ee442689da9a86b65027798] 199.204.45.70 "PUT /v2.0/ports/7bc6190e-0c43-40e8-b77e-aafd583aaebb HTTP/1.1" status: 200 len: 1605 time: 1.0187154
2026-07-01 08:50:04.457 9 INFO neutron.notifiers.nova [-] Nova event matching ['req-4ca0275c-d378-4e68-ac48-7bbb4acf6b9c'] response: {'name': 'network-changed', 'server_uuid': '5b6afca2-2e42-46fc-8536-308001c290e8', 'tag': '7bc6190e-0c43-40e8-b77e-aafd583aaebb', 'status': 'completed', 'code': 200} /var/lib/openstack/lib/python3.10/site-packages/pycadf/identifier.py:71: UserWarning: Invalid uuid: neutron. To ensure interoperability, identifiers should be a valid uuid. warnings.warn(('Invalid uuid: %s. To ensure interoperability, '
2026-07-01 08:50:04.514 9 INFO neutron.wsgi [None req-c739034d-7f42-49c2-a30d-babfaa370d74 55a5c6c56fb943e2a14e1ac6b25eeb85 2bcdf5accffc4304b39fe6804f571679 - - default default] 10.0.0.235 "DELETE /v2.0/security-groups/bc51c12f-5d43-460a-9976-78ec963b5021 HTTP/1.1" status: 204 len: 168 time: 0.4561148
2026-07-01 08:50:04.521 9 INFO neutron.wsgi [req-73ff3094-52bd-4170-9097-0f5aec3ac0cd req-0c4d93ad-c6d3-476b-a4af-5afec2fae97f 9bace6ade53a42cc8a059d404d8c575b 42f8953e468046b4837051ad68060903 - - e2a361f18ee442689da9a86b65027798 e2a361f18ee442689da9a86b65027798] 199.204.45.70 "GET /v2.0/ports?tenant_id=04dfa4a7a975407fb4d8c293846a6a3c&device_id=5b6afca2-2e42-46fc-8536-308001c290e8 HTTP/1.1" status: 200 len: 1636 time: 0.0668392
2026-07-01 08:50:04.551 10 ERROR ovsdbapp.backend.ovs_idl.command [None req-fa2271e7-6c14-4c76-acce-a0e636548aed - - - - - -] Error executing command (DbGetCommand): ovsdbapp.backend.ovs_idl.idlutils.RowNotFound: Cannot find Logical_Router_Port with name=lrp-9ab21610-a99b-41bb-a350-b0cd649d4df5
2026-07-01 08:50:04.551 10 ERROR ovsdbapp.backend.ovs_idl.command
Traceback (most recent call last):
2026-07-01 08:50:04.551 10 ERROR ovsdbapp.backend.ovs_idl.command
File "/var/lib/openstack/lib/python3.10/site-packages/ovsdbapp/backend/ovs_idl/command.py", line 47, in execute
2026-07-01 08:50:04.551 10 ERROR ovsdbapp.backend.ovs_idl.command self.run_idl(None)
2026-07-01 08:50:04.551 10 ERROR ovsdbapp.backend.ovs_idl.command
File "/var/lib/openstack/lib/python3.10/site-packages/ovsdbapp/backend/ovs_idl/command.py", line 235, in run_idl
2026-07-01 08:50:04.551 10 ERROR ovsdbapp.backend.ovs_idl.command record = self.api.lookup(self.table, self.record)
2026-07-01 08:50:04.551 10 ERROR ovsdbapp.backend.ovs_idl.command
File "/var/lib/openstack/lib/python3.10/site-packages/ovsdbapp/backend/ovs_idl/__init__.py", line 184, in lookup
2026-07-01 08:50:04.551 10 ERROR ovsdbapp.backend.ovs_idl.command return self._lookup(table, record)
2026-07-01 08:50:04.551 10 ERROR ovsdbapp.backend.ovs_idl.command
File "/var/lib/openstack/lib/python3.10/site-packages/ovsdbapp/backend/ovs_idl/__init__.py", line 235, in _lookup
2026-07-01 08:50:04.551 10 ERROR ovsdbapp.backend.ovs_idl.command row = idlutils.row_by_value(self, rl.table, rl.column, record)
2026-07-01 08:50:04.551 10 ERROR ovsdbapp.backend.ovs_idl.command
File "/var/lib/openstack/lib/python3.10/site-packages/ovsdbapp/backend/ovs_idl/idlutils.py", line 114, in row_by_value
2026-07-01 08:50:04.551 10 ERROR ovsdbapp.backend.ovs_idl.command raise RowNotFound(table=table, col=column, match=match)
2026-07-01 08:50:04.551 10 ERROR ovsdbapp.backend.ovs_idl.command ovsdbapp.backend.ovs_idl.idlutils.RowNotFound: Cannot find Logical_Router_Port with name=lrp-9ab21610-a99b-41bb-a350-b0cd649d4df5
2026-07-01 08:50:04.551 10 ERROR ovsdbapp.backend.ovs_idl.command 
2026-07-01 08:50:04.552 10 ERROR neutron_lib.callbacks.manager [None req-fa2271e7-6c14-4c76-acce-a0e636548aed - - - - - -] Error during notification for neutron.services.ovn_l3.plugin.OVNL3RouterPlugin._port_update-8794958775014 port, after_update: ovsdbapp.backend.ovs_idl.idlutils.RowNotFound: Cannot find Logical_Router_Port with name=lrp-9ab21610-a99b-41bb-a350-b0cd649d4df5
2026-07-01 08:50:04.552 10 ERROR neutron_lib.callbacks.manager
Traceback (most recent call last):
2026-07-01 08:50:04.552 10 ERROR neutron_lib.callbacks.manager
File "/var/lib/openstack/lib/python3.10/site-packages/neutron_lib/callbacks/manager.py", line 189, in _notify_loop
2026-07-01 08:50:04.552 10 ERROR neutron_lib.callbacks.manager callback.method(resource, event, trigger, payload=payload)
2026-07-01 08:50:04.552 10 ERROR neutron_lib.callbacks.manager
File "/var/lib/openstack/lib/python3.10/site-packages/neutron/services/ovn_l3/plugin.py", line 391, in _port_update
2026-07-01 08:50:04.552 10 ERROR neutron_lib.callbacks.manager l3plugin._ovn_client.update_router_port(context,
2026-07-01 08:50:04.552 10 ERROR neutron_lib.callbacks.manager
File "/var/lib/openstack/lib/python3.10/site-packages/neutron/plugins/ml2/drivers/ovn/mech_driver/ovsdb/ovn_client.py", line 1878, in update_router_port
2026-07-01 08:50:04.552 10 ERROR neutron_lib.callbacks.manager self._update_lrouter_port(context, port, if_exists=if_exists,
2026-07-01 08:50:04.552 10 ERROR neutron_lib.callbacks.manager
File "/var/lib/openstack/lib/python3.10/site-packages/neutron/plugins/ml2/drivers/ovn/mech_driver/ovsdb/ovn_client.py", line 1855, in _update_lrouter_port
2026-07-01 08:50:04.552 10 ERROR neutron_lib.callbacks.manager external_ids = self._nb_idl.db_get(
2026-07-01 08:50:04.552 10 ERROR neutron_lib.callbacks.manager
File "/var/lib/openstack/lib/python3.10/site-packages/ovsdbapp/backend/ovs_idl/command.py", line 47, in execute
2026-07-01 08:50:04.552 10 ERROR neutron_lib.callbacks.manager self.run_idl(None)
2026-07-01 08:50:04.552 10 ERROR neutron_lib.callbacks.manager
File "/var/lib/openstack/lib/python3.10/site-packages/ovsdbapp/backend/ovs_idl/command.py", line 235, in run_idl
2026-07-01 08:50:04.552 10 ERROR neutron_lib.callbacks.manager record = self.api.lookup(self.table, self.record)
2026-07-01 08:50:04.552 10 ERROR neutron_lib.callbacks.manager
File "/var/lib/openstack/lib/python3.10/site-packages/ovsdbapp/backend/ovs_idl/__init__.py", line 184, in lookup
2026-07-01 08:50:04.552 10 ERROR neutron_lib.callbacks.manager return self._lookup(table, record)
2026-07-01 08:50:04.552 10 ERROR neutron_lib.callbacks.manager
File "/var/lib/openstack/lib/python3.10/site-packages/ovsdbapp/backend/ovs_idl/__init__.py", line 235, in _lookup
2026-07-01 08:50:04.552 10 ERROR neutron_lib.callbacks.manager row = idlutils.row_by_value(self, rl.table, rl.column, record)
2026-07-01 08:50:04.552 10 ERROR neutron_lib.callbacks.manager
File "/var/lib/openstack/lib/python3.10/site-packages/ovsdbapp/backend/ovs_idl/idlutils.py", line 114, in row_by_value
2026-07-01 08:50:04.552 10 ERROR neutron_lib.callbacks.manager raise RowNotFound(table=table, col=column, match=match)
2026-07-01 08:50:04.552 10 ERROR neutron_lib.callbacks.manager ovsdbapp.backend.ovs_idl.idlutils.RowNotFound: Cannot find Logical_Router_Port with name=lrp-9ab21610-a99b-41bb-a350-b0cd649d4df5
2026-07-01 08:50:04.552 10 ERROR neutron_lib.callbacks.manager 
2026-07-01 08:50:04.562 9 INFO neutron.wsgi [req-73ff3094-52bd-4170-9097-0f5aec3ac0cd req-e047049a-7cff-4baa-a541-f25340f1945e 9bace6ade53a42cc8a059d404d8c575b 42f8953e468046b4837051ad68060903 - - e2a361f18ee442689da9a86b65027798 e2a361f18ee442689da9a86b65027798] 199.204.45.70 "GET /v2.0/floatingips?fixed_ip_address=10.2.2.74&port_id=7bc6190e-0c43-40e8-b77e-aafd583aaebb HTTP/1.1" status: 200 len: 217 time: 0.0313754
2026-07-01 08:50:04.586 10 INFO neutron.wsgi [-] 10.0.0.56 "GET / HTTP/1.1" status: 200 len: 247 time: 0.0016732
2026-07-01 08:50:04.587 10 INFO neutron.wsgi [-] 10.0.0.56 "GET / HTTP/1.1" status: 200 len: 247 time: 0.0009646
2026-07-01 08:50:04.610 9 INFO neutron.wsgi [req-73ff3094-52bd-4170-9097-0f5aec3ac0cd req-88bf7d4a-94bd-45cc-8f51-abe40c6351ab 9bace6ade53a42cc8a059d404d8c575b 42f8953e468046b4837051ad68060903 - - e2a361f18ee442689da9a86b65027798 e2a361f18ee442689da9a86b65027798] 199.204.45.70 "GET /v2.0/floatingips?fixed_ip_address=fd77%3A1457%3A4cf0%3A26a8%3A%3A30c&port_id=7bc6190e-0c43-40e8-b77e-aafd583aaebb HTTP/1.1" status: 200 len: 217 time: 0.0393770
2026-07-01 08:50:04.678 9 INFO neutron.wsgi [req-73ff3094-52bd-4170-9097-0f5aec3ac0cd req-925559fc-8c44-4273-a81a-4e727d2d2c6d 9bace6ade53a42cc8a059d404d8c575b 42f8953e468046b4837051ad68060903 - - e2a361f18ee442689da9a86b65027798 e2a361f18ee442689da9a86b65027798] 199.204.45.70 "GET /v2.0/subnets?id=fd0d55c7-5bed-445d-a94a-326652a8f9f1&id=a37b6c33-1162-4c1a-b53f-a6fe7c954b66 HTTP/1.1" status: 200 len: 1565 time: 0.0597999
2026-07-01 08:50:04.715 9 INFO neutron.wsgi [req-73ff3094-52bd-4170-9097-0f5aec3ac0cd req-7f91a263-c0da-4a29-bdb4-752c8b08feec 9bace6ade53a42cc8a059d404d8c575b 42f8953e468046b4837051ad68060903 - - e2a361f18ee442689da9a86b65027798 e2a361f18ee442689da9a86b65027798] 199.204.45.70 "GET /v2.0/ports?network_id=2d8d663b-544e-4606-b303-34ec3a22888b&device_owner=network%3Adhcp HTTP/1.1" status: 200 len: 210 time: 0.0297270
2026-07-01 08:50:04.759 9 INFO neutron.wsgi [req-73ff3094-52bd-4170-9097-0f5aec3ac0cd req-be9a852b-907d-4f5a-979a-dec5c59c517a 9bace6ade53a42cc8a059d404d8c575b 42f8953e468046b4837051ad68060903 - - e2a361f18ee442689da9a86b65027798 e2a361f18ee442689da9a86b65027798] 199.204.45.70 "GET /v2.0/ports?network_id=2d8d663b-544e-4606-b303-34ec3a22888b&device_owner=network%3Adhcp HTTP/1.1" status: 200 len: 210 time: 0.0346112
2026-07-01 08:50:04.777 9 INFO neutron.db.ovn_revision_numbers_db [None req-8bba76e0-89b7-47f8-8baf-d3c33593ab98 55a5c6c56fb943e2a14e1ac6b25eeb85 2bcdf5accffc4304b39fe6804f571679 - - default default] Successfully bumped revision number for resource f17ca56a-144d-4103-8f1a-4e6d040eb141 (type: security_groups) to 1
2026-07-01 08:50:04.806 9 INFO neutron.db.ovn_revision_numbers_db [None req-8bba76e0-89b7-47f8-8baf-d3c33593ab98 55a5c6c56fb943e2a14e1ac6b25eeb85 2bcdf5accffc4304b39fe6804f571679 - - default default] Successfully bumped revision number for resource 69ad7206-7df2-4d64-ba47-4da62d605241 (type: security_group_rules) to 0
2026-07-01 08:50:04.840 9 INFO neutron.db.ovn_revision_numbers_db [None req-8bba76e0-89b7-47f8-8baf-d3c33593ab98 55a5c6c56fb943e2a14e1ac6b25eeb85 2bcdf5accffc4304b39fe6804f571679 - - default default] Successfully bumped revision number for resource 7d7458b6-1e16-4ba0-bcf4-0a50defbf496 (type: security_group_rules) to 0
2026-07-01 08:50:04.847 9 INFO neutron.wsgi [req-73ff3094-52bd-4170-9097-0f5aec3ac0cd req-ba6c0915-e16a-4b41-9234-f38770bdcdf6 9bace6ade53a42cc8a059d404d8c575b 42f8953e468046b4837051ad68060903 - - e2a361f18ee442689da9a86b65027798 e2a361f18ee442689da9a86b65027798] 199.204.45.70 "GET /v2.0/networks/2d8d663b-544e-4606-b303-34ec3a22888b?fields=segments HTTP/1.1" status: 200 len: 212 time: 0.0800736
2026-07-01 08:50:04.865 10 INFO neutron.db.ovn_revision_numbers_db [None req-14231a1d-1356-4e82-aa98-fb85fef3b63b 55a5c6c56fb943e2a14e1ac6b25eeb85 2bcdf5accffc4304b39fe6804f571679 - - default default] Successfully bumped revision number for resource 9ab21610-a99b-41bb-a350-b0cd649d4df5 (type: router_ports) to 1
2026-07-01 08:50:04.875 10 INFO neutron.wsgi [None req-14231a1d-1356-4e82-aa98-fb85fef3b63b 55a5c6c56fb943e2a14e1ac6b25eeb85 2bcdf5accffc4304b39fe6804f571679 - - default default] 10.0.0.235 "PUT /v2.0/routers/bf5de4c2-e410-4248-9c45-3fe33577091a/add_router_interface HTTP/1.1" status: 200 len: 503 time: 5.7235496
2026-07-01 08:50:04.890 9 INFO neutron.db.ovn_revision_numbers_db [None req-8bba76e0-89b7-47f8-8baf-d3c33593ab98 55a5c6c56fb943e2a14e1ac6b25eeb85 2bcdf5accffc4304b39fe6804f571679 - - default default] Successfully bumped revision number for resource fbad5922-aa6b-40b6-bf46-53a756aa55f1 (type: security_group_rules) to 0
2026-07-01 08:50:04.912 9 INFO neutron.db.ovn_revision_numbers_db [None req-8bba76e0-89b7-47f8-8baf-d3c33593ab98 55a5c6c56fb943e2a14e1ac6b25eeb85 2bcdf5accffc4304b39fe6804f571679 - - default default] Successfully bumped revision number for resource fe2e85bf-1386-4c52-a44a-e5284c18633b (type: security_group_rules) to 0
2026-07-01 08:50:04.946 9 INFO neutron.wsgi [None req-8bba76e0-89b7-47f8-8baf-d3c33593ab98 55a5c6c56fb943e2a14e1ac6b25eeb85 2bcdf5accffc4304b39fe6804f571679 - - default default] 10.0.0.235 "GET /v2.0/security-groups?tenant_id=c6c9566045fe4b14b974865c8e5d4feb&name=default HTTP/1.1" status: 200 len: 3120 time: 0.7929366
2026-07-01 08:50:04.954 9 INFO neutron.wsgi [req-73ff3094-52bd-4170-9097-0f5aec3ac0cd req-6a83ce8c-596e-4a53-acf9-6ccb378ecedf 9bace6ade53a42cc8a059d404d8c575b 42f8953e468046b4837051ad68060903 - - e2a361f18ee442689da9a86b65027798 e2a361f18ee442689da9a86b65027798] 199.204.45.70 "GET /v2.0/networks/2d8d663b-544e-4606-b303-34ec3a22888b?fields=provider%3Aphysical_network&fields=provider%3Anetwork_type HTTP/1.1" status: 200 len: 277 time: 0.1003649
2026-07-01 08:50:05.064 9 INFO neutron.wsgi [req-5a07cbf0-ae5c-406d-ae7e-9b3d919f159b req-add94e38-6e20-40d3-a64c-27244f7c5d35 9bace6ade53a42cc8a059d404d8c575b 42f8953e468046b4837051ad68060903 - - e2a361f18ee442689da9a86b65027798 e2a361f18ee442689da9a86b65027798] 199.204.45.70 "GET /v2.0/ports?tenant_id=04dfa4a7a975407fb4d8c293846a6a3c&device_id=5b6afca2-2e42-46fc-8536-308001c290e8 HTTP/1.1" status: 200 len: 1636 time: 0.0557814
2026-07-01 08:50:05.162 9 INFO neutron.wsgi [req-5a07cbf0-ae5c-406d-ae7e-9b3d919f159b req-756948d7-d1e8-4650-b6e4-17adb0369e47 9bace6ade53a42cc8a059d404d8c575b 42f8953e468046b4837051ad68060903 - - e2a361f18ee442689da9a86b65027798 e2a361f18ee442689da9a86b65027798] 199.204.45.70 "GET /v2.0/networks?id=2d8d663b-544e-4606-b303-34ec3a22888b HTTP/1.1" status: 200 len: 1002 time: 0.0900254
2026-07-01 08:50:05.217 9 INFO neutron.wsgi [req-5a07cbf0-ae5c-406d-ae7e-9b3d919f159b req-0e8d95a0-2031-42eb-9eae-038ca37f573b 9bace6ade53a42cc8a059d404d8c575b 42f8953e468046b4837051ad68060903 - - e2a361f18ee442689da9a86b65027798 e2a361f18ee442689da9a86b65027798] 199.204.45.70 "GET /v2.0/floatingips?fixed_ip_address=10.2.2.74&port_id=7bc6190e-0c43-40e8-b77e-aafd583aaebb HTTP/1.1" status: 200 len: 217 time: 0.0455902
2026-07-01 08:50:05.257 10 INFO neutron.wsgi [req-cfacff13-467e-4005-93a8-a21a96feee14 req-f0649b3d-1376-4065-8093-97a5cc601282 9bace6ade53a42cc8a059d404d8c575b 42f8953e468046b4837051ad68060903 - - e2a361f18ee442689da9a86b65027798 e2a361f18ee442689da9a86b65027798] 10.0.0.177 "GET /v2.0/ports?device_id=d6e081e9-247f-4458-b64f-4ed9ad7ab041 HTTP/1.1" status: 200 len: 1634 time: 0.2993081
2026-07-01 08:50:05.258 9 INFO neutron.wsgi [req-5a07cbf0-ae5c-406d-ae7e-9b3d919f159b req-33f52c97-d865-4411-95e5-806e5ab96bb5 9bace6ade53a42cc8a059d404d8c575b 42f8953e468046b4837051ad68060903 - - e2a361f18ee442689da9a86b65027798 e2a361f18ee442689da9a86b65027798] 199.204.45.70 "GET /v2.0/floatingips?fixed_ip_address=fd77%3A1457%3A4cf0%3A26a8%3A%3A30c&port_id=7bc6190e-0c43-40e8-b77e-aafd583aaebb HTTP/1.1" status: 200 len: 217 time: 0.0315011
2026-07-01 08:50:05.320 9 INFO neutron.wsgi [req-5a07cbf0-ae5c-406d-ae7e-9b3d919f159b req-6135f45d-56a0-47eb-84af-c481d1245f71 9bace6ade53a42cc8a059d404d8c575b 42f8953e468046b4837051ad68060903 - - e2a361f18ee442689da9a86b65027798 e2a361f18ee442689da9a86b65027798] 199.204.45.70 "GET /v2.0/subnets?id=fd0d55c7-5bed-445d-a94a-326652a8f9f1&id=a37b6c33-1162-4c1a-b53f-a6fe7c954b66 HTTP/1.1" status: 200 len: 1565 time: 0.0535002
2026-07-01 08:50:05.345 10 INFO neutron.wsgi [req-cfacff13-467e-4005-93a8-a21a96feee14 req-90eedf8a-f2f8-406e-82cc-1ae5bfefbe7c 9bace6ade53a42cc8a059d404d8c575b 42f8953e468046b4837051ad68060903 - - e2a361f18ee442689da9a86b65027798 e2a361f18ee442689da9a86b65027798] 10.0.0.177 "GET /v2.0/security-groups?id=1f9fe0ce-9ee4-460e-a080-b73c0034b04d&fields=id&fields=name HTTP/1.1" status: 200 len: 310 time: 0.0755138
2026-07-01 08:50:05.361 9 INFO neutron.wsgi [req-5a07cbf0-ae5c-406d-ae7e-9b3d919f159b req-1f3f6e85-66ea-4ef1-b5bb-97c8bf20ac40 9bace6ade53a42cc8a059d404d8c575b 42f8953e468046b4837051ad68060903 - - e2a361f18ee442689da9a86b65027798 e2a361f18ee442689da9a86b65027798] 199.204.45.70 "GET /v2.0/ports?network_id=2d8d663b-544e-4606-b303-34ec3a22888b&device_owner=network%3Adhcp HTTP/1.1" status: 200 len: 210 time: 0.0366054
2026-07-01 08:50:05.414 9 INFO neutron.wsgi [req-5a07cbf0-ae5c-406d-ae7e-9b3d919f159b req-438d3677-8293-40de-b075-9623b244f371 9bace6ade53a42cc8a059d404d8c575b 42f8953e468046b4837051ad68060903 - - e2a361f18ee442689da9a86b65027798 e2a361f18ee442689da9a86b65027798] 199.204.45.70 "GET /v2.0/ports?network_id=2d8d663b-544e-4606-b303-34ec3a22888b&device_owner=network%3Adhcp HTTP/1.1" status: 200 len: 210 time: 0.0453651
2026-07-01 08:50:05.461 9 INFO neutron.wsgi [None req-52968777-bcc3-4443-9937-e78af9918264 55a5c6c56fb943e2a14e1ac6b25eeb85 2bcdf5accffc4304b39fe6804f571679 - - default default] 10.0.0.235 "DELETE /v2.0/security-groups/f17ca56a-144d-4103-8f1a-4e6d040eb141 HTTP/1.1" status: 204 len: 168 time: 0.4987705
2026-07-01 08:50:05.505 9 INFO neutron.wsgi [req-5a07cbf0-ae5c-406d-ae7e-9b3d919f159b req-e6a8091b-9121-4d17-a37c-96df1f3647d9 9bace6ade53a42cc8a059d404d8c575b 42f8953e468046b4837051ad68060903 - - e2a361f18ee442689da9a86b65027798 e2a361f18ee442689da9a86b65027798] 199.204.45.70 "GET /v2.0/networks/2d8d663b-544e-4606-b303-34ec3a22888b?fields=segments HTTP/1.1" status: 200 len: 212 time: 0.0780370
2026-07-01 08:50:05.524 9 WARNING neutron_lib.context [None req-d7491e76-7cdd-4df9-811c-2b88597d0334 ae1d923bf8184c11856bc28e6bf9cd3d b0a3f25ac10c48f7ac496be8cf3a66cb - - default default] Method 'is_advsvc' is deprecated since 2023.2 release (neutron-lib 3.8.0) and will be removed once support for the old RBAC API policies will be removed from Neutron. Please use method 'is_service_role' instead.
2026-07-01 08:50:05.606 9 INFO neutron.wsgi [req-5a07cbf0-ae5c-406d-ae7e-9b3d919f159b req-9cfeba33-a290-4228-a8c6-856d9ade2a6d 9bace6ade53a42cc8a059d404d8c575b 42f8953e468046b4837051ad68060903 - - e2a361f18ee442689da9a86b65027798 e2a361f18ee442689da9a86b65027798] 199.204.45.70 "GET /v2.0/networks/2d8d663b-544e-4606-b303-34ec3a22888b?fields=provider%3Aphysical_network&fields=provider%3Anetwork_type HTTP/1.1" status: 200 len: 277 time: 0.0902894
2026-07-01 08:50:05.724 9 INFO neutron.db.ovn_revision_numbers_db [None req-d7491e76-7cdd-4df9-811c-2b88597d0334 ae1d923bf8184c11856bc28e6bf9cd3d b0a3f25ac10c48f7ac496be8cf3a66cb - - default default] Successfully bumped revision number for resource ebec247e-c126-421c-be61-2ab841295527 (type: security_groups) to 1
2026-07-01 08:50:05.745 9 INFO neutron.db.ovn_revision_numbers_db [None req-d7491e76-7cdd-4df9-811c-2b88597d0334 ae1d923bf8184c11856bc28e6bf9cd3d b0a3f25ac10c48f7ac496be8cf3a66cb - - default default] Successfully bumped revision number for resource 2862ed74-ad76-4927-abfb-17ddf5521ac9 (type: security_group_rules) to 0
2026-07-01 08:50:05.772 9 INFO neutron.db.ovn_revision_numbers_db [None req-d7491e76-7cdd-4df9-811c-2b88597d0334 ae1d923bf8184c11856bc28e6bf9cd3d b0a3f25ac10c48f7ac496be8cf3a66cb - - default default] Successfully bumped revision number for resource a2c78100-b728-4f74-9bf2-72a6b4b8733b (type: security_group_rules) to 0
2026-07-01 08:50:05.778 10 INFO neutron.db.ovn_revision_numbers_db [None req-78b7de6b-84d3-4293-9df7-645ebfb600c5 55a5c6c56fb943e2a14e1ac6b25eeb85 2bcdf5accffc4304b39fe6804f571679 - - default default] Successfully bumped revision number for resource 5497a271-ad65-42d8-9b73-cf09b2ba0983 (type: security_groups) to 1
2026-07-01 08:50:05.799 10 INFO neutron.db.ovn_revision_numbers_db [None req-78b7de6b-84d3-4293-9df7-645ebfb600c5 55a5c6c56fb943e2a14e1ac6b25eeb85 2bcdf5accffc4304b39fe6804f571679 - - default default] Successfully bumped revision number for resource 00ef35e9-21b2-49eb-b8af-e4936657581b (type: security_group_rules) to 0
2026-07-01 08:50:05.799 9 INFO neutron.wsgi [None req-d7491e76-7cdd-4df9-811c-2b88597d0334 ae1d923bf8184c11856bc28e6bf9cd3d b0a3f25ac10c48f7ac496be8cf3a66cb - - default default] 10.0.0.235 "POST /v2.0/security-groups HTTP/1.1" status: 201 len: 1873 time: 0.2847402
2026-07-01 08:50:05.815 9 WARNING neutron_lib.context [None req-c116b280-065b-4a3e-a14d-e44f680515d3 ae1d923bf8184c11856bc28e6bf9cd3d b0a3f25ac10c48f7ac496be8cf3a66cb - - default default] Method 'is_advsvc' is deprecated since 2023.2 release (neutron-lib 3.8.0) and will be removed once support for the old RBAC API policies will be removed from Neutron. Please use method 'is_service_role' instead.
2026-07-01 08:50:05.819 10 INFO neutron.db.ovn_revision_numbers_db [None req-78b7de6b-84d3-4293-9df7-645ebfb600c5 55a5c6c56fb943e2a14e1ac6b25eeb85 2bcdf5accffc4304b39fe6804f571679 - - default default] Successfully bumped revision number for resource 16e64d1b-c2b5-4964-8c25-b1a72819b71c (type: security_group_rules) to 0
2026-07-01 08:50:05.836 10 INFO neutron.db.ovn_revision_numbers_db [None req-78b7de6b-84d3-4293-9df7-645ebfb600c5 55a5c6c56fb943e2a14e1ac6b25eeb85 2bcdf5accffc4304b39fe6804f571679 - - default default] Successfully bumped revision number for resource 5de5d45b-c79f-4117-ad73-238217b1d6af (type: security_group_rules) to 0
2026-07-01 08:50:05.856 10 INFO neutron.db.ovn_revision_numbers_db [None req-78b7de6b-84d3-4293-9df7-645ebfb600c5 55a5c6c56fb943e2a14e1ac6b25eeb85 2bcdf5accffc4304b39fe6804f571679 - - default default] Successfully bumped revision number for resource b8105bc8-3842-47e6-ad0b-7f293e082397 (type: security_group_rules) to 0
2026-07-01 08:50:05.885 10 INFO neutron.wsgi [None req-78b7de6b-84d3-4293-9df7-645ebfb600c5 55a5c6c56fb943e2a14e1ac6b25eeb85 2bcdf5accffc4304b39fe6804f571679 - - default default] 10.0.0.235 "GET /v2.0/security-groups?tenant_id=d8a40c3ef0db4cbbbb405e4db9406aa3&name=default HTTP/1.1" status: 200 len: 3120 time: 0.2914257
2026-07-01 08:50:06.003 9 INFO neutron.db.ovn_revision_numbers_db [None req-c116b280-065b-4a3e-a14d-e44f680515d3 ae1d923bf8184c11856bc28e6bf9cd3d b0a3f25ac10c48f7ac496be8cf3a66cb - - default default] Successfully bumped revision number for resource cd2a125c-718d-43e4-9dbd-fd04cb1860ed (type: security_group_rules) to 0
2026-07-01 08:50:06.050 9 INFO neutron.wsgi [None req-c116b280-065b-4a3e-a14d-e44f680515d3 ae1d923bf8184c11856bc28e6bf9cd3d b0a3f25ac10c48f7ac496be8cf3a66cb - - default default] 10.0.0.235 "POST /v2.0/security-group-rules HTTP/1.1" status: 201 len: 796 time: 0.2403347
2026-07-01 08:50:06.063 10 WARNING neutron_lib.context [None req-d820adfd-e50e-46e0-bb85-004ae4d410d9 ae1d923bf8184c11856bc28e6bf9cd3d b0a3f25ac10c48f7ac496be8cf3a66cb - - default default] Method 'is_advsvc' is deprecated since 2023.2 release (neutron-lib 3.8.0) and will be removed once support for the old RBAC API policies will be removed from Neutron. Please use method 'is_service_role' instead.
2026-07-01 08:50:06.248 10 INFO neutron.wsgi [req-83b15947-faed-42ea-af10-c1f4e6b05d24 req-41a40ed9-3b53-4e1e-8ae3-e2b2ad7bbb10 c3b4c9e9bd0e464eb4294917c66792ad 04dfa4a7a975407fb4d8c293846a6a3c - - default default] 10.0.0.79 "GET /v2.0/ports?device_id=5b6afca2-2e42-46fc-8536-308001c290e8 HTTP/1.1" status: 200 len: 1398 time: 0.1452892
2026-07-01 08:50:06.305 10 INFO neutron.wsgi [None req-d4769c7b-86f1-4b5b-afeb-772e7d4ce900 55a5c6c56fb943e2a14e1ac6b25eeb85 2bcdf5accffc4304b39fe6804f571679 - - default default] 10.0.0.235 "DELETE /v2.0/security-groups/5497a271-ad65-42d8-9b73-cf09b2ba0983 HTTP/1.1" status: 204 len: 168 time: 0.4110138
2026-07-01 08:50:06.335 10 INFO neutron.wsgi [req-83b15947-faed-42ea-af10-c1f4e6b05d24 req-34d2eac6-6110-4ee5-9bdb-c938bdb4b45b c3b4c9e9bd0e464eb4294917c66792ad 04dfa4a7a975407fb4d8c293846a6a3c - - default default] 10.0.0.79 "GET /v2.0/security-groups?id=1f9fe0ce-9ee4-460e-a080-b73c0034b04d&fields=id&fields=name HTTP/1.1" status: 200 len: 310 time: 0.0737751
2026-07-01 08:50:06.335 10 INFO neutron.db.ovn_revision_numbers_db [None req-d820adfd-e50e-46e0-bb85-004ae4d410d9 ae1d923bf8184c11856bc28e6bf9cd3d b0a3f25ac10c48f7ac496be8cf3a66cb - - default default] Successfully bumped revision number for resource c0357d8e-1159-4c8e-b152-794796a5a988 (type: security_group_rules) to 0
2026-07-01 08:50:06.375 10 INFO neutron.wsgi [None req-d820adfd-e50e-46e0-bb85-004ae4d410d9 ae1d923bf8184c11856bc28e6bf9cd3d b0a3f25ac10c48f7ac496be8cf3a66cb - - default default] 10.0.0.235 "POST /v2.0/security-group-rules HTTP/1.1" status: 201 len: 795 time: 0.3160594
2026-07-01 08:50:06.385 10 WARNING neutron_lib.context [None req-55cdabc5-8982-43a3-903a-421a955f6c06 ae1d923bf8184c11856bc28e6bf9cd3d b0a3f25ac10c48f7ac496be8cf3a66cb - - default default] Method 'is_advsvc' is deprecated since 2023.2 release (neutron-lib 3.8.0) and will be removed once support for the old RBAC API policies will be removed from Neutron. Please use method 'is_service_role' instead.
2026-07-01 08:50:06.436 9 INFO neutron.wsgi [req-f0c4c49e-c8bb-436a-be60-663d9b684feb req-538e2c1d-ff96-4b31-bdf3-61840f2077d5 9bace6ade53a42cc8a059d404d8c575b 42f8953e468046b4837051ad68060903 - - e2a361f18ee442689da9a86b65027798 e2a361f18ee442689da9a86b65027798] 199.204.45.70 "GET /v2.0/ports?device_id=d6e081e9-247f-4458-b64f-4ed9ad7ab041&fields=binding%3Ahost_id&fields=binding%3Avif_type HTTP/1.1" status: 200 len: 265 time: 0.0640004
2026-07-01 08:50:06.546 10 INFO neutron.db.ovn_revision_numbers_db [None req-55cdabc5-8982-43a3-903a-421a955f6c06 ae1d923bf8184c11856bc28e6bf9cd3d b0a3f25ac10c48f7ac496be8cf3a66cb - - default default] Successfully bumped revision number for resource 04b751e7-c0b1-470d-86ad-6be0f0ed92cb (type: security_group_rules) to 0
2026-07-01 08:50:06.575 9 INFO neutron.wsgi [req-f0c4c49e-c8bb-436a-be60-663d9b684feb req-fd44e9ef-89e5-44fd-81c5-9ab96dfe08ed 9bace6ade53a42cc8a059d404d8c575b 42f8953e468046b4837051ad68060903 - - e2a361f18ee442689da9a86b65027798 e2a361f18ee442689da9a86b65027798] 199.204.45.70 "GET /v2.0/ports?tenant_id=04dfa4a7a975407fb4d8c293846a6a3c&device_id=d6e081e9-247f-4458-b64f-4ed9ad7ab041 HTTP/1.1" status: 200 len: 1634 time: 0.0468948
2026-07-01 08:50:06.577 10 INFO neutron.wsgi [None req-55cdabc5-8982-43a3-903a-421a955f6c06 ae1d923bf8184c11856bc28e6bf9cd3d b0a3f25ac10c48f7ac496be8cf3a66cb - - default default] 10.0.0.235 "POST /v2.0/security-group-rules HTTP/1.1" status: 201 len: 801 time: 0.1968215
2026-07-01 08:50:06.595 10 WARNING neutron_lib.context [None req-399b68f7-738f-4a40-a982-1045a0833521 ae1d923bf8184c11856bc28e6bf9cd3d b0a3f25ac10c48f7ac496be8cf3a66cb - - default default] Method 'is_advsvc' is deprecated since 2023.2 release (neutron-lib 3.8.0) and will be removed once support for the old RBAC API policies will be removed from Neutron. Please use method 'is_service_role' instead.
2026-07-01 08:50:06.765 10 INFO neutron.db.ovn_revision_numbers_db [None req-399b68f7-738f-4a40-a982-1045a0833521 ae1d923bf8184c11856bc28e6bf9cd3d b0a3f25ac10c48f7ac496be8cf3a66cb - - default default] Successfully bumped revision number for resource ce6583b1-49f8-42b2-bfb1-c02f6e8b1d05 (type: security_group_rules) to 0
2026-07-01 08:50:06.801 10 INFO neutron.wsgi [None req-399b68f7-738f-4a40-a982-1045a0833521 ae1d923bf8184c11856bc28e6bf9cd3d b0a3f25ac10c48f7ac496be8cf3a66cb - - default default] 10.0.0.235 "POST /v2.0/security-group-rules HTTP/1.1" status: 201 len: 800 time: 0.2136669
2026-07-01 08:50:06.810 10 WARNING neutron_lib.context [None req-29929c96-6e33-4ff4-aefd-c08ad33d87a8 ae1d923bf8184c11856bc28e6bf9cd3d b0a3f25ac10c48f7ac496be8cf3a66cb - - default default] Method 'is_advsvc' is deprecated since 2023.2 release (neutron-lib 3.8.0) and will be removed once support for the old RBAC API policies will be removed from Neutron. Please use method 'is_service_role' instead.
2026-07-01 08:50:06.852 10 INFO neutron.db.securitygroups_db [None req-29929c96-6e33-4ff4-aefd-c08ad33d87a8 ae1d923bf8184c11856bc28e6bf9cd3d b0a3f25ac10c48f7ac496be8cf3a66cb - - default default] Project b0a3f25ac10c48f7ac496be8cf3a66cb added a security group rule with legacy IPv6 ICMP protocol name icmp, ipv6-icmp should be used instead. It was automatically converted.
2026-07-01 08:50:06.975 10 INFO neutron.db.ovn_revision_numbers_db [None req-29929c96-6e33-4ff4-aefd-c08ad33d87a8 ae1d923bf8184c11856bc28e6bf9cd3d b0a3f25ac10c48f7ac496be8cf3a66cb - - default default] Successfully bumped revision number for resource 7b79c6e9-e285-4cca-af8a-9f5d2de87220 (type: security_group_rules) to 0
2026-07-01 08:50:07.004 10 INFO neutron.wsgi [None req-29929c96-6e33-4ff4-aefd-c08ad33d87a8 ae1d923bf8184c11856bc28e6bf9cd3d b0a3f25ac10c48f7ac496be8cf3a66cb - - default default] 10.0.0.235 "POST /v2.0/security-group-rules HTTP/1.1" status: 201 len: 806 time: 0.1993639
2026-07-01 08:50:07.016 10 WARNING neutron_lib.context [None req-824d988d-9172-4fcb-94b2-a42b71338594 ae1d923bf8184c11856bc28e6bf9cd3d b0a3f25ac10c48f7ac496be8cf3a66cb - - default default] Method 'is_advsvc' is deprecated since 2023.2 release (neutron-lib 3.8.0) and will be removed once support for the old RBAC API policies will be removed from Neutron. Please use method 'is_service_role' instead.
2026-07-01 08:50:07.050 10 INFO neutron.db.securitygroups_db [None req-824d988d-9172-4fcb-94b2-a42b71338594 ae1d923bf8184c11856bc28e6bf9cd3d b0a3f25ac10c48f7ac496be8cf3a66cb - - default default] Project b0a3f25ac10c48f7ac496be8cf3a66cb added a security group rule with legacy IPv6 ICMP protocol name icmp, ipv6-icmp should be used instead. It was automatically converted.
2026-07-01 08:50:07.078 9 INFO neutron.wsgi [req-f0c4c49e-c8bb-436a-be60-663d9b684feb req-f1a9f42b-8973-4a6e-8610-a803398ef15b 9bace6ade53a42cc8a059d404d8c575b 42f8953e468046b4837051ad68060903 - - e2a361f18ee442689da9a86b65027798 e2a361f18ee442689da9a86b65027798] 199.204.45.70 "GET /v2.0/networks?id=3d7a95da-fb68-40b2-a4b6-b2296164f231 HTTP/1.1" status: 200 len: 1003 time: 0.4763682
2026-07-01 08:50:07.140 9 INFO neutron.db.ovn_revision_numbers_db [None req-241c25f7-7a47-4594-8ebc-bc23192bb628 55a5c6c56fb943e2a14e1ac6b25eeb85 2bcdf5accffc4304b39fe6804f571679 - - default default] Successfully bumped revision number for resource 6aa4120a-eb9e-4f93-8125-624bad60175c (type: security_groups) to 1
2026-07-01 08:50:07.146 9 INFO neutron.wsgi [req-f0c4c49e-c8bb-436a-be60-663d9b684feb req-5e9c8fa6-8901-4b45-98ec-70f86ea9dddd 9bace6ade53a42cc8a059d404d8c575b 42f8953e468046b4837051ad68060903 - - e2a361f18ee442689da9a86b65027798 e2a361f18ee442689da9a86b65027798] 199.204.45.70 "GET /v2.0/floatingips?fixed_ip_address=10.2.1.71&port_id=ab67856a-7849-42b4-b24b-e3277233898d HTTP/1.1" status: 200 len: 1058 time: 0.0602512
2026-07-01 08:50:07.160 10 INFO neutron.db.ovn_revision_numbers_db [None req-824d988d-9172-4fcb-94b2-a42b71338594 ae1d923bf8184c11856bc28e6bf9cd3d b0a3f25ac10c48f7ac496be8cf3a66cb - - default default] Successfully bumped revision number for resource 2681bfbd-445c-48d5-a6f4-ccfd6a28a9d1 (type: security_group_rules) to 0
2026-07-01 08:50:07.183 9 INFO neutron.wsgi [req-f0c4c49e-c8bb-436a-be60-663d9b684feb req-2f7e6df4-52d7-49d8-a2e6-fe626adc3e34 9bace6ade53a42cc8a059d404d8c575b 42f8953e468046b4837051ad68060903 - - e2a361f18ee442689da9a86b65027798 e2a361f18ee442689da9a86b65027798] 199.204.45.70 "GET /v2.0/floatingips?fixed_ip_address=fd7b%3Af9f7%3Afff%3A4eca%3A%3A238&port_id=ab67856a-7849-42b4-b24b-e3277233898d HTTP/1.1" status: 200 len: 217 time: 0.0261827
2026-07-01 08:50:07.187 9 INFO neutron.db.ovn_revision_numbers_db [None req-241c25f7-7a47-4594-8ebc-bc23192bb628 55a5c6c56fb943e2a14e1ac6b25eeb85 2bcdf5accffc4304b39fe6804f571679 - - default default] Successfully bumped revision number for resource 2944d98f-1c90-485f-99ef-2d261d6feb32 (type: security_group_rules) to 0
2026-07-01 08:50:07.197 10 INFO neutron.wsgi [None req-824d988d-9172-4fcb-94b2-a42b71338594 ae1d923bf8184c11856bc28e6bf9cd3d b0a3f25ac10c48f7ac496be8cf3a66cb - - default default] 10.0.0.235 "POST /v2.0/security-group-rules HTTP/1.1" status: 201 len: 805 time: 0.1865563
2026-07-01 08:50:07.211 9 INFO neutron.db.ovn_revision_numbers_db [None req-241c25f7-7a47-4594-8ebc-bc23192bb628 55a5c6c56fb943e2a14e1ac6b25eeb85 2bcdf5accffc4304b39fe6804f571679 - - default default] Successfully bumped revision number for resource b409e920-7c59-4446-95b0-5578871d3bf5 (type: security_group_rules) to 0
2026-07-01 08:50:07.263 9 INFO neutron.wsgi [req-f0c4c49e-c8bb-436a-be60-663d9b684feb req-a0e9c463-9c64-4103-9747-10be0149620d 9bace6ade53a42cc8a059d404d8c575b 42f8953e468046b4837051ad68060903 - - e2a361f18ee442689da9a86b65027798 e2a361f18ee442689da9a86b65027798] 199.204.45.70 "GET /v2.0/subnets?id=a7ac66cb-8520-4149-9219-d352fd002bc6&id=083eb0b5-1cc6-4bc1-996f-c89a34a2d193 HTTP/1.1" status: 200 len: 1562 time: 0.0694835
2026-07-01 08:50:07.272 9 INFO neutron.db.ovn_revision_numbers_db [None req-241c25f7-7a47-4594-8ebc-bc23192bb628 55a5c6c56fb943e2a14e1ac6b25eeb85 2bcdf5accffc4304b39fe6804f571679 - - default default] Successfully bumped revision number for resource db9f5617-64b2-4a88-87b9-31a5e345b909 (type: security_group_rules) to 0
2026-07-01 08:50:07.295 9 INFO neutron.wsgi [req-f0c4c49e-c8bb-436a-be60-663d9b684feb req-50cb2fe2-7958-494d-bf91-4462c0dba087 9bace6ade53a42cc8a059d404d8c575b 42f8953e468046b4837051ad68060903 - - e2a361f18ee442689da9a86b65027798 e2a361f18ee442689da9a86b65027798] 199.204.45.70 "GET /v2.0/ports?network_id=3d7a95da-fb68-40b2-a4b6-b2296164f231&device_owner=network%3Adhcp HTTP/1.1" status: 200 len: 210 time: 0.0238693
2026-07-01 08:50:07.311 9 INFO neutron.db.ovn_revision_numbers_db [None req-241c25f7-7a47-4594-8ebc-bc23192bb628 55a5c6c56fb943e2a14e1ac6b25eeb85 2bcdf5accffc4304b39fe6804f571679 - - default default] Successfully bumped revision number for resource ff30babe-82e5-4403-ac11-ccb1dc989fc4 (type: security_group_rules) to 0
2026-07-01 08:50:07.332 9 INFO neutron.wsgi [req-f0c4c49e-c8bb-436a-be60-663d9b684feb req-8b446ed9-b054-4723-ac2a-7db90bbaddcd 9bace6ade53a42cc8a059d404d8c575b 42f8953e468046b4837051ad68060903 - - e2a361f18ee442689da9a86b65027798 e2a361f18ee442689da9a86b65027798] 199.204.45.70 "GET /v2.0/ports?network_id=3d7a95da-fb68-40b2-a4b6-b2296164f231&device_owner=network%3Adhcp HTTP/1.1" status: 200 len: 210 time: 0.0294845
2026-07-01 08:50:07.343 9 INFO neutron.wsgi [None req-241c25f7-7a47-4594-8ebc-bc23192bb628 55a5c6c56fb943e2a14e1ac6b25eeb85 2bcdf5accffc4304b39fe6804f571679 - - default default] 10.0.0.235 "GET /v2.0/security-groups?tenant_id=d623e28794a348069c28668632f04b96&name=default HTTP/1.1" status: 200 len: 3120 time: 0.8352022
2026-07-01 08:50:07.411 9 INFO neutron.wsgi [req-f0c4c49e-c8bb-436a-be60-663d9b684feb req-672291c5-0a87-455d-8e7f-ff26af599a54 9bace6ade53a42cc8a059d404d8c575b 42f8953e468046b4837051ad68060903 - - e2a361f18ee442689da9a86b65027798 e2a361f18ee442689da9a86b65027798] 199.204.45.70 "GET /v2.0/networks/3d7a95da-fb68-40b2-a4b6-b2296164f231?fields=segments HTTP/1.1" status: 200 len: 212 time: 0.0707822
2026-07-01 08:50:07.501 9 INFO neutron.wsgi [req-f0c4c49e-c8bb-436a-be60-663d9b684feb req-2787df17-a716-4efa-ba30-052321a17726 9bace6ade53a42cc8a059d404d8c575b 42f8953e468046b4837051ad68060903 - - e2a361f18ee442689da9a86b65027798 e2a361f18ee442689da9a86b65027798] 199.204.45.70 "GET /v2.0/networks/3d7a95da-fb68-40b2-a4b6-b2296164f231?fields=provider%3Aphysical_network&fields=provider%3Anetwork_type HTTP/1.1" status: 200 len: 277 time: 0.0700545
2026-07-01 08:50:07.666 10 INFO neutron.wsgi [None req-ccce3182-9fe0-452e-8200-c662fcbc7219 55a5c6c56fb943e2a14e1ac6b25eeb85 2bcdf5accffc4304b39fe6804f571679 - - default default] 10.0.0.235 "DELETE /v2.0/security-groups/6aa4120a-eb9e-4f93-8125-624bad60175c HTTP/1.1" status: 204 len: 168 time: 0.3175898
2026-07-01 08:50:07.704 9 WARNING neutron_lib.context [None req-ccf5594c-2bbb-473b-9a59-2834e746f806 ae1d923bf8184c11856bc28e6bf9cd3d b0a3f25ac10c48f7ac496be8cf3a66cb - - default default] Method 'is_advsvc' is deprecated since 2023.2 release (neutron-lib 3.8.0) and will be removed once support for the old RBAC API policies will be removed from Neutron. Please use method 'is_service_role' instead.
2026-07-01 08:50:07.864 9 INFO neutron.db.ovn_revision_numbers_db [None req-ccf5594c-2bbb-473b-9a59-2834e746f806 ae1d923bf8184c11856bc28e6bf9cd3d b0a3f25ac10c48f7ac496be8cf3a66cb - - default default] Successfully bumped revision number for resource 4e0ba116-ab8f-4f79-84a8-4e7e17cb75b8 (type: security_groups) to 1
2026-07-01 08:50:07.886 9 INFO neutron.db.ovn_revision_numbers_db [None req-ccf5594c-2bbb-473b-9a59-2834e746f806 ae1d923bf8184c11856bc28e6bf9cd3d b0a3f25ac10c48f7ac496be8cf3a66cb - - default default] Successfully bumped revision number for resource c1677771-7ccc-4abb-a85c-ea46c8a51a2e (type: security_group_rules) to 0
2026-07-01 08:50:07.900 9 INFO neutron.db.ovn_revision_numbers_db [None req-ccf5594c-2bbb-473b-9a59-2834e746f806 ae1d923bf8184c11856bc28e6bf9cd3d b0a3f25ac10c48f7ac496be8cf3a66cb - - default default] Successfully bumped revision number for resource eb03305a-5959-4511-bcbd-3223a26ca76e (type: security_group_rules) to 0
2026-07-01 08:50:07.930 9 INFO neutron.wsgi [None req-ccf5594c-2bbb-473b-9a59-2834e746f806 ae1d923bf8184c11856bc28e6bf9cd3d b0a3f25ac10c48f7ac496be8cf3a66cb - - default default] 10.0.0.235 "POST /v2.0/security-groups HTTP/1.1" status: 201 len: 1861 time: 0.2318878
2026-07-01 08:50:07.940 9 WARNING neutron_lib.context [None req-d56ab170-69a6-42e4-a9f8-21a02828f0af ae1d923bf8184c11856bc28e6bf9cd3d b0a3f25ac10c48f7ac496be8cf3a66cb - - default default] Method 'is_advsvc' is deprecated since 2023.2 release (neutron-lib 3.8.0) and will be removed once support for the old RBAC API policies will be removed from Neutron. Please use method 'is_service_role' instead.
2026-07-01 08:50:08.095 9 INFO neutron.db.ovn_revision_numbers_db [None req-d56ab170-69a6-42e4-a9f8-21a02828f0af ae1d923bf8184c11856bc28e6bf9cd3d b0a3f25ac10c48f7ac496be8cf3a66cb - - default default] Successfully bumped revision number for resource 2e248c73-aaba-42fc-8f85-3160f68f5962 (type: security_group_rules) to 0
2026-07-01 08:50:08.130 9 INFO neutron.wsgi [None req-d56ab170-69a6-42e4-a9f8-21a02828f0af ae1d923bf8184c11856bc28e6bf9cd3d b0a3f25ac10c48f7ac496be8cf3a66cb - - default default] 10.0.0.235 "POST /v2.0/security-group-rules HTTP/1.1" status: 201 len: 796 time: 0.1943338
2026-07-01 08:50:08.143 9 WARNING neutron_lib.context [None req-eeb02dd1-a8e3-4e79-96eb-f32cef4acea8 ae1d923bf8184c11856bc28e6bf9cd3d b0a3f25ac10c48f7ac496be8cf3a66cb - - default default] Method 'is_advsvc' is deprecated since 2023.2 release (neutron-lib 3.8.0) and will be removed once support for the old RBAC API policies will be removed from Neutron. Please use method 'is_service_role' instead.
2026-07-01 08:50:08.284 9 INFO neutron.db.ovn_revision_numbers_db [None req-eeb02dd1-a8e3-4e79-96eb-f32cef4acea8 ae1d923bf8184c11856bc28e6bf9cd3d b0a3f25ac10c48f7ac496be8cf3a66cb - - default default] Successfully bumped revision number for resource 63f8e618-4220-4d34-8bbc-7b90a559a544 (type: security_group_rules) to 0
2026-07-01 08:50:08.325 9 INFO neutron.wsgi [None req-eeb02dd1-a8e3-4e79-96eb-f32cef4acea8 ae1d923bf8184c11856bc28e6bf9cd3d b0a3f25ac10c48f7ac496be8cf3a66cb - - default default] 10.0.0.235 "POST /v2.0/security-group-rules HTTP/1.1" status: 201 len: 801 time: 0.1882868
2026-07-01 08:50:08.341 9 WARNING neutron_lib.context [None req-df632625-82b5-477d-9db7-b6051aac0eab ae1d923bf8184c11856bc28e6bf9cd3d b0a3f25ac10c48f7ac496be8cf3a66cb - - default default] Method 'is_advsvc' is deprecated since 2023.2 release (neutron-lib 3.8.0) and will be removed once support for the old RBAC API policies will be removed from Neutron. Please use method 'is_service_role' instead.
2026-07-01 08:50:08.456 10 INFO neutron.wsgi [None req-28cf24b3-95dd-4ab0-8ee0-f6abb2f2640e 74a8ccb6b97544c4be8c1c5a72013e0f 21dbd447ef884dc6a7bdecc0130f5654 - - default default] 10.0.0.235 "POST /v2.0/qos/policies HTTP/1.1" status: 201 len: 558 time: 0.2835886
2026-07-01 08:50:08.504 10 INFO neutron.wsgi [None req-091a2392-90a6-4a8c-96e8-79708ddd48fe 74a8ccb6b97544c4be8c1c5a72013e0f 21dbd447ef884dc6a7bdecc0130f5654 - - default default] 10.0.0.235 "PUT /v2.0/policies/46c009c5-c591-4b29-b63f-07059b508618/tags HTTP/1.1" status: 200 len: 218 time: 0.0407577
2026-07-01 08:50:08.535 10 INFO neutron.wsgi [None req-42d958ee-e104-40d1-8a1a-e69fd97323ec 74a8ccb6b97544c4be8c1c5a72013e0f 21dbd447ef884dc6a7bdecc0130f5654 - - default default] 10.0.0.235 "GET /v2.0/policies/46c009c5-c591-4b29-b63f-07059b508618/tags HTTP/1.1" status: 200 len: 218 time: 0.0257757
2026-07-01 08:50:08.578 10 INFO neutron.wsgi [None req-0bbb3dbc-dfa0-4933-bb33-136e0f406cf8 74a8ccb6b97544c4be8c1c5a72013e0f 21dbd447ef884dc6a7bdecc0130f5654 - - default default] 10.0.0.235 "PUT /v2.0/policies/46c009c5-c591-4b29-b63f-07059b508618/tags/green HTTP/1.1" status: 201 len: 201 time: 0.0324960
2026-07-01 08:50:08.612 10 INFO neutron.wsgi [None req-f95c111e-5a24-4e12-9b13-54df611eb8d0 74a8ccb6b97544c4be8c1c5a72013e0f 21dbd447ef884dc6a7bdecc0130f5654 - - default default] 10.0.0.235 "GET /v2.0/policies/46c009c5-c591-4b29-b63f-07059b508618/tags HTTP/1.1" status: 200 len: 227 time: 0.0283809
2026-07-01 08:50:08.656 10 INFO neutron.wsgi [None req-2190675c-ec31-402d-b737-84d56a28fb19 74a8ccb6b97544c4be8c1c5a72013e0f 21dbd447ef884dc6a7bdecc0130f5654 - - default default] 10.0.0.235 "PUT /v2.0/policies/46c009c5-c591-4b29-b63f-07059b508618/tags/red HTTP/1.1" status: 201 len: 201 time: 0.0362151
2026-07-01 08:50:08.688 10 INFO neutron.wsgi [None req-0e43d9d4-fe0f-43ae-b2a3-f0ebc1cc7a47 74a8ccb6b97544c4be8c1c5a72013e0f 21dbd447ef884dc6a7bdecc0130f5654 - - default default] 10.0.0.235 "GET /v2.0/policies/46c009c5-c591-4b29-b63f-07059b508618/tags HTTP/1.1" status: 200 len: 227 time: 0.0255828
2026-07-01 08:50:08.708 9 WARNING neutron.scheduler.dhcp_agent_scheduler [None req-df632625-82b5-477d-9db7-b6051aac0eab ae1d923bf8184c11856bc28e6bf9cd3d b0a3f25ac10c48f7ac496be8cf3a66cb - - default default] No more DHCP agents
2026-07-01 08:50:08.713 9 WARNING neutron.api.rpc.agentnotifiers.dhcp_rpc_agent_api [None req-df632625-82b5-477d-9db7-b6051aac0eab ae1d923bf8184c11856bc28e6bf9cd3d b0a3f25ac10c48f7ac496be8cf3a66cb - - default default] Unable to schedule network 76b76341-7fa0-43ff-868c-8cb45676f306: no agents available; will retry on subsequent port and subnet creation events.
2026-07-01 08:50:08.741 10 INFO neutron.wsgi [None req-ca98ce03-ea52-4ae7-9d9b-447d8e4ecbcb 74a8ccb6b97544c4be8c1c5a72013e0f 21dbd447ef884dc6a7bdecc0130f5654 - - default default] 10.0.0.235 "PUT /v2.0/policies/46c009c5-c591-4b29-b63f-07059b508618/tags/black.or.white HTTP/1.1" status: 201 len: 201 time: 0.0494835
2026-07-01 08:50:08.786 9 INFO neutron.wsgi [None req-fb032eca-c74e-42b6-bee1-4758f54fcc33 74a8ccb6b97544c4be8c1c5a72013e0f 21dbd447ef884dc6a7bdecc0130f5654 - - default default] 10.0.0.235 "GET /v2.0/policies/46c009c5-c591-4b29-b63f-07059b508618/tags HTTP/1.1" status: 200 len: 245 time: 0.0385094
2026-07-01 08:50:08.841 10 INFO neutron.wsgi [None req-56a64d8f-57f4-46e2-a7ce-fe3fb01522c7 74a8ccb6b97544c4be8c1c5a72013e0f 21dbd447ef884dc6a7bdecc0130f5654 - - default default] 10.0.0.235 "PUT /v2.0/policies/46c009c5-c591-4b29-b63f-07059b508618/tags HTTP/1.1" status: 200 len: 230 time: 0.0463407
2026-07-01 08:50:08.870 10 INFO neutron.wsgi [None req-b96d006d-bfd1-465f-9fa0-197d32d5723c 74a8ccb6b97544c4be8c1c5a72013e0f 21dbd447ef884dc6a7bdecc0130f5654 - - default default] 10.0.0.235 "GET /v2.0/policies/46c009c5-c591-4b29-b63f-07059b508618/tags HTTP/1.1" status: 200 len: 230 time: 0.0236022
2026-07-01 08:50:08.896 10 INFO neutron.wsgi [None req-8fb8761d-b138-4ec8-aa0c-a5546bfb401a 74a8ccb6b97544c4be8c1c5a72013e0f 21dbd447ef884dc6a7bdecc0130f5654 - - default default] 10.0.0.235 "GET /v2.0/policies/46c009c5-c591-4b29-b63f-07059b508618/tags/red HTTP/1.1" status: 204 len: 168 time: 0.0195606
2026-07-01 08:50:08.922 10 INFO neutron.api.v2.resource [None req-7603b993-068b-462b-b3e3-3f08b813619e 74a8ccb6b97544c4be8c1c5a72013e0f 21dbd447ef884dc6a7bdecc0130f5654 - - default default] show failed (client error): The resource could not be found.
2026-07-01 08:50:08.923 10 INFO neutron.wsgi [None req-7603b993-068b-462b-b3e3-3f08b813619e 74a8ccb6b97544c4be8c1c5a72013e0f 21dbd447ef884dc6a7bdecc0130f5654 - - default default] 10.0.0.235 "GET /v2.0/policies/46c009c5-c591-4b29-b63f-07059b508618/tags/green HTTP/1.1" status: 404 len: 299 time: 0.0188417
2026-07-01 08:50:08.965 10 INFO neutron.wsgi [None req-d3002adc-945b-4860-bcbc-9de6f3a7adc8 74a8ccb6b97544c4be8c1c5a72013e0f 21dbd447ef884dc6a7bdecc0130f5654 - - default default] 10.0.0.235 "DELETE /v2.0/policies/46c009c5-c591-4b29-b63f-07059b508618/tags/red HTTP/1.1" status: 204 len: 168 time: 0.0313904
2026-07-01 08:50:08.989 10 INFO neutron.wsgi [None req-65e2a396-7dac-404a-8aec-95210dfbb03b 74a8ccb6b97544c4be8c1c5a72013e0f 21dbd447ef884dc6a7bdecc0130f5654 - - default default] 10.0.0.235 "GET /v2.0/policies/46c009c5-c591-4b29-b63f-07059b508618/tags HTTP/1.1" status: 200 len: 223 time: 0.0178185
