2026-07-01 08:46:15.740 9 ERROR neutron_lib.callbacks.manager [None req-5fe65190-f355-4240-aa88-3c53cbc5a684 - - - - - -] Error during notification for neutron.services.ovn_l3.plugin.OVNL3RouterPlugin._port_update-8794958775014 port, after_update: ovsdbapp.backend.ovs_idl.idlutils.RowNotFound: Cannot find Logical_Router_Port with name=lrp-7b932a2b-dcc9-4edf-b41c-9c655eaa061f
2026-07-01 08:46:15.740 9 ERROR neutron_lib.callbacks.manager
Traceback (most recent call last):
2026-07-01 08:46:15.740 9 ERROR neutron_lib.callbacks.manager
File "/var/lib/openstack/lib/python3.10/site-packages/neutron_lib/callbacks/manager.py", line 189, in _notify_loop
2026-07-01 08:46:15.740 9 ERROR neutron_lib.callbacks.manager callback.method(resource, event, trigger, payload=payload)
2026-07-01 08:46:15.740 9 ERROR neutron_lib.callbacks.manager
File "/var/lib/openstack/lib/python3.10/site-packages/neutron/services/ovn_l3/plugin.py", line 391, in _port_update
2026-07-01 08:46:15.740 9 ERROR neutron_lib.callbacks.manager l3plugin._ovn_client.update_router_port(context,
2026-07-01 08:46:15.740 9 ERROR neutron_lib.callbacks.manager
File "/var/lib/openstack/lib/python3.10/site-packages/neutron/plugins/ml2/drivers/ovn/mech_driver/ovsdb/ovn_client.py", line 1878, in update_router_port
2026-07-01 08:46:15.740 9 ERROR neutron_lib.callbacks.manager self._update_lrouter_port(context, port, if_exists=if_exists,
2026-07-01 08:46:15.740 9 ERROR neutron_lib.callbacks.manager
File "/var/lib/openstack/lib/python3.10/site-packages/neutron/plugins/ml2/drivers/ovn/mech_driver/ovsdb/ovn_client.py", line 1855, in _update_lrouter_port
2026-07-01 08:46:15.740 9 ERROR neutron_lib.callbacks.manager external_ids = self._nb_idl.db_get(
2026-07-01 08:46:15.740 9 ERROR neutron_lib.callbacks.manager
File "/var/lib/openstack/lib/python3.10/site-packages/ovsdbapp/backend/ovs_idl/command.py", line 47, in execute
2026-07-01 08:46:15.740 9 ERROR neutron_lib.callbacks.manager self.run_idl(None)
2026-07-01 08:46:15.740 9 ERROR neutron_lib.callbacks.manager
File "/var/lib/openstack/lib/python3.10/site-packages/ovsdbapp/backend/ovs_idl/command.py", line 235, in run_idl
2026-07-01 08:46:15.740 9 ERROR neutron_lib.callbacks.manager record = self.api.lookup(self.table, self.record)
2026-07-01 08:46:15.740 9 ERROR neutron_lib.callbacks.manager
File "/var/lib/openstack/lib/python3.10/site-packages/ovsdbapp/backend/ovs_idl/__init__.py", line 184, in lookup
2026-07-01 08:46:15.740 9 ERROR neutron_lib.callbacks.manager return self._lookup(table, record)
2026-07-01 08:46:15.740 9 ERROR neutron_lib.callbacks.manager
File "/var/lib/openstack/lib/python3.10/site-packages/ovsdbapp/backend/ovs_idl/__init__.py", line 235, in _lookup
2026-07-01 08:46:15.740 9 ERROR neutron_lib.callbacks.manager row = idlutils.row_by_value(self, rl.table, rl.column, record)
2026-07-01 08:46:15.740 9 ERROR neutron_lib.callbacks.manager
File "/var/lib/openstack/lib/python3.10/site-packages/ovsdbapp/backend/ovs_idl/idlutils.py", line 114, in row_by_value
2026-07-01 08:46:15.740 9 ERROR neutron_lib.callbacks.manager raise RowNotFound(table=table, col=column, match=match)
2026-07-01 08:46:15.740 9 ERROR neutron_lib.callbacks.manager ovsdbapp.backend.ovs_idl.idlutils.RowNotFound: Cannot find Logical_Router_Port with name=lrp-7b932a2b-dcc9-4edf-b41c-9c655eaa061f
2026-07-01 08:46:15.740 9 ERROR neutron_lib.callbacks.manager 
2026-07-01 08:46:15.904 10 INFO neutron.db.ovn_revision_numbers_db [None req-1f718533-a9eb-4f45-80dd-00df37737920 55a5c6c56fb943e2a14e1ac6b25eeb85 2bcdf5accffc4304b39fe6804f571679 - - default default] Successfully bumped revision number for resource aa22a101-dfa0-442c-94fb-fe8383c9f9a3 (type: security_group_rules) to 0
2026-07-01 08:46:15.921 10 INFO neutron.wsgi [req-c16a203e-c711-4ee4-a815-05b8cea90f21 req-a710b468-de39-448a-9bbf-4741034f2a7f 54e1ff017de34f01b9ed92b357ecbfdb 9c0cc951c6974aa4bf066341f4ada729 - - default default] 10.0.0.79 "GET /v2.0/ports?device_id=c9cf5cd2-46c1-4fe8-8d2c-c14b1e98e4ef HTTP/1.1" status: 200 len: 1174 time: 0.3686028
2026-07-01 08:46:15.928 10 INFO neutron.wsgi [req-aabd8dc6-b635-4401-a318-5fb8325a4c70 req-038f8645-d49a-4870-83fa-dd1496e72b80 9bace6ade53a42cc8a059d404d8c575b 42f8953e468046b4837051ad68060903 - - e2a361f18ee442689da9a86b65027798 e2a361f18ee442689da9a86b65027798] 199.204.45.70 "GET /v2.0/ports?tenant_id=9c0cc951c6974aa4bf066341f4ada729&device_id=c9cf5cd2-46c1-4fe8-8d2c-c14b1e98e4ef HTTP/1.1" status: 200 len: 1413 time: 0.3724184
2026-07-01 08:46:15.940 10 INFO neutron.wsgi [None req-1f718533-a9eb-4f45-80dd-00df37737920 55a5c6c56fb943e2a14e1ac6b25eeb85 2bcdf5accffc4304b39fe6804f571679 - - default default] 10.0.0.235 "GET /v2.0/security-groups?tenant_id=43cf61fb326f4e73995feb136b82c483&name=default HTTP/1.1" status: 200 len: 3120 time: 0.5967619
2026-07-01 08:46:16.018 10 INFO neutron.wsgi [req-c16a203e-c711-4ee4-a815-05b8cea90f21 req-07a84dde-afc8-4cdc-8481-b8a7e5839d73 54e1ff017de34f01b9ed92b357ecbfdb 9c0cc951c6974aa4bf066341f4ada729 - - default default] 10.0.0.79 "GET /v2.0/security-groups?id=72ebe547-146f-4f04-a631-8d8c6ae887bf&fields=id&fields=name HTTP/1.1" status: 200 len: 311 time: 0.0883827
2026-07-01 08:46:16.021 10 INFO neutron.wsgi [req-aabd8dc6-b635-4401-a318-5fb8325a4c70 req-5b911193-1d9c-4187-bfd8-e546a0bb4aad 9bace6ade53a42cc8a059d404d8c575b 42f8953e468046b4837051ad68060903 - - e2a361f18ee442689da9a86b65027798 e2a361f18ee442689da9a86b65027798] 199.204.45.70 "GET /v2.0/networks?id=89d4a19a-0d3b-4ca9-a404-94076d05c623 HTTP/1.1" status: 200 len: 980 time: 0.0864127
2026-07-01 08:46:16.079 10 INFO neutron.wsgi [req-aabd8dc6-b635-4401-a318-5fb8325a4c70 req-591d903e-536f-43c9-8b7f-08854fc75f7d 9bace6ade53a42cc8a059d404d8c575b 42f8953e468046b4837051ad68060903 - - e2a361f18ee442689da9a86b65027798 e2a361f18ee442689da9a86b65027798] 199.204.45.70 "GET /v2.0/floatingips?fixed_ip_address=10.100.0.11&port_id=a0be326d-3145-4a88-9788-61edbf4f8588 HTTP/1.1" status: 200 len: 1060 time: 0.0498602
2026-07-01 08:46:16.103 9 INFO neutron.db.ovn_revision_numbers_db [None req-03afc901-446e-4b86-acef-44b34d4d4e96 55a5c6c56fb943e2a14e1ac6b25eeb85 2bcdf5accffc4304b39fe6804f571679 - - default default] Successfully bumped revision number for resource 7b932a2b-dcc9-4edf-b41c-9c655eaa061f (type: router_ports) to 1
2026-07-01 08:46:16.109 9 INFO neutron.wsgi [None req-03afc901-446e-4b86-acef-44b34d4d4e96 55a5c6c56fb943e2a14e1ac6b25eeb85 2bcdf5accffc4304b39fe6804f571679 - - default default] 10.0.0.235 "PUT /v2.0/routers/943debdb-384f-460e-974a-de86888479c1/add_router_interface HTTP/1.1" status: 200 len: 503 time: 4.3501763
2026-07-01 08:46:16.124 10 INFO neutron.wsgi [req-aabd8dc6-b635-4401-a318-5fb8325a4c70 req-d3588b98-8062-449d-bc72-6332dfb5be00 9bace6ade53a42cc8a059d404d8c575b 42f8953e468046b4837051ad68060903 - - e2a361f18ee442689da9a86b65027798 e2a361f18ee442689da9a86b65027798] 199.204.45.70 "GET /v2.0/subnets?id=61a4f632-7970-4a6f-8249-cb73211c26a1 HTTP/1.1" status: 200 len: 876 time: 0.0395694
2026-07-01 08:46:16.161 10 INFO neutron.wsgi [req-aabd8dc6-b635-4401-a318-5fb8325a4c70 req-a0645506-f89f-4410-a100-618f45aab13b 9bace6ade53a42cc8a059d404d8c575b 42f8953e468046b4837051ad68060903 - - e2a361f18ee442689da9a86b65027798 e2a361f18ee442689da9a86b65027798] 199.204.45.70 "GET /v2.0/ports?network_id=89d4a19a-0d3b-4ca9-a404-94076d05c623&device_owner=network%3Adhcp HTTP/1.1" status: 200 len: 210 time: 0.0248740
2026-07-01 08:46:16.246 9 INFO neutron.wsgi [None req-9aa44ac3-f09b-4a3d-aad2-045c3f40fbd4 55a5c6c56fb943e2a14e1ac6b25eeb85 2bcdf5accffc4304b39fe6804f571679 - - default default] 10.0.0.235 "DELETE /v2.0/security-groups/338acab7-3a14-4db9-aae7-e43740a7d2cd HTTP/1.1" status: 204 len: 168 time: 0.2981300
2026-07-01 08:46:16.254 10 INFO neutron.wsgi [req-aabd8dc6-b635-4401-a318-5fb8325a4c70 req-495c3e77-bd55-4b48-9e3d-87f6b02d9f77 9bace6ade53a42cc8a059d404d8c575b 42f8953e468046b4837051ad68060903 - - e2a361f18ee442689da9a86b65027798 e2a361f18ee442689da9a86b65027798] 199.204.45.70 "GET /v2.0/networks/89d4a19a-0d3b-4ca9-a404-94076d05c623?fields=segments HTTP/1.1" status: 200 len: 212 time: 0.0822053
2026-07-01 08:46:16.337 10 INFO neutron.wsgi [req-aabd8dc6-b635-4401-a318-5fb8325a4c70 req-4ce4dd2c-20d2-4b92-b3b0-75147ca43afd 9bace6ade53a42cc8a059d404d8c575b 42f8953e468046b4837051ad68060903 - - e2a361f18ee442689da9a86b65027798 e2a361f18ee442689da9a86b65027798] 199.204.45.70 "GET /v2.0/networks/89d4a19a-0d3b-4ca9-a404-94076d05c623?fields=provider%3Aphysical_network&fields=provider%3Anetwork_type HTTP/1.1" status: 200 len: 277 time: 0.0644979
2026-07-01 08:46:16.874 9 WARNING neutron_lib.context [None req-d586b95a-b47c-4339-ab4c-bbb109c06d54 8df72347a6cc427cad4410b716380839 a3fa5b89375146c499f55e9157cb2e41 - - default default] Method 'is_advsvc' is deprecated since 2023.2 release (neutron-lib 3.8.0) and will be removed once support for the old RBAC API policies will be removed from Neutron. Please use method 'is_service_role' instead.
2026-07-01 08:46:17.056 9 INFO neutron.db.ovn_revision_numbers_db [None req-d586b95a-b47c-4339-ab4c-bbb109c06d54 8df72347a6cc427cad4410b716380839 a3fa5b89375146c499f55e9157cb2e41 - - default default] Successfully bumped revision number for resource 3a1565c6-2c76-4e3c-aa38-7e878d86e73a (type: security_groups) to 1
2026-07-01 08:46:17.093 9 INFO neutron.db.ovn_revision_numbers_db [None req-d586b95a-b47c-4339-ab4c-bbb109c06d54 8df72347a6cc427cad4410b716380839 a3fa5b89375146c499f55e9157cb2e41 - - default default] Successfully bumped revision number for resource 65adef77-77c0-4ddf-96d8-1a59b2ecc8ba (type: security_group_rules) to 0
2026-07-01 08:46:17.112 9 INFO neutron.db.ovn_revision_numbers_db [None req-d586b95a-b47c-4339-ab4c-bbb109c06d54 8df72347a6cc427cad4410b716380839 a3fa5b89375146c499f55e9157cb2e41 - - default default] Successfully bumped revision number for resource f8e305a4-cf1b-488f-8b24-8e9622aab0d1 (type: security_group_rules) to 0
2026-07-01 08:46:17.135 9 INFO neutron.wsgi [None req-d586b95a-b47c-4339-ab4c-bbb109c06d54 8df72347a6cc427cad4410b716380839 a3fa5b89375146c499f55e9157cb2e41 - - default default] 10.0.0.235 "POST /v2.0/security-groups HTTP/1.1" status: 201 len: 1861 time: 0.2681994
2026-07-01 08:46:17.149 10 WARNING neutron_lib.context [None req-b8c66199-4963-44de-ac97-ca88012ce221 8df72347a6cc427cad4410b716380839 a3fa5b89375146c499f55e9157cb2e41 - - default default] Method 'is_advsvc' is deprecated since 2023.2 release (neutron-lib 3.8.0) and will be removed once support for the old RBAC API policies will be removed from Neutron. Please use method 'is_service_role' instead.
2026-07-01 08:46:17.357 10 INFO neutron.db.ovn_revision_numbers_db [None req-b8c66199-4963-44de-ac97-ca88012ce221 8df72347a6cc427cad4410b716380839 a3fa5b89375146c499f55e9157cb2e41 - - default default] Successfully bumped revision number for resource bc19a3fb-67bb-44ff-a40f-26a6df4ccc55 (type: security_group_rules) to 0
2026-07-01 08:46:17.385 10 INFO neutron.wsgi [None req-b8c66199-4963-44de-ac97-ca88012ce221 8df72347a6cc427cad4410b716380839 a3fa5b89375146c499f55e9157cb2e41 - - default default] 10.0.0.235 "POST /v2.0/security-group-rules HTTP/1.1" status: 201 len: 796 time: 0.2437916
2026-07-01 08:46:17.396 10 WARNING neutron_lib.context [None req-4a7c5d9f-a3ca-4875-b1f9-606a05ac9bb3 8df72347a6cc427cad4410b716380839 a3fa5b89375146c499f55e9157cb2e41 - - default default] Method 'is_advsvc' is deprecated since 2023.2 release (neutron-lib 3.8.0) and will be removed once support for the old RBAC API policies will be removed from Neutron. Please use method 'is_service_role' instead.
2026-07-01 08:46:17.534 10 INFO neutron.db.ovn_revision_numbers_db [None req-4a7c5d9f-a3ca-4875-b1f9-606a05ac9bb3 8df72347a6cc427cad4410b716380839 a3fa5b89375146c499f55e9157cb2e41 - - default default] Successfully bumped revision number for resource 3c3e37f8-1300-49ee-b573-584342197b55 (type: security_group_rules) to 0
2026-07-01 08:46:17.577 10 INFO neutron.wsgi [None req-4a7c5d9f-a3ca-4875-b1f9-606a05ac9bb3 8df72347a6cc427cad4410b716380839 a3fa5b89375146c499f55e9157cb2e41 - - default default] 10.0.0.235 "POST /v2.0/security-group-rules HTTP/1.1" status: 201 len: 801 time: 0.1861908
2026-07-01 08:46:17.590 10 WARNING neutron_lib.context [None req-62274fc9-f856-4342-b311-a63bc68c9af8 8df72347a6cc427cad4410b716380839 a3fa5b89375146c499f55e9157cb2e41 - - default default] Method 'is_advsvc' is deprecated since 2023.2 release (neutron-lib 3.8.0) and will be removed once support for the old RBAC API policies will be removed from Neutron. Please use method 'is_service_role' instead.
2026-07-01 08:46:17.943 10 WARNING neutron.scheduler.dhcp_agent_scheduler [None req-62274fc9-f856-4342-b311-a63bc68c9af8 8df72347a6cc427cad4410b716380839 a3fa5b89375146c499f55e9157cb2e41 - - default default] No more DHCP agents
2026-07-01 08:46:17.945 10 WARNING neutron.api.rpc.agentnotifiers.dhcp_rpc_agent_api [None req-62274fc9-f856-4342-b311-a63bc68c9af8 8df72347a6cc427cad4410b716380839 a3fa5b89375146c499f55e9157cb2e41 - - default default] Unable to schedule network 76b76341-7fa0-43ff-868c-8cb45676f306: no agents available; will retry on subsequent port and subnet creation events.
2026-07-01 08:46:18.393 10 INFO neutron.wsgi [None req-62274fc9-f856-4342-b311-a63bc68c9af8 8df72347a6cc427cad4410b716380839 a3fa5b89375146c499f55e9157cb2e41 - - default default] 10.0.0.235 "POST /v2.0/floatingips HTTP/1.1" status: 201 len: 751 time: 0.8093421
2026-07-01 08:46:19.587 10 INFO neutron.wsgi [-] 10.0.0.56 "GET / HTTP/1.1" status: 200 len: 247 time: 0.0025005
2026-07-01 08:46:19.587 9 INFO neutron.wsgi [-] 10.0.0.56 "GET / HTTP/1.1" status: 200 len: 247 time: 0.0024095
2026-07-01 08:46:20.664 9 WARNING neutron.plugins.ml2.drivers.ovn.mech_driver.ovsdb.ovn_client [None req-5fe65190-f355-4240-aa88-3c53cbc5a684 - - - - - -] No hosting information found for port 7b932a2b-dcc9-4edf-b41c-9c655eaa061f: RuntimeError: No hosting information found for port 7b932a2b-dcc9-4edf-b41c-9c655eaa061f /var/lib/openstack/lib/python3.10/site-packages/pycadf/identifier.py:71: UserWarning: Invalid uuid: neutron. To ensure interoperability, identifiers should be a valid uuid. warnings.warn(('Invalid uuid: %s. To ensure interoperability, '
2026-07-01 08:46:23.649 9 INFO neutron.wsgi [req-f6a4b84c-b578-4d5e-8f8f-f7cce5cd7cde req-5e1b7c4d-56cb-4f50-82dd-6054f97113f6 9bace6ade53a42cc8a059d404d8c575b 42f8953e468046b4837051ad68060903 - - e2a361f18ee442689da9a86b65027798 e2a361f18ee442689da9a86b65027798] 10.0.0.177 "GET /v2.0/ports?device_id=a5ac37c6-44b2-42c8-b5cb-6d2239402768 HTTP/1.1" status: 200 len: 1413 time: 0.2725513
2026-07-01 08:46:23.737 9 INFO neutron.wsgi [req-f6a4b84c-b578-4d5e-8f8f-f7cce5cd7cde req-fa9bad12-2ad9-458d-be1e-e7b701e729c0 9bace6ade53a42cc8a059d404d8c575b 42f8953e468046b4837051ad68060903 - - e2a361f18ee442689da9a86b65027798 e2a361f18ee442689da9a86b65027798] 10.0.0.177 "GET /v2.0/security-groups?id=b7bf316c-6b93-4e66-bf38-fda59d65e59c&fields=id&fields=name HTTP/1.1" status: 200 len: 313 time: 0.0779331
2026-07-01 08:46:23.846 9 INFO neutron.db.ovn_revision_numbers_db [None req-b3cdb816-dd43-48f9-93c8-8997296728fe 55a5c6c56fb943e2a14e1ac6b25eeb85 2bcdf5accffc4304b39fe6804f571679 - - default default] Successfully bumped revision number for resource 84290d95-7d6f-487d-9356-9911d201a821 (type: security_groups) to 1
2026-07-01 08:46:23.875 9 INFO neutron.db.ovn_revision_numbers_db [None req-b3cdb816-dd43-48f9-93c8-8997296728fe 55a5c6c56fb943e2a14e1ac6b25eeb85 2bcdf5accffc4304b39fe6804f571679 - - default default] Successfully bumped revision number for resource 3ca540ef-2485-4bab-aeab-f37ba6fff9bf (type: security_group_rules) to 0
2026-07-01 08:46:23.895 9 INFO neutron.db.ovn_revision_numbers_db [None req-b3cdb816-dd43-48f9-93c8-8997296728fe 55a5c6c56fb943e2a14e1ac6b25eeb85 2bcdf5accffc4304b39fe6804f571679 - - default default] Successfully bumped revision number for resource 9cfd7d82-b35e-4038-a4c2-3e74d8a1e96c (type: security_group_rules) to 0
2026-07-01 08:46:23.915 9 INFO neutron.db.ovn_revision_numbers_db [None req-b3cdb816-dd43-48f9-93c8-8997296728fe 55a5c6c56fb943e2a14e1ac6b25eeb85 2bcdf5accffc4304b39fe6804f571679 - - default default] Successfully bumped revision number for resource b433bd28-0f86-42e7-a4f8-9392a8aeeb06 (type: security_group_rules) to 0
2026-07-01 08:46:23.936 9 INFO neutron.db.ovn_revision_numbers_db [None req-b3cdb816-dd43-48f9-93c8-8997296728fe 55a5c6c56fb943e2a14e1ac6b25eeb85 2bcdf5accffc4304b39fe6804f571679 - - default default] Successfully bumped revision number for resource d2cbbd2b-f387-47c9-8c2c-e66dd2078598 (type: security_group_rules) to 0
2026-07-01 08:46:23.964 9 INFO neutron.wsgi [None req-b3cdb816-dd43-48f9-93c8-8997296728fe 55a5c6c56fb943e2a14e1ac6b25eeb85 2bcdf5accffc4304b39fe6804f571679 - - default default] 10.0.0.235 "GET /v2.0/security-groups?tenant_id=11b2960f36fe448c9cb5ce67e767d342&name=default HTTP/1.1" status: 200 len: 3120 time: 0.4607029
2026-07-01 08:46:24.242 10 INFO neutron.wsgi [None req-a5ba1faa-5b90-4fb9-9aff-5fcbc0e30518 55a5c6c56fb943e2a14e1ac6b25eeb85 2bcdf5accffc4304b39fe6804f571679 - - default default] 10.0.0.235 "DELETE /v2.0/security-groups/84290d95-7d6f-487d-9356-9911d201a821 HTTP/1.1" status: 204 len: 168 time: 0.2730236
2026-07-01 08:46:24.521 9 INFO neutron.db.ovn_revision_numbers_db [None req-5f7fc1a7-5131-4d95-967f-dcb9267e97a1 55a5c6c56fb943e2a14e1ac6b25eeb85 2bcdf5accffc4304b39fe6804f571679 - - default default] Successfully bumped revision number for resource 6e2b32e1-64f8-46a8-a162-be36270c9ded (type: security_groups) to 1
2026-07-01 08:46:24.542 9 INFO neutron.db.ovn_revision_numbers_db [None req-5f7fc1a7-5131-4d95-967f-dcb9267e97a1 55a5c6c56fb943e2a14e1ac6b25eeb85 2bcdf5accffc4304b39fe6804f571679 - - default default] Successfully bumped revision number for resource 80c096cc-e001-4add-ad48-5cd3648fe734 (type: security_group_rules) to 0
2026-07-01 08:46:24.574 9 INFO neutron.db.ovn_revision_numbers_db [None req-5f7fc1a7-5131-4d95-967f-dcb9267e97a1 55a5c6c56fb943e2a14e1ac6b25eeb85 2bcdf5accffc4304b39fe6804f571679 - - default default] Successfully bumped revision number for resource 80c7a7b3-8dab-468c-8dd0-a8262b492ca1 (type: security_group_rules) to 0
2026-07-01 08:46:24.612 9 INFO neutron.db.ovn_revision_numbers_db [None req-5f7fc1a7-5131-4d95-967f-dcb9267e97a1 55a5c6c56fb943e2a14e1ac6b25eeb85 2bcdf5accffc4304b39fe6804f571679 - - default default] Successfully bumped revision number for resource 902b805c-0b74-427b-87a1-fc1fa9f501a5 (type: security_group_rules) to 0
2026-07-01 08:46:24.618 10 INFO neutron.wsgi [req-bee96a7e-9fd9-4e60-842e-181100da771c req-396d5768-ffde-4a92-a6b8-e98e9f49e99e 8df72347a6cc427cad4410b716380839 a3fa5b89375146c499f55e9157cb2e41 - - default default] 10.0.0.79 "GET /v2.0/security-groups?name=tempest-securitygroup--1145753240&fields=id&tenant_id=a3fa5b89375146c499f55e9157cb2e41 HTTP/1.1" status: 200 len: 267 time: 0.0758145
2026-07-01 08:46:24.628 9 INFO neutron.db.ovn_revision_numbers_db [None req-5f7fc1a7-5131-4d95-967f-dcb9267e97a1 55a5c6c56fb943e2a14e1ac6b25eeb85 2bcdf5accffc4304b39fe6804f571679 - - default default] Successfully bumped revision number for resource f8e4d0ae-9509-4a32-a613-e284680db6c5 (type: security_group_rules) to 0
2026-07-01 08:46:24.654 9 INFO neutron.wsgi [None req-5f7fc1a7-5131-4d95-967f-dcb9267e97a1 55a5c6c56fb943e2a14e1ac6b25eeb85 2bcdf5accffc4304b39fe6804f571679 - - default default] 10.0.0.235 "GET /v2.0/security-groups?tenant_id=dcfb71e3e12b44ed83802fc48826a558&name=default HTTP/1.1" status: 200 len: 3120 time: 0.2840924
2026-07-01 08:46:24.706 10 INFO neutron.wsgi [req-bee96a7e-9fd9-4e60-842e-181100da771c req-26b6efef-a445-41f0-b133-80cb6432ab1e 8df72347a6cc427cad4410b716380839 a3fa5b89375146c499f55e9157cb2e41 - - default default] 10.0.0.79 "GET /v2.0/networks?id=5dfffbf7-e2ac-48b2-a9bf-1093f8836dcb HTTP/1.1" status: 200 len: 878 time: 0.0806549
2026-07-01 08:46:24.725 10 INFO neutron.wsgi [req-bee96a7e-9fd9-4e60-842e-181100da771c req-ac313129-e7e4-4ce0-829e-6e099203e327 8df72347a6cc427cad4410b716380839 a3fa5b89375146c499f55e9157cb2e41 - - default default] 10.0.0.79 "GET /v2.0/quotas/a3fa5b89375146c499f55e9157cb2e41 HTTP/1.1" status: 200 len: 491 time: 0.0129328
2026-07-01 08:46:24.850 10 INFO neutron.wsgi [req-bee96a7e-9fd9-4e60-842e-181100da771c req-bc4f7a1f-f535-4643-b0d9-347026bc5702 8df72347a6cc427cad4410b716380839 a3fa5b89375146c499f55e9157cb2e41 - - default default] 10.0.0.79 "GET /v2.0/ports?tenant_id=a3fa5b89375146c499f55e9157cb2e41&fields=id HTTP/1.1" status: 200 len: 302 time: 0.1176205
2026-07-01 08:46:24.935 10 INFO neutron.wsgi [req-bee96a7e-9fd9-4e60-842e-181100da771c req-546a2250-24e8-4327-9589-49944ec79638 9bace6ade53a42cc8a059d404d8c575b 42f8953e468046b4837051ad68060903 - - e2a361f18ee442689da9a86b65027798 e2a361f18ee442689da9a86b65027798] 10.0.0.79 "GET /v2.0/networks/5dfffbf7-e2ac-48b2-a9bf-1093f8836dcb?fields=segments HTTP/1.1" status: 200 len: 212 time: 0.0682468
2026-07-01 08:46:24.941 9 INFO neutron.wsgi [req-6012c6a1-680f-4963-9160-cac23c6ff3c7 req-bded42c8-9957-43b1-878d-752508db862a 9bace6ade53a42cc8a059d404d8c575b 42f8953e468046b4837051ad68060903 - - e2a361f18ee442689da9a86b65027798 e2a361f18ee442689da9a86b65027798] 10.0.0.177 "GET /v2.0/ports?device_id=c9cf5cd2-46c1-4fe8-8d2c-c14b1e98e4ef HTTP/1.1" status: 200 len: 1413 time: 0.0598738
2026-07-01 08:46:24.987 9 INFO neutron.wsgi [None req-0542bc0d-630e-40e1-8293-e45dd944aec6 55a5c6c56fb943e2a14e1ac6b25eeb85 2bcdf5accffc4304b39fe6804f571679 - - default default] 10.0.0.235 "DELETE /v2.0/security-groups/6e2b32e1-64f8-46a8-a162-be36270c9ded HTTP/1.1" status: 204 len: 168 time: 0.3264029
2026-07-01 08:46:25.007 9 INFO neutron.wsgi [req-6012c6a1-680f-4963-9160-cac23c6ff3c7 req-c326f837-84e7-46a1-8482-e46405377fa9 9bace6ade53a42cc8a059d404d8c575b 42f8953e468046b4837051ad68060903 - - e2a361f18ee442689da9a86b65027798 e2a361f18ee442689da9a86b65027798] 10.0.0.177 "GET /v2.0/security-groups?id=72ebe547-146f-4f04-a631-8d8c6ae887bf&fields=id&fields=name HTTP/1.1" status: 200 len: 311 time: 0.0595508
2026-07-01 08:46:25.017 10 INFO neutron.wsgi [req-bee96a7e-9fd9-4e60-842e-181100da771c req-2685983b-8944-4b45-8893-505c725c23cc 9bace6ade53a42cc8a059d404d8c575b 42f8953e468046b4837051ad68060903 - - e2a361f18ee442689da9a86b65027798 e2a361f18ee442689da9a86b65027798] 10.0.0.79 "GET /v2.0/networks/5dfffbf7-e2ac-48b2-a9bf-1093f8836dcb?fields=provider%3Aphysical_network&fields=provider%3Anetwork_type HTTP/1.1" status: 200 len: 277 time: 0.0720880
2026-07-01 08:46:25.445 10 INFO neutron.wsgi [req-6c6192ea-bc46-4aa5-aeef-aea2ff5199f4 req-f855867d-f0ef-4772-bf89-d87089e0b9fb 8df72347a6cc427cad4410b716380839 a3fa5b89375146c499f55e9157cb2e41 - - default default] 10.0.0.79 "GET /v2.0/ports?device_id=9e62e90e-d886-4fdb-b37f-680aad3814ca HTTP/1.1" status: 200 len: 210 time: 0.0270841
2026-07-01 08:46:26.405 10 INFO neutron.wsgi [req-bee96a7e-9fd9-4e60-842e-181100da771c req-d446da92-eb0a-46c9-bebe-78ff62372fee 8df72347a6cc427cad4410b716380839 a3fa5b89375146c499f55e9157cb2e41 - - default default] 199.204.45.70 "GET /v2.0/networks?id=5dfffbf7-e2ac-48b2-a9bf-1093f8836dcb HTTP/1.1" status: 200 len: 878 time: 0.1234367
2026-07-01 08:46:26.468 10 INFO neutron.wsgi [req-bee96a7e-9fd9-4e60-842e-181100da771c req-d2a35bfc-6c4e-437a-a2f3-50d253366179 8df72347a6cc427cad4410b716380839 a3fa5b89375146c499f55e9157cb2e41 - - default default] 199.204.45.70 "GET /v2.0/security-groups?fields=id&fields=name&tenant_id=a3fa5b89375146c499f55e9157cb2e41 HTTP/1.1" status: 200 len: 380 time: 0.0559413
2026-07-01 08:46:26.490 10 WARNING neutron_lib.context [req-bee96a7e-9fd9-4e60-842e-181100da771c req-28dbab01-1f5b-472f-9604-d3f2a08662ab 8df72347a6cc427cad4410b716380839 a3fa5b89375146c499f55e9157cb2e41 - - default default] Method 'is_advsvc' is deprecated since 2023.2 release (neutron-lib 3.8.0) and will be removed once support for the old RBAC API policies will be removed from Neutron. Please use method 'is_service_role' instead.
2026-07-01 08:46:26.553 10 INFO neutron.wsgi [req-22d46904-d471-4781-ab40-f6a10ab4c1df req-0e415400-f9c2-4e08-9369-0bb0bf43d006 8df72347a6cc427cad4410b716380839 a3fa5b89375146c499f55e9157cb2e41 - - default default] 10.0.0.79 "GET /v2.0/ports?device_id=9e62e90e-d886-4fdb-b37f-680aad3814ca HTTP/1.1" status: 200 len: 210 time: 0.0297613
2026-07-01 08:46:26.927 10 WARNING neutron.scheduler.dhcp_agent_scheduler [req-bee96a7e-9fd9-4e60-842e-181100da771c req-28dbab01-1f5b-472f-9604-d3f2a08662ab 8df72347a6cc427cad4410b716380839 a3fa5b89375146c499f55e9157cb2e41 - - default default] No more DHCP agents
2026-07-01 08:46:26.929 10 WARNING neutron.api.rpc.agentnotifiers.dhcp_rpc_agent_api [req-bee96a7e-9fd9-4e60-842e-181100da771c req-28dbab01-1f5b-472f-9604-d3f2a08662ab 8df72347a6cc427cad4410b716380839 a3fa5b89375146c499f55e9157cb2e41 - - default default] Unable to schedule network 5dfffbf7-e2ac-48b2-a9bf-1093f8836dcb: no agents available; will retry on subsequent port and subnet creation events.
2026-07-01 08:46:27.145 10 INFO neutron.db.ovn_revision_numbers_db [req-bee96a7e-9fd9-4e60-842e-181100da771c req-28dbab01-1f5b-472f-9604-d3f2a08662ab 8df72347a6cc427cad4410b716380839 a3fa5b89375146c499f55e9157cb2e41 - - default default] Successfully bumped revision number for resource 93933022-f434-43cc-829f-82976e7f0b45 (type: ports) to 1
2026-07-01 08:46:27.176 10 INFO neutron.wsgi [req-bee96a7e-9fd9-4e60-842e-181100da771c req-28dbab01-1f5b-472f-9604-d3f2a08662ab 8df72347a6cc427cad4410b716380839 a3fa5b89375146c499f55e9157cb2e41 - - default default] 199.204.45.70 "POST /v2.0/ports HTTP/1.1" status: 201 len: 1158 time: 0.6942747 /var/lib/openstack/lib/python3.10/site-packages/pycadf/identifier.py:71: UserWarning: Invalid uuid: neutron. To ensure interoperability, identifiers should be a valid uuid. warnings.warn(('Invalid uuid: %s. To ensure interoperability, ' /var/lib/openstack/lib/python3.10/site-packages/pycadf/identifier.py:71: UserWarning: Invalid uuid: neutron. To ensure interoperability, identifiers should be a valid uuid. warnings.warn(('Invalid uuid: %s. To ensure interoperability, '
2026-07-01 08:46:27.708 10 INFO neutron.wsgi [req-6e5476d7-6173-4e60-b15a-2ab7749ebeba req-cdf06e34-f12f-40e0-90a5-517928918dfa 8df72347a6cc427cad4410b716380839 a3fa5b89375146c499f55e9157cb2e41 - - default default] 10.0.0.79 "GET /v2.0/ports?device_id=9e62e90e-d886-4fdb-b37f-680aad3814ca HTTP/1.1" status: 200 len: 1168 time: 0.0752220
2026-07-01 08:46:27.713 10 INFO neutron.db.ovn_revision_numbers_db [req-bee96a7e-9fd9-4e60-842e-181100da771c req-fac14e39-d3b4-463e-b2fa-e5dea671eb87 9bace6ade53a42cc8a059d404d8c575b 42f8953e468046b4837051ad68060903 - - e2a361f18ee442689da9a86b65027798 e2a361f18ee442689da9a86b65027798] Successfully bumped revision number for resource 93933022-f434-43cc-829f-82976e7f0b45 (type: ports) to 2
2026-07-01 08:46:27.794 10 INFO neutron.wsgi [req-6e5476d7-6173-4e60-b15a-2ab7749ebeba req-0a7bb777-7a2b-4e14-a9a4-d7006f5980cc 8df72347a6cc427cad4410b716380839 a3fa5b89375146c499f55e9157cb2e41 - - default default] 10.0.0.79 "GET /v2.0/security-groups?id=3a1565c6-2c76-4e3c-aa38-7e878d86e73a&fields=id&fields=name HTTP/1.1" status: 200 len: 313 time: 0.0781465
2026-07-01 08:46:27.983 10 INFO neutron.db.ovn_revision_numbers_db [req-bee96a7e-9fd9-4e60-842e-181100da771c req-fac14e39-d3b4-463e-b2fa-e5dea671eb87 9bace6ade53a42cc8a059d404d8c575b 42f8953e468046b4837051ad68060903 - - e2a361f18ee442689da9a86b65027798 e2a361f18ee442689da9a86b65027798] Successfully bumped revision number for resource 93933022-f434-43cc-829f-82976e7f0b45 (type: ports) to 2
2026-07-01 08:46:28.005 10 INFO neutron.wsgi [req-bee96a7e-9fd9-4e60-842e-181100da771c req-fac14e39-d3b4-463e-b2fa-e5dea671eb87 9bace6ade53a42cc8a059d404d8c575b 42f8953e468046b4837051ad68060903 - - e2a361f18ee442689da9a86b65027798 e2a361f18ee442689da9a86b65027798] 199.204.45.70 "PUT /v2.0/ports/93933022-f434-43cc-829f-82976e7f0b45 HTTP/1.1" status: 200 len: 1376 time: 0.8196177 /var/lib/openstack/lib/python3.10/site-packages/pycadf/identifier.py:71: UserWarning: Invalid uuid: neutron. To ensure interoperability, identifiers should be a valid uuid. warnings.warn(('Invalid uuid: %s. To ensure interoperability, '
2026-07-01 08:46:28.069 10 INFO neutron.notifiers.nova [-] Nova event matching ['req-3148b3c7-8b1b-4f50-a50d-4f1607eaffad'] response: {'name': 'network-changed', 'server_uuid': '9e62e90e-d886-4fdb-b37f-680aad3814ca', 'tag': '93933022-f434-43cc-829f-82976e7f0b45', 'status': 'completed', 'code': 200}
2026-07-01 08:46:28.088 10 INFO neutron.wsgi [req-bee96a7e-9fd9-4e60-842e-181100da771c req-a5b0cebc-da39-456a-ae81-11741ed37590 9bace6ade53a42cc8a059d404d8c575b 42f8953e468046b4837051ad68060903 - - e2a361f18ee442689da9a86b65027798 e2a361f18ee442689da9a86b65027798] 199.204.45.70 "GET /v2.0/ports?tenant_id=a3fa5b89375146c499f55e9157cb2e41&device_id=9e62e90e-d886-4fdb-b37f-680aad3814ca HTTP/1.1" status: 200 len: 1407 time: 0.0486984
2026-07-01 08:46:28.122 10 INFO neutron.wsgi [req-bee96a7e-9fd9-4e60-842e-181100da771c req-158b0f14-c7c4-442f-b72b-2ca9293c8d65 9bace6ade53a42cc8a059d404d8c575b 42f8953e468046b4837051ad68060903 - - e2a361f18ee442689da9a86b65027798 e2a361f18ee442689da9a86b65027798] 199.204.45.70 "GET /v2.0/floatingips?fixed_ip_address=10.100.0.8&port_id=93933022-f434-43cc-829f-82976e7f0b45 HTTP/1.1" status: 200 len: 217 time: 0.0263300
2026-07-01 08:46:28.165 10 INFO neutron.wsgi [req-bee96a7e-9fd9-4e60-842e-181100da771c req-316bbdfa-a1f9-4420-885e-e0a7f8df5b86 9bace6ade53a42cc8a059d404d8c575b 42f8953e468046b4837051ad68060903 - - e2a361f18ee442689da9a86b65027798 e2a361f18ee442689da9a86b65027798] 199.204.45.70 "GET /v2.0/subnets?id=df9326c0-82cf-4bac-a58a-70e1ec9ae87c HTTP/1.1" status: 200 len: 872 time: 0.0371966
2026-07-01 08:46:28.195 10 INFO neutron.wsgi [req-bee96a7e-9fd9-4e60-842e-181100da771c req-6aaf1095-5169-45a5-b000-2d66c85f624a 9bace6ade53a42cc8a059d404d8c575b 42f8953e468046b4837051ad68060903 - - e2a361f18ee442689da9a86b65027798 e2a361f18ee442689da9a86b65027798] 199.204.45.70 "GET /v2.0/ports?network_id=5dfffbf7-e2ac-48b2-a9bf-1093f8836dcb&device_owner=network%3Adhcp HTTP/1.1" status: 200 len: 210 time: 0.0236375
2026-07-01 08:46:28.267 10 INFO neutron.wsgi [req-bee96a7e-9fd9-4e60-842e-181100da771c req-0703dc03-40ed-4dc8-89c0-a8756c617cfc 9bace6ade53a42cc8a059d404d8c575b 42f8953e468046b4837051ad68060903 - - e2a361f18ee442689da9a86b65027798 e2a361f18ee442689da9a86b65027798] 199.204.45.70 "GET /v2.0/networks/5dfffbf7-e2ac-48b2-a9bf-1093f8836dcb?fields=segments HTTP/1.1" status: 200 len: 212 time: 0.0670071
2026-07-01 08:46:28.365 10 INFO neutron.wsgi [req-bee96a7e-9fd9-4e60-842e-181100da771c req-46d3ec01-283f-4297-971a-e0c491921af7 9bace6ade53a42cc8a059d404d8c575b 42f8953e468046b4837051ad68060903 - - e2a361f18ee442689da9a86b65027798 e2a361f18ee442689da9a86b65027798] 199.204.45.70 "GET /v2.0/networks/5dfffbf7-e2ac-48b2-a9bf-1093f8836dcb?fields=provider%3Aphysical_network&fields=provider%3Anetwork_type HTTP/1.1" status: 200 len: 277 time: 0.0918028
2026-07-01 08:46:28.473 10 INFO neutron.wsgi [req-34b536fb-e292-4d39-8acd-f43583c65c91 req-29c0b500-3f18-4033-9bfa-b1537ef76789 9bace6ade53a42cc8a059d404d8c575b 42f8953e468046b4837051ad68060903 - - e2a361f18ee442689da9a86b65027798 e2a361f18ee442689da9a86b65027798] 199.204.45.70 "GET /v2.0/ports?tenant_id=a3fa5b89375146c499f55e9157cb2e41&device_id=9e62e90e-d886-4fdb-b37f-680aad3814ca HTTP/1.1" status: 200 len: 1407 time: 0.0610714
2026-07-01 08:46:28.570 10 INFO neutron.wsgi [req-b6b4cf11-dfbf-4f37-a76c-855990723926 req-9e963b4e-5de6-4932-89fd-cd39aa047ab6 fc7823a2d079491f8795966dfc8c1833 2a6c200e0ac246a0a75f701f2731dfa9 - - default default] 10.0.0.79 "GET /v2.0/ports?device_id=a5ac37c6-44b2-42c8-b5cb-6d2239402768 HTTP/1.1" status: 200 len: 1174 time: 0.1326756
2026-07-01 08:46:28.581 10 INFO neutron.wsgi [req-34b536fb-e292-4d39-8acd-f43583c65c91 req-24cdd55c-1562-4987-a98c-e02e905e407b 9bace6ade53a42cc8a059d404d8c575b 42f8953e468046b4837051ad68060903 - - e2a361f18ee442689da9a86b65027798 e2a361f18ee442689da9a86b65027798] 199.204.45.70 "GET /v2.0/networks?id=5dfffbf7-e2ac-48b2-a9bf-1093f8836dcb HTTP/1.1" status: 200 len: 977 time: 0.0999920
2026-07-01 08:46:28.620 10 INFO neutron.wsgi [req-34b536fb-e292-4d39-8acd-f43583c65c91 req-3941aaf3-dae1-4233-8e15-b144bca25dbf 9bace6ade53a42cc8a059d404d8c575b 42f8953e468046b4837051ad68060903 - - e2a361f18ee442689da9a86b65027798 e2a361f18ee442689da9a86b65027798] 199.204.45.70 "GET /v2.0/floatingips?fixed_ip_address=10.100.0.8&port_id=93933022-f434-43cc-829f-82976e7f0b45 HTTP/1.1" status: 200 len: 217 time: 0.0288785
2026-07-01 08:46:28.658 10 INFO neutron.wsgi [req-b6b4cf11-dfbf-4f37-a76c-855990723926 req-7b7233e9-7a44-46ea-a7b1-b9b033723a8f fc7823a2d079491f8795966dfc8c1833 2a6c200e0ac246a0a75f701f2731dfa9 - - default default] 10.0.0.79 "GET /v2.0/security-groups?id=b7bf316c-6b93-4e66-bf38-fda59d65e59c&fields=id&fields=name HTTP/1.1" status: 200 len: 313 time: 0.0825150
2026-07-01 08:46:28.679 10 INFO neutron.wsgi [req-34b536fb-e292-4d39-8acd-f43583c65c91 req-d77978ca-5a2d-403f-a29d-839d1f02cec1 9bace6ade53a42cc8a059d404d8c575b 42f8953e468046b4837051ad68060903 - - e2a361f18ee442689da9a86b65027798 e2a361f18ee442689da9a86b65027798] 199.204.45.70 "GET /v2.0/subnets?id=df9326c0-82cf-4bac-a58a-70e1ec9ae87c HTTP/1.1" status: 200 len: 872 time: 0.0517950
2026-07-01 08:46:28.717 10 INFO neutron.wsgi [req-34b536fb-e292-4d39-8acd-f43583c65c91 req-7717756b-eff2-4e98-9bd8-925ad8bf1e98 9bace6ade53a42cc8a059d404d8c575b 42f8953e468046b4837051ad68060903 - - e2a361f18ee442689da9a86b65027798 e2a361f18ee442689da9a86b65027798] 199.204.45.70 "GET /v2.0/ports?network_id=5dfffbf7-e2ac-48b2-a9bf-1093f8836dcb&device_owner=network%3Adhcp HTTP/1.1" status: 200 len: 210 time: 0.0297585
2026-07-01 08:46:28.814 10 INFO neutron.wsgi [req-e499c0e5-a33d-4db4-a534-398309b6e1eb req-c6dfb8cb-a035-4830-b2df-b31ba87750f4 fc7823a2d079491f8795966dfc8c1833 2a6c200e0ac246a0a75f701f2731dfa9 - - default default] 10.0.0.79 "GET /v2.0/ports?device_id=a5ac37c6-44b2-42c8-b5cb-6d2239402768 HTTP/1.1" status: 200 len: 1174 time: 0.0535085
2026-07-01 08:46:28.819 10 INFO neutron.wsgi [req-34b536fb-e292-4d39-8acd-f43583c65c91 req-911ec424-af9b-47ce-b468-85dcae96fbc9 9bace6ade53a42cc8a059d404d8c575b 42f8953e468046b4837051ad68060903 - - e2a361f18ee442689da9a86b65027798 e2a361f18ee442689da9a86b65027798] 199.204.45.70 "GET /v2.0/networks/5dfffbf7-e2ac-48b2-a9bf-1093f8836dcb?fields=segments HTTP/1.1" status: 200 len: 212 time: 0.0962763
2026-07-01 08:46:28.896 10 INFO neutron.wsgi [req-e499c0e5-a33d-4db4-a534-398309b6e1eb req-2bd01510-40bb-4e22-8405-69ffea892dfc fc7823a2d079491f8795966dfc8c1833 2a6c200e0ac246a0a75f701f2731dfa9 - - default default] 10.0.0.79 "GET /v2.0/security-groups?id=b7bf316c-6b93-4e66-bf38-fda59d65e59c&fields=id&fields=name HTTP/1.1" status: 200 len: 313 time: 0.0757093
2026-07-01 08:46:28.913 10 INFO neutron.wsgi [req-77802b10-e692-4770-8a45-10f79348e1b4 req-9e942651-dc24-41a2-b554-eb0ba0e5cd8f 8df72347a6cc427cad4410b716380839 a3fa5b89375146c499f55e9157cb2e41 - - default default] 10.0.0.79 "GET /v2.0/ports?device_id=9e62e90e-d886-4fdb-b37f-680aad3814ca HTTP/1.1" status: 200 len: 1168 time: 0.0470130
2026-07-01 08:46:28.921 10 INFO neutron.wsgi [req-34b536fb-e292-4d39-8acd-f43583c65c91 req-f0bed31a-4820-4647-9cce-846700b076a3 9bace6ade53a42cc8a059d404d8c575b 42f8953e468046b4837051ad68060903 - - e2a361f18ee442689da9a86b65027798 e2a361f18ee442689da9a86b65027798] 199.204.45.70 "GET /v2.0/networks/5dfffbf7-e2ac-48b2-a9bf-1093f8836dcb?fields=provider%3Aphysical_network&fields=provider%3Anetwork_type HTTP/1.1" status: 200 len: 277 time: 0.0930798
2026-07-01 08:46:28.971 10 INFO neutron.wsgi [req-77802b10-e692-4770-8a45-10f79348e1b4 req-325436a9-e9bd-4d61-9999-8c2ca6ca0bc2 8df72347a6cc427cad4410b716380839 a3fa5b89375146c499f55e9157cb2e41 - - default default] 10.0.0.79 "GET /v2.0/security-groups?id=3a1565c6-2c76-4e3c-aa38-7e878d86e73a&fields=id&fields=name HTTP/1.1" status: 200 len: 313 time: 0.0502393
2026-07-01 08:46:29.380 9 INFO neutron.plugins.ml2.drivers.ovn.mech_driver.mech_driver [None req-5fe65190-f355-4240-aa88-3c53cbc5a684 - - - - - -] OVN reports status up for port: 93933022-f434-43cc-829f-82976e7f0b45
2026-07-01 08:46:29.410 9 INFO neutron.plugins.ml2.plugin [None req-5fe65190-f355-4240-aa88-3c53cbc5a684 - - - - - -] Attempt 1 to provision port 93933022-f434-43cc-829f-82976e7f0b45
2026-07-01 08:46:29.425 10 INFO neutron.wsgi [req-1032e157-a604-4c82-887b-e3d6871045e4 req-c493b646-3793-4626-a36f-d8f8a4101877 fc7823a2d079491f8795966dfc8c1833 2a6c200e0ac246a0a75f701f2731dfa9 - - default default] 10.0.0.79 "GET /v2.0/ports?device_id=a5ac37c6-44b2-42c8-b5cb-6d2239402768 HTTP/1.1" status: 200 len: 1174 time: 0.0584204
2026-07-01 08:46:29.506 10 INFO neutron.wsgi [req-9a3fab1c-f736-40bb-a532-5651fb19659d req-fec9fe3d-aaf6-4e07-a913-d888892c7426 9bace6ade53a42cc8a059d404d8c575b 42f8953e468046b4837051ad68060903 - - e2a361f18ee442689da9a86b65027798 e2a361f18ee442689da9a86b65027798] 199.204.45.70 "GET /v2.0/ports?tenant_id=2a6c200e0ac246a0a75f701f2731dfa9&device_id=a5ac37c6-44b2-42c8-b5cb-6d2239402768 HTTP/1.1" status: 200 len: 1413 time: 0.0781348
2026-07-01 08:46:29.512 10 INFO neutron.wsgi [req-1032e157-a604-4c82-887b-e3d6871045e4 req-275c61fc-2cdc-4d81-92af-f0f2435ece31 fc7823a2d079491f8795966dfc8c1833 2a6c200e0ac246a0a75f701f2731dfa9 - - default default] 10.0.0.79 "GET /v2.0/security-groups?id=b7bf316c-6b93-4e66-bf38-fda59d65e59c&fields=id&fields=name HTTP/1.1" status: 200 len: 313 time: 0.0804410
2026-07-01 08:46:29.596 10 INFO neutron.wsgi [req-9a3fab1c-f736-40bb-a532-5651fb19659d req-426665b2-efa5-44e7-b9bd-da8f0fec3e81 9bace6ade53a42cc8a059d404d8c575b 42f8953e468046b4837051ad68060903 - - e2a361f18ee442689da9a86b65027798 e2a361f18ee442689da9a86b65027798] 199.204.45.70 "GET /v2.0/networks?id=78f61c5b-d210-4505-bf00-06206ea48265 HTTP/1.1" status: 200 len: 973 time: 0.0818436
2026-07-01 08:46:29.635 9 INFO neutron.notifiers.nova [-] Nova event matching ['req-413045f4-2a6f-44ea-b39b-0a519086bb83'] response: {'server_uuid': '9e62e90e-d886-4fdb-b37f-680aad3814ca', 'name': 'network-vif-plugged', 'status': 'completed', 'tag': '93933022-f434-43cc-829f-82976e7f0b45', 'code': 200}
2026-07-01 08:46:29.655 10 INFO neutron.wsgi [req-9a3fab1c-f736-40bb-a532-5651fb19659d req-0bca3e3b-3094-4564-8bc0-2cd6d4945432 9bace6ade53a42cc8a059d404d8c575b 42f8953e468046b4837051ad68060903 - - e2a361f18ee442689da9a86b65027798 e2a361f18ee442689da9a86b65027798] 199.204.45.70 "GET /v2.0/floatingips?fixed_ip_address=10.100.0.13&port_id=27c99436-8778-43a3-808e-9fd6536c830d HTTP/1.1" status: 200 len: 1060 time: 0.0521991
2026-07-01 08:46:29.727 10 INFO neutron.wsgi [req-9a3fab1c-f736-40bb-a532-5651fb19659d req-fc849b7d-21b8-4eda-b457-7123a5858ec7 9bace6ade53a42cc8a059d404d8c575b 42f8953e468046b4837051ad68060903 - - e2a361f18ee442689da9a86b65027798 e2a361f18ee442689da9a86b65027798] 199.204.45.70 "GET /v2.0/subnets?id=249b38e8-6e80-4158-8e19-65a74e19cfa8 HTTP/1.1" status: 200 len: 868 time: 0.0656581
2026-07-01 08:46:29.764 10 INFO neutron.wsgi [req-9a3fab1c-f736-40bb-a532-5651fb19659d req-a5e481de-12a2-4a64-9816-2cb2bb8da308 9bace6ade53a42cc8a059d404d8c575b 42f8953e468046b4837051ad68060903 - - e2a361f18ee442689da9a86b65027798 e2a361f18ee442689da9a86b65027798] 199.204.45.70 "GET /v2.0/ports?network_id=78f61c5b-d210-4505-bf00-06206ea48265&device_owner=network%3Adhcp HTTP/1.1" status: 200 len: 210 time: 0.0305927
2026-07-01 08:46:29.839 9 INFO neutron.db.ovn_revision_numbers_db [None req-5fe65190-f355-4240-aa88-3c53cbc5a684 - - - - - -] Successfully bumped revision number for resource 93933022-f434-43cc-829f-82976e7f0b45 (type: ports) to 4
2026-07-01 08:46:29.858 10 INFO neutron.wsgi [req-9a3fab1c-f736-40bb-a532-5651fb19659d req-d0220f44-f10d-4e63-8679-2081e718a2d8 9bace6ade53a42cc8a059d404d8c575b 42f8953e468046b4837051ad68060903 - - e2a361f18ee442689da9a86b65027798 e2a361f18ee442689da9a86b65027798] 199.204.45.70 "GET /v2.0/networks/78f61c5b-d210-4505-bf00-06206ea48265?fields=segments HTTP/1.1" status: 200 len: 212 time: 0.0867391
2026-07-01 08:46:29.946 10 INFO neutron.wsgi [req-9a3fab1c-f736-40bb-a532-5651fb19659d req-65cddea7-b6a3-4634-bcfe-062fd41eae80 9bace6ade53a42cc8a059d404d8c575b 42f8953e468046b4837051ad68060903 - - e2a361f18ee442689da9a86b65027798 e2a361f18ee442689da9a86b65027798] 199.204.45.70 "GET /v2.0/networks/78f61c5b-d210-4505-bf00-06206ea48265?fields=provider%3Aphysical_network&fields=provider%3Anetwork_type HTTP/1.1" status: 200 len: 277 time: 0.0797138
2026-07-01 08:46:30.020 10 INFO neutron.db.ovn_revision_numbers_db [None req-bfb84f81-c9f0-42fe-a7f1-5dff28083149 55a5c6c56fb943e2a14e1ac6b25eeb85 2bcdf5accffc4304b39fe6804f571679 - - default default] Successfully bumped revision number for resource fc1ce6d4-bbed-4b1c-8619-8795fcbc253c (type: security_groups) to 1
2026-07-01 08:46:30.039 10 INFO neutron.db.ovn_revision_numbers_db [None req-bfb84f81-c9f0-42fe-a7f1-5dff28083149 55a5c6c56fb943e2a14e1ac6b25eeb85 2bcdf5accffc4304b39fe6804f571679 - - default default] Successfully bumped revision number for resource 2589e5c7-8bde-4a95-aa63-ce7a338e7ab5 (type: security_group_rules) to 0
2026-07-01 08:46:30.074 10 INFO neutron.db.ovn_revision_numbers_db [None req-bfb84f81-c9f0-42fe-a7f1-5dff28083149 55a5c6c56fb943e2a14e1ac6b25eeb85 2bcdf5accffc4304b39fe6804f571679 - - default default] Successfully bumped revision number for resource 38be61b8-f97f-4d6e-b528-0dcb5b81293e (type: security_group_rules) to 0
2026-07-01 08:46:30.110 10 INFO neutron.db.ovn_revision_numbers_db [None req-bfb84f81-c9f0-42fe-a7f1-5dff28083149 55a5c6c56fb943e2a14e1ac6b25eeb85 2bcdf5accffc4304b39fe6804f571679 - - default default] Successfully bumped revision number for resource 5113d2b8-506a-4c2e-aad5-4bfc9a878d2c (type: security_group_rules) to 0
2026-07-01 08:46:30.129 10 INFO neutron.db.ovn_revision_numbers_db [None req-bfb84f81-c9f0-42fe-a7f1-5dff28083149 55a5c6c56fb943e2a14e1ac6b25eeb85 2bcdf5accffc4304b39fe6804f571679 - - default default] Successfully bumped revision number for resource eafdc8f4-8136-4a81-a782-7e6696c62e7b (type: security_group_rules) to 0
2026-07-01 08:46:30.157 10 INFO neutron.wsgi [None req-bfb84f81-c9f0-42fe-a7f1-5dff28083149 55a5c6c56fb943e2a14e1ac6b25eeb85 2bcdf5accffc4304b39fe6804f571679 - - default default] 10.0.0.235 "GET /v2.0/security-groups?tenant_id=99ef4b31b7a5483e91672fa14c81b88d&name=default HTTP/1.1" status: 200 len: 3120 time: 0.6310198 /var/lib/openstack/lib/python3.10/site-packages/pycadf/identifier.py:71: UserWarning: Invalid uuid: neutron. To ensure interoperability, identifiers should be a valid uuid. warnings.warn(('Invalid uuid: %s. To ensure interoperability, '
2026-07-01 08:46:30.173 10 INFO neutron.wsgi [req-2f47fc88-f2b4-4d29-aa48-baf63f2602c6 req-62ea8da1-5dfc-4b55-ad47-102250210063 8df72347a6cc427cad4410b716380839 a3fa5b89375146c499f55e9157cb2e41 - - default default] 10.0.0.79 "GET /v2.0/ports?device_id=9e62e90e-d886-4fdb-b37f-680aad3814ca HTTP/1.1" status: 200 len: 1170 time: 0.1311133
2026-07-01 08:46:30.241 9 INFO neutron.plugins.ml2.drivers.ovn.mech_driver.mech_driver [None req-5fe65190-f355-4240-aa88-3c53cbc5a684 - - - - - -] OVN reports status down for port: 27c99436-8778-43a3-808e-9fd6536c830d
2026-07-01 08:46:30.253 10 INFO neutron.wsgi [req-2f47fc88-f2b4-4d29-aa48-baf63f2602c6 req-b7e9e32e-dc22-4585-8889-079f59ed20dd 8df72347a6cc427cad4410b716380839 a3fa5b89375146c499f55e9157cb2e41 - - default default] 10.0.0.79 "GET /v2.0/security-groups?id=3a1565c6-2c76-4e3c-aa38-7e878d86e73a&fields=id&fields=name HTTP/1.1" status: 200 len: 313 time: 0.0701070
2026-07-01 08:46:30.481 9 INFO neutron.wsgi [None req-8dde868f-9fa5-49fe-8a76-f3a5db4fe6d5 55a5c6c56fb943e2a14e1ac6b25eeb85 2bcdf5accffc4304b39fe6804f571679 - - default default] 10.0.0.235 "DELETE /v2.0/security-groups/fc1ce6d4-bbed-4b1c-8619-8795fcbc253c HTTP/1.1" status: 204 len: 168 time: 0.3131905
2026-07-01 08:46:30.608 9 INFO neutron.db.ovn_revision_numbers_db [None req-5fe65190-f355-4240-aa88-3c53cbc5a684 - - - - - -] Successfully bumped revision number for resource 27c99436-8778-43a3-808e-9fd6536c830d (type: ports) to 5
2026-07-01 08:46:30.691 10 INFO neutron.wsgi [req-84cc67f8-0c44-4e80-8e50-5c497910a091 req-a73aa75d-7e7b-4f39-b621-36f177c8c95f fc7823a2d079491f8795966dfc8c1833 2a6c200e0ac246a0a75f701f2731dfa9 - - default default] 10.0.0.79 "GET /v2.0/ports?device_id=a5ac37c6-44b2-42c8-b5cb-6d2239402768 HTTP/1.1" status: 200 len: 1172 time: 0.0802608
2026-07-01 08:46:30.751 10 INFO neutron.wsgi [req-84cc67f8-0c44-4e80-8e50-5c497910a091 req-291a47c7-ec04-42b3-b50c-69d09e050a64 fc7823a2d079491f8795966dfc8c1833 2a6c200e0ac246a0a75f701f2731dfa9 - - default default] 10.0.0.79 "GET /v2.0/security-groups?id=b7bf316c-6b93-4e66-bf38-fda59d65e59c&fields=id&fields=name HTTP/1.1" status: 200 len: 313 time: 0.0486374
2026-07-01 08:46:30.850 10 INFO neutron.db.ovn_revision_numbers_db [None req-8554a286-0234-49b3-8702-f8f7665b434e 55a5c6c56fb943e2a14e1ac6b25eeb85 2bcdf5accffc4304b39fe6804f571679 - - default default] Successfully bumped revision number for resource fc212551-6dde-418c-9c50-eda70806f649 (type: security_groups) to 1
2026-07-01 08:46:30.866 10 INFO neutron.db.ovn_revision_numbers_db [None req-8554a286-0234-49b3-8702-f8f7665b434e 55a5c6c56fb943e2a14e1ac6b25eeb85 2bcdf5accffc4304b39fe6804f571679 - - default default] Successfully bumped revision number for resource 8bd0017c-8dd2-419f-b0e7-de8c1de9ca0b (type: security_group_rules) to 0
2026-07-01 08:46:30.905 10 INFO neutron.db.ovn_revision_numbers_db [None req-8554a286-0234-49b3-8702-f8f7665b434e 55a5c6c56fb943e2a14e1ac6b25eeb85 2bcdf5accffc4304b39fe6804f571679 - - default default] Successfully bumped revision number for resource b01c075d-d0c8-4056-b793-0e71fa2c74e9 (type: security_group_rules) to 0
2026-07-01 08:46:30.923 10 INFO neutron.db.ovn_revision_numbers_db [None req-8554a286-0234-49b3-8702-f8f7665b434e 55a5c6c56fb943e2a14e1ac6b25eeb85 2bcdf5accffc4304b39fe6804f571679 - - default default] Successfully bumped revision number for resource ef2968de-eb91-48da-a2b3-fdf466ddd912 (type: security_group_rules) to 0
2026-07-01 08:46:30.926 9 INFO neutron.plugins.ml2.drivers.ovn.mech_driver.mech_driver [None req-5fe65190-f355-4240-aa88-3c53cbc5a684 - - - - - -] OVN reports status up for port: 27c99436-8778-43a3-808e-9fd6536c830d
2026-07-01 08:46:30.941 9 INFO neutron.plugins.ml2.plugin [None req-5fe65190-f355-4240-aa88-3c53cbc5a684 - - - - - -] Attempt 1 to provision port 27c99436-8778-43a3-808e-9fd6536c830d
2026-07-01 08:46:30.961 10 INFO neutron.db.ovn_revision_numbers_db [None req-8554a286-0234-49b3-8702-f8f7665b434e 55a5c6c56fb943e2a14e1ac6b25eeb85 2bcdf5accffc4304b39fe6804f571679 - - default default] Successfully bumped revision number for resource f4e387ce-688f-4c7f-9280-63487336ba98 (type: security_group_rules) to 0
2026-07-01 08:46:30.984 10 INFO neutron.wsgi [None req-8554a286-0234-49b3-8702-f8f7665b434e 55a5c6c56fb943e2a14e1ac6b25eeb85 2bcdf5accffc4304b39fe6804f571679 - - default default] 10.0.0.235 "GET /v2.0/security-groups?tenant_id=49edb850708248388ab9887558643e75&name=default HTTP/1.1" status: 200 len: 3120 time: 0.3113930
2026-07-01 08:46:31.324 10 INFO neutron.wsgi [None req-2071663b-5550-4181-89ea-7b0b20fc38d4 55a5c6c56fb943e2a14e1ac6b25eeb85 2bcdf5accffc4304b39fe6804f571679 - - default default] 10.0.0.235 "DELETE /v2.0/security-groups/fc212551-6dde-418c-9c50-eda70806f649 HTTP/1.1" status: 204 len: 168 time: 0.3337061
2026-07-01 08:46:31.360 9 INFO neutron.db.ovn_revision_numbers_db [None req-5fe65190-f355-4240-aa88-3c53cbc5a684 - - - - - -] Successfully bumped revision number for resource 27c99436-8778-43a3-808e-9fd6536c830d (type: ports) to 6
2026-07-01 08:46:31.381 10 INFO neutron.wsgi [req-af29a71f-8da8-444a-a1ad-c1e22dc929e0 req-69dda381-74fd-4255-9672-b7b112da71b1 8df72347a6cc427cad4410b716380839 a3fa5b89375146c499f55e9157cb2e41 - - default default] 10.0.0.79 "GET /v2.0/ports?device_id=9e62e90e-d886-4fdb-b37f-680aad3814ca HTTP/1.1" status: 200 len: 1170 time: 0.0498712
2026-07-01 08:46:31.442 10 INFO neutron.wsgi [req-af29a71f-8da8-444a-a1ad-c1e22dc929e0 req-e52f778b-ffdd-46aa-aa2c-25fe24656bad 8df72347a6cc427cad4410b716380839 a3fa5b89375146c499f55e9157cb2e41 - - default default] 10.0.0.79 "GET /v2.0/security-groups?id=3a1565c6-2c76-4e3c-aa38-7e878d86e73a&fields=id&fields=name HTTP/1.1" status: 200 len: 313 time: 0.0521224
2026-07-01 08:46:31.567 10 INFO neutron.wsgi [req-9ab1b80b-2f3b-4aec-9324-9ac37a986c21 req-bc08d2c1-d14a-4ad9-9cef-66e90be37c94 8df72347a6cc427cad4410b716380839 a3fa5b89375146c499f55e9157cb2e41 - - default default] 10.0.0.79 "GET /v2.0/ports?device_id=9e62e90e-d886-4fdb-b37f-680aad3814ca HTTP/1.1" status: 200 len: 1170 time: 0.0564682 /var/lib/openstack/lib/python3.10/site-packages/pycadf/identifier.py:71: UserWarning: Invalid uuid: neutron. To ensure interoperability, identifiers should be a valid uuid. warnings.warn(('Invalid uuid: %s. To ensure interoperability, '
2026-07-01 08:46:31.631 10 INFO neutron.wsgi [req-34fe008e-07e8-49c1-8f2d-c222ff055046 req-41ea8737-c86c-4d0d-8cb6-d92ceb08ca24 54e1ff017de34f01b9ed92b357ecbfdb 9c0cc951c6974aa4bf066341f4ada729 - - default default] 10.0.0.79 "GET /v2.0/ports?device_id=c9cf5cd2-46c1-4fe8-8d2c-c14b1e98e4ef HTTP/1.1" status: 200 len: 1174 time: 0.1370044
2026-07-01 08:46:31.703 9 INFO neutron.notifiers.nova [-] Nova event matching ['req-e0a476f6-e473-490f-b6b1-2041c8b449f3'] response: {'server_uuid': '9e62e90e-d886-4fdb-b37f-680aad3814ca', 'name': 'network-vif-plugged', 'status': 'completed', 'tag': '93933022-f434-43cc-829f-82976e7f0b45', 'code': 200}
2026-07-01 08:46:31.704 9 INFO neutron.notifiers.nova [-] Nova event matching ['req-e0a476f6-e473-490f-b6b1-2041c8b449f3'] response: {'server_uuid': 'a5ac37c6-44b2-42c8-b5cb-6d2239402768', 'name': 'network-vif-unplugged', 'status': 'completed', 'tag': '27c99436-8778-43a3-808e-9fd6536c830d', 'code': 200}
