2026-07-01 08:43:34.588 9 INFO neutron.wsgi [-] 10.0.0.56 "GET / HTTP/1.1" status: 200 len: 247 time: 0.0029833
2026-07-01 08:43:43.491 9 INFO neutron.wsgi [None req-3efd3d8b-ab74-42d2-b2f7-61a7dabbbf4a 55a5c6c56fb943e2a14e1ac6b25eeb85 2bcdf5accffc4304b39fe6804f571679 - - default default] 10.0.0.137 "GET /v2.0/floatingips HTTP/1.1" status: 200 len: 193 time: 0.0637844
2026-07-01 08:43:43.525 9 INFO neutron.wsgi [None req-8bed870c-7a04-4518-8abe-d147c19135f5 55a5c6c56fb943e2a14e1ac6b25eeb85 2bcdf5accffc4304b39fe6804f571679 - - default default] 10.0.0.137 "GET /v2.0/routers HTTP/1.1" status: 200 len: 189 time: 0.0321016
2026-07-01 08:43:43.554 9 INFO neutron.wsgi [None req-36cbbbbf-c4fe-48c7-9a58-21fd2a0fcc43 55a5c6c56fb943e2a14e1ac6b25eeb85 2bcdf5accffc4304b39fe6804f571679 - - default default] 10.0.0.137 "GET /v2.0/agents?binary=ovn-controller HTTP/1.1" status: 200 len: 591 time: 0.0279350
2026-07-01 08:43:43.570 9 INFO neutron.wsgi [None req-cd4f3958-0567-429a-bc5c-c9f840752328 55a5c6c56fb943e2a14e1ac6b25eeb85 2bcdf5accffc4304b39fe6804f571679 - - default default] 10.0.0.137 "GET /v2.0/agents HTTP/1.1" status: 200 len: 1390 time: 0.0153496
2026-07-01 08:43:43.586 9 INFO neutron.wsgi [None req-0c9759cc-beb4-4ba1-9175-227a049ad036 55a5c6c56fb943e2a14e1ac6b25eeb85 2bcdf5accffc4304b39fe6804f571679 - - default default] 10.0.0.137 "GET /v2.0/network-ip-availabilities HTTP/1.1" status: 200 len: 1280 time: 0.0114319
2026-07-01 08:43:43.630 9 INFO neutron.wsgi [None req-6b4892bc-c71e-43fe-bf0d-8cba0cc1085e 55a5c6c56fb943e2a14e1ac6b25eeb85 2bcdf5accffc4304b39fe6804f571679 - - default default] 10.0.0.137 "GET /v2.0/subnets HTTP/1.1" status: 200 len: 1437 time: 0.0423458
2026-07-01 08:43:43.653 9 INFO neutron.wsgi [None req-dfb25c65-5d8d-4cae-bf2c-a862e641a231 55a5c6c56fb943e2a14e1ac6b25eeb85 2bcdf5accffc4304b39fe6804f571679 - - default default] 10.0.0.137 "GET /v2.0/subnetpools HTTP/1.1" status: 200 len: 193 time: 0.0215394
2026-07-01 08:43:43.747 9 INFO neutron.wsgi [None req-05b1232d-ffd4-49da-be7a-82bcffe113d8 55a5c6c56fb943e2a14e1ac6b25eeb85 2bcdf5accffc4304b39fe6804f571679 - - default default] 10.0.0.137 "GET /v2.0/networks HTTP/1.1" status: 200 len: 2350 time: 0.0907001
2026-07-01 08:43:43.803 9 INFO neutron.wsgi [None req-a8ff19f4-34e2-4eee-a650-477f3d35a39a 55a5c6c56fb943e2a14e1ac6b25eeb85 2bcdf5accffc4304b39fe6804f571679 - - default default] 10.0.0.137 "GET /v2.0/security-groups HTTP/1.1" status: 200 len: 17578 time: 0.0535545
2026-07-01 08:43:43.842 9 INFO neutron.wsgi [None req-53eb57a7-d1b5-426d-8b2e-ac1141ecb19f 55a5c6c56fb943e2a14e1ac6b25eeb85 2bcdf5accffc4304b39fe6804f571679 - - default default] 10.0.0.137 "GET /v2.0/subnets HTTP/1.1" status: 200 len: 1437 time: 0.0355878
2026-07-01 08:43:43.890 9 INFO neutron.wsgi [None req-c10bdc47-6b1e-41a6-89e3-9eecfd1920a9 55a5c6c56fb943e2a14e1ac6b25eeb85 2bcdf5accffc4304b39fe6804f571679 - - default default] 10.0.0.137 "GET /v2.0/ports HTTP/1.1" status: 200 len: 5351 time: 0.0449948
2026-07-01 08:43:49.588 10 INFO neutron.wsgi [-] 10.0.0.56 "GET / HTTP/1.1" status: 200 len: 247 time: 0.0026071
2026-07-01 08:43:49.589 9 INFO neutron.wsgi [-] 10.0.0.56 "GET / HTTP/1.1" status: 200 len: 247 time: 0.0040624
2026-07-01 08:44:04.587 10 INFO neutron.wsgi [-] 10.0.0.56 "GET / HTTP/1.1" status: 200 len: 247 time: 0.0023742
2026-07-01 08:44:04.587 9 INFO neutron.wsgi [-] 10.0.0.56 "GET / HTTP/1.1" status: 200 len: 247 time: 0.0025849
2026-07-01 08:44:19.588 9 INFO neutron.wsgi [-] 10.0.0.56 "GET / HTTP/1.1" status: 200 len: 247 time: 0.0036054
2026-07-01 08:44:19.590 9 INFO neutron.wsgi [-] 10.0.0.56 "GET / HTTP/1.1" status: 200 len: 247 time: 0.0012248
2026-07-01 08:44:30.343 10 INFO neutron.wsgi [None req-235227e4-0442-4409-a8a8-289a972ee241 55a5c6c56fb943e2a14e1ac6b25eeb85 2bcdf5accffc4304b39fe6804f571679 - - default default] 199.204.45.70,10.0.0.56 "GET /v2.0/networks?name=public HTTP/1.1" status: 200 len: 928 time: 0.1361296
2026-07-01 08:44:34.586 10 INFO neutron.wsgi [-] 10.0.0.56 "GET / HTTP/1.1" status: 200 len: 247 time: 0.0014386
2026-07-01 08:44:34.588 9 INFO neutron.wsgi [-] 10.0.0.56 "GET / HTTP/1.1" status: 200 len: 247 time: 0.0029240
2026-07-01 08:44:43.526 9 INFO neutron.wsgi [None req-a24c08b7-66c8-4544-a378-2f4aa069e419 55a5c6c56fb943e2a14e1ac6b25eeb85 2bcdf5accffc4304b39fe6804f571679 - - default default] 10.0.0.137 "GET /v2.0/subnets HTTP/1.1" status: 200 len: 1437 time: 0.0841715
2026-07-01 08:44:43.577 9 INFO neutron.wsgi [None req-17ff4305-9edc-4cb6-a68d-99481ec6e44e 55a5c6c56fb943e2a14e1ac6b25eeb85 2bcdf5accffc4304b39fe6804f571679 - - default default] 10.0.0.137 "GET /v2.0/security-groups HTTP/1.1" status: 200 len: 17578 time: 0.0489547
2026-07-01 08:44:43.619 9 INFO neutron.wsgi [None req-d323f1e0-6f97-48ee-be00-675f4fae2299 55a5c6c56fb943e2a14e1ac6b25eeb85 2bcdf5accffc4304b39fe6804f571679 - - default default] 10.0.0.137 "GET /v2.0/agents HTTP/1.1" status: 200 len: 1390 time: 0.0384319
2026-07-01 08:44:43.669 9 INFO neutron.wsgi [None req-db2bf9cc-b835-4abe-a73a-f96038d32eca 55a5c6c56fb943e2a14e1ac6b25eeb85 2bcdf5accffc4304b39fe6804f571679 - - default default] 10.0.0.137 "GET /v2.0/subnets HTTP/1.1" status: 200 len: 1437 time: 0.0494697
2026-07-01 08:44:43.680 9 INFO neutron.wsgi [None req-ec697b3a-1d12-4e39-a244-767b256d5b9b 55a5c6c56fb943e2a14e1ac6b25eeb85 2bcdf5accffc4304b39fe6804f571679 - - default default] 10.0.0.137 "GET /v2.0/subnetpools HTTP/1.1" status: 200 len: 193 time: 0.0095167
2026-07-01 08:44:43.705 9 INFO neutron.wsgi [None req-5dc98224-ccb2-4154-986b-d3e3a43ec91e 55a5c6c56fb943e2a14e1ac6b25eeb85 2bcdf5accffc4304b39fe6804f571679 - - default default] 10.0.0.137 "GET /v2.0/floatingips HTTP/1.1" status: 200 len: 193 time: 0.0239336
2026-07-01 08:44:43.787 9 INFO neutron.wsgi [None req-d983e165-c573-445e-a43e-b704f282b97c 55a5c6c56fb943e2a14e1ac6b25eeb85 2bcdf5accffc4304b39fe6804f571679 - - default default] 10.0.0.137 "GET /v2.0/networks HTTP/1.1" status: 200 len: 2350 time: 0.0814149
2026-07-01 08:44:43.841 9 INFO neutron.wsgi [None req-66265e1e-ff0d-4bb7-b132-c759cc6455bf 55a5c6c56fb943e2a14e1ac6b25eeb85 2bcdf5accffc4304b39fe6804f571679 - - default default] 10.0.0.137 "GET /v2.0/ports HTTP/1.1" status: 200 len: 5351 time: 0.0514004
2026-07-01 08:44:43.863 9 INFO neutron.wsgi [None req-3b654d19-9b3b-4a15-b7c8-0fc22852a5b7 55a5c6c56fb943e2a14e1ac6b25eeb85 2bcdf5accffc4304b39fe6804f571679 - - default default] 10.0.0.137 "GET /v2.0/network-ip-availabilities HTTP/1.1" status: 200 len: 1280 time: 0.0133410
2026-07-01 08:44:43.895 9 INFO neutron.wsgi [None req-299dcf3b-39e7-46bf-886d-55db21072c55 55a5c6c56fb943e2a14e1ac6b25eeb85 2bcdf5accffc4304b39fe6804f571679 - - default default] 10.0.0.137 "GET /v2.0/routers HTTP/1.1" status: 200 len: 189 time: 0.0297666
2026-07-01 08:44:43.907 9 INFO neutron.wsgi [None req-e5922a65-58a7-4464-9fef-55ef7aae914c 55a5c6c56fb943e2a14e1ac6b25eeb85 2bcdf5accffc4304b39fe6804f571679 - - default default] 10.0.0.137 "GET /v2.0/agents?binary=ovn-controller HTTP/1.1" status: 200 len: 591 time: 0.0115216
2026-07-01 08:44:49.588 9 INFO neutron.wsgi [-] 10.0.0.56 "GET / HTTP/1.1" status: 200 len: 247 time: 0.0027466
2026-07-01 08:44:49.590 10 INFO neutron.wsgi [-] 10.0.0.56 "GET / HTTP/1.1" status: 200 len: 247 time: 0.0044193
2026-07-01 08:45:04.587 9 INFO neutron.wsgi [-] 10.0.0.56 "GET / HTTP/1.1" status: 200 len: 247 time: 0.0022452
2026-07-01 08:45:04.588 10 INFO neutron.wsgi [-] 10.0.0.56 "GET / HTTP/1.1" status: 200 len: 247 time: 0.0032461
2026-07-01 08:45:19.586 10 INFO neutron.wsgi [-] 10.0.0.56 "GET / HTTP/1.1" status: 200 len: 247 time: 0.0017033
2026-07-01 08:45:19.587 9 INFO neutron.wsgi [-] 10.0.0.56 "GET / HTTP/1.1" status: 200 len: 247 time: 0.0028422
2026-07-01 08:45:26.340 9 INFO neutron.wsgi [None req-e449ad08-b849-4c2a-9556-127ff61ca5ca 55a5c6c56fb943e2a14e1ac6b25eeb85 2bcdf5accffc4304b39fe6804f571679 - - default default] 10.0.0.235 "GET /v2.0/networks HTTP/1.1" status: 200 len: 2369 time: 0.2667623 /var/lib/openstack/lib/python3.10/site-packages/pycadf/identifier.py:71: UserWarning: Invalid uuid: neutron. To ensure interoperability, identifiers should be a valid uuid. warnings.warn(('Invalid uuid: %s. To ensure interoperability, '
2026-07-01 08:45:27.653 10 INFO neutron.wsgi [None req-7661bc38-dc52-4e91-a539-7b16d0e8055b 55a5c6c56fb943e2a14e1ac6b25eeb85 2bcdf5accffc4304b39fe6804f571679 - - default default] 10.0.0.235 "GET /v2.0/floatingips HTTP/1.1" status: 200 len: 212 time: 0.1023526
2026-07-01 08:45:27.720 10 INFO neutron.wsgi [None req-4e62f4f7-0239-45b9-9110-93241d36ae77 55a5c6c56fb943e2a14e1ac6b25eeb85 2bcdf5accffc4304b39fe6804f571679 - - default default] 10.0.0.235 "GET /v2.0/routers HTTP/1.1" status: 200 len: 208 time: 0.0608337
2026-07-01 08:45:27.792 10 INFO neutron.wsgi [None req-d300b15e-f57b-45b4-962b-877708346ed5 55a5c6c56fb943e2a14e1ac6b25eeb85 2bcdf5accffc4304b39fe6804f571679 - - default default] 10.0.0.235 "GET /v2.0/ports HTTP/1.1" status: 200 len: 5370 time: 0.0612957
2026-07-01 08:45:27.846 10 INFO neutron.wsgi [None req-6689e100-038d-454c-b579-7f0c2af1c522 55a5c6c56fb943e2a14e1ac6b25eeb85 2bcdf5accffc4304b39fe6804f571679 - - default default] 10.0.0.235 "GET /v2.0/subnets HTTP/1.1" status: 200 len: 1456 time: 0.0480061
2026-07-01 08:45:27.953 10 INFO neutron.wsgi [None req-93ba276e-b5fb-4e9c-95b0-373d14d169e3 55a5c6c56fb943e2a14e1ac6b25eeb85 2bcdf5accffc4304b39fe6804f571679 - - default default] 10.0.0.235 "GET /v2.0/networks HTTP/1.1" status: 200 len: 2369 time: 0.1009986
2026-07-01 08:45:28.017 10 INFO neutron.wsgi [None req-e1257ccd-d07e-4fcc-acb0-1e203a1cc476 55a5c6c56fb943e2a14e1ac6b25eeb85 2bcdf5accffc4304b39fe6804f571679 - - default default] 10.0.0.235 "GET /v2.0/security-groups HTTP/1.1" status: 200 len: 17597 time: 0.0580933
2026-07-01 08:45:28.038 10 INFO neutron.wsgi [None req-fc686d60-cb54-4b08-b81e-fc822a51d361 55a5c6c56fb943e2a14e1ac6b25eeb85 2bcdf5accffc4304b39fe6804f571679 - - default default] 10.0.0.235 "GET /v2.0/subnetpools HTTP/1.1" status: 200 len: 212 time: 0.0138125
2026-07-01 08:45:34.588 10 INFO neutron.wsgi [-] 10.0.0.56 "GET / HTTP/1.1" status: 200 len: 247 time: 0.0036068
2026-07-01 08:45:34.589 9 INFO neutron.wsgi [-] 10.0.0.56 "GET / HTTP/1.1" status: 200 len: 247 time: 0.0040438
2026-07-01 08:45:41.148 10 INFO neutron.db.ovn_revision_numbers_db [None req-f7a2dccf-40e2-469e-8771-4dc3d5fafee4 55a5c6c56fb943e2a14e1ac6b25eeb85 2bcdf5accffc4304b39fe6804f571679 - - default default] Successfully bumped revision number for resource ebc09be6-5c60-4ccc-b457-b2edef8c172a (type: security_groups) to 1
2026-07-01 08:45:41.179 10 INFO neutron.db.ovn_revision_numbers_db [None req-c040de08-c2b6-43c4-979c-90df3e7cc812 55a5c6c56fb943e2a14e1ac6b25eeb85 2bcdf5accffc4304b39fe6804f571679 - - default default] Successfully bumped revision number for resource 5a456903-cc80-439d-90f5-3d3ce76e4342 (type: security_groups) to 1
2026-07-01 08:45:41.181 10 INFO neutron.db.ovn_revision_numbers_db [None req-f7a2dccf-40e2-469e-8771-4dc3d5fafee4 55a5c6c56fb943e2a14e1ac6b25eeb85 2bcdf5accffc4304b39fe6804f571679 - - default default] Successfully bumped revision number for resource 2ded4866-48b5-4451-84bb-62bbf61aed71 (type: security_group_rules) to 0
2026-07-01 08:45:41.209 10 INFO neutron.db.ovn_revision_numbers_db [None req-c040de08-c2b6-43c4-979c-90df3e7cc812 55a5c6c56fb943e2a14e1ac6b25eeb85 2bcdf5accffc4304b39fe6804f571679 - - default default] Successfully bumped revision number for resource 5118a876-f708-4db7-9438-c0e276b0150c (type: security_group_rules) to 0
2026-07-01 08:45:41.213 10 INFO neutron.db.ovn_revision_numbers_db [None req-f7a2dccf-40e2-469e-8771-4dc3d5fafee4 55a5c6c56fb943e2a14e1ac6b25eeb85 2bcdf5accffc4304b39fe6804f571679 - - default default] Successfully bumped revision number for resource a386ce14-7e3c-4e42-99e3-c69ff04f2c57 (type: security_group_rules) to 0
2026-07-01 08:45:41.238 10 INFO neutron.db.ovn_revision_numbers_db [None req-c040de08-c2b6-43c4-979c-90df3e7cc812 55a5c6c56fb943e2a14e1ac6b25eeb85 2bcdf5accffc4304b39fe6804f571679 - - default default] Successfully bumped revision number for resource a6ebd136-b66e-40ce-b903-02549c9f68b9 (type: security_group_rules) to 0
2026-07-01 08:45:41.244 10 INFO neutron.db.ovn_revision_numbers_db [None req-f7a2dccf-40e2-469e-8771-4dc3d5fafee4 55a5c6c56fb943e2a14e1ac6b25eeb85 2bcdf5accffc4304b39fe6804f571679 - - default default] Successfully bumped revision number for resource afb3fc0c-f096-4301-a009-39e756ac4bf3 (type: security_group_rules) to 0
2026-07-01 08:45:41.277 10 INFO neutron.db.ovn_revision_numbers_db [None req-c040de08-c2b6-43c4-979c-90df3e7cc812 55a5c6c56fb943e2a14e1ac6b25eeb85 2bcdf5accffc4304b39fe6804f571679 - - default default] Successfully bumped revision number for resource c339ee57-19ef-47de-9a8a-0c01f6e600e0 (type: security_group_rules) to 0
2026-07-01 08:45:41.280 10 INFO neutron.db.ovn_revision_numbers_db [None req-f7a2dccf-40e2-469e-8771-4dc3d5fafee4 55a5c6c56fb943e2a14e1ac6b25eeb85 2bcdf5accffc4304b39fe6804f571679 - - default default] Successfully bumped revision number for resource d504b22d-f004-4d79-886c-3f0b24be2c79 (type: security_group_rules) to 0
2026-07-01 08:45:41.311 10 INFO neutron.db.ovn_revision_numbers_db [None req-c040de08-c2b6-43c4-979c-90df3e7cc812 55a5c6c56fb943e2a14e1ac6b25eeb85 2bcdf5accffc4304b39fe6804f571679 - - default default] Successfully bumped revision number for resource fcec4328-43b2-470d-a399-0f60737aa649 (type: security_group_rules) to 0
2026-07-01 08:45:41.314 10 INFO neutron.db.ovn_revision_numbers_db [None req-276c46a3-ad89-4dff-a0e1-8613035b4476 55a5c6c56fb943e2a14e1ac6b25eeb85 2bcdf5accffc4304b39fe6804f571679 - - default default] Successfully bumped revision number for resource 88aeee0d-502d-4f9d-9437-be4ec0c15534 (type: security_groups) to 1
2026-07-01 08:45:41.346 10 INFO neutron.db.ovn_revision_numbers_db [None req-276c46a3-ad89-4dff-a0e1-8613035b4476 55a5c6c56fb943e2a14e1ac6b25eeb85 2bcdf5accffc4304b39fe6804f571679 - - default default] Successfully bumped revision number for resource 0d23e542-bb12-4d63-9b95-238f759b31ff (type: security_group_rules) to 0
2026-07-01 08:45:41.353 10 INFO neutron.db.segments_db [None req-f7a2dccf-40e2-469e-8771-4dc3d5fafee4 55a5c6c56fb943e2a14e1ac6b25eeb85 2bcdf5accffc4304b39fe6804f571679 - - default default] Added segment 72768201-c178-4cea-b20b-11b58c1933be of type geneve for network 78f61c5b-d210-4505-bf00-06206ea48265
2026-07-01 08:45:41.413 10 INFO neutron.db.segments_db [None req-c040de08-c2b6-43c4-979c-90df3e7cc812 55a5c6c56fb943e2a14e1ac6b25eeb85 2bcdf5accffc4304b39fe6804f571679 - - default default] Added segment 2ff37fac-6be1-49d6-a581-beda0dcaaa21 of type geneve for network d85f33d6-c082-46b1-a136-c52113274bd4
2026-07-01 08:45:41.421 10 INFO neutron.db.ovn_revision_numbers_db [None req-276c46a3-ad89-4dff-a0e1-8613035b4476 55a5c6c56fb943e2a14e1ac6b25eeb85 2bcdf5accffc4304b39fe6804f571679 - - default default] Successfully bumped revision number for resource 76d37de4-41a1-423f-a46b-cbe84dd10ffc (type: security_group_rules) to 0
2026-07-01 08:45:41.468 10 INFO neutron.db.ovn_revision_numbers_db [None req-276c46a3-ad89-4dff-a0e1-8613035b4476 55a5c6c56fb943e2a14e1ac6b25eeb85 2bcdf5accffc4304b39fe6804f571679 - - default default] Successfully bumped revision number for resource 8bdf15ba-56ed-4bdd-aee5-3c8e7eaefdf5 (type: security_group_rules) to 0
2026-07-01 08:45:41.520 10 INFO neutron.db.ovn_revision_numbers_db [None req-276c46a3-ad89-4dff-a0e1-8613035b4476 55a5c6c56fb943e2a14e1ac6b25eeb85 2bcdf5accffc4304b39fe6804f571679 - - default default] Successfully bumped revision number for resource 9b7a51e8-3410-4aaa-a93d-ee88863d4785 (type: security_group_rules) to 0
2026-07-01 08:45:41.626 10 INFO neutron.db.segments_db [None req-276c46a3-ad89-4dff-a0e1-8613035b4476 55a5c6c56fb943e2a14e1ac6b25eeb85 2bcdf5accffc4304b39fe6804f571679 - - default default] Added segment ad557997-4686-48e8-8c39-05570ce4e18e of type geneve for network 66bd0625-f86f-4cc6-a675-7af2e0d7e6b4
2026-07-01 08:45:41.778 10 INFO neutron.db.ovn_revision_numbers_db [None req-c040de08-c2b6-43c4-979c-90df3e7cc812 55a5c6c56fb943e2a14e1ac6b25eeb85 2bcdf5accffc4304b39fe6804f571679 - - default default] Successfully bumped revision number for resource d85f33d6-c082-46b1-a136-c52113274bd4 (type: networks) to 1
2026-07-01 08:45:41.807 10 INFO neutron.db.ovn_revision_numbers_db [None req-f7a2dccf-40e2-469e-8771-4dc3d5fafee4 55a5c6c56fb943e2a14e1ac6b25eeb85 2bcdf5accffc4304b39fe6804f571679 - - default default] Successfully bumped revision number for resource 78f61c5b-d210-4505-bf00-06206ea48265 (type: networks) to 1
2026-07-01 08:45:41.821 9 INFO neutron.db.ovn_revision_numbers_db [None req-699836b3-7901-4dc4-bf65-354c09562b09 55a5c6c56fb943e2a14e1ac6b25eeb85 2bcdf5accffc4304b39fe6804f571679 - - default default] Successfully bumped revision number for resource 76389664-fe2a-4aa1-8b85-64abc9ac3b28 (type: security_groups) to 1
2026-07-01 08:45:41.868 9 INFO neutron.db.ovn_revision_numbers_db [None req-699836b3-7901-4dc4-bf65-354c09562b09 55a5c6c56fb943e2a14e1ac6b25eeb85 2bcdf5accffc4304b39fe6804f571679 - - default default] Successfully bumped revision number for resource 3d54a647-8dc9-4bf7-8f5b-fa14dd455d87 (type: security_group_rules) to 0
2026-07-01 08:45:41.891 9 INFO neutron.db.ovn_revision_numbers_db [None req-699836b3-7901-4dc4-bf65-354c09562b09 55a5c6c56fb943e2a14e1ac6b25eeb85 2bcdf5accffc4304b39fe6804f571679 - - default default] Successfully bumped revision number for resource 9015b133-e3cb-432e-97e2-f7094dc0b953 (type: security_group_rules) to 0
2026-07-01 08:45:41.919 9 INFO neutron.db.ovn_revision_numbers_db [None req-699836b3-7901-4dc4-bf65-354c09562b09 55a5c6c56fb943e2a14e1ac6b25eeb85 2bcdf5accffc4304b39fe6804f571679 - - default default] Successfully bumped revision number for resource 9ab5d3fb-f461-4836-8bbc-3309a063c706 (type: security_group_rules) to 0
2026-07-01 08:45:41.932 9 INFO neutron.db.ovn_revision_numbers_db [None req-699836b3-7901-4dc4-bf65-354c09562b09 55a5c6c56fb943e2a14e1ac6b25eeb85 2bcdf5accffc4304b39fe6804f571679 - - default default] Successfully bumped revision number for resource fb041a8a-980b-442d-9c86-1a71d0752cec (type: security_group_rules) to 0
2026-07-01 08:45:41.957 9 INFO neutron.wsgi [None req-699836b3-7901-4dc4-bf65-354c09562b09 55a5c6c56fb943e2a14e1ac6b25eeb85 2bcdf5accffc4304b39fe6804f571679 - - default default] 10.0.0.235 "GET /v2.0/security-groups?tenant_id=dfbb82ba6ada4f638fcbba6b868c82e2&name=default HTTP/1.1" status: 200 len: 3116 time: 0.4507067
2026-07-01 08:45:42.114 10 INFO neutron.db.ovn_revision_numbers_db [None req-276c46a3-ad89-4dff-a0e1-8613035b4476 55a5c6c56fb943e2a14e1ac6b25eeb85 2bcdf5accffc4304b39fe6804f571679 - - default default] Successfully bumped revision number for resource 66bd0625-f86f-4cc6-a675-7af2e0d7e6b4 (type: networks) to 1
2026-07-01 08:45:42.183 9 INFO neutron.wsgi [None req-8592a752-6992-44a3-acd9-476458126ce6 55a5c6c56fb943e2a14e1ac6b25eeb85 2bcdf5accffc4304b39fe6804f571679 - - default default] 10.0.0.235 "DELETE /v2.0/security-groups/76389664-fe2a-4aa1-8b85-64abc9ac3b28 HTTP/1.1" status: 204 len: 168 time: 0.2208922
2026-07-01 08:45:42.275 10 WARNING neutron.scheduler.dhcp_agent_scheduler [None req-f7a2dccf-40e2-469e-8771-4dc3d5fafee4 55a5c6c56fb943e2a14e1ac6b25eeb85 2bcdf5accffc4304b39fe6804f571679 - - default default] No more DHCP agents
2026-07-01 08:45:42.281 10 WARNING neutron.api.rpc.agentnotifiers.dhcp_rpc_agent_api [None req-f7a2dccf-40e2-469e-8771-4dc3d5fafee4 55a5c6c56fb943e2a14e1ac6b25eeb85 2bcdf5accffc4304b39fe6804f571679 - - default default] Unable to schedule network 78f61c5b-d210-4505-bf00-06206ea48265: no agents available; will retry on subsequent port and subnet creation events.
2026-07-01 08:45:42.288 10 WARNING neutron.scheduler.dhcp_agent_scheduler [None req-c040de08-c2b6-43c4-979c-90df3e7cc812 55a5c6c56fb943e2a14e1ac6b25eeb85 2bcdf5accffc4304b39fe6804f571679 - - default default] No more DHCP agents
2026-07-01 08:45:42.309 10 WARNING neutron.api.rpc.agentnotifiers.dhcp_rpc_agent_api [None req-c040de08-c2b6-43c4-979c-90df3e7cc812 55a5c6c56fb943e2a14e1ac6b25eeb85 2bcdf5accffc4304b39fe6804f571679 - - default default] Unable to schedule network d85f33d6-c082-46b1-a136-c52113274bd4: no agents available; will retry on subsequent port and subnet creation events.
2026-07-01 08:45:42.499 10 WARNING neutron.scheduler.dhcp_agent_scheduler [None req-276c46a3-ad89-4dff-a0e1-8613035b4476 55a5c6c56fb943e2a14e1ac6b25eeb85 2bcdf5accffc4304b39fe6804f571679 - - default default] No more DHCP agents
2026-07-01 08:45:42.508 10 WARNING neutron.api.rpc.agentnotifiers.dhcp_rpc_agent_api [None req-276c46a3-ad89-4dff-a0e1-8613035b4476 55a5c6c56fb943e2a14e1ac6b25eeb85 2bcdf5accffc4304b39fe6804f571679 - - default default] Unable to schedule network 66bd0625-f86f-4cc6-a675-7af2e0d7e6b4: no agents available; will retry on subsequent port and subnet creation events.
2026-07-01 08:45:42.532 10 INFO neutron.db.ovn_revision_numbers_db [None req-f7a2dccf-40e2-469e-8771-4dc3d5fafee4 55a5c6c56fb943e2a14e1ac6b25eeb85 2bcdf5accffc4304b39fe6804f571679 - - default default] Successfully bumped revision number for resource a19bdef7-2e36-4915-9cec-0564d293fee4 (type: ports) to 1
2026-07-01 08:45:42.549 10 INFO neutron.db.ovn_revision_numbers_db [None req-c040de08-c2b6-43c4-979c-90df3e7cc812 55a5c6c56fb943e2a14e1ac6b25eeb85 2bcdf5accffc4304b39fe6804f571679 - - default default] Successfully bumped revision number for resource a473f480-0b47-4e19-9276-4a40b89b6adc (type: ports) to 1
2026-07-01 08:45:42.585 10 INFO neutron.wsgi [None req-f7a2dccf-40e2-469e-8771-4dc3d5fafee4 55a5c6c56fb943e2a14e1ac6b25eeb85 2bcdf5accffc4304b39fe6804f571679 - - default default] 10.0.0.235 "POST /v2.0/networks HTTP/1.1" status: 201 len: 945 time: 1.8900516
2026-07-01 08:45:42.609 10 INFO neutron.wsgi [None req-c040de08-c2b6-43c4-979c-90df3e7cc812 55a5c6c56fb943e2a14e1ac6b25eeb85 2bcdf5accffc4304b39fe6804f571679 - - default default] 10.0.0.235 "POST /v2.0/networks HTTP/1.1" status: 201 len: 947 time: 1.9035897
2026-07-01 08:45:42.665 10 INFO neutron.db.ovn_revision_numbers_db [None req-276c46a3-ad89-4dff-a0e1-8613035b4476 55a5c6c56fb943e2a14e1ac6b25eeb85 2bcdf5accffc4304b39fe6804f571679 - - default default] Successfully bumped revision number for resource b8b270e2-652d-45d5-905c-ab780cf517aa (type: ports) to 1
2026-07-01 08:45:42.719 10 INFO neutron.wsgi [None req-276c46a3-ad89-4dff-a0e1-8613035b4476 55a5c6c56fb943e2a14e1ac6b25eeb85 2bcdf5accffc4304b39fe6804f571679 - - default default] 10.0.0.235 "POST /v2.0/networks HTTP/1.1" status: 201 len: 949 time: 1.8286324
2026-07-01 08:45:42.816 9 WARNING neutron.scheduler.dhcp_agent_scheduler [None req-d8fb34b8-1730-4a95-ab7c-1ed6e55d49c2 55a5c6c56fb943e2a14e1ac6b25eeb85 2bcdf5accffc4304b39fe6804f571679 - - default default] No more DHCP agents
2026-07-01 08:45:42.819 9 WARNING neutron.api.rpc.agentnotifiers.dhcp_rpc_agent_api [None req-d8fb34b8-1730-4a95-ab7c-1ed6e55d49c2 55a5c6c56fb943e2a14e1ac6b25eeb85 2bcdf5accffc4304b39fe6804f571679 - - default default] Unable to schedule network d85f33d6-c082-46b1-a136-c52113274bd4: no agents available; will retry on subsequent port and subnet creation events.
2026-07-01 08:45:42.855 10 WARNING neutron.scheduler.dhcp_agent_scheduler [None req-bfc9cc05-3327-41cb-a397-0b888a1558eb 55a5c6c56fb943e2a14e1ac6b25eeb85 2bcdf5accffc4304b39fe6804f571679 - - default default] No more DHCP agents
2026-07-01 08:45:42.858 10 WARNING neutron.api.rpc.agentnotifiers.dhcp_rpc_agent_api [None req-bfc9cc05-3327-41cb-a397-0b888a1558eb 55a5c6c56fb943e2a14e1ac6b25eeb85 2bcdf5accffc4304b39fe6804f571679 - - default default] Unable to schedule network 78f61c5b-d210-4505-bf00-06206ea48265: no agents available; will retry on subsequent port and subnet creation events.
2026-07-01 08:45:42.968 10 WARNING neutron.scheduler.dhcp_agent_scheduler [None req-64b2b980-93e6-492a-aef1-e51a54a15a83 55a5c6c56fb943e2a14e1ac6b25eeb85 2bcdf5accffc4304b39fe6804f571679 - - default default] No more DHCP agents
2026-07-01 08:45:42.972 10 WARNING neutron.api.rpc.agentnotifiers.dhcp_rpc_agent_api [None req-64b2b980-93e6-492a-aef1-e51a54a15a83 55a5c6c56fb943e2a14e1ac6b25eeb85 2bcdf5accffc4304b39fe6804f571679 - - default default] Unable to schedule network 66bd0625-f86f-4cc6-a675-7af2e0d7e6b4: no agents available; will retry on subsequent port and subnet creation events.
2026-07-01 08:45:43.367 9 INFO neutron.db.ovn_revision_numbers_db [None req-d8fb34b8-1730-4a95-ab7c-1ed6e55d49c2 55a5c6c56fb943e2a14e1ac6b25eeb85 2bcdf5accffc4304b39fe6804f571679 - - default default] Successfully bumped revision number for resource a473f480-0b47-4e19-9276-4a40b89b6adc (type: ports) to 2
2026-07-01 08:45:43.406 9 INFO neutron.db.ovn_revision_numbers_db [None req-d8fb34b8-1730-4a95-ab7c-1ed6e55d49c2 55a5c6c56fb943e2a14e1ac6b25eeb85 2bcdf5accffc4304b39fe6804f571679 - - default default] Successfully bumped revision number for resource 6ff22769-40ab-402e-a6ea-4dcf6e6ebbbc (type: subnets) to 0
2026-07-01 08:45:43.424 9 INFO neutron.wsgi [None req-d8fb34b8-1730-4a95-ab7c-1ed6e55d49c2 55a5c6c56fb943e2a14e1ac6b25eeb85 2bcdf5accffc4304b39fe6804f571679 - - default default] 10.0.0.235 "POST /v2.0/subnets HTTP/1.1" status: 201 len: 867 time: 0.8066852
2026-07-01 08:45:43.741 10 INFO neutron.db.ovn_revision_numbers_db [None req-bfc9cc05-3327-41cb-a397-0b888a1558eb 55a5c6c56fb943e2a14e1ac6b25eeb85 2bcdf5accffc4304b39fe6804f571679 - - default default] Successfully bumped revision number for resource a19bdef7-2e36-4915-9cec-0564d293fee4 (type: ports) to 2
2026-07-01 08:45:43.823 10 INFO neutron.db.ovn_revision_numbers_db [None req-bfc9cc05-3327-41cb-a397-0b888a1558eb 55a5c6c56fb943e2a14e1ac6b25eeb85 2bcdf5accffc4304b39fe6804f571679 - - default default] Successfully bumped revision number for resource 249b38e8-6e80-4158-8e19-65a74e19cfa8 (type: subnets) to 0
2026-07-01 08:45:43.843 10 INFO neutron.wsgi [None req-bfc9cc05-3327-41cb-a397-0b888a1558eb 55a5c6c56fb943e2a14e1ac6b25eeb85 2bcdf5accffc4304b39fe6804f571679 - - default default] 10.0.0.235 "POST /v2.0/subnets HTTP/1.1" status: 201 len: 865 time: 1.2496932
2026-07-01 08:45:43.871 10 INFO neutron.db.ovn_revision_numbers_db [None req-64b2b980-93e6-492a-aef1-e51a54a15a83 55a5c6c56fb943e2a14e1ac6b25eeb85 2bcdf5accffc4304b39fe6804f571679 - - default default] Successfully bumped revision number for resource b8b270e2-652d-45d5-905c-ab780cf517aa (type: ports) to 2
2026-07-01 08:45:43.924 10 INFO neutron.db.ovn_revision_numbers_db [None req-64b2b980-93e6-492a-aef1-e51a54a15a83 55a5c6c56fb943e2a14e1ac6b25eeb85 2bcdf5accffc4304b39fe6804f571679 - - default default] Successfully bumped revision number for resource b6070770-f6a9-4c58-b78f-23576d6261b8 (type: subnets) to 0
2026-07-01 08:45:43.953 10 INFO neutron.wsgi [None req-64b2b980-93e6-492a-aef1-e51a54a15a83 55a5c6c56fb943e2a14e1ac6b25eeb85 2bcdf5accffc4304b39fe6804f571679 - - default default] 10.0.0.235 "POST /v2.0/subnets HTTP/1.1" status: 201 len: 869 time: 1.2284946
2026-07-01 08:45:44.019 9 INFO neutron.wsgi [None req-101dbc5f-c5d7-418d-a01b-f97d94c39184 55a5c6c56fb943e2a14e1ac6b25eeb85 2bcdf5accffc4304b39fe6804f571679 - - default default] 10.0.0.137 "GET /v2.0/ports HTTP/1.1" status: 200 len: 8504 time: 0.3536558
2026-07-01 08:45:44.140 9 INFO neutron.wsgi [None req-5cc2ff19-d302-4709-bf05-1dad1b74a6ac 55a5c6c56fb943e2a14e1ac6b25eeb85 2bcdf5accffc4304b39fe6804f571679 - - default default] 10.0.0.137 "GET /v2.0/routers HTTP/1.1" status: 200 len: 1417 time: 0.1143239
2026-07-01 08:45:44.168 9 INFO neutron.wsgi [None req-e987e6e1-f97f-46d3-a90c-b7ca0c724b0a 55a5c6c56fb943e2a14e1ac6b25eeb85 2bcdf5accffc4304b39fe6804f571679 - - default default] 10.0.0.137 "GET /v2.0/agents?binary=ovn-controller HTTP/1.1" status: 200 len: 591 time: 0.0197065
2026-07-01 08:45:44.245 9 INFO neutron.wsgi [None req-6cf80465-894b-4135-b74f-6a88a737c4f6 55a5c6c56fb943e2a14e1ac6b25eeb85 2bcdf5accffc4304b39fe6804f571679 - - default default] 10.0.0.137 "GET /v2.0/network-ip-availabilities HTTP/1.1" status: 200 len: 2720 time: 0.0611093
2026-07-01 08:45:44.341 9 INFO neutron.wsgi [None req-67ef5a62-175f-4fc9-8c67-d65adf7cdf49 55a5c6c56fb943e2a14e1ac6b25eeb85 2bcdf5accffc4304b39fe6804f571679 - - default default] 10.0.0.137 "GET /v2.0/security-groups HTTP/1.1" status: 200 len: 26278 time: 0.0936558
2026-07-01 08:45:44.372 9 INFO neutron.wsgi [None req-c060d01e-2168-4a2e-878b-0cc186cb1c93 55a5c6c56fb943e2a14e1ac6b25eeb85 2bcdf5accffc4304b39fe6804f571679 - - default default] 10.0.0.137 "GET /v2.0/agents HTTP/1.1" status: 200 len: 1390 time: 0.0203085
2026-07-01 08:45:44.438 9 INFO neutron.wsgi [None req-d2f815cb-5d2e-41f7-8227-0494ddb94328 55a5c6c56fb943e2a14e1ac6b25eeb85 2bcdf5accffc4304b39fe6804f571679 - - default default] 10.0.0.137 "GET /v2.0/subnets HTTP/1.1" status: 200 len: 3411 time: 0.0637679
2026-07-01 08:45:44.519 10 INFO neutron.db.ovn_revision_numbers_db [None req-ee96414a-f7c1-44d4-a2ad-8de7f9655ba1 55a5c6c56fb943e2a14e1ac6b25eeb85 2bcdf5accffc4304b39fe6804f571679 - - default default] Successfully bumped revision number for resource 0f5e237e-5fd0-471b-b9e6-8c2abe0f7137 (type: security_groups) to 1
2026-07-01 08:45:44.543 10 INFO neutron.db.ovn_revision_numbers_db [None req-ee96414a-f7c1-44d4-a2ad-8de7f9655ba1 55a5c6c56fb943e2a14e1ac6b25eeb85 2bcdf5accffc4304b39fe6804f571679 - - default default] Successfully bumped revision number for resource 3682b7bd-15e5-4d75-a220-62a14029e93f (type: security_group_rules) to 0
2026-07-01 08:45:44.565 10 INFO neutron.db.ovn_revision_numbers_db [None req-ee96414a-f7c1-44d4-a2ad-8de7f9655ba1 55a5c6c56fb943e2a14e1ac6b25eeb85 2bcdf5accffc4304b39fe6804f571679 - - default default] Successfully bumped revision number for resource 9ca79a2e-2537-4011-96c8-c35a36cbb2f0 (type: security_group_rules) to 0
2026-07-01 08:45:44.612 10 INFO neutron.db.ovn_revision_numbers_db [None req-ee96414a-f7c1-44d4-a2ad-8de7f9655ba1 55a5c6c56fb943e2a14e1ac6b25eeb85 2bcdf5accffc4304b39fe6804f571679 - - default default] Successfully bumped revision number for resource 9ccb8b70-95d4-4767-a0f6-3aee046353fd (type: security_group_rules) to 0
2026-07-01 08:45:44.639 10 WARNING neutron.scheduler.dhcp_agent_scheduler [None req-063d2095-7f30-4fae-b11c-614fdcd18caf 55a5c6c56fb943e2a14e1ac6b25eeb85 2bcdf5accffc4304b39fe6804f571679 - - default default] No more DHCP agents
2026-07-01 08:45:44.642 10 INFO neutron.db.ovn_revision_numbers_db [None req-ee96414a-f7c1-44d4-a2ad-8de7f9655ba1 55a5c6c56fb943e2a14e1ac6b25eeb85 2bcdf5accffc4304b39fe6804f571679 - - default default] Successfully bumped revision number for resource e3638878-b649-4ed5-ac83-d7823f37f5b4 (type: security_group_rules) to 0
2026-07-01 08:45:44.644 10 WARNING neutron.api.rpc.agentnotifiers.dhcp_rpc_agent_api [None req-063d2095-7f30-4fae-b11c-614fdcd18caf 55a5c6c56fb943e2a14e1ac6b25eeb85 2bcdf5accffc4304b39fe6804f571679 - - default default] Unable to schedule network 76b76341-7fa0-43ff-868c-8cb45676f306: no agents available; will retry on subsequent port and subnet creation events.
2026-07-01 08:45:44.665 9 INFO neutron.wsgi [None req-93bb7892-121b-4a27-97c9-62860ff5df5e 55a5c6c56fb943e2a14e1ac6b25eeb85 2bcdf5accffc4304b39fe6804f571679 - - default default] 10.0.0.137 "GET /v2.0/floatingips HTTP/1.1" status: 200 len: 193 time: 0.2138886
2026-07-01 08:45:44.725 10 INFO neutron.db.segments_db [None req-ee96414a-f7c1-44d4-a2ad-8de7f9655ba1 55a5c6c56fb943e2a14e1ac6b25eeb85 2bcdf5accffc4304b39fe6804f571679 - - default default] Added segment 1beb6fd8-9322-45c5-aab4-367cb7c4701e of type geneve for network 89d4a19a-0d3b-4ca9-a404-94076d05c623
2026-07-01 08:45:44.766 9 WARNING neutron.scheduler.dhcp_agent_scheduler [None req-e781340f-78c9-451d-83ff-c38cd48825c3 55a5c6c56fb943e2a14e1ac6b25eeb85 2bcdf5accffc4304b39fe6804f571679 - - default default] No more DHCP agents
2026-07-01 08:45:44.774 9 WARNING neutron.api.rpc.agentnotifiers.dhcp_rpc_agent_api [None req-e781340f-78c9-451d-83ff-c38cd48825c3 55a5c6c56fb943e2a14e1ac6b25eeb85 2bcdf5accffc4304b39fe6804f571679 - - default default] Unable to schedule network 76b76341-7fa0-43ff-868c-8cb45676f306: no agents available; will retry on subsequent port and subnet creation events.
2026-07-01 08:45:44.792 9 INFO neutron.wsgi [None req-3a9daa2d-6203-4c0f-ab64-8bdf4a8b1d07 55a5c6c56fb943e2a14e1ac6b25eeb85 2bcdf5accffc4304b39fe6804f571679 - - default default] 10.0.0.137 "GET /v2.0/networks HTTP/1.1" status: 200 len: 4636 time: 0.1236541
2026-07-01 08:45:44.849 10 INFO neutron.db.ovn_revision_numbers_db [None req-063d2095-7f30-4fae-b11c-614fdcd18caf 55a5c6c56fb943e2a14e1ac6b25eeb85 2bcdf5accffc4304b39fe6804f571679 - - default default] Successfully bumped revision number for resource e9c5958a-5e84-4ed5-8d05-6b4a37456a74 (type: ports) to 1
2026-07-01 08:45:44.872 9 INFO neutron.wsgi [None req-fc3ef444-a67e-4c9c-a338-91a8f087e61e 55a5c6c56fb943e2a14e1ac6b25eeb85 2bcdf5accffc4304b39fe6804f571679 - - default default] 10.0.0.137 "GET /v2.0/subnets HTTP/1.1" status: 200 len: 3411 time: 0.0684953
2026-07-01 08:45:44.897 9 INFO neutron.wsgi [None req-e82bf79e-dd0b-4bea-8129-1c2954d05ede 55a5c6c56fb943e2a14e1ac6b25eeb85 2bcdf5accffc4304b39fe6804f571679 - - default default] 10.0.0.137 "GET /v2.0/subnetpools HTTP/1.1" status: 200 len: 193 time: 0.0198143
2026-07-01 08:45:44.992 10 INFO neutron.db.ovn_revision_numbers_db [None req-ee96414a-f7c1-44d4-a2ad-8de7f9655ba1 55a5c6c56fb943e2a14e1ac6b25eeb85 2bcdf5accffc4304b39fe6804f571679 - - default default] Successfully bumped revision number for resource 89d4a19a-0d3b-4ca9-a404-94076d05c623 (type: networks) to 1
2026-07-01 08:45:45.004 9 INFO neutron.db.ovn_revision_numbers_db [None req-e781340f-78c9-451d-83ff-c38cd48825c3 55a5c6c56fb943e2a14e1ac6b25eeb85 2bcdf5accffc4304b39fe6804f571679 - - default default] Successfully bumped revision number for resource 8026e0a9-2f52-4be4-9f8e-722da5b22549 (type: ports) to 1
2026-07-01 08:45:45.107 9 WARNING neutron.scheduler.dhcp_agent_scheduler [None req-edfda3d5-1730-467d-bad1-96e9d6993719 55a5c6c56fb943e2a14e1ac6b25eeb85 2bcdf5accffc4304b39fe6804f571679 - - default default] No more DHCP agents
2026-07-01 08:45:45.113 9 WARNING neutron.api.rpc.agentnotifiers.dhcp_rpc_agent_api [None req-edfda3d5-1730-467d-bad1-96e9d6993719 55a5c6c56fb943e2a14e1ac6b25eeb85 2bcdf5accffc4304b39fe6804f571679 - - default default] Unable to schedule network 76b76341-7fa0-43ff-868c-8cb45676f306: no agents available; will retry on subsequent port and subnet creation events.
2026-07-01 08:45:45.339 10 WARNING neutron.scheduler.dhcp_agent_scheduler [None req-ee96414a-f7c1-44d4-a2ad-8de7f9655ba1 55a5c6c56fb943e2a14e1ac6b25eeb85 2bcdf5accffc4304b39fe6804f571679 - - default default] No more DHCP agents
2026-07-01 08:45:45.342 10 WARNING neutron.api.rpc.agentnotifiers.dhcp_rpc_agent_api [None req-ee96414a-f7c1-44d4-a2ad-8de7f9655ba1 55a5c6c56fb943e2a14e1ac6b25eeb85 2bcdf5accffc4304b39fe6804f571679 - - default default] Unable to schedule network 89d4a19a-0d3b-4ca9-a404-94076d05c623: no agents available; will retry on subsequent port and subnet creation events.
2026-07-01 08:45:45.423 9 INFO neutron.db.ovn_revision_numbers_db [None req-edfda3d5-1730-467d-bad1-96e9d6993719 55a5c6c56fb943e2a14e1ac6b25eeb85 2bcdf5accffc4304b39fe6804f571679 - - default default] Successfully bumped revision number for resource d9c8ae04-e816-4f2c-9e46-c4a2add385ef (type: ports) to 1
2026-07-01 08:45:45.597 10 INFO neutron.plugins.ml2.drivers.ovn.mech_driver.ovsdb.extensions.qos [None req-063d2095-7f30-4fae-b11c-614fdcd18caf 55a5c6c56fb943e2a14e1ac6b25eeb85 2bcdf5accffc4304b39fe6804f571679 - - default default] Starting OVNClientQosExtension
2026-07-01 08:45:45.684 10 INFO neutron.db.ovn_revision_numbers_db [None req-ee96414a-f7c1-44d4-a2ad-8de7f9655ba1 55a5c6c56fb943e2a14e1ac6b25eeb85 2bcdf5accffc4304b39fe6804f571679 - - default default] Successfully bumped revision number for resource 7f1f1345-cfca-4d0d-be07-644bcf69303c (type: ports) to 1
2026-07-01 08:45:45.741 10 INFO neutron.wsgi [None req-ee96414a-f7c1-44d4-a2ad-8de7f9655ba1 55a5c6c56fb943e2a14e1ac6b25eeb85 2bcdf5accffc4304b39fe6804f571679 - - default default] 10.0.0.235 "POST /v2.0/networks HTTP/1.1" status: 201 len: 952 time: 1.6470642
2026-07-01 08:45:45.790 9 INFO neutron.plugins.ml2.drivers.ovn.mech_driver.ovsdb.extensions.qos [None req-e781340f-78c9-451d-83ff-c38cd48825c3 55a5c6c56fb943e2a14e1ac6b25eeb85 2bcdf5accffc4304b39fe6804f571679 - - default default] Starting OVNClientQosExtension
2026-07-01 08:45:46.015 10 WARNING neutron.scheduler.dhcp_agent_scheduler [None req-e5b9b26a-d32a-4bb1-b2f6-d36120e71366 55a5c6c56fb943e2a14e1ac6b25eeb85 2bcdf5accffc4304b39fe6804f571679 - - default default] No more DHCP agents
2026-07-01 08:45:46.029 10 WARNING neutron.api.rpc.agentnotifiers.dhcp_rpc_agent_api [None req-e5b9b26a-d32a-4bb1-b2f6-d36120e71366 55a5c6c56fb943e2a14e1ac6b25eeb85 2bcdf5accffc4304b39fe6804f571679 - - default default] Unable to schedule network 89d4a19a-0d3b-4ca9-a404-94076d05c623: no agents available; will retry on subsequent port and subnet creation events.
2026-07-01 08:45:46.117 10 INFO neutron.plugins.ml2.drivers.ovn.mech_driver.ovsdb.commands [None req-5e38e9db-7959-41a4-8c6e-a0b21a8ccf00 - - - - - -] Schedule LRP lrp-e9c5958a-5e84-4ed5-8d05-6b4a37456a74 on gateway 6ba109af-abd1-4c2c-be75-2400e5d0a839 with priority 1
2026-07-01 08:45:46.140 9 INFO neutron.plugins.ml2.drivers.ovn.mech_driver.mech_driver [-] OVN reports status up for port: e9c5958a-5e84-4ed5-8d05-6b4a37456a74
2026-07-01 08:45:46.160 9 INFO neutron.plugins.ml2.drivers.ovn.mech_driver.ovsdb.ovsdb_monitor [-] Router cf7ffd24-97d2-4767-82f2-e08a322db88c is bound to host instance
2026-07-01 08:45:46.164 9 INFO neutron.plugins.ml2.plugin [None req-5fe65190-f355-4240-aa88-3c53cbc5a684 - - - - - -] Attempt 1 to provision port e9c5958a-5e84-4ed5-8d05-6b4a37456a74
2026-07-01 08:45:46.191 10 INFO neutron.db.ovn_revision_numbers_db [None req-063d2095-7f30-4fae-b11c-614fdcd18caf 55a5c6c56fb943e2a14e1ac6b25eeb85 2bcdf5accffc4304b39fe6804f571679 - - default default] Successfully bumped revision number for resource e9c5958a-5e84-4ed5-8d05-6b4a37456a74 (type: router_ports) to 1
2026-07-01 08:45:46.324 10 INFO neutron.db.ovn_revision_numbers_db [None req-063d2095-7f30-4fae-b11c-614fdcd18caf 55a5c6c56fb943e2a14e1ac6b25eeb85 2bcdf5accffc4304b39fe6804f571679 - - default default] Successfully bumped revision number for resource cf7ffd24-97d2-4767-82f2-e08a322db88c (type: routers) to 2
2026-07-01 08:45:46.352 10 INFO neutron.wsgi [None req-063d2095-7f30-4fae-b11c-614fdcd18caf 55a5c6c56fb943e2a14e1ac6b25eeb85 2bcdf5accffc4304b39fe6804f571679 - - default default] 10.0.0.235 "POST /v2.0/routers HTTP/1.1" status: 201 len: 1167 time: 2.5035651
2026-07-01 08:45:46.364 9 INFO neutron.plugins.ml2.drivers.ovn.mech_driver.ovsdb.commands [None req-d53f82d9-69da-4df9-8e4e-6eaa4ee72a7f - - - - - -] Schedule LRP lrp-8026e0a9-2f52-4be4-9f8e-722da5b22549 on gateway 6ba109af-abd1-4c2c-be75-2400e5d0a839 with priority 1
2026-07-01 08:45:46.400 10 INFO neutron.plugins.ml2.drivers.ovn.mech_driver.mech_driver [None req-fa2271e7-6c14-4c76-acce-a0e636548aed - - - - - -] OVN reports status up for port: 8026e0a9-2f52-4be4-9f8e-722da5b22549
2026-07-01 08:45:46.434 10 INFO neutron.plugins.ml2.plugin [None req-fa2271e7-6c14-4c76-acce-a0e636548aed - - - - - -] Attempt 1 to provision port 8026e0a9-2f52-4be4-9f8e-722da5b22549
2026-07-01 08:45:46.614 9 INFO neutron.db.ovn_revision_numbers_db [None req-e781340f-78c9-451d-83ff-c38cd48825c3 55a5c6c56fb943e2a14e1ac6b25eeb85 2bcdf5accffc4304b39fe6804f571679 - - default default] Successfully bumped revision number for resource 8026e0a9-2f52-4be4-9f8e-722da5b22549 (type: router_ports) to 1
2026-07-01 08:45:46.773 9 INFO neutron.db.ovn_revision_numbers_db [None req-e781340f-78c9-451d-83ff-c38cd48825c3 55a5c6c56fb943e2a14e1ac6b25eeb85 2bcdf5accffc4304b39fe6804f571679 - - default default] Successfully bumped revision number for resource 2cae3555-9a23-4519-81d3-4f2919c1b18e (type: routers) to 2
2026-07-01 08:45:46.813 9 INFO neutron.wsgi [None req-e781340f-78c9-451d-83ff-c38cd48825c3 55a5c6c56fb943e2a14e1ac6b25eeb85 2bcdf5accffc4304b39fe6804f571679 - - default default] 10.0.0.235 "POST /v2.0/routers HTTP/1.1" status: 201 len: 1169 time: 3.3846288
2026-07-01 08:45:47.019 10 INFO neutron.db.ovn_revision_numbers_db [None req-e5b9b26a-d32a-4bb1-b2f6-d36120e71366 55a5c6c56fb943e2a14e1ac6b25eeb85 2bcdf5accffc4304b39fe6804f571679 - - default default] Successfully bumped revision number for resource 7f1f1345-cfca-4d0d-be07-644bcf69303c (type: ports) to 2
2026-07-01 08:45:47.088 9 INFO neutron.plugins.ml2.drivers.ovn.mech_driver.ovsdb.commands [None req-d53f82d9-69da-4df9-8e4e-6eaa4ee72a7f - - - - - -] Schedule LRP lrp-d9c8ae04-e816-4f2c-9e46-c4a2add385ef on gateway 6ba109af-abd1-4c2c-be75-2400e5d0a839 with priority 1
2026-07-01 08:45:47.142 10 INFO neutron.db.ovn_revision_numbers_db [None req-e5b9b26a-d32a-4bb1-b2f6-d36120e71366 55a5c6c56fb943e2a14e1ac6b25eeb85 2bcdf5accffc4304b39fe6804f571679 - - default default] Successfully bumped revision number for resource 61a4f632-7970-4a6f-8249-cb73211c26a1 (type: subnets) to 0
2026-07-01 08:45:47.163 10 INFO neutron.wsgi [None req-e5b9b26a-d32a-4bb1-b2f6-d36120e71366 55a5c6c56fb943e2a14e1ac6b25eeb85 2bcdf5accffc4304b39fe6804f571679 - - default default] 10.0.0.235 "POST /v2.0/subnets HTTP/1.1" status: 201 len: 873 time: 1.4180605
2026-07-01 08:45:47.183 9 INFO neutron.db.ovn_revision_numbers_db [None req-edfda3d5-1730-467d-bad1-96e9d6993719 55a5c6c56fb943e2a14e1ac6b25eeb85 2bcdf5accffc4304b39fe6804f571679 - - default default] Successfully bumped revision number for resource d9c8ae04-e816-4f2c-9e46-c4a2add385ef (type: router_ports) to 1
2026-07-01 08:45:47.393 9 INFO neutron.db.ovn_revision_numbers_db [None req-edfda3d5-1730-467d-bad1-96e9d6993719 55a5c6c56fb943e2a14e1ac6b25eeb85 2bcdf5accffc4304b39fe6804f571679 - - default default] Successfully bumped revision number for resource f572aed5-4b72-4526-9895-28b43ed5bcaa (type: routers) to 2
2026-07-01 08:45:47.409 10 WARNING neutron.scheduler.dhcp_agent_scheduler [None req-d632342e-ca37-4d47-ba68-55bd68a33716 55a5c6c56fb943e2a14e1ac6b25eeb85 2bcdf5accffc4304b39fe6804f571679 - - default default] No more DHCP agents
2026-07-01 08:45:47.411 10 WARNING neutron.api.rpc.agentnotifiers.dhcp_rpc_agent_api [None req-d632342e-ca37-4d47-ba68-55bd68a33716 55a5c6c56fb943e2a14e1ac6b25eeb85 2bcdf5accffc4304b39fe6804f571679 - - default default] Unable to schedule network 78f61c5b-d210-4505-bf00-06206ea48265: no agents available; will retry on subsequent port and subnet creation events.
2026-07-01 08:45:47.599 10 INFO neutron.db.ovn_revision_numbers_db [None req-d632342e-ca37-4d47-ba68-55bd68a33716 55a5c6c56fb943e2a14e1ac6b25eeb85 2bcdf5accffc4304b39fe6804f571679 - - default default] Successfully bumped revision number for resource f3f5d382-6bbc-4be2-80fd-2afc8ad742af (type: ports) to 1
2026-07-01 08:45:47.642 9 INFO neutron.wsgi [None req-edfda3d5-1730-467d-bad1-96e9d6993719 55a5c6c56fb943e2a14e1ac6b25eeb85 2bcdf5accffc4304b39fe6804f571679 - - default default] 10.0.0.235 "POST /v2.0/routers HTTP/1.1" status: 201 len: 1171 time: 3.6795228
2026-07-01 08:45:48.111 9 INFO neutron.db.ovn_revision_numbers_db [None req-034382d5-47dd-4114-b89d-bad68796f172 - - - - - -] Successfully bumped revision number for resource e9c5958a-5e84-4ed5-8d05-6b4a37456a74 (type: ports) to 1
2026-07-01 08:45:48.245 9 WARNING neutron.scheduler.dhcp_agent_scheduler [None req-c7b83c4c-2950-4605-8f3d-87b31dd02ef0 55a5c6c56fb943e2a14e1ac6b25eeb85 2bcdf5accffc4304b39fe6804f571679 - - default default] No more DHCP agents
2026-07-01 08:45:48.250 9 WARNING neutron.api.rpc.agentnotifiers.dhcp_rpc_agent_api [None req-c7b83c4c-2950-4605-8f3d-87b31dd02ef0 55a5c6c56fb943e2a14e1ac6b25eeb85 2bcdf5accffc4304b39fe6804f571679 - - default default] Unable to schedule network d85f33d6-c082-46b1-a136-c52113274bd4: no agents available; will retry on subsequent port and subnet creation events.
2026-07-01 08:45:48.375 9 WARNING neutron.scheduler.dhcp_agent_scheduler [None req-303153ea-c85d-4b91-85cd-db0cbc3f1791 55a5c6c56fb943e2a14e1ac6b25eeb85 2bcdf5accffc4304b39fe6804f571679 - - default default] No more DHCP agents
2026-07-01 08:45:48.383 9 WARNING neutron.api.rpc.agentnotifiers.dhcp_rpc_agent_api [None req-303153ea-c85d-4b91-85cd-db0cbc3f1791 55a5c6c56fb943e2a14e1ac6b25eeb85 2bcdf5accffc4304b39fe6804f571679 - - default default] Unable to schedule network 76b76341-7fa0-43ff-868c-8cb45676f306: no agents available; will retry on subsequent port and subnet creation events.
2026-07-01 08:45:48.598 10 ERROR ovsdbapp.backend.ovs_idl.command [None req-d632342e-ca37-4d47-ba68-55bd68a33716 55a5c6c56fb943e2a14e1ac6b25eeb85 2bcdf5accffc4304b39fe6804f571679 - - default default] Error executing command (DbGetCommand): ovsdbapp.backend.ovs_idl.idlutils.RowNotFound: Cannot find Logical_Router_Port with name=lrp-f3f5d382-6bbc-4be2-80fd-2afc8ad742af
2026-07-01 08:45:48.598 10 ERROR ovsdbapp.backend.ovs_idl.command
Traceback (most recent call last):
2026-07-01 08:45:48.598 10 ERROR ovsdbapp.backend.ovs_idl.command
File "/var/lib/openstack/lib/python3.10/site-packages/ovsdbapp/backend/ovs_idl/command.py", line 47, in execute
2026-07-01 08:45:48.598 10 ERROR ovsdbapp.backend.ovs_idl.command self.run_idl(None)
2026-07-01 08:45:48.598 10 ERROR ovsdbapp.backend.ovs_idl.command
File "/var/lib/openstack/lib/python3.10/site-packages/ovsdbapp/backend/ovs_idl/command.py", line 235, in run_idl
2026-07-01 08:45:48.598 10 ERROR ovsdbapp.backend.ovs_idl.command record = self.api.lookup(self.table, self.record)
2026-07-01 08:45:48.598 10 ERROR ovsdbapp.backend.ovs_idl.command
File "/var/lib/openstack/lib/python3.10/site-packages/ovsdbapp/backend/ovs_idl/__init__.py", line 184, in lookup
2026-07-01 08:45:48.598 10 ERROR ovsdbapp.backend.ovs_idl.command return self._lookup(table, record)
2026-07-01 08:45:48.598 10 ERROR ovsdbapp.backend.ovs_idl.command
File "/var/lib/openstack/lib/python3.10/site-packages/ovsdbapp/backend/ovs_idl/__init__.py", line 235, in _lookup
2026-07-01 08:45:48.598 10 ERROR ovsdbapp.backend.ovs_idl.command row = idlutils.row_by_value(self, rl.table, rl.column, record)
2026-07-01 08:45:48.598 10 ERROR ovsdbapp.backend.ovs_idl.command
File "/var/lib/openstack/lib/python3.10/site-packages/ovsdbapp/backend/ovs_idl/idlutils.py", line 114, in row_by_value
2026-07-01 08:45:48.598 10 ERROR ovsdbapp.backend.ovs_idl.command raise RowNotFound(table=table, col=column, match=match)
2026-07-01 08:45:48.598 10 ERROR ovsdbapp.backend.ovs_idl.command ovsdbapp.backend.ovs_idl.idlutils.RowNotFound: Cannot find Logical_Router_Port with name=lrp-f3f5d382-6bbc-4be2-80fd-2afc8ad742af
2026-07-01 08:45:48.598 10 ERROR ovsdbapp.backend.ovs_idl.command 
2026-07-01 08:45:48.600 10 ERROR neutron_lib.callbacks.manager [None req-d632342e-ca37-4d47-ba68-55bd68a33716 55a5c6c56fb943e2a14e1ac6b25eeb85 2bcdf5accffc4304b39fe6804f571679 - - default default] Error during notification for neutron.services.ovn_l3.plugin.OVNL3RouterPlugin._port_update-8794958775014 port, after_update: ovsdbapp.backend.ovs_idl.idlutils.RowNotFound: Cannot find Logical_Router_Port with name=lrp-f3f5d382-6bbc-4be2-80fd-2afc8ad742af
2026-07-01 08:45:48.600 10 ERROR neutron_lib.callbacks.manager
Traceback (most recent call last):
2026-07-01 08:45:48.600 10 ERROR neutron_lib.callbacks.manager
File "/var/lib/openstack/lib/python3.10/site-packages/neutron_lib/callbacks/manager.py", line 189, in _notify_loop
2026-07-01 08:45:48.600 10 ERROR neutron_lib.callbacks.manager callback.method(resource, event, trigger, payload=payload)
2026-07-01 08:45:48.600 10 ERROR neutron_lib.callbacks.manager
File "/var/lib/openstack/lib/python3.10/site-packages/neutron/services/ovn_l3/plugin.py", line 391, in _port_update
2026-07-01 08:45:48.600 10 ERROR neutron_lib.callbacks.manager l3plugin._ovn_client.update_router_port(context,
2026-07-01 08:45:48.600 10 ERROR neutron_lib.callbacks.manager
File "/var/lib/openstack/lib/python3.10/site-packages/neutron/plugins/ml2/drivers/ovn/mech_driver/ovsdb/ovn_client.py", line 1878, in update_router_port
2026-07-01 08:45:48.600 10 ERROR neutron_lib.callbacks.manager self._update_lrouter_port(context, port, if_exists=if_exists,
2026-07-01 08:45:48.600 10 ERROR neutron_lib.callbacks.manager
File "/var/lib/openstack/lib/python3.10/site-packages/neutron/plugins/ml2/drivers/ovn/mech_driver/ovsdb/ovn_client.py", line 1855, in _update_lrouter_port
2026-07-01 08:45:48.600 10 ERROR neutron_lib.callbacks.manager external_ids = self._nb_idl.db_get(
2026-07-01 08:45:48.600 10 ERROR neutron_lib.callbacks.manager
File "/var/lib/openstack/lib/python3.10/site-packages/ovsdbapp/backend/ovs_idl/command.py", line 47, in execute
2026-07-01 08:45:48.600 10 ERROR neutron_lib.callbacks.manager self.run_idl(None)
2026-07-01 08:45:48.600 10 ERROR neutron_lib.callbacks.manager
File "/var/lib/openstack/lib/python3.10/site-packages/ovsdbapp/backend/ovs_idl/command.py", line 235, in run_idl
2026-07-01 08:45:48.600 10 ERROR neutron_lib.callbacks.manager record = self.api.lookup(self.table, self.record)
2026-07-01 08:45:48.600 10 ERROR neutron_lib.callbacks.manager
File "/var/lib/openstack/lib/python3.10/site-packages/ovsdbapp/backend/ovs_idl/__init__.py", line 184, in lookup
2026-07-01 08:45:48.600 10 ERROR neutron_lib.callbacks.manager return self._lookup(table, record)
2026-07-01 08:45:48.600 10 ERROR neutron_lib.callbacks.manager
File "/var/lib/openstack/lib/python3.10/site-packages/ovsdbapp/backend/ovs_idl/__init__.py", line 235, in _lookup
2026-07-01 08:45:48.600 10 ERROR neutron_lib.callbacks.manager row = idlutils.row_by_value(self, rl.table, rl.column, record)
2026-07-01 08:45:48.600 10 ERROR neutron_lib.callbacks.manager
File "/var/lib/openstack/lib/python3.10/site-packages/ovsdbapp/backend/ovs_idl/idlutils.py", line 114, in row_by_value
2026-07-01 08:45:48.600 10 ERROR neutron_lib.callbacks.manager raise RowNotFound(table=table, col=column, match=match)
