2026-07-01 08:47:44.912 9 ERROR ovsdbapp.event self.driver.set_port_status_up(row.name)
2026-07-01 08:47:44.912 9 ERROR ovsdbapp.event
File "/var/lib/openstack/lib/python3.10/site-packages/neutron/plugins/ml2/drivers/ovn/mech_driver/mech_driver.py", line 1278, in set_port_status_up
2026-07-01 08:47:44.912 9 ERROR ovsdbapp.event self._ovn_client.update_lsp_host_info(admin_context, db_port)
2026-07-01 08:47:44.912 9 ERROR ovsdbapp.event
File "/var/lib/openstack/lib/python3.10/site-packages/neutron/plugins/ml2/drivers/ovn/mech_driver/ovsdb/ovn_client.py", line 307, in update_lsp_host_info
2026-07-01 08:47:44.912 9 ERROR ovsdbapp.event port_up = self._nb_idl.lsp_get_up(db_port.id).execute(
2026-07-01 08:47:44.912 9 ERROR ovsdbapp.event
File "/var/lib/openstack/lib/python3.10/site-packages/ovsdbapp/backend/ovs_idl/command.py", line 47, in execute
2026-07-01 08:47:44.912 9 ERROR ovsdbapp.event self.run_idl(None)
2026-07-01 08:47:44.912 9 ERROR ovsdbapp.event
File "/var/lib/openstack/lib/python3.10/site-packages/ovsdbapp/schema/ovn_northbound/commands.py", line 679, in run_idl
2026-07-01 08:47:44.912 9 ERROR ovsdbapp.event lsp = self.api.lookup('Logical_Switch_Port', self.port)
2026-07-01 08:47:44.912 9 ERROR ovsdbapp.event
File "/var/lib/openstack/lib/python3.10/site-packages/ovsdbapp/backend/ovs_idl/__init__.py", line 184, in lookup
2026-07-01 08:47:44.912 9 ERROR ovsdbapp.event return self._lookup(table, record)
2026-07-01 08:47:44.912 9 ERROR ovsdbapp.event
File "/var/lib/openstack/lib/python3.10/site-packages/ovsdbapp/backend/ovs_idl/__init__.py", line 235, in _lookup
2026-07-01 08:47:44.912 9 ERROR ovsdbapp.event row = idlutils.row_by_value(self, rl.table, rl.column, record)
2026-07-01 08:47:44.912 9 ERROR ovsdbapp.event
File "/var/lib/openstack/lib/python3.10/site-packages/ovsdbapp/backend/ovs_idl/idlutils.py", line 114, in row_by_value
2026-07-01 08:47:44.912 9 ERROR ovsdbapp.event raise RowNotFound(table=table, col=column, match=match)
2026-07-01 08:47:44.912 9 ERROR ovsdbapp.event ovsdbapp.backend.ovs_idl.idlutils.RowNotFound: Cannot find Logical_Switch_Port with name=7f2e736e-9393-47df-bf3a-281c8cc757ea
2026-07-01 08:47:44.912 9 ERROR ovsdbapp.event 
2026-07-01 08:47:45.004 9 INFO neutron.wsgi [None req-5d9f08d8-ec67-40f1-b8ab-bcf0341bcdf3 55a5c6c56fb943e2a14e1ac6b25eeb85 2bcdf5accffc4304b39fe6804f571679 - - default default] 10.0.0.137 "GET /v2.0/subnets HTTP/1.1" status: 200 len: 2707 time: 0.1256034 /var/lib/openstack/lib/python3.10/site-packages/pycadf/identifier.py:71: UserWarning: Invalid uuid: neutron. To ensure interoperability, identifiers should be a valid uuid. warnings.warn(('Invalid uuid: %s. To ensure interoperability, '
2026-07-01 08:47:45.034 9 INFO neutron.wsgi [None req-63d21dfa-ecaa-444e-aba8-374a7cbd1d9b 55a5c6c56fb943e2a14e1ac6b25eeb85 2bcdf5accffc4304b39fe6804f571679 - - default default] 10.0.0.137 "GET /v2.0/subnetpools HTTP/1.1" status: 200 len: 193 time: 0.0135875
2026-07-01 08:47:45.094 9 INFO neutron.wsgi [None req-553cfc05-e387-4f42-903e-65d78bb3883e 55a5c6c56fb943e2a14e1ac6b25eeb85 2bcdf5accffc4304b39fe6804f571679 - - default default] 10.0.0.235 "DELETE /v2.0/security-groups/d718c54a-4e71-4e93-8d90-c328f56704f5 HTTP/1.1" status: 204 len: 168 time: 0.8452206
2026-07-01 08:47:45.179 10 INFO neutron.wsgi [None req-b058bb5a-60e9-4f15-a4ce-80053a20c7ac 7a33439aa20e4c139c57e569e432501a 3c6bb9009bb545318bee376036e54170 - - default default] 10.0.0.235 "PUT /v2.0/routers/5614a510-0af5-4d6a-836d-282951359241/remove_router_interface HTTP/1.1" status: 200 len: 503 time: 1.1189432 /var/lib/openstack/lib/python3.10/site-packages/pycadf/identifier.py:71: UserWarning: Invalid uuid: neutron. To ensure interoperability, identifiers should be a valid uuid. warnings.warn(('Invalid uuid: %s. To ensure interoperability, '
2026-07-01 08:47:45.999 9 INFO neutron.wsgi [None req-62711f7d-5e91-4a69-b6ee-1f48883da22b 55a5c6c56fb943e2a14e1ac6b25eeb85 2bcdf5accffc4304b39fe6804f571679 - - default default] 10.0.0.235 "PUT /v2.0/routers/a86b1a43-a537-49ce-a3e6-093222d4b732/remove_router_interface HTTP/1.1" status: 200 len: 503 time: 2.9359124 /var/lib/openstack/lib/python3.10/site-packages/pycadf/identifier.py:71: UserWarning: Invalid uuid: neutron. To ensure interoperability, identifiers should be a valid uuid. warnings.warn(('Invalid uuid: %s. To ensure interoperability, '
2026-07-01 08:47:46.558 10 INFO neutron.wsgi [None req-556c32f9-b85c-428c-916e-9d923a74615d 7a33439aa20e4c139c57e569e432501a 3c6bb9009bb545318bee376036e54170 - - default default] 10.0.0.235 "DELETE /v2.0/routers/5614a510-0af5-4d6a-836d-282951359241 HTTP/1.1" status: 204 len: 168 time: 1.3728313
2026-07-01 08:47:46.696 9 WARNING neutron_lib.context [None req-5a63e0b2-770f-4c7e-976f-778c96df085f 4a3ef2534f61457faff22ab55cefb958 7752d789095d41dba9854df69db90c7e - - default default] Method 'is_advsvc' is deprecated since 2023.2 release (neutron-lib 3.8.0) and will be removed once support for the old RBAC API policies will be removed from Neutron. Please use method 'is_service_role' instead.
2026-07-01 08:47:46.792 10 INFO neutron.wsgi [None req-ebd2d734-f157-44de-a275-37d2c5a1600e 7a33439aa20e4c139c57e569e432501a 3c6bb9009bb545318bee376036e54170 - - default default] 10.0.0.235 "DELETE /v2.0/subnets/f88e1bf0-a7a2-4fd5-a4ab-ae1f561251e5 HTTP/1.1" status: 204 len: 168 time: 0.2285860
2026-07-01 08:47:47.060 9 INFO neutron.wsgi [None req-d257a5ba-623d-4d8c-847f-9f9548e6d945 55a5c6c56fb943e2a14e1ac6b25eeb85 2bcdf5accffc4304b39fe6804f571679 - - default default] 10.0.0.235 "DELETE /v2.0/routers/a86b1a43-a537-49ce-a3e6-093222d4b732 HTTP/1.1" status: 204 len: 168 time: 1.0532451
2026-07-01 08:47:47.065 9 INFO neutron.db.ovn_revision_numbers_db [None req-5a63e0b2-770f-4c7e-976f-778c96df085f 4a3ef2534f61457faff22ab55cefb958 7752d789095d41dba9854df69db90c7e - - default default] Successfully bumped revision number for resource 0778ea04-9577-4928-b8d1-95a39732eaea (type: security_groups) to 1
2026-07-01 08:47:47.079 9 INFO neutron.db.ovn_revision_numbers_db [None req-5a63e0b2-770f-4c7e-976f-778c96df085f 4a3ef2534f61457faff22ab55cefb958 7752d789095d41dba9854df69db90c7e - - default default] Successfully bumped revision number for resource 0ebc479f-455e-426e-a045-580e477797a8 (type: security_group_rules) to 0
2026-07-01 08:47:47.094 9 INFO neutron.db.ovn_revision_numbers_db [None req-5a63e0b2-770f-4c7e-976f-778c96df085f 4a3ef2534f61457faff22ab55cefb958 7752d789095d41dba9854df69db90c7e - - default default] Successfully bumped revision number for resource 1c84c495-067c-4728-9589-39af93c16e17 (type: security_group_rules) to 0
2026-07-01 08:47:47.109 9 INFO neutron.db.ovn_revision_numbers_db [None req-5a63e0b2-770f-4c7e-976f-778c96df085f 4a3ef2534f61457faff22ab55cefb958 7752d789095d41dba9854df69db90c7e - - default default] Successfully bumped revision number for resource 653fa961-3353-4274-9b12-4aca4bc1d83c (type: security_group_rules) to 0
2026-07-01 08:47:47.127 9 INFO neutron.db.ovn_revision_numbers_db [None req-5a63e0b2-770f-4c7e-976f-778c96df085f 4a3ef2534f61457faff22ab55cefb958 7752d789095d41dba9854df69db90c7e - - default default] Successfully bumped revision number for resource bb0df240-add3-4d46-88dd-52daf1d70907 (type: security_group_rules) to 0
2026-07-01 08:47:47.146 9 WARNING neutron_lib.context [None req-c2e297f8-8eda-416e-a46d-0909f08c7490 1c2f45c1608344b88deb7278ad68afc7 120cce33dac643019c6ab5766eb52f60 - - default default] Method 'is_advsvc' is deprecated since 2023.2 release (neutron-lib 3.8.0) and will be removed once support for the old RBAC API policies will be removed from Neutron. Please use method 'is_service_role' instead.
2026-07-01 08:47:47.146 9 WARNING neutron_lib.context [None req-c2e297f8-8eda-416e-a46d-0909f08c7490 1c2f45c1608344b88deb7278ad68afc7 120cce33dac643019c6ab5766eb52f60 - - default default] Method 'is_advsvc' is deprecated since 2023.2 release (neutron-lib 3.8.0) and will be removed once support for the old RBAC API policies will be removed from Neutron. Please use method 'is_service_role' instead.
2026-07-01 08:47:47.196 9 INFO neutron.db.segments_db [None req-5a63e0b2-770f-4c7e-976f-778c96df085f 4a3ef2534f61457faff22ab55cefb958 7752d789095d41dba9854df69db90c7e - - default default] Added segment 5081c33c-be73-449b-82ca-60a492debd25 of type geneve for network 710831b1-4b63-405a-9af7-5d8a5051eee0
2026-07-01 08:47:47.266 10 INFO neutron.services.segments.plugin [-] Segment 11e2b1b2-91d3-4978-a41f-5b37e1a9de4a resource provider aggregate not found
2026-07-01 08:47:47.276 10 INFO neutron.services.segments.plugin [-] Segment 11e2b1b2-91d3-4978-a41f-5b37e1a9de4a resource provider aggregate not found
2026-07-01 08:47:47.288 10 INFO neutron.services.segments.plugin [-] Segment 11e2b1b2-91d3-4978-a41f-5b37e1a9de4a resource provider not found; error: Placement Client Error (4xx): {"errors": [{"status": 404, "title": "Not Found", "detail": "The resource could not be found.\n\n No resource provider with uuid 11e2b1b2-91d3-4978-a41f-5b37e1a9de4a found for delete ", "request_id": "req-a0f767bb-8958-4483-859f-ff4cef834b24"}]}
2026-07-01 08:47:47.293 10 INFO neutron.services.segments.plugin [-] Segment 11e2b1b2-91d3-4978-a41f-5b37e1a9de4a resource provider not found; error: Placement Client Error (4xx): {"errors": [{"status": 404, "title": "Not Found", "detail": "The resource could not be found.\n\n No resource provider with uuid 11e2b1b2-91d3-4978-a41f-5b37e1a9de4a found for delete ", "request_id": "req-d994a2ea-53d8-4c93-a582-395a7b2b04db"}]}
2026-07-01 08:47:47.322 10 INFO neutron.wsgi [None req-e10716aa-587b-4524-899f-f6dc4e2477c7 7a33439aa20e4c139c57e569e432501a 3c6bb9009bb545318bee376036e54170 - - default default] 10.0.0.235 "DELETE /v2.0/networks/52c85506-73e5-4fd6-8d2f-8bb1b663146c HTTP/1.1" status: 204 len: 168 time: 0.5235555
2026-07-01 08:47:47.409 10 INFO neutron.wsgi [None req-3fb8938e-87a2-4f0f-8ab0-0b6f99b1f53f 55a5c6c56fb943e2a14e1ac6b25eeb85 2bcdf5accffc4304b39fe6804f571679 - - default default] 10.0.0.235 "DELETE /v2.0/subnets/aad5bea7-156c-404b-929a-41390e89be2d HTTP/1.1" status: 204 len: 168 time: 0.3406029
2026-07-01 08:47:47.421 9 INFO neutron.db.ovn_revision_numbers_db [None req-c2e297f8-8eda-416e-a46d-0909f08c7490 1c2f45c1608344b88deb7278ad68afc7 120cce33dac643019c6ab5766eb52f60 - - default default] Successfully bumped revision number for resource 9c713003-92bc-49b0-acf1-fa0e8ee76fa8 (type: security_groups) to 1
2026-07-01 08:47:47.443 9 INFO neutron.db.ovn_revision_numbers_db [None req-5a63e0b2-770f-4c7e-976f-778c96df085f 4a3ef2534f61457faff22ab55cefb958 7752d789095d41dba9854df69db90c7e - - default default] Successfully bumped revision number for resource 710831b1-4b63-405a-9af7-5d8a5051eee0 (type: networks) to 1
2026-07-01 08:47:47.458 9 INFO neutron.db.ovn_revision_numbers_db [None req-c2e297f8-8eda-416e-a46d-0909f08c7490 1c2f45c1608344b88deb7278ad68afc7 120cce33dac643019c6ab5766eb52f60 - - default default] Successfully bumped revision number for resource 211b86c2-ff6e-498b-8516-c3900fd9476d (type: security_group_rules) to 0
2026-07-01 08:47:47.484 9 INFO neutron.db.ovn_revision_numbers_db [None req-c2e297f8-8eda-416e-a46d-0909f08c7490 1c2f45c1608344b88deb7278ad68afc7 120cce33dac643019c6ab5766eb52f60 - - default default] Successfully bumped revision number for resource 479b65da-5cd9-4b89-b63d-2f3472715a20 (type: security_group_rules) to 0
2026-07-01 08:47:47.502 9 INFO neutron.db.ovn_revision_numbers_db [None req-c2e297f8-8eda-416e-a46d-0909f08c7490 1c2f45c1608344b88deb7278ad68afc7 120cce33dac643019c6ab5766eb52f60 - - default default] Successfully bumped revision number for resource 4dafa288-7b3c-4d76-8a96-5e4045ea064c (type: security_group_rules) to 0
2026-07-01 08:47:47.540 9 INFO neutron.db.ovn_revision_numbers_db [None req-c2e297f8-8eda-416e-a46d-0909f08c7490 1c2f45c1608344b88deb7278ad68afc7 120cce33dac643019c6ab5766eb52f60 - - default default] Successfully bumped revision number for resource d362a027-f7de-4cfc-b271-dccac3f4a510 (type: security_group_rules) to 0
2026-07-01 08:47:47.663 9 INFO neutron.db.segments_db [None req-c2e297f8-8eda-416e-a46d-0909f08c7490 1c2f45c1608344b88deb7278ad68afc7 120cce33dac643019c6ab5766eb52f60 - - default default] Added segment be2758da-5952-4d64-80b1-36c335ef360b of type geneve for network 0bc9c8cc-97ff-4ce7-a8d6-cb3afee1fb14
2026-07-01 08:47:47.768 9 WARNING neutron.scheduler.dhcp_agent_scheduler [None req-5a63e0b2-770f-4c7e-976f-778c96df085f 4a3ef2534f61457faff22ab55cefb958 7752d789095d41dba9854df69db90c7e - - default default] No more DHCP agents
2026-07-01 08:47:47.776 9 WARNING neutron.api.rpc.agentnotifiers.dhcp_rpc_agent_api [None req-5a63e0b2-770f-4c7e-976f-778c96df085f 4a3ef2534f61457faff22ab55cefb958 7752d789095d41dba9854df69db90c7e - - default default] Unable to schedule network 710831b1-4b63-405a-9af7-5d8a5051eee0: no agents available; will retry on subsequent port and subnet creation events.
2026-07-01 08:47:47.880 9 INFO neutron.db.segments_db [None req-c2e297f8-8eda-416e-a46d-0909f08c7490 1c2f45c1608344b88deb7278ad68afc7 120cce33dac643019c6ab5766eb52f60 - - default default] Added segment c8908abb-0c0b-4c0c-af6a-12d097124f7f of type geneve for network 95abd8a4-0e32-4753-a448-fbfc31895763
2026-07-01 08:47:47.942 9 INFO neutron.db.ovn_revision_numbers_db [None req-5a63e0b2-770f-4c7e-976f-778c96df085f 4a3ef2534f61457faff22ab55cefb958 7752d789095d41dba9854df69db90c7e - - default default] Successfully bumped revision number for resource 6324e6ad-59a0-4a0e-919e-c20ce9c3f390 (type: ports) to 1
2026-07-01 08:47:47.987 9 INFO neutron.wsgi [None req-5a63e0b2-770f-4c7e-976f-778c96df085f 4a3ef2534f61457faff22ab55cefb958 7752d789095d41dba9854df69db90c7e - - default default] 10.0.0.235 "POST /v2.0/networks HTTP/1.1" status: 201 len: 832 time: 1.5622053
2026-07-01 08:47:48.003 10 WARNING neutron_lib.context [None req-eec29a57-4dee-47dd-9003-9165c94e9160 4a3ef2534f61457faff22ab55cefb958 7752d789095d41dba9854df69db90c7e - - default default] Method 'is_advsvc' is deprecated since 2023.2 release (neutron-lib 3.8.0) and will be removed once support for the old RBAC API policies will be removed from Neutron. Please use method 'is_service_role' instead.
2026-07-01 08:47:48.100 9 INFO neutron.db.ovn_revision_numbers_db [None req-c2e297f8-8eda-416e-a46d-0909f08c7490 1c2f45c1608344b88deb7278ad68afc7 120cce33dac643019c6ab5766eb52f60 - - default default] Successfully bumped revision number for resource 0bc9c8cc-97ff-4ce7-a8d6-cb3afee1fb14 (type: networks) to 1
2026-07-01 08:47:48.101 10 INFO neutron.wsgi [None req-e63d4c55-3781-477d-8053-ce45eee6b8e9 55a5c6c56fb943e2a14e1ac6b25eeb85 2bcdf5accffc4304b39fe6804f571679 - - default default] 10.0.0.235 "GET /v2.0/security-groups?tenant_id=3c6bb9009bb545318bee376036e54170&name=default HTTP/1.1" status: 200 len: 3120 time: 0.1801457
2026-07-01 08:47:48.172 9 INFO neutron.services.segments.plugin [-] Segment 67df7030-794b-4012-9dd5-c634e5797cfb resource provider aggregate not found
2026-07-01 08:47:48.179 9 INFO neutron.services.segments.plugin [-] Segment 67df7030-794b-4012-9dd5-c634e5797cfb resource provider aggregate not found
2026-07-01 08:47:48.191 9 INFO neutron.services.segments.plugin [-] Segment 67df7030-794b-4012-9dd5-c634e5797cfb resource provider not found; error: Placement Client Error (4xx): {"errors": [{"status": 404, "title": "Not Found", "detail": "The resource could not be found.\n\n No resource provider with uuid 67df7030-794b-4012-9dd5-c634e5797cfb found for delete ", "request_id": "req-90fea409-12d9-4bb8-9098-958e3aee5eca"}]}
2026-07-01 08:47:48.201 9 INFO neutron.wsgi [None req-8924ca56-4028-48d4-9e70-cb24d48bbb3f 55a5c6c56fb943e2a14e1ac6b25eeb85 2bcdf5accffc4304b39fe6804f571679 - - default default] 10.0.0.235 "DELETE /v2.0/networks/8c0ab578-6d62-4387-a787-932522d13a76 HTTP/1.1" status: 204 len: 168 time: 0.7872791
2026-07-01 08:47:48.203 9 INFO neutron.services.segments.plugin [-] Segment 67df7030-794b-4012-9dd5-c634e5797cfb resource provider not found; error: Placement Client Error (4xx): {"errors": [{"status": 404, "title": "Not Found", "detail": "The resource could not be found.\n\n No resource provider with uuid 67df7030-794b-4012-9dd5-c634e5797cfb found for delete ", "request_id": "req-adea5712-b14f-4794-8f32-ebb9fcf69f53"}]}
2026-07-01 08:47:48.368 9 WARNING neutron.scheduler.dhcp_agent_scheduler [None req-c2e297f8-8eda-416e-a46d-0909f08c7490 1c2f45c1608344b88deb7278ad68afc7 120cce33dac643019c6ab5766eb52f60 - - default default] No more DHCP agents
2026-07-01 08:47:48.370 9 WARNING neutron.api.rpc.agentnotifiers.dhcp_rpc_agent_api [None req-c2e297f8-8eda-416e-a46d-0909f08c7490 1c2f45c1608344b88deb7278ad68afc7 120cce33dac643019c6ab5766eb52f60 - - default default] Unable to schedule network 0bc9c8cc-97ff-4ce7-a8d6-cb3afee1fb14: no agents available; will retry on subsequent port and subnet creation events.
2026-07-01 08:47:48.392 10 INFO neutron.wsgi [None req-8b5f95ad-a511-49cf-985d-bda4885371b4 55a5c6c56fb943e2a14e1ac6b25eeb85 2bcdf5accffc4304b39fe6804f571679 - - default default] 10.0.0.235 "GET /v2.0/security-groups?tenant_id=7264a073a5614fda8bdb40694deb4833&name=default HTTP/1.1" status: 200 len: 3120 time: 0.0647111
2026-07-01 08:47:48.457 9 INFO neutron.db.ovn_revision_numbers_db [None req-c2e297f8-8eda-416e-a46d-0909f08c7490 1c2f45c1608344b88deb7278ad68afc7 120cce33dac643019c6ab5766eb52f60 - - default default] Successfully bumped revision number for resource 9e3d4893-10cf-43f5-ba1d-3bdd07ecb2a3 (type: ports) to 1
2026-07-01 08:47:48.541 10 INFO neutron.wsgi [None req-578004a3-9f3c-4e43-a6d8-fd94d409c4ca 55a5c6c56fb943e2a14e1ac6b25eeb85 2bcdf5accffc4304b39fe6804f571679 - - default default] 10.0.0.235 "DELETE /v2.0/security-groups/b896f357-eb5a-4c5f-8e34-d2512dd4f14b HTTP/1.1" status: 204 len: 168 time: 0.4342854
2026-07-01 08:47:48.544 9 INFO neutron.db.ovn_revision_numbers_db [None req-c2e297f8-8eda-416e-a46d-0909f08c7490 1c2f45c1608344b88deb7278ad68afc7 120cce33dac643019c6ab5766eb52f60 - - default default] Successfully bumped revision number for resource 95abd8a4-0e32-4753-a448-fbfc31895763 (type: networks) to 1
2026-07-01 08:47:48.679 10 WARNING neutron.scheduler.dhcp_agent_scheduler [None req-eec29a57-4dee-47dd-9003-9165c94e9160 4a3ef2534f61457faff22ab55cefb958 7752d789095d41dba9854df69db90c7e - - default default] No more DHCP agents
2026-07-01 08:47:48.682 10 WARNING neutron.api.rpc.agentnotifiers.dhcp_rpc_agent_api [None req-eec29a57-4dee-47dd-9003-9165c94e9160 4a3ef2534f61457faff22ab55cefb958 7752d789095d41dba9854df69db90c7e - - default default] Unable to schedule network 76b76341-7fa0-43ff-868c-8cb45676f306: no agents available; will retry on subsequent port and subnet creation events.
2026-07-01 08:47:48.744 9 WARNING neutron.scheduler.dhcp_agent_scheduler [None req-c2e297f8-8eda-416e-a46d-0909f08c7490 1c2f45c1608344b88deb7278ad68afc7 120cce33dac643019c6ab5766eb52f60 - - default default] No more DHCP agents
2026-07-01 08:47:48.749 9 WARNING neutron.api.rpc.agentnotifiers.dhcp_rpc_agent_api [None req-c2e297f8-8eda-416e-a46d-0909f08c7490 1c2f45c1608344b88deb7278ad68afc7 120cce33dac643019c6ab5766eb52f60 - - default default] Unable to schedule network 95abd8a4-0e32-4753-a448-fbfc31895763: no agents available; will retry on subsequent port and subnet creation events.
2026-07-01 08:47:48.780 10 INFO neutron.wsgi [None req-f5f66918-54b7-4d92-b498-6f4340a046cf 55a5c6c56fb943e2a14e1ac6b25eeb85 2bcdf5accffc4304b39fe6804f571679 - - default default] 10.0.0.235 "DELETE /v2.0/security-groups/631194b8-0c95-40b8-896f-c0bdc03acb86 HTTP/1.1" status: 204 len: 168 time: 0.3793044
2026-07-01 08:47:48.848 9 INFO neutron.db.ovn_revision_numbers_db [None req-c2e297f8-8eda-416e-a46d-0909f08c7490 1c2f45c1608344b88deb7278ad68afc7 120cce33dac643019c6ab5766eb52f60 - - default default] Successfully bumped revision number for resource 9112e9fa-aec2-43ff-85ea-4c9898d82b99 (type: ports) to 1
2026-07-01 08:47:48.873 10 INFO neutron.db.ovn_revision_numbers_db [None req-eec29a57-4dee-47dd-9003-9165c94e9160 4a3ef2534f61457faff22ab55cefb958 7752d789095d41dba9854df69db90c7e - - default default] Successfully bumped revision number for resource 7acd3751-7f9d-4460-8590-4865e235e258 (type: ports) to 1
2026-07-01 08:47:48.875 9 INFO neutron.wsgi [None req-c2e297f8-8eda-416e-a46d-0909f08c7490 1c2f45c1608344b88deb7278ad68afc7 120cce33dac643019c6ab5766eb52f60 - - default default] 10.0.0.235 "POST /v2.0/networks HTTP/1.1" status: 201 len: 1445 time: 1.8449683
2026-07-01 08:47:49.022 9 INFO neutron.wsgi [None req-5839ebdf-f0a1-4dd2-b5b8-baf283465d30 1c2f45c1608344b88deb7278ad68afc7 120cce33dac643019c6ab5766eb52f60 - - default default] 10.0.0.235 "GET /v2.0/networks HTTP/1.1" status: 200 len: 2051 time: 0.1417463
2026-07-01 08:47:49.467 9 INFO neutron.wsgi [None req-6f480b39-8cc6-44a6-acb2-b8e1173127da 1c2f45c1608344b88deb7278ad68afc7 120cce33dac643019c6ab5766eb52f60 - - default default] 10.0.0.235 "DELETE /v2.0/networks/0bc9c8cc-97ff-4ce7-a8d6-cb3afee1fb14 HTTP/1.1" status: 204 len: 168 time: 0.4361293
2026-07-01 08:47:49.586 10 INFO neutron.wsgi [-] 10.0.0.56 "GET / HTTP/1.1" status: 200 len: 247 time: 0.0015538
2026-07-01 08:47:49.587 9 INFO neutron.wsgi [-] 10.0.0.56 "GET / HTTP/1.1" status: 200 len: 247 time: 0.0029547
2026-07-01 08:47:49.672 10 INFO neutron.plugins.ml2.drivers.ovn.mech_driver.ovsdb.commands [None req-5e38e9db-7959-41a4-8c6e-a0b21a8ccf00 - - - - - -] Schedule LRP lrp-7acd3751-7f9d-4460-8590-4865e235e258 on gateway 6ba109af-abd1-4c2c-be75-2400e5d0a839 with priority 1
2026-07-01 08:47:49.686 9 INFO neutron.plugins.ml2.drivers.ovn.mech_driver.mech_driver [None req-5fe65190-f355-4240-aa88-3c53cbc5a684 - - - - - -] OVN reports status up for port: 7acd3751-7f9d-4460-8590-4865e235e258
2026-07-01 08:47:49.710 9 INFO neutron.plugins.ml2.plugin [None req-5fe65190-f355-4240-aa88-3c53cbc5a684 - - - - - -] Attempt 1 to provision port 7acd3751-7f9d-4460-8590-4865e235e258
2026-07-01 08:47:49.714 10 INFO neutron.plugins.ml2.drivers.ovn.mech_driver.ovsdb.ovsdb_monitor [None req-114a0beb-d0c7-41d6-bc8b-15de05502624 - - - - - -] Router 05adb860-f578-42ba-85f8-58e9fd5c6d34 is bound to host instance
2026-07-01 08:47:49.828 10 INFO neutron.db.ovn_revision_numbers_db [None req-eec29a57-4dee-47dd-9003-9165c94e9160 4a3ef2534f61457faff22ab55cefb958 7752d789095d41dba9854df69db90c7e - - default default] Successfully bumped revision number for resource 7acd3751-7f9d-4460-8590-4865e235e258 (type: router_ports) to 1
2026-07-01 08:47:50.215 9 INFO neutron.services.segments.plugin [-] Segment be2758da-5952-4d64-80b1-36c335ef360b resource provider aggregate not found
2026-07-01 08:47:50.225 9 INFO neutron.services.segments.plugin [-] Segment be2758da-5952-4d64-80b1-36c335ef360b resource provider aggregate not found
2026-07-01 08:47:50.234 9 INFO neutron.services.segments.plugin [-] Segment be2758da-5952-4d64-80b1-36c335ef360b resource provider not found; error: Placement Client Error (4xx): {"errors": [{"status": 404, "title": "Not Found", "detail": "The resource could not be found.\n\n No resource provider with uuid be2758da-5952-4d64-80b1-36c335ef360b found for delete ", "request_id": "req-e3763688-a6d0-4584-981c-3ab1aa4008b0"}]}
2026-07-01 08:47:50.243 9 INFO neutron.services.segments.plugin [-] Segment be2758da-5952-4d64-80b1-36c335ef360b resource provider not found; error: Placement Client Error (4xx): {"errors": [{"status": 404, "title": "Not Found", "detail": "The resource could not be found.\n\n No resource provider with uuid be2758da-5952-4d64-80b1-36c335ef360b found for delete ", "request_id": "req-b723ee58-6e6b-4c6e-b7fd-45c0c4148454"}]}
2026-07-01 08:47:50.343 10 INFO neutron.db.ovn_revision_numbers_db [None req-eec29a57-4dee-47dd-9003-9165c94e9160 4a3ef2534f61457faff22ab55cefb958 7752d789095d41dba9854df69db90c7e - - default default] Successfully bumped revision number for resource 05adb860-f578-42ba-85f8-58e9fd5c6d34 (type: routers) to 2
2026-07-01 08:47:50.370 10 INFO neutron.wsgi [None req-eec29a57-4dee-47dd-9003-9165c94e9160 4a3ef2534f61457faff22ab55cefb958 7752d789095d41dba9854df69db90c7e - - default default] 10.0.0.235 "POST /v2.0/routers HTTP/1.1" status: 201 len: 1153 time: 2.3739803
2026-07-01 08:47:50.514 10 INFO neutron.services.segments.plugin [-] Segment c8908abb-0c0b-4c0c-af6a-12d097124f7f resource provider aggregate not found
2026-07-01 08:47:50.520 10 INFO neutron.services.segments.plugin [-] Segment c8908abb-0c0b-4c0c-af6a-12d097124f7f resource provider aggregate not found
2026-07-01 08:47:50.538 10 INFO neutron.services.segments.plugin [-] Segment c8908abb-0c0b-4c0c-af6a-12d097124f7f resource provider not found; error: Placement Client Error (4xx): {"errors": [{"status": 404, "title": "Not Found", "detail": "The resource could not be found.\n\n No resource provider with uuid c8908abb-0c0b-4c0c-af6a-12d097124f7f found for delete ", "request_id": "req-dd9226e4-93ad-47f9-9029-3cc47d978094"}]}
2026-07-01 08:47:50.540 10 INFO neutron.services.segments.plugin [-] Segment c8908abb-0c0b-4c0c-af6a-12d097124f7f resource provider not found; error: Placement Client Error (4xx): {"errors": [{"status": 404, "title": "Not Found", "detail": "The resource could not be found.\n\n No resource provider with uuid c8908abb-0c0b-4c0c-af6a-12d097124f7f found for delete ", "request_id": "req-862b1680-46b4-42c8-a76b-e55597067f29"}]}
2026-07-01 08:47:50.601 10 INFO neutron.wsgi [None req-8376ef10-019f-45ac-a920-e9ec9310b2ae 1c2f45c1608344b88deb7278ad68afc7 120cce33dac643019c6ab5766eb52f60 - - default default] 10.0.0.235 "DELETE /v2.0/networks/95abd8a4-0e32-4753-a448-fbfc31895763 HTTP/1.1" status: 204 len: 168 time: 1.1284266
2026-07-01 08:47:50.611 9 WARNING neutron_lib.context [None req-7eb13fcd-dc13-4a9c-ba47-3e7f4f3ec7f4 4b81de6716744bbd8d2c666a7ba788b8 45e959adb9f54a9090998d4634407dd0 - - default default] Method 'is_advsvc' is deprecated since 2023.2 release (neutron-lib 3.8.0) and will be removed once support for the old RBAC API policies will be removed from Neutron. Please use method 'is_service_role' instead.
2026-07-01 08:47:50.679 9 INFO neutron.wsgi [None req-3d768c71-2257-433b-bdfc-c73b7a196931 5de145a3ca34444f95b82392e1d79a01 a843a97b5c5549ec9b4edba326be6251 - - default default] 10.0.0.235 "GET /v2.0/subnets?project_id=7752d789095d41dba9854df69db90c7e&cidr=10.100.0.0%2F28 HTTP/1.1" status: 200 len: 207 time: 0.3037262
2026-07-01 08:47:50.763 10 INFO neutron.wsgi [None req-7afca9cf-fd2b-4b6d-9acd-c27b2f412abd 1c2f45c1608344b88deb7278ad68afc7 120cce33dac643019c6ab5766eb52f60 - - default default] 10.0.0.235 "GET /v2.0/networks HTTP/1.1" status: 200 len: 845 time: 0.1538038
2026-07-01 08:47:50.782 10 WARNING neutron_lib.context [None req-67ed87a1-6d38-45a2-8418-2907da5ebb9a 1c2f45c1608344b88deb7278ad68afc7 120cce33dac643019c6ab5766eb52f60 - - default default] Method 'is_advsvc' is deprecated since 2023.2 release (neutron-lib 3.8.0) and will be removed once support for the old RBAC API policies will be removed from Neutron. Please use method 'is_service_role' instead.
2026-07-01 08:47:50.812 9 INFO neutron.wsgi [None req-a1d84966-7d11-443c-b288-587af7e316b5 5de145a3ca34444f95b82392e1d79a01 a843a97b5c5549ec9b4edba326be6251 - - default default] 10.0.0.235 "GET /v2.0/networks?router%3Aexternal=True HTTP/1.1" status: 200 len: 947 time: 0.1232274
2026-07-01 08:47:50.869 10 INFO neutron.wsgi [None req-5d4c44c6-a373-4753-af9b-3b4b8f6adee1 5de145a3ca34444f95b82392e1d79a01 a843a97b5c5549ec9b4edba326be6251 - - default default] 10.0.0.235 "GET /v2.0/subnets?network_id=76b76341-7fa0-43ff-868c-8cb45676f306&cidr=10.100.0.0%2F28 HTTP/1.1" status: 200 len: 207 time: 0.0505102
2026-07-01 08:47:50.883 9 WARNING neutron_lib.context [None req-0c484a0c-bc9b-4aec-a12c-31959a9e1e1b 4a3ef2534f61457faff22ab55cefb958 7752d789095d41dba9854df69db90c7e - - default default] Method 'is_advsvc' is deprecated since 2023.2 release (neutron-lib 3.8.0) and will be removed once support for the old RBAC API policies will be removed from Neutron. Please use method 'is_service_role' instead.
2026-07-01 08:47:50.916 9 INFO neutron.db.ovn_revision_numbers_db [None req-7eb13fcd-dc13-4a9c-ba47-3e7f4f3ec7f4 4b81de6716744bbd8d2c666a7ba788b8 45e959adb9f54a9090998d4634407dd0 - - default default] Successfully bumped revision number for resource c4a59fb9-d423-4ce2-afaf-11b4e5918419 (type: security_groups) to 1
2026-07-01 08:47:50.945 9 INFO neutron.db.ovn_revision_numbers_db [None req-7eb13fcd-dc13-4a9c-ba47-3e7f4f3ec7f4 4b81de6716744bbd8d2c666a7ba788b8 45e959adb9f54a9090998d4634407dd0 - - default default] Successfully bumped revision number for resource 334a6f35-23f1-4518-abab-71ce5150acba (type: security_group_rules) to 0
2026-07-01 08:47:50.949 10 INFO neutron.db.segments_db [None req-67ed87a1-6d38-45a2-8418-2907da5ebb9a 1c2f45c1608344b88deb7278ad68afc7 120cce33dac643019c6ab5766eb52f60 - - default default] Added segment 1fea8252-237e-477f-8fb3-794e6d7fdadb of type geneve for network 86b40ecc-0355-4e33-913c-66085b9686e4
2026-07-01 08:47:50.986 9 INFO neutron.db.ovn_revision_numbers_db [None req-7eb13fcd-dc13-4a9c-ba47-3e7f4f3ec7f4 4b81de6716744bbd8d2c666a7ba788b8 45e959adb9f54a9090998d4634407dd0 - - default default] Successfully bumped revision number for resource 3809b6cd-5469-4596-b03a-e52bc48152ca (type: security_group_rules) to 0
2026-07-01 08:47:51.050 9 INFO neutron.db.ovn_revision_numbers_db [None req-7eb13fcd-dc13-4a9c-ba47-3e7f4f3ec7f4 4b81de6716744bbd8d2c666a7ba788b8 45e959adb9f54a9090998d4634407dd0 - - default default] Successfully bumped revision number for resource 5ee21ee8-e10a-4095-80a6-afc9372b75e4 (type: security_group_rules) to 0
2026-07-01 08:47:51.099 9 INFO neutron.db.ovn_revision_numbers_db [None req-7eb13fcd-dc13-4a9c-ba47-3e7f4f3ec7f4 4b81de6716744bbd8d2c666a7ba788b8 45e959adb9f54a9090998d4634407dd0 - - default default] Successfully bumped revision number for resource f906dfc6-e13c-4ec6-8bab-ffe0ea23ad00 (type: security_group_rules) to 0
2026-07-01 08:47:51.226 10 INFO neutron.db.ovn_revision_numbers_db [None req-67ed87a1-6d38-45a2-8418-2907da5ebb9a 1c2f45c1608344b88deb7278ad68afc7 120cce33dac643019c6ab5766eb52f60 - - default default] Successfully bumped revision number for resource 86b40ecc-0355-4e33-913c-66085b9686e4 (type: networks) to 1
2026-07-01 08:47:51.353 10 INFO neutron.db.ovn_revision_numbers_db [None req-114a0beb-d0c7-41d6-bc8b-15de05502624 - - - - - -] Successfully bumped revision number for resource 7acd3751-7f9d-4460-8590-4865e235e258 (type: ports) to 1
2026-07-01 08:47:51.530 10 WARNING neutron.scheduler.dhcp_agent_scheduler [None req-67ed87a1-6d38-45a2-8418-2907da5ebb9a 1c2f45c1608344b88deb7278ad68afc7 120cce33dac643019c6ab5766eb52f60 - - default default] No more DHCP agents
2026-07-01 08:47:51.536 10 WARNING neutron.api.rpc.agentnotifiers.dhcp_rpc_agent_api [None req-67ed87a1-6d38-45a2-8418-2907da5ebb9a 1c2f45c1608344b88deb7278ad68afc7 120cce33dac643019c6ab5766eb52f60 - - default default] Unable to schedule network 86b40ecc-0355-4e33-913c-66085b9686e4: no agents available; will retry on subsequent port and subnet creation events.
2026-07-01 08:47:51.570 9 WARNING neutron.scheduler.dhcp_agent_scheduler [None req-0c484a0c-bc9b-4aec-a12c-31959a9e1e1b 4a3ef2534f61457faff22ab55cefb958 7752d789095d41dba9854df69db90c7e - - default default] No more DHCP agents
2026-07-01 08:47:51.574 9 WARNING neutron.api.rpc.agentnotifiers.dhcp_rpc_agent_api [None req-0c484a0c-bc9b-4aec-a12c-31959a9e1e1b 4a3ef2534f61457faff22ab55cefb958 7752d789095d41dba9854df69db90c7e - - default default] Unable to schedule network 710831b1-4b63-405a-9af7-5d8a5051eee0: no agents available; will retry on subsequent port and subnet creation events.
2026-07-01 08:47:51.686 9 INFO neutron.db.ovn_revision_numbers_db [None req-7eb13fcd-dc13-4a9c-ba47-3e7f4f3ec7f4 4b81de6716744bbd8d2c666a7ba788b8 45e959adb9f54a9090998d4634407dd0 - - default default] Successfully bumped revision number for resource 7d01e972-0f70-4e99-947c-d5a705e7bdbd (type: security_groups) to 1
2026-07-01 08:47:51.710 10 INFO neutron.db.ovn_revision_numbers_db [None req-67ed87a1-6d38-45a2-8418-2907da5ebb9a 1c2f45c1608344b88deb7278ad68afc7 120cce33dac643019c6ab5766eb52f60 - - default default] Successfully bumped revision number for resource f41fa717-9bbf-4504-a92d-dd4fb412cc41 (type: ports) to 1
2026-07-01 08:47:51.715 9 INFO neutron.db.ovn_revision_numbers_db [None req-7eb13fcd-dc13-4a9c-ba47-3e7f4f3ec7f4 4b81de6716744bbd8d2c666a7ba788b8 45e959adb9f54a9090998d4634407dd0 - - default default] Successfully bumped revision number for resource c50f4c73-e867-4eec-881d-53e65c38056e (type: security_group_rules) to 0
2026-07-01 08:47:51.737 9 INFO neutron.db.ovn_revision_numbers_db [None req-7eb13fcd-dc13-4a9c-ba47-3e7f4f3ec7f4 4b81de6716744bbd8d2c666a7ba788b8 45e959adb9f54a9090998d4634407dd0 - - default default] Successfully bumped revision number for resource c80a7b8e-b20e-473d-a145-4ef546dca0bb (type: security_group_rules) to 0
2026-07-01 08:47:51.744 10 INFO neutron.wsgi [None req-67ed87a1-6d38-45a2-8418-2907da5ebb9a 1c2f45c1608344b88deb7278ad68afc7 120cce33dac643019c6ab5766eb52f60 - - default default] 10.0.0.235 "POST /v2.0/networks HTTP/1.1" status: 201 len: 853 time: 0.9681017
2026-07-01 08:47:51.756 10 WARNING neutron_lib.context [None req-f9c5e4a0-320f-497b-82bb-7faf31501832 1c2f45c1608344b88deb7278ad68afc7 120cce33dac643019c6ab5766eb52f60 - - default default] Method 'is_advsvc' is deprecated since 2023.2 release (neutron-lib 3.8.0) and will be removed once support for the old RBAC API policies will be removed from Neutron. Please use method 'is_service_role' instead.
2026-07-01 08:47:51.831 9 INFO neutron.wsgi [None req-7eb13fcd-dc13-4a9c-ba47-3e7f4f3ec7f4 4b81de6716744bbd8d2c666a7ba788b8 45e959adb9f54a9090998d4634407dd0 - - default default] 10.0.0.235 "POST /v2.0/security-groups HTTP/1.1" status: 201 len: 1825 time: 1.3712835
2026-07-01 08:47:52.238 10 INFO neutron.wsgi [None req-37dc9703-e797-4ee2-9815-22b83daa3a82 4b81de6716744bbd8d2c666a7ba788b8 45e959adb9f54a9090998d4634407dd0 - - default default] 10.0.0.235 "GET /v2.0/security-groups HTTP/1.1" status: 200 len: 4725 time: 0.4007654
2026-07-01 08:47:52.239 10 INFO neutron.db.segments_db [None req-f9c5e4a0-320f-497b-82bb-7faf31501832 1c2f45c1608344b88deb7278ad68afc7 120cce33dac643019c6ab5766eb52f60 - - default default] Added segment a014d005-b228-42f2-8da1-75856190d715 of type geneve for network 3a61e2c6-4765-4aba-b434-2ed1abd2a069
2026-07-01 08:47:52.282 10 INFO neutron.db.ovn_revision_numbers_db [None req-114a0beb-d0c7-41d6-bc8b-15de05502624 - - - - - -] Successfully bumped revision number for resource 7acd3751-7f9d-4460-8590-4865e235e258 (type: router_ports) to 3
2026-07-01 08:47:52.304 9 INFO neutron.db.ovn_revision_numbers_db [None req-0c484a0c-bc9b-4aec-a12c-31959a9e1e1b 4a3ef2534f61457faff22ab55cefb958 7752d789095d41dba9854df69db90c7e - - default default] Successfully bumped revision number for resource 6324e6ad-59a0-4a0e-919e-c20ce9c3f390 (type: ports) to 2
2026-07-01 08:47:52.374 9 INFO neutron.db.ovn_revision_numbers_db [None req-0c484a0c-bc9b-4aec-a12c-31959a9e1e1b 4a3ef2534f61457faff22ab55cefb958 7752d789095d41dba9854df69db90c7e - - default default] Successfully bumped revision number for resource ab2ea81c-de2b-4063-98b0-1885c25a2c75 (type: subnets) to 0
2026-07-01 08:47:52.392 9 INFO neutron.wsgi [None req-0c484a0c-bc9b-4aec-a12c-31959a9e1e1b 4a3ef2534f61457faff22ab55cefb958 7752d789095d41dba9854df69db90c7e - - default default] 10.0.0.235 "POST /v2.0/subnets HTTP/1.1" status: 201 len: 832 time: 1.5147231
2026-07-01 08:47:52.409 10 INFO neutron.db.ovn_revision_numbers_db [None req-1f204dcf-4c64-4314-b40c-843807e72c9a 4b81de6716744bbd8d2c666a7ba788b8 45e959adb9f54a9090998d4634407dd0 - - default default] Successfully bumped revision number for resource 7d01e972-0f70-4e99-947c-d5a705e7bdbd (type: security_groups) to 2
2026-07-01 08:47:52.413 10 INFO neutron.wsgi [None req-1f204dcf-4c64-4314-b40c-843807e72c9a 4b81de6716744bbd8d2c666a7ba788b8 45e959adb9f54a9090998d4634407dd0 - - default default] 10.0.0.235 "PUT /v2.0/security-groups/7d01e972-0f70-4e99-947c-d5a705e7bdbd HTTP/1.1" status: 200 len: 1856 time: 0.1683717
2026-07-01 08:47:52.483 10 INFO neutron.wsgi [None req-e8a7359f-4ee0-44e4-8d10-286af198fe75 4b81de6716744bbd8d2c666a7ba788b8 45e959adb9f54a9090998d4634407dd0 - - default default] 10.0.0.235 "GET /v2.0/security-groups/7d01e972-0f70-4e99-947c-d5a705e7bdbd HTTP/1.1" status: 200 len: 1856 time: 0.0632329
2026-07-01 08:47:52.492 10 INFO neutron.db.ovn_revision_numbers_db [None req-f9c5e4a0-320f-497b-82bb-7faf31501832 1c2f45c1608344b88deb7278ad68afc7 120cce33dac643019c6ab5766eb52f60 - - default default] Successfully bumped revision number for resource 3a61e2c6-4765-4aba-b434-2ed1abd2a069 (type: networks) to 1
2026-07-01 08:47:52.756 10 INFO neutron.wsgi [None req-df5f5378-fe38-490e-b399-2ca2e4d961d4 4b81de6716744bbd8d2c666a7ba788b8 45e959adb9f54a9090998d4634407dd0 - - default default] 10.0.0.235 "DELETE /v2.0/security-groups/7d01e972-0f70-4e99-947c-d5a705e7bdbd HTTP/1.1" status: 204 len: 168 time: 0.2617834
2026-07-01 08:47:52.762 10 INFO neutron.db.ovn_revision_numbers_db [None req-114a0beb-d0c7-41d6-bc8b-15de05502624 - - - - - -] Successfully bumped revision number for resource 7acd3751-7f9d-4460-8590-4865e235e258 (type: ports) to 2
2026-07-01 08:47:52.792 10 WARNING neutron.scheduler.dhcp_agent_scheduler [None req-f9c5e4a0-320f-497b-82bb-7faf31501832 1c2f45c1608344b88deb7278ad68afc7 120cce33dac643019c6ab5766eb52f60 - - default default] No more DHCP agents
2026-07-01 08:47:52.796 10 WARNING neutron.api.rpc.agentnotifiers.dhcp_rpc_agent_api [None req-f9c5e4a0-320f-497b-82bb-7faf31501832 1c2f45c1608344b88deb7278ad68afc7 120cce33dac643019c6ab5766eb52f60 - - default default] Unable to schedule network 3a61e2c6-4765-4aba-b434-2ed1abd2a069: no agents available; will retry on subsequent port and subnet creation events.
2026-07-01 08:47:52.856 9 INFO neutron.wsgi [None req-9371e795-b901-4472-b019-cd31cd7f0a5d 4b81de6716744bbd8d2c666a7ba788b8 45e959adb9f54a9090998d4634407dd0 - - default default] 10.0.0.235 "GET /v2.0/security-groups HTTP/1.1" status: 200 len: 3120 time: 0.0919969
2026-07-01 08:47:52.903 9 INFO neutron.api.v2.resource [None req-4c1406b2-12f7-4edd-b2fb-b98f1e1a0e05 4b81de6716744bbd8d2c666a7ba788b8 45e959adb9f54a9090998d4634407dd0 - - default default] delete failed (client error): The resource could not be found.
2026-07-01 08:47:52.905 9 INFO neutron.wsgi [None req-4c1406b2-12f7-4edd-b2fb-b98f1e1a0e05 4b81de6716744bbd8d2c666a7ba788b8 45e959adb9f54a9090998d4634407dd0 - - default default] 10.0.0.235 "DELETE /v2.0/security-groups/7d01e972-0f70-4e99-947c-d5a705e7bdbd HTTP/1.1" status: 404 len: 347 time: 0.0407679
2026-07-01 08:47:52.919 9 WARNING neutron_lib.context [None req-a12560df-f028-4dee-8fdb-17c7d3042e21 4b81de6716744bbd8d2c666a7ba788b8 45e959adb9f54a9090998d4634407dd0 - - default default] Method 'is_advsvc' is deprecated since 2023.2 release (neutron-lib 3.8.0) and will be removed once support for the old RBAC API policies will be removed from Neutron. Please use method 'is_service_role' instead.
2026-07-01 08:47:52.942 10 INFO neutron.db.ovn_revision_numbers_db [None req-f9c5e4a0-320f-497b-82bb-7faf31501832 1c2f45c1608344b88deb7278ad68afc7 120cce33dac643019c6ab5766eb52f60 - - default default] Successfully bumped revision number for resource d962e9b2-3943-4c9a-8c9d-f389c487b5c1 (type: ports) to 1
2026-07-01 08:47:52.985 10 INFO neutron.wsgi [None req-f9c5e4a0-320f-497b-82bb-7faf31501832 1c2f45c1608344b88deb7278ad68afc7 120cce33dac643019c6ab5766eb52f60 - - default default] 10.0.0.235 "POST /v2.0/networks HTTP/1.1" status: 201 len: 851 time: 1.2359416
2026-07-01 08:47:52.996 10 WARNING neutron_lib.context [None req-ecec5e6f-63c7-4619-b26d-727048606dda 1c2f45c1608344b88deb7278ad68afc7 120cce33dac643019c6ab5766eb52f60 - - default default] Method 'is_advsvc' is deprecated since 2023.2 release (neutron-lib 3.8.0) and will be removed once support for the old RBAC API policies will be removed from Neutron. Please use method 'is_service_role' instead.
2026-07-01 08:47:53.061 10 WARNING neutron_lib.context [None req-ecec5e6f-63c7-4619-b26d-727048606dda 1c2f45c1608344b88deb7278ad68afc7 120cce33dac643019c6ab5766eb52f60 - - default default] Method 'is_advsvc' is deprecated since 2023.2 release (neutron-lib 3.8.0) and will be removed once support for the old RBAC API policies will be removed from Neutron. Please use method 'is_service_role' instead.
2026-07-01 08:47:53.189 9 INFO neutron.db.ovn_revision_numbers_db [None req-a12560df-f028-4dee-8fdb-17c7d3042e21 4b81de6716744bbd8d2c666a7ba788b8 45e959adb9f54a9090998d4634407dd0 - - default default] Successfully bumped revision number for resource 438f5323-7c1e-48a4-9f32-8d1060edc325 (type: security_groups) to 1
2026-07-01 08:47:53.211 9 INFO neutron.db.ovn_revision_numbers_db [None req-a12560df-f028-4dee-8fdb-17c7d3042e21 4b81de6716744bbd8d2c666a7ba788b8 45e959adb9f54a9090998d4634407dd0 - - default default] Successfully bumped revision number for resource b6cdf748-e0e2-44fb-a479-ace900a5d88a (type: security_group_rules) to 0
2026-07-01 08:47:53.266 9 INFO neutron.db.ovn_revision_numbers_db [None req-a12560df-f028-4dee-8fdb-17c7d3042e21 4b81de6716744bbd8d2c666a7ba788b8 45e959adb9f54a9090998d4634407dd0 - - default default] Successfully bumped revision number for resource daadc1a1-912c-4354-935e-9c413e828089 (type: security_group_rules) to 0
2026-07-01 08:47:53.327 9 INFO neutron.wsgi [None req-a12560df-f028-4dee-8fdb-17c7d3042e21 4b81de6716744bbd8d2c666a7ba788b8 45e959adb9f54a9090998d4634407dd0 - - default default] 10.0.0.235 "POST /v2.0/security-groups HTTP/1.1" status: 201 len: 1824 time: 0.4134760
2026-07-01 08:47:53.345 9 WARNING neutron_lib.context [None req-1cb6f5b2-3ec0-4e46-9e33-128028c40cbd 4b81de6716744bbd8d2c666a7ba788b8 45e959adb9f54a9090998d4634407dd0 - - default default] Method 'is_advsvc' is deprecated since 2023.2 release (neutron-lib 3.8.0) and will be removed once support for the old RBAC API policies will be removed from Neutron. Please use method 'is_service_role' instead.
2026-07-01 08:47:53.422 10 INFO neutron.db.ovn_revision_numbers_db [None req-114a0beb-d0c7-41d6-bc8b-15de05502624 - - - - - -] Successfully bumped revision number for resource 7acd3751-7f9d-4460-8590-4865e235e258 (type: ports) to 4
2026-07-01 08:47:53.767 9 WARNING neutron.scheduler.dhcp_agent_scheduler [None req-54066df1-8b4d-4f92-89b3-1f7e3534eca9 4a3ef2534f61457faff22ab55cefb958 7752d789095d41dba9854df69db90c7e - - default default] No more DHCP agents
2026-07-01 08:47:53.770 9 WARNING neutron.api.rpc.agentnotifiers.dhcp_rpc_agent_api [None req-54066df1-8b4d-4f92-89b3-1f7e3534eca9 4a3ef2534f61457faff22ab55cefb958 7752d789095d41dba9854df69db90c7e - - default default] Unable to schedule network 710831b1-4b63-405a-9af7-5d8a5051eee0: no agents available; will retry on subsequent port and subnet creation events.
2026-07-01 08:47:53.774 10 INFO neutron.db.ovn_revision_numbers_db [None req-114a0beb-d0c7-41d6-bc8b-15de05502624 - - - - - -] Successfully bumped revision number for resource 7acd3751-7f9d-4460-8590-4865e235e258 (type: router_ports) to 4
2026-07-01 08:47:53.876 10 WARNING neutron.scheduler.dhcp_agent_scheduler [None req-ecec5e6f-63c7-4619-b26d-727048606dda 1c2f45c1608344b88deb7278ad68afc7 120cce33dac643019c6ab5766eb52f60 - - default default] No more DHCP agents
2026-07-01 08:47:53.880 10 WARNING neutron.api.rpc.agentnotifiers.dhcp_rpc_agent_api [None req-ecec5e6f-63c7-4619-b26d-727048606dda 1c2f45c1608344b88deb7278ad68afc7 120cce33dac643019c6ab5766eb52f60 - - default default] Unable to schedule network 86b40ecc-0355-4e33-913c-66085b9686e4: no agents available; will retry on subsequent port and subnet creation events.
2026-07-01 08:47:53.928 9 INFO neutron.db.ovn_revision_numbers_db [None req-1cb6f5b2-3ec0-4e46-9e33-128028c40cbd 4b81de6716744bbd8d2c666a7ba788b8 45e959adb9f54a9090998d4634407dd0 - - default default] Successfully bumped revision number for resource 20d03445-1e39-40cd-9787-14fd26c897ea (type: security_group_rules) to 0
2026-07-01 08:47:53.988 9 INFO neutron.wsgi [None req-1cb6f5b2-3ec0-4e46-9e33-128028c40cbd 4b81de6716744bbd8d2c666a7ba788b8 45e959adb9f54a9090998d4634407dd0 - - default default] 10.0.0.235 "POST /v2.0/security-group-rules HTTP/1.1" status: 201 len: 800 time: 0.6505170 /var/lib/openstack/lib/python3.10/site-packages/pycadf/identifier.py:71: UserWarning: Invalid uuid: neutron. To ensure interoperability, identifiers should be a valid uuid. warnings.warn(('Invalid uuid: %s. To ensure interoperability, '
2026-07-01 08:47:54.028 10 INFO neutron.db.ovn_revision_numbers_db [None req-ecec5e6f-63c7-4619-b26d-727048606dda 1c2f45c1608344b88deb7278ad68afc7 120cce33dac643019c6ab5766eb52f60 - - default default] Successfully bumped revision number for resource 14c641fd-bc0a-4872-970b-cdd9018b0be3 (type: ports) to 1
2026-07-01 08:47:54.031 9 INFO neutron.db.ovn_revision_numbers_db [None req-54066df1-8b4d-4f92-89b3-1f7e3534eca9 4a3ef2534f61457faff22ab55cefb958 7752d789095d41dba9854df69db90c7e - - default default] Successfully bumped revision number for resource ef8fc1bf-40d6-4e7f-9ca2-7909517ecab3 (type: ports) to 1
2026-07-01 08:47:54.043 10 INFO neutron.wsgi [None req-3548b897-bef7-483e-b672-3b9bcb81e80f 4b81de6716744bbd8d2c666a7ba788b8 45e959adb9f54a9090998d4634407dd0 - - default default] 10.0.0.235 "GET /v2.0/security-group-rules/20d03445-1e39-40cd-9787-14fd26c897ea HTTP/1.1" status: 200 len: 795 time: 0.0480888
2026-07-01 08:47:54.090 10 WARNING neutron.scheduler.dhcp_agent_scheduler [None req-ecec5e6f-63c7-4619-b26d-727048606dda 1c2f45c1608344b88deb7278ad68afc7 120cce33dac643019c6ab5766eb52f60 - - default default] No more DHCP agents
2026-07-01 08:47:54.096 10 WARNING neutron.api.rpc.agentnotifiers.dhcp_rpc_agent_api [None req-ecec5e6f-63c7-4619-b26d-727048606dda 1c2f45c1608344b88deb7278ad68afc7 120cce33dac643019c6ab5766eb52f60 - - default default] Unable to schedule network 3a61e2c6-4765-4aba-b434-2ed1abd2a069: no agents available; will retry on subsequent port and subnet creation events.
2026-07-01 08:47:54.207 10 INFO neutron.wsgi [None req-8cc34a78-78b1-4082-bd66-fb9c8883e1ec 4b81de6716744bbd8d2c666a7ba788b8 45e959adb9f54a9090998d4634407dd0 - - default default] 10.0.0.235 "GET /v2.0/security-group-rules HTTP/1.1" status: 200 len: 4333 time: 0.1548331 /var/lib/openstack/lib/python3.10/site-packages/pycadf/identifier.py:71: UserWarning: Invalid uuid: neutron. To ensure interoperability, identifiers should be a valid uuid. warnings.warn(('Invalid uuid: %s. To ensure interoperability, '
2026-07-01 08:47:54.253 10 INFO neutron.db.ovn_revision_numbers_db [None req-ecec5e6f-63c7-4619-b26d-727048606dda 1c2f45c1608344b88deb7278ad68afc7 120cce33dac643019c6ab5766eb52f60 - - default default] Successfully bumped revision number for resource 0e7dce7a-a127-477f-9aec-a5115094a006 (type: ports) to 1
2026-07-01 08:47:54.300 10 INFO neutron.wsgi [None req-ecec5e6f-63c7-4619-b26d-727048606dda 1c2f45c1608344b88deb7278ad68afc7 120cce33dac643019c6ab5766eb52f60 - - default default] 10.0.0.235 "POST /v2.0/ports HTTP/1.1" status: 201 len: 1706 time: 1.3087525
2026-07-01 08:47:54.394 10 INFO neutron.wsgi [None req-b2ca497e-db0c-4386-b06d-12134f323d4c 4b81de6716744bbd8d2c666a7ba788b8 45e959adb9f54a9090998d4634407dd0 - - default default] 10.0.0.235 "DELETE /v2.0/security-group-rules/20d03445-1e39-40cd-9787-14fd26c897ea HTTP/1.1" status: 204 len: 168 time: 0.1752124
2026-07-01 08:47:54.467 10 INFO neutron.wsgi [None req-2423d870-7482-4b1b-b5a0-7daa424ca170 4b81de6716744bbd8d2c666a7ba788b8 45e959adb9f54a9090998d4634407dd0 - - default default] 10.0.0.235 "GET /v2.0/security-group-rules HTTP/1.1" status: 200 len: 3755 time: 0.0680454
2026-07-01 08:47:54.479 10 WARNING neutron_lib.context [None req-8528b967-18f0-408a-a203-550abf57e5ca 4b81de6716744bbd8d2c666a7ba788b8 45e959adb9f54a9090998d4634407dd0 - - default default] Method 'is_advsvc' is deprecated since 2023.2 release (neutron-lib 3.8.0) and will be removed once support for the old RBAC API policies will be removed from Neutron. Please use method 'is_service_role' instead.
2026-07-01 08:47:54.497 9 INFO neutron.wsgi [None req-c2350529-7bac-4c55-a5f2-749d4fdadb1b 1c2f45c1608344b88deb7278ad68afc7 120cce33dac643019c6ab5766eb52f60 - - default default] 10.0.0.235 "GET /v2.0/ports HTTP/1.1" status: 200 len: 3213 time: 0.1915143
2026-07-01 08:47:54.694 10 INFO neutron.db.ovn_revision_numbers_db [None req-8528b967-18f0-408a-a203-550abf57e5ca 4b81de6716744bbd8d2c666a7ba788b8 45e959adb9f54a9090998d4634407dd0 - - default default] Successfully bumped revision number for resource bebd20e8-4a80-4f45-be66-24fdc0a39919 (type: security_group_rules) to 0
2026-07-01 08:47:54.751 10 INFO neutron.wsgi [None req-8528b967-18f0-408a-a203-550abf57e5ca 4b81de6716744bbd8d2c666a7ba788b8 45e959adb9f54a9090998d4634407dd0 - - default default] 10.0.0.235 "POST /v2.0/security-group-rules HTTP/1.1" status: 201 len: 800 time: 0.2779789
2026-07-01 08:47:54.779 10 INFO neutron.wsgi [None req-129131a8-7b5a-4aae-b31a-93e63db35c97 4b81de6716744bbd8d2c666a7ba788b8 45e959adb9f54a9090998d4634407dd0 - - default default] 10.0.0.235 "GET /v2.0/security-group-rules/bebd20e8-4a80-4f45-be66-24fdc0a39919 HTTP/1.1" status: 200 len: 795 time: 0.0214603
2026-07-01 08:47:54.870 10 INFO neutron.wsgi [None req-b22cde1b-446a-4c92-b90d-16550bdc3a6e 4b81de6716744bbd8d2c666a7ba788b8 45e959adb9f54a9090998d4634407dd0 - - default default] 10.0.0.235 "GET /v2.0/security-group-rules HTTP/1.1" status: 200 len: 4333 time: 0.0842018
2026-07-01 08:47:54.925 10 INFO neutron.wsgi [None req-6860ed5d-98b5-4d76-b886-d947c08ba6cb 1c2f45c1608344b88deb7278ad68afc7 120cce33dac643019c6ab5766eb52f60 - - default default] 10.0.0.235 "DELETE /v2.0/ports/14c641fd-bc0a-4872-970b-cdd9018b0be3 HTTP/1.1" status: 204 len: 168 time: 0.4216039
