2026-07-01 08:47:17.999 10 INFO neutron.wsgi [None req-720200a8-b710-4dee-8575-06f72ee04d41 344b41bc29604e9ea19e1e941a5b575b 2aaaa9dd5d5a4cd9b36f42f7dba376f2 - - default default] 10.0.0.235 "DELETE /v2.0/floatingips/7689861f-9ca8-433e-8957-cd587d44b621 HTTP/1.1" status: 204 len: 168 time: 0.5646830
2026-07-01 08:47:18.002 9 INFO neutron.services.segments.plugin [-] Segment 3020e6de-b980-4bbe-97f2-59f0c9053375 resource provider aggregate not found
2026-07-01 08:47:18.007 9 INFO neutron.services.segments.plugin [-] Segment 3020e6de-b980-4bbe-97f2-59f0c9053375 resource provider aggregate not found
2026-07-01 08:47:18.027 10 ERROR ovsdbapp.backend.ovs_idl.command [None req-baea19a7-7fca-414d-90a7-f7e25efc1f28 986250af6d52467c920ea5333cfa3b3e 19e70fe50e714497bcc711347f3e27f1 - - default default] Error executing command (DbGetCommand): ovsdbapp.backend.ovs_idl.idlutils.RowNotFound: Cannot find Logical_Router_Port with name=lrp-a6f4fe1b-2ba7-4dbe-ba10-447f902a5492
2026-07-01 08:47:18.027 10 ERROR ovsdbapp.backend.ovs_idl.command
Traceback (most recent call last):
2026-07-01 08:47:18.027 10 ERROR ovsdbapp.backend.ovs_idl.command
File "/var/lib/openstack/lib/python3.10/site-packages/ovsdbapp/backend/ovs_idl/command.py", line 47, in execute
2026-07-01 08:47:18.027 10 ERROR ovsdbapp.backend.ovs_idl.command self.run_idl(None)
2026-07-01 08:47:18.027 10 ERROR ovsdbapp.backend.ovs_idl.command
File "/var/lib/openstack/lib/python3.10/site-packages/ovsdbapp/backend/ovs_idl/command.py", line 235, in run_idl
2026-07-01 08:47:18.027 10 ERROR ovsdbapp.backend.ovs_idl.command record = self.api.lookup(self.table, self.record)
2026-07-01 08:47:18.027 10 ERROR ovsdbapp.backend.ovs_idl.command
File "/var/lib/openstack/lib/python3.10/site-packages/ovsdbapp/backend/ovs_idl/__init__.py", line 184, in lookup
2026-07-01 08:47:18.027 10 ERROR ovsdbapp.backend.ovs_idl.command return self._lookup(table, record)
2026-07-01 08:47:18.027 10 ERROR ovsdbapp.backend.ovs_idl.command
File "/var/lib/openstack/lib/python3.10/site-packages/ovsdbapp/backend/ovs_idl/__init__.py", line 235, in _lookup
2026-07-01 08:47:18.027 10 ERROR ovsdbapp.backend.ovs_idl.command row = idlutils.row_by_value(self, rl.table, rl.column, record)
2026-07-01 08:47:18.027 10 ERROR ovsdbapp.backend.ovs_idl.command
File "/var/lib/openstack/lib/python3.10/site-packages/ovsdbapp/backend/ovs_idl/idlutils.py", line 114, in row_by_value
2026-07-01 08:47:18.027 10 ERROR ovsdbapp.backend.ovs_idl.command raise RowNotFound(table=table, col=column, match=match)
2026-07-01 08:47:18.027 10 ERROR ovsdbapp.backend.ovs_idl.command ovsdbapp.backend.ovs_idl.idlutils.RowNotFound: Cannot find Logical_Router_Port with name=lrp-a6f4fe1b-2ba7-4dbe-ba10-447f902a5492
2026-07-01 08:47:18.027 10 ERROR ovsdbapp.backend.ovs_idl.command 
2026-07-01 08:47:18.028 10 ERROR neutron_lib.callbacks.manager [None req-baea19a7-7fca-414d-90a7-f7e25efc1f28 986250af6d52467c920ea5333cfa3b3e 19e70fe50e714497bcc711347f3e27f1 - - default default] Error during notification for neutron.services.ovn_l3.plugin.OVNL3RouterPlugin._port_update-8794958775014 port, after_update: ovsdbapp.backend.ovs_idl.idlutils.RowNotFound: Cannot find Logical_Router_Port with name=lrp-a6f4fe1b-2ba7-4dbe-ba10-447f902a5492
2026-07-01 08:47:18.028 10 ERROR neutron_lib.callbacks.manager
Traceback (most recent call last):
2026-07-01 08:47:18.028 10 ERROR neutron_lib.callbacks.manager
File "/var/lib/openstack/lib/python3.10/site-packages/neutron_lib/callbacks/manager.py", line 189, in _notify_loop
2026-07-01 08:47:18.028 10 ERROR neutron_lib.callbacks.manager callback.method(resource, event, trigger, payload=payload)
2026-07-01 08:47:18.028 10 ERROR neutron_lib.callbacks.manager
File "/var/lib/openstack/lib/python3.10/site-packages/neutron/services/ovn_l3/plugin.py", line 391, in _port_update
2026-07-01 08:47:18.028 10 ERROR neutron_lib.callbacks.manager l3plugin._ovn_client.update_router_port(context,
2026-07-01 08:47:18.028 10 ERROR neutron_lib.callbacks.manager
File "/var/lib/openstack/lib/python3.10/site-packages/neutron/plugins/ml2/drivers/ovn/mech_driver/ovsdb/ovn_client.py", line 1878, in update_router_port
2026-07-01 08:47:18.028 10 ERROR neutron_lib.callbacks.manager self._update_lrouter_port(context, port, if_exists=if_exists,
2026-07-01 08:47:18.028 10 ERROR neutron_lib.callbacks.manager
File "/var/lib/openstack/lib/python3.10/site-packages/neutron/plugins/ml2/drivers/ovn/mech_driver/ovsdb/ovn_client.py", line 1855, in _update_lrouter_port
2026-07-01 08:47:18.028 10 ERROR neutron_lib.callbacks.manager external_ids = self._nb_idl.db_get(
2026-07-01 08:47:18.028 10 ERROR neutron_lib.callbacks.manager
File "/var/lib/openstack/lib/python3.10/site-packages/ovsdbapp/backend/ovs_idl/command.py", line 47, in execute
2026-07-01 08:47:18.028 10 ERROR neutron_lib.callbacks.manager self.run_idl(None)
2026-07-01 08:47:18.028 10 ERROR neutron_lib.callbacks.manager
File "/var/lib/openstack/lib/python3.10/site-packages/ovsdbapp/backend/ovs_idl/command.py", line 235, in run_idl
2026-07-01 08:47:18.028 10 ERROR neutron_lib.callbacks.manager record = self.api.lookup(self.table, self.record)
2026-07-01 08:47:18.028 10 ERROR neutron_lib.callbacks.manager
File "/var/lib/openstack/lib/python3.10/site-packages/ovsdbapp/backend/ovs_idl/__init__.py", line 184, in lookup
2026-07-01 08:47:18.028 10 ERROR neutron_lib.callbacks.manager return self._lookup(table, record)
2026-07-01 08:47:18.028 10 ERROR neutron_lib.callbacks.manager
File "/var/lib/openstack/lib/python3.10/site-packages/ovsdbapp/backend/ovs_idl/__init__.py", line 235, in _lookup
2026-07-01 08:47:18.028 10 ERROR neutron_lib.callbacks.manager row = idlutils.row_by_value(self, rl.table, rl.column, record)
2026-07-01 08:47:18.028 10 ERROR neutron_lib.callbacks.manager
File "/var/lib/openstack/lib/python3.10/site-packages/ovsdbapp/backend/ovs_idl/idlutils.py", line 114, in row_by_value
2026-07-01 08:47:18.028 10 ERROR neutron_lib.callbacks.manager raise RowNotFound(table=table, col=column, match=match)
2026-07-01 08:47:18.028 10 ERROR neutron_lib.callbacks.manager ovsdbapp.backend.ovs_idl.idlutils.RowNotFound: Cannot find Logical_Router_Port with name=lrp-a6f4fe1b-2ba7-4dbe-ba10-447f902a5492
2026-07-01 08:47:18.028 10 ERROR neutron_lib.callbacks.manager 
2026-07-01 08:47:18.041 9 INFO neutron.services.segments.plugin [-] Segment 3020e6de-b980-4bbe-97f2-59f0c9053375 resource provider not found; error: Placement Client Error (4xx): {"errors": [{"status": 404, "title": "Not Found", "detail": "The resource could not be found.\n\n No resource provider with uuid 3020e6de-b980-4bbe-97f2-59f0c9053375 found for delete ", "request_id": "req-9f331600-4430-4774-a045-561d450a15b1"}]}
2026-07-01 08:47:18.041 9 INFO neutron.services.segments.plugin [-] Segment 3020e6de-b980-4bbe-97f2-59f0c9053375 resource provider not found; error: Placement Client Error (4xx): {"errors": [{"status": 404, "title": "Not Found", "detail": "The resource could not be found.\n\n No resource provider with uuid 3020e6de-b980-4bbe-97f2-59f0c9053375 found for delete ", "request_id": "req-7db42481-0738-4dfc-96b8-31433ab366dd"}]}
2026-07-01 08:47:18.082 9 INFO neutron.wsgi [None req-46a0ae46-a0fb-4774-b013-a077433dcc19 55a5c6c56fb943e2a14e1ac6b25eeb85 2bcdf5accffc4304b39fe6804f571679 - - default default] 10.0.0.235 "DELETE /v2.0/networks/8c5c9924-f2d6-45d2-88bd-fe06c7af1594 HTTP/1.1" status: 204 len: 168 time: 0.4882505
2026-07-01 08:47:18.259 10 INFO neutron.plugins.ml2.drivers.ovn.mech_driver.mech_driver [None req-fa2271e7-6c14-4c76-acce-a0e636548aed - - - - - -] OVN reports status up for port: a6f4fe1b-2ba7-4dbe-ba10-447f902a5492
2026-07-01 08:47:18.278 10 INFO neutron.plugins.ml2.plugin [None req-fa2271e7-6c14-4c76-acce-a0e636548aed - - - - - -] Attempt 1 to provision port a6f4fe1b-2ba7-4dbe-ba10-447f902a5492
2026-07-01 08:47:18.279 9 INFO neutron.wsgi [None req-c8fc315f-614c-411a-a344-c3318535c564 55a5c6c56fb943e2a14e1ac6b25eeb85 2bcdf5accffc4304b39fe6804f571679 - - default default] 10.0.0.235 "GET /v2.0/security-groups?tenant_id=4440df95f21a445eb9718be49c48bfc3&name=default HTTP/1.1" status: 200 len: 3120 time: 0.0788233
2026-07-01 08:47:18.313 10 INFO neutron.db.ovn_revision_numbers_db [None req-baea19a7-7fca-414d-90a7-f7e25efc1f28 986250af6d52467c920ea5333cfa3b3e 19e70fe50e714497bcc711347f3e27f1 - - default default] Successfully bumped revision number for resource a6f4fe1b-2ba7-4dbe-ba10-447f902a5492 (type: ports) to 1
2026-07-01 08:47:18.429 10 WARNING neutron.scheduler.dhcp_agent_scheduler [None req-baea19a7-7fca-414d-90a7-f7e25efc1f28 986250af6d52467c920ea5333cfa3b3e 19e70fe50e714497bcc711347f3e27f1 - - default default] No more DHCP agents
2026-07-01 08:47:18.431 10 WARNING neutron.api.rpc.agentnotifiers.dhcp_rpc_agent_api [None req-baea19a7-7fca-414d-90a7-f7e25efc1f28 986250af6d52467c920ea5333cfa3b3e 19e70fe50e714497bcc711347f3e27f1 - - default default] Unable to schedule network ae65b86f-a89b-452a-9c34-41db01134cf0: no agents available; will retry on subsequent port and subnet creation events.
2026-07-01 08:47:18.622 9 INFO neutron.wsgi [None req-4c830746-5900-4d29-ace3-a6b8958d6050 55a5c6c56fb943e2a14e1ac6b25eeb85 2bcdf5accffc4304b39fe6804f571679 - - default default] 10.0.0.235 "DELETE /v2.0/security-groups/0317470d-267c-40fe-bb44-2fb8b6adebe9 HTTP/1.1" status: 204 len: 168 time: 0.3366616
2026-07-01 08:47:18.717 10 INFO neutron.db.ovn_revision_numbers_db [None req-baea19a7-7fca-414d-90a7-f7e25efc1f28 986250af6d52467c920ea5333cfa3b3e 19e70fe50e714497bcc711347f3e27f1 - - default default] Successfully bumped revision number for resource a6f4fe1b-2ba7-4dbe-ba10-447f902a5492 (type: router_ports) to 1
2026-07-01 08:47:18.725 10 INFO neutron.wsgi [None req-baea19a7-7fca-414d-90a7-f7e25efc1f28 986250af6d52467c920ea5333cfa3b3e 19e70fe50e714497bcc711347f3e27f1 - - default default] 10.0.0.235 "PUT /v2.0/routers/7ef95308-5924-479e-b67f-852f48205b36/add_router_interface HTTP/1.1" status: 200 len: 503 time: 2.0802631
2026-07-01 08:47:18.820 9 INFO neutron.wsgi [None req-e688b09f-d428-419e-9c03-e332841d8dac 986250af6d52467c920ea5333cfa3b3e 19e70fe50e714497bcc711347f3e27f1 - - default default] 10.0.0.235 "GET /v2.0/ports/a6f4fe1b-2ba7-4dbe-ba10-447f902a5492 HTTP/1.1" status: 200 len: 1137 time: 0.0893114
2026-07-01 08:47:18.917 10 INFO neutron.db.ovn_revision_numbers_db [None req-fa2271e7-6c14-4c76-acce-a0e636548aed - - - - - -] Successfully bumped revision number for resource a6f4fe1b-2ba7-4dbe-ba10-447f902a5492 (type: ports) to 2
2026-07-01 08:47:19.369 10 INFO neutron.wsgi [None req-3b8cb166-7b26-4be2-bcd9-387ae4ac9934 986250af6d52467c920ea5333cfa3b3e 19e70fe50e714497bcc711347f3e27f1 - - default default] 10.0.0.235 "GET /v2.0/ports/a6f4fe1b-2ba7-4dbe-ba10-447f902a5492 HTTP/1.1" status: 200 len: 1137 time: 0.5391154
2026-07-01 08:47:19.492 10 INFO neutron.db.ovn_revision_numbers_db [None req-fa2271e7-6c14-4c76-acce-a0e636548aed - - - - - -] Successfully bumped revision number for resource a6f4fe1b-2ba7-4dbe-ba10-447f902a5492 (type: router_ports) to 2
2026-07-01 08:47:19.586 9 INFO neutron.wsgi [-] 10.0.0.56 "GET / HTTP/1.1" status: 200 len: 247 time: 0.0020931
2026-07-01 08:47:19.588 9 INFO neutron.wsgi [-] 10.0.0.56 "GET / HTTP/1.1" status: 200 len: 247 time: 0.0014162
2026-07-01 08:47:19.753 9 INFO neutron.wsgi [None req-304bd23c-db87-462f-a3fd-dae1bbc819dd 55a5c6c56fb943e2a14e1ac6b25eeb85 2bcdf5accffc4304b39fe6804f571679 - - default default] 10.0.0.235 "PUT /v2.0/routers/0a9341d0-99fc-4856-938f-d6763dd353bb/remove_router_interface HTTP/1.1" status: 200 len: 503 time: 1.7413964
2026-07-01 08:47:20.235 10 INFO neutron.db.ovn_revision_numbers_db [None req-746bf42a-1492-4392-8c06-9a49413d9f2c 55a5c6c56fb943e2a14e1ac6b25eeb85 2bcdf5accffc4304b39fe6804f571679 - - default default] Successfully bumped revision number for resource a1fd1077-6ad8-493b-b369-7721b3c1da64 (type: security_groups) to 1
2026-07-01 08:47:20.265 10 INFO neutron.db.ovn_revision_numbers_db [None req-746bf42a-1492-4392-8c06-9a49413d9f2c 55a5c6c56fb943e2a14e1ac6b25eeb85 2bcdf5accffc4304b39fe6804f571679 - - default default] Successfully bumped revision number for resource 0c622164-45b2-4159-b614-d95a6e9a9079 (type: security_group_rules) to 0
2026-07-01 08:47:20.309 10 INFO neutron.db.ovn_revision_numbers_db [None req-746bf42a-1492-4392-8c06-9a49413d9f2c 55a5c6c56fb943e2a14e1ac6b25eeb85 2bcdf5accffc4304b39fe6804f571679 - - default default] Successfully bumped revision number for resource 9451ff96-f564-435e-9ec8-2cfd063a159e (type: security_group_rules) to 0
2026-07-01 08:47:20.331 10 INFO neutron.db.ovn_revision_numbers_db [None req-746bf42a-1492-4392-8c06-9a49413d9f2c 55a5c6c56fb943e2a14e1ac6b25eeb85 2bcdf5accffc4304b39fe6804f571679 - - default default] Successfully bumped revision number for resource 9ef0cb42-8003-4b45-9926-a64703ca93ce (type: security_group_rules) to 0
2026-07-01 08:47:20.363 10 INFO neutron.db.ovn_revision_numbers_db [None req-746bf42a-1492-4392-8c06-9a49413d9f2c 55a5c6c56fb943e2a14e1ac6b25eeb85 2bcdf5accffc4304b39fe6804f571679 - - default default] Successfully bumped revision number for resource e9946c51-12e1-4e4f-9a24-9d8602259b28 (type: security_group_rules) to 0
2026-07-01 08:47:20.405 10 INFO neutron.wsgi [None req-746bf42a-1492-4392-8c06-9a49413d9f2c 55a5c6c56fb943e2a14e1ac6b25eeb85 2bcdf5accffc4304b39fe6804f571679 - - default default] 10.0.0.235 "GET /v2.0/security-groups?tenant_id=1ad369f74ccf4050a2d69f66c0dbb65a&name=default HTTP/1.1" status: 200 len: 3120 time: 0.8015780 /var/lib/openstack/lib/python3.10/site-packages/pycadf/identifier.py:71: UserWarning: Invalid uuid: neutron. To ensure interoperability, identifiers should be a valid uuid. warnings.warn(('Invalid uuid: %s. To ensure interoperability, '
2026-07-01 08:47:20.672 10 INFO neutron.wsgi [None req-e2bbd5ed-28d8-416a-b1f9-8cb0cd0b1c3b 986250af6d52467c920ea5333cfa3b3e 19e70fe50e714497bcc711347f3e27f1 - - default default] 10.0.0.235 "PUT /v2.0/routers/7ef95308-5924-479e-b67f-852f48205b36/remove_router_interface HTTP/1.1" status: 200 len: 503 time: 1.2973824 /var/lib/openstack/lib/python3.10/site-packages/pycadf/identifier.py:71: UserWarning: Invalid uuid: neutron. To ensure interoperability, identifiers should be a valid uuid. warnings.warn(('Invalid uuid: %s. To ensure interoperability, '
2026-07-01 08:47:20.712 10 INFO neutron.wsgi [None req-4cebf3e1-61c2-4d92-bafb-c2d4e9d7efbc 986250af6d52467c920ea5333cfa3b3e 19e70fe50e714497bcc711347f3e27f1 - - default default] 10.0.0.235 "GET /v2.0/ports?device_id=7ef95308-5924-479e-b67f-852f48205b36 HTTP/1.1" status: 200 len: 205 time: 0.0324235
2026-07-01 08:47:20.718 9 INFO neutron.wsgi [None req-1cacf481-ed7e-4d02-8402-f18f363ec19d 55a5c6c56fb943e2a14e1ac6b25eeb85 2bcdf5accffc4304b39fe6804f571679 - - default default] 10.0.0.235 "DELETE /v2.0/security-groups/a1fd1077-6ad8-493b-b369-7721b3c1da64 HTTP/1.1" status: 204 len: 168 time: 0.3018231
2026-07-01 08:47:20.879 9 INFO neutron.db.ovn_revision_numbers_db [None req-f69ee15d-43fc-416f-849c-902f05a227b0 55a5c6c56fb943e2a14e1ac6b25eeb85 2bcdf5accffc4304b39fe6804f571679 - - default default] Successfully bumped revision number for resource 631194b8-0c95-40b8-896f-c0bdc03acb86 (type: security_groups) to 1
2026-07-01 08:47:20.893 9 INFO neutron.db.ovn_revision_numbers_db [None req-f69ee15d-43fc-416f-849c-902f05a227b0 55a5c6c56fb943e2a14e1ac6b25eeb85 2bcdf5accffc4304b39fe6804f571679 - - default default] Successfully bumped revision number for resource 0e75cc7a-0b75-45a5-b69f-08fa14ab9106 (type: security_group_rules) to 0
2026-07-01 08:47:20.907 9 INFO neutron.db.ovn_revision_numbers_db [None req-f69ee15d-43fc-416f-849c-902f05a227b0 55a5c6c56fb943e2a14e1ac6b25eeb85 2bcdf5accffc4304b39fe6804f571679 - - default default] Successfully bumped revision number for resource 35008c57-cbbf-42fb-b408-61a78bf54e1d (type: security_group_rules) to 0
2026-07-01 08:47:20.921 9 INFO neutron.db.ovn_revision_numbers_db [None req-f69ee15d-43fc-416f-849c-902f05a227b0 55a5c6c56fb943e2a14e1ac6b25eeb85 2bcdf5accffc4304b39fe6804f571679 - - default default] Successfully bumped revision number for resource c3d8706e-916f-4445-81ad-30b618831374 (type: security_group_rules) to 0
2026-07-01 08:47:20.935 9 INFO neutron.db.ovn_revision_numbers_db [None req-f69ee15d-43fc-416f-849c-902f05a227b0 55a5c6c56fb943e2a14e1ac6b25eeb85 2bcdf5accffc4304b39fe6804f571679 - - default default] Successfully bumped revision number for resource fd9281e6-98cd-40f1-aee9-ab5de9b962c2 (type: security_group_rules) to 0
2026-07-01 08:47:20.989 9 INFO neutron.db.segments_db [None req-f69ee15d-43fc-416f-849c-902f05a227b0 55a5c6c56fb943e2a14e1ac6b25eeb85 2bcdf5accffc4304b39fe6804f571679 - - default default] Added segment 67df7030-794b-4012-9dd5-c634e5797cfb of type geneve for network 8c0ab578-6d62-4387-a787-932522d13a76
2026-07-01 08:47:21.053 10 INFO neutron.wsgi [None req-6b07522e-f293-41ab-8d64-ee7dacd9ffcf 986250af6d52467c920ea5333cfa3b3e 19e70fe50e714497bcc711347f3e27f1 - - default default] 10.0.0.235 "DELETE /v2.0/routers/7ef95308-5924-479e-b67f-852f48205b36 HTTP/1.1" status: 204 len: 168 time: 0.3357632
2026-07-01 08:47:21.176 9 INFO neutron.db.ovn_revision_numbers_db [None req-f69ee15d-43fc-416f-849c-902f05a227b0 55a5c6c56fb943e2a14e1ac6b25eeb85 2bcdf5accffc4304b39fe6804f571679 - - default default] Successfully bumped revision number for resource 8c0ab578-6d62-4387-a787-932522d13a76 (type: networks) to 1
2026-07-01 08:47:21.274 10 INFO neutron.wsgi [None req-29dc20cb-6a04-4873-923f-372f4ec3432a 55a5c6c56fb943e2a14e1ac6b25eeb85 2bcdf5accffc4304b39fe6804f571679 - - default default] 10.0.0.235 "DELETE /v2.0/routers/0a9341d0-99fc-4856-938f-d6763dd353bb HTTP/1.1" status: 204 len: 168 time: 1.5129085
2026-07-01 08:47:21.404 9 INFO neutron.wsgi [None req-fa33a377-40e5-4113-bcb3-fdc1ec72ee46 986250af6d52467c920ea5333cfa3b3e 19e70fe50e714497bcc711347f3e27f1 - - default default] 10.0.0.235 "DELETE /v2.0/subnets/bd1d72c6-78dd-4753-8f9a-8c166f1bcdcb HTTP/1.1" status: 204 len: 168 time: 0.3442726
2026-07-01 08:47:21.459 9 WARNING neutron.scheduler.dhcp_agent_scheduler [None req-f69ee15d-43fc-416f-849c-902f05a227b0 55a5c6c56fb943e2a14e1ac6b25eeb85 2bcdf5accffc4304b39fe6804f571679 - - default default] No more DHCP agents
2026-07-01 08:47:21.464 9 WARNING neutron.api.rpc.agentnotifiers.dhcp_rpc_agent_api [None req-f69ee15d-43fc-416f-849c-902f05a227b0 55a5c6c56fb943e2a14e1ac6b25eeb85 2bcdf5accffc4304b39fe6804f571679 - - default default] Unable to schedule network 8c0ab578-6d62-4387-a787-932522d13a76: no agents available; will retry on subsequent port and subnet creation events.
2026-07-01 08:47:21.497 10 INFO neutron.wsgi [None req-5f92ac65-0ad6-49c2-8e3e-176a8239ed5d 55a5c6c56fb943e2a14e1ac6b25eeb85 2bcdf5accffc4304b39fe6804f571679 - - default default] 10.0.0.235 "DELETE /v2.0/subnets/8f7f05a3-525f-45a3-828e-6f94fceacc24 HTTP/1.1" status: 204 len: 168 time: 0.2095616
2026-07-01 08:47:21.591 9 INFO neutron.db.ovn_revision_numbers_db [None req-f69ee15d-43fc-416f-849c-902f05a227b0 55a5c6c56fb943e2a14e1ac6b25eeb85 2bcdf5accffc4304b39fe6804f571679 - - default default] Successfully bumped revision number for resource fe37ed13-2df5-4b94-a8e4-845951092621 (type: ports) to 1
2026-07-01 08:47:21.629 9 INFO neutron.wsgi [None req-f69ee15d-43fc-416f-849c-902f05a227b0 55a5c6c56fb943e2a14e1ac6b25eeb85 2bcdf5accffc4304b39fe6804f571679 - - default default] 10.0.0.235 "POST /v2.0/networks HTTP/1.1" status: 201 len: 948 time: 1.0849621
2026-07-01 08:47:21.880 9 WARNING neutron.scheduler.dhcp_agent_scheduler [None req-60503842-225e-4232-8f35-c10eb6b08860 55a5c6c56fb943e2a14e1ac6b25eeb85 2bcdf5accffc4304b39fe6804f571679 - - default default] No more DHCP agents
2026-07-01 08:47:21.890 9 WARNING neutron.api.rpc.agentnotifiers.dhcp_rpc_agent_api [None req-60503842-225e-4232-8f35-c10eb6b08860 55a5c6c56fb943e2a14e1ac6b25eeb85 2bcdf5accffc4304b39fe6804f571679 - - default default] Unable to schedule network 8c0ab578-6d62-4387-a787-932522d13a76: no agents available; will retry on subsequent port and subnet creation events.
2026-07-01 08:47:22.036 9 INFO neutron.services.segments.plugin [-] Segment 68f7412e-0883-4c99-a563-889d15f76586 resource provider aggregate not found
2026-07-01 08:47:22.042 9 INFO neutron.services.segments.plugin [-] Segment 68f7412e-0883-4c99-a563-889d15f76586 resource provider aggregate not found
2026-07-01 08:47:22.079 9 INFO neutron.services.segments.plugin [-] Segment 68f7412e-0883-4c99-a563-889d15f76586 resource provider not found; error: Placement Client Error (4xx): {"errors": [{"status": 404, "title": "Not Found", "detail": "The resource could not be found.\n\n No resource provider with uuid 68f7412e-0883-4c99-a563-889d15f76586 found for delete ", "request_id": "req-d707f1a8-44e9-4081-b2eb-a8faf785bc8d"}]}
2026-07-01 08:47:22.080 9 INFO neutron.services.segments.plugin [-] Segment 68f7412e-0883-4c99-a563-889d15f76586 resource provider not found; error: Placement Client Error (4xx): {"errors": [{"status": 404, "title": "Not Found", "detail": "The resource could not be found.\n\n No resource provider with uuid 68f7412e-0883-4c99-a563-889d15f76586 found for delete ", "request_id": "req-9ba19a8a-f04d-444d-8582-efc30ff9874a"}]}
2026-07-01 08:47:22.164 9 INFO neutron.wsgi [None req-8cf43713-d9bb-44bc-86a6-65e7cc134fa1 986250af6d52467c920ea5333cfa3b3e 19e70fe50e714497bcc711347f3e27f1 - - default default] 10.0.0.235 "DELETE /v2.0/networks/ae65b86f-a89b-452a-9c34-41db01134cf0 HTTP/1.1" status: 204 len: 168 time: 0.7537358
2026-07-01 08:47:22.178 10 WARNING neutron_lib.context [None req-fe167020-b025-4d8d-ba4b-7864bd02e951 986250af6d52467c920ea5333cfa3b3e 19e70fe50e714497bcc711347f3e27f1 - - default default] Method 'is_advsvc' is deprecated since 2023.2 release (neutron-lib 3.8.0) and will be removed once support for the old RBAC API policies will be removed from Neutron. Please use method 'is_service_role' instead.
2026-07-01 08:47:22.387 10 INFO neutron.services.segments.plugin [-] Segment ab840c72-8885-40a4-aa4f-3883e5aec913 resource provider aggregate not found
2026-07-01 08:47:22.397 10 INFO neutron.services.segments.plugin [-] Segment ab840c72-8885-40a4-aa4f-3883e5aec913 resource provider aggregate not found
2026-07-01 08:47:22.404 10 INFO neutron.services.segments.plugin [-] Segment ab840c72-8885-40a4-aa4f-3883e5aec913 resource provider not found; error: Placement Client Error (4xx): {"errors": [{"status": 404, "title": "Not Found", "detail": "The resource could not be found.\n\n No resource provider with uuid ab840c72-8885-40a4-aa4f-3883e5aec913 found for delete ", "request_id": "req-6a129c18-6cf1-41fd-aea9-7c08672907e1"}]}
2026-07-01 08:47:22.421 10 INFO neutron.services.segments.plugin [-] Segment ab840c72-8885-40a4-aa4f-3883e5aec913 resource provider not found; error: Placement Client Error (4xx): {"errors": [{"status": 404, "title": "Not Found", "detail": "The resource could not be found.\n\n No resource provider with uuid ab840c72-8885-40a4-aa4f-3883e5aec913 found for delete ", "request_id": "req-c5280025-4e93-47f8-a5a8-29d5b83d8b58"}]}
2026-07-01 08:47:22.455 10 INFO neutron.wsgi [None req-696c36f4-7b28-49ab-b94e-a265b5af031a 55a5c6c56fb943e2a14e1ac6b25eeb85 2bcdf5accffc4304b39fe6804f571679 - - default default] 10.0.0.235 "DELETE /v2.0/networks/00cd3e86-a99d-4bc2-8eaa-12657f27d4a7 HTTP/1.1" status: 204 len: 168 time: 0.9539990
2026-07-01 08:47:22.615 9 INFO neutron.db.ovn_revision_numbers_db [None req-60503842-225e-4232-8f35-c10eb6b08860 55a5c6c56fb943e2a14e1ac6b25eeb85 2bcdf5accffc4304b39fe6804f571679 - - default default] Successfully bumped revision number for resource fe37ed13-2df5-4b94-a8e4-845951092621 (type: ports) to 2
2026-07-01 08:47:22.662 9 INFO neutron.db.ovn_revision_numbers_db [None req-60503842-225e-4232-8f35-c10eb6b08860 55a5c6c56fb943e2a14e1ac6b25eeb85 2bcdf5accffc4304b39fe6804f571679 - - default default] Successfully bumped revision number for resource aad5bea7-156c-404b-929a-41390e89be2d (type: subnets) to 0
2026-07-01 08:47:22.698 9 INFO neutron.wsgi [None req-60503842-225e-4232-8f35-c10eb6b08860 55a5c6c56fb943e2a14e1ac6b25eeb85 2bcdf5accffc4304b39fe6804f571679 - - default default] 10.0.0.235 "POST /v2.0/subnets HTTP/1.1" status: 201 len: 868 time: 1.0579402
2026-07-01 08:47:22.732 10 INFO neutron.wsgi [None req-74a4b7ca-ae87-4b58-bce9-f5c9a4739099 55a5c6c56fb943e2a14e1ac6b25eeb85 2bcdf5accffc4304b39fe6804f571679 - - default default] 10.0.0.235 "GET /v2.0/security-groups?tenant_id=2aaaa9dd5d5a4cd9b36f42f7dba376f2&name=default HTTP/1.1" status: 200 len: 3120 time: 0.0649693
2026-07-01 08:47:22.854 9 WARNING neutron_lib.context [None req-4bab5288-67d6-45a0-a79e-4950bf0cac80 7a33439aa20e4c139c57e569e432501a 3c6bb9009bb545318bee376036e54170 - - default default] Method 'is_advsvc' is deprecated since 2023.2 release (neutron-lib 3.8.0) and will be removed once support for the old RBAC API policies will be removed from Neutron. Please use method 'is_service_role' instead.
2026-07-01 08:47:22.892 10 WARNING neutron.scheduler.dhcp_agent_scheduler [None req-fe167020-b025-4d8d-ba4b-7864bd02e951 986250af6d52467c920ea5333cfa3b3e 19e70fe50e714497bcc711347f3e27f1 - - default default] No more DHCP agents
2026-07-01 08:47:22.895 10 WARNING neutron.api.rpc.agentnotifiers.dhcp_rpc_agent_api [None req-fe167020-b025-4d8d-ba4b-7864bd02e951 986250af6d52467c920ea5333cfa3b3e 19e70fe50e714497bcc711347f3e27f1 - - default default] Unable to schedule network 76b76341-7fa0-43ff-868c-8cb45676f306: no agents available; will retry on subsequent port and subnet creation events.
2026-07-01 08:47:23.063 10 INFO neutron.db.ovn_revision_numbers_db [None req-fe167020-b025-4d8d-ba4b-7864bd02e951 986250af6d52467c920ea5333cfa3b3e 19e70fe50e714497bcc711347f3e27f1 - - default default] Successfully bumped revision number for resource 25192c1a-88ac-4437-b62b-274dfd535be8 (type: ports) to 1
2026-07-01 08:47:23.189 9 INFO neutron.db.ovn_revision_numbers_db [None req-4bab5288-67d6-45a0-a79e-4950bf0cac80 7a33439aa20e4c139c57e569e432501a 3c6bb9009bb545318bee376036e54170 - - default default] Successfully bumped revision number for resource b896f357-eb5a-4c5f-8e34-d2512dd4f14b (type: security_groups) to 1
2026-07-01 08:47:23.217 9 INFO neutron.db.ovn_revision_numbers_db [None req-4bab5288-67d6-45a0-a79e-4950bf0cac80 7a33439aa20e4c139c57e569e432501a 3c6bb9009bb545318bee376036e54170 - - default default] Successfully bumped revision number for resource 53eefab9-cdde-4dfa-a03a-6aacc8b61cbe (type: security_group_rules) to 0
2026-07-01 08:47:23.246 9 INFO neutron.db.ovn_revision_numbers_db [None req-4bab5288-67d6-45a0-a79e-4950bf0cac80 7a33439aa20e4c139c57e569e432501a 3c6bb9009bb545318bee376036e54170 - - default default] Successfully bumped revision number for resource 74e75bb0-2c14-4324-bb58-79e129d43235 (type: security_group_rules) to 0
2026-07-01 08:47:23.281 9 INFO neutron.db.ovn_revision_numbers_db [None req-4bab5288-67d6-45a0-a79e-4950bf0cac80 7a33439aa20e4c139c57e569e432501a 3c6bb9009bb545318bee376036e54170 - - default default] Successfully bumped revision number for resource 87fa39a1-653d-4a56-8359-fb7ceb8f698c (type: security_group_rules) to 0
2026-07-01 08:47:23.321 9 INFO neutron.db.ovn_revision_numbers_db [None req-4bab5288-67d6-45a0-a79e-4950bf0cac80 7a33439aa20e4c139c57e569e432501a 3c6bb9009bb545318bee376036e54170 - - default default] Successfully bumped revision number for resource 91f3c424-57e4-48ec-86c8-19caf131ee38 (type: security_group_rules) to 0
2026-07-01 08:47:23.330 9 INFO neutron.wsgi [None req-1c32a996-3a03-40d6-af2b-d112667906c0 55a5c6c56fb943e2a14e1ac6b25eeb85 2bcdf5accffc4304b39fe6804f571679 - - default default] 10.0.0.235 "DELETE /v2.0/security-groups/1618d13f-d5f2-4210-860c-32b23880c701 HTTP/1.1" status: 204 len: 168 time: 0.5928764
2026-07-01 08:47:23.404 9 INFO neutron.db.segments_db [None req-4bab5288-67d6-45a0-a79e-4950bf0cac80 7a33439aa20e4c139c57e569e432501a 3c6bb9009bb545318bee376036e54170 - - default default] Added segment 11e2b1b2-91d3-4978-a41f-5b37e1a9de4a of type geneve for network 52c85506-73e5-4fd6-8d2f-8bb1b663146c
2026-07-01 08:47:23.828 10 INFO neutron.plugins.ml2.drivers.ovn.mech_driver.ovsdb.commands [None req-5e38e9db-7959-41a4-8c6e-a0b21a8ccf00 - - - - - -] Schedule LRP lrp-25192c1a-88ac-4437-b62b-274dfd535be8 on gateway 6ba109af-abd1-4c2c-be75-2400e5d0a839 with priority 1
2026-07-01 08:47:23.853 9 INFO neutron.plugins.ml2.drivers.ovn.mech_driver.mech_driver [None req-5fe65190-f355-4240-aa88-3c53cbc5a684 - - - - - -] OVN reports status up for port: 25192c1a-88ac-4437-b62b-274dfd535be8
2026-07-01 08:47:23.866 9 INFO neutron.plugins.ml2.plugin [None req-5fe65190-f355-4240-aa88-3c53cbc5a684 - - - - - -] Attempt 1 to provision port 25192c1a-88ac-4437-b62b-274dfd535be8
2026-07-01 08:47:23.929 9 WARNING neutron.scheduler.dhcp_agent_scheduler [None req-cc309970-7ca0-416e-8032-c8ff9d6b6344 55a5c6c56fb943e2a14e1ac6b25eeb85 2bcdf5accffc4304b39fe6804f571679 - - default default] No more DHCP agents
2026-07-01 08:47:23.933 10 INFO neutron.db.ovn_revision_numbers_db [None req-fe167020-b025-4d8d-ba4b-7864bd02e951 986250af6d52467c920ea5333cfa3b3e 19e70fe50e714497bcc711347f3e27f1 - - default default] Successfully bumped revision number for resource 25192c1a-88ac-4437-b62b-274dfd535be8 (type: router_ports) to 1
2026-07-01 08:47:23.953 9 WARNING neutron.api.rpc.agentnotifiers.dhcp_rpc_agent_api [None req-cc309970-7ca0-416e-8032-c8ff9d6b6344 55a5c6c56fb943e2a14e1ac6b25eeb85 2bcdf5accffc4304b39fe6804f571679 - - default default] Unable to schedule network 76b76341-7fa0-43ff-868c-8cb45676f306: no agents available; will retry on subsequent port and subnet creation events.
2026-07-01 08:47:24.074 10 INFO neutron.db.ovn_revision_numbers_db [None req-fe167020-b025-4d8d-ba4b-7864bd02e951 986250af6d52467c920ea5333cfa3b3e 19e70fe50e714497bcc711347f3e27f1 - - default default] Successfully bumped revision number for resource 672cfc55-0001-4cc1-a4e4-2ddaba137681 (type: routers) to 2
2026-07-01 08:47:24.093 9 INFO neutron.db.ovn_revision_numbers_db [None req-4bab5288-67d6-45a0-a79e-4950bf0cac80 7a33439aa20e4c139c57e569e432501a 3c6bb9009bb545318bee376036e54170 - - default default] Successfully bumped revision number for resource 52c85506-73e5-4fd6-8d2f-8bb1b663146c (type: networks) to 1
2026-07-01 08:47:24.127 10 INFO neutron.wsgi [None req-fe167020-b025-4d8d-ba4b-7864bd02e951 986250af6d52467c920ea5333cfa3b3e 19e70fe50e714497bcc711347f3e27f1 - - default default] 10.0.0.235 "POST /v2.0/routers HTTP/1.1" status: 201 len: 1146 time: 1.9557915
2026-07-01 08:47:24.243 10 INFO neutron.wsgi [None req-233b6959-497b-4017-967b-675d1dfee7c8 986250af6d52467c920ea5333cfa3b3e 19e70fe50e714497bcc711347f3e27f1 - - default default] 10.0.0.235 "GET /v2.0/routers/672cfc55-0001-4cc1-a4e4-2ddaba137681 HTTP/1.1" status: 200 len: 1147 time: 0.1110301
2026-07-01 08:47:24.403 10 INFO neutron.wsgi [None req-cb0b689c-377e-4140-ba89-01d45bbb8d53 986250af6d52467c920ea5333cfa3b3e 19e70fe50e714497bcc711347f3e27f1 - - default default] 10.0.0.235 "GET /v2.0/routers HTTP/1.1" status: 200 len: 1150 time: 0.1551640
2026-07-01 08:47:24.436 9 INFO neutron.db.ovn_revision_numbers_db [None req-cc309970-7ca0-416e-8032-c8ff9d6b6344 55a5c6c56fb943e2a14e1ac6b25eeb85 2bcdf5accffc4304b39fe6804f571679 - - default default] Successfully bumped revision number for resource c3ebbb24-771d-4bdb-8243-3b980c017bb8 (type: ports) to 1
2026-07-01 08:47:24.644 9 WARNING neutron.scheduler.dhcp_agent_scheduler [None req-4bab5288-67d6-45a0-a79e-4950bf0cac80 7a33439aa20e4c139c57e569e432501a 3c6bb9009bb545318bee376036e54170 - - default default] No more DHCP agents
2026-07-01 08:47:24.646 9 WARNING neutron.api.rpc.agentnotifiers.dhcp_rpc_agent_api [None req-4bab5288-67d6-45a0-a79e-4950bf0cac80 7a33439aa20e4c139c57e569e432501a 3c6bb9009bb545318bee376036e54170 - - default default] Unable to schedule network 52c85506-73e5-4fd6-8d2f-8bb1b663146c: no agents available; will retry on subsequent port and subnet creation events.
2026-07-01 08:47:24.798 9 INFO neutron.db.ovn_revision_numbers_db [None req-4bab5288-67d6-45a0-a79e-4950bf0cac80 7a33439aa20e4c139c57e569e432501a 3c6bb9009bb545318bee376036e54170 - - default default] Successfully bumped revision number for resource 65fa981b-ad55-4871-a519-b575b586dc10 (type: ports) to 1
2026-07-01 08:47:24.828 10 WARNING neutron.plugins.ml2.drivers.ovn.mech_driver.ovsdb.ovn_client [None req-fa2271e7-6c14-4c76-acce-a0e636548aed - - - - - -] No port found with ID a6f4fe1b-2ba7-4dbe-ba10-447f902a5492: RuntimeError: No port found with ID a6f4fe1b-2ba7-4dbe-ba10-447f902a5492
2026-07-01 08:47:24.864 9 INFO neutron.wsgi [None req-4bab5288-67d6-45a0-a79e-4950bf0cac80 7a33439aa20e4c139c57e569e432501a 3c6bb9009bb545318bee376036e54170 - - default default] 10.0.0.235 "POST /v2.0/networks HTTP/1.1" status: 201 len: 848 time: 2.3087678
2026-07-01 08:47:24.879 9 WARNING neutron_lib.context [None req-35d0bc68-cdfd-4a50-b64b-50f9990facf3 7a33439aa20e4c139c57e569e432501a 3c6bb9009bb545318bee376036e54170 - - default default] Method 'is_advsvc' is deprecated since 2023.2 release (neutron-lib 3.8.0) and will be removed once support for the old RBAC API policies will be removed from Neutron. Please use method 'is_service_role' instead.
2026-07-01 08:47:25.244 9 WARNING neutron.scheduler.dhcp_agent_scheduler [None req-35d0bc68-cdfd-4a50-b64b-50f9990facf3 7a33439aa20e4c139c57e569e432501a 3c6bb9009bb545318bee376036e54170 - - default default] No more DHCP agents
2026-07-01 08:47:25.249 9 WARNING neutron.api.rpc.agentnotifiers.dhcp_rpc_agent_api [None req-35d0bc68-cdfd-4a50-b64b-50f9990facf3 7a33439aa20e4c139c57e569e432501a 3c6bb9009bb545318bee376036e54170 - - default default] Unable to schedule network 52c85506-73e5-4fd6-8d2f-8bb1b663146c: no agents available; will retry on subsequent port and subnet creation events.
2026-07-01 08:47:25.302 9 INFO neutron.db.ovn_revision_numbers_db [None req-35d0bc68-cdfd-4a50-b64b-50f9990facf3 7a33439aa20e4c139c57e569e432501a 3c6bb9009bb545318bee376036e54170 - - default default] Successfully bumped revision number for resource f88e1bf0-a7a2-4fd5-a4ab-ae1f561251e5 (type: subnets) to 0
2026-07-01 08:47:25.339 9 INFO neutron.wsgi [None req-35d0bc68-cdfd-4a50-b64b-50f9990facf3 7a33439aa20e4c139c57e569e432501a 3c6bb9009bb545318bee376036e54170 - - default default] 10.0.0.235 "POST /v2.0/subnets HTTP/1.1" status: 201 len: 802 time: 0.4658761
2026-07-01 08:47:25.352 9 WARNING neutron_lib.context [None req-82a4f480-e382-43e3-89cc-5dae40ea9174 7a33439aa20e4c139c57e569e432501a 3c6bb9009bb545318bee376036e54170 - - default default] Method 'is_advsvc' is deprecated since 2023.2 release (neutron-lib 3.8.0) and will be removed once support for the old RBAC API policies will be removed from Neutron. Please use method 'is_service_role' instead.
2026-07-01 08:47:25.438 10 INFO neutron.db.ovn_revision_numbers_db [None req-c61dca57-cb27-4871-ba2a-feda41e265a0 986250af6d52467c920ea5333cfa3b3e 19e70fe50e714497bcc711347f3e27f1 - - default default] Successfully bumped revision number for resource 672cfc55-0001-4cc1-a4e4-2ddaba137681 (type: routers) to 3
2026-07-01 08:47:25.445 10 INFO neutron.wsgi [None req-c61dca57-cb27-4871-ba2a-feda41e265a0 986250af6d52467c920ea5333cfa3b3e 19e70fe50e714497bcc711347f3e27f1 - - default default] 10.0.0.235 "PUT /v2.0/routers/672cfc55-0001-4cc1-a4e4-2ddaba137681 HTTP/1.1" status: 200 len: 1154 time: 1.0358434
2026-07-01 08:47:25.448 9 INFO neutron.plugins.ml2.drivers.ovn.mech_driver.ovsdb.commands [None req-d53f82d9-69da-4df9-8e4e-6eaa4ee72a7f - - - - - -] Schedule LRP lrp-c3ebbb24-771d-4bdb-8243-3b980c017bb8 on gateway 6ba109af-abd1-4c2c-be75-2400e5d0a839 with priority 1
2026-07-01 08:47:25.499 9 INFO neutron.plugins.ml2.drivers.ovn.mech_driver.ovsdb.ovsdb_monitor [None req-034382d5-47dd-4114-b89d-bad68796f172 - - - - - -] Router a86b1a43-a537-49ce-a3e6-093222d4b732 is bound to host instance
2026-07-01 08:47:26.022 9 INFO neutron.wsgi [None req-652c8702-b5af-4a0b-8bd4-c3ed0a8cd1ec 986250af6d52467c920ea5333cfa3b3e 19e70fe50e714497bcc711347f3e27f1 - - default default] 10.0.0.235 "GET /v2.0/routers/672cfc55-0001-4cc1-a4e4-2ddaba137681 HTTP/1.1" status: 200 len: 1154 time: 0.5681801
2026-07-01 08:47:26.029 9 INFO neutron.db.ovn_revision_numbers_db [None req-cc309970-7ca0-416e-8032-c8ff9d6b6344 55a5c6c56fb943e2a14e1ac6b25eeb85 2bcdf5accffc4304b39fe6804f571679 - - default default] Successfully bumped revision number for resource c3ebbb24-771d-4bdb-8243-3b980c017bb8 (type: router_ports) to 1
2026-07-01 08:47:26.055 10 INFO neutron.wsgi [None req-513c0438-7cf0-40af-b624-f7ece4bf38a1 986250af6d52467c920ea5333cfa3b3e 19e70fe50e714497bcc711347f3e27f1 - - default default] 10.0.0.235 "GET /v2.0/ports?device_id=672cfc55-0001-4cc1-a4e4-2ddaba137681 HTTP/1.1" status: 200 len: 205 time: 0.0266714
2026-07-01 08:47:26.379 9 INFO neutron.db.ovn_revision_numbers_db [None req-cc309970-7ca0-416e-8032-c8ff9d6b6344 55a5c6c56fb943e2a14e1ac6b25eeb85 2bcdf5accffc4304b39fe6804f571679 - - default default] Successfully bumped revision number for resource a86b1a43-a537-49ce-a3e6-093222d4b732 (type: routers) to 2
2026-07-01 08:47:26.674 9 INFO neutron.wsgi [None req-cc309970-7ca0-416e-8032-c8ff9d6b6344 55a5c6c56fb943e2a14e1ac6b25eeb85 2bcdf5accffc4304b39fe6804f571679 - - default default] 10.0.0.235 "POST /v2.0/routers HTTP/1.1" status: 201 len: 1170 time: 3.9714341
2026-07-01 08:47:26.915 9 WARNING neutron.scheduler.dhcp_agent_scheduler [None req-82a4f480-e382-43e3-89cc-5dae40ea9174 7a33439aa20e4c139c57e569e432501a 3c6bb9009bb545318bee376036e54170 - - default default] No more DHCP agents
2026-07-01 08:47:26.929 9 WARNING neutron.api.rpc.agentnotifiers.dhcp_rpc_agent_api [None req-82a4f480-e382-43e3-89cc-5dae40ea9174 7a33439aa20e4c139c57e569e432501a 3c6bb9009bb545318bee376036e54170 - - default default] Unable to schedule network 76b76341-7fa0-43ff-868c-8cb45676f306: no agents available; will retry on subsequent port and subnet creation events.
2026-07-01 08:47:27.741 9 INFO neutron.db.ovn_revision_numbers_db [None req-82a4f480-e382-43e3-89cc-5dae40ea9174 7a33439aa20e4c139c57e569e432501a 3c6bb9009bb545318bee376036e54170 - - default default] Successfully bumped revision number for resource c28aad62-0eaf-4f2c-82e7-bf66985ab183 (type: ports) to 1
2026-07-01 08:47:27.946 10 INFO neutron.wsgi [None req-0a1ac907-0ed2-43b9-a1af-9e8ccca4fe40 986250af6d52467c920ea5333cfa3b3e 19e70fe50e714497bcc711347f3e27f1 - - default default] 10.0.0.235 "DELETE /v2.0/routers/672cfc55-0001-4cc1-a4e4-2ddaba137681 HTTP/1.1" status: 204 len: 168 time: 1.8858535
2026-07-01 08:47:27.974 10 INFO neutron.wsgi [None req-5d94484f-1cd6-4ac5-8709-6b988e7a3eea 986250af6d52467c920ea5333cfa3b3e 19e70fe50e714497bcc711347f3e27f1 - - default default] 10.0.0.235 "GET /v2.0/ports?device_id=672cfc55-0001-4cc1-a4e4-2ddaba137681 HTTP/1.1" status: 200 len: 205 time: 0.0205343
2026-07-01 08:47:28.007 10 INFO neutron.api.v2.resource [None req-44e789a5-c20b-4a7c-9ff3-b5164940f2fd 986250af6d52467c920ea5333cfa3b3e 19e70fe50e714497bcc711347f3e27f1 - - default default] delete failed (client error): The resource could not be found.
2026-07-01 08:47:28.009 10 INFO neutron.wsgi [None req-44e789a5-c20b-4a7c-9ff3-b5164940f2fd 986250af6d52467c920ea5333cfa3b3e 19e70fe50e714497bcc711347f3e27f1 - - default default] 10.0.0.235 "DELETE /v2.0/routers/672cfc55-0001-4cc1-a4e4-2ddaba137681 HTTP/1.1" status: 404 len: 336 time: 0.0289085
2026-07-01 08:47:28.044 10 INFO neutron.wsgi [None req-2699f85a-6346-4df6-841b-1ea011e2431f 986250af6d52467c920ea5333cfa3b3e 19e70fe50e714497bcc711347f3e27f1 - - default default] 10.0.0.235 "GET /v2.0/ports?device_id=7ef95308-5924-479e-b67f-852f48205b36 HTTP/1.1" status: 200 len: 205 time: 0.0298374
2026-07-01 08:47:28.073 10 INFO neutron.api.v2.resource [None req-8036f0c9-7bfe-4f60-8de4-08462c48fda5 986250af6d52467c920ea5333cfa3b3e 19e70fe50e714497bcc711347f3e27f1 - - default default] delete failed (client error): The resource could not be found.
2026-07-01 08:47:28.074 10 INFO neutron.wsgi [None req-8036f0c9-7bfe-4f60-8de4-08462c48fda5 986250af6d52467c920ea5333cfa3b3e 19e70fe50e714497bcc711347f3e27f1 - - default default] 10.0.0.235 "DELETE /v2.0/routers/7ef95308-5924-479e-b67f-852f48205b36 HTTP/1.1" status: 404 len: 336 time: 0.0252779
2026-07-01 08:47:28.096 10 INFO neutron.pecan_wsgi.hooks.translation [None req-d5ee31a6-b529-4999-ba3b-e9e45760b8ac 986250af6d52467c920ea5333cfa3b3e 19e70fe50e714497bcc711347f3e27f1 - - default default] DELETE failed (client error): The resource could not be found.
2026-07-01 08:47:28.099 10 INFO neutron.wsgi [None req-d5ee31a6-b529-4999-ba3b-e9e45760b8ac 986250af6d52467c920ea5333cfa3b3e 19e70fe50e714497bcc711347f3e27f1 - - default default] 10.0.0.235 "DELETE /v2.0/subnets/bd1d72c6-78dd-4753-8f9a-8c166f1bcdcb HTTP/1.1" status: 404 len: 337 time: 0.0199118
2026-07-01 08:47:28.128 10 INFO neutron.wsgi [None req-824ba511-9735-4353-9142-019d6f5e2d3a 986250af6d52467c920ea5333cfa3b3e 19e70fe50e714497bcc711347f3e27f1 - - default default] 10.0.0.235 "GET /v2.0/ports?device_id=66ce6d5e-2b1d-42ea-8b66-bb70a7e71673 HTTP/1.1" status: 200 len: 205 time: 0.0231309
2026-07-01 08:47:28.182 10 INFO neutron.api.v2.resource [None req-d9bae625-bc3f-45e1-abc3-2385ff691f60 986250af6d52467c920ea5333cfa3b3e 19e70fe50e714497bcc711347f3e27f1 - - default default] delete failed (client error): The resource could not be found.
2026-07-01 08:47:28.184 10 INFO neutron.wsgi [None req-d9bae625-bc3f-45e1-abc3-2385ff691f60 986250af6d52467c920ea5333cfa3b3e 19e70fe50e714497bcc711347f3e27f1 - - default default] 10.0.0.235 "DELETE /v2.0/routers/66ce6d5e-2b1d-42ea-8b66-bb70a7e71673 HTTP/1.1" status: 404 len: 336 time: 0.0388932
2026-07-01 08:47:28.202 9 INFO neutron.db.ovn_revision_numbers_db [None req-034382d5-47dd-4114-b89d-bad68796f172 - - - - - -] Successfully bumped revision number for resource c3ebbb24-771d-4bdb-8243-3b980c017bb8 (type: ports) to 1
2026-07-01 08:47:28.208 10 INFO neutron.pecan_wsgi.hooks.translation [None req-948ce4fa-b239-4c5a-a91a-4afd12693131 986250af6d52467c920ea5333cfa3b3e 19e70fe50e714497bcc711347f3e27f1 - - default default] DELETE failed (client error): The resource could not be found.
2026-07-01 08:47:28.212 10 INFO neutron.wsgi [None req-948ce4fa-b239-4c5a-a91a-4afd12693131 986250af6d52467c920ea5333cfa3b3e 19e70fe50e714497bcc711347f3e27f1 - - default default] 10.0.0.235 "DELETE /v2.0/subnets/37c3dcea-7583-4ee1-8ac4-d0e46611cf24 HTTP/1.1" status: 404 len: 337 time: 0.0216820
2026-07-01 08:47:28.241 10 INFO neutron.wsgi [None req-c4a4536c-77f1-4e3f-b8c1-8398c3b3adbc 986250af6d52467c920ea5333cfa3b3e 19e70fe50e714497bcc711347f3e27f1 - - default default] 10.0.0.235 "GET /v2.0/ports?device_id=fa9b2823-ea22-48fb-a4e2-01d825ca8e9c HTTP/1.1" status: 200 len: 205 time: 0.0246241
2026-07-01 08:47:28.280 10 INFO neutron.api.v2.resource [None req-6a43490c-bc96-4a11-9331-aa2b133636fa 986250af6d52467c920ea5333cfa3b3e 19e70fe50e714497bcc711347f3e27f1 - - default default] delete failed (client error): The resource could not be found.
2026-07-01 08:47:28.281 10 INFO neutron.wsgi [None req-6a43490c-bc96-4a11-9331-aa2b133636fa 986250af6d52467c920ea5333cfa3b3e 19e70fe50e714497bcc711347f3e27f1 - - default default] 10.0.0.235 "DELETE /v2.0/routers/fa9b2823-ea22-48fb-a4e2-01d825ca8e9c HTTP/1.1" status: 404 len: 336 time: 0.0357156
2026-07-01 08:47:28.305 10 INFO neutron.pecan_wsgi.hooks.translation [None req-a5ef7c5d-1cee-4369-9792-3c8fdae03924 986250af6d52467c920ea5333cfa3b3e 19e70fe50e714497bcc711347f3e27f1 - - default default] DELETE failed (client error): The resource could not be found.
2026-07-01 08:47:28.308 10 INFO neutron.wsgi [None req-a5ef7c5d-1cee-4369-9792-3c8fdae03924 986250af6d52467c920ea5333cfa3b3e 19e70fe50e714497bcc711347f3e27f1 - - default default] 10.0.0.235 "DELETE /v2.0/subnets/7797acd7-77ab-4118-baf0-b62dea299bef HTTP/1.1" status: 404 len: 337 time: 0.0222142
2026-07-01 08:47:28.333 10 INFO neutron.pecan_wsgi.hooks.translation [None req-74d035fa-30c7-4f36-adc8-594925722644 986250af6d52467c920ea5333cfa3b3e 19e70fe50e714497bcc711347f3e27f1 - - default default] DELETE failed (client error): The resource could not be found.
2026-07-01 08:47:28.337 10 INFO neutron.wsgi [None req-74d035fa-30c7-4f36-adc8-594925722644 986250af6d52467c920ea5333cfa3b3e 19e70fe50e714497bcc711347f3e27f1 - - default default] 10.0.0.235 "DELETE /v2.0/subnets/4867bc1e-385f-4abf-a0ab-fe32da881692 HTTP/1.1" status: 404 len: 337 time: 0.0246284
2026-07-01 08:47:28.418 9 WARNING neutron.scheduler.dhcp_agent_scheduler [None req-8940f4ce-b06b-4075-b198-3858071e2a3c 55a5c6c56fb943e2a14e1ac6b25eeb85 2bcdf5accffc4304b39fe6804f571679 - - default default] No more DHCP agents
2026-07-01 08:47:28.424 9 WARNING neutron.api.rpc.agentnotifiers.dhcp_rpc_agent_api [None req-8940f4ce-b06b-4075-b198-3858071e2a3c 55a5c6c56fb943e2a14e1ac6b25eeb85 2bcdf5accffc4304b39fe6804f571679 - - default default] Unable to schedule network 8c0ab578-6d62-4387-a787-932522d13a76: no agents available; will retry on subsequent port and subnet creation events.
2026-07-01 08:47:28.852 9 INFO neutron.plugins.ml2.drivers.ovn.mech_driver.ovsdb.commands [None req-d53f82d9-69da-4df9-8e4e-6eaa4ee72a7f - - - - - -] Schedule LRP lrp-c28aad62-0eaf-4f2c-82e7-bf66985ab183 on gateway 6ba109af-abd1-4c2c-be75-2400e5d0a839 with priority 1
2026-07-01 08:47:28.876 9 INFO neutron.db.ovn_revision_numbers_db [None req-8940f4ce-b06b-4075-b198-3858071e2a3c 55a5c6c56fb943e2a14e1ac6b25eeb85 2bcdf5accffc4304b39fe6804f571679 - - default default] Successfully bumped revision number for resource 20c36a37-e6f1-48ad-bbc2-35166008c348 (type: ports) to 1
2026-07-01 08:47:29.301 9 WARNING neutron.plugins.ml2.drivers.ovn.mech_driver.ovsdb.ovn_client [None req-5fe65190-f355-4240-aa88-3c53cbc5a684 - - - - - -] No port found with ID 25192c1a-88ac-4437-b62b-274dfd535be8: RuntimeError: No port found with ID 25192c1a-88ac-4437-b62b-274dfd535be8
2026-07-01 08:47:29.301 9 INFO neutron.plugins.ml2.drivers.ovn.mech_driver.mech_driver [None req-5fe65190-f355-4240-aa88-3c53cbc5a684 - - - - - -] OVN reports status up for port: c3ebbb24-771d-4bdb-8243-3b980c017bb8
2026-07-01 08:47:29.415 9 INFO neutron.db.ovn_revision_numbers_db [None req-82a4f480-e382-43e3-89cc-5dae40ea9174 7a33439aa20e4c139c57e569e432501a 3c6bb9009bb545318bee376036e54170 - - default default] Successfully bumped revision number for resource c28aad62-0eaf-4f2c-82e7-bf66985ab183 (type: router_ports) to 1
2026-07-01 08:47:29.545 10 INFO neutron.wsgi [None req-ccec5724-d0d4-4a15-bef0-d6ddd25c9e54 55a5c6c56fb943e2a14e1ac6b25eeb85 2bcdf5accffc4304b39fe6804f571679 - - default default] 10.0.0.235 "GET /v2.0/security-groups?tenant_id=19e70fe50e714497bcc711347f3e27f1&name=default HTTP/1.1" status: 200 len: 3120 time: 0.2314558
2026-07-01 08:47:29.605 9 INFO neutron.db.ovn_revision_numbers_db [None req-034382d5-47dd-4114-b89d-bad68796f172 - - - - - -] Successfully bumped revision number for resource c3ebbb24-771d-4bdb-8243-3b980c017bb8 (type: router_ports) to 3
2026-07-01 08:47:29.608 9 INFO neutron.plugins.ml2.plugin [None req-5fe65190-f355-4240-aa88-3c53cbc5a684 - - - - - -] Attempt 1 to provision port c3ebbb24-771d-4bdb-8243-3b980c017bb8
2026-07-01 08:47:29.672 9 INFO neutron.db.ovn_revision_numbers_db [None req-82a4f480-e382-43e3-89cc-5dae40ea9174 7a33439aa20e4c139c57e569e432501a 3c6bb9009bb545318bee376036e54170 - - default default] Successfully bumped revision number for resource 5614a510-0af5-4d6a-836d-282951359241 (type: routers) to 2
2026-07-01 08:47:29.854 9 INFO neutron.wsgi [None req-82a4f480-e382-43e3-89cc-5dae40ea9174 7a33439aa20e4c139c57e569e432501a 3c6bb9009bb545318bee376036e54170 - - default default] 10.0.0.235 "POST /v2.0/routers HTTP/1.1" status: 201 len: 1154 time: 4.5076814
2026-07-01 08:47:30.229 9 INFO neutron.db.ovn_revision_numbers_db [None req-034382d5-47dd-4114-b89d-bad68796f172 - - - - - -] Successfully bumped revision number for resource c3ebbb24-771d-4bdb-8243-3b980c017bb8 (type: ports) to 2
2026-07-01 08:47:30.417 9 ERROR ovsdbapp.backend.ovs_idl.command [None req-8940f4ce-b06b-4075-b198-3858071e2a3c 55a5c6c56fb943e2a14e1ac6b25eeb85 2bcdf5accffc4304b39fe6804f571679 - - default default] Error executing command (DbGetCommand): ovsdbapp.backend.ovs_idl.idlutils.RowNotFound: Cannot find Logical_Router_Port with name=lrp-20c36a37-e6f1-48ad-bbc2-35166008c348
2026-07-01 08:47:30.417 9 ERROR ovsdbapp.backend.ovs_idl.command
Traceback (most recent call last):
2026-07-01 08:47:30.417 9 ERROR ovsdbapp.backend.ovs_idl.command
File "/var/lib/openstack/lib/python3.10/site-packages/ovsdbapp/backend/ovs_idl/command.py", line 47, in execute
2026-07-01 08:47:30.417 9 ERROR ovsdbapp.backend.ovs_idl.command self.run_idl(None)
2026-07-01 08:47:30.417 9 ERROR ovsdbapp.backend.ovs_idl.command
File "/var/lib/openstack/lib/python3.10/site-packages/ovsdbapp/backend/ovs_idl/command.py", line 235, in run_idl
2026-07-01 08:47:30.417 9 ERROR ovsdbapp.backend.ovs_idl.command record = self.api.lookup(self.table, self.record)
2026-07-01 08:47:30.417 9 ERROR ovsdbapp.backend.ovs_idl.command
File "/var/lib/openstack/lib/python3.10/site-packages/ovsdbapp/backend/ovs_idl/__init__.py", line 184, in lookup
2026-07-01 08:47:30.417 9 ERROR ovsdbapp.backend.ovs_idl.command return self._lookup(table, record)
2026-07-01 08:47:30.417 9 ERROR ovsdbapp.backend.ovs_idl.command
File "/var/lib/openstack/lib/python3.10/site-packages/ovsdbapp/backend/ovs_idl/__init__.py", line 235, in _lookup
2026-07-01 08:47:30.417 9 ERROR ovsdbapp.backend.ovs_idl.command row = idlutils.row_by_value(self, rl.table, rl.column, record)
2026-07-01 08:47:30.417 9 ERROR ovsdbapp.backend.ovs_idl.command
File "/var/lib/openstack/lib/python3.10/site-packages/ovsdbapp/backend/ovs_idl/idlutils.py", line 114, in row_by_value
2026-07-01 08:47:30.417 9 ERROR ovsdbapp.backend.ovs_idl.command raise RowNotFound(table=table, col=column, match=match)
2026-07-01 08:47:30.417 9 ERROR ovsdbapp.backend.ovs_idl.command ovsdbapp.backend.ovs_idl.idlutils.RowNotFound: Cannot find Logical_Router_Port with name=lrp-20c36a37-e6f1-48ad-bbc2-35166008c348
