File "/var/lib/openstack/lib/python3.10/site-packages/ovsdbapp/backend/ovs_idl/__init__.py", line 235, in _lookup
2026-07-01 08:49:12.253 9 ERROR neutron_lib.callbacks.manager row = idlutils.row_by_value(self, rl.table, rl.column, record)
2026-07-01 08:49:12.253 9 ERROR neutron_lib.callbacks.manager
File "/var/lib/openstack/lib/python3.10/site-packages/ovsdbapp/backend/ovs_idl/idlutils.py", line 114, in row_by_value
2026-07-01 08:49:12.253 9 ERROR neutron_lib.callbacks.manager raise RowNotFound(table=table, col=column, match=match)
2026-07-01 08:49:12.253 9 ERROR neutron_lib.callbacks.manager ovsdbapp.backend.ovs_idl.idlutils.RowNotFound: Cannot find Logical_Router_Port with name=lrp-9b8ad8f0-680f-4432-9b50-904908f5f102
2026-07-01 08:49:12.253 9 ERROR neutron_lib.callbacks.manager 
2026-07-01 08:49:12.490 9 INFO neutron.db.ovn_revision_numbers_db [None req-5cd2f081-779a-4c89-a9e0-60ac8ea6d407 dce585158ee544c7a1795b12c07085b6 753c6a8bce8348b3a0f9b24ae8c941bc - - default default] Successfully bumped revision number for resource 9b8ad8f0-680f-4432-9b50-904908f5f102 (type: ports) to 3
2026-07-01 08:49:12.581 9 WARNING neutron.scheduler.dhcp_agent_scheduler [None req-5cd2f081-779a-4c89-a9e0-60ac8ea6d407 dce585158ee544c7a1795b12c07085b6 753c6a8bce8348b3a0f9b24ae8c941bc - - default default] No more DHCP agents
2026-07-01 08:49:12.582 9 WARNING neutron.api.rpc.agentnotifiers.dhcp_rpc_agent_api [None req-5cd2f081-779a-4c89-a9e0-60ac8ea6d407 dce585158ee544c7a1795b12c07085b6 753c6a8bce8348b3a0f9b24ae8c941bc - - default default] Unable to schedule network 03a5e139-4e79-41a5-8344-9b3b7495a032: no agents available; will retry on subsequent port and subnet creation events.
2026-07-01 08:49:12.701 10 WARNING neutron_lib.context [None req-058df69f-534f-4c75-b513-db884cd08f21 1027198ee6ec473b82ea8b2471bcf87e 365b79bc0c2849d48add9b222c8f6b11 - - default default] Method 'is_advsvc' is deprecated since 2023.2 release (neutron-lib 3.8.0) and will be removed once support for the old RBAC API policies will be removed from Neutron. Please use method 'is_service_role' instead.
2026-07-01 08:49:12.780 9 INFO neutron.db.ovn_revision_numbers_db [None req-5cd2f081-779a-4c89-a9e0-60ac8ea6d407 dce585158ee544c7a1795b12c07085b6 753c6a8bce8348b3a0f9b24ae8c941bc - - default default] Successfully bumped revision number for resource 9b8ad8f0-680f-4432-9b50-904908f5f102 (type: router_ports) to 3
2026-07-01 08:49:12.787 9 INFO neutron.wsgi [None req-5cd2f081-779a-4c89-a9e0-60ac8ea6d407 dce585158ee544c7a1795b12c07085b6 753c6a8bce8348b3a0f9b24ae8c941bc - - default default] 10.0.0.235 "PUT /v2.0/routers/abe4c51d-7f71-4e1b-9e1a-28789fec9f23/add_router_interface HTTP/1.1" status: 200 len: 503 time: 2.5212069 /var/lib/openstack/lib/python3.10/site-packages/pycadf/identifier.py:71: UserWarning: Invalid uuid: neutron. To ensure interoperability, identifiers should be a valid uuid. warnings.warn(('Invalid uuid: %s. To ensure interoperability, '
2026-07-01 08:49:12.879 9 INFO neutron.wsgi [None req-c0f15fe6-00f3-4223-8e24-cc52710f0f27 dce585158ee544c7a1795b12c07085b6 753c6a8bce8348b3a0f9b24ae8c941bc - - default default] 10.0.0.235 "GET /v2.0/ports/9b8ad8f0-680f-4432-9b50-904908f5f102 HTTP/1.1" status: 200 len: 1213 time: 0.0847826
2026-07-01 08:49:12.973 10 INFO neutron.db.ovn_revision_numbers_db [None req-058df69f-534f-4c75-b513-db884cd08f21 1027198ee6ec473b82ea8b2471bcf87e 365b79bc0c2849d48add9b222c8f6b11 - - default default] Successfully bumped revision number for resource c5a70688-db2b-4f8b-b40d-cafccc6a7296 (type: security_groups) to 1
2026-07-01 08:49:13.009 10 INFO neutron.db.ovn_revision_numbers_db [None req-058df69f-534f-4c75-b513-db884cd08f21 1027198ee6ec473b82ea8b2471bcf87e 365b79bc0c2849d48add9b222c8f6b11 - - default default] Successfully bumped revision number for resource 2a30bccb-e34c-4b5d-a200-d3785577dd16 (type: security_group_rules) to 0
2026-07-01 08:49:13.027 10 INFO neutron.db.ovn_revision_numbers_db [None req-058df69f-534f-4c75-b513-db884cd08f21 1027198ee6ec473b82ea8b2471bcf87e 365b79bc0c2849d48add9b222c8f6b11 - - default default] Successfully bumped revision number for resource 6b8dac50-5d86-4fed-9765-e605d50da6dc (type: security_group_rules) to 0
2026-07-01 08:49:13.045 10 INFO neutron.db.ovn_revision_numbers_db [None req-058df69f-534f-4c75-b513-db884cd08f21 1027198ee6ec473b82ea8b2471bcf87e 365b79bc0c2849d48add9b222c8f6b11 - - default default] Successfully bumped revision number for resource a209cd17-f4af-45ee-be8a-4f530317a51b (type: security_group_rules) to 0
2026-07-01 08:49:13.061 10 INFO neutron.db.ovn_revision_numbers_db [None req-058df69f-534f-4c75-b513-db884cd08f21 1027198ee6ec473b82ea8b2471bcf87e 365b79bc0c2849d48add9b222c8f6b11 - - default default] Successfully bumped revision number for resource e1cb3dec-9bbb-41ac-8f84-875e769663e0 (type: security_group_rules) to 0
2026-07-01 08:49:13.116 10 INFO neutron.db.segments_db [None req-058df69f-534f-4c75-b513-db884cd08f21 1027198ee6ec473b82ea8b2471bcf87e 365b79bc0c2849d48add9b222c8f6b11 - - default default] Added segment ddb746b0-3a47-4da4-959c-f329d080e8c1 of type geneve for network 30f4c5d1-1c76-4002-9525-8d448d5a5c39
2026-07-01 08:49:13.297 10 INFO neutron.db.ovn_revision_numbers_db [None req-058df69f-534f-4c75-b513-db884cd08f21 1027198ee6ec473b82ea8b2471bcf87e 365b79bc0c2849d48add9b222c8f6b11 - - default default] Successfully bumped revision number for resource 30f4c5d1-1c76-4002-9525-8d448d5a5c39 (type: networks) to 1
2026-07-01 08:49:13.528 10 WARNING neutron.scheduler.dhcp_agent_scheduler [None req-058df69f-534f-4c75-b513-db884cd08f21 1027198ee6ec473b82ea8b2471bcf87e 365b79bc0c2849d48add9b222c8f6b11 - - default default] No more DHCP agents
2026-07-01 08:49:13.532 10 WARNING neutron.api.rpc.agentnotifiers.dhcp_rpc_agent_api [None req-058df69f-534f-4c75-b513-db884cd08f21 1027198ee6ec473b82ea8b2471bcf87e 365b79bc0c2849d48add9b222c8f6b11 - - default default] Unable to schedule network 30f4c5d1-1c76-4002-9525-8d448d5a5c39: no agents available; will retry on subsequent port and subnet creation events.
2026-07-01 08:49:13.641 10 INFO neutron.db.ovn_revision_numbers_db [None req-058df69f-534f-4c75-b513-db884cd08f21 1027198ee6ec473b82ea8b2471bcf87e 365b79bc0c2849d48add9b222c8f6b11 - - default default] Successfully bumped revision number for resource 05929472-4b7e-4104-8d47-d2691aaff21d (type: ports) to 1
2026-07-01 08:49:13.672 10 INFO neutron.wsgi [None req-058df69f-534f-4c75-b513-db884cd08f21 1027198ee6ec473b82ea8b2471bcf87e 365b79bc0c2849d48add9b222c8f6b11 - - default default] 10.0.0.235 "POST /v2.0/networks HTTP/1.1" status: 201 len: 831 time: 1.2849989
2026-07-01 08:49:13.684 10 WARNING neutron_lib.context [None req-4615882b-0a35-4964-b204-cf0415517fd5 1027198ee6ec473b82ea8b2471bcf87e 365b79bc0c2849d48add9b222c8f6b11 - - default default] Method 'is_advsvc' is deprecated since 2023.2 release (neutron-lib 3.8.0) and will be removed once support for the old RBAC API policies will be removed from Neutron. Please use method 'is_service_role' instead.
2026-07-01 08:49:13.716 9 INFO neutron.wsgi [None req-ec954b74-98c2-47d1-bfeb-40e51ae9701d dce585158ee544c7a1795b12c07085b6 753c6a8bce8348b3a0f9b24ae8c941bc - - default default] 10.0.0.235 "PUT /v2.0/routers/abe4c51d-7f71-4e1b-9e1a-28789fec9f23/remove_router_interface HTTP/1.1" status: 200 len: 503 time: 0.8305969 /var/lib/openstack/lib/python3.10/site-packages/pycadf/identifier.py:71: UserWarning: Invalid uuid: neutron. To ensure interoperability, identifiers should be a valid uuid. warnings.warn(('Invalid uuid: %s. To ensure interoperability, '
2026-07-01 08:49:13.785 10 INFO neutron.db.segments_db [None req-4615882b-0a35-4964-b204-cf0415517fd5 1027198ee6ec473b82ea8b2471bcf87e 365b79bc0c2849d48add9b222c8f6b11 - - default default] Added segment 818e72e6-eb47-4ccb-bbd3-3e3fb934d585 of type geneve for network 43bc020a-ed73-43c0-a976-c05613930903
2026-07-01 08:49:13.810 9 INFO neutron.api.v2.resource [None req-3cdd50b6-ba9c-430b-a861-15e87871567a dce585158ee544c7a1795b12c07085b6 753c6a8bce8348b3a0f9b24ae8c941bc - - default default] remove_router_interface failed (client error): The resource could not be found.
2026-07-01 08:49:13.812 9 INFO neutron.wsgi [None req-3cdd50b6-ba9c-430b-a861-15e87871567a dce585158ee544c7a1795b12c07085b6 753c6a8bce8348b3a0f9b24ae8c941bc - - default default] 10.0.0.235 "PUT /v2.0/routers/abe4c51d-7f71-4e1b-9e1a-28789fec9f23/remove_router_interface HTTP/1.1" status: 404 len: 398 time: 0.0846374
2026-07-01 08:49:13.840 10 INFO neutron.wsgi [None req-12a3cd18-0ed8-4f1b-9623-7ce2f96cf847 dce585158ee544c7a1795b12c07085b6 753c6a8bce8348b3a0f9b24ae8c941bc - - default default] 10.0.0.235 "GET /v2.0/ports?device_id=abe4c51d-7f71-4e1b-9e1a-28789fec9f23 HTTP/1.1" status: 200 len: 205 time: 0.0213799
2026-07-01 08:49:13.966 10 INFO neutron.db.ovn_revision_numbers_db [None req-4615882b-0a35-4964-b204-cf0415517fd5 1027198ee6ec473b82ea8b2471bcf87e 365b79bc0c2849d48add9b222c8f6b11 - - default default] Successfully bumped revision number for resource 43bc020a-ed73-43c0-a976-c05613930903 (type: networks) to 1
2026-07-01 08:49:14.135 9 INFO neutron.wsgi [None req-ba4e99e1-0840-4abf-931b-7b5646db1228 dce585158ee544c7a1795b12c07085b6 753c6a8bce8348b3a0f9b24ae8c941bc - - default default] 10.0.0.235 "DELETE /v2.0/routers/abe4c51d-7f71-4e1b-9e1a-28789fec9f23 HTTP/1.1" status: 204 len: 168 time: 0.2894421
2026-07-01 08:49:14.213 10 WARNING neutron.scheduler.dhcp_agent_scheduler [None req-4615882b-0a35-4964-b204-cf0415517fd5 1027198ee6ec473b82ea8b2471bcf87e 365b79bc0c2849d48add9b222c8f6b11 - - default default] No more DHCP agents
2026-07-01 08:49:14.216 10 WARNING neutron.api.rpc.agentnotifiers.dhcp_rpc_agent_api [None req-4615882b-0a35-4964-b204-cf0415517fd5 1027198ee6ec473b82ea8b2471bcf87e 365b79bc0c2849d48add9b222c8f6b11 - - default default] Unable to schedule network 43bc020a-ed73-43c0-a976-c05613930903: no agents available; will retry on subsequent port and subnet creation events.
2026-07-01 08:49:14.324 10 INFO neutron.db.ovn_revision_numbers_db [None req-4615882b-0a35-4964-b204-cf0415517fd5 1027198ee6ec473b82ea8b2471bcf87e 365b79bc0c2849d48add9b222c8f6b11 - - default default] Successfully bumped revision number for resource 7a079efc-1f89-46b4-8ded-a5e29e8d6072 (type: ports) to 1
2026-07-01 08:49:14.353 9 INFO neutron.wsgi [None req-f8be3ce2-cc2f-48c2-b02b-48cd749736a0 dce585158ee544c7a1795b12c07085b6 753c6a8bce8348b3a0f9b24ae8c941bc - - default default] 10.0.0.235 "DELETE /v2.0/subnets/74884d8d-5c5e-4487-9823-64bef7b8c2a1 HTTP/1.1" status: 204 len: 168 time: 0.2075958
2026-07-01 08:49:14.357 10 INFO neutron.wsgi [None req-4615882b-0a35-4964-b204-cf0415517fd5 1027198ee6ec473b82ea8b2471bcf87e 365b79bc0c2849d48add9b222c8f6b11 - - default default] 10.0.0.235 "POST /v2.0/networks HTTP/1.1" status: 201 len: 831 time: 0.6791940
2026-07-01 08:49:14.368 10 WARNING neutron_lib.context [None req-2dfd3816-6f7d-455c-a8da-0752a725a179 1027198ee6ec473b82ea8b2471bcf87e 365b79bc0c2849d48add9b222c8f6b11 - - default default] Method 'is_advsvc' is deprecated since 2023.2 release (neutron-lib 3.8.0) and will be removed once support for the old RBAC API policies will be removed from Neutron. Please use method 'is_service_role' instead.
2026-07-01 08:49:14.459 10 INFO neutron.db.segments_db [None req-2dfd3816-6f7d-455c-a8da-0752a725a179 1027198ee6ec473b82ea8b2471bcf87e 365b79bc0c2849d48add9b222c8f6b11 - - default default] Added segment b442c204-7fd1-4209-afb1-980c0f56348c of type geneve for network 5d9aea19-20fd-4e0c-8783-744a1c3135d5
2026-07-01 08:49:14.616 10 INFO neutron.db.ovn_revision_numbers_db [None req-2dfd3816-6f7d-455c-a8da-0752a725a179 1027198ee6ec473b82ea8b2471bcf87e 365b79bc0c2849d48add9b222c8f6b11 - - default default] Successfully bumped revision number for resource 5d9aea19-20fd-4e0c-8783-744a1c3135d5 (type: networks) to 1
2026-07-01 08:49:14.842 10 WARNING neutron.scheduler.dhcp_agent_scheduler [None req-2dfd3816-6f7d-455c-a8da-0752a725a179 1027198ee6ec473b82ea8b2471bcf87e 365b79bc0c2849d48add9b222c8f6b11 - - default default] No more DHCP agents
2026-07-01 08:49:14.844 10 WARNING neutron.api.rpc.agentnotifiers.dhcp_rpc_agent_api [None req-2dfd3816-6f7d-455c-a8da-0752a725a179 1027198ee6ec473b82ea8b2471bcf87e 365b79bc0c2849d48add9b222c8f6b11 - - default default] Unable to schedule network 5d9aea19-20fd-4e0c-8783-744a1c3135d5: no agents available; will retry on subsequent port and subnet creation events.
2026-07-01 08:49:14.952 10 INFO neutron.db.ovn_revision_numbers_db [None req-2dfd3816-6f7d-455c-a8da-0752a725a179 1027198ee6ec473b82ea8b2471bcf87e 365b79bc0c2849d48add9b222c8f6b11 - - default default] Successfully bumped revision number for resource a7958d68-b950-419c-b268-9fe0420f3898 (type: ports) to 1
2026-07-01 08:49:14.993 10 INFO neutron.wsgi [None req-2dfd3816-6f7d-455c-a8da-0752a725a179 1027198ee6ec473b82ea8b2471bcf87e 365b79bc0c2849d48add9b222c8f6b11 - - default default] 10.0.0.235 "POST /v2.0/networks HTTP/1.1" status: 201 len: 831 time: 0.6313696
2026-07-01 08:49:15.010 10 WARNING neutron_lib.context [None req-0d683360-b2f6-433d-b4d7-38a66b7ac0df 1027198ee6ec473b82ea8b2471bcf87e 365b79bc0c2849d48add9b222c8f6b11 - - default default] Method 'is_advsvc' is deprecated since 2023.2 release (neutron-lib 3.8.0) and will be removed once support for the old RBAC API policies will be removed from Neutron. Please use method 'is_service_role' instead.
2026-07-01 08:49:15.161 10 INFO neutron.db.segments_db [None req-0d683360-b2f6-433d-b4d7-38a66b7ac0df 1027198ee6ec473b82ea8b2471bcf87e 365b79bc0c2849d48add9b222c8f6b11 - - default default] Added segment d514266e-30ee-4d5a-91cd-dd6a4aa0df8b of type geneve for network 36ab44eb-1fee-4157-a6a3-3e550ebde55f
2026-07-01 08:49:15.303 9 INFO neutron.services.segments.plugin [-] Segment f4ec5d78-7450-4dd0-8149-4e1d5a6e80d3 resource provider aggregate not found
2026-07-01 08:49:15.313 9 INFO neutron.services.segments.plugin [-] Segment f4ec5d78-7450-4dd0-8149-4e1d5a6e80d3 resource provider aggregate not found
2026-07-01 08:49:15.324 9 INFO neutron.services.segments.plugin [-] Segment f4ec5d78-7450-4dd0-8149-4e1d5a6e80d3 resource provider not found; error: Placement Client Error (4xx): {"errors": [{"status": 404, "title": "Not Found", "detail": "The resource could not be found.\n\n No resource provider with uuid f4ec5d78-7450-4dd0-8149-4e1d5a6e80d3 found for delete ", "request_id": "req-bfda4950-7419-491e-82dc-14142232ea3e"}]}
2026-07-01 08:49:15.330 9 INFO neutron.services.segments.plugin [-] Segment f4ec5d78-7450-4dd0-8149-4e1d5a6e80d3 resource provider not found; error: Placement Client Error (4xx): {"errors": [{"status": 404, "title": "Not Found", "detail": "The resource could not be found.\n\n No resource provider with uuid f4ec5d78-7450-4dd0-8149-4e1d5a6e80d3 found for delete ", "request_id": "req-fb59e4b4-a682-4a4a-bf61-b7c22780cf47"}]}
2026-07-01 08:49:15.349 10 INFO neutron.db.ovn_revision_numbers_db [None req-0d683360-b2f6-433d-b4d7-38a66b7ac0df 1027198ee6ec473b82ea8b2471bcf87e 365b79bc0c2849d48add9b222c8f6b11 - - default default] Successfully bumped revision number for resource 36ab44eb-1fee-4157-a6a3-3e550ebde55f (type: networks) to 1
2026-07-01 08:49:15.368 9 INFO neutron.wsgi [None req-2152ba26-4c6b-4e4e-b2b3-c7c748712eaa dce585158ee544c7a1795b12c07085b6 753c6a8bce8348b3a0f9b24ae8c941bc - - default default] 10.0.0.235 "DELETE /v2.0/networks/03a5e139-4e79-41a5-8344-9b3b7495a032 HTTP/1.1" status: 204 len: 168 time: 1.0096574
2026-07-01 08:49:15.380 9 WARNING neutron_lib.context [None req-875044a0-7613-4abd-9099-3c48ad83abaf dce585158ee544c7a1795b12c07085b6 753c6a8bce8348b3a0f9b24ae8c941bc - - default default] Method 'is_advsvc' is deprecated since 2023.2 release (neutron-lib 3.8.0) and will be removed once support for the old RBAC API policies will be removed from Neutron. Please use method 'is_service_role' instead.
2026-07-01 08:49:15.492 9 INFO neutron.db.segments_db [None req-875044a0-7613-4abd-9099-3c48ad83abaf dce585158ee544c7a1795b12c07085b6 753c6a8bce8348b3a0f9b24ae8c941bc - - default default] Added segment 02061de8-9019-4c27-80e6-11dc4d6ab853 of type geneve for network dc59629f-0e64-4702-b616-9a794150fd0d
2026-07-01 08:49:15.565 10 WARNING neutron.scheduler.dhcp_agent_scheduler [None req-0d683360-b2f6-433d-b4d7-38a66b7ac0df 1027198ee6ec473b82ea8b2471bcf87e 365b79bc0c2849d48add9b222c8f6b11 - - default default] No more DHCP agents
2026-07-01 08:49:15.575 10 WARNING neutron.api.rpc.agentnotifiers.dhcp_rpc_agent_api [None req-0d683360-b2f6-433d-b4d7-38a66b7ac0df 1027198ee6ec473b82ea8b2471bcf87e 365b79bc0c2849d48add9b222c8f6b11 - - default default] Unable to schedule network 36ab44eb-1fee-4157-a6a3-3e550ebde55f: no agents available; will retry on subsequent port and subnet creation events.
2026-07-01 08:49:15.678 9 INFO neutron.db.ovn_revision_numbers_db [None req-875044a0-7613-4abd-9099-3c48ad83abaf dce585158ee544c7a1795b12c07085b6 753c6a8bce8348b3a0f9b24ae8c941bc - - default default] Successfully bumped revision number for resource dc59629f-0e64-4702-b616-9a794150fd0d (type: networks) to 1
2026-07-01 08:49:15.748 10 INFO neutron.db.ovn_revision_numbers_db [None req-0d683360-b2f6-433d-b4d7-38a66b7ac0df 1027198ee6ec473b82ea8b2471bcf87e 365b79bc0c2849d48add9b222c8f6b11 - - default default] Successfully bumped revision number for resource 0fcf0140-12c4-44d2-945c-c9029c5e97f2 (type: ports) to 1
2026-07-01 08:49:15.780 10 INFO neutron.wsgi [None req-0d683360-b2f6-433d-b4d7-38a66b7ac0df 1027198ee6ec473b82ea8b2471bcf87e 365b79bc0c2849d48add9b222c8f6b11 - - default default] 10.0.0.235 "POST /v2.0/networks HTTP/1.1" status: 201 len: 831 time: 0.7776613
2026-07-01 08:49:15.794 10 WARNING neutron_lib.context [None req-f8928f81-7df6-4a35-af6d-43f2058a55cf 1027198ee6ec473b82ea8b2471bcf87e 365b79bc0c2849d48add9b222c8f6b11 - - default default] Method 'is_advsvc' is deprecated since 2023.2 release (neutron-lib 3.8.0) and will be removed once support for the old RBAC API policies will be removed from Neutron. Please use method 'is_service_role' instead.
2026-07-01 08:49:15.887 10 INFO neutron.db.segments_db [None req-f8928f81-7df6-4a35-af6d-43f2058a55cf 1027198ee6ec473b82ea8b2471bcf87e 365b79bc0c2849d48add9b222c8f6b11 - - default default] Added segment 3dc31eb9-8342-4b32-bde1-d38c267ade79 of type geneve for network 4267a5f3-09fb-413c-a8f9-1543c5934754
2026-07-01 08:49:15.940 9 WARNING neutron.scheduler.dhcp_agent_scheduler [None req-875044a0-7613-4abd-9099-3c48ad83abaf dce585158ee544c7a1795b12c07085b6 753c6a8bce8348b3a0f9b24ae8c941bc - - default default] No more DHCP agents
2026-07-01 08:49:15.942 9 WARNING neutron.api.rpc.agentnotifiers.dhcp_rpc_agent_api [None req-875044a0-7613-4abd-9099-3c48ad83abaf dce585158ee544c7a1795b12c07085b6 753c6a8bce8348b3a0f9b24ae8c941bc - - default default] Unable to schedule network dc59629f-0e64-4702-b616-9a794150fd0d: no agents available; will retry on subsequent port and subnet creation events.
2026-07-01 08:49:16.047 9 INFO neutron.db.ovn_revision_numbers_db [None req-875044a0-7613-4abd-9099-3c48ad83abaf dce585158ee544c7a1795b12c07085b6 753c6a8bce8348b3a0f9b24ae8c941bc - - default default] Successfully bumped revision number for resource 4fab22af-0039-4ed3-afb2-96b106bb02ea (type: ports) to 1
2026-07-01 08:49:16.056 10 INFO neutron.db.ovn_revision_numbers_db [None req-f8928f81-7df6-4a35-af6d-43f2058a55cf 1027198ee6ec473b82ea8b2471bcf87e 365b79bc0c2849d48add9b222c8f6b11 - - default default] Successfully bumped revision number for resource 4267a5f3-09fb-413c-a8f9-1543c5934754 (type: networks) to 1
2026-07-01 08:49:16.086 9 INFO neutron.wsgi [None req-875044a0-7613-4abd-9099-3c48ad83abaf dce585158ee544c7a1795b12c07085b6 753c6a8bce8348b3a0f9b24ae8c941bc - - default default] 10.0.0.235 "POST /v2.0/networks HTTP/1.1" status: 201 len: 833 time: 0.7107260
2026-07-01 08:49:16.099 9 WARNING neutron_lib.context [None req-93638d12-f1b0-4832-b5bf-110d264f9085 dce585158ee544c7a1795b12c07085b6 753c6a8bce8348b3a0f9b24ae8c941bc - - default default] Method 'is_advsvc' is deprecated since 2023.2 release (neutron-lib 3.8.0) and will be removed once support for the old RBAC API policies will be removed from Neutron. Please use method 'is_service_role' instead.
2026-07-01 08:49:16.282 10 WARNING neutron.scheduler.dhcp_agent_scheduler [None req-f8928f81-7df6-4a35-af6d-43f2058a55cf 1027198ee6ec473b82ea8b2471bcf87e 365b79bc0c2849d48add9b222c8f6b11 - - default default] No more DHCP agents
2026-07-01 08:49:16.287 10 WARNING neutron.api.rpc.agentnotifiers.dhcp_rpc_agent_api [None req-f8928f81-7df6-4a35-af6d-43f2058a55cf 1027198ee6ec473b82ea8b2471bcf87e 365b79bc0c2849d48add9b222c8f6b11 - - default default] Unable to schedule network 4267a5f3-09fb-413c-a8f9-1543c5934754: no agents available; will retry on subsequent port and subnet creation events.
2026-07-01 08:49:16.376 9 WARNING neutron.scheduler.dhcp_agent_scheduler [None req-93638d12-f1b0-4832-b5bf-110d264f9085 dce585158ee544c7a1795b12c07085b6 753c6a8bce8348b3a0f9b24ae8c941bc - - default default] No more DHCP agents
2026-07-01 08:49:16.378 9 WARNING neutron.api.rpc.agentnotifiers.dhcp_rpc_agent_api [None req-93638d12-f1b0-4832-b5bf-110d264f9085 dce585158ee544c7a1795b12c07085b6 753c6a8bce8348b3a0f9b24ae8c941bc - - default default] Unable to schedule network dc59629f-0e64-4702-b616-9a794150fd0d: no agents available; will retry on subsequent port and subnet creation events.
2026-07-01 08:49:16.389 10 INFO neutron.db.ovn_revision_numbers_db [None req-f8928f81-7df6-4a35-af6d-43f2058a55cf 1027198ee6ec473b82ea8b2471bcf87e 365b79bc0c2849d48add9b222c8f6b11 - - default default] Successfully bumped revision number for resource ad78007c-d80e-4dd7-b9cf-c7ec4502d54f (type: ports) to 1
2026-07-01 08:49:16.409 9 INFO neutron.db.ovn_revision_numbers_db [None req-93638d12-f1b0-4832-b5bf-110d264f9085 dce585158ee544c7a1795b12c07085b6 753c6a8bce8348b3a0f9b24ae8c941bc - - default default] Successfully bumped revision number for resource 6616ad57-504e-4c71-aba8-a5d1c9ed8ec9 (type: subnets) to 0
2026-07-01 08:49:16.416 10 INFO neutron.wsgi [None req-f8928f81-7df6-4a35-af6d-43f2058a55cf 1027198ee6ec473b82ea8b2471bcf87e 365b79bc0c2849d48add9b222c8f6b11 - - default default] 10.0.0.235 "POST /v2.0/networks HTTP/1.1" status: 201 len: 830 time: 0.6296024
2026-07-01 08:49:16.428 9 INFO neutron.wsgi [None req-93638d12-f1b0-4832-b5bf-110d264f9085 dce585158ee544c7a1795b12c07085b6 753c6a8bce8348b3a0f9b24ae8c941bc - - default default] 10.0.0.235 "POST /v2.0/subnets HTTP/1.1" status: 201 len: 821 time: 0.3376741
2026-07-01 08:49:16.440 9 WARNING neutron_lib.context [None req-669ea5b1-d8af-4fae-80a9-5f34e3ba047e dce585158ee544c7a1795b12c07085b6 753c6a8bce8348b3a0f9b24ae8c941bc - - default default] Method 'is_advsvc' is deprecated since 2023.2 release (neutron-lib 3.8.0) and will be removed once support for the old RBAC API policies will be removed from Neutron. Please use method 'is_service_role' instead.
2026-07-01 08:49:16.478 10 INFO neutron.wsgi [None req-a016cfa0-2dff-4011-8945-0c96fb57da8f 1027198ee6ec473b82ea8b2471bcf87e 365b79bc0c2849d48add9b222c8f6b11 - - default default] 10.0.0.235 "PUT /v2.0/networks/30f4c5d1-1c76-4002-9525-8d448d5a5c39/tags HTTP/1.1" status: 200 len: 210 time: 0.0567911
2026-07-01 08:49:16.564 9 INFO neutron.db.ovn_revision_numbers_db [None req-669ea5b1-d8af-4fae-80a9-5f34e3ba047e dce585158ee544c7a1795b12c07085b6 753c6a8bce8348b3a0f9b24ae8c941bc - - default default] Successfully bumped revision number for resource be3f442a-329c-41b5-95af-c98fa01a9ffa (type: routers) to 1
2026-07-01 08:49:16.581 9 INFO neutron.wsgi [None req-669ea5b1-d8af-4fae-80a9-5f34e3ba047e dce585158ee544c7a1795b12c07085b6 753c6a8bce8348b3a0f9b24ae8c941bc - - default default] 10.0.0.235 "POST /v2.0/routers HTTP/1.1" status: 201 len: 806 time: 0.1464007
2026-07-01 08:49:16.907 10 INFO neutron.wsgi [None req-eee7c5db-110c-4c1d-9c4d-118772281291 1027198ee6ec473b82ea8b2471bcf87e 365b79bc0c2849d48add9b222c8f6b11 - - default default] 10.0.0.235 "PUT /v2.0/networks/43bc020a-ed73-43c0-a976-c05613930903/tags HTTP/1.1" status: 200 len: 218 time: 0.4242558
2026-07-01 08:49:16.980 10 INFO neutron.wsgi [None req-587ea857-0a17-4b7b-94e2-f5b3129532e7 1027198ee6ec473b82ea8b2471bcf87e 365b79bc0c2849d48add9b222c8f6b11 - - default default] 10.0.0.235 "PUT /v2.0/networks/5d9aea19-20fd-4e0c-8783-744a1c3135d5/tags HTTP/1.1" status: 200 len: 227 time: 0.0653057
2026-07-01 08:49:17.051 10 INFO neutron.wsgi [None req-f4530ac9-9f11-4833-b60b-3660127cf15c 1027198ee6ec473b82ea8b2471bcf87e 365b79bc0c2849d48add9b222c8f6b11 - - default default] 10.0.0.235 "PUT /v2.0/networks/36ab44eb-1fee-4157-a6a3-3e550ebde55f/tags HTTP/1.1" status: 200 len: 212 time: 0.0643401
2026-07-01 08:49:17.129 9 WARNING neutron.scheduler.dhcp_agent_scheduler [None req-fb7e66c4-c7d9-47bc-b012-55208ce85555 dce585158ee544c7a1795b12c07085b6 753c6a8bce8348b3a0f9b24ae8c941bc - - default default] No more DHCP agents
2026-07-01 08:49:17.130 9 WARNING neutron.api.rpc.agentnotifiers.dhcp_rpc_agent_api [None req-fb7e66c4-c7d9-47bc-b012-55208ce85555 dce585158ee544c7a1795b12c07085b6 753c6a8bce8348b3a0f9b24ae8c941bc - - default default] Unable to schedule network dc59629f-0e64-4702-b616-9a794150fd0d: no agents available; will retry on subsequent port and subnet creation events.
2026-07-01 08:49:17.132 10 INFO neutron.wsgi [None req-b8ff972d-7e10-4a3d-9e1e-993a6d419820 1027198ee6ec473b82ea8b2471bcf87e 365b79bc0c2849d48add9b222c8f6b11 - - default default] 10.0.0.235 "GET /v2.0/networks?tags=red HTTP/1.1" status: 200 len: 2070 time: 0.0741601
2026-07-01 08:49:17.236 10 INFO neutron.wsgi [None req-da04ada2-e1b2-4bd1-8663-eaf88b5013f9 1027198ee6ec473b82ea8b2471bcf87e 365b79bc0c2849d48add9b222c8f6b11 - - default default] 10.0.0.235 "GET /v2.0/networks?tags=red%2Cblue HTTP/1.1" status: 200 len: 1457 time: 0.0960300
2026-07-01 08:49:17.263 9 INFO neutron.db.ovn_revision_numbers_db [None req-fb7e66c4-c7d9-47bc-b012-55208ce85555 dce585158ee544c7a1795b12c07085b6 753c6a8bce8348b3a0f9b24ae8c941bc - - default default] Successfully bumped revision number for resource d7b0e3a9-26b5-41fa-bde8-bc6724f1dfa9 (type: ports) to 1
2026-07-01 08:49:17.342 10 INFO neutron.wsgi [None req-3a7a3d49-1f68-4c15-a4ce-cb9205533b25 1027198ee6ec473b82ea8b2471bcf87e 365b79bc0c2849d48add9b222c8f6b11 - - default default] 10.0.0.235 "GET /v2.0/networks?tags-any=blue HTTP/1.1" status: 200 len: 1457 time: 0.1003704
2026-07-01 08:49:17.412 10 INFO neutron.wsgi [None req-ac8190c4-2daa-4771-9bf8-dc08f9d187a3 1027198ee6ec473b82ea8b2471bcf87e 365b79bc0c2849d48add9b222c8f6b11 - - default default] 10.0.0.235 "GET /v2.0/networks?tags-any=red%2Cblue HTTP/1.1" status: 200 len: 2070 time: 0.0652230
2026-07-01 08:49:17.576 10 INFO neutron.wsgi [None req-1cbbc324-a5b9-4925-96b0-3489eac65d1e 1027198ee6ec473b82ea8b2471bcf87e 365b79bc0c2849d48add9b222c8f6b11 - - default default] 10.0.0.235 "GET /v2.0/networks?not-tags=red HTTP/1.1" status: 200 len: 2068 time: 0.1590409
2026-07-01 08:49:17.681 9 WARNING neutron.plugins.ml2.drivers.ovn.mech_driver.ovsdb.ovn_client [None req-5fe65190-f355-4240-aa88-3c53cbc5a684 - - - - - -] No port found with ID 9b8ad8f0-680f-4432-9b50-904908f5f102: RuntimeError: No port found with ID 9b8ad8f0-680f-4432-9b50-904908f5f102
2026-07-01 08:49:17.705 10 INFO neutron.wsgi [None req-83252727-fe27-4613-9242-edbfc4f0e19b 1027198ee6ec473b82ea8b2471bcf87e 365b79bc0c2849d48add9b222c8f6b11 - - default default] 10.0.0.235 "GET /v2.0/networks?not-tags=red%2Cblue HTTP/1.1" status: 200 len: 2681 time: 0.1217492
2026-07-01 08:49:17.804 9 ERROR ovsdbapp.backend.ovs_idl.command [None req-fb7e66c4-c7d9-47bc-b012-55208ce85555 dce585158ee544c7a1795b12c07085b6 753c6a8bce8348b3a0f9b24ae8c941bc - - default default] Error executing command (DbGetCommand): ovsdbapp.backend.ovs_idl.idlutils.RowNotFound: Cannot find Logical_Router_Port with name=lrp-d7b0e3a9-26b5-41fa-bde8-bc6724f1dfa9
2026-07-01 08:49:17.804 9 ERROR ovsdbapp.backend.ovs_idl.command
Traceback (most recent call last):
2026-07-01 08:49:17.804 9 ERROR ovsdbapp.backend.ovs_idl.command
File "/var/lib/openstack/lib/python3.10/site-packages/ovsdbapp/backend/ovs_idl/command.py", line 47, in execute
2026-07-01 08:49:17.804 9 ERROR ovsdbapp.backend.ovs_idl.command self.run_idl(None)
2026-07-01 08:49:17.804 9 ERROR ovsdbapp.backend.ovs_idl.command
File "/var/lib/openstack/lib/python3.10/site-packages/ovsdbapp/backend/ovs_idl/command.py", line 235, in run_idl
2026-07-01 08:49:17.804 9 ERROR ovsdbapp.backend.ovs_idl.command record = self.api.lookup(self.table, self.record)
2026-07-01 08:49:17.804 9 ERROR ovsdbapp.backend.ovs_idl.command
File "/var/lib/openstack/lib/python3.10/site-packages/ovsdbapp/backend/ovs_idl/__init__.py", line 184, in lookup
2026-07-01 08:49:17.804 9 ERROR ovsdbapp.backend.ovs_idl.command return self._lookup(table, record)
2026-07-01 08:49:17.804 9 ERROR ovsdbapp.backend.ovs_idl.command
File "/var/lib/openstack/lib/python3.10/site-packages/ovsdbapp/backend/ovs_idl/__init__.py", line 235, in _lookup
2026-07-01 08:49:17.804 9 ERROR ovsdbapp.backend.ovs_idl.command row = idlutils.row_by_value(self, rl.table, rl.column, record)
2026-07-01 08:49:17.804 9 ERROR ovsdbapp.backend.ovs_idl.command
File "/var/lib/openstack/lib/python3.10/site-packages/ovsdbapp/backend/ovs_idl/idlutils.py", line 114, in row_by_value
2026-07-01 08:49:17.804 9 ERROR ovsdbapp.backend.ovs_idl.command raise RowNotFound(table=table, col=column, match=match)
2026-07-01 08:49:17.804 9 ERROR ovsdbapp.backend.ovs_idl.command ovsdbapp.backend.ovs_idl.idlutils.RowNotFound: Cannot find Logical_Router_Port with name=lrp-d7b0e3a9-26b5-41fa-bde8-bc6724f1dfa9
2026-07-01 08:49:17.804 9 ERROR ovsdbapp.backend.ovs_idl.command 
2026-07-01 08:49:17.805 9 ERROR neutron_lib.callbacks.manager [None req-fb7e66c4-c7d9-47bc-b012-55208ce85555 dce585158ee544c7a1795b12c07085b6 753c6a8bce8348b3a0f9b24ae8c941bc - - default default] Error during notification for neutron.services.ovn_l3.plugin.OVNL3RouterPlugin._port_update-8794958775014 port, after_update: ovsdbapp.backend.ovs_idl.idlutils.RowNotFound: Cannot find Logical_Router_Port with name=lrp-d7b0e3a9-26b5-41fa-bde8-bc6724f1dfa9
2026-07-01 08:49:17.805 9 ERROR neutron_lib.callbacks.manager
Traceback (most recent call last):
2026-07-01 08:49:17.805 9 ERROR neutron_lib.callbacks.manager
File "/var/lib/openstack/lib/python3.10/site-packages/neutron_lib/callbacks/manager.py", line 189, in _notify_loop
2026-07-01 08:49:17.805 9 ERROR neutron_lib.callbacks.manager callback.method(resource, event, trigger, payload=payload)
2026-07-01 08:49:17.805 9 ERROR neutron_lib.callbacks.manager
File "/var/lib/openstack/lib/python3.10/site-packages/neutron/services/ovn_l3/plugin.py", line 391, in _port_update
2026-07-01 08:49:17.805 9 ERROR neutron_lib.callbacks.manager l3plugin._ovn_client.update_router_port(context,
2026-07-01 08:49:17.805 9 ERROR neutron_lib.callbacks.manager
File "/var/lib/openstack/lib/python3.10/site-packages/neutron/plugins/ml2/drivers/ovn/mech_driver/ovsdb/ovn_client.py", line 1878, in update_router_port
2026-07-01 08:49:17.805 9 ERROR neutron_lib.callbacks.manager self._update_lrouter_port(context, port, if_exists=if_exists,
2026-07-01 08:49:17.805 9 ERROR neutron_lib.callbacks.manager
File "/var/lib/openstack/lib/python3.10/site-packages/neutron/plugins/ml2/drivers/ovn/mech_driver/ovsdb/ovn_client.py", line 1855, in _update_lrouter_port
2026-07-01 08:49:17.805 9 ERROR neutron_lib.callbacks.manager external_ids = self._nb_idl.db_get(
2026-07-01 08:49:17.805 9 ERROR neutron_lib.callbacks.manager
File "/var/lib/openstack/lib/python3.10/site-packages/ovsdbapp/backend/ovs_idl/command.py", line 47, in execute
2026-07-01 08:49:17.805 9 ERROR neutron_lib.callbacks.manager self.run_idl(None)
2026-07-01 08:49:17.805 9 ERROR neutron_lib.callbacks.manager
File "/var/lib/openstack/lib/python3.10/site-packages/ovsdbapp/backend/ovs_idl/command.py", line 235, in run_idl
2026-07-01 08:49:17.805 9 ERROR neutron_lib.callbacks.manager record = self.api.lookup(self.table, self.record)
2026-07-01 08:49:17.805 9 ERROR neutron_lib.callbacks.manager
File "/var/lib/openstack/lib/python3.10/site-packages/ovsdbapp/backend/ovs_idl/__init__.py", line 184, in lookup
2026-07-01 08:49:17.805 9 ERROR neutron_lib.callbacks.manager return self._lookup(table, record)
2026-07-01 08:49:17.805 9 ERROR neutron_lib.callbacks.manager
File "/var/lib/openstack/lib/python3.10/site-packages/ovsdbapp/backend/ovs_idl/__init__.py", line 235, in _lookup
2026-07-01 08:49:17.805 9 ERROR neutron_lib.callbacks.manager row = idlutils.row_by_value(self, rl.table, rl.column, record)
2026-07-01 08:49:17.805 9 ERROR neutron_lib.callbacks.manager
File "/var/lib/openstack/lib/python3.10/site-packages/ovsdbapp/backend/ovs_idl/idlutils.py", line 114, in row_by_value
2026-07-01 08:49:17.805 9 ERROR neutron_lib.callbacks.manager raise RowNotFound(table=table, col=column, match=match)
2026-07-01 08:49:17.805 9 ERROR neutron_lib.callbacks.manager ovsdbapp.backend.ovs_idl.idlutils.RowNotFound: Cannot find Logical_Router_Port with name=lrp-d7b0e3a9-26b5-41fa-bde8-bc6724f1dfa9
2026-07-01 08:49:17.805 9 ERROR neutron_lib.callbacks.manager 
2026-07-01 08:49:17.838 10 INFO neutron.wsgi [None req-11fb7342-9280-4122-8894-acc53b62c9f2 1027198ee6ec473b82ea8b2471bcf87e 365b79bc0c2849d48add9b222c8f6b11 - - default default] 10.0.0.235 "GET /v2.0/networks?not-tags-any=blue HTTP/1.1" status: 200 len: 2681 time: 0.1237040
2026-07-01 08:49:17.930 10 INFO neutron.wsgi [None req-35707aa3-8fed-4414-a743-09e9e086f925 1027198ee6ec473b82ea8b2471bcf87e 365b79bc0c2849d48add9b222c8f6b11 - - default default] 10.0.0.235 "GET /v2.0/networks?not-tags-any=red%2Cblue HTTP/1.1" status: 200 len: 2068 time: 0.0869067
2026-07-01 08:49:17.976 9 INFO neutron.plugins.ml2.drivers.ovn.mech_driver.mech_driver [None req-5fe65190-f355-4240-aa88-3c53cbc5a684 - - - - - -] OVN reports status up for port: d7b0e3a9-26b5-41fa-bde8-bc6724f1dfa9
2026-07-01 08:49:18.003 9 INFO neutron.plugins.ml2.plugin [None req-5fe65190-f355-4240-aa88-3c53cbc5a684 - - - - - -] Attempt 1 to provision port d7b0e3a9-26b5-41fa-bde8-bc6724f1dfa9
2026-07-01 08:49:18.039 9 INFO neutron.db.ovn_revision_numbers_db [None req-fb7e66c4-c7d9-47bc-b012-55208ce85555 dce585158ee544c7a1795b12c07085b6 753c6a8bce8348b3a0f9b24ae8c941bc - - default default] Successfully bumped revision number for resource d7b0e3a9-26b5-41fa-bde8-bc6724f1dfa9 (type: ports) to 1
2026-07-01 08:49:18.135 9 WARNING neutron.scheduler.dhcp_agent_scheduler [None req-fb7e66c4-c7d9-47bc-b012-55208ce85555 dce585158ee544c7a1795b12c07085b6 753c6a8bce8348b3a0f9b24ae8c941bc - - default default] No more DHCP agents
2026-07-01 08:49:18.138 9 WARNING neutron.api.rpc.agentnotifiers.dhcp_rpc_agent_api [None req-fb7e66c4-c7d9-47bc-b012-55208ce85555 dce585158ee544c7a1795b12c07085b6 753c6a8bce8348b3a0f9b24ae8c941bc - - default default] Unable to schedule network dc59629f-0e64-4702-b616-9a794150fd0d: no agents available; will retry on subsequent port and subnet creation events.
2026-07-01 08:49:18.386 10 INFO neutron.services.segments.plugin [-] Segment ddb746b0-3a47-4da4-959c-f329d080e8c1 resource provider aggregate not found
2026-07-01 08:49:18.396 10 INFO neutron.services.segments.plugin [-] Segment ddb746b0-3a47-4da4-959c-f329d080e8c1 resource provider aggregate not found
2026-07-01 08:49:18.408 10 INFO neutron.services.segments.plugin [-] Segment ddb746b0-3a47-4da4-959c-f329d080e8c1 resource provider not found; error: Placement Client Error (4xx): {"errors": [{"status": 404, "title": "Not Found", "detail": "The resource could not be found.\n\n No resource provider with uuid ddb746b0-3a47-4da4-959c-f329d080e8c1 found for delete ", "request_id": "req-368b6da8-c221-486e-9670-dc044be282ec"}]}
2026-07-01 08:49:18.436 10 INFO neutron.wsgi [None req-879ff1b2-63d2-4bb5-8580-96cf31a78f69 1027198ee6ec473b82ea8b2471bcf87e 365b79bc0c2849d48add9b222c8f6b11 - - default default] 10.0.0.235 "DELETE /v2.0/networks/30f4c5d1-1c76-4002-9525-8d448d5a5c39 HTTP/1.1" status: 204 len: 168 time: 0.4993796
2026-07-01 08:49:18.441 10 INFO neutron.services.segments.plugin [-] Segment ddb746b0-3a47-4da4-959c-f329d080e8c1 resource provider not found; error: Placement Client Error (4xx): {"errors": [{"status": 404, "title": "Not Found", "detail": "The resource could not be found.\n\n No resource provider with uuid ddb746b0-3a47-4da4-959c-f329d080e8c1 found for delete ", "request_id": "req-4d77b298-8ae3-4bfe-a6dd-703e2f0741ad"}]}
2026-07-01 08:49:18.519 9 WARNING neutron_lib.context [None req-4a1af855-abfc-44cf-822e-65f484d4a3b7 c3b4c9e9bd0e464eb4294917c66792ad 04dfa4a7a975407fb4d8c293846a6a3c - - default default] Method 'is_advsvc' is deprecated since 2023.2 release (neutron-lib 3.8.0) and will be removed once support for the old RBAC API policies will be removed from Neutron. Please use method 'is_service_role' instead.
2026-07-01 08:49:18.717 9 INFO neutron.db.ovn_revision_numbers_db [None req-fb7e66c4-c7d9-47bc-b012-55208ce85555 dce585158ee544c7a1795b12c07085b6 753c6a8bce8348b3a0f9b24ae8c941bc - - default default] Successfully bumped revision number for resource d7b0e3a9-26b5-41fa-bde8-bc6724f1dfa9 (type: router_ports) to 1
2026-07-01 08:49:18.729 9 INFO neutron.wsgi [None req-fb7e66c4-c7d9-47bc-b012-55208ce85555 dce585158ee544c7a1795b12c07085b6 753c6a8bce8348b3a0f9b24ae8c941bc - - default default] 10.0.0.235 "PUT /v2.0/routers/be3f442a-329c-41b5-95af-c98fa01a9ffa/add_router_interface HTTP/1.1" status: 200 len: 503 time: 2.1418817
2026-07-01 08:49:18.838 9 INFO neutron.db.ovn_revision_numbers_db [None req-4a1af855-abfc-44cf-822e-65f484d4a3b7 c3b4c9e9bd0e464eb4294917c66792ad 04dfa4a7a975407fb4d8c293846a6a3c - - default default] Successfully bumped revision number for resource 4e5cfb41-7c66-4f6d-b301-3cf86a898399 (type: security_groups) to 1
2026-07-01 08:49:18.873 10 INFO neutron.wsgi [None req-53489371-3634-4d10-aa68-f6519dcbeed8 dce585158ee544c7a1795b12c07085b6 753c6a8bce8348b3a0f9b24ae8c941bc - - default default] 10.0.0.235 "GET /v2.0/ports/d7b0e3a9-26b5-41fa-bde8-bc6724f1dfa9 HTTP/1.1" status: 200 len: 1141 time: 0.1371028
2026-07-01 08:49:18.880 9 INFO neutron.db.ovn_revision_numbers_db [None req-4a1af855-abfc-44cf-822e-65f484d4a3b7 c3b4c9e9bd0e464eb4294917c66792ad 04dfa4a7a975407fb4d8c293846a6a3c - - default default] Successfully bumped revision number for resource 27ffcab6-9577-4191-9f71-667c2f43ea44 (type: security_group_rules) to 0
2026-07-01 08:49:18.902 9 INFO neutron.db.ovn_revision_numbers_db [None req-4a1af855-abfc-44cf-822e-65f484d4a3b7 c3b4c9e9bd0e464eb4294917c66792ad 04dfa4a7a975407fb4d8c293846a6a3c - - default default] Successfully bumped revision number for resource 4152eff1-2d6a-461f-9601-b771ef989393 (type: security_group_rules) to 0
2026-07-01 08:49:18.916 10 INFO neutron.wsgi [None req-b50241a7-97bc-4dfc-a3fd-f8cfda330038 dce585158ee544c7a1795b12c07085b6 753c6a8bce8348b3a0f9b24ae8c941bc - - default default] 10.0.0.235 "GET /v2.0/ports/d7b0e3a9-26b5-41fa-bde8-bc6724f1dfa9 HTTP/1.1" status: 200 len: 1141 time: 0.0375636
2026-07-01 08:49:18.924 10 INFO neutron.wsgi [None req-6b90d08e-a306-487c-af1b-d160835d0758 1027198ee6ec473b82ea8b2471bcf87e 365b79bc0c2849d48add9b222c8f6b11 - - default default] 10.0.0.235 "DELETE /v2.0/networks/43bc020a-ed73-43c0-a976-c05613930903 HTTP/1.1" status: 204 len: 168 time: 0.4815946
2026-07-01 08:49:18.956 9 INFO neutron.db.ovn_revision_numbers_db [None req-4a1af855-abfc-44cf-822e-65f484d4a3b7 c3b4c9e9bd0e464eb4294917c66792ad 04dfa4a7a975407fb4d8c293846a6a3c - - default default] Successfully bumped revision number for resource 780a5f42-d6ea-47d5-adfe-b517c376eb69 (type: security_group_rules) to 0
2026-07-01 08:49:18.962 9 INFO neutron.db.ovn_revision_numbers_db [None req-5fe65190-f355-4240-aa88-3c53cbc5a684 - - - - - -] Successfully bumped revision number for resource d7b0e3a9-26b5-41fa-bde8-bc6724f1dfa9 (type: ports) to 2
2026-07-01 08:49:19.021 9 INFO neutron.db.ovn_revision_numbers_db [None req-4a1af855-abfc-44cf-822e-65f484d4a3b7 c3b4c9e9bd0e464eb4294917c66792ad 04dfa4a7a975407fb4d8c293846a6a3c - - default default] Successfully bumped revision number for resource 9f8f1d7f-dcb0-4488-81b2-993d045ac03c (type: security_group_rules) to 0
2026-07-01 08:49:19.117 9 INFO neutron.db.segments_db [None req-4a1af855-abfc-44cf-822e-65f484d4a3b7 c3b4c9e9bd0e464eb4294917c66792ad 04dfa4a7a975407fb4d8c293846a6a3c - - default default] Added segment bd9e3d18-a756-4f59-a8e4-bc3196709e0b of type geneve for network edd0b891-7d52-40d3-95cf-407cdd0a9beb
2026-07-01 08:49:19.247 9 INFO neutron.db.ovn_revision_numbers_db [None req-5fe65190-f355-4240-aa88-3c53cbc5a684 - - - - - -] Successfully bumped revision number for resource d7b0e3a9-26b5-41fa-bde8-bc6724f1dfa9 (type: router_ports) to 2
2026-07-01 08:49:19.385 9 INFO neutron.db.ovn_revision_numbers_db [None req-4a1af855-abfc-44cf-822e-65f484d4a3b7 c3b4c9e9bd0e464eb4294917c66792ad 04dfa4a7a975407fb4d8c293846a6a3c - - default default] Successfully bumped revision number for resource edd0b891-7d52-40d3-95cf-407cdd0a9beb (type: networks) to 1
2026-07-01 08:49:19.590 9 INFO neutron.wsgi [-] 10.0.0.56 "GET / HTTP/1.1" status: 200 len: 247 time: 0.0016959
2026-07-01 08:49:19.592 9 INFO neutron.wsgi [-] 10.0.0.56 "GET / HTTP/1.1" status: 200 len: 247 time: 0.0014644
2026-07-01 08:49:19.688 9 INFO neutron.services.segments.plugin [-] Segment b442c204-7fd1-4209-afb1-980c0f56348c resource provider aggregate not found
2026-07-01 08:49:19.706 9 INFO neutron.services.segments.plugin [-] Segment b442c204-7fd1-4209-afb1-980c0f56348c resource provider aggregate not found
2026-07-01 08:49:19.717 9 INFO neutron.services.segments.plugin [-] Segment b442c204-7fd1-4209-afb1-980c0f56348c resource provider not found; error: Placement Client Error (4xx): {"errors": [{"status": 404, "title": "Not Found", "detail": "The resource could not be found.\n\n No resource provider with uuid b442c204-7fd1-4209-afb1-980c0f56348c found for delete ", "request_id": "req-4e463b54-1d8b-4ef7-9dae-94d743c235e3"}]}
2026-07-01 08:49:19.723 9 WARNING neutron.scheduler.dhcp_agent_scheduler [None req-4a1af855-abfc-44cf-822e-65f484d4a3b7 c3b4c9e9bd0e464eb4294917c66792ad 04dfa4a7a975407fb4d8c293846a6a3c - - default default] No more DHCP agents
2026-07-01 08:49:19.725 9 WARNING neutron.api.rpc.agentnotifiers.dhcp_rpc_agent_api [None req-4a1af855-abfc-44cf-822e-65f484d4a3b7 c3b4c9e9bd0e464eb4294917c66792ad 04dfa4a7a975407fb4d8c293846a6a3c - - default default] Unable to schedule network edd0b891-7d52-40d3-95cf-407cdd0a9beb: no agents available; will retry on subsequent port and subnet creation events.
2026-07-01 08:49:19.734 9 INFO neutron.services.segments.plugin [-] Segment b442c204-7fd1-4209-afb1-980c0f56348c resource provider not found; error: Placement Client Error (4xx): {"errors": [{"status": 404, "title": "Not Found", "detail": "The resource could not be found.\n\n No resource provider with uuid b442c204-7fd1-4209-afb1-980c0f56348c found for delete ", "request_id": "req-01c3baef-fabd-4b78-9fad-5156c51e483d"}]}
2026-07-01 08:49:19.766 9 INFO neutron.wsgi [None req-56878c6d-afef-412e-ac6a-b9a7eef4f047 1027198ee6ec473b82ea8b2471bcf87e 365b79bc0c2849d48add9b222c8f6b11 - - default default] 10.0.0.235 "DELETE /v2.0/networks/5d9aea19-20fd-4e0c-8783-744a1c3135d5 HTTP/1.1" status: 204 len: 168 time: 0.8198466
2026-07-01 08:49:19.844 9 INFO neutron.db.ovn_revision_numbers_db [None req-4a1af855-abfc-44cf-822e-65f484d4a3b7 c3b4c9e9bd0e464eb4294917c66792ad 04dfa4a7a975407fb4d8c293846a6a3c - - default default] Successfully bumped revision number for resource b0d8d1b3-1caf-40a1-baa5-d2a1eaddd2c7 (type: ports) to 1
2026-07-01 08:49:19.872 9 INFO neutron.wsgi [None req-4a1af855-abfc-44cf-822e-65f484d4a3b7 c3b4c9e9bd0e464eb4294917c66792ad 04dfa4a7a975407fb4d8c293846a6a3c - - default default] 10.0.0.235 "POST /v2.0/networks HTTP/1.1" status: 201 len: 838 time: 1.7082229
2026-07-01 08:49:19.887 9 WARNING neutron_lib.context [None req-12509e96-5818-4e72-b367-b1a7bf5540c8 c3b4c9e9bd0e464eb4294917c66792ad 04dfa4a7a975407fb4d8c293846a6a3c - - default default] Method 'is_advsvc' is deprecated since 2023.2 release (neutron-lib 3.8.0) and will be removed once support for the old RBAC API policies will be removed from Neutron. Please use method 'is_service_role' instead.
2026-07-01 08:49:19.980 10 INFO neutron.wsgi [None req-7af892f6-5123-4850-a750-2c83888cd86a dce585158ee544c7a1795b12c07085b6 753c6a8bce8348b3a0f9b24ae8c941bc - - default default] 10.0.0.235 "PUT /v2.0/routers/be3f442a-329c-41b5-95af-c98fa01a9ffa/remove_router_interface HTTP/1.1" status: 200 len: 503 time: 1.0539646 /var/lib/openstack/lib/python3.10/site-packages/pycadf/identifier.py:71: UserWarning: Invalid uuid: neutron. To ensure interoperability, identifiers should be a valid uuid. warnings.warn(('Invalid uuid: %s. To ensure interoperability, '
2026-07-01 08:49:20.022 10 INFO neutron.wsgi [None req-e31552df-31ae-40c4-b20a-ba711b471173 dce585158ee544c7a1795b12c07085b6 753c6a8bce8348b3a0f9b24ae8c941bc - - default default] 10.0.0.235 "GET /v2.0/ports?device_id=be3f442a-329c-41b5-95af-c98fa01a9ffa HTTP/1.1" status: 200 len: 205 time: 0.0317180
2026-07-01 08:49:20.211 9 WARNING neutron.scheduler.dhcp_agent_scheduler [None req-12509e96-5818-4e72-b367-b1a7bf5540c8 c3b4c9e9bd0e464eb4294917c66792ad 04dfa4a7a975407fb4d8c293846a6a3c - - default default] No more DHCP agents
2026-07-01 08:49:20.213 9 WARNING neutron.api.rpc.agentnotifiers.dhcp_rpc_agent_api [None req-12509e96-5818-4e72-b367-b1a7bf5540c8 c3b4c9e9bd0e464eb4294917c66792ad 04dfa4a7a975407fb4d8c293846a6a3c - - default default] Unable to schedule network edd0b891-7d52-40d3-95cf-407cdd0a9beb: no agents available; will retry on subsequent port and subnet creation events.
2026-07-01 08:49:20.334 10 INFO neutron.wsgi [None req-9ca9c25a-ed24-4f32-b182-ad8cdab014a0 dce585158ee544c7a1795b12c07085b6 753c6a8bce8348b3a0f9b24ae8c941bc - - default default] 10.0.0.235 "DELETE /v2.0/routers/be3f442a-329c-41b5-95af-c98fa01a9ffa HTTP/1.1" status: 204 len: 168 time: 0.3066769
2026-07-01 08:49:20.447 10 INFO neutron.services.segments.plugin [-] Segment 818e72e6-eb47-4ccb-bbd3-3e3fb934d585 resource provider aggregate not found
2026-07-01 08:49:20.461 10 INFO neutron.services.segments.plugin [-] Segment 818e72e6-eb47-4ccb-bbd3-3e3fb934d585 resource provider aggregate not found
2026-07-01 08:49:20.470 10 INFO neutron.services.segments.plugin [-] Segment 818e72e6-eb47-4ccb-bbd3-3e3fb934d585 resource provider not found; error: Placement Client Error (4xx): {"errors": [{"status": 404, "title": "Not Found", "detail": "The resource could not be found.\n\n No resource provider with uuid 818e72e6-eb47-4ccb-bbd3-3e3fb934d585 found for delete ", "request_id": "req-b19f59cf-3c96-43e8-ad13-a0e90c53d1c0"}]}
2026-07-01 08:49:20.481 10 INFO neutron.services.segments.plugin [-] Segment 818e72e6-eb47-4ccb-bbd3-3e3fb934d585 resource provider not found; error: Placement Client Error (4xx): {"errors": [{"status": 404, "title": "Not Found", "detail": "The resource could not be found.\n\n No resource provider with uuid 818e72e6-eb47-4ccb-bbd3-3e3fb934d585 found for delete ", "request_id": "req-f1ca6639-a499-4849-a498-895ab3e40923"}]}
2026-07-01 08:49:20.556 10 INFO neutron.wsgi [None req-d66a9803-5dda-4410-b032-861e1328dcaa 1027198ee6ec473b82ea8b2471bcf87e 365b79bc0c2849d48add9b222c8f6b11 - - default default] 10.0.0.235 "DELETE /v2.0/networks/36ab44eb-1fee-4157-a6a3-3e550ebde55f HTTP/1.1" status: 204 len: 168 time: 0.7830224
2026-07-01 08:49:20.667 10 INFO neutron.wsgi [None req-051b47b6-021a-4c7f-918c-298b7aae1856 dce585158ee544c7a1795b12c07085b6 753c6a8bce8348b3a0f9b24ae8c941bc - - default default] 10.0.0.235 "DELETE /v2.0/subnets/6616ad57-504e-4c71-aba8-a5d1c9ed8ec9 HTTP/1.1" status: 204 len: 168 time: 0.3266244
2026-07-01 08:49:21.106 9 INFO neutron.db.ovn_revision_numbers_db [None req-12509e96-5818-4e72-b367-b1a7bf5540c8 c3b4c9e9bd0e464eb4294917c66792ad 04dfa4a7a975407fb4d8c293846a6a3c - - default default] Successfully bumped revision number for resource b0d8d1b3-1caf-40a1-baa5-d2a1eaddd2c7 (type: ports) to 2
2026-07-01 08:49:21.148 9 INFO neutron.db.ovn_revision_numbers_db [None req-12509e96-5818-4e72-b367-b1a7bf5540c8 c3b4c9e9bd0e464eb4294917c66792ad 04dfa4a7a975407fb4d8c293846a6a3c - - default default] Successfully bumped revision number for resource 6c01e052-9176-4b20-9d59-1a1238c82976 (type: subnets) to 0
2026-07-01 08:49:21.176 9 INFO neutron.wsgi [None req-12509e96-5818-4e72-b367-b1a7bf5540c8 c3b4c9e9bd0e464eb4294917c66792ad 04dfa4a7a975407fb4d8c293846a6a3c - - default default] 10.0.0.235 "POST /v2.0/subnets HTTP/1.1" status: 201 len: 832 time: 1.2985382
2026-07-01 08:49:21.180 10 INFO neutron.wsgi [None req-f87801c7-046c-4d2c-880b-1f6f9199c56c 1027198ee6ec473b82ea8b2471bcf87e 365b79bc0c2849d48add9b222c8f6b11 - - default default] 10.0.0.235 "DELETE /v2.0/networks/4267a5f3-09fb-413c-a8f9-1543c5934754 HTTP/1.1" status: 204 len: 168 time: 0.6143675
2026-07-01 08:49:21.233 9 INFO neutron.wsgi [None req-82e4552b-08c0-4bf3-ac8b-472292f86fb1 87e1e3c2edb74eeca13fea0e8a0490c9 710092d1c28d4202973344ee732e0a7e - - default default] 10.0.0.235 "GET /v2.0/subnetpools?name=shared-default-subnetpool-v6 HTTP/1.1" status: 200 len: 212 time: 0.0502253
2026-07-01 08:49:21.247 9 WARNING neutron_lib.context [None req-5980889f-f945-477e-9e13-64fe092ff046 c3b4c9e9bd0e464eb4294917c66792ad 04dfa4a7a975407fb4d8c293846a6a3c - - default default] Method 'is_advsvc' is deprecated since 2023.2 release (neutron-lib 3.8.0) and will be removed once support for the old RBAC API policies will be removed from Neutron. Please use method 'is_service_role' instead.
2026-07-01 08:49:21.301 10 INFO neutron.wsgi [None req-30e7b2cc-51b4-40bf-910b-76edcc95e1be dce585158ee544c7a1795b12c07085b6 753c6a8bce8348b3a0f9b24ae8c941bc - - default default] 10.0.0.235 "DELETE /v2.0/networks/dc59629f-0e64-4702-b616-9a794150fd0d HTTP/1.1" status: 204 len: 168 time: 0.6272330
