2026-07-01 08:47:02.479 10 INFO neutron.wsgi [req-3bf18547-16c7-44c1-8363-cfe517041ff5 req-260016f6-c47b-44bc-a429-ec10b9d12f94 93db0be75b3641bbb79a5f9a6b53bcba 4440df95f21a445eb9718be49c48bfc3 - - default default] 10.0.0.79 "GET /v2.0/security-groups?id=7360fcd4-1fe8-4590-a5a3-9b4f1b946dc4&fields=id&fields=name HTTP/1.1" status: 200 len: 312 time: 0.0865638
2026-07-01 08:47:02.662 10 INFO neutron.db.ovn_revision_numbers_db [req-8c7424df-d2b2-4387-8b1b-7616d6e6f68c req-62137d0b-1412-48b6-9288-259594461a47 9bace6ade53a42cc8a059d404d8c575b 42f8953e468046b4837051ad68060903 - - e2a361f18ee442689da9a86b65027798 e2a361f18ee442689da9a86b65027798] Successfully bumped revision number for resource 5b388c00-b51b-4746-b33a-b2afa6ee7082 (type: ports) to 2
2026-07-01 08:47:02.726 9 INFO neutron.services.segments.plugin [-] Segment 07b9225e-a50d-4426-ba85-f7189dba22cf resource provider aggregate not found
2026-07-01 08:47:02.732 9 INFO neutron.services.segments.plugin [-] Segment 07b9225e-a50d-4426-ba85-f7189dba22cf resource provider aggregate not found
2026-07-01 08:47:02.747 9 INFO neutron.services.segments.plugin [-] Segment 07b9225e-a50d-4426-ba85-f7189dba22cf resource provider not found; error: Placement Client Error (4xx): {"errors": [{"status": 404, "title": "Not Found", "detail": "The resource could not be found.\n\n No resource provider with uuid 07b9225e-a50d-4426-ba85-f7189dba22cf found for delete ", "request_id": "req-4a237a25-5c32-4403-adbd-bc376d72f444"}]}
2026-07-01 08:47:02.753 9 INFO neutron.services.segments.plugin [-] Segment 07b9225e-a50d-4426-ba85-f7189dba22cf resource provider not found; error: Placement Client Error (4xx): {"errors": [{"status": 404, "title": "Not Found", "detail": "The resource could not be found.\n\n No resource provider with uuid 07b9225e-a50d-4426-ba85-f7189dba22cf found for delete ", "request_id": "req-72f2d822-8b16-4396-9e0e-5ceac52f1b69"}]}
2026-07-01 08:47:02.793 9 INFO neutron.wsgi [None req-8fc44f5d-aefa-4480-9774-1c57bfd4bdd2 986250af6d52467c920ea5333cfa3b3e 19e70fe50e714497bcc711347f3e27f1 - - default default] 10.0.0.235 "DELETE /v2.0/networks/4c7a50cb-e516-4c5d-a39a-6edd40324a9b HTTP/1.1" status: 204 len: 168 time: 0.9879103
2026-07-01 08:47:02.909 10 INFO neutron.db.ovn_revision_numbers_db [req-8c7424df-d2b2-4387-8b1b-7616d6e6f68c req-62137d0b-1412-48b6-9288-259594461a47 9bace6ade53a42cc8a059d404d8c575b 42f8953e468046b4837051ad68060903 - - e2a361f18ee442689da9a86b65027798 e2a361f18ee442689da9a86b65027798] Successfully bumped revision number for resource 5b388c00-b51b-4746-b33a-b2afa6ee7082 (type: ports) to 2
2026-07-01 08:47:02.934 9 INFO neutron.wsgi [None req-96862c96-1f75-48d1-884a-604326dba04c 344b41bc29604e9ea19e1e941a5b575b 2aaaa9dd5d5a4cd9b36f42f7dba376f2 - - default default] 10.0.0.235 "POST /v2.0/floatingips HTTP/1.1" status: 201 len: 751 time: 1.2642934
2026-07-01 08:47:02.941 10 INFO neutron.wsgi [req-8c7424df-d2b2-4387-8b1b-7616d6e6f68c req-62137d0b-1412-48b6-9288-259594461a47 9bace6ade53a42cc8a059d404d8c575b 42f8953e468046b4837051ad68060903 - - e2a361f18ee442689da9a86b65027798 e2a361f18ee442689da9a86b65027798] 199.204.45.70 "PUT /v2.0/ports/5b388c00-b51b-4746-b33a-b2afa6ee7082 HTTP/1.1" status: 200 len: 1376 time: 0.9117930
2026-07-01 08:47:02.982 10 INFO neutron.notifiers.nova [-] Nova event matching ['req-80ef9610-8144-46c9-bb79-6b34d6b85254'] response: {'name': 'network-changed', 'server_uuid': '99032d4b-0863-46e9-b184-bf3f2d65c340', 'tag': '5b388c00-b51b-4746-b33a-b2afa6ee7082', 'status': 'completed', 'code': 200} /var/lib/openstack/lib/python3.10/site-packages/pycadf/identifier.py:71: UserWarning: Invalid uuid: neutron. To ensure interoperability, identifiers should be a valid uuid. warnings.warn(('Invalid uuid: %s. To ensure interoperability, '
2026-07-01 08:47:03.034 10 INFO neutron.wsgi [req-8c7424df-d2b2-4387-8b1b-7616d6e6f68c req-9a572f15-201f-42a6-b455-b5f5430df9fc 9bace6ade53a42cc8a059d404d8c575b 42f8953e468046b4837051ad68060903 - - e2a361f18ee442689da9a86b65027798 e2a361f18ee442689da9a86b65027798] 199.204.45.70 "GET /v2.0/ports?tenant_id=4440df95f21a445eb9718be49c48bfc3&device_id=99032d4b-0863-46e9-b184-bf3f2d65c340 HTTP/1.1" status: 200 len: 1407 time: 0.0482821
2026-07-01 08:47:03.066 10 INFO neutron.wsgi [req-8c7424df-d2b2-4387-8b1b-7616d6e6f68c req-53c3e7d6-24a7-4f1b-b594-3064db26eeb2 9bace6ade53a42cc8a059d404d8c575b 42f8953e468046b4837051ad68060903 - - e2a361f18ee442689da9a86b65027798 e2a361f18ee442689da9a86b65027798] 199.204.45.70 "GET /v2.0/floatingips?fixed_ip_address=10.100.0.9&port_id=5b388c00-b51b-4746-b33a-b2afa6ee7082 HTTP/1.1" status: 200 len: 217 time: 0.0244622
2026-07-01 08:47:03.115 10 INFO neutron.wsgi [req-8c7424df-d2b2-4387-8b1b-7616d6e6f68c req-392981cf-51e4-41f4-9c61-ca1559299ff9 9bace6ade53a42cc8a059d404d8c575b 42f8953e468046b4837051ad68060903 - - e2a361f18ee442689da9a86b65027798 e2a361f18ee442689da9a86b65027798] 199.204.45.70 "GET /v2.0/subnets?id=0d2d04ed-a712-42ce-b98b-0eaac99aafb6 HTTP/1.1" status: 200 len: 863 time: 0.0376258
2026-07-01 08:47:03.153 10 INFO neutron.wsgi [req-8c7424df-d2b2-4387-8b1b-7616d6e6f68c req-e561c1d2-860f-4ae9-8267-08a9ddeb4822 9bace6ade53a42cc8a059d404d8c575b 42f8953e468046b4837051ad68060903 - - e2a361f18ee442689da9a86b65027798 e2a361f18ee442689da9a86b65027798] 199.204.45.70 "GET /v2.0/ports?network_id=8c5c9924-f2d6-45d2-88bd-fe06c7af1594&device_owner=network%3Adhcp HTTP/1.1" status: 200 len: 210 time: 0.0267684
2026-07-01 08:47:03.239 10 INFO neutron.wsgi [req-8c7424df-d2b2-4387-8b1b-7616d6e6f68c req-de1f4735-6fce-4fa6-997f-3999e6be58dd 9bace6ade53a42cc8a059d404d8c575b 42f8953e468046b4837051ad68060903 - - e2a361f18ee442689da9a86b65027798 e2a361f18ee442689da9a86b65027798] 199.204.45.70 "GET /v2.0/networks/8c5c9924-f2d6-45d2-88bd-fe06c7af1594?fields=segments HTTP/1.1" status: 200 len: 212 time: 0.0784411
2026-07-01 08:47:03.315 10 INFO neutron.wsgi [req-8c7424df-d2b2-4387-8b1b-7616d6e6f68c req-c9b71bca-c47b-4f8f-9246-a182c324bc2b 9bace6ade53a42cc8a059d404d8c575b 42f8953e468046b4837051ad68060903 - - e2a361f18ee442689da9a86b65027798 e2a361f18ee442689da9a86b65027798] 199.204.45.70 "GET /v2.0/networks/8c5c9924-f2d6-45d2-88bd-fe06c7af1594?fields=provider%3Aphysical_network&fields=provider%3Anetwork_type HTTP/1.1" status: 200 len: 277 time: 0.0681806
2026-07-01 08:47:03.336 9 INFO neutron.wsgi [None req-07180e0f-77c3-4db8-94bb-d70127912f26 986250af6d52467c920ea5333cfa3b3e 19e70fe50e714497bcc711347f3e27f1 - - default default] 10.0.0.235 "DELETE /v2.0/networks/5f5e664e-1bde-48a2-b1be-a61ade533b14 HTTP/1.1" status: 204 len: 168 time: 0.5333517
2026-07-01 08:47:03.350 9 WARNING neutron_lib.context [None req-14650212-e758-45e0-9edf-807d1e6deda5 986250af6d52467c920ea5333cfa3b3e 19e70fe50e714497bcc711347f3e27f1 - - default default] Method 'is_advsvc' is deprecated since 2023.2 release (neutron-lib 3.8.0) and will be removed once support for the old RBAC API policies will be removed from Neutron. Please use method 'is_service_role' instead.
2026-07-01 08:47:03.444 10 INFO neutron.wsgi [req-1bfd587d-ab88-4d2d-9be5-0a3bec6e4d4e req-bb88a518-153b-49e8-b163-7d93db6ff323 9bace6ade53a42cc8a059d404d8c575b 42f8953e468046b4837051ad68060903 - - e2a361f18ee442689da9a86b65027798 e2a361f18ee442689da9a86b65027798] 199.204.45.70 "GET /v2.0/ports?tenant_id=4440df95f21a445eb9718be49c48bfc3&device_id=99032d4b-0863-46e9-b184-bf3f2d65c340 HTTP/1.1" status: 200 len: 1407 time: 0.0564587
2026-07-01 08:47:03.458 9 INFO neutron.db.segments_db [None req-14650212-e758-45e0-9edf-807d1e6deda5 986250af6d52467c920ea5333cfa3b3e 19e70fe50e714497bcc711347f3e27f1 - - default default] Added segment dacd3bbc-84a2-4ffb-a6c9-4c0a670f6638 of type geneve for network 2d0c59aa-6e4b-43cb-bad8-1ad5e8e37361
2026-07-01 08:47:03.485 10 INFO neutron.wsgi [req-ae2c97fc-fa65-4fc9-8530-67f075323df1 req-fbb386fb-6c6c-4ae7-a976-06d0b6e71067 344b41bc29604e9ea19e1e941a5b575b 2aaaa9dd5d5a4cd9b36f42f7dba376f2 - - default default] 10.0.0.79 "GET /v2.0/security-groups?name=tempest-securitygroup--1419310482&fields=id&tenant_id=2aaaa9dd5d5a4cd9b36f42f7dba376f2 HTTP/1.1" status: 200 len: 267 time: 0.0803843
2026-07-01 08:47:03.547 10 INFO neutron.wsgi [req-1bfd587d-ab88-4d2d-9be5-0a3bec6e4d4e req-280c9ab8-fb12-42e9-936e-ae6e2fdf7c39 9bace6ade53a42cc8a059d404d8c575b 42f8953e468046b4837051ad68060903 - - e2a361f18ee442689da9a86b65027798 e2a361f18ee442689da9a86b65027798] 199.204.45.70 "GET /v2.0/networks?id=8c5c9924-f2d6-45d2-88bd-fe06c7af1594 HTTP/1.1" status: 200 len: 967 time: 0.0943408
2026-07-01 08:47:03.593 10 INFO neutron.plugins.ml2.drivers.ovn.mech_driver.mech_driver [None req-fa2271e7-6c14-4c76-acce-a0e636548aed - - - - - -] OVN reports status up for port: 5b388c00-b51b-4746-b33a-b2afa6ee7082
2026-07-01 08:47:03.596 10 INFO neutron.wsgi [req-1bfd587d-ab88-4d2d-9be5-0a3bec6e4d4e req-e4079481-772c-44bb-ac71-4a36232d9ff7 9bace6ade53a42cc8a059d404d8c575b 42f8953e468046b4837051ad68060903 - - e2a361f18ee442689da9a86b65027798 e2a361f18ee442689da9a86b65027798] 199.204.45.70 "GET /v2.0/floatingips?fixed_ip_address=10.100.0.9&port_id=5b388c00-b51b-4746-b33a-b2afa6ee7082 HTTP/1.1" status: 200 len: 217 time: 0.0429618
2026-07-01 08:47:03.641 10 INFO neutron.wsgi [req-ae2c97fc-fa65-4fc9-8530-67f075323df1 req-f98c7b4b-8379-46b9-a6e2-6d3ada729873 344b41bc29604e9ea19e1e941a5b575b 2aaaa9dd5d5a4cd9b36f42f7dba376f2 - - default default] 10.0.0.79 "GET /v2.0/networks?id=00cd3e86-a99d-4bc2-8eaa-12657f27d4a7 HTTP/1.1" status: 200 len: 875 time: 0.1415048
2026-07-01 08:47:03.656 10 INFO neutron.wsgi [req-08f20536-2cad-4aff-b008-bd8c6106624e req-e7aaaccb-00a1-49fe-b8a1-1d735c87199b 93db0be75b3641bbb79a5f9a6b53bcba 4440df95f21a445eb9718be49c48bfc3 - - default default] 10.0.0.79 "GET /v2.0/ports?device_id=99032d4b-0863-46e9-b184-bf3f2d65c340 HTTP/1.1" status: 200 len: 1168 time: 0.0872066
2026-07-01 08:47:03.660 10 INFO neutron.plugins.ml2.plugin [None req-fa2271e7-6c14-4c76-acce-a0e636548aed - - - - - -] Attempt 1 to provision port 5b388c00-b51b-4746-b33a-b2afa6ee7082
2026-07-01 08:47:03.665 9 INFO neutron.db.ovn_revision_numbers_db [None req-14650212-e758-45e0-9edf-807d1e6deda5 986250af6d52467c920ea5333cfa3b3e 19e70fe50e714497bcc711347f3e27f1 - - default default] Successfully bumped revision number for resource 2d0c59aa-6e4b-43cb-bad8-1ad5e8e37361 (type: networks) to 1
2026-07-01 08:47:03.700 10 INFO neutron.wsgi [req-1bfd587d-ab88-4d2d-9be5-0a3bec6e4d4e req-cae877a4-a545-4cc1-afb1-e0e2f5a9c61e 9bace6ade53a42cc8a059d404d8c575b 42f8953e468046b4837051ad68060903 - - e2a361f18ee442689da9a86b65027798 e2a361f18ee442689da9a86b65027798] 199.204.45.70 "GET /v2.0/subnets?id=0d2d04ed-a712-42ce-b98b-0eaac99aafb6 HTTP/1.1" status: 200 len: 863 time: 0.0881400
2026-07-01 08:47:03.705 10 INFO neutron.wsgi [req-ae2c97fc-fa65-4fc9-8530-67f075323df1 req-b9f129ef-69bc-4198-a678-c742ef5da8f2 344b41bc29604e9ea19e1e941a5b575b 2aaaa9dd5d5a4cd9b36f42f7dba376f2 - - default default] 10.0.0.79 "GET /v2.0/quotas/2aaaa9dd5d5a4cd9b36f42f7dba376f2 HTTP/1.1" status: 200 len: 491 time: 0.0482802
2026-07-01 08:47:03.755 10 INFO neutron.wsgi [req-1bfd587d-ab88-4d2d-9be5-0a3bec6e4d4e req-b4f72424-6d02-45e6-a7d3-5e92527cfd10 9bace6ade53a42cc8a059d404d8c575b 42f8953e468046b4837051ad68060903 - - e2a361f18ee442689da9a86b65027798 e2a361f18ee442689da9a86b65027798] 199.204.45.70 "GET /v2.0/ports?network_id=8c5c9924-f2d6-45d2-88bd-fe06c7af1594&device_owner=network%3Adhcp HTTP/1.1" status: 200 len: 210 time: 0.0475507
2026-07-01 08:47:03.773 10 INFO neutron.wsgi [req-08f20536-2cad-4aff-b008-bd8c6106624e req-02aa8258-f708-47ac-8db2-61dd6942ea0a 93db0be75b3641bbb79a5f9a6b53bcba 4440df95f21a445eb9718be49c48bfc3 - - default default] 10.0.0.79 "GET /v2.0/security-groups?id=7360fcd4-1fe8-4590-a5a3-9b4f1b946dc4&fields=id&fields=name HTTP/1.1" status: 200 len: 312 time: 0.1041980
2026-07-01 08:47:03.895 10 INFO neutron.wsgi [req-ae2c97fc-fa65-4fc9-8530-67f075323df1 req-53313049-f33b-413e-8581-a7dcd4e4e6b7 344b41bc29604e9ea19e1e941a5b575b 2aaaa9dd5d5a4cd9b36f42f7dba376f2 - - default default] 10.0.0.79 "GET /v2.0/ports?tenant_id=2aaaa9dd5d5a4cd9b36f42f7dba376f2&fields=id HTTP/1.1" status: 200 len: 302 time: 0.1824000
2026-07-01 08:47:03.902 10 INFO neutron.wsgi [req-1bfd587d-ab88-4d2d-9be5-0a3bec6e4d4e req-a8a94b35-da91-483a-8919-33292e6f0c4a 9bace6ade53a42cc8a059d404d8c575b 42f8953e468046b4837051ad68060903 - - e2a361f18ee442689da9a86b65027798 e2a361f18ee442689da9a86b65027798] 199.204.45.70 "GET /v2.0/networks/8c5c9924-f2d6-45d2-88bd-fe06c7af1594?fields=segments HTTP/1.1" status: 200 len: 212 time: 0.1355119
2026-07-01 08:47:03.930 9 WARNING neutron.scheduler.dhcp_agent_scheduler [None req-14650212-e758-45e0-9edf-807d1e6deda5 986250af6d52467c920ea5333cfa3b3e 19e70fe50e714497bcc711347f3e27f1 - - default default] No more DHCP agents
2026-07-01 08:47:03.932 9 WARNING neutron.api.rpc.agentnotifiers.dhcp_rpc_agent_api [None req-14650212-e758-45e0-9edf-807d1e6deda5 986250af6d52467c920ea5333cfa3b3e 19e70fe50e714497bcc711347f3e27f1 - - default default] Unable to schedule network 2d0c59aa-6e4b-43cb-bad8-1ad5e8e37361: no agents available; will retry on subsequent port and subnet creation events.
2026-07-01 08:47:04.057 9 INFO neutron.db.ovn_revision_numbers_db [None req-14650212-e758-45e0-9edf-807d1e6deda5 986250af6d52467c920ea5333cfa3b3e 19e70fe50e714497bcc711347f3e27f1 - - default default] Successfully bumped revision number for resource aeb73903-d400-46b8-b6ea-87c1c0e13ac5 (type: ports) to 1
2026-07-01 08:47:04.091 9 INFO neutron.wsgi [None req-14650212-e758-45e0-9edf-807d1e6deda5 986250af6d52467c920ea5333cfa3b3e 19e70fe50e714497bcc711347f3e27f1 - - default default] 10.0.0.235 "POST /v2.0/networks HTTP/1.1" status: 201 len: 828 time: 0.7454364
2026-07-01 08:47:04.103 9 WARNING neutron_lib.context [None req-b2864cfc-dba5-4379-825a-10e97f61e897 986250af6d52467c920ea5333cfa3b3e 19e70fe50e714497bcc711347f3e27f1 - - default default] Method 'is_advsvc' is deprecated since 2023.2 release (neutron-lib 3.8.0) and will be removed once support for the old RBAC API policies will be removed from Neutron. Please use method 'is_service_role' instead.
2026-07-01 08:47:04.384 10 INFO neutron.wsgi [req-1bfd587d-ab88-4d2d-9be5-0a3bec6e4d4e req-0368c486-0018-4d25-a226-12f1ccd2296b 9bace6ade53a42cc8a059d404d8c575b 42f8953e468046b4837051ad68060903 - - e2a361f18ee442689da9a86b65027798 e2a361f18ee442689da9a86b65027798] 199.204.45.70 "GET /v2.0/networks/8c5c9924-f2d6-45d2-88bd-fe06c7af1594?fields=provider%3Aphysical_network&fields=provider%3Anetwork_type HTTP/1.1" status: 200 len: 277 time: 0.4732282
2026-07-01 08:47:04.395 10 INFO neutron.wsgi [req-ae2c97fc-fa65-4fc9-8530-67f075323df1 req-2508f83c-614d-49fe-9cd4-342291474df6 9bace6ade53a42cc8a059d404d8c575b 42f8953e468046b4837051ad68060903 - - e2a361f18ee442689da9a86b65027798 e2a361f18ee442689da9a86b65027798] 10.0.0.79 "GET /v2.0/networks/00cd3e86-a99d-4bc2-8eaa-12657f27d4a7?fields=segments HTTP/1.1" status: 200 len: 212 time: 0.4824998
2026-07-01 08:47:04.516 10 INFO neutron.wsgi [req-ae2c97fc-fa65-4fc9-8530-67f075323df1 req-5f87efc3-b85d-404a-b518-6355b3354f9a 9bace6ade53a42cc8a059d404d8c575b 42f8953e468046b4837051ad68060903 - - e2a361f18ee442689da9a86b65027798 e2a361f18ee442689da9a86b65027798] 10.0.0.79 "GET /v2.0/networks/00cd3e86-a99d-4bc2-8eaa-12657f27d4a7?fields=provider%3Aphysical_network&fields=provider%3Anetwork_type HTTP/1.1" status: 200 len: 277 time: 0.1119301
2026-07-01 08:47:04.543 9 WARNING neutron.scheduler.dhcp_agent_scheduler [None req-b2864cfc-dba5-4379-825a-10e97f61e897 986250af6d52467c920ea5333cfa3b3e 19e70fe50e714497bcc711347f3e27f1 - - default default] No more DHCP agents
2026-07-01 08:47:04.549 9 WARNING neutron.api.rpc.agentnotifiers.dhcp_rpc_agent_api [None req-b2864cfc-dba5-4379-825a-10e97f61e897 986250af6d52467c920ea5333cfa3b3e 19e70fe50e714497bcc711347f3e27f1 - - default default] Unable to schedule network 2d0c59aa-6e4b-43cb-bad8-1ad5e8e37361: no agents available; will retry on subsequent port and subnet creation events.
2026-07-01 08:47:04.586 10 INFO neutron.wsgi [-] 10.0.0.56 "GET / HTTP/1.1" status: 200 len: 247 time: 0.0017438
2026-07-01 08:47:04.595 9 INFO neutron.wsgi [-] 10.0.0.56 "GET / HTTP/1.1" status: 200 len: 247 time: 0.0024598
2026-07-01 08:47:04.624 10 INFO neutron.db.ovn_revision_numbers_db [None req-fa2271e7-6c14-4c76-acce-a0e636548aed - - - - - -] Successfully bumped revision number for resource 5b388c00-b51b-4746-b33a-b2afa6ee7082 (type: ports) to 4 /var/lib/openstack/lib/python3.10/site-packages/pycadf/identifier.py:71: UserWarning: Invalid uuid: neutron. To ensure interoperability, identifiers should be a valid uuid. warnings.warn(('Invalid uuid: %s. To ensure interoperability, '
2026-07-01 08:47:04.780 9 INFO neutron.services.segments.plugin [-] Segment 3333d4f2-12c0-42ea-93c0-630cb8094a6e resource provider aggregate not found
2026-07-01 08:47:04.791 10 INFO neutron.wsgi [req-3cbf17bc-d2a4-4b39-ba5b-53c4ed716f5a req-aedf0a3c-f583-4908-83c6-2bf6900031bc 344b41bc29604e9ea19e1e941a5b575b 2aaaa9dd5d5a4cd9b36f42f7dba376f2 - - default default] 10.0.0.79 "GET /v2.0/ports?device_id=fbb09eb1-ab99-455f-9ed4-5b8b5a9059ea HTTP/1.1" status: 200 len: 210 time: 0.0310359
2026-07-01 08:47:04.792 9 INFO neutron.services.segments.plugin [-] Segment 3333d4f2-12c0-42ea-93c0-630cb8094a6e resource provider aggregate not found
2026-07-01 08:47:04.806 9 INFO neutron.services.segments.plugin [-] Segment 3333d4f2-12c0-42ea-93c0-630cb8094a6e resource provider not found; error: Placement Client Error (4xx): {"errors": [{"status": 404, "title": "Not Found", "detail": "The resource could not be found.\n\n No resource provider with uuid 3333d4f2-12c0-42ea-93c0-630cb8094a6e found for delete ", "request_id": "req-3edb7f0f-ebfa-49e4-8c4d-6a4a5c132d1a"}]}
2026-07-01 08:47:04.821 9 INFO neutron.services.segments.plugin [-] Segment 3333d4f2-12c0-42ea-93c0-630cb8094a6e resource provider not found; error: Placement Client Error (4xx): {"errors": [{"status": 404, "title": "Not Found", "detail": "The resource could not be found.\n\n No resource provider with uuid 3333d4f2-12c0-42ea-93c0-630cb8094a6e found for delete ", "request_id": "req-47f50b52-7027-4408-850b-02f8459b9b33"}]}
2026-07-01 08:47:04.956 10 INFO neutron.wsgi [req-ea6e8f91-5ba5-4971-a4c4-9fcda863790f req-caa71b3f-cb82-4dfb-aa1f-7e8d2b57f13b 93db0be75b3641bbb79a5f9a6b53bcba 4440df95f21a445eb9718be49c48bfc3 - - default default] 10.0.0.79 "GET /v2.0/ports?device_id=99032d4b-0863-46e9-b184-bf3f2d65c340 HTTP/1.1" status: 200 len: 1170 time: 0.0939522
2026-07-01 08:47:05.017 10 INFO neutron.wsgi [req-ea6e8f91-5ba5-4971-a4c4-9fcda863790f req-a42c6da8-64f5-41fd-8aca-d099bcd7d79f 93db0be75b3641bbb79a5f9a6b53bcba 4440df95f21a445eb9718be49c48bfc3 - - default default] 10.0.0.79 "GET /v2.0/security-groups?id=7360fcd4-1fe8-4590-a5a3-9b4f1b946dc4&fields=id&fields=name HTTP/1.1" status: 200 len: 312 time: 0.0535219
2026-07-01 08:47:05.031 10 INFO neutron.notifiers.nova [-] Nova event matching ['req-98b3ac25-6962-4f94-8682-790f5dad613d'] response: {'server_uuid': '99032d4b-0863-46e9-b184-bf3f2d65c340', 'name': 'network-vif-plugged', 'status': 'completed', 'tag': '5b388c00-b51b-4746-b33a-b2afa6ee7082', 'code': 200}
2026-07-01 08:47:05.031 10 INFO neutron.notifiers.nova [-] Nova event matching ['req-98b3ac25-6962-4f94-8682-790f5dad613d'] response: {'server_uuid': '99032d4b-0863-46e9-b184-bf3f2d65c340', 'name': 'network-vif-plugged', 'status': 'completed', 'tag': '5b388c00-b51b-4746-b33a-b2afa6ee7082', 'code': 200}
2026-07-01 08:47:05.230 9 INFO neutron.db.ovn_revision_numbers_db [None req-b2864cfc-dba5-4379-825a-10e97f61e897 986250af6d52467c920ea5333cfa3b3e 19e70fe50e714497bcc711347f3e27f1 - - default default] Successfully bumped revision number for resource aeb73903-d400-46b8-b6ea-87c1c0e13ac5 (type: ports) to 2
2026-07-01 08:47:05.311 9 INFO neutron.db.ovn_revision_numbers_db [None req-b2864cfc-dba5-4379-825a-10e97f61e897 986250af6d52467c920ea5333cfa3b3e 19e70fe50e714497bcc711347f3e27f1 - - default default] Successfully bumped revision number for resource 37c3dcea-7583-4ee1-8ac4-d0e46611cf24 (type: subnets) to 0
2026-07-01 08:47:05.337 9 INFO neutron.wsgi [None req-b2864cfc-dba5-4379-825a-10e97f61e897 986250af6d52467c920ea5333cfa3b3e 19e70fe50e714497bcc711347f3e27f1 - - default default] 10.0.0.235 "POST /v2.0/subnets HTTP/1.1" status: 201 len: 801 time: 1.2402213
2026-07-01 08:47:05.349 10 WARNING neutron_lib.context [None req-36648c9d-1733-4f70-94c6-423bb40409a2 986250af6d52467c920ea5333cfa3b3e 19e70fe50e714497bcc711347f3e27f1 - - default default] Method 'is_advsvc' is deprecated since 2023.2 release (neutron-lib 3.8.0) and will be removed once support for the old RBAC API policies will be removed from Neutron. Please use method 'is_service_role' instead.
2026-07-01 08:47:05.522 10 INFO neutron.db.ovn_revision_numbers_db [None req-36648c9d-1733-4f70-94c6-423bb40409a2 986250af6d52467c920ea5333cfa3b3e 19e70fe50e714497bcc711347f3e27f1 - - default default] Successfully bumped revision number for resource 66ce6d5e-2b1d-42ea-8b66-bb70a7e71673 (type: routers) to 1
2026-07-01 08:47:05.546 10 INFO neutron.wsgi [None req-36648c9d-1733-4f70-94c6-423bb40409a2 986250af6d52467c920ea5333cfa3b3e 19e70fe50e714497bcc711347f3e27f1 - - default default] 10.0.0.235 "POST /v2.0/routers HTTP/1.1" status: 201 len: 802 time: 0.2030787
2026-07-01 08:47:05.559 10 WARNING neutron_lib.context [None req-14b104f6-072c-47e0-ac12-6b54317c2541 986250af6d52467c920ea5333cfa3b3e 19e70fe50e714497bcc711347f3e27f1 - - default default] Method 'is_advsvc' is deprecated since 2023.2 release (neutron-lib 3.8.0) and will be removed once support for the old RBAC API policies will be removed from Neutron. Please use method 'is_service_role' instead.
2026-07-01 08:47:05.747 10 INFO neutron.wsgi [req-ae2c97fc-fa65-4fc9-8530-67f075323df1 req-7de67941-6e15-4d5e-a29b-a08c35f6fdd5 344b41bc29604e9ea19e1e941a5b575b 2aaaa9dd5d5a4cd9b36f42f7dba376f2 - - default default] 199.204.45.70 "GET /v2.0/networks?id=00cd3e86-a99d-4bc2-8eaa-12657f27d4a7 HTTP/1.1" status: 200 len: 875 time: 0.1187007
2026-07-01 08:47:05.816 10 INFO neutron.wsgi [req-ae2c97fc-fa65-4fc9-8530-67f075323df1 req-637c8ed6-8685-465c-bf49-b67c621e614b 344b41bc29604e9ea19e1e941a5b575b 2aaaa9dd5d5a4cd9b36f42f7dba376f2 - - default default] 199.204.45.70 "GET /v2.0/security-groups?fields=id&fields=name&tenant_id=2aaaa9dd5d5a4cd9b36f42f7dba376f2 HTTP/1.1" status: 200 len: 380 time: 0.0615716
2026-07-01 08:47:05.831 10 WARNING neutron_lib.context [req-ae2c97fc-fa65-4fc9-8530-67f075323df1 req-eb77d72a-2ae9-4916-819a-68d9f3f8651d 344b41bc29604e9ea19e1e941a5b575b 2aaaa9dd5d5a4cd9b36f42f7dba376f2 - - default default] Method 'is_advsvc' is deprecated since 2023.2 release (neutron-lib 3.8.0) and will be removed once support for the old RBAC API policies will be removed from Neutron. Please use method 'is_service_role' instead.
2026-07-01 08:47:05.923 10 INFO neutron.wsgi [req-7b85da5b-b3ca-400c-906d-dfac48f36671 req-e0164004-9808-4b73-a04a-e072032caaee 344b41bc29604e9ea19e1e941a5b575b 2aaaa9dd5d5a4cd9b36f42f7dba376f2 - - default default] 10.0.0.79 "GET /v2.0/ports?device_id=fbb09eb1-ab99-455f-9ed4-5b8b5a9059ea HTTP/1.1" status: 200 len: 210 time: 0.0282872
2026-07-01 08:47:05.977 9 WARNING neutron.plugins.ml2.drivers.ovn.mech_driver.ovsdb.ovn_client [None req-5fe65190-f355-4240-aa88-3c53cbc5a684 - - - - - -] No hosting information found for port f3aec7c6-0a4f-4cdd-8f45-4a4944938194: RuntimeError: No hosting information found for port f3aec7c6-0a4f-4cdd-8f45-4a4944938194 /var/lib/openstack/lib/python3.10/site-packages/pycadf/identifier.py:71: UserWarning: Invalid uuid: neutron. To ensure interoperability, identifiers should be a valid uuid. warnings.warn(('Invalid uuid: %s. To ensure interoperability, '
2026-07-01 08:47:06.134 10 WARNING neutron.scheduler.dhcp_agent_scheduler [None req-14b104f6-072c-47e0-ac12-6b54317c2541 986250af6d52467c920ea5333cfa3b3e 19e70fe50e714497bcc711347f3e27f1 - - default default] No more DHCP agents
2026-07-01 08:47:06.145 10 WARNING neutron.api.rpc.agentnotifiers.dhcp_rpc_agent_api [None req-14b104f6-072c-47e0-ac12-6b54317c2541 986250af6d52467c920ea5333cfa3b3e 19e70fe50e714497bcc711347f3e27f1 - - default default] Unable to schedule network 2d0c59aa-6e4b-43cb-bad8-1ad5e8e37361: no agents available; will retry on subsequent port and subnet creation events.
2026-07-01 08:47:06.184 10 INFO neutron.wsgi [req-a7a307a1-e0a8-4c30-8290-d5238245a5cd req-132805aa-fe0e-41f3-8f90-10e4fd60efd0 93db0be75b3641bbb79a5f9a6b53bcba 4440df95f21a445eb9718be49c48bfc3 - - default default] 10.0.0.79 "GET /v2.0/ports?device_id=99032d4b-0863-46e9-b184-bf3f2d65c340 HTTP/1.1" status: 200 len: 1170 time: 0.0844669 /var/lib/openstack/lib/python3.10/site-packages/pycadf/identifier.py:71: UserWarning: Invalid uuid: neutron. To ensure interoperability, identifiers should be a valid uuid. warnings.warn(('Invalid uuid: %s. To ensure interoperability, '
2026-07-01 08:47:06.317 10 INFO neutron.wsgi [req-a7a307a1-e0a8-4c30-8290-d5238245a5cd req-cb46a2e6-32ef-4565-b07e-4b4be18f3e40 93db0be75b3641bbb79a5f9a6b53bcba 4440df95f21a445eb9718be49c48bfc3 - - default default] 10.0.0.79 "GET /v2.0/security-groups?id=7360fcd4-1fe8-4590-a5a3-9b4f1b946dc4&fields=id&fields=name HTTP/1.1" status: 200 len: 312 time: 0.1239233
2026-07-01 08:47:06.481 10 INFO neutron.wsgi [req-87dc6147-bdbb-4016-babf-f2aa020c7d6f req-7019fcb3-1497-486f-9420-0a49d0b194d7 93db0be75b3641bbb79a5f9a6b53bcba 4440df95f21a445eb9718be49c48bfc3 - - default default] 10.0.0.79 "GET /v2.0/ports?device_id=99032d4b-0863-46e9-b184-bf3f2d65c340 HTTP/1.1" status: 200 len: 1170 time: 0.0798976
2026-07-01 08:47:06.509 10 WARNING neutron.scheduler.dhcp_agent_scheduler [req-ae2c97fc-fa65-4fc9-8530-67f075323df1 req-eb77d72a-2ae9-4916-819a-68d9f3f8651d 344b41bc29604e9ea19e1e941a5b575b 2aaaa9dd5d5a4cd9b36f42f7dba376f2 - - default default] No more DHCP agents
2026-07-01 08:47:06.519 10 WARNING neutron.api.rpc.agentnotifiers.dhcp_rpc_agent_api [req-ae2c97fc-fa65-4fc9-8530-67f075323df1 req-eb77d72a-2ae9-4916-819a-68d9f3f8651d 344b41bc29604e9ea19e1e941a5b575b 2aaaa9dd5d5a4cd9b36f42f7dba376f2 - - default default] Unable to schedule network 00cd3e86-a99d-4bc2-8eaa-12657f27d4a7: no agents available; will retry on subsequent port and subnet creation events.
2026-07-01 08:47:06.549 10 INFO neutron.db.ovn_revision_numbers_db [None req-14b104f6-072c-47e0-ac12-6b54317c2541 986250af6d52467c920ea5333cfa3b3e 19e70fe50e714497bcc711347f3e27f1 - - default default] Successfully bumped revision number for resource 39cfa46f-866c-465a-8777-7e72aaee49ec (type: ports) to 1
2026-07-01 08:47:06.607 10 INFO neutron.wsgi [None req-14b104f6-072c-47e0-ac12-6b54317c2541 986250af6d52467c920ea5333cfa3b3e 19e70fe50e714497bcc711347f3e27f1 - - default default] 10.0.0.235 "POST /v2.0/ports HTTP/1.1" status: 201 len: 1146 time: 1.0544639
2026-07-01 08:47:06.765 10 INFO neutron.db.ovn_revision_numbers_db [req-ae2c97fc-fa65-4fc9-8530-67f075323df1 req-eb77d72a-2ae9-4916-819a-68d9f3f8651d 344b41bc29604e9ea19e1e941a5b575b 2aaaa9dd5d5a4cd9b36f42f7dba376f2 - - default default] Successfully bumped revision number for resource c79d44cb-17b7-4306-a4f2-2339c5c572f6 (type: ports) to 1
2026-07-01 08:47:06.808 10 INFO neutron.wsgi [req-ae2c97fc-fa65-4fc9-8530-67f075323df1 req-eb77d72a-2ae9-4916-819a-68d9f3f8651d 344b41bc29604e9ea19e1e941a5b575b 2aaaa9dd5d5a4cd9b36f42f7dba376f2 - - default default] 199.204.45.70 "POST /v2.0/ports HTTP/1.1" status: 201 len: 1158 time: 0.9850140 /var/lib/openstack/lib/python3.10/site-packages/pycadf/identifier.py:71: UserWarning: Invalid uuid: neutron. To ensure interoperability, identifiers should be a valid uuid. warnings.warn(('Invalid uuid: %s. To ensure interoperability, '
2026-07-01 08:47:07.073 10 INFO neutron.wsgi [req-d0a5e1a0-b21e-4022-9c61-e0d1c68939b4 req-0d6280eb-12a2-44d2-87f1-8c2d46f73cc9 344b41bc29604e9ea19e1e941a5b575b 2aaaa9dd5d5a4cd9b36f42f7dba376f2 - - default default] 10.0.0.79 "GET /v2.0/ports?device_id=fbb09eb1-ab99-455f-9ed4-5b8b5a9059ea HTTP/1.1" status: 200 len: 1156 time: 0.0614436
2026-07-01 08:47:07.150 10 INFO neutron.wsgi [req-d0a5e1a0-b21e-4022-9c61-e0d1c68939b4 req-81d98bc0-e503-4485-b5b3-2bd20676e52d 344b41bc29604e9ea19e1e941a5b575b 2aaaa9dd5d5a4cd9b36f42f7dba376f2 - - default default] 10.0.0.79 "GET /v2.0/security-groups?id=a3519f96-9747-4a13-9f59-ee61fb7526cc&fields=id&fields=name HTTP/1.1" status: 200 len: 313 time: 0.0691068
2026-07-01 08:47:07.194 10 INFO neutron.db.ovn_revision_numbers_db [None req-13ddcd11-dcf6-469e-b286-89783e7da36e 55a5c6c56fb943e2a14e1ac6b25eeb85 2bcdf5accffc4304b39fe6804f571679 - - default default] Successfully bumped revision number for resource c59646fd-29d3-4a41-8a00-bd3294ef7f2d (type: security_groups) to 1
2026-07-01 08:47:07.227 10 INFO neutron.db.ovn_revision_numbers_db [None req-13ddcd11-dcf6-469e-b286-89783e7da36e 55a5c6c56fb943e2a14e1ac6b25eeb85 2bcdf5accffc4304b39fe6804f571679 - - default default] Successfully bumped revision number for resource 490926e2-bcf4-4589-b33b-cf068694a7b7 (type: security_group_rules) to 0
2026-07-01 08:47:07.254 10 INFO neutron.db.ovn_revision_numbers_db [None req-13ddcd11-dcf6-469e-b286-89783e7da36e 55a5c6c56fb943e2a14e1ac6b25eeb85 2bcdf5accffc4304b39fe6804f571679 - - default default] Successfully bumped revision number for resource 733d094e-e8fc-428f-81e5-cb74d460588c (type: security_group_rules) to 0
2026-07-01 08:47:07.273 10 INFO neutron.db.ovn_revision_numbers_db [None req-13ddcd11-dcf6-469e-b286-89783e7da36e 55a5c6c56fb943e2a14e1ac6b25eeb85 2bcdf5accffc4304b39fe6804f571679 - - default default] Successfully bumped revision number for resource 7e01fc07-a078-4c8e-ba15-410befb8d4da (type: security_group_rules) to 0
2026-07-01 08:47:07.293 10 INFO neutron.db.ovn_revision_numbers_db [None req-13ddcd11-dcf6-469e-b286-89783e7da36e 55a5c6c56fb943e2a14e1ac6b25eeb85 2bcdf5accffc4304b39fe6804f571679 - - default default] Successfully bumped revision number for resource 9a71ac48-aa4e-4697-87e7-a6db735df595 (type: security_group_rules) to 0
2026-07-01 08:47:07.332 10 INFO neutron.wsgi [None req-13ddcd11-dcf6-469e-b286-89783e7da36e 55a5c6c56fb943e2a14e1ac6b25eeb85 2bcdf5accffc4304b39fe6804f571679 - - default default] 10.0.0.235 "GET /v2.0/security-groups?tenant_id=a04e7bd0479d4ed78907bd311f784bfb&name=default HTTP/1.1" status: 200 len: 3120 time: 0.6386409 /var/lib/openstack/lib/python3.10/site-packages/pycadf/identifier.py:71: UserWarning: Invalid uuid: neutron. To ensure interoperability, identifiers should be a valid uuid. warnings.warn(('Invalid uuid: %s. To ensure interoperability, '
2026-07-01 08:47:07.434 10 INFO neutron.db.ovn_revision_numbers_db [req-ae2c97fc-fa65-4fc9-8530-67f075323df1 req-0fe5ee81-0155-405f-9c25-e5a66e316c12 9bace6ade53a42cc8a059d404d8c575b 42f8953e468046b4837051ad68060903 - - e2a361f18ee442689da9a86b65027798 e2a361f18ee442689da9a86b65027798] Successfully bumped revision number for resource c79d44cb-17b7-4306-a4f2-2339c5c572f6 (type: ports) to 2
2026-07-01 08:47:07.754 10 INFO neutron.wsgi [None req-b3443e0b-d24f-42d6-8e33-640d811b361b 55a5c6c56fb943e2a14e1ac6b25eeb85 2bcdf5accffc4304b39fe6804f571679 - - default default] 10.0.0.235 "DELETE /v2.0/security-groups/c59646fd-29d3-4a41-8a00-bd3294ef7f2d HTTP/1.1" status: 204 len: 168 time: 0.4109716
2026-07-01 08:47:07.769 10 INFO neutron.db.ovn_revision_numbers_db [req-ae2c97fc-fa65-4fc9-8530-67f075323df1 req-0fe5ee81-0155-405f-9c25-e5a66e316c12 9bace6ade53a42cc8a059d404d8c575b 42f8953e468046b4837051ad68060903 - - e2a361f18ee442689da9a86b65027798 e2a361f18ee442689da9a86b65027798] Successfully bumped revision number for resource c79d44cb-17b7-4306-a4f2-2339c5c572f6 (type: ports) to 2
2026-07-01 08:47:07.789 10 INFO neutron.wsgi [req-ae2c97fc-fa65-4fc9-8530-67f075323df1 req-0fe5ee81-0155-405f-9c25-e5a66e316c12 9bace6ade53a42cc8a059d404d8c575b 42f8953e468046b4837051ad68060903 - - e2a361f18ee442689da9a86b65027798 e2a361f18ee442689da9a86b65027798] 199.204.45.70 "PUT /v2.0/ports/c79d44cb-17b7-4306-a4f2-2339c5c572f6 HTTP/1.1" status: 200 len: 1376 time: 0.9703693
2026-07-01 08:47:07.838 10 INFO neutron.notifiers.nova [-] Nova event matching ['req-5ee23dee-04b3-4f3a-bf8c-9417f87a0622'] response: {'name': 'network-changed', 'server_uuid': 'fbb09eb1-ab99-455f-9ed4-5b8b5a9059ea', 'tag': 'c79d44cb-17b7-4306-a4f2-2339c5c572f6', 'status': 'completed', 'code': 200} /var/lib/openstack/lib/python3.10/site-packages/pycadf/identifier.py:71: UserWarning: Invalid uuid: neutron. To ensure interoperability, identifiers should be a valid uuid. warnings.warn(('Invalid uuid: %s. To ensure interoperability, '
2026-07-01 08:47:07.900 10 INFO neutron.wsgi [req-ae2c97fc-fa65-4fc9-8530-67f075323df1 req-11be55fc-1868-41ea-ad6b-0c4652022162 9bace6ade53a42cc8a059d404d8c575b 42f8953e468046b4837051ad68060903 - - e2a361f18ee442689da9a86b65027798 e2a361f18ee442689da9a86b65027798] 199.204.45.70 "GET /v2.0/ports?tenant_id=2aaaa9dd5d5a4cd9b36f42f7dba376f2&device_id=fbb09eb1-ab99-455f-9ed4-5b8b5a9059ea HTTP/1.1" status: 200 len: 1407 time: 0.0514429
2026-07-01 08:47:07.945 10 INFO neutron.wsgi [req-ae2c97fc-fa65-4fc9-8530-67f075323df1 req-72f7b814-4a1f-4639-b40d-040a5008ecf1 9bace6ade53a42cc8a059d404d8c575b 42f8953e468046b4837051ad68060903 - - e2a361f18ee442689da9a86b65027798 e2a361f18ee442689da9a86b65027798] 199.204.45.70 "GET /v2.0/floatingips?fixed_ip_address=10.100.0.4&port_id=c79d44cb-17b7-4306-a4f2-2339c5c572f6 HTTP/1.1" status: 200 len: 217 time: 0.0345697
2026-07-01 08:47:07.950 9 ERROR ovsdbapp.backend.ovs_idl.command [None req-391c6a66-1c12-4ad0-99ae-5ad260eddb1e 986250af6d52467c920ea5333cfa3b3e 19e70fe50e714497bcc711347f3e27f1 - - default default] Error executing command (DbGetCommand): ovsdbapp.backend.ovs_idl.idlutils.RowNotFound: Cannot find Logical_Router_Port with name=lrp-39cfa46f-866c-465a-8777-7e72aaee49ec
2026-07-01 08:47:07.950 9 ERROR ovsdbapp.backend.ovs_idl.command
Traceback (most recent call last):
2026-07-01 08:47:07.950 9 ERROR ovsdbapp.backend.ovs_idl.command
File "/var/lib/openstack/lib/python3.10/site-packages/ovsdbapp/backend/ovs_idl/command.py", line 47, in execute
2026-07-01 08:47:07.950 9 ERROR ovsdbapp.backend.ovs_idl.command self.run_idl(None)
2026-07-01 08:47:07.950 9 ERROR ovsdbapp.backend.ovs_idl.command
File "/var/lib/openstack/lib/python3.10/site-packages/ovsdbapp/backend/ovs_idl/command.py", line 235, in run_idl
2026-07-01 08:47:07.950 9 ERROR ovsdbapp.backend.ovs_idl.command record = self.api.lookup(self.table, self.record)
2026-07-01 08:47:07.950 9 ERROR ovsdbapp.backend.ovs_idl.command
File "/var/lib/openstack/lib/python3.10/site-packages/ovsdbapp/backend/ovs_idl/__init__.py", line 184, in lookup
2026-07-01 08:47:07.950 9 ERROR ovsdbapp.backend.ovs_idl.command return self._lookup(table, record)
2026-07-01 08:47:07.950 9 ERROR ovsdbapp.backend.ovs_idl.command
File "/var/lib/openstack/lib/python3.10/site-packages/ovsdbapp/backend/ovs_idl/__init__.py", line 235, in _lookup
2026-07-01 08:47:07.950 9 ERROR ovsdbapp.backend.ovs_idl.command row = idlutils.row_by_value(self, rl.table, rl.column, record)
2026-07-01 08:47:07.950 9 ERROR ovsdbapp.backend.ovs_idl.command
File "/var/lib/openstack/lib/python3.10/site-packages/ovsdbapp/backend/ovs_idl/idlutils.py", line 114, in row_by_value
2026-07-01 08:47:07.950 9 ERROR ovsdbapp.backend.ovs_idl.command raise RowNotFound(table=table, col=column, match=match)
2026-07-01 08:47:07.950 9 ERROR ovsdbapp.backend.ovs_idl.command ovsdbapp.backend.ovs_idl.idlutils.RowNotFound: Cannot find Logical_Router_Port with name=lrp-39cfa46f-866c-465a-8777-7e72aaee49ec
2026-07-01 08:47:07.950 9 ERROR ovsdbapp.backend.ovs_idl.command 
2026-07-01 08:47:07.950 9 ERROR neutron_lib.callbacks.manager [None req-391c6a66-1c12-4ad0-99ae-5ad260eddb1e 986250af6d52467c920ea5333cfa3b3e 19e70fe50e714497bcc711347f3e27f1 - - default default] Error during notification for neutron.services.ovn_l3.plugin.OVNL3RouterPlugin._port_update-8794958775014 port, after_update: ovsdbapp.backend.ovs_idl.idlutils.RowNotFound: Cannot find Logical_Router_Port with name=lrp-39cfa46f-866c-465a-8777-7e72aaee49ec
2026-07-01 08:47:07.950 9 ERROR neutron_lib.callbacks.manager
Traceback (most recent call last):
2026-07-01 08:47:07.950 9 ERROR neutron_lib.callbacks.manager
File "/var/lib/openstack/lib/python3.10/site-packages/neutron_lib/callbacks/manager.py", line 189, in _notify_loop
2026-07-01 08:47:07.950 9 ERROR neutron_lib.callbacks.manager callback.method(resource, event, trigger, payload=payload)
2026-07-01 08:47:07.950 9 ERROR neutron_lib.callbacks.manager
File "/var/lib/openstack/lib/python3.10/site-packages/neutron/services/ovn_l3/plugin.py", line 391, in _port_update
2026-07-01 08:47:07.950 9 ERROR neutron_lib.callbacks.manager l3plugin._ovn_client.update_router_port(context,
2026-07-01 08:47:07.950 9 ERROR neutron_lib.callbacks.manager
File "/var/lib/openstack/lib/python3.10/site-packages/neutron/plugins/ml2/drivers/ovn/mech_driver/ovsdb/ovn_client.py", line 1878, in update_router_port
2026-07-01 08:47:07.950 9 ERROR neutron_lib.callbacks.manager self._update_lrouter_port(context, port, if_exists=if_exists,
2026-07-01 08:47:07.950 9 ERROR neutron_lib.callbacks.manager
File "/var/lib/openstack/lib/python3.10/site-packages/neutron/plugins/ml2/drivers/ovn/mech_driver/ovsdb/ovn_client.py", line 1855, in _update_lrouter_port
2026-07-01 08:47:07.950 9 ERROR neutron_lib.callbacks.manager external_ids = self._nb_idl.db_get(
2026-07-01 08:47:07.950 9 ERROR neutron_lib.callbacks.manager
File "/var/lib/openstack/lib/python3.10/site-packages/ovsdbapp/backend/ovs_idl/command.py", line 47, in execute
2026-07-01 08:47:07.950 9 ERROR neutron_lib.callbacks.manager self.run_idl(None)
2026-07-01 08:47:07.950 9 ERROR neutron_lib.callbacks.manager
File "/var/lib/openstack/lib/python3.10/site-packages/ovsdbapp/backend/ovs_idl/command.py", line 235, in run_idl
2026-07-01 08:47:07.950 9 ERROR neutron_lib.callbacks.manager record = self.api.lookup(self.table, self.record)
2026-07-01 08:47:07.950 9 ERROR neutron_lib.callbacks.manager
File "/var/lib/openstack/lib/python3.10/site-packages/ovsdbapp/backend/ovs_idl/__init__.py", line 184, in lookup
2026-07-01 08:47:07.950 9 ERROR neutron_lib.callbacks.manager return self._lookup(table, record)
2026-07-01 08:47:07.950 9 ERROR neutron_lib.callbacks.manager
File "/var/lib/openstack/lib/python3.10/site-packages/ovsdbapp/backend/ovs_idl/__init__.py", line 235, in _lookup
2026-07-01 08:47:07.950 9 ERROR neutron_lib.callbacks.manager row = idlutils.row_by_value(self, rl.table, rl.column, record)
2026-07-01 08:47:07.950 9 ERROR neutron_lib.callbacks.manager
File "/var/lib/openstack/lib/python3.10/site-packages/ovsdbapp/backend/ovs_idl/idlutils.py", line 114, in row_by_value
2026-07-01 08:47:07.950 9 ERROR neutron_lib.callbacks.manager raise RowNotFound(table=table, col=column, match=match)
2026-07-01 08:47:07.950 9 ERROR neutron_lib.callbacks.manager ovsdbapp.backend.ovs_idl.idlutils.RowNotFound: Cannot find Logical_Router_Port with name=lrp-39cfa46f-866c-465a-8777-7e72aaee49ec
2026-07-01 08:47:07.950 9 ERROR neutron_lib.callbacks.manager 
2026-07-01 08:47:07.987 9 INFO neutron.db.ovn_revision_numbers_db [None req-fb9d8ad7-02b7-4071-a767-63353aeb023a 93db0be75b3641bbb79a5f9a6b53bcba 4440df95f21a445eb9718be49c48bfc3 - - default default] Successfully bumped revision number for resource 8ac1b316-237f-4620-9a98-362ed561378b (type: floatingips) to 1
2026-07-01 08:47:07.993 10 INFO neutron.wsgi [req-ae2c97fc-fa65-4fc9-8530-67f075323df1 req-7e856326-f3af-427e-b487-1a7fe9951990 9bace6ade53a42cc8a059d404d8c575b 42f8953e468046b4837051ad68060903 - - e2a361f18ee442689da9a86b65027798 e2a361f18ee442689da9a86b65027798] 199.204.45.70 "GET /v2.0/subnets?id=8f7f05a3-525f-45a3-828e-6f94fceacc24 HTTP/1.1" status: 200 len: 869 time: 0.0390053
2026-07-01 08:47:08.032 10 INFO neutron.wsgi [req-ae2c97fc-fa65-4fc9-8530-67f075323df1 req-c1dc3bca-8829-45f1-9f93-772ed4fd3269 9bace6ade53a42cc8a059d404d8c575b 42f8953e468046b4837051ad68060903 - - e2a361f18ee442689da9a86b65027798 e2a361f18ee442689da9a86b65027798] 199.204.45.70 "GET /v2.0/ports?network_id=00cd3e86-a99d-4bc2-8eaa-12657f27d4a7&device_owner=network%3Adhcp HTTP/1.1" status: 200 len: 210 time: 0.0311480
2026-07-01 08:47:08.142 10 INFO neutron.db.ovn_revision_numbers_db [None req-4d13ed0f-c155-4ecd-bee0-f10bffcc3650 55a5c6c56fb943e2a14e1ac6b25eeb85 2bcdf5accffc4304b39fe6804f571679 - - default default] Successfully bumped revision number for resource 80fcf084-2998-45c3-a62a-f6f0d82029be (type: security_groups) to 1
2026-07-01 08:47:08.147 10 INFO neutron.wsgi [req-ae2c97fc-fa65-4fc9-8530-67f075323df1 req-0a10fc94-100e-42c0-a915-cb75d45eb875 9bace6ade53a42cc8a059d404d8c575b 42f8953e468046b4837051ad68060903 - - e2a361f18ee442689da9a86b65027798 e2a361f18ee442689da9a86b65027798] 199.204.45.70 "GET /v2.0/networks/00cd3e86-a99d-4bc2-8eaa-12657f27d4a7?fields=segments HTTP/1.1" status: 200 len: 212 time: 0.1030893
2026-07-01 08:47:08.170 10 INFO neutron.db.ovn_revision_numbers_db [None req-4d13ed0f-c155-4ecd-bee0-f10bffcc3650 55a5c6c56fb943e2a14e1ac6b25eeb85 2bcdf5accffc4304b39fe6804f571679 - - default default] Successfully bumped revision number for resource 13d4aaf0-808f-456b-9cd2-804106aa8ad3 (type: security_group_rules) to 0
2026-07-01 08:47:08.193 10 INFO neutron.plugins.ml2.drivers.ovn.mech_driver.mech_driver [None req-fa2271e7-6c14-4c76-acce-a0e636548aed - - - - - -] OVN reports status up for port: 39cfa46f-866c-465a-8777-7e72aaee49ec
2026-07-01 08:47:08.206 10 INFO neutron.plugins.ml2.plugin [None req-fa2271e7-6c14-4c76-acce-a0e636548aed - - - - - -] Attempt 1 to provision port 39cfa46f-866c-465a-8777-7e72aaee49ec
2026-07-01 08:47:08.224 10 INFO neutron.db.ovn_revision_numbers_db [None req-4d13ed0f-c155-4ecd-bee0-f10bffcc3650 55a5c6c56fb943e2a14e1ac6b25eeb85 2bcdf5accffc4304b39fe6804f571679 - - default default] Successfully bumped revision number for resource 605f60d8-b18f-4c79-bab8-112f49fdcd91 (type: security_group_rules) to 0
2026-07-01 08:47:08.228 9 INFO neutron.db.ovn_revision_numbers_db [None req-391c6a66-1c12-4ad0-99ae-5ad260eddb1e 986250af6d52467c920ea5333cfa3b3e 19e70fe50e714497bcc711347f3e27f1 - - default default] Successfully bumped revision number for resource 39cfa46f-866c-465a-8777-7e72aaee49ec (type: ports) to 2
2026-07-01 08:47:08.238 9 INFO neutron.db.ovn_revision_numbers_db [None req-fb9d8ad7-02b7-4071-a767-63353aeb023a 93db0be75b3641bbb79a5f9a6b53bcba 4440df95f21a445eb9718be49c48bfc3 - - default default] Successfully bumped revision number for resource 8ac1b316-237f-4620-9a98-362ed561378b (type: floatingips) to 2
2026-07-01 08:47:08.238 9 INFO neutron.db.l3_db [None req-fb9d8ad7-02b7-4071-a767-63353aeb023a 93db0be75b3641bbb79a5f9a6b53bcba 4440df95f21a445eb9718be49c48bfc3 - - default default] Floating IP 8ac1b316-237f-4620-9a98-362ed561378b associated. External IP: 10.96.250.208, port: 5b388c00-b51b-4746-b33a-b2afa6ee7082.
2026-07-01 08:47:08.267 10 INFO neutron.wsgi [req-ae2c97fc-fa65-4fc9-8530-67f075323df1 req-9a223667-939d-4473-b339-9ec14c200e8b 9bace6ade53a42cc8a059d404d8c575b 42f8953e468046b4837051ad68060903 - - e2a361f18ee442689da9a86b65027798 e2a361f18ee442689da9a86b65027798] 199.204.45.70 "GET /v2.0/networks/00cd3e86-a99d-4bc2-8eaa-12657f27d4a7?fields=provider%3Aphysical_network&fields=provider%3Anetwork_type HTTP/1.1" status: 200 len: 277 time: 0.1132236
2026-07-01 08:47:08.284 10 INFO neutron.db.ovn_revision_numbers_db [None req-4d13ed0f-c155-4ecd-bee0-f10bffcc3650 55a5c6c56fb943e2a14e1ac6b25eeb85 2bcdf5accffc4304b39fe6804f571679 - - default default] Successfully bumped revision number for resource 7a3d7e38-88c2-4061-b6df-159d6dbd163d (type: security_group_rules) to 0
2026-07-01 08:47:08.286 9 INFO neutron.wsgi [None req-fb9d8ad7-02b7-4071-a767-63353aeb023a 93db0be75b3641bbb79a5f9a6b53bcba 4440df95f21a445eb9718be49c48bfc3 - - default default] 10.0.0.235 "PUT /v2.0/floatingips/8ac1b316-237f-4620-9a98-362ed561378b HTTP/1.1" status: 200 len: 1049 time: 1.7891796
2026-07-01 08:47:08.291 10 INFO neutron.wsgi [req-c9e22af8-4e32-4a56-9c66-2be349a3cdce req-bfd85965-5661-42cd-aa79-d25a674e6896 344b41bc29604e9ea19e1e941a5b575b 2aaaa9dd5d5a4cd9b36f42f7dba376f2 - - default default] 10.0.0.79 "GET /v2.0/ports?device_id=fbb09eb1-ab99-455f-9ed4-5b8b5a9059ea HTTP/1.1" status: 200 len: 1168 time: 0.0647554
2026-07-01 08:47:08.311 10 INFO neutron.db.ovn_revision_numbers_db [None req-4d13ed0f-c155-4ecd-bee0-f10bffcc3650 55a5c6c56fb943e2a14e1ac6b25eeb85 2bcdf5accffc4304b39fe6804f571679 - - default default] Successfully bumped revision number for resource ea619386-51a0-4cbc-98dd-51b92e3c02b0 (type: security_group_rules) to 0
2026-07-01 08:47:08.374 10 INFO neutron.wsgi [None req-4d13ed0f-c155-4ecd-bee0-f10bffcc3650 55a5c6c56fb943e2a14e1ac6b25eeb85 2bcdf5accffc4304b39fe6804f571679 - - default default] 10.0.0.235 "GET /v2.0/security-groups?tenant_id=319bc4be8e194f09af44ac6ae1aac526&name=default HTTP/1.1" status: 200 len: 3120 time: 0.4730361 /var/lib/openstack/lib/python3.10/site-packages/pycadf/identifier.py:71: UserWarning: Invalid uuid: neutron. To ensure interoperability, identifiers should be a valid uuid. warnings.warn(('Invalid uuid: %s. To ensure interoperability, '
2026-07-01 08:47:08.426 10 INFO neutron.wsgi [req-18efb11b-6792-40e7-b8f9-b062093999ed req-f7daa797-2328-44b7-a728-d2a1a7e2e199 9bace6ade53a42cc8a059d404d8c575b 42f8953e468046b4837051ad68060903 - - e2a361f18ee442689da9a86b65027798 e2a361f18ee442689da9a86b65027798] 199.204.45.70 "GET /v2.0/ports?tenant_id=2aaaa9dd5d5a4cd9b36f42f7dba376f2&device_id=fbb09eb1-ab99-455f-9ed4-5b8b5a9059ea HTTP/1.1" status: 200 len: 1407 time: 0.1076541
2026-07-01 08:47:08.439 10 INFO neutron.wsgi [req-c9e22af8-4e32-4a56-9c66-2be349a3cdce req-472e7568-3ba7-41ce-af69-0cdedbc4deda 344b41bc29604e9ea19e1e941a5b575b 2aaaa9dd5d5a4cd9b36f42f7dba376f2 - - default default] 10.0.0.79 "GET /v2.0/security-groups?id=a3519f96-9747-4a13-9f59-ee61fb7526cc&fields=id&fields=name HTTP/1.1" status: 200 len: 313 time: 0.1379888
2026-07-01 08:47:08.483 10 INFO neutron.wsgi [req-5032c892-f2e9-4500-9c6f-d477faf15707 req-6002015f-12f2-4f6f-8939-b233de20500e 93db0be75b3641bbb79a5f9a6b53bcba 4440df95f21a445eb9718be49c48bfc3 - - default default] 10.0.0.79 "GET /v2.0/ports?device_id=99032d4b-0863-46e9-b184-bf3f2d65c340 HTTP/1.1" status: 200 len: 1170 time: 0.1435971
2026-07-01 08:47:08.504 9 INFO neutron.notifiers.nova [-] Nova event matching ['req-690a3b61-9967-4a79-8a78-71199901d122'] response: {'name': 'network-changed', 'server_uuid': '99032d4b-0863-46e9-b184-bf3f2d65c340', 'tag': '5b388c00-b51b-4746-b33a-b2afa6ee7082', 'status': 'completed', 'code': 200}
2026-07-01 08:47:08.521 9 INFO neutron.plugins.ml2.drivers.ovn.mech_driver.mech_driver [None req-5fe65190-f355-4240-aa88-3c53cbc5a684 - - - - - -] OVN reports status up for port: c79d44cb-17b7-4306-a4f2-2339c5c572f6
2026-07-01 08:47:08.578 9 INFO neutron.plugins.ml2.plugin [None req-5fe65190-f355-4240-aa88-3c53cbc5a684 - - - - - -] Attempt 1 to provision port c79d44cb-17b7-4306-a4f2-2339c5c572f6
2026-07-01 08:47:08.607 10 INFO neutron.wsgi [req-5032c892-f2e9-4500-9c6f-d477faf15707 req-203256a8-7cd0-4332-ba81-a2f2e9aec273 93db0be75b3641bbb79a5f9a6b53bcba 4440df95f21a445eb9718be49c48bfc3 - - default default] 10.0.0.79 "GET /v2.0/security-groups?id=7360fcd4-1fe8-4590-a5a3-9b4f1b946dc4&fields=id&fields=name HTTP/1.1" status: 200 len: 312 time: 0.1150620
2026-07-01 08:47:08.648 10 INFO neutron.wsgi [req-18efb11b-6792-40e7-b8f9-b062093999ed req-0f8302cf-93a6-4e42-86d3-6860330642fa 9bace6ade53a42cc8a059d404d8c575b 42f8953e468046b4837051ad68060903 - - e2a361f18ee442689da9a86b65027798 e2a361f18ee442689da9a86b65027798] 199.204.45.70 "GET /v2.0/networks?id=00cd3e86-a99d-4bc2-8eaa-12657f27d4a7 HTTP/1.1" status: 200 len: 974 time: 0.2148130
2026-07-01 08:47:08.677 9 INFO neutron.wsgi [req-0427799a-bb03-4c26-80eb-2c97361d78e1 req-b047059b-948e-4532-82fc-a0e5721f92aa 9bace6ade53a42cc8a059d404d8c575b 42f8953e468046b4837051ad68060903 - - e2a361f18ee442689da9a86b65027798 e2a361f18ee442689da9a86b65027798] 199.204.45.70 "GET /v2.0/ports?tenant_id=4440df95f21a445eb9718be49c48bfc3&device_id=99032d4b-0863-46e9-b184-bf3f2d65c340 HTTP/1.1" status: 200 len: 1409 time: 0.1321783
2026-07-01 08:47:08.691 10 INFO neutron.wsgi [req-18efb11b-6792-40e7-b8f9-b062093999ed req-0cdc9ac5-698a-485a-94a2-1e5c84e05e91 9bace6ade53a42cc8a059d404d8c575b 42f8953e468046b4837051ad68060903 - - e2a361f18ee442689da9a86b65027798 e2a361f18ee442689da9a86b65027798] 199.204.45.70 "GET /v2.0/floatingips?fixed_ip_address=10.100.0.4&port_id=c79d44cb-17b7-4306-a4f2-2339c5c572f6 HTTP/1.1" status: 200 len: 217 time: 0.0301006
2026-07-01 08:47:08.757 10 INFO neutron.wsgi [req-18efb11b-6792-40e7-b8f9-b062093999ed req-f7f87f76-4e00-4698-abb2-efff366b2c51 9bace6ade53a42cc8a059d404d8c575b 42f8953e468046b4837051ad68060903 - - e2a361f18ee442689da9a86b65027798 e2a361f18ee442689da9a86b65027798] 199.204.45.70 "GET /v2.0/subnets?id=8f7f05a3-525f-45a3-828e-6f94fceacc24 HTTP/1.1" status: 200 len: 869 time: 0.0571213
2026-07-01 08:47:08.817 10 INFO neutron.wsgi [req-18efb11b-6792-40e7-b8f9-b062093999ed req-b14ae83f-64c7-4164-b070-50c637711132 9bace6ade53a42cc8a059d404d8c575b 42f8953e468046b4837051ad68060903 - - e2a361f18ee442689da9a86b65027798 e2a361f18ee442689da9a86b65027798] 199.204.45.70 "GET /v2.0/ports?network_id=00cd3e86-a99d-4bc2-8eaa-12657f27d4a7&device_owner=network%3Adhcp HTTP/1.1" status: 200 len: 210 time: 0.0424039
2026-07-01 08:47:08.905 9 INFO neutron.wsgi [req-0427799a-bb03-4c26-80eb-2c97361d78e1 req-0263dabd-af89-4472-9865-f4952ac2e83b 9bace6ade53a42cc8a059d404d8c575b 42f8953e468046b4837051ad68060903 - - e2a361f18ee442689da9a86b65027798 e2a361f18ee442689da9a86b65027798] 199.204.45.70 "GET /v2.0/networks?id=8c5c9924-f2d6-45d2-88bd-fe06c7af1594 HTTP/1.1" status: 200 len: 967 time: 0.2130413
