2026-07-01 08:47:54.927 9 ERROR ovsdbapp.backend.ovs_idl.command [None req-54066df1-8b4d-4f92-89b3-1f7e3534eca9 4a3ef2534f61457faff22ab55cefb958 7752d789095d41dba9854df69db90c7e - - default default] Error executing command (DbGetCommand): ovsdbapp.backend.ovs_idl.idlutils.RowNotFound: Cannot find Logical_Router_Port with name=lrp-ef8fc1bf-40d6-4e7f-9ca2-7909517ecab3
2026-07-01 08:47:54.927 9 ERROR ovsdbapp.backend.ovs_idl.command
Traceback (most recent call last):
2026-07-01 08:47:54.927 9 ERROR ovsdbapp.backend.ovs_idl.command
File "/var/lib/openstack/lib/python3.10/site-packages/ovsdbapp/backend/ovs_idl/command.py", line 47, in execute
2026-07-01 08:47:54.927 9 ERROR ovsdbapp.backend.ovs_idl.command self.run_idl(None)
2026-07-01 08:47:54.927 9 ERROR ovsdbapp.backend.ovs_idl.command
File "/var/lib/openstack/lib/python3.10/site-packages/ovsdbapp/backend/ovs_idl/command.py", line 235, in run_idl
2026-07-01 08:47:54.927 9 ERROR ovsdbapp.backend.ovs_idl.command record = self.api.lookup(self.table, self.record)
2026-07-01 08:47:54.927 9 ERROR ovsdbapp.backend.ovs_idl.command
File "/var/lib/openstack/lib/python3.10/site-packages/ovsdbapp/backend/ovs_idl/__init__.py", line 184, in lookup
2026-07-01 08:47:54.927 9 ERROR ovsdbapp.backend.ovs_idl.command return self._lookup(table, record)
2026-07-01 08:47:54.927 9 ERROR ovsdbapp.backend.ovs_idl.command
File "/var/lib/openstack/lib/python3.10/site-packages/ovsdbapp/backend/ovs_idl/__init__.py", line 235, in _lookup
2026-07-01 08:47:54.927 9 ERROR ovsdbapp.backend.ovs_idl.command row = idlutils.row_by_value(self, rl.table, rl.column, record)
2026-07-01 08:47:54.927 9 ERROR ovsdbapp.backend.ovs_idl.command
File "/var/lib/openstack/lib/python3.10/site-packages/ovsdbapp/backend/ovs_idl/idlutils.py", line 114, in row_by_value
2026-07-01 08:47:54.927 9 ERROR ovsdbapp.backend.ovs_idl.command raise RowNotFound(table=table, col=column, match=match)
2026-07-01 08:47:54.927 9 ERROR ovsdbapp.backend.ovs_idl.command ovsdbapp.backend.ovs_idl.idlutils.RowNotFound: Cannot find Logical_Router_Port with name=lrp-ef8fc1bf-40d6-4e7f-9ca2-7909517ecab3
2026-07-01 08:47:54.927 9 ERROR ovsdbapp.backend.ovs_idl.command 
2026-07-01 08:47:54.928 9 ERROR neutron_lib.callbacks.manager [None req-54066df1-8b4d-4f92-89b3-1f7e3534eca9 4a3ef2534f61457faff22ab55cefb958 7752d789095d41dba9854df69db90c7e - - default default] Error during notification for neutron.services.ovn_l3.plugin.OVNL3RouterPlugin._port_update-8794958775014 port, after_update: ovsdbapp.backend.ovs_idl.idlutils.RowNotFound: Cannot find Logical_Router_Port with name=lrp-ef8fc1bf-40d6-4e7f-9ca2-7909517ecab3
2026-07-01 08:47:54.928 9 ERROR neutron_lib.callbacks.manager
Traceback (most recent call last):
2026-07-01 08:47:54.928 9 ERROR neutron_lib.callbacks.manager
File "/var/lib/openstack/lib/python3.10/site-packages/neutron_lib/callbacks/manager.py", line 189, in _notify_loop
2026-07-01 08:47:54.928 9 ERROR neutron_lib.callbacks.manager callback.method(resource, event, trigger, payload=payload)
2026-07-01 08:47:54.928 9 ERROR neutron_lib.callbacks.manager
File "/var/lib/openstack/lib/python3.10/site-packages/neutron/services/ovn_l3/plugin.py", line 391, in _port_update
2026-07-01 08:47:54.928 9 ERROR neutron_lib.callbacks.manager l3plugin._ovn_client.update_router_port(context,
2026-07-01 08:47:54.928 9 ERROR neutron_lib.callbacks.manager
File "/var/lib/openstack/lib/python3.10/site-packages/neutron/plugins/ml2/drivers/ovn/mech_driver/ovsdb/ovn_client.py", line 1878, in update_router_port
2026-07-01 08:47:54.928 9 ERROR neutron_lib.callbacks.manager self._update_lrouter_port(context, port, if_exists=if_exists,
2026-07-01 08:47:54.928 9 ERROR neutron_lib.callbacks.manager
File "/var/lib/openstack/lib/python3.10/site-packages/neutron/plugins/ml2/drivers/ovn/mech_driver/ovsdb/ovn_client.py", line 1855, in _update_lrouter_port
2026-07-01 08:47:54.928 9 ERROR neutron_lib.callbacks.manager external_ids = self._nb_idl.db_get(
2026-07-01 08:47:54.928 9 ERROR neutron_lib.callbacks.manager
File "/var/lib/openstack/lib/python3.10/site-packages/ovsdbapp/backend/ovs_idl/command.py", line 47, in execute
2026-07-01 08:47:54.928 9 ERROR neutron_lib.callbacks.manager self.run_idl(None)
2026-07-01 08:47:54.928 9 ERROR neutron_lib.callbacks.manager
File "/var/lib/openstack/lib/python3.10/site-packages/ovsdbapp/backend/ovs_idl/command.py", line 235, in run_idl
2026-07-01 08:47:54.928 9 ERROR neutron_lib.callbacks.manager record = self.api.lookup(self.table, self.record)
2026-07-01 08:47:54.928 9 ERROR neutron_lib.callbacks.manager
File "/var/lib/openstack/lib/python3.10/site-packages/ovsdbapp/backend/ovs_idl/__init__.py", line 184, in lookup
2026-07-01 08:47:54.928 9 ERROR neutron_lib.callbacks.manager return self._lookup(table, record)
2026-07-01 08:47:54.928 9 ERROR neutron_lib.callbacks.manager
File "/var/lib/openstack/lib/python3.10/site-packages/ovsdbapp/backend/ovs_idl/__init__.py", line 235, in _lookup
2026-07-01 08:47:54.928 9 ERROR neutron_lib.callbacks.manager row = idlutils.row_by_value(self, rl.table, rl.column, record)
2026-07-01 08:47:54.928 9 ERROR neutron_lib.callbacks.manager
File "/var/lib/openstack/lib/python3.10/site-packages/ovsdbapp/backend/ovs_idl/idlutils.py", line 114, in row_by_value
2026-07-01 08:47:54.928 9 ERROR neutron_lib.callbacks.manager raise RowNotFound(table=table, col=column, match=match)
2026-07-01 08:47:54.928 9 ERROR neutron_lib.callbacks.manager ovsdbapp.backend.ovs_idl.idlutils.RowNotFound: Cannot find Logical_Router_Port with name=lrp-ef8fc1bf-40d6-4e7f-9ca2-7909517ecab3
2026-07-01 08:47:54.928 9 ERROR neutron_lib.callbacks.manager 
2026-07-01 08:47:55.064 10 INFO neutron.wsgi [None req-a1e375b5-5f7b-4211-b9d5-d4fbdfad2683 4b81de6716744bbd8d2c666a7ba788b8 45e959adb9f54a9090998d4634407dd0 - - default default] 10.0.0.235 "DELETE /v2.0/security-group-rules/bebd20e8-4a80-4f45-be66-24fdc0a39919 HTTP/1.1" status: 204 len: 168 time: 0.1878345
2026-07-01 08:47:55.177 9 INFO neutron.plugins.ml2.drivers.ovn.mech_driver.mech_driver [None req-5fe65190-f355-4240-aa88-3c53cbc5a684 - - - - - -] OVN reports status up for port: ef8fc1bf-40d6-4e7f-9ca2-7909517ecab3
2026-07-01 08:47:55.204 9 INFO neutron.plugins.ml2.plugin [None req-5fe65190-f355-4240-aa88-3c53cbc5a684 - - - - - -] Attempt 1 to provision port ef8fc1bf-40d6-4e7f-9ca2-7909517ecab3
2026-07-01 08:47:55.212 9 INFO neutron.wsgi [None req-a4502e9a-3f78-48d4-96e7-7e146b0bb3c6 4b81de6716744bbd8d2c666a7ba788b8 45e959adb9f54a9090998d4634407dd0 - - default default] 10.0.0.235 "GET /v2.0/security-group-rules HTTP/1.1" status: 200 len: 3755 time: 0.1400366
2026-07-01 08:47:55.230 10 WARNING neutron_lib.context [None req-6320ec7e-4215-4bc5-975d-31a75fd36e9a 4b81de6716744bbd8d2c666a7ba788b8 45e959adb9f54a9090998d4634407dd0 - - default default] Method 'is_advsvc' is deprecated since 2023.2 release (neutron-lib 3.8.0) and will be removed once support for the old RBAC API policies will be removed from Neutron. Please use method 'is_service_role' instead.
2026-07-01 08:47:55.233 9 INFO neutron.db.ovn_revision_numbers_db [None req-54066df1-8b4d-4f92-89b3-1f7e3534eca9 4a3ef2534f61457faff22ab55cefb958 7752d789095d41dba9854df69db90c7e - - default default] Successfully bumped revision number for resource ef8fc1bf-40d6-4e7f-9ca2-7909517ecab3 (type: ports) to 1
2026-07-01 08:47:55.300 10 INFO neutron.db.securitygroups_db [None req-6320ec7e-4215-4bc5-975d-31a75fd36e9a 4b81de6716744bbd8d2c666a7ba788b8 45e959adb9f54a9090998d4634407dd0 - - default default] Project 45e959adb9f54a9090998d4634407dd0 added a security group rule with legacy IPv6 ICMP protocol name icmp, ipv6-icmp should be used instead. It was automatically converted.
2026-07-01 08:47:55.340 9 WARNING neutron.scheduler.dhcp_agent_scheduler [None req-54066df1-8b4d-4f92-89b3-1f7e3534eca9 4a3ef2534f61457faff22ab55cefb958 7752d789095d41dba9854df69db90c7e - - default default] No more DHCP agents
2026-07-01 08:47:55.342 9 WARNING neutron.api.rpc.agentnotifiers.dhcp_rpc_agent_api [None req-54066df1-8b4d-4f92-89b3-1f7e3534eca9 4a3ef2534f61457faff22ab55cefb958 7752d789095d41dba9854df69db90c7e - - default default] Unable to schedule network 710831b1-4b63-405a-9af7-5d8a5051eee0: no agents available; will retry on subsequent port and subnet creation events.
2026-07-01 08:47:55.364 10 INFO neutron.wsgi [None req-0b1a6ba0-30b3-4957-969e-a558504b94ea 1c2f45c1608344b88deb7278ad68afc7 120cce33dac643019c6ab5766eb52f60 - - default default] 10.0.0.235 "DELETE /v2.0/ports/0e7dce7a-a127-477f-9aec-a5115094a006 HTTP/1.1" status: 204 len: 168 time: 0.4330261
2026-07-01 08:47:55.449 10 INFO neutron.wsgi [None req-977efc91-a3bc-4123-a38d-75d014b9abce 1c2f45c1608344b88deb7278ad68afc7 120cce33dac643019c6ab5766eb52f60 - - default default] 10.0.0.235 "GET /v2.0/ports HTTP/1.1" status: 200 len: 1718 time: 0.0792017
2026-07-01 08:47:55.466 10 WARNING neutron_lib.context [None req-baa84a25-32a0-4817-bfc8-07ea14f828bb 1c2f45c1608344b88deb7278ad68afc7 120cce33dac643019c6ab5766eb52f60 - - default default] Method 'is_advsvc' is deprecated since 2023.2 release (neutron-lib 3.8.0) and will be removed once support for the old RBAC API policies will be removed from Neutron. Please use method 'is_service_role' instead.
2026-07-01 08:47:55.527 10 INFO neutron.db.ovn_revision_numbers_db [None req-6320ec7e-4215-4bc5-975d-31a75fd36e9a 4b81de6716744bbd8d2c666a7ba788b8 45e959adb9f54a9090998d4634407dd0 - - default default] Successfully bumped revision number for resource e8a111a9-0b1a-49cd-8059-0f772fb80fa4 (type: security_group_rules) to 0
2026-07-01 08:47:55.614 10 INFO neutron.wsgi [None req-6320ec7e-4215-4bc5-975d-31a75fd36e9a 4b81de6716744bbd8d2c666a7ba788b8 45e959adb9f54a9090998d4634407dd0 - - default default] 10.0.0.235 "POST /v2.0/security-group-rules HTTP/1.1" status: 201 len: 806 time: 0.3925259
2026-07-01 08:47:55.625 10 INFO neutron.db.segments_db [None req-baa84a25-32a0-4817-bfc8-07ea14f828bb 1c2f45c1608344b88deb7278ad68afc7 120cce33dac643019c6ab5766eb52f60 - - default default] Added segment b5ea2113-0e36-4fd3-86cb-2f8fe24a4018 of type geneve for network a2a62eef-a4f8-4b18-adf6-47064b8070c7
2026-07-01 08:47:55.669 9 INFO neutron.wsgi [None req-8dc69f9a-7ab5-42c5-8684-bc9d5a4bec81 4b81de6716744bbd8d2c666a7ba788b8 45e959adb9f54a9090998d4634407dd0 - - default default] 10.0.0.235 "GET /v2.0/security-group-rules/e8a111a9-0b1a-49cd-8059-0f772fb80fa4 HTTP/1.1" status: 200 len: 801 time: 0.0457504
2026-07-01 08:47:55.883 9 INFO neutron.db.ovn_revision_numbers_db [None req-a057bab4-4f00-4ac3-844f-974bb913229e 55a5c6c56fb943e2a14e1ac6b25eeb85 2bcdf5accffc4304b39fe6804f571679 - - default default] Successfully bumped revision number for resource 2ce6c9b2-db79-4d35-a706-8f48c3a5485b (type: security_groups) to 1
2026-07-01 08:47:55.897 9 INFO neutron.wsgi [None req-b8b44696-ff72-49db-aaa5-1c997d445cb6 4b81de6716744bbd8d2c666a7ba788b8 45e959adb9f54a9090998d4634407dd0 - - default default] 10.0.0.235 "GET /v2.0/security-group-rules HTTP/1.1" status: 200 len: 4339 time: 0.2195075
2026-07-01 08:47:56.290 9 INFO neutron.db.ovn_revision_numbers_db [None req-a057bab4-4f00-4ac3-844f-974bb913229e 55a5c6c56fb943e2a14e1ac6b25eeb85 2bcdf5accffc4304b39fe6804f571679 - - default default] Successfully bumped revision number for resource 93b4b93b-c990-48ec-bb52-78cfa5180d24 (type: security_group_rules) to 0
2026-07-01 08:47:56.313 10 INFO neutron.db.ovn_revision_numbers_db [None req-baa84a25-32a0-4817-bfc8-07ea14f828bb 1c2f45c1608344b88deb7278ad68afc7 120cce33dac643019c6ab5766eb52f60 - - default default] Successfully bumped revision number for resource a2a62eef-a4f8-4b18-adf6-47064b8070c7 (type: networks) to 1
2026-07-01 08:47:56.336 9 INFO neutron.db.ovn_revision_numbers_db [None req-a057bab4-4f00-4ac3-844f-974bb913229e 55a5c6c56fb943e2a14e1ac6b25eeb85 2bcdf5accffc4304b39fe6804f571679 - - default default] Successfully bumped revision number for resource bdaa1b96-615a-4890-b517-913047252e7b (type: security_group_rules) to 0
2026-07-01 08:47:56.357 9 INFO neutron.db.ovn_revision_numbers_db [None req-54066df1-8b4d-4f92-89b3-1f7e3534eca9 4a3ef2534f61457faff22ab55cefb958 7752d789095d41dba9854df69db90c7e - - default default] Successfully bumped revision number for resource ef8fc1bf-40d6-4e7f-9ca2-7909517ecab3 (type: router_ports) to 1
2026-07-01 08:47:56.363 9 INFO neutron.wsgi [None req-54066df1-8b4d-4f92-89b3-1f7e3534eca9 4a3ef2534f61457faff22ab55cefb958 7752d789095d41dba9854df69db90c7e - - default default] 10.0.0.235 "PUT /v2.0/routers/05adb860-f578-42ba-85f8-58e9fd5c6d34/add_router_interface HTTP/1.1" status: 200 len: 503 time: 3.9643090
2026-07-01 08:47:56.500 9 INFO neutron.db.ovn_revision_numbers_db [None req-a057bab4-4f00-4ac3-844f-974bb913229e 55a5c6c56fb943e2a14e1ac6b25eeb85 2bcdf5accffc4304b39fe6804f571679 - - default default] Successfully bumped revision number for resource d2dfa6ac-4fb1-40bb-8c19-7b1fdba9a15e (type: security_group_rules) to 0
2026-07-01 08:47:56.513 9 INFO neutron.db.ovn_revision_numbers_db [None req-5fe65190-f355-4240-aa88-3c53cbc5a684 - - - - - -] Successfully bumped revision number for resource ef8fc1bf-40d6-4e7f-9ca2-7909517ecab3 (type: ports) to 2
2026-07-01 08:47:56.527 10 INFO neutron.wsgi [None req-9d38bdfc-9c37-42ce-bcb2-a4d3dc01d6e9 5de145a3ca34444f95b82392e1d79a01 a843a97b5c5549ec9b4edba326be6251 - - default default] 10.0.0.235 "GET /v2.0/networks HTTP/1.1" status: 200 len: 5299 time: 0.1575556
2026-07-01 08:47:56.557 9 INFO neutron.db.ovn_revision_numbers_db [None req-a057bab4-4f00-4ac3-844f-974bb913229e 55a5c6c56fb943e2a14e1ac6b25eeb85 2bcdf5accffc4304b39fe6804f571679 - - default default] Successfully bumped revision number for resource e88c5abf-4408-411e-9c95-5e9f67809795 (type: security_group_rules) to 0
2026-07-01 08:47:56.592 9 INFO neutron.wsgi [None req-a057bab4-4f00-4ac3-844f-974bb913229e 55a5c6c56fb943e2a14e1ac6b25eeb85 2bcdf5accffc4304b39fe6804f571679 - - default default] 10.0.0.235 "GET /v2.0/security-groups?tenant_id=9ab2e0aa873f46d086c0022733c7302d&name=default HTTP/1.1" status: 200 len: 3120 time: 1.4203591
2026-07-01 08:47:56.624 10 INFO neutron.wsgi [None req-7f1de010-45c4-4893-a567-d277eab3af61 5de145a3ca34444f95b82392e1d79a01 a843a97b5c5549ec9b4edba326be6251 - - default default] 10.0.0.235 "GET /v2.0/subnets HTTP/1.1" status: 200 len: 2097 time: 0.0873148
2026-07-01 08:47:56.720 10 INFO neutron.wsgi [None req-a492b49a-9cb7-4927-a004-2925994ebf1d 4b81de6716744bbd8d2c666a7ba788b8 45e959adb9f54a9090998d4634407dd0 - - default default] 10.0.0.235 "DELETE /v2.0/security-group-rules/e8a111a9-0b1a-49cd-8059-0f772fb80fa4 HTTP/1.1" status: 204 len: 168 time: 0.8158557
2026-07-01 08:47:56.738 10 WARNING neutron.scheduler.dhcp_agent_scheduler [None req-baa84a25-32a0-4817-bfc8-07ea14f828bb 1c2f45c1608344b88deb7278ad68afc7 120cce33dac643019c6ab5766eb52f60 - - default default] No more DHCP agents
2026-07-01 08:47:56.744 10 WARNING neutron.api.rpc.agentnotifiers.dhcp_rpc_agent_api [None req-baa84a25-32a0-4817-bfc8-07ea14f828bb 1c2f45c1608344b88deb7278ad68afc7 120cce33dac643019c6ab5766eb52f60 - - default default] Unable to schedule network a2a62eef-a4f8-4b18-adf6-47064b8070c7: no agents available; will retry on subsequent port and subnet creation events.
2026-07-01 08:47:56.773 9 INFO neutron.wsgi [None req-33df8d9b-da8f-4b36-a845-eee4fb1151a8 5de145a3ca34444f95b82392e1d79a01 a843a97b5c5549ec9b4edba326be6251 - - default default] 10.0.0.235 "GET /v2.0/routers HTTP/1.1" status: 200 len: 1169 time: 0.1407883
2026-07-01 08:47:56.827 9 INFO neutron.wsgi [None req-c656f7bf-2870-477e-a55a-9c92d9f657bc 4b81de6716744bbd8d2c666a7ba788b8 45e959adb9f54a9090998d4634407dd0 - - default default] 10.0.0.235 "GET /v2.0/security-group-rules HTTP/1.1" status: 200 len: 3755 time: 0.1009126
2026-07-01 08:47:56.831 9 INFO neutron.db.ovn_revision_numbers_db [None req-5fe65190-f355-4240-aa88-3c53cbc5a684 - - - - - -] Successfully bumped revision number for resource ef8fc1bf-40d6-4e7f-9ca2-7909517ecab3 (type: router_ports) to 2
2026-07-01 08:47:56.890 10 WARNING neutron_lib.context [None req-4852508b-0628-4d33-a47e-c39d8671d874 4a3ef2534f61457faff22ab55cefb958 7752d789095d41dba9854df69db90c7e - - default default] Method 'is_advsvc' is deprecated since 2023.2 release (neutron-lib 3.8.0) and will be removed once support for the old RBAC API policies will be removed from Neutron. Please use method 'is_service_role' instead.
2026-07-01 08:47:56.914 10 INFO neutron.db.ovn_revision_numbers_db [None req-baa84a25-32a0-4817-bfc8-07ea14f828bb 1c2f45c1608344b88deb7278ad68afc7 120cce33dac643019c6ab5766eb52f60 - - default default] Successfully bumped revision number for resource 08677cdd-2ad2-47f9-abce-4bd83bb7c8ea (type: ports) to 1
2026-07-01 08:47:57.013 10 INFO neutron.wsgi [None req-baa84a25-32a0-4817-bfc8-07ea14f828bb 1c2f45c1608344b88deb7278ad68afc7 120cce33dac643019c6ab5766eb52f60 - - default default] 10.0.0.235 "POST /v2.0/networks HTTP/1.1" status: 201 len: 852 time: 1.5531816
2026-07-01 08:47:57.024 10 WARNING neutron_lib.context [None req-16267a48-624f-46a4-a1f8-0003c155dd41 1c2f45c1608344b88deb7278ad68afc7 120cce33dac643019c6ab5766eb52f60 - - default default] Method 'is_advsvc' is deprecated since 2023.2 release (neutron-lib 3.8.0) and will be removed once support for the old RBAC API policies will be removed from Neutron. Please use method 'is_service_role' instead.
2026-07-01 08:47:57.200 9 INFO neutron.wsgi [None req-06a28c8f-bb37-481e-8d00-3a0b2c6cc776 4b81de6716744bbd8d2c666a7ba788b8 45e959adb9f54a9090998d4634407dd0 - - default default] 10.0.0.235 "DELETE /v2.0/security-groups/438f5323-7c1e-48a4-9f32-8d1060edc325 HTTP/1.1" status: 204 len: 168 time: 0.3663306
2026-07-01 08:47:57.243 9 INFO neutron.wsgi [None req-c7484427-f7c5-4acc-b864-52e5bc24bb91 4b81de6716744bbd8d2c666a7ba788b8 45e959adb9f54a9090998d4634407dd0 - - default default] 10.0.0.235 "GET /v2.0/security-groups HTTP/1.1" status: 200 len: 3120 time: 0.0364504
2026-07-01 08:47:57.253 10 INFO neutron.db.segments_db [None req-16267a48-624f-46a4-a1f8-0003c155dd41 1c2f45c1608344b88deb7278ad68afc7 120cce33dac643019c6ab5766eb52f60 - - default default] Added segment cdccf5a8-c355-48c9-baeb-bb53483b4f98 of type geneve for network ac5a0960-e221-49aa-a383-2de5cec1f127
2026-07-01 08:47:57.294 10 INFO neutron.db.ovn_revision_numbers_db [None req-4852508b-0628-4d33-a47e-c39d8671d874 4a3ef2534f61457faff22ab55cefb958 7752d789095d41dba9854df69db90c7e - - default default] Successfully bumped revision number for resource 7b2d60b4-57fb-4334-8b41-ae2e1249182d (type: security_groups) to 1
2026-07-01 08:47:57.295 9 INFO neutron.wsgi [None req-efaf6ed9-7d1e-46a0-9ca7-a88c4ade2348 4b81de6716744bbd8d2c666a7ba788b8 45e959adb9f54a9090998d4634407dd0 - - default default] 10.0.0.235 "GET /v2.0/security-groups HTTP/1.1" status: 200 len: 3120 time: 0.0421026
2026-07-01 08:47:57.331 10 INFO neutron.wsgi [None req-9e70bfc7-27d7-409b-8f08-b73c038ed5a9 55a5c6c56fb943e2a14e1ac6b25eeb85 2bcdf5accffc4304b39fe6804f571679 - - default default] 10.0.0.235 "DELETE /v2.0/security-groups/2ce6c9b2-db79-4d35-a706-8f48c3a5485b HTTP/1.1" status: 204 len: 168 time: 0.7286756
2026-07-01 08:47:57.349 10 INFO neutron.db.ovn_revision_numbers_db [None req-4852508b-0628-4d33-a47e-c39d8671d874 4a3ef2534f61457faff22ab55cefb958 7752d789095d41dba9854df69db90c7e - - default default] Successfully bumped revision number for resource 8d949e0c-ca72-4c26-96dc-38815adfabcd (type: security_group_rules) to 0
2026-07-01 08:47:57.437 10 INFO neutron.db.ovn_revision_numbers_db [None req-4852508b-0628-4d33-a47e-c39d8671d874 4a3ef2534f61457faff22ab55cefb958 7752d789095d41dba9854df69db90c7e - - default default] Successfully bumped revision number for resource 96e315dc-98a4-4497-bdd0-b6c8f6223355 (type: security_group_rules) to 0
2026-07-01 08:47:57.555 10 INFO neutron.wsgi [None req-4852508b-0628-4d33-a47e-c39d8671d874 4a3ef2534f61457faff22ab55cefb958 7752d789095d41dba9854df69db90c7e - - default default] 10.0.0.235 "POST /v2.0/security-groups HTTP/1.1" status: 201 len: 1875 time: 0.6732678
2026-07-01 08:47:57.570 10 WARNING neutron_lib.context [None req-35f25cb6-66dc-4696-bf7d-6ca8411a981e 4a3ef2534f61457faff22ab55cefb958 7752d789095d41dba9854df69db90c7e - - default default] Method 'is_advsvc' is deprecated since 2023.2 release (neutron-lib 3.8.0) and will be removed once support for the old RBAC API policies will be removed from Neutron. Please use method 'is_service_role' instead.
2026-07-01 08:47:57.590 10 INFO neutron.db.ovn_revision_numbers_db [None req-16267a48-624f-46a4-a1f8-0003c155dd41 1c2f45c1608344b88deb7278ad68afc7 120cce33dac643019c6ab5766eb52f60 - - default default] Successfully bumped revision number for resource ac5a0960-e221-49aa-a383-2de5cec1f127 (type: networks) to 1
2026-07-01 08:47:58.006 9 INFO neutron.db.ovn_revision_numbers_db [None req-9c7013f9-d97f-4ccf-acaa-0664cfb7d5ca 55a5c6c56fb943e2a14e1ac6b25eeb85 2bcdf5accffc4304b39fe6804f571679 - - default default] Successfully bumped revision number for resource 6a920af7-e628-4968-961f-3bfd43ac5513 (type: security_groups) to 1
2026-07-01 08:47:58.036 10 WARNING neutron.scheduler.dhcp_agent_scheduler [None req-16267a48-624f-46a4-a1f8-0003c155dd41 1c2f45c1608344b88deb7278ad68afc7 120cce33dac643019c6ab5766eb52f60 - - default default] No more DHCP agents
2026-07-01 08:47:58.039 10 WARNING neutron.api.rpc.agentnotifiers.dhcp_rpc_agent_api [None req-16267a48-624f-46a4-a1f8-0003c155dd41 1c2f45c1608344b88deb7278ad68afc7 120cce33dac643019c6ab5766eb52f60 - - default default] Unable to schedule network ac5a0960-e221-49aa-a383-2de5cec1f127: no agents available; will retry on subsequent port and subnet creation events.
2026-07-01 08:47:58.059 10 INFO neutron.db.ovn_revision_numbers_db [None req-35f25cb6-66dc-4696-bf7d-6ca8411a981e 4a3ef2534f61457faff22ab55cefb958 7752d789095d41dba9854df69db90c7e - - default default] Successfully bumped revision number for resource d5de2a8d-4da0-445b-9404-55ed5f0b6d5d (type: security_group_rules) to 0
2026-07-01 08:47:58.065 9 INFO neutron.db.ovn_revision_numbers_db [None req-9c7013f9-d97f-4ccf-acaa-0664cfb7d5ca 55a5c6c56fb943e2a14e1ac6b25eeb85 2bcdf5accffc4304b39fe6804f571679 - - default default] Successfully bumped revision number for resource 1f34a52c-db37-45da-b15e-f85e920b6a2a (type: security_group_rules) to 0
2026-07-01 08:47:58.107 9 INFO neutron.db.ovn_revision_numbers_db [None req-9c7013f9-d97f-4ccf-acaa-0664cfb7d5ca 55a5c6c56fb943e2a14e1ac6b25eeb85 2bcdf5accffc4304b39fe6804f571679 - - default default] Successfully bumped revision number for resource 651fcbc8-56a8-469d-9a33-2a833a5edeb4 (type: security_group_rules) to 0
2026-07-01 08:47:58.115 10 INFO neutron.wsgi [None req-35f25cb6-66dc-4696-bf7d-6ca8411a981e 4a3ef2534f61457faff22ab55cefb958 7752d789095d41dba9854df69db90c7e - - default default] 10.0.0.235 "POST /v2.0/security-group-rules HTTP/1.1" status: 201 len: 796 time: 0.5531633
2026-07-01 08:47:58.130 9 WARNING neutron_lib.context [None req-786d9a2c-2d38-4393-b788-b4006ac77cf7 4a3ef2534f61457faff22ab55cefb958 7752d789095d41dba9854df69db90c7e - - default default] Method 'is_advsvc' is deprecated since 2023.2 release (neutron-lib 3.8.0) and will be removed once support for the old RBAC API policies will be removed from Neutron. Please use method 'is_service_role' instead.
2026-07-01 08:47:58.162 9 INFO neutron.db.ovn_revision_numbers_db [None req-9c7013f9-d97f-4ccf-acaa-0664cfb7d5ca 55a5c6c56fb943e2a14e1ac6b25eeb85 2bcdf5accffc4304b39fe6804f571679 - - default default] Successfully bumped revision number for resource 76addea4-270a-49fd-a70a-414c607a811b (type: security_group_rules) to 0
2026-07-01 08:47:58.208 9 INFO neutron.wsgi [None req-7a93724e-a62c-4c08-aadf-75f7bcc41ec4 55a5c6c56fb943e2a14e1ac6b25eeb85 2bcdf5accffc4304b39fe6804f571679 - - default default] 10.0.0.235 "GET /v2.0/security-groups?tenant_id=45e959adb9f54a9090998d4634407dd0&name=default HTTP/1.1" status: 200 len: 3120 time: 0.1747007
2026-07-01 08:47:58.238 10 INFO neutron.db.ovn_revision_numbers_db [None req-16267a48-624f-46a4-a1f8-0003c155dd41 1c2f45c1608344b88deb7278ad68afc7 120cce33dac643019c6ab5766eb52f60 - - default default] Successfully bumped revision number for resource 4db3139d-1e6a-4672-a9aa-81091fd09bb5 (type: ports) to 1
2026-07-01 08:47:58.301 9 INFO neutron.db.ovn_revision_numbers_db [None req-9c7013f9-d97f-4ccf-acaa-0664cfb7d5ca 55a5c6c56fb943e2a14e1ac6b25eeb85 2bcdf5accffc4304b39fe6804f571679 - - default default] Successfully bumped revision number for resource 8ca04b3a-9b9f-4cd7-91d6-aee780c23b51 (type: security_group_rules) to 0
2026-07-01 08:47:58.336 9 INFO neutron.wsgi [None req-9c7013f9-d97f-4ccf-acaa-0664cfb7d5ca 55a5c6c56fb943e2a14e1ac6b25eeb85 2bcdf5accffc4304b39fe6804f571679 - - default default] 10.0.0.235 "GET /v2.0/security-groups?tenant_id=7b1305b817d1426ca16cade0167d02fa&name=default HTTP/1.1" status: 200 len: 3120 time: 0.7260964
2026-07-01 08:47:58.358 10 INFO neutron.wsgi [None req-16267a48-624f-46a4-a1f8-0003c155dd41 1c2f45c1608344b88deb7278ad68afc7 120cce33dac643019c6ab5766eb52f60 - - default default] 10.0.0.235 "POST /v2.0/networks HTTP/1.1" status: 201 len: 853 time: 1.3401809
2026-07-01 08:47:58.786 9 INFO neutron.db.ovn_revision_numbers_db [None req-786d9a2c-2d38-4393-b788-b4006ac77cf7 4a3ef2534f61457faff22ab55cefb958 7752d789095d41dba9854df69db90c7e - - default default] Successfully bumped revision number for resource a72478cf-2434-4458-9581-f98d63d33736 (type: security_group_rules) to 0
2026-07-01 08:47:58.812 9 INFO neutron.wsgi [None req-a0466aa5-559c-4e4c-a333-ad49388bc8b7 55a5c6c56fb943e2a14e1ac6b25eeb85 2bcdf5accffc4304b39fe6804f571679 - - default default] 10.0.0.235 "DELETE /v2.0/security-groups/c4a59fb9-d423-4ce2-afaf-11b4e5918419 HTTP/1.1" status: 204 len: 168 time: 0.5982904
2026-07-01 08:47:58.832 10 INFO neutron.wsgi [None req-acb02fc6-4cb4-4202-a93c-90e0a7db9d01 55a5c6c56fb943e2a14e1ac6b25eeb85 2bcdf5accffc4304b39fe6804f571679 - - default default] 10.0.0.235 "DELETE /v2.0/security-groups/6a920af7-e628-4968-961f-3bfd43ac5513 HTTP/1.1" status: 204 len: 168 time: 0.4891422
2026-07-01 08:47:58.894 9 WARNING neutron_lib.context [None req-5436370d-2379-4aa9-8a87-975ae7e7fb04 1c2f45c1608344b88deb7278ad68afc7 120cce33dac643019c6ab5766eb52f60 - - default default] Method 'is_advsvc' is deprecated since 2023.2 release (neutron-lib 3.8.0) and will be removed once support for the old RBAC API policies will be removed from Neutron. Please use method 'is_service_role' instead.
2026-07-01 08:47:58.937 9 WARNING neutron_lib.context [None req-5436370d-2379-4aa9-8a87-975ae7e7fb04 1c2f45c1608344b88deb7278ad68afc7 120cce33dac643019c6ab5766eb52f60 - - default default] Method 'is_advsvc' is deprecated since 2023.2 release (neutron-lib 3.8.0) and will be removed once support for the old RBAC API policies will be removed from Neutron. Please use method 'is_service_role' instead.
2026-07-01 08:47:58.951 9 INFO neutron.wsgi [None req-786d9a2c-2d38-4393-b788-b4006ac77cf7 4a3ef2534f61457faff22ab55cefb958 7752d789095d41dba9854df69db90c7e - - default default] 10.0.0.235 "POST /v2.0/security-group-rules HTTP/1.1" status: 201 len: 795 time: 0.8282471
2026-07-01 08:47:58.965 10 WARNING neutron_lib.context [None req-2b5c87fa-349e-47a8-90ec-0cd944156c79 4a3ef2534f61457faff22ab55cefb958 7752d789095d41dba9854df69db90c7e - - default default] Method 'is_advsvc' is deprecated since 2023.2 release (neutron-lib 3.8.0) and will be removed once support for the old RBAC API policies will be removed from Neutron. Please use method 'is_service_role' instead.
2026-07-01 08:47:59.476 10 INFO neutron.db.ovn_revision_numbers_db [None req-2b5c87fa-349e-47a8-90ec-0cd944156c79 4a3ef2534f61457faff22ab55cefb958 7752d789095d41dba9854df69db90c7e - - default default] Successfully bumped revision number for resource b2681135-6d0c-4d29-94ee-94311edad2da (type: security_group_rules) to 0
2026-07-01 08:47:59.529 10 INFO neutron.wsgi [None req-2b5c87fa-349e-47a8-90ec-0cd944156c79 4a3ef2534f61457faff22ab55cefb958 7752d789095d41dba9854df69db90c7e - - default default] 10.0.0.235 "POST /v2.0/security-group-rules HTTP/1.1" status: 201 len: 801 time: 0.5711157
2026-07-01 08:47:59.547 9 WARNING neutron_lib.context [None req-5392c981-d370-4bd7-ba17-4e424cf090a9 4a3ef2534f61457faff22ab55cefb958 7752d789095d41dba9854df69db90c7e - - default default] Method 'is_advsvc' is deprecated since 2023.2 release (neutron-lib 3.8.0) and will be removed once support for the old RBAC API policies will be removed from Neutron. Please use method 'is_service_role' instead.
2026-07-01 08:47:59.726 9 WARNING neutron.scheduler.dhcp_agent_scheduler [None req-5436370d-2379-4aa9-8a87-975ae7e7fb04 1c2f45c1608344b88deb7278ad68afc7 120cce33dac643019c6ab5766eb52f60 - - default default] No more DHCP agents
2026-07-01 08:47:59.730 9 WARNING neutron.api.rpc.agentnotifiers.dhcp_rpc_agent_api [None req-5436370d-2379-4aa9-8a87-975ae7e7fb04 1c2f45c1608344b88deb7278ad68afc7 120cce33dac643019c6ab5766eb52f60 - - default default] Unable to schedule network a2a62eef-a4f8-4b18-adf6-47064b8070c7: no agents available; will retry on subsequent port and subnet creation events.
2026-07-01 08:47:59.785 9 INFO neutron.db.ovn_revision_numbers_db [None req-5436370d-2379-4aa9-8a87-975ae7e7fb04 1c2f45c1608344b88deb7278ad68afc7 120cce33dac643019c6ab5766eb52f60 - - default default] Successfully bumped revision number for resource b8ce8c34-c8ae-43b4-a2df-50c723335698 (type: subnets) to 0
2026-07-01 08:47:59.791 9 INFO neutron.db.ovn_revision_numbers_db [None req-5392c981-d370-4bd7-ba17-4e424cf090a9 4a3ef2534f61457faff22ab55cefb958 7752d789095d41dba9854df69db90c7e - - default default] Successfully bumped revision number for resource aa3d7894-ed1c-4ee4-944b-ddf1bec7aa36 (type: security_group_rules) to 0
2026-07-01 08:47:59.816 9 WARNING neutron.scheduler.dhcp_agent_scheduler [None req-5436370d-2379-4aa9-8a87-975ae7e7fb04 1c2f45c1608344b88deb7278ad68afc7 120cce33dac643019c6ab5766eb52f60 - - default default] No more DHCP agents
2026-07-01 08:47:59.827 9 WARNING neutron.api.rpc.agentnotifiers.dhcp_rpc_agent_api [None req-5436370d-2379-4aa9-8a87-975ae7e7fb04 1c2f45c1608344b88deb7278ad68afc7 120cce33dac643019c6ab5766eb52f60 - - default default] Unable to schedule network ac5a0960-e221-49aa-a383-2de5cec1f127: no agents available; will retry on subsequent port and subnet creation events.
2026-07-01 08:47:59.843 9 INFO neutron.wsgi [None req-5392c981-d370-4bd7-ba17-4e424cf090a9 4a3ef2534f61457faff22ab55cefb958 7752d789095d41dba9854df69db90c7e - - default default] 10.0.0.235 "POST /v2.0/security-group-rules HTTP/1.1" status: 201 len: 800 time: 0.3032959
2026-07-01 08:47:59.855 9 WARNING neutron_lib.context [None req-dce5828c-52ab-4e38-826b-f1a7434cdc1f 4a3ef2534f61457faff22ab55cefb958 7752d789095d41dba9854df69db90c7e - - default default] Method 'is_advsvc' is deprecated since 2023.2 release (neutron-lib 3.8.0) and will be removed once support for the old RBAC API policies will be removed from Neutron. Please use method 'is_service_role' instead.
2026-07-01 08:47:59.879 9 INFO neutron.db.ovn_revision_numbers_db [None req-5436370d-2379-4aa9-8a87-975ae7e7fb04 1c2f45c1608344b88deb7278ad68afc7 120cce33dac643019c6ab5766eb52f60 - - default default] Successfully bumped revision number for resource e42df5fa-9a11-496b-91a0-c46180326ecd (type: subnets) to 0
2026-07-01 08:47:59.899 9 INFO neutron.db.securitygroups_db [None req-dce5828c-52ab-4e38-826b-f1a7434cdc1f 4a3ef2534f61457faff22ab55cefb958 7752d789095d41dba9854df69db90c7e - - default default] Project 7752d789095d41dba9854df69db90c7e added a security group rule with legacy IPv6 ICMP protocol name icmp, ipv6-icmp should be used instead. It was automatically converted.
2026-07-01 08:47:59.915 9 INFO neutron.wsgi [None req-5436370d-2379-4aa9-8a87-975ae7e7fb04 1c2f45c1608344b88deb7278ad68afc7 120cce33dac643019c6ab5766eb52f60 - - default default] 10.0.0.235 "POST /v2.0/subnets HTTP/1.1" status: 201 len: 1476 time: 1.0348556
2026-07-01 08:47:59.996 9 INFO neutron.wsgi [None req-9e4c9f5c-bbf0-4da7-944f-7cdc88eba970 1c2f45c1608344b88deb7278ad68afc7 120cce33dac643019c6ab5766eb52f60 - - default default] 10.0.0.235 "GET /v2.0/subnets HTTP/1.1" status: 200 len: 2084 time: 0.0745385
2026-07-01 08:48:00.144 9 INFO neutron.db.ovn_revision_numbers_db [None req-dce5828c-52ab-4e38-826b-f1a7434cdc1f 4a3ef2534f61457faff22ab55cefb958 7752d789095d41dba9854df69db90c7e - - default default] Successfully bumped revision number for resource 7f1b023a-b6a7-4b3c-8c90-863c2fa25481 (type: security_group_rules) to 0
2026-07-01 08:48:00.207 9 INFO neutron.wsgi [None req-dce5828c-52ab-4e38-826b-f1a7434cdc1f 4a3ef2534f61457faff22ab55cefb958 7752d789095d41dba9854df69db90c7e - - default default] 10.0.0.235 "POST /v2.0/security-group-rules HTTP/1.1" status: 201 len: 806 time: 0.3583336
2026-07-01 08:48:00.221 9 WARNING neutron_lib.context [None req-f5a04fdd-90b7-4c7e-82c8-cd782b2f62c2 4a3ef2534f61457faff22ab55cefb958 7752d789095d41dba9854df69db90c7e - - default default] Method 'is_advsvc' is deprecated since 2023.2 release (neutron-lib 3.8.0) and will be removed once support for the old RBAC API policies will be removed from Neutron. Please use method 'is_service_role' instead.
2026-07-01 08:48:00.328 9 INFO neutron.db.securitygroups_db [None req-f5a04fdd-90b7-4c7e-82c8-cd782b2f62c2 4a3ef2534f61457faff22ab55cefb958 7752d789095d41dba9854df69db90c7e - - default default] Project 7752d789095d41dba9854df69db90c7e added a security group rule with legacy IPv6 ICMP protocol name icmp, ipv6-icmp should be used instead. It was automatically converted.
2026-07-01 08:48:00.382 9 INFO neutron.wsgi [None req-d9bc6eb6-c67e-4e14-99fd-d6922fc64a96 1c2f45c1608344b88deb7278ad68afc7 120cce33dac643019c6ab5766eb52f60 - - default default] 10.0.0.235 "DELETE /v2.0/subnets/b8ce8c34-c8ae-43b4-a2df-50c723335698 HTTP/1.1" status: 204 len: 168 time: 0.3698530
2026-07-01 08:48:00.524 9 INFO neutron.db.ovn_revision_numbers_db [None req-f5a04fdd-90b7-4c7e-82c8-cd782b2f62c2 4a3ef2534f61457faff22ab55cefb958 7752d789095d41dba9854df69db90c7e - - default default] Successfully bumped revision number for resource 6a8def33-7812-4ee1-8046-0b973a496450 (type: security_group_rules) to 0
2026-07-01 08:48:00.557 9 INFO neutron.wsgi [None req-f5a04fdd-90b7-4c7e-82c8-cd782b2f62c2 4a3ef2534f61457faff22ab55cefb958 7752d789095d41dba9854df69db90c7e - - default default] 10.0.0.235 "POST /v2.0/security-group-rules HTTP/1.1" status: 201 len: 805 time: 0.3421464
2026-07-01 08:48:00.597 9 INFO neutron.wsgi [None req-869fceab-d387-46ff-9ddb-3f3c943c1632 1c2f45c1608344b88deb7278ad68afc7 120cce33dac643019c6ab5766eb52f60 - - default default] 10.0.0.235 "DELETE /v2.0/subnets/e42df5fa-9a11-496b-91a0-c46180326ecd HTTP/1.1" status: 204 len: 168 time: 0.2035525
2026-07-01 08:48:00.643 9 INFO neutron.wsgi [None req-637b2eb9-099a-40d1-950a-3a063145f1a5 1c2f45c1608344b88deb7278ad68afc7 120cce33dac643019c6ab5766eb52f60 - - default default] 10.0.0.235 "GET /v2.0/subnets HTTP/1.1" status: 200 len: 820 time: 0.0414743
2026-07-01 08:48:01.131 9 INFO neutron.services.segments.plugin [-] Segment cdccf5a8-c355-48c9-baeb-bb53483b4f98 resource provider aggregate not found
2026-07-01 08:48:01.137 9 INFO neutron.services.segments.plugin [-] Segment cdccf5a8-c355-48c9-baeb-bb53483b4f98 resource provider aggregate not found
2026-07-01 08:48:01.157 9 INFO neutron.services.segments.plugin [-] Segment cdccf5a8-c355-48c9-baeb-bb53483b4f98 resource provider not found; error: Placement Client Error (4xx): {"errors": [{"status": 404, "title": "Not Found", "detail": "The resource could not be found.\n\n No resource provider with uuid cdccf5a8-c355-48c9-baeb-bb53483b4f98 found for delete ", "request_id": "req-a05a6e6a-1167-46dd-85cf-04b827e4431c"}]}
2026-07-01 08:48:01.173 9 INFO neutron.services.segments.plugin [-] Segment cdccf5a8-c355-48c9-baeb-bb53483b4f98 resource provider not found; error: Placement Client Error (4xx): {"errors": [{"status": 404, "title": "Not Found", "detail": "The resource could not be found.\n\n No resource provider with uuid cdccf5a8-c355-48c9-baeb-bb53483b4f98 found for delete ", "request_id": "req-b85f670f-0185-458d-86e8-6e6912c0d0cb"}]}
2026-07-01 08:48:01.182 9 INFO neutron.wsgi [None req-92c43aad-90eb-4ee1-b456-fb384fc58c2a 1c2f45c1608344b88deb7278ad68afc7 120cce33dac643019c6ab5766eb52f60 - - default default] 10.0.0.235 "DELETE /v2.0/networks/ac5a0960-e221-49aa-a383-2de5cec1f127 HTTP/1.1" status: 204 len: 168 time: 0.5263226
2026-07-01 08:48:01.182 10 WARNING neutron_lib.context [None req-17ad1ba3-6532-4e5b-a4bf-b7388b037200 d7a88d6ef17d4eda9e68fac522357a23 fc0f1a5f51714ee2a3dde5232cad19de - - default default] Method 'is_advsvc' is deprecated since 2023.2 release (neutron-lib 3.8.0) and will be removed once support for the old RBAC API policies will be removed from Neutron. Please use method 'is_service_role' instead.
2026-07-01 08:48:01.258 10 INFO neutron.wsgi [None req-f283abdf-2c11-49af-b750-ae7cbbb1c32a 4a3ef2534f61457faff22ab55cefb958 7752d789095d41dba9854df69db90c7e - - default default] 10.0.0.235 "GET /v2.0/networks HTTP/1.1" status: 200 len: 1493 time: 0.3052428
2026-07-01 08:48:01.280 10 INFO neutron.wsgi [None req-17ad1ba3-6532-4e5b-a4bf-b7388b037200 d7a88d6ef17d4eda9e68fac522357a23 fc0f1a5f51714ee2a3dde5232cad19de - - default default] 10.0.0.235 "POST /v2.0/subnetpools HTTP/1.1" status: 201 len: 747 time: 0.2260537
2026-07-01 08:48:01.315 10 INFO neutron.wsgi [None req-bf55eabf-6646-4b0f-a8a0-5c3cf4f29165 d7a88d6ef17d4eda9e68fac522357a23 fc0f1a5f51714ee2a3dde5232cad19de - - default default] 10.0.0.235 "GET /v2.0/subnetpools/4356599d-ae85-472e-a86a-8c3b23506c78 HTTP/1.1" status: 200 len: 742 time: 0.0295467
2026-07-01 08:48:01.403 10 INFO neutron.wsgi [req-6d472d0a-ace2-4eaf-8a27-ef025f5b6614 req-b20efc6c-c9fc-4f9f-af7a-6cd9f008ccd8 4a3ef2534f61457faff22ab55cefb958 7752d789095d41dba9854df69db90c7e - - default default] 10.0.0.79 "GET /v2.0/security-groups?name=tempest-secgroup-smoke-1539995182&fields=id&tenant_id=7752d789095d41dba9854df69db90c7e HTTP/1.1" status: 200 len: 267 time: 0.0629930
2026-07-01 08:48:01.413 10 INFO neutron.wsgi [None req-bf22be01-8221-4de8-96ab-fcf58958efc6 d7a88d6ef17d4eda9e68fac522357a23 fc0f1a5f51714ee2a3dde5232cad19de - - default default] 10.0.0.235 "PUT /v2.0/subnetpools/4356599d-ae85-472e-a86a-8c3b23506c78 HTTP/1.1" status: 200 len: 695 time: 0.0919261
2026-07-01 08:48:01.488 10 INFO neutron.wsgi [req-6d472d0a-ace2-4eaf-8a27-ef025f5b6614 req-f71cff64-0ecd-43e7-867b-f733bb048a23 4a3ef2534f61457faff22ab55cefb958 7752d789095d41dba9854df69db90c7e - - default default] 10.0.0.79 "GET /v2.0/networks?id=710831b1-4b63-405a-9af7-5d8a5051eee0 HTTP/1.1" status: 200 len: 860 time: 0.0737963
2026-07-01 08:48:01.507 10 INFO neutron.wsgi [req-6d472d0a-ace2-4eaf-8a27-ef025f5b6614 req-77bb4d9a-8ddc-405b-ba44-67d1564170c2 4a3ef2534f61457faff22ab55cefb958 7752d789095d41dba9854df69db90c7e - - default default] 10.0.0.79 "GET /v2.0/quotas/7752d789095d41dba9854df69db90c7e HTTP/1.1" status: 200 len: 491 time: 0.0117154
2026-07-01 08:48:01.507 9 INFO neutron.wsgi [None req-a6510162-dd46-402b-b126-1eb1bf7c033a d7a88d6ef17d4eda9e68fac522357a23 fc0f1a5f51714ee2a3dde5232cad19de - - default default] 10.0.0.235 "DELETE /v2.0/subnetpools/4356599d-ae85-472e-a86a-8c3b23506c78 HTTP/1.1" status: 204 len: 168 time: 0.0856841
2026-07-01 08:48:01.542 10 INFO neutron.api.v2.resource [None req-64b776f0-6dd4-48f6-a27a-d0c960b154a0 d7a88d6ef17d4eda9e68fac522357a23 fc0f1a5f51714ee2a3dde5232cad19de - - default default] show failed (client error): The resource could not be found.
2026-07-01 08:48:01.543 10 INFO neutron.wsgi [None req-64b776f0-6dd4-48f6-a27a-d0c960b154a0 d7a88d6ef17d4eda9e68fac522357a23 fc0f1a5f51714ee2a3dde5232cad19de - - default default] 10.0.0.235 "GET /v2.0/subnetpools/4356599d-ae85-472e-a86a-8c3b23506c78 HTTP/1.1" status: 404 len: 346 time: 0.0304971
2026-07-01 08:48:01.575 10 INFO neutron.api.v2.resource [None req-6da350fe-73ba-4ae3-a0cb-426fb0f290d8 d7a88d6ef17d4eda9e68fac522357a23 fc0f1a5f51714ee2a3dde5232cad19de - - default default] delete failed (client error): The resource could not be found.
2026-07-01 08:48:01.576 10 INFO neutron.wsgi [None req-6da350fe-73ba-4ae3-a0cb-426fb0f290d8 d7a88d6ef17d4eda9e68fac522357a23 fc0f1a5f51714ee2a3dde5232cad19de - - default default] 10.0.0.235 "DELETE /v2.0/subnetpools/4356599d-ae85-472e-a86a-8c3b23506c78 HTTP/1.1" status: 404 len: 346 time: 0.0206614
2026-07-01 08:48:01.635 10 INFO neutron.wsgi [req-6d472d0a-ace2-4eaf-8a27-ef025f5b6614 req-112f9685-7954-401f-ac5d-a8927dbb14ce 4a3ef2534f61457faff22ab55cefb958 7752d789095d41dba9854df69db90c7e - - default default] 10.0.0.79 "GET /v2.0/ports?tenant_id=7752d789095d41dba9854df69db90c7e&fields=id HTTP/1.1" status: 200 len: 302 time: 0.1044807
2026-07-01 08:48:01.711 9 INFO neutron.wsgi [None req-c95c40c4-38ef-422b-a96c-0e7f80dc555b 1c2f45c1608344b88deb7278ad68afc7 120cce33dac643019c6ab5766eb52f60 - - default default] 10.0.0.235 "DELETE /v2.0/networks/a2a62eef-a4f8-4b18-adf6-47064b8070c7 HTTP/1.1" status: 204 len: 168 time: 0.5233326
2026-07-01 08:48:01.775 10 INFO neutron.wsgi [req-6d472d0a-ace2-4eaf-8a27-ef025f5b6614 req-e42d2576-53cc-48d5-b5c2-e1983a8a11b2 9bace6ade53a42cc8a059d404d8c575b 42f8953e468046b4837051ad68060903 - - e2a361f18ee442689da9a86b65027798 e2a361f18ee442689da9a86b65027798] 10.0.0.79 "GET /v2.0/networks/710831b1-4b63-405a-9af7-5d8a5051eee0?fields=segments HTTP/1.1" status: 200 len: 212 time: 0.1247509
2026-07-01 08:48:01.857 10 INFO neutron.wsgi [req-6d472d0a-ace2-4eaf-8a27-ef025f5b6614 req-cdd71c3e-d65b-412c-8dc4-cfc59c988b42 9bace6ade53a42cc8a059d404d8c575b 42f8953e468046b4837051ad68060903 - - e2a361f18ee442689da9a86b65027798 e2a361f18ee442689da9a86b65027798] 10.0.0.79 "GET /v2.0/networks/710831b1-4b63-405a-9af7-5d8a5051eee0?fields=provider%3Aphysical_network&fields=provider%3Anetwork_type HTTP/1.1" status: 200 len: 277 time: 0.0703189
2026-07-01 08:48:02.023 10 INFO neutron.wsgi [req-c07f5f69-5e42-4581-96af-e1224dc9dde4 req-64f14048-9e50-4b30-9da3-39decf3f86b7 4a3ef2534f61457faff22ab55cefb958 7752d789095d41dba9854df69db90c7e - - default default] 10.0.0.79 "GET /v2.0/ports?device_id=d75158bc-915c-4b97-ac3e-c2f27ebe8223 HTTP/1.1" status: 200 len: 210 time: 0.0220709
2026-07-01 08:48:02.232 10 INFO neutron.services.segments.plugin [-] Segment a014d005-b228-42f2-8da1-75856190d715 resource provider aggregate not found
2026-07-01 08:48:02.238 10 INFO neutron.services.segments.plugin [-] Segment a014d005-b228-42f2-8da1-75856190d715 resource provider aggregate not found
2026-07-01 08:48:02.261 10 INFO neutron.services.segments.plugin [-] Segment a014d005-b228-42f2-8da1-75856190d715 resource provider not found; error: Placement Client Error (4xx): {"errors": [{"status": 404, "title": "Not Found", "detail": "The resource could not be found.\n\n No resource provider with uuid a014d005-b228-42f2-8da1-75856190d715 found for delete ", "request_id": "req-e31de286-c7f6-4e0c-a85a-5b54e2b5b40b"}]}
2026-07-01 08:48:02.262 10 INFO neutron.services.segments.plugin [-] Segment a014d005-b228-42f2-8da1-75856190d715 resource provider not found; error: Placement Client Error (4xx): {"errors": [{"status": 404, "title": "Not Found", "detail": "The resource could not be found.\n\n No resource provider with uuid a014d005-b228-42f2-8da1-75856190d715 found for delete ", "request_id": "req-01635bb6-c992-40ff-8641-28cdcb6659d5"}]}
2026-07-01 08:48:02.271 10 INFO neutron.wsgi [None req-8043bd42-b318-417d-960c-4e3fdc9a74f6 1c2f45c1608344b88deb7278ad68afc7 120cce33dac643019c6ab5766eb52f60 - - default default] 10.0.0.235 "DELETE /v2.0/networks/3a61e2c6-4765-4aba-b434-2ed1abd2a069 HTTP/1.1" status: 204 len: 168 time: 0.5497420
2026-07-01 08:48:02.352 9 WARNING neutron.plugins.ml2.drivers.ovn.mech_driver.ovsdb.ovn_client [None req-5fe65190-f355-4240-aa88-3c53cbc5a684 - - - - - -] No hosting information found for port ef8fc1bf-40d6-4e7f-9ca2-7909517ecab3: RuntimeError: No hosting information found for port ef8fc1bf-40d6-4e7f-9ca2-7909517ecab3
2026-07-01 08:48:02.678 9 INFO neutron.db.ovn_revision_numbers_db [None req-a866b499-3a6e-40df-af9d-e355c1c3700d 55a5c6c56fb943e2a14e1ac6b25eeb85 2bcdf5accffc4304b39fe6804f571679 - - default default] Successfully bumped revision number for resource 6aa4d8c4-8319-4d4d-bdf5-383f532dfa01 (type: security_groups) to 1
2026-07-01 08:48:02.703 9 INFO neutron.db.ovn_revision_numbers_db [None req-a866b499-3a6e-40df-af9d-e355c1c3700d 55a5c6c56fb943e2a14e1ac6b25eeb85 2bcdf5accffc4304b39fe6804f571679 - - default default] Successfully bumped revision number for resource 7f2bb4c3-992e-49cb-a65e-be73d15f2c38 (type: security_group_rules) to 0
2026-07-01 08:48:02.732 9 INFO neutron.db.ovn_revision_numbers_db [None req-a866b499-3a6e-40df-af9d-e355c1c3700d 55a5c6c56fb943e2a14e1ac6b25eeb85 2bcdf5accffc4304b39fe6804f571679 - - default default] Successfully bumped revision number for resource b3850f2a-5b2c-41cc-8a64-e88bdcc9f262 (type: security_group_rules) to 0
2026-07-01 08:48:02.763 9 INFO neutron.db.ovn_revision_numbers_db [None req-a866b499-3a6e-40df-af9d-e355c1c3700d 55a5c6c56fb943e2a14e1ac6b25eeb85 2bcdf5accffc4304b39fe6804f571679 - - default default] Successfully bumped revision number for resource ce4d48b4-34f5-46a2-a325-77570022f1fe (type: security_group_rules) to 0
2026-07-01 08:48:02.804 9 INFO neutron.db.ovn_revision_numbers_db [None req-a866b499-3a6e-40df-af9d-e355c1c3700d 55a5c6c56fb943e2a14e1ac6b25eeb85 2bcdf5accffc4304b39fe6804f571679 - - default default] Successfully bumped revision number for resource f3cfbad5-4c1c-4a1f-b38d-0c74c6e12dfb (type: security_group_rules) to 0
2026-07-01 08:48:02.845 9 INFO neutron.wsgi [None req-a866b499-3a6e-40df-af9d-e355c1c3700d 55a5c6c56fb943e2a14e1ac6b25eeb85 2bcdf5accffc4304b39fe6804f571679 - - default default] 10.0.0.235 "GET /v2.0/security-groups?tenant_id=fc0f1a5f51714ee2a3dde5232cad19de&name=default HTTP/1.1" status: 200 len: 3120 time: 0.7124293
2026-07-01 08:48:02.858 9 INFO neutron.wsgi [None req-16a97bd3-ba08-48e0-abfa-20dd4821e3c1 1c2f45c1608344b88deb7278ad68afc7 120cce33dac643019c6ab5766eb52f60 - - default default] 10.0.0.235 "DELETE /v2.0/networks/86b40ecc-0355-4e33-913c-66085b9686e4 HTTP/1.1" status: 204 len: 168 time: 0.5775893
2026-07-01 08:48:02.941 10 INFO neutron.wsgi [req-6d472d0a-ace2-4eaf-8a27-ef025f5b6614 req-5e576332-a8fa-460d-a37a-f5ca3809da4d 4a3ef2534f61457faff22ab55cefb958 7752d789095d41dba9854df69db90c7e - - default default] 199.204.45.70 "GET /v2.0/networks?id=710831b1-4b63-405a-9af7-5d8a5051eee0 HTTP/1.1" status: 200 len: 860 time: 0.1044350
2026-07-01 08:48:03.028 10 INFO neutron.wsgi [req-6d472d0a-ace2-4eaf-8a27-ef025f5b6614 req-f73856f0-29e9-425f-b32f-41a9007b7248 4a3ef2534f61457faff22ab55cefb958 7752d789095d41dba9854df69db90c7e - - default default] 199.204.45.70 "GET /v2.0/security-groups?fields=id&fields=name&tenant_id=7752d789095d41dba9854df69db90c7e HTTP/1.1" status: 200 len: 380 time: 0.0725102
2026-07-01 08:48:03.043 10 WARNING neutron_lib.context [req-6d472d0a-ace2-4eaf-8a27-ef025f5b6614 req-ce4c2e34-5134-432e-886e-bc961da825e8 4a3ef2534f61457faff22ab55cefb958 7752d789095d41dba9854df69db90c7e - - default default] Method 'is_advsvc' is deprecated since 2023.2 release (neutron-lib 3.8.0) and will be removed once support for the old RBAC API policies will be removed from Neutron. Please use method 'is_service_role' instead.
2026-07-01 08:48:03.163 10 INFO neutron.wsgi [req-b4373b4d-ebab-485a-a6b6-498df748d73d req-96de050b-a52b-45a2-9c7d-0ba9db82b54b 4a3ef2534f61457faff22ab55cefb958 7752d789095d41dba9854df69db90c7e - - default default] 10.0.0.79 "GET /v2.0/ports?device_id=d75158bc-915c-4b97-ac3e-c2f27ebe8223 HTTP/1.1" status: 200 len: 210 time: 0.0529716
2026-07-01 08:48:03.183 9 INFO neutron.services.segments.plugin [-] Segment b5ea2113-0e36-4fd3-86cb-2f8fe24a4018 resource provider aggregate not found
2026-07-01 08:48:03.202 9 INFO neutron.services.segments.plugin [-] Segment b5ea2113-0e36-4fd3-86cb-2f8fe24a4018 resource provider not found; error: Placement Client Error (4xx): {"errors": [{"status": 404, "title": "Not Found", "detail": "The resource could not be found.\n\n No resource provider with uuid b5ea2113-0e36-4fd3-86cb-2f8fe24a4018 found for delete ", "request_id": "req-4a2c2b3c-3f02-4b66-b507-ce30a5d13c71"}]}
2026-07-01 08:48:03.211 9 INFO neutron.services.segments.plugin [-] Segment b5ea2113-0e36-4fd3-86cb-2f8fe24a4018 resource provider aggregate not found
2026-07-01 08:48:03.229 9 INFO neutron.services.segments.plugin [-] Segment b5ea2113-0e36-4fd3-86cb-2f8fe24a4018 resource provider not found; error: Placement Client Error (4xx): {"errors": [{"status": 404, "title": "Not Found", "detail": "The resource could not be found.\n\n No resource provider with uuid b5ea2113-0e36-4fd3-86cb-2f8fe24a4018 found for delete ", "request_id": "req-87e1e3ca-1275-4e09-bdd8-9bf929b4aa61"}]}
2026-07-01 08:48:03.234 9 INFO neutron.services.segments.plugin [-] Segment 1fea8252-237e-477f-8fb3-794e6d7fdadb resource provider aggregate not found
2026-07-01 08:48:03.261 9 INFO neutron.services.segments.plugin [-] Segment 1fea8252-237e-477f-8fb3-794e6d7fdadb resource provider aggregate not found
2026-07-01 08:48:03.267 9 INFO neutron.services.segments.plugin [-] Segment 1fea8252-237e-477f-8fb3-794e6d7fdadb resource provider not found; error: Placement Client Error (4xx): {"errors": [{"status": 404, "title": "Not Found", "detail": "The resource could not be found.\n\n No resource provider with uuid 1fea8252-237e-477f-8fb3-794e6d7fdadb found for delete ", "request_id": "req-6b02d26a-a1bb-4d8e-81e5-695796245634"}]}
2026-07-01 08:48:03.308 9 INFO neutron.services.segments.plugin [-] Segment 1fea8252-237e-477f-8fb3-794e6d7fdadb resource provider not found; error: Placement Client Error (4xx): {"errors": [{"status": 404, "title": "Not Found", "detail": "The resource could not be found.\n\n No resource provider with uuid 1fea8252-237e-477f-8fb3-794e6d7fdadb found for delete ", "request_id": "req-dc6bf431-4d13-4f0c-914c-8fe9cdba57cc"}]}
