2026-07-01 08:46:31.704 9 INFO neutron.notifiers.nova [-] Nova event matching ['req-e0a476f6-e473-490f-b6b1-2041c8b449f3'] response: {'server_uuid': 'a5ac37c6-44b2-42c8-b5cb-6d2239402768', 'name': 'network-vif-unplugged', 'status': 'completed', 'tag': '27c99436-8778-43a3-808e-9fd6536c830d', 'code': 200}
2026-07-01 08:46:31.704 9 INFO neutron.notifiers.nova [-] Nova event matching ['req-e0a476f6-e473-490f-b6b1-2041c8b449f3'] response: {'server_uuid': 'a5ac37c6-44b2-42c8-b5cb-6d2239402768', 'name': 'network-vif-plugged', 'status': 'completed', 'tag': '27c99436-8778-43a3-808e-9fd6536c830d', 'code': 200}
2026-07-01 08:46:31.705 9 INFO neutron.notifiers.nova [-] Nova event matching ['req-e0a476f6-e473-490f-b6b1-2041c8b449f3'] response: {'server_uuid': 'a5ac37c6-44b2-42c8-b5cb-6d2239402768', 'name': 'network-vif-plugged', 'status': 'completed', 'tag': '27c99436-8778-43a3-808e-9fd6536c830d', 'code': 200}
2026-07-01 08:46:31.741 10 INFO neutron.wsgi [req-348f34a8-b90b-4c4a-bef4-6950a5970b33 req-fe2b724b-4ecd-4a34-84a4-3a243d7828c6 54e1ff017de34f01b9ed92b357ecbfdb 9c0cc951c6974aa4bf066341f4ada729 - - default default] 10.0.0.79 "GET /v2.0/ports/a0be326d-3145-4a88-9788-61edbf4f8588 HTTP/1.1" status: 200 len: 1171 time: 0.0531571
2026-07-01 08:46:31.905 10 INFO neutron.wsgi [req-ad5f602c-5b94-499e-b20e-505322919592 req-1749852f-0a1e-4fda-bdf0-32164072759d fc7823a2d079491f8795966dfc8c1833 2a6c200e0ac246a0a75f701f2731dfa9 - - default default] 10.0.0.79 "GET /v2.0/ports?device_id=a5ac37c6-44b2-42c8-b5cb-6d2239402768 HTTP/1.1" status: 200 len: 1174 time: 0.0538516
2026-07-01 08:46:31.991 10 INFO neutron.wsgi [req-ad5f602c-5b94-499e-b20e-505322919592 req-701b5283-58e1-4317-9102-c6f6f202a5b8 fc7823a2d079491f8795966dfc8c1833 2a6c200e0ac246a0a75f701f2731dfa9 - - default default] 10.0.0.79 "GET /v2.0/security-groups?id=b7bf316c-6b93-4e66-bf38-fda59d65e59c&fields=id&fields=name HTTP/1.1" status: 200 len: 313 time: 0.0795779
2026-07-01 08:46:32.014 10 INFO neutron.wsgi [req-93d9f571-14ae-43a5-bc35-9040b324c103 req-7020d3fd-465f-4410-832a-fe3009559106 54e1ff017de34f01b9ed92b357ecbfdb 9c0cc951c6974aa4bf066341f4ada729 - - default default] 199.204.45.70 "GET /v2.0/subnets?network_id=89d4a19a-0d3b-4ca9-a404-94076d05c623 HTTP/1.1" status: 200 len: 858 time: 0.0628774
2026-07-01 08:46:32.089 10 INFO neutron.wsgi [req-93d9f571-14ae-43a5-bc35-9040b324c103 req-c964019e-6d49-43f4-b842-11e25aab2b07 54e1ff017de34f01b9ed92b357ecbfdb 9c0cc951c6974aa4bf066341f4ada729 - - default default] 199.204.45.70 "GET /v2.0/ports?device_id=c9cf5cd2-46c1-4fe8-8d2c-c14b1e98e4ef&device_owner=compute%3Anova&network_id=89d4a19a-0d3b-4ca9-a404-94076d05c623 HTTP/1.1" status: 200 len: 1174 time: 0.0717850
2026-07-01 08:46:32.575 9 INFO neutron.db.ovn_revision_numbers_db [None req-23d63c84-9b2e-4e3a-bbfd-79c3b22cb040 8df72347a6cc427cad4410b716380839 a3fa5b89375146c499f55e9157cb2e41 - - default default] Successfully bumped revision number for resource 5c0ac98e-7f06-4345-85d5-955776c2015c (type: floatingips) to 1
2026-07-01 08:46:32.762 9 INFO neutron.db.ovn_revision_numbers_db [None req-23d63c84-9b2e-4e3a-bbfd-79c3b22cb040 8df72347a6cc427cad4410b716380839 a3fa5b89375146c499f55e9157cb2e41 - - default default] Successfully bumped revision number for resource 5c0ac98e-7f06-4345-85d5-955776c2015c (type: floatingips) to 2
2026-07-01 08:46:32.763 9 INFO neutron.db.l3_db [None req-23d63c84-9b2e-4e3a-bbfd-79c3b22cb040 8df72347a6cc427cad4410b716380839 a3fa5b89375146c499f55e9157cb2e41 - - default default] Floating IP 5c0ac98e-7f06-4345-85d5-955776c2015c associated. External IP: 10.96.250.201, port: 93933022-f434-43cc-829f-82976e7f0b45.
2026-07-01 08:46:32.805 9 INFO neutron.wsgi [None req-23d63c84-9b2e-4e3a-bbfd-79c3b22cb040 8df72347a6cc427cad4410b716380839 a3fa5b89375146c499f55e9157cb2e41 - - default default] 10.0.0.235 "PUT /v2.0/floatingips/5c0ac98e-7f06-4345-85d5-955776c2015c HTTP/1.1" status: 200 len: 1049 time: 1.2252724
2026-07-01 08:46:32.938 10 INFO neutron.wsgi [req-0dd009e0-ddbb-443c-8b8b-1532c104ad8d req-6c3a7448-3df2-45a4-b8e9-2f58a5da4e1c 8df72347a6cc427cad4410b716380839 a3fa5b89375146c499f55e9157cb2e41 - - default default] 10.0.0.79 "GET /v2.0/ports?device_id=9e62e90e-d886-4fdb-b37f-680aad3814ca HTTP/1.1" status: 200 len: 1170 time: 0.0656326
2026-07-01 08:46:33.026 10 INFO neutron.wsgi [req-0dd009e0-ddbb-443c-8b8b-1532c104ad8d req-280ff955-2f5c-4b3b-8de3-0c2f72b2f7a1 8df72347a6cc427cad4410b716380839 a3fa5b89375146c499f55e9157cb2e41 - - default default] 10.0.0.79 "GET /v2.0/security-groups?id=3a1565c6-2c76-4e3c-aa38-7e878d86e73a&fields=id&fields=name HTTP/1.1" status: 200 len: 313 time: 0.0802162 /var/lib/openstack/lib/python3.10/site-packages/pycadf/identifier.py:71: UserWarning: Invalid uuid: neutron. To ensure interoperability, identifiers should be a valid uuid. warnings.warn(('Invalid uuid: %s. To ensure interoperability, '
2026-07-01 08:46:33.095 10 INFO neutron.db.ovn_revision_numbers_db [req-93d9f571-14ae-43a5-bc35-9040b324c103 req-11879aac-d234-489c-9214-60b27c0b4ec5 54e1ff017de34f01b9ed92b357ecbfdb 9c0cc951c6974aa4bf066341f4ada729 - - default default] Successfully bumped revision number for resource a0be326d-3145-4a88-9788-61edbf4f8588 (type: ports) to 5
2026-07-01 08:46:33.138 10 INFO neutron.wsgi [req-93d9f571-14ae-43a5-bc35-9040b324c103 req-11879aac-d234-489c-9214-60b27c0b4ec5 54e1ff017de34f01b9ed92b357ecbfdb 9c0cc951c6974aa4bf066341f4ada729 - - default default] 199.204.45.70 "PUT /v2.0/ports/a0be326d-3145-4a88-9788-61edbf4f8588 HTTP/1.1" status: 200 len: 1349 time: 1.0431616
2026-07-01 08:46:33.150 10 INFO neutron.wsgi [req-0bf6f2df-939c-411c-84bc-7835346d615e req-77761d04-a106-42d8-8a3e-a48aca1aeaca fc7823a2d079491f8795966dfc8c1833 2a6c200e0ac246a0a75f701f2731dfa9 - - default default] 10.0.0.79 "GET /v2.0/ports?device_id=a5ac37c6-44b2-42c8-b5cb-6d2239402768 HTTP/1.1" status: 200 len: 1174 time: 0.0746243
2026-07-01 08:46:33.215 10 INFO neutron.wsgi [req-93d9f571-14ae-43a5-bc35-9040b324c103 req-c08227fd-ac8d-421e-b516-cca3fdc301ef 9bace6ade53a42cc8a059d404d8c575b 42f8953e468046b4837051ad68060903 - - e2a361f18ee442689da9a86b65027798 e2a361f18ee442689da9a86b65027798] 199.204.45.70 "GET /v2.0/ports?tenant_id=9c0cc951c6974aa4bf066341f4ada729&device_id=c9cf5cd2-46c1-4fe8-8d2c-c14b1e98e4ef HTTP/1.1" status: 200 len: 1590 time: 0.0512052
2026-07-01 08:46:33.219 10 INFO neutron.notifiers.nova [-] Nova event matching ['req-a3b8c137-327a-4961-becc-eb388a8155e2'] response: {'name': 'network-changed', 'server_uuid': 'c9cf5cd2-46c1-4fe8-8d2c-c14b1e98e4ef', 'tag': 'a0be326d-3145-4a88-9788-61edbf4f8588', 'status': 'completed', 'code': 200}
2026-07-01 08:46:33.241 10 INFO neutron.wsgi [req-0bf6f2df-939c-411c-84bc-7835346d615e req-0d646cd6-be20-43f6-b44c-fc657514ab92 fc7823a2d079491f8795966dfc8c1833 2a6c200e0ac246a0a75f701f2731dfa9 - - default default] 10.0.0.79 "GET /v2.0/security-groups?id=b7bf316c-6b93-4e66-bf38-fda59d65e59c&fields=id&fields=name HTTP/1.1" status: 200 len: 313 time: 0.0749178
2026-07-01 08:46:33.296 10 INFO neutron.wsgi [req-93d9f571-14ae-43a5-bc35-9040b324c103 req-3b6a04ae-e5a2-49f5-9b00-aa0a7f2a11fd 9bace6ade53a42cc8a059d404d8c575b 42f8953e468046b4837051ad68060903 - - e2a361f18ee442689da9a86b65027798 e2a361f18ee442689da9a86b65027798] 199.204.45.70 "GET /v2.0/networks?id=89d4a19a-0d3b-4ca9-a404-94076d05c623 HTTP/1.1" status: 200 len: 980 time: 0.0695798
2026-07-01 08:46:33.351 10 INFO neutron.wsgi [req-93d9f571-14ae-43a5-bc35-9040b324c103 req-7a3a522b-5c39-4872-9dfe-1965b52ba9fb 9bace6ade53a42cc8a059d404d8c575b 42f8953e468046b4837051ad68060903 - - e2a361f18ee442689da9a86b65027798 e2a361f18ee442689da9a86b65027798] 199.204.45.70 "GET /v2.0/floatingips?fixed_ip_address=10.100.0.11&port_id=a0be326d-3145-4a88-9788-61edbf4f8588 HTTP/1.1" status: 200 len: 1060 time: 0.0472863
2026-07-01 08:46:33.405 10 INFO neutron.wsgi [req-93d9f571-14ae-43a5-bc35-9040b324c103 req-2a69d5d7-9b25-4b25-8ca1-567db67d6a10 9bace6ade53a42cc8a059d404d8c575b 42f8953e468046b4837051ad68060903 - - e2a361f18ee442689da9a86b65027798 e2a361f18ee442689da9a86b65027798] 199.204.45.70 "GET /v2.0/floatingips?fixed_ip_address=10.100.0.5&port_id=a0be326d-3145-4a88-9788-61edbf4f8588 HTTP/1.1" status: 200 len: 217 time: 0.0325134
2026-07-01 08:46:33.464 10 INFO neutron.wsgi [req-b1d296ce-eed3-4011-9afd-6e21fdbdb8b4 req-432808d1-94ea-44ac-9d46-fd6c1d2b2038 8df72347a6cc427cad4410b716380839 a3fa5b89375146c499f55e9157cb2e41 - - default default] 10.0.0.79 "GET /v2.0/ports?device_id=9e62e90e-d886-4fdb-b37f-680aad3814ca HTTP/1.1" status: 200 len: 1170 time: 0.0636938
2026-07-01 08:46:33.475 9 INFO neutron.plugins.ml2.drivers.ovn.mech_driver.mech_driver [None req-5fe65190-f355-4240-aa88-3c53cbc5a684 - - - - - -] OVN reports status down for port: 93933022-f434-43cc-829f-82976e7f0b45
2026-07-01 08:46:33.487 10 INFO neutron.wsgi [req-93d9f571-14ae-43a5-bc35-9040b324c103 req-b5110ca3-be8f-430e-9d90-9f25a4fd0b4d 9bace6ade53a42cc8a059d404d8c575b 42f8953e468046b4837051ad68060903 - - e2a361f18ee442689da9a86b65027798 e2a361f18ee442689da9a86b65027798] 199.204.45.70 "GET /v2.0/subnets?id=61a4f632-7970-4a6f-8249-cb73211c26a1 HTTP/1.1" status: 200 len: 876 time: 0.0731814
2026-07-01 08:46:33.536 10 INFO neutron.wsgi [req-93d9f571-14ae-43a5-bc35-9040b324c103 req-59b4f621-a684-4bb9-965d-a81f461c6f02 9bace6ade53a42cc8a059d404d8c575b 42f8953e468046b4837051ad68060903 - - e2a361f18ee442689da9a86b65027798 e2a361f18ee442689da9a86b65027798] 199.204.45.70 "GET /v2.0/ports?network_id=89d4a19a-0d3b-4ca9-a404-94076d05c623&device_owner=network%3Adhcp HTTP/1.1" status: 200 len: 210 time: 0.0378542
2026-07-01 08:46:33.588 10 INFO neutron.wsgi [req-b1d296ce-eed3-4011-9afd-6e21fdbdb8b4 req-57ab553f-b98e-426d-a1a7-d0cf2bef114e 8df72347a6cc427cad4410b716380839 a3fa5b89375146c499f55e9157cb2e41 - - default default] 10.0.0.79 "GET /v2.0/security-groups?id=3a1565c6-2c76-4e3c-aa38-7e878d86e73a&fields=id&fields=name HTTP/1.1" status: 200 len: 313 time: 0.1131828
2026-07-01 08:46:33.651 10 INFO neutron.wsgi [req-93d9f571-14ae-43a5-bc35-9040b324c103 req-96fc8f5f-bd6f-4f7a-b7f9-9632f331347d 9bace6ade53a42cc8a059d404d8c575b 42f8953e468046b4837051ad68060903 - - e2a361f18ee442689da9a86b65027798 e2a361f18ee442689da9a86b65027798] 199.204.45.70 "GET /v2.0/networks/89d4a19a-0d3b-4ca9-a404-94076d05c623?fields=segments HTTP/1.1" status: 200 len: 212 time: 0.1077249
2026-07-01 08:46:33.761 10 INFO neutron.wsgi [req-93d9f571-14ae-43a5-bc35-9040b324c103 req-9394503a-9bd9-4224-b6a5-31778d6c8bf5 9bace6ade53a42cc8a059d404d8c575b 42f8953e468046b4837051ad68060903 - - e2a361f18ee442689da9a86b65027798 e2a361f18ee442689da9a86b65027798] 199.204.45.70 "GET /v2.0/networks/89d4a19a-0d3b-4ca9-a404-94076d05c623?fields=provider%3Aphysical_network&fields=provider%3Anetwork_type HTTP/1.1" status: 200 len: 277 time: 0.1029236
2026-07-01 08:46:33.771 9 INFO neutron.notifiers.nova [-] Nova event matching ['req-1e0b4631-d966-41f0-946a-86f5600fe3e2'] response: {'name': 'network-changed', 'server_uuid': '9e62e90e-d886-4fdb-b37f-680aad3814ca', 'tag': '93933022-f434-43cc-829f-82976e7f0b45', 'status': 'completed', 'code': 200}
2026-07-01 08:46:33.772 9 INFO neutron.notifiers.nova [-] Nova event matching ['req-1e0b4631-d966-41f0-946a-86f5600fe3e2'] response: {'server_uuid': '9e62e90e-d886-4fdb-b37f-680aad3814ca', 'name': 'network-vif-unplugged', 'status': 'completed', 'tag': '93933022-f434-43cc-829f-82976e7f0b45', 'code': 200} /var/lib/openstack/lib/python3.10/site-packages/pycadf/identifier.py:71: UserWarning: Invalid uuid: neutron. To ensure interoperability, identifiers should be a valid uuid. warnings.warn(('Invalid uuid: %s. To ensure interoperability, '
2026-07-01 08:46:33.876 10 INFO neutron.wsgi [req-1c567ce8-0ca6-46a3-9431-14f5da9cbc02 req-8d7604af-d02a-4fb8-8207-007ba8ce1eb7 9bace6ade53a42cc8a059d404d8c575b 42f8953e468046b4837051ad68060903 - - e2a361f18ee442689da9a86b65027798 e2a361f18ee442689da9a86b65027798] 199.204.45.70 "GET /v2.0/ports?tenant_id=a3fa5b89375146c499f55e9157cb2e41&device_id=9e62e90e-d886-4fdb-b37f-680aad3814ca HTTP/1.1" status: 200 len: 1407 time: 0.0679460
2026-07-01 08:46:33.908 10 INFO neutron.wsgi [req-78c55d8a-5098-4977-9b4e-778fd8646645 req-cbd0c079-2963-4409-95f2-dcd4123077f2 9bace6ade53a42cc8a059d404d8c575b 42f8953e468046b4837051ad68060903 - - e2a361f18ee442689da9a86b65027798 e2a361f18ee442689da9a86b65027798] 199.204.45.70 "GET /v2.0/ports?tenant_id=9c0cc951c6974aa4bf066341f4ada729&device_id=c9cf5cd2-46c1-4fe8-8d2c-c14b1e98e4ef HTTP/1.1" status: 200 len: 1590 time: 0.0702567
2026-07-01 08:46:33.970 9 INFO neutron.wsgi [req-47bb3c8b-d10e-496f-a9b1-b24ecd9bb857 req-c07f0327-c366-44ba-a6b3-9eb5c88c133b 8df72347a6cc427cad4410b716380839 a3fa5b89375146c499f55e9157cb2e41 - - default default] 199.204.45.70 "GET /v2.0/ports?device_id=9e62e90e-d886-4fdb-b37f-680aad3814ca HTTP/1.1" status: 200 len: 1168 time: 0.1521745
2026-07-01 08:46:33.992 10 INFO neutron.wsgi [req-1c567ce8-0ca6-46a3-9431-14f5da9cbc02 req-4633a7c0-ebe9-4986-a4ee-2ac6e7b77f46 9bace6ade53a42cc8a059d404d8c575b 42f8953e468046b4837051ad68060903 - - e2a361f18ee442689da9a86b65027798 e2a361f18ee442689da9a86b65027798] 199.204.45.70 "GET /v2.0/networks?id=5dfffbf7-e2ac-48b2-a9bf-1093f8836dcb HTTP/1.1" status: 200 len: 977 time: 0.1072059
2026-07-01 08:46:34.015 9 INFO neutron.db.ovn_revision_numbers_db [None req-5fe65190-f355-4240-aa88-3c53cbc5a684 - - - - - -] Successfully bumped revision number for resource 93933022-f434-43cc-829f-82976e7f0b45 (type: ports) to 5
2026-07-01 08:46:34.043 10 INFO neutron.wsgi [req-78c55d8a-5098-4977-9b4e-778fd8646645 req-9118ebf8-3ff6-4ecc-b6b7-92fc0ba16c32 9bace6ade53a42cc8a059d404d8c575b 42f8953e468046b4837051ad68060903 - - e2a361f18ee442689da9a86b65027798 e2a361f18ee442689da9a86b65027798] 199.204.45.70 "GET /v2.0/networks?id=89d4a19a-0d3b-4ca9-a404-94076d05c623 HTTP/1.1" status: 200 len: 980 time: 0.1228089
2026-07-01 08:46:34.083 10 INFO neutron.wsgi [req-1c567ce8-0ca6-46a3-9431-14f5da9cbc02 req-6e7e9b6a-02c8-4ebd-bae0-daeb82725b67 9bace6ade53a42cc8a059d404d8c575b 42f8953e468046b4837051ad68060903 - - e2a361f18ee442689da9a86b65027798 e2a361f18ee442689da9a86b65027798] 199.204.45.70 "GET /v2.0/floatingips?fixed_ip_address=10.100.0.8&port_id=93933022-f434-43cc-829f-82976e7f0b45 HTTP/1.1" status: 200 len: 1057 time: 0.0818162
2026-07-01 08:46:34.149 10 INFO neutron.wsgi [req-78c55d8a-5098-4977-9b4e-778fd8646645 req-2da69d01-a387-4ca8-aac4-d89f6c30f2e3 9bace6ade53a42cc8a059d404d8c575b 42f8953e468046b4837051ad68060903 - - e2a361f18ee442689da9a86b65027798 e2a361f18ee442689da9a86b65027798] 199.204.45.70 "GET /v2.0/floatingips?fixed_ip_address=10.100.0.11&port_id=a0be326d-3145-4a88-9788-61edbf4f8588 HTTP/1.1" status: 200 len: 1060 time: 0.0943084
2026-07-01 08:46:34.160 10 INFO neutron.wsgi [req-1c567ce8-0ca6-46a3-9431-14f5da9cbc02 req-df6b9b95-c8b3-4351-a99f-70f3b02d77fc 9bace6ade53a42cc8a059d404d8c575b 42f8953e468046b4837051ad68060903 - - e2a361f18ee442689da9a86b65027798 e2a361f18ee442689da9a86b65027798] 199.204.45.70 "GET /v2.0/subnets?id=df9326c0-82cf-4bac-a58a-70e1ec9ae87c HTTP/1.1" status: 200 len: 872 time: 0.0660899
2026-07-01 08:46:34.181 10 INFO neutron.wsgi [req-488580a3-4e3a-4be4-9ef2-8eacf06dee8d req-054328bc-c57a-4262-97e8-5bf0f6d44407 54e1ff017de34f01b9ed92b357ecbfdb 9c0cc951c6974aa4bf066341f4ada729 - - default default] 10.0.0.79 "GET /v2.0/ports?device_id=c9cf5cd2-46c1-4fe8-8d2c-c14b1e98e4ef HTTP/1.1" status: 200 len: 1352 time: 0.0724182
2026-07-01 08:46:34.210 10 INFO neutron.wsgi [req-1c567ce8-0ca6-46a3-9431-14f5da9cbc02 req-b9bb2bde-ccb8-48b4-aa83-bc513c4e43bc 9bace6ade53a42cc8a059d404d8c575b 42f8953e468046b4837051ad68060903 - - e2a361f18ee442689da9a86b65027798 e2a361f18ee442689da9a86b65027798] 199.204.45.70 "GET /v2.0/ports?network_id=5dfffbf7-e2ac-48b2-a9bf-1093f8836dcb&device_owner=network%3Adhcp HTTP/1.1" status: 200 len: 210 time: 0.0442240
2026-07-01 08:46:34.211 10 INFO neutron.wsgi [req-78c55d8a-5098-4977-9b4e-778fd8646645 req-3d3aabbe-9b5b-4d5d-a674-a8f65fc26869 9bace6ade53a42cc8a059d404d8c575b 42f8953e468046b4837051ad68060903 - - e2a361f18ee442689da9a86b65027798 e2a361f18ee442689da9a86b65027798] 199.204.45.70 "GET /v2.0/floatingips?fixed_ip_address=10.100.0.5&port_id=a0be326d-3145-4a88-9788-61edbf4f8588 HTTP/1.1" status: 200 len: 217 time: 0.0486393
2026-07-01 08:46:34.296 10 INFO neutron.wsgi [req-78c55d8a-5098-4977-9b4e-778fd8646645 req-30218074-304b-4172-b73f-a1921fd6682e 9bace6ade53a42cc8a059d404d8c575b 42f8953e468046b4837051ad68060903 - - e2a361f18ee442689da9a86b65027798 e2a361f18ee442689da9a86b65027798] 199.204.45.70 "GET /v2.0/subnets?id=61a4f632-7970-4a6f-8249-cb73211c26a1 HTTP/1.1" status: 200 len: 876 time: 0.0715439
2026-07-01 08:46:34.316 10 INFO neutron.wsgi [req-488580a3-4e3a-4be4-9ef2-8eacf06dee8d req-490010f1-8f1e-421d-af81-a30d6d4f92ca 54e1ff017de34f01b9ed92b357ecbfdb 9c0cc951c6974aa4bf066341f4ada729 - - default default] 10.0.0.79 "GET /v2.0/security-groups?id=72ebe547-146f-4f04-a631-8d8c6ae887bf&fields=id&fields=name HTTP/1.1" status: 200 len: 311 time: 0.1098745
2026-07-01 08:46:34.344 10 INFO neutron.wsgi [req-78c55d8a-5098-4977-9b4e-778fd8646645 req-6346cf55-39d8-42b3-bf11-226e0fa8e418 9bace6ade53a42cc8a059d404d8c575b 42f8953e468046b4837051ad68060903 - - e2a361f18ee442689da9a86b65027798 e2a361f18ee442689da9a86b65027798] 199.204.45.70 "GET /v2.0/ports?network_id=89d4a19a-0d3b-4ca9-a404-94076d05c623&device_owner=network%3Adhcp HTTP/1.1" status: 200 len: 210 time: 0.0394022
2026-07-01 08:46:34.363 10 INFO neutron.wsgi [req-1c567ce8-0ca6-46a3-9431-14f5da9cbc02 req-80d57d8a-42a3-4bdb-9652-72342489f27e 9bace6ade53a42cc8a059d404d8c575b 42f8953e468046b4837051ad68060903 - - e2a361f18ee442689da9a86b65027798 e2a361f18ee442689da9a86b65027798] 199.204.45.70 "GET /v2.0/networks/5dfffbf7-e2ac-48b2-a9bf-1093f8836dcb?fields=segments HTTP/1.1" status: 200 len: 212 time: 0.1375194
2026-07-01 08:46:34.454 10 INFO neutron.wsgi [req-78c55d8a-5098-4977-9b4e-778fd8646645 req-e0a25c09-7b45-45c3-ad7c-54fec8be380b 9bace6ade53a42cc8a059d404d8c575b 42f8953e468046b4837051ad68060903 - - e2a361f18ee442689da9a86b65027798 e2a361f18ee442689da9a86b65027798] 199.204.45.70 "GET /v2.0/networks/89d4a19a-0d3b-4ca9-a404-94076d05c623?fields=segments HTTP/1.1" status: 200 len: 212 time: 0.1029894
2026-07-01 08:46:34.488 10 INFO neutron.wsgi [req-1c567ce8-0ca6-46a3-9431-14f5da9cbc02 req-0751e924-f757-4898-a33e-c807fe25db53 9bace6ade53a42cc8a059d404d8c575b 42f8953e468046b4837051ad68060903 - - e2a361f18ee442689da9a86b65027798 e2a361f18ee442689da9a86b65027798] 199.204.45.70 "GET /v2.0/networks/5dfffbf7-e2ac-48b2-a9bf-1093f8836dcb?fields=provider%3Aphysical_network&fields=provider%3Anetwork_type HTTP/1.1" status: 200 len: 277 time: 0.1190848
2026-07-01 08:46:34.566 10 INFO neutron.wsgi [req-78c55d8a-5098-4977-9b4e-778fd8646645 req-c146cfff-07ed-4221-8d3c-b958fada10c4 9bace6ade53a42cc8a059d404d8c575b 42f8953e468046b4837051ad68060903 - - e2a361f18ee442689da9a86b65027798 e2a361f18ee442689da9a86b65027798] 199.204.45.70 "GET /v2.0/networks/89d4a19a-0d3b-4ca9-a404-94076d05c623?fields=provider%3Aphysical_network&fields=provider%3Anetwork_type HTTP/1.1" status: 200 len: 277 time: 0.1050169
2026-07-01 08:46:34.586 9 INFO neutron.db.l3_db [req-47bb3c8b-d10e-496f-a9b1-b24ecd9bb857 req-3b3b24d2-0d81-472c-b881-554b5c0ae660 8df72347a6cc427cad4410b716380839 a3fa5b89375146c499f55e9157cb2e41 - - default default] Floating IP 5c0ac98e-7f06-4345-85d5-955776c2015c disassociated. External IP: 10.96.250.201, port: 93933022-f434-43cc-829f-82976e7f0b45.
2026-07-01 08:46:34.588 10 INFO neutron.wsgi [-] 10.0.0.56 "GET / HTTP/1.1" status: 200 len: 247 time: 0.0033486
2026-07-01 08:46:34.593 10 INFO neutron.wsgi [-] 10.0.0.56 "GET / HTTP/1.1" status: 200 len: 247 time: 0.0027978
2026-07-01 08:46:34.740 10 INFO neutron.wsgi [req-4d1fc550-9a3b-4f75-8406-e6301d7338a7 req-d4d302bd-d05b-4c6c-8e44-abbfab477b1d 8df72347a6cc427cad4410b716380839 a3fa5b89375146c499f55e9157cb2e41 - - default default] 10.0.0.79 "GET /v2.0/ports?device_id=9e62e90e-d886-4fdb-b37f-680aad3814ca HTTP/1.1" status: 200 len: 210 time: 0.0676177
2026-07-01 08:46:34.778 10 INFO neutron.wsgi [req-2976858d-0b5a-49fd-a493-184d6ae6ff34 req-75e98e59-c573-4ad8-ba46-b19ca1ee8ebe 54e1ff017de34f01b9ed92b357ecbfdb 9c0cc951c6974aa4bf066341f4ada729 - - default default] 199.204.45.70 "GET /v2.0/ports?device_id=c9cf5cd2-46c1-4fe8-8d2c-c14b1e98e4ef&device_owner=compute%3Anova&fixed_ips=ip_address%3D10.100.0.5 HTTP/1.1" status: 200 len: 1352 time: 0.1845937
2026-07-01 08:46:34.804 9 INFO neutron.wsgi [req-47bb3c8b-d10e-496f-a9b1-b24ecd9bb857 req-3b3b24d2-0d81-472c-b881-554b5c0ae660 8df72347a6cc427cad4410b716380839 a3fa5b89375146c499f55e9157cb2e41 - - default default] 199.204.45.70 "DELETE /v2.0/ports/93933022-f434-43cc-829f-82976e7f0b45 HTTP/1.1" status: 204 len: 173 time: 0.8214347
2026-07-01 08:46:35.439 10 INFO neutron.db.ovn_revision_numbers_db [req-2976858d-0b5a-49fd-a493-184d6ae6ff34 req-d9dac894-cac3-43bc-a17e-8dd9aaa4730c 54e1ff017de34f01b9ed92b357ecbfdb 9c0cc951c6974aa4bf066341f4ada729 - - default default] Successfully bumped revision number for resource a0be326d-3145-4a88-9788-61edbf4f8588 (type: ports) to 6
2026-07-01 08:46:35.457 10 INFO neutron.wsgi [req-2976858d-0b5a-49fd-a493-184d6ae6ff34 req-d9dac894-cac3-43bc-a17e-8dd9aaa4730c 54e1ff017de34f01b9ed92b357ecbfdb 9c0cc951c6974aa4bf066341f4ada729 - - default default] 199.204.45.70 "PUT /v2.0/ports/a0be326d-3145-4a88-9788-61edbf4f8588 HTTP/1.1" status: 200 len: 1171 time: 0.6723094 /var/lib/openstack/lib/python3.10/site-packages/pycadf/identifier.py:71: UserWarning: Invalid uuid: neutron. To ensure interoperability, identifiers should be a valid uuid. warnings.warn(('Invalid uuid: %s. To ensure interoperability, '
2026-07-01 08:46:35.513 10 INFO neutron.notifiers.nova [-] Nova event matching ['req-57b7b823-ad54-443a-8f10-4542038447ef'] response: {'name': 'network-changed', 'server_uuid': 'c9cf5cd2-46c1-4fe8-8d2c-c14b1e98e4ef', 'tag': 'a0be326d-3145-4a88-9788-61edbf4f8588', 'status': 'completed', 'code': 200}
2026-07-01 08:46:35.533 10 INFO neutron.wsgi [req-2976858d-0b5a-49fd-a493-184d6ae6ff34 req-6604a53e-a027-45bc-83f9-e1cb157e6470 9bace6ade53a42cc8a059d404d8c575b 42f8953e468046b4837051ad68060903 - - e2a361f18ee442689da9a86b65027798 e2a361f18ee442689da9a86b65027798] 199.204.45.70 "GET /v2.0/ports?tenant_id=9c0cc951c6974aa4bf066341f4ada729&device_id=c9cf5cd2-46c1-4fe8-8d2c-c14b1e98e4ef HTTP/1.1" status: 200 len: 1413 time: 0.0518889
2026-07-01 08:46:35.662 10 INFO neutron.wsgi [req-2976858d-0b5a-49fd-a493-184d6ae6ff34 req-39485a38-3949-445d-ab64-a4169a4b1d1a 9bace6ade53a42cc8a059d404d8c575b 42f8953e468046b4837051ad68060903 - - e2a361f18ee442689da9a86b65027798 e2a361f18ee442689da9a86b65027798] 199.204.45.70 "GET /v2.0/networks?id=89d4a19a-0d3b-4ca9-a404-94076d05c623 HTTP/1.1" status: 200 len: 980 time: 0.1200960
2026-07-01 08:46:35.741 10 INFO neutron.wsgi [req-2976858d-0b5a-49fd-a493-184d6ae6ff34 req-9bbcb9a8-712d-4bf9-aa7a-252144e58ec2 9bace6ade53a42cc8a059d404d8c575b 42f8953e468046b4837051ad68060903 - - e2a361f18ee442689da9a86b65027798 e2a361f18ee442689da9a86b65027798] 199.204.45.70 "GET /v2.0/floatingips?fixed_ip_address=10.100.0.11&port_id=a0be326d-3145-4a88-9788-61edbf4f8588 HTTP/1.1" status: 200 len: 1060 time: 0.0713012
2026-07-01 08:46:35.803 10 INFO neutron.wsgi [req-2976858d-0b5a-49fd-a493-184d6ae6ff34 req-261a08b9-ec04-4e33-a79d-0e7472853bfd 9bace6ade53a42cc8a059d404d8c575b 42f8953e468046b4837051ad68060903 - - e2a361f18ee442689da9a86b65027798 e2a361f18ee442689da9a86b65027798] 199.204.45.70 "GET /v2.0/subnets?id=61a4f632-7970-4a6f-8249-cb73211c26a1 HTTP/1.1" status: 200 len: 876 time: 0.0509589
2026-07-01 08:46:35.829 9 INFO neutron.notifiers.nova [-] Nova event matching ['req-70ef6727-cba4-4046-b73f-f323e1925a25'] response: {'server_uuid': '9e62e90e-d886-4fdb-b37f-680aad3814ca', 'name': 'network-vif-unplugged', 'status': 'completed', 'tag': '93933022-f434-43cc-829f-82976e7f0b45', 'code': 200}
2026-07-01 08:46:35.829 9 INFO neutron.notifiers.nova [-] Nova event matching ['req-70ef6727-cba4-4046-b73f-f323e1925a25'] response: {'server_uuid': '9e62e90e-d886-4fdb-b37f-680aad3814ca', 'name': 'network-vif-deleted', 'tag': '93933022-f434-43cc-829f-82976e7f0b45', 'status': 'completed', 'code': 200}
2026-07-01 08:46:35.837 10 INFO neutron.wsgi [req-2976858d-0b5a-49fd-a493-184d6ae6ff34 req-34ef9ccb-cd52-4fc0-b617-0b27ec398045 9bace6ade53a42cc8a059d404d8c575b 42f8953e468046b4837051ad68060903 - - e2a361f18ee442689da9a86b65027798 e2a361f18ee442689da9a86b65027798] 199.204.45.70 "GET /v2.0/ports?network_id=89d4a19a-0d3b-4ca9-a404-94076d05c623&device_owner=network%3Adhcp HTTP/1.1" status: 200 len: 210 time: 0.0262232 /var/lib/openstack/lib/python3.10/site-packages/pycadf/identifier.py:71: UserWarning: Invalid uuid: neutron. To ensure interoperability, identifiers should be a valid uuid. warnings.warn(('Invalid uuid: %s. To ensure interoperability, '
2026-07-01 08:46:35.928 10 INFO neutron.wsgi [req-2976858d-0b5a-49fd-a493-184d6ae6ff34 req-9f32b5ba-8d33-4583-9d6a-5f7d5202d1d3 9bace6ade53a42cc8a059d404d8c575b 42f8953e468046b4837051ad68060903 - - e2a361f18ee442689da9a86b65027798 e2a361f18ee442689da9a86b65027798] 199.204.45.70 "GET /v2.0/networks/89d4a19a-0d3b-4ca9-a404-94076d05c623?fields=segments HTTP/1.1" status: 200 len: 212 time: 0.0856373
2026-07-01 08:46:36.012 10 INFO neutron.wsgi [req-2976858d-0b5a-49fd-a493-184d6ae6ff34 req-d529051b-1b34-4c39-9db2-3cc6de6320d5 9bace6ade53a42cc8a059d404d8c575b 42f8953e468046b4837051ad68060903 - - e2a361f18ee442689da9a86b65027798 e2a361f18ee442689da9a86b65027798] 199.204.45.70 "GET /v2.0/networks/89d4a19a-0d3b-4ca9-a404-94076d05c623?fields=provider%3Aphysical_network&fields=provider%3Anetwork_type HTTP/1.1" status: 200 len: 277 time: 0.0764222
2026-07-01 08:46:36.014 9 INFO neutron.wsgi [None req-8322a185-9857-4332-98e5-4a3bf6574c58 8df72347a6cc427cad4410b716380839 a3fa5b89375146c499f55e9157cb2e41 - - default default] 10.0.0.235 "DELETE /v2.0/security-groups/3a1565c6-2c76-4e3c-aa38-7e878d86e73a HTTP/1.1" status: 204 len: 168 time: 0.1554182
2026-07-01 08:46:36.030 9 INFO neutron.api.v2.resource [None req-becbbe01-9bcf-427e-827e-aa45cf2171d2 8df72347a6cc427cad4410b716380839 a3fa5b89375146c499f55e9157cb2e41 - - default default] show failed (client error): The resource could not be found.
2026-07-01 08:46:36.032 9 INFO neutron.wsgi [None req-becbbe01-9bcf-427e-827e-aa45cf2171d2 8df72347a6cc427cad4410b716380839 a3fa5b89375146c499f55e9157cb2e41 - - default default] 10.0.0.235 "GET /v2.0/security-groups/3a1565c6-2c76-4e3c-aa38-7e878d86e73a HTTP/1.1" status: 404 len: 347 time: 0.0116289
2026-07-01 08:46:36.113 10 INFO neutron.wsgi [req-ad8caf50-9115-4545-87e8-5e6e301e7b3c req-4a0783c1-7d15-4d2c-bea6-8a462e5c4af3 9bace6ade53a42cc8a059d404d8c575b 42f8953e468046b4837051ad68060903 - - e2a361f18ee442689da9a86b65027798 e2a361f18ee442689da9a86b65027798] 199.204.45.70 "GET /v2.0/ports?tenant_id=9c0cc951c6974aa4bf066341f4ada729&device_id=c9cf5cd2-46c1-4fe8-8d2c-c14b1e98e4ef HTTP/1.1" status: 200 len: 1413 time: 0.0596471
2026-07-01 08:46:36.188 10 INFO neutron.wsgi [req-ad8caf50-9115-4545-87e8-5e6e301e7b3c req-4819b03e-b623-44ef-91b7-32fcb9364e7d 9bace6ade53a42cc8a059d404d8c575b 42f8953e468046b4837051ad68060903 - - e2a361f18ee442689da9a86b65027798 e2a361f18ee442689da9a86b65027798] 199.204.45.70 "GET /v2.0/networks?id=89d4a19a-0d3b-4ca9-a404-94076d05c623 HTTP/1.1" status: 200 len: 980 time: 0.0694604
2026-07-01 08:46:36.243 10 INFO neutron.wsgi [req-ad8caf50-9115-4545-87e8-5e6e301e7b3c req-f4c86cde-0751-4642-b54f-5cf830afb776 9bace6ade53a42cc8a059d404d8c575b 42f8953e468046b4837051ad68060903 - - e2a361f18ee442689da9a86b65027798 e2a361f18ee442689da9a86b65027798] 199.204.45.70 "GET /v2.0/floatingips?fixed_ip_address=10.100.0.11&port_id=a0be326d-3145-4a88-9788-61edbf4f8588 HTTP/1.1" status: 200 len: 1060 time: 0.0478253
2026-07-01 08:46:36.289 10 INFO neutron.wsgi [req-ad8caf50-9115-4545-87e8-5e6e301e7b3c req-cdf11ca4-2e92-4ea4-b72f-4f501a15cd4d 9bace6ade53a42cc8a059d404d8c575b 42f8953e468046b4837051ad68060903 - - e2a361f18ee442689da9a86b65027798 e2a361f18ee442689da9a86b65027798] 199.204.45.70 "GET /v2.0/subnets?id=61a4f632-7970-4a6f-8249-cb73211c26a1 HTTP/1.1" status: 200 len: 876 time: 0.0393016
2026-07-01 08:46:36.334 10 INFO neutron.wsgi [req-ad8caf50-9115-4545-87e8-5e6e301e7b3c req-0f623c5a-2d75-4394-87da-67a98a2c63af 9bace6ade53a42cc8a059d404d8c575b 42f8953e468046b4837051ad68060903 - - e2a361f18ee442689da9a86b65027798 e2a361f18ee442689da9a86b65027798] 199.204.45.70 "GET /v2.0/ports?network_id=89d4a19a-0d3b-4ca9-a404-94076d05c623&device_owner=network%3Adhcp HTTP/1.1" status: 200 len: 210 time: 0.0328846
2026-07-01 08:46:36.412 10 INFO neutron.wsgi [req-ad8caf50-9115-4545-87e8-5e6e301e7b3c req-e427cb0f-93ed-41ca-83c4-17c8bbbba45d 9bace6ade53a42cc8a059d404d8c575b 42f8953e468046b4837051ad68060903 - - e2a361f18ee442689da9a86b65027798 e2a361f18ee442689da9a86b65027798] 199.204.45.70 "GET /v2.0/networks/89d4a19a-0d3b-4ca9-a404-94076d05c623?fields=segments HTTP/1.1" status: 200 len: 212 time: 0.0714955
2026-07-01 08:46:36.437 9 INFO neutron.wsgi [None req-f6659dd2-0193-4aa7-8b87-6e6a63b0f086 8df72347a6cc427cad4410b716380839 a3fa5b89375146c499f55e9157cb2e41 - - default default] 10.0.0.235 "DELETE /v2.0/floatingips/5c0ac98e-7f06-4345-85d5-955776c2015c HTTP/1.1" status: 204 len: 168 time: 0.3992581
2026-07-01 08:46:36.503 10 INFO neutron.wsgi [req-ad8caf50-9115-4545-87e8-5e6e301e7b3c req-409967a9-6a57-4793-8fae-d21c216dab27 9bace6ade53a42cc8a059d404d8c575b 42f8953e468046b4837051ad68060903 - - e2a361f18ee442689da9a86b65027798 e2a361f18ee442689da9a86b65027798] 199.204.45.70 "GET /v2.0/networks/89d4a19a-0d3b-4ca9-a404-94076d05c623?fields=provider%3Aphysical_network&fields=provider%3Anetwork_type HTTP/1.1" status: 200 len: 277 time: 0.0826089
2026-07-01 08:46:36.879 9 INFO neutron.plugins.ml2.drivers.ovn.mech_driver.mech_driver [None req-5fe65190-f355-4240-aa88-3c53cbc5a684 - - - - - -] OVN reports status down for port: a0be326d-3145-4a88-9788-61edbf4f8588
2026-07-01 08:46:36.968 10 INFO neutron.wsgi [req-12d5c45c-abc0-4399-b1c4-353209cad389 req-4458c849-a499-40dd-b230-14f9f6323298 54e1ff017de34f01b9ed92b357ecbfdb 9c0cc951c6974aa4bf066341f4ada729 - - default default] 10.0.0.79 "GET /v2.0/ports?device_id=c9cf5cd2-46c1-4fe8-8d2c-c14b1e98e4ef HTTP/1.1" status: 200 len: 1174 time: 0.1358583
2026-07-01 08:46:37.035 10 INFO neutron.wsgi [req-12d5c45c-abc0-4399-b1c4-353209cad389 req-ef163271-90ec-438d-9f1e-fd85a725cf6b 54e1ff017de34f01b9ed92b357ecbfdb 9c0cc951c6974aa4bf066341f4ada729 - - default default] 10.0.0.79 "GET /v2.0/security-groups?id=72ebe547-146f-4f04-a631-8d8c6ae887bf&fields=id&fields=name HTTP/1.1" status: 200 len: 311 time: 0.0569050
2026-07-01 08:46:37.201 10 INFO neutron.wsgi [req-ffae8c01-261b-4018-9165-87edba545ca3 req-beddab5a-6592-4c66-91ab-dc99cc455412 54e1ff017de34f01b9ed92b357ecbfdb 9c0cc951c6974aa4bf066341f4ada729 - - default default] 199.204.45.70 "GET /v2.0/ports?device_id=c9cf5cd2-46c1-4fe8-8d2c-c14b1e98e4ef HTTP/1.1" status: 200 len: 1172 time: 0.0548275
2026-07-01 08:46:37.324 9 INFO neutron.db.ovn_revision_numbers_db [None req-5fe65190-f355-4240-aa88-3c53cbc5a684 - - - - - -] Successfully bumped revision number for resource a0be326d-3145-4a88-9788-61edbf4f8588 (type: ports) to 7 /var/lib/openstack/lib/python3.10/site-packages/pycadf/identifier.py:71: UserWarning: Invalid uuid: neutron. To ensure interoperability, identifiers should be a valid uuid. warnings.warn(('Invalid uuid: %s. To ensure interoperability, '
2026-07-01 08:46:37.883 9 INFO neutron.notifiers.nova [-] Nova event matching ['req-1089d30f-43a7-48c2-ac47-f7cd004aa6d0'] response: {'server_uuid': 'c9cf5cd2-46c1-4fe8-8d2c-c14b1e98e4ef', 'name': 'network-vif-unplugged', 'status': 'completed', 'tag': 'a0be326d-3145-4a88-9788-61edbf4f8588', 'code': 200}
2026-07-01 08:46:37.883 9 INFO neutron.notifiers.nova [-] Nova event matching ['req-1089d30f-43a7-48c2-ac47-f7cd004aa6d0'] response: {'server_uuid': 'c9cf5cd2-46c1-4fe8-8d2c-c14b1e98e4ef', 'name': 'network-vif-unplugged', 'status': 'completed', 'tag': 'a0be326d-3145-4a88-9788-61edbf4f8588', 'code': 200}
2026-07-01 08:46:38.014 10 INFO neutron.db.l3_db [req-ffae8c01-261b-4018-9165-87edba545ca3 req-fd687042-1d63-4979-b409-370ad2681bc0 54e1ff017de34f01b9ed92b357ecbfdb 9c0cc951c6974aa4bf066341f4ada729 - - default default] Floating IP c54ffa1a-3f9c-4899-bf73-6bd7a8783b1c disassociated. External IP: 10.96.250.204, port: a0be326d-3145-4a88-9788-61edbf4f8588.
2026-07-01 08:46:38.172 10 INFO neutron.wsgi [req-f5e7a625-0d56-4188-b3bc-1891ca62a8e2 req-10818d6f-c6cc-4614-a132-960dee51729e 54e1ff017de34f01b9ed92b357ecbfdb 9c0cc951c6974aa4bf066341f4ada729 - - default default] 10.0.0.79 "GET /v2.0/ports?device_id=c9cf5cd2-46c1-4fe8-8d2c-c14b1e98e4ef HTTP/1.1" status: 200 len: 1172 time: 0.0607979
2026-07-01 08:46:38.202 10 INFO neutron.wsgi [req-ffae8c01-261b-4018-9165-87edba545ca3 req-fd687042-1d63-4979-b409-370ad2681bc0 54e1ff017de34f01b9ed92b357ecbfdb 9c0cc951c6974aa4bf066341f4ada729 - - default default] 199.204.45.70 "DELETE /v2.0/ports/a0be326d-3145-4a88-9788-61edbf4f8588 HTTP/1.1" status: 204 len: 173 time: 0.9938087
2026-07-01 08:46:38.242 10 INFO neutron.wsgi [req-f5e7a625-0d56-4188-b3bc-1891ca62a8e2 req-ebd2ce8e-90d2-4646-a423-b85e98f5eeb5 54e1ff017de34f01b9ed92b357ecbfdb 9c0cc951c6974aa4bf066341f4ada729 - - default default] 10.0.0.79 "GET /v2.0/security-groups?id=72ebe547-146f-4f04-a631-8d8c6ae887bf&fields=id&fields=name HTTP/1.1" status: 200 len: 311 time: 0.0599654
2026-07-01 08:46:38.256 10 INFO neutron.notifiers.nova [-] Nova event matching ['req-549d550f-371f-4f48-b7aa-4ae6d937ea80'] response: {'server_uuid': 'c9cf5cd2-46c1-4fe8-8d2c-c14b1e98e4ef', 'name': 'network-vif-deleted', 'tag': 'a0be326d-3145-4a88-9788-61edbf4f8588', 'status': 'completed', 'code': 200}
2026-07-01 08:46:38.405 9 INFO neutron.db.ovn_revision_numbers_db [None req-ed77833a-a5d5-4813-8eb4-abfb5a718deb 55a5c6c56fb943e2a14e1ac6b25eeb85 2bcdf5accffc4304b39fe6804f571679 - - default default] Successfully bumped revision number for resource b30ca21b-e0e8-4662-8b53-31ed17079785 (type: security_groups) to 1
2026-07-01 08:46:38.420 9 INFO neutron.db.ovn_revision_numbers_db [None req-ed77833a-a5d5-4813-8eb4-abfb5a718deb 55a5c6c56fb943e2a14e1ac6b25eeb85 2bcdf5accffc4304b39fe6804f571679 - - default default] Successfully bumped revision number for resource 2af3b51f-5644-4b2f-9f2a-6633bcd1c7c3 (type: security_group_rules) to 0
2026-07-01 08:46:38.471 9 INFO neutron.wsgi [None req-edd9e56f-17b8-4aaa-99e0-1cfa0b0b6966 55a5c6c56fb943e2a14e1ac6b25eeb85 2bcdf5accffc4304b39fe6804f571679 - - default default] 10.0.0.235 "PUT /v2.0/routers/943debdb-384f-460e-974a-de86888479c1/remove_router_interface HTTP/1.1" status: 200 len: 503 time: 2.0301039
2026-07-01 08:46:38.476 9 INFO neutron.db.ovn_revision_numbers_db [None req-ed77833a-a5d5-4813-8eb4-abfb5a718deb 55a5c6c56fb943e2a14e1ac6b25eeb85 2bcdf5accffc4304b39fe6804f571679 - - default default] Successfully bumped revision number for resource 529c60a2-b647-47ea-b418-1cfb0664461e (type: security_group_rules) to 0
2026-07-01 08:46:38.492 9 INFO neutron.db.ovn_revision_numbers_db [None req-ed77833a-a5d5-4813-8eb4-abfb5a718deb 55a5c6c56fb943e2a14e1ac6b25eeb85 2bcdf5accffc4304b39fe6804f571679 - - default default] Successfully bumped revision number for resource 591507c0-d497-48a5-9bf7-b4fb039715fb (type: security_group_rules) to 0
2026-07-01 08:46:38.517 9 INFO neutron.db.ovn_revision_numbers_db [None req-ed77833a-a5d5-4813-8eb4-abfb5a718deb 55a5c6c56fb943e2a14e1ac6b25eeb85 2bcdf5accffc4304b39fe6804f571679 - - default default] Successfully bumped revision number for resource 68d53843-954e-4b89-9cd6-54dece9cf857 (type: security_group_rules) to 0
2026-07-01 08:46:38.546 9 INFO neutron.wsgi [None req-ed77833a-a5d5-4813-8eb4-abfb5a718deb 55a5c6c56fb943e2a14e1ac6b25eeb85 2bcdf5accffc4304b39fe6804f571679 - - default default] 10.0.0.235 "GET /v2.0/security-groups?tenant_id=9e071d383e2145e0b407e0b840453613&name=default HTTP/1.1" status: 200 len: 3120 time: 0.9322300 /var/lib/openstack/lib/python3.10/site-packages/pycadf/identifier.py:71: UserWarning: Invalid uuid: neutron. To ensure interoperability, identifiers should be a valid uuid. warnings.warn(('Invalid uuid: %s. To ensure interoperability, '
2026-07-01 08:46:38.820 9 INFO neutron.wsgi [None req-76712cf1-adf7-4be6-9da8-390ad21fddea 55a5c6c56fb943e2a14e1ac6b25eeb85 2bcdf5accffc4304b39fe6804f571679 - - default default] 10.0.0.235 "DELETE /v2.0/security-groups/b30ca21b-e0e8-4662-8b53-31ed17079785 HTTP/1.1" status: 204 len: 168 time: 0.2650921
2026-07-01 08:46:39.492 10 INFO neutron.wsgi [None req-532e3a3e-e503-4238-96e9-b5321d2578ac 55a5c6c56fb943e2a14e1ac6b25eeb85 2bcdf5accffc4304b39fe6804f571679 - - default default] 10.0.0.235 "DELETE /v2.0/routers/943debdb-384f-460e-974a-de86888479c1 HTTP/1.1" status: 204 len: 168 time: 1.0148275
2026-07-01 08:46:39.530 9 INFO neutron.wsgi [None req-b16dfe17-d7f9-46e4-8eec-bd5607bfdaef 54e1ff017de34f01b9ed92b357ecbfdb 9c0cc951c6974aa4bf066341f4ada729 - - default default] 10.0.0.235 "DELETE /v2.0/security-groups/72ebe547-146f-4f04-a631-8d8c6ae887bf HTTP/1.1" status: 204 len: 168 time: 0.1833277
2026-07-01 08:46:39.552 9 INFO neutron.api.v2.resource [None req-c075e3a7-cf04-4486-96f5-d21a5469eb01 54e1ff017de34f01b9ed92b357ecbfdb 9c0cc951c6974aa4bf066341f4ada729 - - default default] show failed (client error): The resource could not be found.
2026-07-01 08:46:39.555 9 INFO neutron.wsgi [None req-c075e3a7-cf04-4486-96f5-d21a5469eb01 54e1ff017de34f01b9ed92b357ecbfdb 9c0cc951c6974aa4bf066341f4ada729 - - default default] 10.0.0.235 "GET /v2.0/security-groups/72ebe547-146f-4f04-a631-8d8c6ae887bf HTTP/1.1" status: 404 len: 347 time: 0.0181079
2026-07-01 08:46:39.757 10 INFO neutron.wsgi [None req-3e868333-05b8-41f4-b57e-fff032779b9d 55a5c6c56fb943e2a14e1ac6b25eeb85 2bcdf5accffc4304b39fe6804f571679 - - default default] 10.0.0.235 "DELETE /v2.0/subnets/df9326c0-82cf-4bac-a58a-70e1ec9ae87c HTTP/1.1" status: 204 len: 168 time: 0.2589235
2026-07-01 08:46:40.031 9 INFO neutron.wsgi [None req-ff13e1ed-f703-4713-8755-98fe85514ceb 54e1ff017de34f01b9ed92b357ecbfdb 9c0cc951c6974aa4bf066341f4ada729 - - default default] 10.0.0.235 "DELETE /v2.0/floatingips/c54ffa1a-3f9c-4899-bf73-6bd7a8783b1c HTTP/1.1" status: 204 len: 168 time: 0.4697213
2026-07-01 08:46:40.189 10 INFO neutron.services.segments.plugin [-] Segment 6e09849e-71fd-436b-b8ce-b4239d9aecd2 resource provider aggregate not found
2026-07-01 08:46:40.195 10 INFO neutron.services.segments.plugin [-] Segment 6e09849e-71fd-436b-b8ce-b4239d9aecd2 resource provider aggregate not found
2026-07-01 08:46:40.208 10 INFO neutron.services.segments.plugin [-] Segment 6e09849e-71fd-436b-b8ce-b4239d9aecd2 resource provider not found; error: Placement Client Error (4xx): {"errors": [{"status": 404, "title": "Not Found", "detail": "The resource could not be found.\n\n No resource provider with uuid 6e09849e-71fd-436b-b8ce-b4239d9aecd2 found for delete ", "request_id": "req-3a8a32c5-6f1d-498f-bd65-377ca9b07386"}]}
2026-07-01 08:46:40.214 10 INFO neutron.services.segments.plugin [-] Segment 6e09849e-71fd-436b-b8ce-b4239d9aecd2 resource provider not found; error: Placement Client Error (4xx): {"errors": [{"status": 404, "title": "Not Found", "detail": "The resource could not be found.\n\n No resource provider with uuid 6e09849e-71fd-436b-b8ce-b4239d9aecd2 found for delete ", "request_id": "req-ebaf6cf0-dc0e-42b4-af0a-2f84b2f8e097"}]}
2026-07-01 08:46:40.218 10 INFO neutron.wsgi [None req-4338f145-dff5-49f0-83f5-8e64df0c27a4 55a5c6c56fb943e2a14e1ac6b25eeb85 2bcdf5accffc4304b39fe6804f571679 - - default default] 10.0.0.235 "DELETE /v2.0/networks/5dfffbf7-e2ac-48b2-a9bf-1093f8836dcb HTTP/1.1" status: 204 len: 168 time: 0.4525566
2026-07-01 08:46:40.425 10 INFO neutron.wsgi [None req-345cc5dd-28bc-4dea-91ba-35f0decfc33c 55a5c6c56fb943e2a14e1ac6b25eeb85 2bcdf5accffc4304b39fe6804f571679 - - default default] 10.0.0.235 "GET /v2.0/security-groups?tenant_id=a3fa5b89375146c499f55e9157cb2e41&name=default HTTP/1.1" status: 200 len: 3120 time: 0.0382841
2026-07-01 08:46:40.766 10 INFO neutron.wsgi [None req-3537f3e3-8448-4cdd-b03e-25a2c90c316f 55a5c6c56fb943e2a14e1ac6b25eeb85 2bcdf5accffc4304b39fe6804f571679 - - default default] 10.0.0.235 "DELETE /v2.0/security-groups/9b20a608-3d6d-43a2-a553-ec1cc8b9cc81 HTTP/1.1" status: 204 len: 168 time: 0.3349638
2026-07-01 08:46:40.924 10 WARNING neutron_lib.context [None req-ea7f726a-b2c5-4aa1-85a2-a276d9997b8f 986250af6d52467c920ea5333cfa3b3e 19e70fe50e714497bcc711347f3e27f1 - - default default] Method 'is_advsvc' is deprecated since 2023.2 release (neutron-lib 3.8.0) and will be removed once support for the old RBAC API policies will be removed from Neutron. Please use method 'is_service_role' instead.
2026-07-01 08:46:41.094 10 INFO neutron.db.ovn_revision_numbers_db [None req-ea7f726a-b2c5-4aa1-85a2-a276d9997b8f 986250af6d52467c920ea5333cfa3b3e 19e70fe50e714497bcc711347f3e27f1 - - default default] Successfully bumped revision number for resource bad7d821-2e2c-4b8d-b74f-ae9d0b1b1bd6 (type: security_groups) to 1
2026-07-01 08:46:41.138 10 INFO neutron.db.ovn_revision_numbers_db [None req-ea7f726a-b2c5-4aa1-85a2-a276d9997b8f 986250af6d52467c920ea5333cfa3b3e 19e70fe50e714497bcc711347f3e27f1 - - default default] Successfully bumped revision number for resource 49080c26-37bc-4a2c-8ac5-e5fff202146d (type: security_group_rules) to 0
2026-07-01 08:46:41.165 10 INFO neutron.db.ovn_revision_numbers_db [None req-ea7f726a-b2c5-4aa1-85a2-a276d9997b8f 986250af6d52467c920ea5333cfa3b3e 19e70fe50e714497bcc711347f3e27f1 - - default default] Successfully bumped revision number for resource 620943ca-e810-4b93-b143-d60108534378 (type: security_group_rules) to 0
2026-07-01 08:46:41.180 10 INFO neutron.db.ovn_revision_numbers_db [None req-ea7f726a-b2c5-4aa1-85a2-a276d9997b8f 986250af6d52467c920ea5333cfa3b3e 19e70fe50e714497bcc711347f3e27f1 - - default default] Successfully bumped revision number for resource a3d96a93-7f93-4b48-9689-b0718f3186ed (type: security_group_rules) to 0
2026-07-01 08:46:41.199 10 INFO neutron.db.ovn_revision_numbers_db [None req-ea7f726a-b2c5-4aa1-85a2-a276d9997b8f 986250af6d52467c920ea5333cfa3b3e 19e70fe50e714497bcc711347f3e27f1 - - default default] Successfully bumped revision number for resource b0336f89-6dad-4156-b1e8-670ae31795b2 (type: security_group_rules) to 0
2026-07-01 08:46:41.254 10 INFO neutron.db.segments_db [None req-ea7f726a-b2c5-4aa1-85a2-a276d9997b8f 986250af6d52467c920ea5333cfa3b3e 19e70fe50e714497bcc711347f3e27f1 - - default default] Added segment 3333d4f2-12c0-42ea-93c0-630cb8094a6e of type geneve for network 5f5e664e-1bde-48a2-b1be-a61ade533b14
2026-07-01 08:46:41.575 9 INFO neutron.wsgi [None req-f709e0f0-3832-4a72-84a1-e0505f8068b7 55a5c6c56fb943e2a14e1ac6b25eeb85 2bcdf5accffc4304b39fe6804f571679 - - default default] 10.0.0.235 "PUT /v2.0/routers/f27708a2-eb2d-4420-a73b-9ae9d86eacbd/remove_router_interface HTTP/1.1" status: 200 len: 503 time: 1.4675429 /var/lib/openstack/lib/python3.10/site-packages/pycadf/identifier.py:71: UserWarning: Invalid uuid: neutron. To ensure interoperability, identifiers should be a valid uuid. warnings.warn(('Invalid uuid: %s. To ensure interoperability, '
2026-07-01 08:46:41.746 10 INFO neutron.db.ovn_revision_numbers_db [None req-ea7f726a-b2c5-4aa1-85a2-a276d9997b8f 986250af6d52467c920ea5333cfa3b3e 19e70fe50e714497bcc711347f3e27f1 - - default default] Successfully bumped revision number for resource 5f5e664e-1bde-48a2-b1be-a61ade533b14 (type: networks) to 1
2026-07-01 08:46:42.134 10 WARNING neutron.scheduler.dhcp_agent_scheduler [None req-ea7f726a-b2c5-4aa1-85a2-a276d9997b8f 986250af6d52467c920ea5333cfa3b3e 19e70fe50e714497bcc711347f3e27f1 - - default default] No more DHCP agents
2026-07-01 08:46:42.136 10 WARNING neutron.api.rpc.agentnotifiers.dhcp_rpc_agent_api [None req-ea7f726a-b2c5-4aa1-85a2-a276d9997b8f 986250af6d52467c920ea5333cfa3b3e 19e70fe50e714497bcc711347f3e27f1 - - default default] Unable to schedule network 5f5e664e-1bde-48a2-b1be-a61ade533b14: no agents available; will retry on subsequent port and subnet creation events.
2026-07-01 08:46:42.245 10 INFO neutron.db.ovn_revision_numbers_db [None req-ea7f726a-b2c5-4aa1-85a2-a276d9997b8f 986250af6d52467c920ea5333cfa3b3e 19e70fe50e714497bcc711347f3e27f1 - - default default] Successfully bumped revision number for resource 2464e081-af5f-4444-8038-5719de588bac (type: ports) to 1
2026-07-01 08:46:42.278 10 INFO neutron.wsgi [None req-ea7f726a-b2c5-4aa1-85a2-a276d9997b8f 986250af6d52467c920ea5333cfa3b3e 19e70fe50e714497bcc711347f3e27f1 - - default default] 10.0.0.235 "POST /v2.0/networks HTTP/1.1" status: 201 len: 829 time: 1.6213229
2026-07-01 08:46:42.289 10 WARNING neutron_lib.context [None req-3971ecd9-9729-43f5-8ad2-e86e69f9cc6c 986250af6d52467c920ea5333cfa3b3e 19e70fe50e714497bcc711347f3e27f1 - - default default] Method 'is_advsvc' is deprecated since 2023.2 release (neutron-lib 3.8.0) and will be removed once support for the old RBAC API policies will be removed from Neutron. Please use method 'is_service_role' instead.
2026-07-01 08:46:42.395 10 INFO neutron.db.segments_db [None req-3971ecd9-9729-43f5-8ad2-e86e69f9cc6c 986250af6d52467c920ea5333cfa3b3e 19e70fe50e714497bcc711347f3e27f1 - - default default] Added segment 07b9225e-a50d-4426-ba85-f7189dba22cf of type geneve for network 4c7a50cb-e516-4c5d-a39a-6edd40324a9b
2026-07-01 08:46:42.643 10 INFO neutron.db.ovn_revision_numbers_db [None req-3971ecd9-9729-43f5-8ad2-e86e69f9cc6c 986250af6d52467c920ea5333cfa3b3e 19e70fe50e714497bcc711347f3e27f1 - - default default] Successfully bumped revision number for resource 4c7a50cb-e516-4c5d-a39a-6edd40324a9b (type: networks) to 1
2026-07-01 08:46:42.722 9 INFO neutron.wsgi [None req-18723fd8-12c6-49ea-8afe-8ada1e863f80 55a5c6c56fb943e2a14e1ac6b25eeb85 2bcdf5accffc4304b39fe6804f571679 - - default default] 10.0.0.235 "DELETE /v2.0/routers/f27708a2-eb2d-4420-a73b-9ae9d86eacbd HTTP/1.1" status: 204 len: 168 time: 1.1406279
2026-07-01 08:46:42.985 10 WARNING neutron.scheduler.dhcp_agent_scheduler [None req-3971ecd9-9729-43f5-8ad2-e86e69f9cc6c 986250af6d52467c920ea5333cfa3b3e 19e70fe50e714497bcc711347f3e27f1 - - default default] No more DHCP agents
2026-07-01 08:46:42.989 10 WARNING neutron.api.rpc.agentnotifiers.dhcp_rpc_agent_api [None req-3971ecd9-9729-43f5-8ad2-e86e69f9cc6c 986250af6d52467c920ea5333cfa3b3e 19e70fe50e714497bcc711347f3e27f1 - - default default] Unable to schedule network 4c7a50cb-e516-4c5d-a39a-6edd40324a9b: no agents available; will retry on subsequent port and subnet creation events.
2026-07-01 08:46:43.075 9 INFO neutron.wsgi [None req-85ab0aaf-dac8-49a1-a4b9-377b3d64b9a6 55a5c6c56fb943e2a14e1ac6b25eeb85 2bcdf5accffc4304b39fe6804f571679 - - default default] 10.0.0.235 "DELETE /v2.0/subnets/61a4f632-7970-4a6f-8249-cb73211c26a1 HTTP/1.1" status: 204 len: 168 time: 0.3447080
2026-07-01 08:46:43.100 10 INFO neutron.db.ovn_revision_numbers_db [None req-3971ecd9-9729-43f5-8ad2-e86e69f9cc6c 986250af6d52467c920ea5333cfa3b3e 19e70fe50e714497bcc711347f3e27f1 - - default default] Successfully bumped revision number for resource 0a51abc9-5954-4316-890a-60e110316e0f (type: ports) to 1
2026-07-01 08:46:43.133 9 INFO neutron.db.ovn_revision_numbers_db [None req-280d0958-acf8-479d-8288-5ce0302807f4 55a5c6c56fb943e2a14e1ac6b25eeb85 2bcdf5accffc4304b39fe6804f571679 - - default default] Successfully bumped revision number for resource 0317470d-267c-40fe-bb44-2fb8b6adebe9 (type: security_groups) to 1
2026-07-01 08:46:43.134 10 INFO neutron.wsgi [None req-3971ecd9-9729-43f5-8ad2-e86e69f9cc6c 986250af6d52467c920ea5333cfa3b3e 19e70fe50e714497bcc711347f3e27f1 - - default default] 10.0.0.235 "POST /v2.0/networks HTTP/1.1" status: 201 len: 828 time: 0.8501084
2026-07-01 08:46:43.144 10 WARNING neutron_lib.context [None req-dc535792-4c11-4cad-b5bb-d796ba73b228 986250af6d52467c920ea5333cfa3b3e 19e70fe50e714497bcc711347f3e27f1 - - default default] Method 'is_advsvc' is deprecated since 2023.2 release (neutron-lib 3.8.0) and will be removed once support for the old RBAC API policies will be removed from Neutron. Please use method 'is_service_role' instead.
2026-07-01 08:46:43.158 9 INFO neutron.db.ovn_revision_numbers_db [None req-280d0958-acf8-479d-8288-5ce0302807f4 55a5c6c56fb943e2a14e1ac6b25eeb85 2bcdf5accffc4304b39fe6804f571679 - - default default] Successfully bumped revision number for resource 06a380c4-7798-493b-80b1-67ba0ab2e24f (type: security_group_rules) to 0
2026-07-01 08:46:43.189 9 INFO neutron.db.ovn_revision_numbers_db [None req-280d0958-acf8-479d-8288-5ce0302807f4 55a5c6c56fb943e2a14e1ac6b25eeb85 2bcdf5accffc4304b39fe6804f571679 - - default default] Successfully bumped revision number for resource 0ffc6f76-83dd-4dcf-af93-bc8de20b9db2 (type: security_group_rules) to 0
2026-07-01 08:46:43.210 9 INFO neutron.db.ovn_revision_numbers_db [None req-280d0958-acf8-479d-8288-5ce0302807f4 55a5c6c56fb943e2a14e1ac6b25eeb85 2bcdf5accffc4304b39fe6804f571679 - - default default] Successfully bumped revision number for resource 7585c3c1-cae3-44b0-a009-f932b3783435 (type: security_group_rules) to 0
2026-07-01 08:46:43.237 9 INFO neutron.db.ovn_revision_numbers_db [None req-280d0958-acf8-479d-8288-5ce0302807f4 55a5c6c56fb943e2a14e1ac6b25eeb85 2bcdf5accffc4304b39fe6804f571679 - - default default] Successfully bumped revision number for resource bd3801a6-8375-4688-82f9-8f01ebc3272a (type: security_group_rules) to 0
2026-07-01 08:46:43.309 9 INFO neutron.db.segments_db [None req-280d0958-acf8-479d-8288-5ce0302807f4 55a5c6c56fb943e2a14e1ac6b25eeb85 2bcdf5accffc4304b39fe6804f571679 - - default default] Added segment 3020e6de-b980-4bbe-97f2-59f0c9053375 of type geneve for network 8c5c9924-f2d6-45d2-88bd-fe06c7af1594
2026-07-01 08:46:43.416 10 WARNING neutron.scheduler.dhcp_agent_scheduler [None req-dc535792-4c11-4cad-b5bb-d796ba73b228 986250af6d52467c920ea5333cfa3b3e 19e70fe50e714497bcc711347f3e27f1 - - default default] No more DHCP agents
