2026-07-09 14:20:38.982 7 INFO placement.requestlog [req-3f992d39-3641-47d6-9c29-7e0564747153 req-b9312fda-2b6f-4914-88a4-d3be2ba6149f 163c5de412074798bc12668890424bb7 97702d5ac7f14ca7834f3d128dfc283c - - 307db3c5175543a6b278ebd9b346a102 307db3c5175543a6b278ebd9b346a102] 199.204.45.138 "GET /resource_providers/a59e7723-853c-45f3-99f2-3faf5ea86f44/allocations" status: 200 len: 54 microversion: 1.0 [pid: 7|app: 0|req: 293/585] 199.204.45.138 () {32 vars in 857 bytes} [Thu Jul 9 14:20:38 2026] GET /resource_providers/a59e7723-853c-45f3-99f2-3faf5ea86f44/allocations => generated 54 bytes in 16 msecs (HTTP/1.1 200) 6 headers in 223 bytes (1 switches on core 0)
2026-07-09 14:20:48.498 8 INFO placement.requestlog [None req-58e1f761-d252-4c36-bd9d-41442dcded9c - - - - - -] 10.0.0.167 "GET /" status: 200 len: 136 microversion: 1.0
2026-07-09 14:20:48.498 7 INFO placement.requestlog [None req-f709a34a-3e78-4d22-8adf-53d271281857 - - - - - -] 10.0.0.167 "GET /" status: 200 len: 136 microversion: 1.0
2026-07-09 14:20:58.497 8 INFO placement.requestlog [None req-d57fe039-ab94-48e4-a36e-6e674f734c1d - - - - - -] 10.0.0.167 "GET /" status: 200 len: 136 microversion: 1.0
2026-07-09 14:20:58.498 7 INFO placement.requestlog [None req-429b50a9-179a-43ea-87c9-479f4f1a60db - - - - - -] 10.0.0.167 "GET /" status: 200 len: 136 microversion: 1.0
2026-07-09 14:21:08.497 7 INFO placement.requestlog [None req-0f372d02-9845-4168-b210-86b42f1ca069 - - - - - -] 10.0.0.167 "GET /" status: 200 len: 136 microversion: 1.0
2026-07-09 14:21:08.498 8 INFO placement.requestlog [None req-1fbc16f2-9d72-4d7b-b7f5-3021d08bf7cc - - - - - -] 10.0.0.167 "GET /" status: 200 len: 136 microversion: 1.0
2026-07-09 14:21:18.497 7 INFO placement.requestlog [None req-fba3c0c3-fe72-4eb8-bdfd-618937622405 - - - - - -] 10.0.0.167 "GET /" status: 200 len: 136 microversion: 1.0
2026-07-09 14:21:18.499 8 INFO placement.requestlog [None req-67c999bd-afe7-4a57-8fa7-c1227b598f11 - - - - - -] 10.0.0.167 "GET /" status: 200 len: 136 microversion: 1.0
2026-07-09 14:21:28.497 7 INFO placement.requestlog [None req-3e85e5c7-5632-49f8-85c7-3df6c0a494c4 - - - - - -] 10.0.0.167 "GET /" status: 200 len: 136 microversion: 1.0
2026-07-09 14:21:28.498 8 INFO placement.requestlog [None req-cd8701cd-d2f4-403e-a99c-fa21b7016637 - - - - - -] 10.0.0.167 "GET /" status: 200 len: 136 microversion: 1.0
2026-07-09 14:21:38.497 7 INFO placement.requestlog [None req-373a7678-e27d-4efe-9b49-1c05a7ad26fb - - - - - -] 10.0.0.167 "GET /" status: 200 len: 136 microversion: 1.0
2026-07-09 14:21:38.497 8 INFO placement.requestlog [None req-0d93a566-af34-4cb8-b0d9-1fa00c11ec10 - - - - - -] 10.0.0.167 "GET /" status: 200 len: 136 microversion: 1.0
2026-07-09 14:21:38.558 7 INFO placement.requestlog [req-e068dc0e-923d-448a-ae8d-dd0d6f09efa4 req-2c228ca2-3625-4f85-adbf-89dad713f125 163c5de412074798bc12668890424bb7 97702d5ac7f14ca7834f3d128dfc283c - - 307db3c5175543a6b278ebd9b346a102 307db3c5175543a6b278ebd9b346a102] 199.204.45.138 "GET /resource_providers/a59e7723-853c-45f3-99f2-3faf5ea86f44/allocations" status: 200 len: 54 microversion: 1.0 [pid: 7|app: 0|req: 300/598] 199.204.45.138 () {32 vars in 857 bytes} [Thu Jul 9 14:21:38 2026] GET /resource_providers/a59e7723-853c-45f3-99f2-3faf5ea86f44/allocations => generated 54 bytes in 18 msecs (HTTP/1.1 200) 6 headers in 223 bytes (1 switches on core 0)
2026-07-09 14:21:38.590 8 INFO placement.requestlog [req-e068dc0e-923d-448a-ae8d-dd0d6f09efa4 req-85bd67cb-15de-45ee-a0c8-5ae5ed002054 163c5de412074798bc12668890424bb7 97702d5ac7f14ca7834f3d128dfc283c - - 307db3c5175543a6b278ebd9b346a102 307db3c5175543a6b278ebd9b346a102] 199.204.45.138 "GET /resource_providers/a59e7723-853c-45f3-99f2-3faf5ea86f44/allocations" status: 200 len: 54 microversion: 1.0 [pid: 8|app: 0|req: 299/599] 199.204.45.138 () {32 vars in 857 bytes} [Thu Jul 9 14:21:38 2026] GET /resource_providers/a59e7723-853c-45f3-99f2-3faf5ea86f44/allocations => generated 54 bytes in 17 msecs (HTTP/1.1 200) 6 headers in 223 bytes (1 switches on core 0)
2026-07-09 14:21:48.497 7 INFO placement.requestlog [None req-432f47c3-72f5-4afc-9931-f2c51e91894b - - - - - -] 10.0.0.167 "GET /" status: 200 len: 136 microversion: 1.0
2026-07-09 14:21:48.497 8 INFO placement.requestlog [None req-4016422c-182b-4053-abd9-91b8f70983a0 - - - - - -] 10.0.0.167 "GET /" status: 200 len: 136 microversion: 1.0
2026-07-09 14:21:58.497 7 INFO placement.requestlog [None req-853483d8-54cf-4949-b07a-eb4c94ac8190 - - - - - -] 10.0.0.167 "GET /" status: 200 len: 136 microversion: 1.0
2026-07-09 14:21:58.497 8 INFO placement.requestlog [None req-ab741584-4b6e-4c62-9691-38f48a1043f9 - - - - - -] 10.0.0.167 "GET /" status: 200 len: 136 microversion: 1.0
2026-07-09 14:22:08.497 7 INFO placement.requestlog [None req-f84bba84-eadc-4509-ae97-b7542911741e - - - - - -] 10.0.0.167 "GET /" status: 200 len: 136 microversion: 1.0
2026-07-09 14:22:08.497 8 INFO placement.requestlog [None req-c6c496ff-895c-47e6-9899-6177e73679f3 - - - - - -] 10.0.0.167 "GET /" status: 200 len: 136 microversion: 1.0
2026-07-09 14:22:18.497 7 INFO placement.requestlog [None req-c4550a73-a022-4649-b047-d42f45e57221 - - - - - -] 10.0.0.167 "GET /" status: 200 len: 136 microversion: 1.0
2026-07-09 14:22:18.502 8 INFO placement.requestlog [None req-b4fc14c9-b107-4459-8749-07b699b2f125 - - - - - -] 10.0.0.167 "GET /" status: 200 len: 136 microversion: 1.0
2026-07-09 14:22:28.497 7 INFO placement.requestlog [None req-871579f4-abc1-4a29-8f89-e12b7786d52a - - - - - -] 10.0.0.167 "GET /" status: 200 len: 136 microversion: 1.0
2026-07-09 14:22:28.499 8 INFO placement.requestlog [None req-80925b51-30d4-41cd-abd1-59e3fa9b0ecd - - - - - -] 10.0.0.167 "GET /" status: 200 len: 136 microversion: 1.0
2026-07-09 14:22:38.509 8 INFO placement.requestlog [None req-e69df9bc-b30c-49da-a235-b8b2e523a49f - - - - - -] 10.0.0.167 "GET /" status: 200 len: 136 microversion: 1.0
2026-07-09 14:22:38.511 7 INFO placement.requestlog [None req-ccc1d82f-19cd-467d-bf78-85abc841f72f - - - - - -] 10.0.0.167 "GET /" status: 200 len: 136 microversion: 1.0
2026-07-09 14:22:39.684 8 INFO placement.requestlog [req-52c84135-2374-45e5-8374-a8fc5776357c req-af207aa1-5992-43ad-8cb9-9c1c8688cc6a 163c5de412074798bc12668890424bb7 97702d5ac7f14ca7834f3d128dfc283c - - 307db3c5175543a6b278ebd9b346a102 307db3c5175543a6b278ebd9b346a102] 199.204.45.138 "GET /resource_providers/a59e7723-853c-45f3-99f2-3faf5ea86f44/allocations" status: 200 len: 54 microversion: 1.0 [pid: 8|app: 0|req: 306/612] 199.204.45.138 () {32 vars in 857 bytes} [Thu Jul 9 14:22:39 2026] GET /resource_providers/a59e7723-853c-45f3-99f2-3faf5ea86f44/allocations => generated 54 bytes in 16 msecs (HTTP/1.1 200) 6 headers in 223 bytes (1 switches on core 0)
2026-07-09 14:22:39.713 7 INFO placement.requestlog [req-52c84135-2374-45e5-8374-a8fc5776357c req-66c210aa-af7e-4baa-8f99-dea892d09619 163c5de412074798bc12668890424bb7 97702d5ac7f14ca7834f3d128dfc283c - - 307db3c5175543a6b278ebd9b346a102 307db3c5175543a6b278ebd9b346a102] 199.204.45.138 "GET /resource_providers/a59e7723-853c-45f3-99f2-3faf5ea86f44/allocations" status: 200 len: 54 microversion: 1.0 [pid: 7|app: 0|req: 307/613] 199.204.45.138 () {32 vars in 857 bytes} [Thu Jul 9 14:22:39 2026] GET /resource_providers/a59e7723-853c-45f3-99f2-3faf5ea86f44/allocations => generated 54 bytes in 18 msecs (HTTP/1.1 200) 6 headers in 223 bytes (1 switches on core 0)
2026-07-09 14:22:48.498 7 INFO placement.requestlog [None req-d4091775-0deb-4f24-9ab8-39e39b7a476c - - - - - -] 10.0.0.167 "GET /" status: 200 len: 136 microversion: 1.0
2026-07-09 14:22:48.498 8 INFO placement.requestlog [None req-13e66ed9-99d7-4f6d-92bb-e3bb569fd32d - - - - - -] 10.0.0.167 "GET /" status: 200 len: 136 microversion: 1.0
2026-07-09 14:22:58.501 8 INFO placement.requestlog [None req-6fe7d881-a323-451a-8aaa-0a0f152463a4 - - - - - -] 10.0.0.167 "GET /" status: 200 len: 136 microversion: 1.0
2026-07-09 14:22:58.503 7 INFO placement.requestlog [None req-a906988c-73ff-4639-8c71-a7e895480e21 - - - - - -] 10.0.0.167 "GET /" status: 200 len: 136 microversion: 1.0
2026-07-09 14:23:08.496 8 INFO placement.requestlog [None req-826d6e3b-976a-4a91-81a7-1fbc5ac73784 - - - - - -] 10.0.0.167 "GET /" status: 200 len: 136 microversion: 1.0
2026-07-09 14:23:08.497 7 INFO placement.requestlog [None req-e651d1d1-be63-45bb-ac06-afe965052199 - - - - - -] 10.0.0.167 "GET /" status: 200 len: 136 microversion: 1.0
2026-07-09 14:23:18.498 8 INFO placement.requestlog [None req-710f9161-3e25-4db1-9a8d-9f42eb0a173a - - - - - -] 10.0.0.167 "GET /" status: 200 len: 136 microversion: 1.0
2026-07-09 14:23:18.498 7 INFO placement.requestlog [None req-1e735ea4-f9d7-4fdc-ba7b-befd71040ed8 - - - - - -] 10.0.0.167 "GET /" status: 200 len: 136 microversion: 1.0
2026-07-09 14:23:28.498 7 INFO placement.requestlog [None req-2f2ff319-cec5-49d3-8f3a-93e754a06222 - - - - - -] 10.0.0.167 "GET /" status: 200 len: 136 microversion: 1.0
2026-07-09 14:23:28.498 8 INFO placement.requestlog [None req-e167c170-9086-4ea9-b849-3514c76ecaa7 - - - - - -] 10.0.0.167 "GET /" status: 200 len: 136 microversion: 1.0
2026-07-09 14:23:38.498 7 INFO placement.requestlog [None req-41f2b571-167b-486b-9e29-7b1da669a400 - - - - - -] 10.0.0.167 "GET /" status: 200 len: 136 microversion: 1.0
2026-07-09 14:23:38.498 8 INFO placement.requestlog [None req-9bfa1187-f85a-45ce-a339-f5b5072efb54 - - - - - -] 10.0.0.167 "GET /" status: 200 len: 136 microversion: 1.0
2026-07-09 14:23:41.611 7 INFO placement.requestlog [req-fd5d0678-8485-4ba7-ad7e-7addc072852e req-99d85ed2-e3f3-4ff3-802c-9d5fde2a6031 163c5de412074798bc12668890424bb7 97702d5ac7f14ca7834f3d128dfc283c - - 307db3c5175543a6b278ebd9b346a102 307db3c5175543a6b278ebd9b346a102] 199.204.45.138 "GET /resource_providers/a59e7723-853c-45f3-99f2-3faf5ea86f44/allocations" status: 200 len: 54 microversion: 1.0 [pid: 7|app: 0|req: 314/626] 199.204.45.138 () {32 vars in 857 bytes} [Thu Jul 9 14:23:41 2026] GET /resource_providers/a59e7723-853c-45f3-99f2-3faf5ea86f44/allocations => generated 54 bytes in 15 msecs (HTTP/1.1 200) 6 headers in 223 bytes (1 switches on core 0)
2026-07-09 14:23:41.645 8 INFO placement.requestlog [req-fd5d0678-8485-4ba7-ad7e-7addc072852e req-3f51954f-1cc3-4934-92f9-e0cf60391cdb 163c5de412074798bc12668890424bb7 97702d5ac7f14ca7834f3d128dfc283c - - 307db3c5175543a6b278ebd9b346a102 307db3c5175543a6b278ebd9b346a102] 199.204.45.138 "GET /resource_providers/a59e7723-853c-45f3-99f2-3faf5ea86f44/allocations" status: 200 len: 54 microversion: 1.0 [pid: 8|app: 0|req: 313/627] 199.204.45.138 () {32 vars in 857 bytes} [Thu Jul 9 14:23:41 2026] GET /resource_providers/a59e7723-853c-45f3-99f2-3faf5ea86f44/allocations => generated 54 bytes in 23 msecs (HTTP/1.1 200) 6 headers in 223 bytes (1 switches on core 0)
2026-07-09 14:23:48.497 7 INFO placement.requestlog [None req-8cb07684-a319-4ef9-9581-1b3470af8e79 - - - - - -] 10.0.0.167 "GET /" status: 200 len: 136 microversion: 1.0
2026-07-09 14:23:48.497 8 INFO placement.requestlog [None req-4dc47947-1f7e-420b-a45e-5b9c41041604 - - - - - -] 10.0.0.167 "GET /" status: 200 len: 136 microversion: 1.0
2026-07-09 14:23:58.497 7 INFO placement.requestlog [None req-e0a6feee-ae7b-48fe-b5e6-c5cf82b70ac2 - - - - - -] 10.0.0.167 "GET /" status: 200 len: 136 microversion: 1.0
2026-07-09 14:23:58.498 8 INFO placement.requestlog [None req-9e12612a-332d-4907-9930-53a33d47877e - - - - - -] 10.0.0.167 "GET /" status: 200 len: 136 microversion: 1.0
2026-07-09 14:24:08.497 8 INFO placement.requestlog [None req-5fc3d5d7-0635-4701-ad3d-aa2b66b12779 - - - - - -] 10.0.0.167 "GET /" status: 200 len: 136 microversion: 1.0
2026-07-09 14:24:08.497 7 INFO placement.requestlog [None req-772c7bf0-3d95-4349-89cd-67a6d2e6597a - - - - - -] 10.0.0.167 "GET /" status: 200 len: 136 microversion: 1.0
2026-07-09 14:24:18.498 8 INFO placement.requestlog [None req-5ea58c6b-466d-4972-8926-0cb09afd9cb3 - - - - - -] 10.0.0.167 "GET /" status: 200 len: 136 microversion: 1.0
2026-07-09 14:24:18.498 7 INFO placement.requestlog [None req-afa320ee-038f-4322-8771-d5be88f5366d - - - - - -] 10.0.0.167 "GET /" status: 200 len: 136 microversion: 1.0
2026-07-09 14:24:28.497 7 INFO placement.requestlog [None req-386d405a-75f8-4f67-b58a-c963bc672e69 - - - - - -] 10.0.0.167 "GET /" status: 200 len: 136 microversion: 1.0
2026-07-09 14:24:28.498 8 INFO placement.requestlog [None req-fb8a9592-b7d5-4f1b-a319-ab04a41c80e5 - - - - - -] 10.0.0.167 "GET /" status: 200 len: 136 microversion: 1.0
2026-07-09 14:24:38.496 7 INFO placement.requestlog [None req-1ef00ef8-c03a-4061-87ee-eda72985f864 - - - - - -] 10.0.0.167 "GET /" status: 200 len: 136 microversion: 1.0
2026-07-09 14:24:38.496 8 INFO placement.requestlog [None req-e0a3acd5-11c0-4c55-b47e-bd16b75dc549 - - - - - -] 10.0.0.167 "GET /" status: 200 len: 136 microversion: 1.0
2026-07-09 14:24:41.572 7 INFO placement.requestlog [req-0cbb5632-3de5-40f4-bdb8-b525ca4a89ee req-31478982-ad33-4cb8-9737-146709823144 163c5de412074798bc12668890424bb7 97702d5ac7f14ca7834f3d128dfc283c - - 307db3c5175543a6b278ebd9b346a102 307db3c5175543a6b278ebd9b346a102] 199.204.45.138 "GET /resource_providers/a59e7723-853c-45f3-99f2-3faf5ea86f44/allocations" status: 200 len: 54 microversion: 1.0 [pid: 7|app: 0|req: 321/640] 199.204.45.138 () {32 vars in 857 bytes} [Thu Jul 9 14:24:41 2026] GET /resource_providers/a59e7723-853c-45f3-99f2-3faf5ea86f44/allocations => generated 54 bytes in 18 msecs (HTTP/1.1 200) 6 headers in 223 bytes (1 switches on core 0)
2026-07-09 14:24:41.600 8 INFO placement.requestlog [req-0cbb5632-3de5-40f4-bdb8-b525ca4a89ee req-65d07c48-a551-4179-b26a-19d5715e9d2b 163c5de412074798bc12668890424bb7 97702d5ac7f14ca7834f3d128dfc283c - - 307db3c5175543a6b278ebd9b346a102 307db3c5175543a6b278ebd9b346a102] 199.204.45.138 "GET /resource_providers/a59e7723-853c-45f3-99f2-3faf5ea86f44/allocations" status: 200 len: 54 microversion: 1.0 [pid: 8|app: 0|req: 320/641] 199.204.45.138 () {32 vars in 857 bytes} [Thu Jul 9 14:24:41 2026] GET /resource_providers/a59e7723-853c-45f3-99f2-3faf5ea86f44/allocations => generated 54 bytes in 19 msecs (HTTP/1.1 200) 6 headers in 223 bytes (1 switches on core 0)
2026-07-09 14:24:48.497 8 INFO placement.requestlog [None req-db74a69b-d72e-489f-8064-68c415a6fc0a - - - - - -] 10.0.0.167 "GET /" status: 200 len: 136 microversion: 1.0
2026-07-09 14:24:48.497 7 INFO placement.requestlog [None req-0e3d315f-886d-4669-abd5-bfebd7f45771 - - - - - -] 10.0.0.167 "GET /" status: 200 len: 136 microversion: 1.0
2026-07-09 14:24:58.498 8 INFO placement.requestlog [None req-7f217837-c2bf-4e42-b807-17d686b2807f - - - - - -] 10.0.0.167 "GET /" status: 200 len: 136 microversion: 1.0
2026-07-09 14:24:58.498 7 INFO placement.requestlog [None req-4f8b1b60-852f-4723-b02c-6be808717bd0 - - - - - -] 10.0.0.167 "GET /" status: 200 len: 136 microversion: 1.0
2026-07-09 14:25:08.509 7 INFO placement.requestlog [None req-cc40fdff-9940-4478-8c2e-a0ce7c3d2c00 - - - - - -] 10.0.0.167 "GET /" status: 200 len: 136 microversion: 1.0
2026-07-09 14:25:08.510 8 INFO placement.requestlog [None req-8c492546-7ce4-4cb8-87d7-7de219c43f8b - - - - - -] 10.0.0.167 "GET /" status: 200 len: 136 microversion: 1.0
2026-07-09 14:25:18.497 7 INFO placement.requestlog [None req-a94475b6-682a-45c8-bc50-997805bb5873 - - - - - -] 10.0.0.167 "GET /" status: 200 len: 136 microversion: 1.0
2026-07-09 14:25:18.497 8 INFO placement.requestlog [None req-d654ca6d-d2ef-450a-8838-d02127f34a76 - - - - - -] 10.0.0.167 "GET /" status: 200 len: 136 microversion: 1.0
2026-07-09 14:25:28.496 8 INFO placement.requestlog [None req-78503868-1857-45c9-a94e-e1dc1bdc2d72 - - - - - -] 10.0.0.167 "GET /" status: 200 len: 136 microversion: 1.0
2026-07-09 14:25:28.497 7 INFO placement.requestlog [None req-d4f566ba-f74d-4b31-9b8f-856aa2c6f7b9 - - - - - -] 10.0.0.167 "GET /" status: 200 len: 136 microversion: 1.0
2026-07-09 14:25:38.497 7 INFO placement.requestlog [None req-fa55bf37-5b5f-4d69-ad13-efa7d1d15c14 - - - - - -] 10.0.0.167 "GET /" status: 200 len: 136 microversion: 1.0
2026-07-09 14:25:38.497 8 INFO placement.requestlog [None req-b253fe36-e3d5-4191-b880-1e1738892c90 - - - - - -] 10.0.0.167 "GET /" status: 200 len: 136 microversion: 1.0
2026-07-09 14:25:42.344 7 INFO placement.requestlog [req-a1228a16-1209-4cfe-835e-76c3e283ba26 req-141178f8-3ee7-4efd-8609-6b837d44da95 163c5de412074798bc12668890424bb7 97702d5ac7f14ca7834f3d128dfc283c - - 307db3c5175543a6b278ebd9b346a102 307db3c5175543a6b278ebd9b346a102] 199.204.45.138 "GET /resource_providers/a59e7723-853c-45f3-99f2-3faf5ea86f44/allocations" status: 200 len: 54 microversion: 1.0 [pid: 7|app: 0|req: 328/654] 199.204.45.138 () {32 vars in 857 bytes} [Thu Jul 9 14:25:41 2026] GET /resource_providers/a59e7723-853c-45f3-99f2-3faf5ea86f44/allocations => generated 54 bytes in 546 msecs (HTTP/1.1 200) 6 headers in 223 bytes (1 switches on core 0)
2026-07-09 14:25:42.378 8 INFO placement.requestlog [req-a1228a16-1209-4cfe-835e-76c3e283ba26 req-6bbb81f7-bf94-440b-969a-0287d166c52d 163c5de412074798bc12668890424bb7 97702d5ac7f14ca7834f3d128dfc283c - - 307db3c5175543a6b278ebd9b346a102 307db3c5175543a6b278ebd9b346a102] 199.204.45.138 "GET /resource_providers?in_tree=a59e7723-853c-45f3-99f2-3faf5ea86f44" status: 200 len: 797 microversion: 1.14 [pid: 8|app: 0|req: 327/655] 199.204.45.138 () {34 vars in 892 bytes} [Thu Jul 9 14:25:42 2026] GET /resource_providers?in_tree=a59e7723-853c-45f3-99f2-3faf5ea86f44 => generated 797 bytes in 25 msecs (HTTP/1.1 200) 6 headers in 225 bytes (1 switches on core 0)
2026-07-09 14:25:42.413 7 INFO placement.requestlog [req-a1228a16-1209-4cfe-835e-76c3e283ba26 req-60e8438b-1bf6-4631-bad3-14dbb2272a26 163c5de412074798bc12668890424bb7 97702d5ac7f14ca7834f3d128dfc283c - - 307db3c5175543a6b278ebd9b346a102 307db3c5175543a6b278ebd9b346a102] 199.204.45.138 "GET /resource_providers/a59e7723-853c-45f3-99f2-3faf5ea86f44/inventories" status: 200 len: 400 microversion: 1.0 [pid: 7|app: 0|req: 329/656] 199.204.45.138 () {32 vars in 857 bytes} [Thu Jul 9 14:25:42 2026] GET /resource_providers/a59e7723-853c-45f3-99f2-3faf5ea86f44/inventories => generated 400 bytes in 24 msecs (HTTP/1.1 200) 6 headers in 224 bytes (1 switches on core 0)
2026-07-09 14:25:42.438 8 INFO placement.requestlog [req-a1228a16-1209-4cfe-835e-76c3e283ba26 req-18e30aa5-bc99-4086-b41e-4cdf6aa5bf96 163c5de412074798bc12668890424bb7 97702d5ac7f14ca7834f3d128dfc283c - - 307db3c5175543a6b278ebd9b346a102 307db3c5175543a6b278ebd9b346a102] 199.204.45.138 "GET /resource_providers/a59e7723-853c-45f3-99f2-3faf5ea86f44/aggregates" status: 200 len: 53 microversion: 1.19 [pid: 8|app: 0|req: 328/657] 199.204.45.138 () {34 vars in 899 bytes} [Thu Jul 9 14:25:42 2026] GET /resource_providers/a59e7723-853c-45f3-99f2-3faf5ea86f44/aggregates => generated 53 bytes in 16 msecs (HTTP/1.1 200) 8 headers in 295 bytes (1 switches on core 0)
2026-07-09 14:25:42.473 7 INFO placement.requestlog [req-a1228a16-1209-4cfe-835e-76c3e283ba26 req-3a7c81bb-cc8c-4e24-8cf6-b73eec5d3648 163c5de412074798bc12668890424bb7 97702d5ac7f14ca7834f3d128dfc283c - - 307db3c5175543a6b278ebd9b346a102 307db3c5175543a6b278ebd9b346a102] 199.204.45.138 "GET /resource_providers/a59e7723-853c-45f3-99f2-3faf5ea86f44/traits" status: 200 len: 1723 microversion: 1.6 [pid: 7|app: 0|req: 330/658] 199.204.45.138 () {34 vars in 890 bytes} [Thu Jul 9 14:25:42 2026] GET /resource_providers/a59e7723-853c-45f3-99f2-3faf5ea86f44/traits => generated 1723 bytes in 25 msecs (HTTP/1.1 200) 6 headers in 225 bytes (1 switches on core 0)
2026-07-09 14:25:42.500 8 INFO placement.requestlog [req-a1228a16-1209-4cfe-835e-76c3e283ba26 req-90fffb05-6d8d-467c-a79f-5f4f0f9c78fd 163c5de412074798bc12668890424bb7 97702d5ac7f14ca7834f3d128dfc283c - - 307db3c5175543a6b278ebd9b346a102 307db3c5175543a6b278ebd9b346a102] 199.204.45.138 "GET /resource_providers/a59e7723-853c-45f3-99f2-3faf5ea86f44/allocations" status: 200 len: 54 microversion: 1.0 [pid: 8|app: 0|req: 329/659] 199.204.45.138 () {32 vars in 857 bytes} [Thu Jul 9 14:25:42 2026] GET /resource_providers/a59e7723-853c-45f3-99f2-3faf5ea86f44/allocations => generated 54 bytes in 16 msecs (HTTP/1.1 200) 6 headers in 223 bytes (1 switches on core 0)
2026-07-09 14:25:48.497 8 INFO placement.requestlog [None req-211eaa06-900b-4a2e-9ec9-bcfdbfb7577a - - - - - -] 10.0.0.167 "GET /" status: 200 len: 136 microversion: 1.0
2026-07-09 14:25:48.497 7 INFO placement.requestlog [None req-2b47b320-c6d9-48f1-a7b1-bb48eebe5659 - - - - - -] 10.0.0.167 "GET /" status: 200 len: 136 microversion: 1.0
2026-07-09 14:25:49.559 8 INFO placement.requestlog [None req-5e3469cc-837f-440f-9f3e-ec7707e2343f 59725c5d715e4ecf8f507f66332ed833 97702d5ac7f14ca7834f3d128dfc283c - - 307db3c5175543a6b278ebd9b346a102 307db3c5175543a6b278ebd9b346a102] 10.0.0.160 "GET /resource_providers/d3461549-921c-4ede-a77e-5ffb2c269a35/aggregates" status: 404 len: 235 microversion: 1.1 [pid: 8|app: 0|req: 331/662] 10.0.0.160 () {32 vars in 816 bytes} [Thu Jul 9 14:25:49 2026] GET /resource_providers/d3461549-921c-4ede-a77e-5ffb2c269a35/aggregates => generated 235 bytes in 270 msecs (HTTP/1.1 404) 5 headers in 202 bytes (1 switches on core 0)
2026-07-09 14:25:49.578 8 INFO placement.requestlog [None req-113f89e6-6eea-4ead-a9f3-69669a446de7 59725c5d715e4ecf8f507f66332ed833 97702d5ac7f14ca7834f3d128dfc283c - - 307db3c5175543a6b278ebd9b346a102 307db3c5175543a6b278ebd9b346a102] 10.0.0.160 "DELETE /resource_providers/d3461549-921c-4ede-a77e-5ffb2c269a35" status: 404 len: 246 microversion: 1.1 [pid: 8|app: 0|req: 332/663] 10.0.0.160 () {34 vars in 816 bytes} [Thu Jul 9 14:25:49 2026] DELETE /resource_providers/d3461549-921c-4ede-a77e-5ffb2c269a35 => generated 246 bytes in 10 msecs (HTTP/1.1 404) 6 headers in 231 bytes (1 switches on core 0)
2026-07-09 14:25:49.615 7 INFO placement.requestlog [None req-88149664-9858-420f-8a2e-9e6644d6150d 59725c5d715e4ecf8f507f66332ed833 97702d5ac7f14ca7834f3d128dfc283c - - 307db3c5175543a6b278ebd9b346a102 307db3c5175543a6b278ebd9b346a102] 10.0.0.160 "GET /resource_providers/d3461549-921c-4ede-a77e-5ffb2c269a35/aggregates" status: 404 len: 235 microversion: 1.1 [pid: 7|app: 0|req: 332/664] 10.0.0.160 () {32 vars in 816 bytes} [Thu Jul 9 14:25:49 2026] GET /resource_providers/d3461549-921c-4ede-a77e-5ffb2c269a35/aggregates => generated 235 bytes in 325 msecs (HTTP/1.1 404) 5 headers in 202 bytes (1 switches on core 0)
2026-07-09 14:25:49.640 8 INFO placement.requestlog [None req-be0abac1-2235-4e3f-bc47-97fa873719e5 59725c5d715e4ecf8f507f66332ed833 97702d5ac7f14ca7834f3d128dfc283c - - 307db3c5175543a6b278ebd9b346a102 307db3c5175543a6b278ebd9b346a102] 10.0.0.160 "DELETE /resource_providers/d3461549-921c-4ede-a77e-5ffb2c269a35" status: 404 len: 246 microversion: 1.1 [pid: 8|app: 0|req: 333/665] 10.0.0.160 () {34 vars in 816 bytes} [Thu Jul 9 14:25:49 2026] DELETE /resource_providers/d3461549-921c-4ede-a77e-5ffb2c269a35 => generated 246 bytes in 14 msecs (HTTP/1.1 404) 6 headers in 231 bytes (1 switches on core 0)
2026-07-09 14:25:51.399 7 INFO placement.requestlog [req-364851d7-88f6-496f-8697-21b8b3cd7455 req-96096211-b4b6-477d-abf1-ac532d1bc7bf 163c5de412074798bc12668890424bb7 97702d5ac7f14ca7834f3d128dfc283c - - 307db3c5175543a6b278ebd9b346a102 307db3c5175543a6b278ebd9b346a102] 10.0.0.204 "GET /allocation_candidates?limit=1000&resources=MEMORY_MB%3A512%2CVCPU%3A1&root_required=%21COMPUTE_STATUS_DISABLED" status: 200 len: 2174 microversion: 1.36 [pid: 7|app: 0|req: 333/666] 10.0.0.204 () {34 vars in 984 bytes} [Thu Jul 9 14:25:51 2026] GET /allocation_candidates?limit=1000&resources=MEMORY_MB%3A512%2CVCPU%3A1&root_required=%21COMPUTE_STATUS_DISABLED => generated 2174 bytes in 219 msecs (HTTP/1.1 200) 8 headers in 297 bytes (1 switches on core 0)
2026-07-09 14:25:51.462 8 INFO placement.requestlog [req-364851d7-88f6-496f-8697-21b8b3cd7455 req-225fee70-7df7-4dbd-813b-583838b41bab 163c5de412074798bc12668890424bb7 97702d5ac7f14ca7834f3d128dfc283c - - 307db3c5175543a6b278ebd9b346a102 307db3c5175543a6b278ebd9b346a102] 10.0.0.204 "GET /allocations/4735f671-cab7-4a25-b203-0ac0d31b0b99" status: 200 len: 19 microversion: 1.28 [pid: 8|app: 0|req: 334/667] 10.0.0.204 () {34 vars in 861 bytes} [Thu Jul 9 14:25:51 2026] GET /allocations/4735f671-cab7-4a25-b203-0ac0d31b0b99 => generated 19 bytes in 17 msecs (HTTP/1.1 200) 8 headers in 295 bytes (1 switches on core 0)
2026-07-09 14:25:51.547 7 INFO placement.requestlog [req-364851d7-88f6-496f-8697-21b8b3cd7455 req-52ac925f-1f56-4e56-b865-1cfab165dc33 163c5de412074798bc12668890424bb7 97702d5ac7f14ca7834f3d128dfc283c - - 307db3c5175543a6b278ebd9b346a102 307db3c5175543a6b278ebd9b346a102] 10.0.0.204 "PUT /allocations/4735f671-cab7-4a25-b203-0ac0d31b0b99" status: 204 len: 0 microversion: 1.36 [pid: 7|app: 0|req: 334/668] 10.0.0.204 () {38 vars in 914 bytes} [Thu Jul 9 14:25:51 2026] PUT /allocations/4735f671-cab7-4a25-b203-0ac0d31b0b99 => generated 0 bytes in 78 msecs (HTTP/1.1 204) 5 headers in 199 bytes (1 switches on core 0)
2026-07-09 14:25:51.609 8 INFO placement.requestlog [None req-45d67365-b33f-45ee-b987-a710fed37ab0 59725c5d715e4ecf8f507f66332ed833 97702d5ac7f14ca7834f3d128dfc283c - - 307db3c5175543a6b278ebd9b346a102 307db3c5175543a6b278ebd9b346a102] 10.0.0.160 "GET /resource_providers/0269d279-f663-4a13-8372-6729f8de8724/aggregates" status: 404 len: 235 microversion: 1.1 [pid: 8|app: 0|req: 335/669] 10.0.0.160 () {32 vars in 816 bytes} [Thu Jul 9 14:25:51 2026] GET /resource_providers/0269d279-f663-4a13-8372-6729f8de8724/aggregates => generated 235 bytes in 22 msecs (HTTP/1.1 404) 5 headers in 202 bytes (1 switches on core 0)
2026-07-09 14:25:51.632 7 INFO placement.requestlog [None req-29ac0430-bc5d-4559-abdf-496bdef037a6 59725c5d715e4ecf8f507f66332ed833 97702d5ac7f14ca7834f3d128dfc283c - - 307db3c5175543a6b278ebd9b346a102 307db3c5175543a6b278ebd9b346a102] 10.0.0.160 "DELETE /resource_providers/0269d279-f663-4a13-8372-6729f8de8724" status: 404 len: 246 microversion: 1.1 [pid: 7|app: 0|req: 335/670] 10.0.0.160 () {34 vars in 816 bytes} [Thu Jul 9 14:25:51 2026] DELETE /resource_providers/0269d279-f663-4a13-8372-6729f8de8724 => generated 246 bytes in 15 msecs (HTTP/1.1 404) 6 headers in 231 bytes (1 switches on core 0)
2026-07-09 14:25:51.760 8 INFO placement.requestlog [None req-9741df67-644a-4fe8-9b29-33020670a872 59725c5d715e4ecf8f507f66332ed833 97702d5ac7f14ca7834f3d128dfc283c - - 307db3c5175543a6b278ebd9b346a102 307db3c5175543a6b278ebd9b346a102] 10.0.0.160 "GET /resource_providers/0269d279-f663-4a13-8372-6729f8de8724/aggregates" status: 404 len: 235 microversion: 1.1 [pid: 8|app: 0|req: 336/671] 10.0.0.160 () {32 vars in 816 bytes} [Thu Jul 9 14:25:51 2026] GET /resource_providers/0269d279-f663-4a13-8372-6729f8de8724/aggregates => generated 235 bytes in 14 msecs (HTTP/1.1 404) 5 headers in 202 bytes (1 switches on core 0)
2026-07-09 14:25:51.862 7 INFO placement.requestlog [None req-cb22e136-c555-4982-9fe2-9f8b6a4c7b5d 59725c5d715e4ecf8f507f66332ed833 97702d5ac7f14ca7834f3d128dfc283c - - 307db3c5175543a6b278ebd9b346a102 307db3c5175543a6b278ebd9b346a102] 10.0.0.160 "DELETE /resource_providers/0269d279-f663-4a13-8372-6729f8de8724" status: 404 len: 246 microversion: 1.1 [pid: 7|app: 0|req: 336/672] 10.0.0.160 () {34 vars in 816 bytes} [Thu Jul 9 14:25:51 2026] DELETE /resource_providers/0269d279-f663-4a13-8372-6729f8de8724 => generated 246 bytes in 22 msecs (HTTP/1.1 404) 6 headers in 231 bytes (1 switches on core 0)
2026-07-09 14:25:52.122 8 INFO placement.requestlog [req-364851d7-88f6-496f-8697-21b8b3cd7455 req-4c285fbf-c7cc-4c10-87ec-924e22938521 163c5de412074798bc12668890424bb7 97702d5ac7f14ca7834f3d128dfc283c - - 307db3c5175543a6b278ebd9b346a102 307db3c5175543a6b278ebd9b346a102] 199.204.45.138 "GET /allocations/4735f671-cab7-4a25-b203-0ac0d31b0b99" status: 200 len: 243 microversion: 1.28 [pid: 8|app: 0|req: 337/673] 199.204.45.138 () {34 vars in 863 bytes} [Thu Jul 9 14:25:52 2026] GET /allocations/4735f671-cab7-4a25-b203-0ac0d31b0b99 => generated 243 bytes in 18 msecs (HTTP/1.1 200) 8 headers in 296 bytes (1 switches on core 0)
2026-07-09 14:25:52.317 7 INFO placement.requestlog [req-364851d7-88f6-496f-8697-21b8b3cd7455 req-0188430e-4bf2-45f0-8a8b-91efc08326c6 163c5de412074798bc12668890424bb7 97702d5ac7f14ca7834f3d128dfc283c - - 307db3c5175543a6b278ebd9b346a102 307db3c5175543a6b278ebd9b346a102] 199.204.45.138 "GET /resource_providers/a59e7723-853c-45f3-99f2-3faf5ea86f44/allocations" status: 200 len: 138 microversion: 1.0 [pid: 7|app: 0|req: 337/674] 199.204.45.138 () {32 vars in 857 bytes} [Thu Jul 9 14:25:52 2026] GET /resource_providers/a59e7723-853c-45f3-99f2-3faf5ea86f44/allocations => generated 138 bytes in 49 msecs (HTTP/1.1 200) 6 headers in 224 bytes (1 switches on core 0)
2026-07-09 14:25:52.348 8 INFO placement.requestlog [req-364851d7-88f6-496f-8697-21b8b3cd7455 req-db8dc1dc-c66c-449d-a57f-d0f78fd4eaf8 163c5de412074798bc12668890424bb7 97702d5ac7f14ca7834f3d128dfc283c - - 307db3c5175543a6b278ebd9b346a102 307db3c5175543a6b278ebd9b346a102] 199.204.45.138 "GET /allocations/4735f671-cab7-4a25-b203-0ac0d31b0b99" status: 200 len: 243 microversion: 1.28 [pid: 8|app: 0|req: 338/675] 199.204.45.138 () {34 vars in 863 bytes} [Thu Jul 9 14:25:52 2026] GET /allocations/4735f671-cab7-4a25-b203-0ac0d31b0b99 => generated 243 bytes in 21 msecs (HTTP/1.1 200) 8 headers in 296 bytes (1 switches on core 0)
2026-07-09 14:25:55.336 7 INFO placement.requestlog [None req-84ac0164-410f-44c8-8258-54734cf099c0 59725c5d715e4ecf8f507f66332ed833 97702d5ac7f14ca7834f3d128dfc283c - - 307db3c5175543a6b278ebd9b346a102 307db3c5175543a6b278ebd9b346a102] 10.0.0.160 "GET /resource_providers/8a38bbc5-795e-47ef-a4f9-a7d5fc3e9a4f/aggregates" status: 404 len: 235 microversion: 1.1 [pid: 7|app: 0|req: 338/676] 10.0.0.160 () {32 vars in 816 bytes} [Thu Jul 9 14:25:55 2026] GET /resource_providers/8a38bbc5-795e-47ef-a4f9-a7d5fc3e9a4f/aggregates => generated 235 bytes in 14 msecs (HTTP/1.1 404) 5 headers in 202 bytes (1 switches on core 0)
2026-07-09 14:25:55.341 8 INFO placement.requestlog [None req-aabe46a6-dbcf-4bbe-917c-2851baf1ac63 59725c5d715e4ecf8f507f66332ed833 97702d5ac7f14ca7834f3d128dfc283c - - 307db3c5175543a6b278ebd9b346a102 307db3c5175543a6b278ebd9b346a102] 10.0.0.160 "GET /resource_providers/8a38bbc5-795e-47ef-a4f9-a7d5fc3e9a4f/aggregates" status: 404 len: 235 microversion: 1.1 [pid: 8|app: 0|req: 339/677] 10.0.0.160 () {32 vars in 816 bytes} [Thu Jul 9 14:25:55 2026] GET /resource_providers/8a38bbc5-795e-47ef-a4f9-a7d5fc3e9a4f/aggregates => generated 235 bytes in 17 msecs (HTTP/1.1 404) 5 headers in 202 bytes (1 switches on core 0)
2026-07-09 14:25:55.357 7 INFO placement.requestlog [None req-15cb6e48-6e01-4076-a67d-d5764a5dbc1c 59725c5d715e4ecf8f507f66332ed833 97702d5ac7f14ca7834f3d128dfc283c - - 307db3c5175543a6b278ebd9b346a102 307db3c5175543a6b278ebd9b346a102] 10.0.0.160 "DELETE /resource_providers/8a38bbc5-795e-47ef-a4f9-a7d5fc3e9a4f" status: 404 len: 246 microversion: 1.1 [pid: 7|app: 0|req: 339/678] 10.0.0.160 () {34 vars in 816 bytes} [Thu Jul 9 14:25:55 2026] DELETE /resource_providers/8a38bbc5-795e-47ef-a4f9-a7d5fc3e9a4f => generated 246 bytes in 12 msecs (HTTP/1.1 404) 6 headers in 231 bytes (1 switches on core 0)
2026-07-09 14:25:55.374 8 INFO placement.requestlog [None req-1ea89ee2-c521-4676-a135-ca25efb9ae63 59725c5d715e4ecf8f507f66332ed833 97702d5ac7f14ca7834f3d128dfc283c - - 307db3c5175543a6b278ebd9b346a102 307db3c5175543a6b278ebd9b346a102] 10.0.0.160 "DELETE /resource_providers/8a38bbc5-795e-47ef-a4f9-a7d5fc3e9a4f" status: 404 len: 246 microversion: 1.1 [pid: 8|app: 0|req: 340/679] 10.0.0.160 () {34 vars in 816 bytes} [Thu Jul 9 14:25:55 2026] DELETE /resource_providers/8a38bbc5-795e-47ef-a4f9-a7d5fc3e9a4f => generated 246 bytes in 19 msecs (HTTP/1.1 404) 6 headers in 231 bytes (1 switches on core 0)
2026-07-09 14:25:58.121 8 INFO placement.requestlog [None req-4753234d-4057-4397-92c2-8675c9ee03e2 59725c5d715e4ecf8f507f66332ed833 97702d5ac7f14ca7834f3d128dfc283c - - 307db3c5175543a6b278ebd9b346a102 307db3c5175543a6b278ebd9b346a102] 10.0.0.160 "GET /resource_providers/4aefe450-7fa1-4e04-b406-495452253724/aggregates" status: 404 len: 235 microversion: 1.1 [pid: 8|app: 0|req: 341/680] 10.0.0.160 () {32 vars in 816 bytes} [Thu Jul 9 14:25:57 2026] GET /resource_providers/4aefe450-7fa1-4e04-b406-495452253724/aggregates => generated 235 bytes in 427 msecs (HTTP/1.1 404) 5 headers in 202 bytes (1 switches on core 0)
2026-07-09 14:25:58.160 8 INFO placement.requestlog [None req-75287b81-ab7c-47f4-81b8-9d77e6527db9 59725c5d715e4ecf8f507f66332ed833 97702d5ac7f14ca7834f3d128dfc283c - - 307db3c5175543a6b278ebd9b346a102 307db3c5175543a6b278ebd9b346a102] 10.0.0.160 "DELETE /resource_providers/4aefe450-7fa1-4e04-b406-495452253724" status: 404 len: 246 microversion: 1.1 [pid: 8|app: 0|req: 342/681] 10.0.0.160 () {34 vars in 816 bytes} [Thu Jul 9 14:25:58 2026] DELETE /resource_providers/4aefe450-7fa1-4e04-b406-495452253724 => generated 246 bytes in 25 msecs (HTTP/1.1 404) 6 headers in 231 bytes (1 switches on core 0)
2026-07-09 14:25:58.163 7 INFO placement.requestlog [None req-3d3baa42-6493-4ba0-aaa3-52d91e7e6787 59725c5d715e4ecf8f507f66332ed833 97702d5ac7f14ca7834f3d128dfc283c - - 307db3c5175543a6b278ebd9b346a102 307db3c5175543a6b278ebd9b346a102] 10.0.0.160 "GET /resource_providers/4aefe450-7fa1-4e04-b406-495452253724/aggregates" status: 404 len: 235 microversion: 1.1 [pid: 7|app: 0|req: 340/682] 10.0.0.160 () {32 vars in 816 bytes} [Thu Jul 9 14:25:57 2026] GET /resource_providers/4aefe450-7fa1-4e04-b406-495452253724/aggregates => generated 235 bytes in 469 msecs (HTTP/1.1 404) 5 headers in 202 bytes (1 switches on core 0)
2026-07-09 14:25:58.196 8 INFO placement.requestlog [None req-09eb03f9-7bac-4fa2-9b28-6cc459b215cc 59725c5d715e4ecf8f507f66332ed833 97702d5ac7f14ca7834f3d128dfc283c - - 307db3c5175543a6b278ebd9b346a102 307db3c5175543a6b278ebd9b346a102] 10.0.0.160 "DELETE /resource_providers/4aefe450-7fa1-4e04-b406-495452253724" status: 404 len: 246 microversion: 1.1 [pid: 8|app: 0|req: 343/683] 10.0.0.160 () {34 vars in 816 bytes} [Thu Jul 9 14:25:58 2026] DELETE /resource_providers/4aefe450-7fa1-4e04-b406-495452253724 => generated 246 bytes in 20 msecs (HTTP/1.1 404) 6 headers in 231 bytes (1 switches on core 0)
2026-07-09 14:25:58.496 8 INFO placement.requestlog [None req-01756ad3-e337-419f-9d6a-4c989d3d37cc - - - - - -] 10.0.0.167 "GET /" status: 200 len: 136 microversion: 1.0
2026-07-09 14:25:58.497 7 INFO placement.requestlog [None req-c587deec-6017-424f-bf2f-0e838a9df24c - - - - - -] 10.0.0.167 "GET /" status: 200 len: 136 microversion: 1.0
2026-07-09 14:26:02.113 8 INFO placement.requestlog [req-ada6f119-5013-4370-badb-418f0e286b2f req-1bfc3272-7c4f-4b53-82aa-bb58576ff2cd 163c5de412074798bc12668890424bb7 97702d5ac7f14ca7834f3d128dfc283c - - 307db3c5175543a6b278ebd9b346a102 307db3c5175543a6b278ebd9b346a102] 10.0.0.204 "GET /allocation_candidates?limit=1000&resources=DISK_GB%3A1%2CMEMORY_MB%3A512%2CVCPU%3A1&root_required=%21COMPUTE_STATUS_DISABLED" status: 200 len: 2190 microversion: 1.36 [pid: 8|app: 0|req: 345/686] 10.0.0.204 () {34 vars in 1012 bytes} [Thu Jul 9 14:26:02 2026] GET /allocation_candidates?limit=1000&resources=DISK_GB%3A1%2CMEMORY_MB%3A512%2CVCPU%3A1&root_required=%21COMPUTE_STATUS_DISABLED => generated 2190 bytes in 103 msecs (HTTP/1.1 200) 8 headers in 297 bytes (1 switches on core 0)
2026-07-09 14:26:02.193 7 INFO placement.requestlog [req-ada6f119-5013-4370-badb-418f0e286b2f req-1ca0277f-63fb-404d-8758-a8462ada1837 163c5de412074798bc12668890424bb7 97702d5ac7f14ca7834f3d128dfc283c - - 307db3c5175543a6b278ebd9b346a102 307db3c5175543a6b278ebd9b346a102] 10.0.0.204 "GET /allocations/61aa21f5-b57a-4255-9d0e-c2a440726edd" status: 200 len: 19 microversion: 1.28 [pid: 7|app: 0|req: 342/687] 10.0.0.204 () {34 vars in 861 bytes} [Thu Jul 9 14:26:02 2026] GET /allocations/61aa21f5-b57a-4255-9d0e-c2a440726edd => generated 19 bytes in 14 msecs (HTTP/1.1 200) 8 headers in 295 bytes (1 switches on core 0)
2026-07-09 14:26:02.281 8 INFO placement.requestlog [req-ada6f119-5013-4370-badb-418f0e286b2f req-718a0cc8-00aa-4acb-8b1c-6c7232c09f1a 163c5de412074798bc12668890424bb7 97702d5ac7f14ca7834f3d128dfc283c - - 307db3c5175543a6b278ebd9b346a102 307db3c5175543a6b278ebd9b346a102] 10.0.0.204 "PUT /allocations/61aa21f5-b57a-4255-9d0e-c2a440726edd" status: 204 len: 0 microversion: 1.36 [pid: 8|app: 0|req: 346/688] 10.0.0.204 () {38 vars in 914 bytes} [Thu Jul 9 14:26:02 2026] PUT /allocations/61aa21f5-b57a-4255-9d0e-c2a440726edd => generated 0 bytes in 79 msecs (HTTP/1.1 204) 5 headers in 199 bytes (1 switches on core 0)
2026-07-09 14:26:02.651 7 INFO placement.requestlog [req-ada6f119-5013-4370-badb-418f0e286b2f req-103bde16-95fb-4382-932b-5648217291ba 163c5de412074798bc12668890424bb7 97702d5ac7f14ca7834f3d128dfc283c - - 307db3c5175543a6b278ebd9b346a102 307db3c5175543a6b278ebd9b346a102] 199.204.45.138 "GET /allocations/61aa21f5-b57a-4255-9d0e-c2a440726edd" status: 200 len: 257 microversion: 1.28 [pid: 7|app: 0|req: 343/689] 199.204.45.138 () {34 vars in 863 bytes} [Thu Jul 9 14:26:02 2026] GET /allocations/61aa21f5-b57a-4255-9d0e-c2a440726edd => generated 257 bytes in 13 msecs (HTTP/1.1 200) 8 headers in 296 bytes (1 switches on core 0)
2026-07-09 14:26:02.801 8 INFO placement.requestlog [req-ada6f119-5013-4370-badb-418f0e286b2f req-bb3fb522-9440-4f45-9247-9811dfb25faa 163c5de412074798bc12668890424bb7 97702d5ac7f14ca7834f3d128dfc283c - - 307db3c5175543a6b278ebd9b346a102 307db3c5175543a6b278ebd9b346a102] 199.204.45.138 "GET /resource_providers/a59e7723-853c-45f3-99f2-3faf5ea86f44/allocations" status: 200 len: 238 microversion: 1.0 [pid: 8|app: 0|req: 347/690] 199.204.45.138 () {32 vars in 857 bytes} [Thu Jul 9 14:26:02 2026] GET /resource_providers/a59e7723-853c-45f3-99f2-3faf5ea86f44/allocations => generated 238 bytes in 30 msecs (HTTP/1.1 200) 6 headers in 224 bytes (1 switches on core 0)
2026-07-09 14:26:02.833 7 INFO placement.requestlog [req-ada6f119-5013-4370-badb-418f0e286b2f req-7c38b6a5-28de-4bf2-b1c0-c57b25ca4652 163c5de412074798bc12668890424bb7 97702d5ac7f14ca7834f3d128dfc283c - - 307db3c5175543a6b278ebd9b346a102 307db3c5175543a6b278ebd9b346a102] 199.204.45.138 "GET /allocations/61aa21f5-b57a-4255-9d0e-c2a440726edd" status: 200 len: 257 microversion: 1.28 [pid: 7|app: 0|req: 344/691] 199.204.45.138 () {34 vars in 863 bytes} [Thu Jul 9 14:26:02 2026] GET /allocations/61aa21f5-b57a-4255-9d0e-c2a440726edd => generated 257 bytes in 21 msecs (HTTP/1.1 200) 8 headers in 296 bytes (1 switches on core 0)
2026-07-09 14:26:02.876 8 INFO placement.requestlog [req-ada6f119-5013-4370-badb-418f0e286b2f req-924feb2a-a6b9-4189-901d-00608ed51cf6 163c5de412074798bc12668890424bb7 97702d5ac7f14ca7834f3d128dfc283c - - 307db3c5175543a6b278ebd9b346a102 307db3c5175543a6b278ebd9b346a102] 199.204.45.138 "GET /allocations/4735f671-cab7-4a25-b203-0ac0d31b0b99" status: 200 len: 243 microversion: 1.28 [pid: 8|app: 0|req: 348/692] 199.204.45.138 () {34 vars in 863 bytes} [Thu Jul 9 14:26:02 2026] GET /allocations/4735f671-cab7-4a25-b203-0ac0d31b0b99 => generated 243 bytes in 21 msecs (HTTP/1.1 200) 8 headers in 296 bytes (1 switches on core 0)
2026-07-09 14:26:07.535 7 INFO placement.requestlog [None req-73d26b6e-b103-413e-9823-cf8693f24c3b 59725c5d715e4ecf8f507f66332ed833 97702d5ac7f14ca7834f3d128dfc283c - - 307db3c5175543a6b278ebd9b346a102 307db3c5175543a6b278ebd9b346a102] 10.0.0.160 "GET /resource_providers/e66f8d48-514d-49de-aece-e646f546299b/aggregates" status: 404 len: 235 microversion: 1.1
2026-07-09 14:26:07.535 8 INFO placement.requestlog [None req-4ba43683-adbd-4733-8c65-9aa39b6fa23a 59725c5d715e4ecf8f507f66332ed833 97702d5ac7f14ca7834f3d128dfc283c - - 307db3c5175543a6b278ebd9b346a102 307db3c5175543a6b278ebd9b346a102] 10.0.0.160 "GET /resource_providers/e66f8d48-514d-49de-aece-e646f546299b/aggregates" status: 404 len: 235 microversion: 1.1 [pid: 7|app: 0|req: 345/693] 10.0.0.160 () {32 vars in 816 bytes} [Thu Jul 9 14:26:07 2026] GET /resource_providers/e66f8d48-514d-49de-aece-e646f546299b/aggregates => generated 235 bytes in 13 msecs (HTTP/1.1 404) 5 headers in 202 bytes (1 switches on core 0) [pid: 8|app: 0|req: 349/694] 10.0.0.160 () {32 vars in 816 bytes} [Thu Jul 9 14:26:07 2026] GET /resource_providers/e66f8d48-514d-49de-aece-e646f546299b/aggregates => generated 235 bytes in 13 msecs (HTTP/1.1 404) 5 headers in 202 bytes (1 switches on core 0)
2026-07-09 14:26:07.562 7 INFO placement.requestlog [None req-cb5db3ca-d34c-44dd-8247-238e40bfd9b4 59725c5d715e4ecf8f507f66332ed833 97702d5ac7f14ca7834f3d128dfc283c - - 307db3c5175543a6b278ebd9b346a102 307db3c5175543a6b278ebd9b346a102] 10.0.0.160 "DELETE /resource_providers/e66f8d48-514d-49de-aece-e646f546299b" status: 404 len: 246 microversion: 1.1 [pid: 7|app: 0|req: 346/695] 10.0.0.160 () {34 vars in 816 bytes} [Thu Jul 9 14:26:07 2026] DELETE /resource_providers/e66f8d48-514d-49de-aece-e646f546299b => generated 246 bytes in 17 msecs (HTTP/1.1 404) 6 headers in 231 bytes (1 switches on core 0)
2026-07-09 14:26:07.564 8 INFO placement.requestlog [None req-7c877780-b32f-47d5-80c7-0a7141fafd22 59725c5d715e4ecf8f507f66332ed833 97702d5ac7f14ca7834f3d128dfc283c - - 307db3c5175543a6b278ebd9b346a102 307db3c5175543a6b278ebd9b346a102] 10.0.0.160 "DELETE /resource_providers/e66f8d48-514d-49de-aece-e646f546299b" status: 404 len: 246 microversion: 1.1 [pid: 8|app: 0|req: 350/696] 10.0.0.160 () {34 vars in 816 bytes} [Thu Jul 9 14:26:07 2026] DELETE /resource_providers/e66f8d48-514d-49de-aece-e646f546299b => generated 246 bytes in 16 msecs (HTTP/1.1 404) 6 headers in 231 bytes (1 switches on core 0)
2026-07-09 14:26:07.783 7 INFO placement.requestlog [None req-78f343da-ebaa-491f-8ee7-a26d20380f10 59725c5d715e4ecf8f507f66332ed833 97702d5ac7f14ca7834f3d128dfc283c - - 307db3c5175543a6b278ebd9b346a102 307db3c5175543a6b278ebd9b346a102] 10.0.0.160 "GET /resource_providers/026b0c7a-312b-47dc-b1b7-47f288dcf498/aggregates" status: 404 len: 235 microversion: 1.1 [pid: 7|app: 0|req: 347/697] 10.0.0.160 () {32 vars in 816 bytes} [Thu Jul 9 14:26:07 2026] GET /resource_providers/026b0c7a-312b-47dc-b1b7-47f288dcf498/aggregates => generated 235 bytes in 17 msecs (HTTP/1.1 404) 5 headers in 202 bytes (1 switches on core 0)
2026-07-09 14:26:07.786 8 INFO placement.requestlog [None req-a12ebf97-7e58-49b2-bd05-b8d6b272b52c 59725c5d715e4ecf8f507f66332ed833 97702d5ac7f14ca7834f3d128dfc283c - - 307db3c5175543a6b278ebd9b346a102 307db3c5175543a6b278ebd9b346a102] 10.0.0.160 "GET /resource_providers/026b0c7a-312b-47dc-b1b7-47f288dcf498/aggregates" status: 404 len: 235 microversion: 1.1 [pid: 8|app: 0|req: 351/698] 10.0.0.160 () {32 vars in 816 bytes} [Thu Jul 9 14:26:07 2026] GET /resource_providers/026b0c7a-312b-47dc-b1b7-47f288dcf498/aggregates => generated 235 bytes in 12 msecs (HTTP/1.1 404) 5 headers in 202 bytes (1 switches on core 0)
2026-07-09 14:26:08.120 8 INFO placement.requestlog [None req-eaffb3b7-feb7-4fbc-89dc-1f321bc250d7 59725c5d715e4ecf8f507f66332ed833 97702d5ac7f14ca7834f3d128dfc283c - - 307db3c5175543a6b278ebd9b346a102 307db3c5175543a6b278ebd9b346a102] 10.0.0.160 "DELETE /resource_providers/026b0c7a-312b-47dc-b1b7-47f288dcf498" status: 404 len: 246 microversion: 1.1 [pid: 8|app: 0|req: 352/699] 10.0.0.160 () {34 vars in 816 bytes} [Thu Jul 9 14:26:08 2026] DELETE /resource_providers/026b0c7a-312b-47dc-b1b7-47f288dcf498 => generated 246 bytes in 16 msecs (HTTP/1.1 404) 6 headers in 231 bytes (1 switches on core 0)
2026-07-09 14:26:08.122 7 INFO placement.requestlog [None req-79a0f52e-a934-44e1-b279-61cfcf6652a8 59725c5d715e4ecf8f507f66332ed833 97702d5ac7f14ca7834f3d128dfc283c - - 307db3c5175543a6b278ebd9b346a102 307db3c5175543a6b278ebd9b346a102] 10.0.0.160 "DELETE /resource_providers/026b0c7a-312b-47dc-b1b7-47f288dcf498" status: 404 len: 246 microversion: 1.1 [pid: 7|app: 0|req: 348/700] 10.0.0.160 () {34 vars in 816 bytes} [Thu Jul 9 14:26:08 2026] DELETE /resource_providers/026b0c7a-312b-47dc-b1b7-47f288dcf498 => generated 246 bytes in 18 msecs (HTTP/1.1 404) 6 headers in 231 bytes (1 switches on core 0)
2026-07-09 14:26:08.497 8 INFO placement.requestlog [None req-ed29d8c4-e635-4716-8799-a028344bf608 - - - - - -] 10.0.0.167 "GET /" status: 200 len: 136 microversion: 1.0
2026-07-09 14:26:08.497 7 INFO placement.requestlog [None req-795f3f23-3a70-4a97-b20a-3607065a3d49 - - - - - -] 10.0.0.167 "GET /" status: 200 len: 136 microversion: 1.0
2026-07-09 14:26:09.633 7 INFO placement.requestlog [req-ace5df43-000a-4b85-ae32-0e6593f7ffa4 req-330e2932-fd7f-449d-b0fd-bd7b2d3747e0 163c5de412074798bc12668890424bb7 97702d5ac7f14ca7834f3d128dfc283c - - 307db3c5175543a6b278ebd9b346a102 307db3c5175543a6b278ebd9b346a102] 199.204.45.138 "GET /resource_providers/a59e7723-853c-45f3-99f2-3faf5ea86f44/allocations" status: 200 len: 238 microversion: 1.0 [pid: 7|app: 0|req: 350/703] 199.204.45.138 () {32 vars in 857 bytes} [Thu Jul 9 14:26:09 2026] GET /resource_providers/a59e7723-853c-45f3-99f2-3faf5ea86f44/allocations => generated 238 bytes in 30 msecs (HTTP/1.1 200) 6 headers in 224 bytes (1 switches on core 0)
2026-07-09 14:26:09.658 8 INFO placement.requestlog [req-ace5df43-000a-4b85-ae32-0e6593f7ffa4 req-4afcaa9c-ba67-40aa-b3d5-6d9e8ecfa445 163c5de412074798bc12668890424bb7 97702d5ac7f14ca7834f3d128dfc283c - - 307db3c5175543a6b278ebd9b346a102 307db3c5175543a6b278ebd9b346a102] 199.204.45.138 "GET /allocations/61aa21f5-b57a-4255-9d0e-c2a440726edd" status: 200 len: 257 microversion: 1.28 [pid: 8|app: 0|req: 354/704] 199.204.45.138 () {34 vars in 863 bytes} [Thu Jul 9 14:26:09 2026] GET /allocations/61aa21f5-b57a-4255-9d0e-c2a440726edd => generated 257 bytes in 18 msecs (HTTP/1.1 200) 8 headers in 296 bytes (1 switches on core 0)
2026-07-09 14:26:09.697 7 INFO placement.requestlog [req-ace5df43-000a-4b85-ae32-0e6593f7ffa4 req-b9f59b59-a8dd-4b14-b90c-77b20f918b5e 163c5de412074798bc12668890424bb7 97702d5ac7f14ca7834f3d128dfc283c - - 307db3c5175543a6b278ebd9b346a102 307db3c5175543a6b278ebd9b346a102] 199.204.45.138 "GET /allocations/4735f671-cab7-4a25-b203-0ac0d31b0b99" status: 200 len: 243 microversion: 1.28 [pid: 7|app: 0|req: 351/705] 199.204.45.138 () {34 vars in 863 bytes} [Thu Jul 9 14:26:09 2026] GET /allocations/4735f671-cab7-4a25-b203-0ac0d31b0b99 => generated 243 bytes in 30 msecs (HTTP/1.1 200) 8 headers in 296 bytes (1 switches on core 0)
2026-07-09 14:26:09.816 8 INFO placement.requestlog [req-ace5df43-000a-4b85-ae32-0e6593f7ffa4 req-3937a8d0-f799-4c99-ae66-0af5eff46c52 163c5de412074798bc12668890424bb7 97702d5ac7f14ca7834f3d128dfc283c - - 307db3c5175543a6b278ebd9b346a102 307db3c5175543a6b278ebd9b346a102] 199.204.45.138 "DELETE /allocations/4735f671-cab7-4a25-b203-0ac0d31b0b99" status: 204 len: 0 microversion: 1.0 [pid: 8|app: 0|req: 355/706] 199.204.45.138 () {34 vars in 841 bytes} [Thu Jul 9 14:26:09 2026] DELETE /allocations/4735f671-cab7-4a25-b203-0ac0d31b0b99 => generated 0 bytes in 35 msecs (HTTP/1.1 204) 5 headers in 198 bytes (1 switches on core 0)
2026-07-09 14:26:13.836 7 INFO placement.requestlog [None req-c62bb58c-f0ad-4e5b-a4fd-a20fbd6c8772 59725c5d715e4ecf8f507f66332ed833 97702d5ac7f14ca7834f3d128dfc283c - - 307db3c5175543a6b278ebd9b346a102 307db3c5175543a6b278ebd9b346a102] 10.0.0.160 "GET /resource_providers/fd849bb5-8607-4f36-ab1e-02eede1d4d1f/aggregates" status: 404 len: 235 microversion: 1.1 [pid: 7|app: 0|req: 352/707] 10.0.0.160 () {32 vars in 816 bytes} [Thu Jul 9 14:26:13 2026] GET /resource_providers/fd849bb5-8607-4f36-ab1e-02eede1d4d1f/aggregates => generated 235 bytes in 15 msecs (HTTP/1.1 404) 5 headers in 202 bytes (1 switches on core 0)
2026-07-09 14:26:13.844 8 INFO placement.requestlog [None req-3db3e52c-a57f-4d91-a2e3-a3656c4440d9 59725c5d715e4ecf8f507f66332ed833 97702d5ac7f14ca7834f3d128dfc283c - - 307db3c5175543a6b278ebd9b346a102 307db3c5175543a6b278ebd9b346a102] 10.0.0.160 "GET /resource_providers/fd849bb5-8607-4f36-ab1e-02eede1d4d1f/aggregates" status: 404 len: 235 microversion: 1.1 [pid: 8|app: 0|req: 356/708] 10.0.0.160 () {32 vars in 816 bytes} [Thu Jul 9 14:26:13 2026] GET /resource_providers/fd849bb5-8607-4f36-ab1e-02eede1d4d1f/aggregates => generated 235 bytes in 15 msecs (HTTP/1.1 404) 5 headers in 202 bytes (1 switches on core 0)
2026-07-09 14:26:13.864 7 INFO placement.requestlog [None req-1de52403-505a-4efd-a600-52eae14f587a 59725c5d715e4ecf8f507f66332ed833 97702d5ac7f14ca7834f3d128dfc283c - - 307db3c5175543a6b278ebd9b346a102 307db3c5175543a6b278ebd9b346a102] 10.0.0.160 "DELETE /resource_providers/fd849bb5-8607-4f36-ab1e-02eede1d4d1f" status: 404 len: 246 microversion: 1.1 [pid: 7|app: 0|req: 353/709] 10.0.0.160 () {34 vars in 816 bytes} [Thu Jul 9 14:26:13 2026] DELETE /resource_providers/fd849bb5-8607-4f36-ab1e-02eede1d4d1f => generated 246 bytes in 14 msecs (HTTP/1.1 404) 6 headers in 231 bytes (1 switches on core 0)
2026-07-09 14:26:13.872 8 INFO placement.requestlog [None req-c1d4ae8b-c36d-4450-8f07-bd560c54a836 59725c5d715e4ecf8f507f66332ed833 97702d5ac7f14ca7834f3d128dfc283c - - 307db3c5175543a6b278ebd9b346a102 307db3c5175543a6b278ebd9b346a102] 10.0.0.160 "DELETE /resource_providers/fd849bb5-8607-4f36-ab1e-02eede1d4d1f" status: 404 len: 246 microversion: 1.1 [pid: 8|app: 0|req: 357/710] 10.0.0.160 () {34 vars in 816 bytes} [Thu Jul 9 14:26:13 2026] DELETE /resource_providers/fd849bb5-8607-4f36-ab1e-02eede1d4d1f => generated 246 bytes in 14 msecs (HTTP/1.1 404) 6 headers in 231 bytes (1 switches on core 0)
2026-07-09 14:26:15.330 7 INFO placement.requestlog [None req-a5323591-97da-4d2f-bf5e-8cd754d3b13c 59725c5d715e4ecf8f507f66332ed833 97702d5ac7f14ca7834f3d128dfc283c - - 307db3c5175543a6b278ebd9b346a102 307db3c5175543a6b278ebd9b346a102] 10.0.0.160 "GET /resource_providers/985d4668-a570-4ebe-88ee-9b426ebf7aec/aggregates" status: 404 len: 235 microversion: 1.1 [pid: 7|app: 0|req: 354/711] 10.0.0.160 () {32 vars in 816 bytes} [Thu Jul 9 14:26:15 2026] GET /resource_providers/985d4668-a570-4ebe-88ee-9b426ebf7aec/aggregates => generated 235 bytes in 16 msecs (HTTP/1.1 404) 5 headers in 202 bytes (1 switches on core 0)
