+ COMMAND=start + start + exec neutron-rpc-server --config-file /etc/neutron/neutron.conf --config-file /etc/neutron/plugins/ml2/ml2_conf.ini /var/lib/openstack/lib/python3.10/site-packages/neutron/common/utils.py:54: UserWarning: pkg_resources is deprecated as an API. See https://setuptools.pypa.io/en/latest/pkg_resources.html. The pkg_resources package is slated for removal as early as 2025-11-30. Refrain from using this package or pin to Setuptools<81. import pkg_resources
2026-07-09 13:47:55.055 1 INFO neutron.common.config [-] Logging enabled!
2026-07-09 13:47:55.055 1 INFO neutron.common.config [-] /var/lib/openstack/bin/neutron-rpc-server version 23.5.0
2026-07-09 13:47:55.056 1 INFO neutron.server.rpc_eventlet [-] Eventlet based AMQP RPC server starting...
2026-07-09 13:47:55.056 1 INFO neutron.manager [-] Loading core plugin: ml2
2026-07-09 13:47:55.929 1 INFO neutron.plugins.ml2.managers [-] Configured type driver names: ['flat', 'gre', 'vlan', 'vxlan']
2026-07-09 13:47:55.931 1 INFO neutron.plugins.ml2.drivers.type_flat [-] Arbitrary flat physical_network names allowed
2026-07-09 13:47:55.934 1 INFO neutron.plugins.ml2.drivers.type_vlan [-] Network VLAN ranges: OrderedDict([('external', [(1, 4094)])])
2026-07-09 13:47:55.935 1 INFO neutron.plugins.ml2.managers [-] Loaded type driver names: ['flat', 'gre', 'vlan', 'vxlan']
2026-07-09 13:47:55.935 1 INFO neutron.plugins.ml2.managers [-] Registered types: dict_keys(['flat', 'gre', 'vlan', 'vxlan'])
2026-07-09 13:47:55.935 1 INFO neutron.plugins.ml2.managers [-] Tenant network_types: ['vxlan']
2026-07-09 13:47:55.935 1 INFO neutron.plugins.ml2.managers [-] Configured extension driver names: ['dns_domain_ports', 'port_security', 'qos']
2026-07-09 13:47:55.940 1 INFO neutron.plugins.ml2.managers [-] Loaded extension driver names: ['dns_domain_ports', 'port_security', 'qos']
2026-07-09 13:47:55.941 1 INFO neutron.plugins.ml2.managers [-] Registered extension drivers: ['dns_domain_ports', 'port_security', 'qos']
2026-07-09 13:47:55.941 1 INFO neutron.plugins.ml2.managers [-] Configured mechanism driver names: ['openvswitch', 'l2population']
2026-07-09 13:47:55.956 1 INFO neutron.plugins.ml2.drivers.mech_agent [-] Open vSwitch agent's supported_vnic_types: ['normal', 'direct', 'smart-nic', 'vdpa']
2026-07-09 13:47:55.957 1 INFO neutron.plugins.ml2.managers [-] Loaded mechanism driver names: ['openvswitch', 'l2population']
2026-07-09 13:47:55.957 1 INFO neutron.plugins.ml2.managers [-] Registered mechanism drivers: ['openvswitch', 'l2population']
2026-07-09 13:47:55.990 1 INFO neutron.plugins.ml2.managers [-] Initializing driver for type 'flat'
2026-07-09 13:47:55.991 1 INFO neutron.plugins.ml2.drivers.type_flat [-] ML2 FlatTypeDriver initialization complete
2026-07-09 13:47:55.991 1 INFO neutron.plugins.ml2.managers [-] Initializing driver for type 'gre'
2026-07-09 13:47:55.991 1 INFO neutron.plugins.ml2.drivers.type_tunnel [-] gre ID ranges: [(1, 1000)]
2026-07-09 13:47:55.997 1 WARNING oslo_policy.policy [None req-34a2ee98-1319-4106-8875-31b86cc915bf - - - - - -] Policies ['delete_port', 'update_port:allowed_address_pairs', 'update_port:allowed_address_pairs:ip_address', 'update_port:allowed_address_pairs:mac_address', 'update_port:fixed_ips', 'update_port:mac_address'] reference a rule that is not defined.
2026-07-09 13:47:56.257 1 INFO neutron.plugins.ml2.managers [None req-34a2ee98-1319-4106-8875-31b86cc915bf - - - - - -] Initializing driver for type 'vlan'
2026-07-09 13:47:56.516 1 INFO neutron.plugins.ml2.drivers.type_vlan [None req-34a2ee98-1319-4106-8875-31b86cc915bf - - - - - -] VlanTypeDriver initialization complete
2026-07-09 13:47:56.516 1 INFO neutron.plugins.ml2.managers [None req-34a2ee98-1319-4106-8875-31b86cc915bf - - - - - -] Initializing driver for type 'vxlan'
2026-07-09 13:47:56.517 1 INFO neutron.plugins.ml2.drivers.type_tunnel [None req-34a2ee98-1319-4106-8875-31b86cc915bf - - - - - -] vxlan ID ranges: [(1, 1000)]
2026-07-09 13:47:56.566 1 INFO neutron.plugins.ml2.managers [None req-34a2ee98-1319-4106-8875-31b86cc915bf - - - - - -] Initializing extension driver 'dns_domain_ports'
2026-07-09 13:47:56.566 1 INFO neutron.plugins.ml2.extensions.dns_integration [None req-34a2ee98-1319-4106-8875-31b86cc915bf - - - - - -] DNSDomainPortsExtensionDriver initialization complete
2026-07-09 13:47:56.567 1 INFO neutron.plugins.ml2.managers [None req-34a2ee98-1319-4106-8875-31b86cc915bf - - - - - -] Initializing extension driver 'port_security'
2026-07-09 13:47:56.567 1 INFO neutron.plugins.ml2.extensions.port_security [None req-34a2ee98-1319-4106-8875-31b86cc915bf - - - - - -] PortSecurityExtensionDriver initialization complete
2026-07-09 13:47:56.567 1 INFO neutron.plugins.ml2.managers [None req-34a2ee98-1319-4106-8875-31b86cc915bf - - - - - -] Initializing extension driver 'qos'
2026-07-09 13:47:56.567 1 INFO neutron.plugins.ml2.managers [None req-34a2ee98-1319-4106-8875-31b86cc915bf - - - - - -] Initializing mechanism driver 'openvswitch'
2026-07-09 13:47:56.568 1 INFO neutron.plugins.ml2.managers [None req-34a2ee98-1319-4106-8875-31b86cc915bf - - - - - -] Initializing mechanism driver 'l2population'
2026-07-09 13:47:56.581 1 INFO neutron.quota [None req-117d4d04-6376-4cc8-9761-220f3d492640 - - - - - -] Loaded quota_driver: .
2026-07-09 13:47:56.582 1 INFO neutron.plugins.ml2.plugin [None req-117d4d04-6376-4cc8-9761-220f3d492640 - - - - - -] Modular L2 Plugin initialization complete
2026-07-09 13:47:56.582 1 INFO neutron.plugins.ml2.managers [None req-117d4d04-6376-4cc8-9761-220f3d492640 - - - - - -] Got dns-integration extension from driver 'dns_domain_ports'
2026-07-09 13:47:56.582 1 INFO neutron.plugins.ml2.managers [None req-117d4d04-6376-4cc8-9761-220f3d492640 - - - - - -] Got dns-domain-ports extension from driver 'dns_domain_ports'
2026-07-09 13:47:56.582 1 INFO neutron.plugins.ml2.managers [None req-117d4d04-6376-4cc8-9761-220f3d492640 - - - - - -] Got port-security extension from driver 'port_security'
2026-07-09 13:47:56.582 1 INFO neutron.extensions.vlantransparent [None req-117d4d04-6376-4cc8-9761-220f3d492640 - - - - - -] Disabled vlantransparent extension.
2026-07-09 13:47:56.583 1 INFO neutron.manager [None req-117d4d04-6376-4cc8-9761-220f3d492640 - - - - - -] Loading Plugin: qos
2026-07-09 13:47:56.595 1 INFO neutron.manager [None req-117d4d04-6376-4cc8-9761-220f3d492640 - - - - - -] Loading Plugin: router
2026-07-09 13:47:56.624 1 INFO neutron.services.service_base [None req-117d4d04-6376-4cc8-9761-220f3d492640 - - - - - -] Default provider is not specified for service type L3_ROUTER_NAT
2026-07-09 13:47:56.625 1 INFO neutron.manager [None req-117d4d04-6376-4cc8-9761-220f3d492640 - - - - - -] Loading Plugin: segments
2026-07-09 13:47:56.690 1 INFO neutron.manager [None req-117d4d04-6376-4cc8-9761-220f3d492640 - - - - - -] Loading Plugin: trunk
2026-07-09 13:47:56.742 1 INFO neutron.manager [None req-117d4d04-6376-4cc8-9761-220f3d492640 - - - - - -] Loading Plugin: vpnaas
2026-07-09 13:47:56.780 1 WARNING stevedore.named [None req-117d4d04-6376-4cc8-9761-220f3d492640 - - - - - -] Could not load neutron_vpnaas.services.vpn.service_drivers.ipsec.IPsecVPNDriver
2026-07-09 13:47:56.846 1 INFO neutron_vpnaas.services.vpn.plugin [None req-117d4d04-6376-4cc8-9761-220f3d492640 - - - - - -] VPN plugin using service drivers: dict_keys(['strongswan']), default: strongswan
2026-07-09 13:47:56.847 1 INFO neutron.common.utils [None req-117d4d04-6376-4cc8-9761-220f3d492640 - - - - - -] Disable filter validation extension by service plugin VPNDriverPlugin.
2026-07-09 13:47:56.847 1 INFO neutron.manager [None req-117d4d04-6376-4cc8-9761-220f3d492640 - - - - - -] Loading Plugin: auto_allocate
2026-07-09 13:47:56.852 1 INFO neutron.manager [None req-117d4d04-6376-4cc8-9761-220f3d492640 - - - - - -] Loading Plugin: tag
2026-07-09 13:47:56.858 1 INFO neutron.manager [None req-117d4d04-6376-4cc8-9761-220f3d492640 - - - - - -] Loading Plugin: timestamp
2026-07-09 13:47:56.862 1 INFO neutron.manager [None req-117d4d04-6376-4cc8-9761-220f3d492640 - - - - - -] Loading Plugin: network_ip_availability
2026-07-09 13:47:56.866 1 INFO neutron.manager [None req-117d4d04-6376-4cc8-9761-220f3d492640 - - - - - -] Loading Plugin: flavors
2026-07-09 13:47:56.869 1 INFO neutron.manager [None req-117d4d04-6376-4cc8-9761-220f3d492640 - - - - - -] Loading Plugin: revisions
2026-07-09 13:47:56.872 1 INFO neutron.api.extensions [None req-117d4d04-6376-4cc8-9761-220f3d492640 - - - - - -] Initializing extension manager.
2026-07-09 13:47:56.873 1 INFO neutron.api.extensions [None req-117d4d04-6376-4cc8-9761-220f3d492640 - - - - - -] Loaded extension: address-group
2026-07-09 13:47:56.874 1 INFO neutron.api.extensions [None req-117d4d04-6376-4cc8-9761-220f3d492640 - - - - - -] Loaded extension: address-scope
2026-07-09 13:47:56.875 1 INFO neutron.api.extensions [None req-117d4d04-6376-4cc8-9761-220f3d492640 - - - - - -] Loaded extension: router-admin-state-down-before-update
2026-07-09 13:47:56.875 1 INFO neutron.api.extensions [None req-117d4d04-6376-4cc8-9761-220f3d492640 - - - - - -] Loaded extension: agent
2026-07-09 13:47:56.876 1 INFO neutron.api.extensions [None req-117d4d04-6376-4cc8-9761-220f3d492640 - - - - - -] Loaded extension: agent-resources-synced
2026-07-09 13:47:56.877 1 INFO neutron.api.extensions [None req-117d4d04-6376-4cc8-9761-220f3d492640 - - - - - -] Loaded extension: allowed-address-pairs
2026-07-09 13:47:56.878 1 INFO neutron.api.extensions [None req-117d4d04-6376-4cc8-9761-220f3d492640 - - - - - -] Loaded extension: auto-allocated-topology
2026-07-09 13:47:56.878 1 INFO neutron.api.extensions [None req-117d4d04-6376-4cc8-9761-220f3d492640 - - - - - -] Loaded extension: availability_zone
2026-07-09 13:47:56.879 1 INFO neutron.api.extensions [None req-117d4d04-6376-4cc8-9761-220f3d492640 - - - - - -] Loaded extension: availability_zone_filter
2026-07-09 13:47:56.879 1 INFO neutron.api.extensions [None req-117d4d04-6376-4cc8-9761-220f3d492640 - - - - - -] Extension data-plane-status not supported by any of loaded plugins
2026-07-09 13:47:56.880 1 INFO neutron.api.extensions [None req-117d4d04-6376-4cc8-9761-220f3d492640 - - - - - -] Loaded extension: default-subnetpools
2026-07-09 13:47:56.881 1 INFO neutron.api.extensions [None req-117d4d04-6376-4cc8-9761-220f3d492640 - - - - - -] Loaded extension: dhcp_agent_scheduler
2026-07-09 13:47:56.881 1 INFO neutron.api.extensions [None req-117d4d04-6376-4cc8-9761-220f3d492640 - - - - - -] Loaded extension: dns-integration
2026-07-09 13:47:56.882 1 INFO neutron.api.extensions [None req-117d4d04-6376-4cc8-9761-220f3d492640 - - - - - -] Loaded extension: dns-domain-ports
2026-07-09 13:47:56.882 1 INFO neutron.api.extensions [None req-117d4d04-6376-4cc8-9761-220f3d492640 - - - - - -] Extension dns-integration-domain-keywords not supported by any of loaded plugins
2026-07-09 13:47:56.883 1 INFO neutron.api.extensions [None req-117d4d04-6376-4cc8-9761-220f3d492640 - - - - - -] Loaded extension: dvr
2026-07-09 13:47:56.883 1 INFO neutron.api.extensions [None req-117d4d04-6376-4cc8-9761-220f3d492640 - - - - - -] Extension ecmp_routes not supported by any of loaded plugins
2026-07-09 13:47:56.884 1 INFO neutron.api.extensions [None req-117d4d04-6376-4cc8-9761-220f3d492640 - - - - - -] Loaded extension: empty-string-filtering
2026-07-09 13:47:56.884 1 INFO neutron.api.extensions [None req-117d4d04-6376-4cc8-9761-220f3d492640 - - - - - -] Extension expose-l3-conntrack-helper not supported by any of loaded plugins
2026-07-09 13:47:56.885 1 INFO neutron.api.extensions [None req-117d4d04-6376-4cc8-9761-220f3d492640 - - - - - -] Extension expose-port-forwarding-in-fip not supported by any of loaded plugins
2026-07-09 13:47:56.885 1 INFO neutron.api.extensions [None req-117d4d04-6376-4cc8-9761-220f3d492640 - - - - - -] Loaded extension: external-net
2026-07-09 13:47:56.886 1 INFO neutron.api.extensions [None req-117d4d04-6376-4cc8-9761-220f3d492640 - - - - - -] Loaded extension: extra_dhcp_opt
2026-07-09 13:47:56.886 1 INFO neutron.api.extensions [None req-117d4d04-6376-4cc8-9761-220f3d492640 - - - - - -] Loaded extension: extraroute
2026-07-09 13:47:56.887 1 INFO neutron.api.extensions [None req-117d4d04-6376-4cc8-9761-220f3d492640 - - - - - -] Loaded extension: extraroute-atomic
2026-07-09 13:47:56.887 1 INFO neutron.api.extensions [None req-117d4d04-6376-4cc8-9761-220f3d492640 - - - - - -] Extension filter-validation not supported by any of loaded plugins
2026-07-09 13:47:56.888 1 INFO neutron.api.extensions [None req-117d4d04-6376-4cc8-9761-220f3d492640 - - - - - -] Extension floating-ip-port-forwarding-description not supported by any of loaded plugins
2026-07-09 13:47:56.888 1 INFO neutron.api.extensions [None req-117d4d04-6376-4cc8-9761-220f3d492640 - - - - - -] Loaded extension: floating-ip-port-forwarding-detail
2026-07-09 13:47:56.889 1 INFO neutron.api.extensions [None req-117d4d04-6376-4cc8-9761-220f3d492640 - - - - - -] Extension floating-ip-port-forwarding-port-ranges not supported by any of loaded plugins
2026-07-09 13:47:56.889 1 INFO neutron.api.extensions [None req-117d4d04-6376-4cc8-9761-220f3d492640 - - - - - -] Loaded extension: fip-port-details
2026-07-09 13:47:56.890 1 INFO neutron.api.extensions [None req-117d4d04-6376-4cc8-9761-220f3d492640 - - - - - -] Loaded extension: flavors
2026-07-09 13:47:56.891 1 INFO neutron.api.extensions [None req-117d4d04-6376-4cc8-9761-220f3d492640 - - - - - -] Extension floating-ip-port-forwarding not supported by any of loaded plugins
2026-07-09 13:47:56.891 1 INFO neutron.api.extensions [None req-117d4d04-6376-4cc8-9761-220f3d492640 - - - - - -] Loaded extension: floatingip-pools
2026-07-09 13:47:56.892 1 INFO neutron.api.extensions [None req-117d4d04-6376-4cc8-9761-220f3d492640 - - - - - -] Loaded extension: ip_allocation
2026-07-09 13:47:56.892 1 INFO neutron.api.extensions [None req-117d4d04-6376-4cc8-9761-220f3d492640 - - - - - -] Loaded extension: ip-substring-filtering
2026-07-09 13:47:56.893 1 INFO neutron.api.extensions [None req-117d4d04-6376-4cc8-9761-220f3d492640 - - - - - -] Loaded extension: l2_adjacency
2026-07-09 13:47:56.894 1 INFO neutron.api.extensions [None req-117d4d04-6376-4cc8-9761-220f3d492640 - - - - - -] Loaded extension: router
2026-07-09 13:47:56.895 1 INFO neutron.api.extensions [None req-117d4d04-6376-4cc8-9761-220f3d492640 - - - - - -] Extension l3-conntrack-helper not supported by any of loaded plugins
2026-07-09 13:47:56.895 1 INFO neutron.api.extensions [None req-117d4d04-6376-4cc8-9761-220f3d492640 - - - - - -] Loaded extension: ext-gw-mode
2026-07-09 13:47:56.896 1 INFO neutron.api.extensions [None req-117d4d04-6376-4cc8-9761-220f3d492640 - - - - - -] Loaded extension: l3-ha
2026-07-09 13:47:56.896 1 INFO neutron.api.extensions [None req-117d4d04-6376-4cc8-9761-220f3d492640 - - - - - -] Extension l3-ext-ndp-proxy not supported by any of loaded plugins
2026-07-09 13:47:56.897 1 INFO neutron.api.extensions [None req-117d4d04-6376-4cc8-9761-220f3d492640 - - - - - -] Extension external-gateway-multihoming not supported by any of loaded plugins
2026-07-09 13:47:56.897 1 INFO neutron.api.extensions [None req-117d4d04-6376-4cc8-9761-220f3d492640 - - - - - -] Loaded extension: l3-flavors
2026-07-09 13:47:56.898 1 INFO neutron.api.extensions [None req-117d4d04-6376-4cc8-9761-220f3d492640 - - - - - -] Extension l3-ndp-proxy not supported by any of loaded plugins
2026-07-09 13:47:56.899 1 INFO neutron.api.extensions [None req-117d4d04-6376-4cc8-9761-220f3d492640 - - - - - -] Loaded extension: l3-port-ip-change-not-allowed
2026-07-09 13:47:56.900 1 INFO neutron.api.extensions [None req-117d4d04-6376-4cc8-9761-220f3d492640 - - - - - -] Loaded extension: l3_agent_scheduler
2026-07-09 13:47:56.901 1 INFO neutron.api.extensions [None req-117d4d04-6376-4cc8-9761-220f3d492640 - - - - - -] Extension local_ip not supported by any of loaded plugins
2026-07-09 13:47:56.902 1 INFO neutron.api.extensions [None req-117d4d04-6376-4cc8-9761-220f3d492640 - - - - - -] Extension logging not supported by any of loaded plugins
2026-07-09 13:47:56.903 1 INFO neutron.api.extensions [None req-117d4d04-6376-4cc8-9761-220f3d492640 - - - - - -] Extension metering not supported by any of loaded plugins
2026-07-09 13:47:56.904 1 INFO neutron.api.extensions [None req-117d4d04-6376-4cc8-9761-220f3d492640 - - - - - -] Extension metering_source_and_destination_fields not supported by any of loaded plugins
2026-07-09 13:47:56.904 1 INFO neutron.api.extensions [None req-117d4d04-6376-4cc8-9761-220f3d492640 - - - - - -] Loaded extension: multi-provider
2026-07-09 13:47:56.905 1 INFO neutron.api.extensions [None req-117d4d04-6376-4cc8-9761-220f3d492640 - - - - - -] Loaded extension: net-mtu
2026-07-09 13:47:56.905 1 INFO neutron.api.extensions [None req-117d4d04-6376-4cc8-9761-220f3d492640 - - - - - -] Loaded extension: net-mtu-writable
2026-07-09 13:47:56.906 1 INFO neutron.api.extensions [None req-117d4d04-6376-4cc8-9761-220f3d492640 - - - - - -] Loaded extension: network_availability_zone
2026-07-09 13:47:56.907 1 INFO neutron.api.extensions [None req-117d4d04-6376-4cc8-9761-220f3d492640 - - - - - -] Loaded extension: network_ha
2026-07-09 13:47:56.907 1 INFO neutron.api.extensions [None req-117d4d04-6376-4cc8-9761-220f3d492640 - - - - - -] Loaded extension: network-ip-availability
2026-07-09 13:47:56.908 1 INFO neutron.api.extensions [None req-117d4d04-6376-4cc8-9761-220f3d492640 - - - - - -] Extension network-segment-range not supported by any of loaded plugins
2026-07-09 13:47:56.909 1 INFO neutron.api.extensions [None req-117d4d04-6376-4cc8-9761-220f3d492640 - - - - - -] Loaded extension: pagination
2026-07-09 13:47:56.909 1 INFO neutron.api.extensions [None req-117d4d04-6376-4cc8-9761-220f3d492640 - - - - - -] Loaded extension: port-device-profile
2026-07-09 13:47:56.910 1 INFO neutron.api.extensions [None req-117d4d04-6376-4cc8-9761-220f3d492640 - - - - - -] Extension port-hint-ovs-tx-steering not supported by any of loaded plugins
2026-07-09 13:47:56.910 1 INFO neutron.api.extensions [None req-117d4d04-6376-4cc8-9761-220f3d492640 - - - - - -] Extension port-hints not supported by any of loaded plugins
2026-07-09 13:47:56.911 1 INFO neutron.api.extensions [None req-117d4d04-6376-4cc8-9761-220f3d492640 - - - - - -] Loaded extension: port-mac-override
2026-07-09 13:47:56.911 1 INFO neutron.api.extensions [None req-117d4d04-6376-4cc8-9761-220f3d492640 - - - - - -] Loaded extension: port-mac-address-regenerate
2026-07-09 13:47:56.912 1 INFO neutron.api.extensions [None req-117d4d04-6376-4cc8-9761-220f3d492640 - - - - - -] Loaded extension: port-numa-affinity-policy
2026-07-09 13:47:56.912 1 INFO neutron.api.extensions [None req-117d4d04-6376-4cc8-9761-220f3d492640 - - - - - -] Loaded extension: port-resource-request
2026-07-09 13:47:56.913 1 INFO neutron.api.extensions [None req-117d4d04-6376-4cc8-9761-220f3d492640 - - - - - -] Loaded extension: port-resource-request-groups
2026-07-09 13:47:56.913 1 INFO neutron.api.extensions [None req-117d4d04-6376-4cc8-9761-220f3d492640 - - - - - -] Loaded extension: binding
2026-07-09 13:47:56.914 1 INFO neutron.api.extensions [None req-117d4d04-6376-4cc8-9761-220f3d492640 - - - - - -] Loaded extension: binding-extended
2026-07-09 13:47:56.915 1 INFO neutron.api.extensions [None req-117d4d04-6376-4cc8-9761-220f3d492640 - - - - - -] Loaded extension: port-security
2026-07-09 13:47:56.915 1 INFO neutron.api.extensions [None req-117d4d04-6376-4cc8-9761-220f3d492640 - - - - - -] Loaded extension: project-id
2026-07-09 13:47:56.915 1 INFO neutron.api.extensions [None req-117d4d04-6376-4cc8-9761-220f3d492640 - - - - - -] Loaded extension: provider
2026-07-09 13:47:56.917 1 INFO neutron.api.extensions [None req-117d4d04-6376-4cc8-9761-220f3d492640 - - - - - -] Loaded extension: qos
2026-07-09 13:47:56.918 1 INFO neutron.api.extensions [None req-117d4d04-6376-4cc8-9761-220f3d492640 - - - - - -] Loaded extension: qos-bw-limit-direction
2026-07-09 13:47:56.918 1 INFO neutron.api.extensions [None req-117d4d04-6376-4cc8-9761-220f3d492640 - - - - - -] Loaded extension: qos-bw-minimum-ingress
2026-07-09 13:47:56.919 1 INFO neutron.api.extensions [None req-117d4d04-6376-4cc8-9761-220f3d492640 - - - - - -] Loaded extension: qos-default
2026-07-09 13:47:56.919 1 INFO neutron.api.extensions [None req-117d4d04-6376-4cc8-9761-220f3d492640 - - - - - -] Loaded extension: qos-fip
2026-07-09 13:47:56.920 1 INFO neutron.api.extensions [None req-117d4d04-6376-4cc8-9761-220f3d492640 - - - - - -] Extension qos-fip-network-policy not supported by any of loaded plugins
2026-07-09 13:47:56.920 1 INFO neutron.api.extensions [None req-117d4d04-6376-4cc8-9761-220f3d492640 - - - - - -] Loaded extension: qos-gateway-ip
2026-07-09 13:47:56.921 1 INFO neutron.api.extensions [None req-117d4d04-6376-4cc8-9761-220f3d492640 - - - - - -] Loaded extension: qos-port-network-policy
2026-07-09 13:47:56.921 1 INFO neutron.api.extensions [None req-117d4d04-6376-4cc8-9761-220f3d492640 - - - - - -] Loaded extension: qos-pps-minimum
2026-07-09 13:47:56.922 1 INFO neutron.api.extensions [None req-117d4d04-6376-4cc8-9761-220f3d492640 - - - - - -] Loaded extension: qos-pps-minimum-rule-alias
2026-07-09 13:47:56.923 1 INFO neutron.api.extensions [None req-117d4d04-6376-4cc8-9761-220f3d492640 - - - - - -] Loaded extension: qos-pps
2026-07-09 13:47:56.923 1 INFO neutron.api.extensions [None req-117d4d04-6376-4cc8-9761-220f3d492640 - - - - - -] Loaded extension: qos-rule-type-details
2026-07-09 13:47:56.924 1 INFO neutron.api.extensions [None req-117d4d04-6376-4cc8-9761-220f3d492640 - - - - - -] Loaded extension: qos-rule-type-filter
2026-07-09 13:47:56.924 1 INFO neutron.api.extensions [None req-117d4d04-6376-4cc8-9761-220f3d492640 - - - - - -] Loaded extension: qos-rules-alias
2026-07-09 13:47:56.925 1 INFO neutron.api.extensions [None req-117d4d04-6376-4cc8-9761-220f3d492640 - - - - - -] Loaded extension: quota-check-limit
2026-07-09 13:47:56.926 1 INFO neutron.api.extensions [None req-117d4d04-6376-4cc8-9761-220f3d492640 - - - - - -] Loaded extension: quotas
2026-07-09 13:47:56.929 1 INFO neutron.api.extensions [None req-117d4d04-6376-4cc8-9761-220f3d492640 - - - - - -] Loaded extension: quota_details
2026-07-09 13:47:56.930 1 INFO neutron.api.extensions [None req-117d4d04-6376-4cc8-9761-220f3d492640 - - - - - -] Loaded extension: rbac-policies
2026-07-09 13:47:56.930 1 INFO neutron.api.extensions [None req-117d4d04-6376-4cc8-9761-220f3d492640 - - - - - -] Loaded extension: rbac-address-group
2026-07-09 13:47:56.931 1 INFO neutron.api.extensions [None req-117d4d04-6376-4cc8-9761-220f3d492640 - - - - - -] Loaded extension: rbac-address-scope
2026-07-09 13:47:56.931 1 INFO neutron.api.extensions [None req-117d4d04-6376-4cc8-9761-220f3d492640 - - - - - -] Loaded extension: rbac-security-groups
2026-07-09 13:47:56.932 1 INFO neutron.api.extensions [None req-117d4d04-6376-4cc8-9761-220f3d492640 - - - - - -] Loaded extension: rbac-subnetpool
2026-07-09 13:47:56.932 1 INFO neutron.api.extensions [None req-117d4d04-6376-4cc8-9761-220f3d492640 - - - - - -] Loaded extension: revision-if-match
2026-07-09 13:47:56.933 1 INFO neutron.api.extensions [None req-117d4d04-6376-4cc8-9761-220f3d492640 - - - - - -] Loaded extension: standard-attr-revisions
2026-07-09 13:47:56.933 1 INFO neutron.api.extensions [None req-117d4d04-6376-4cc8-9761-220f3d492640 - - - - - -] Loaded extension: router_availability_zone
2026-07-09 13:47:56.934 1 INFO neutron.api.extensions [None req-117d4d04-6376-4cc8-9761-220f3d492640 - - - - - -] Extension router-service-type not supported by any of loaded plugins
2026-07-09 13:47:56.935 1 INFO neutron.api.extensions [None req-117d4d04-6376-4cc8-9761-220f3d492640 - - - - - -] Loaded extension: security-groups-default-rules
2026-07-09 13:47:56.936 1 INFO neutron.api.extensions [None req-117d4d04-6376-4cc8-9761-220f3d492640 - - - - - -] Loaded extension: security-groups-normalized-cidr
2026-07-09 13:47:56.936 1 INFO neutron.api.extensions [None req-117d4d04-6376-4cc8-9761-220f3d492640 - - - - - -] Loaded extension: port-security-groups-filtering
2026-07-09 13:47:56.937 1 INFO neutron.api.extensions [None req-117d4d04-6376-4cc8-9761-220f3d492640 - - - - - -] Loaded extension: security-groups-remote-address-group
2026-07-09 13:47:56.937 1 INFO neutron.api.extensions [None req-117d4d04-6376-4cc8-9761-220f3d492640 - - - - - -] Loaded extension: security-groups-shared-filtering
2026-07-09 13:47:56.943 1 INFO neutron.api.extensions [None req-117d4d04-6376-4cc8-9761-220f3d492640 - - - - - -] Loaded extension: security-group
2026-07-09 13:47:56.944 1 INFO neutron.api.extensions [None req-117d4d04-6376-4cc8-9761-220f3d492640 - - - - - -] Loaded extension: segment
2026-07-09 13:47:56.945 1 INFO neutron.api.extensions [None req-117d4d04-6376-4cc8-9761-220f3d492640 - - - - - -] Loaded extension: segments-peer-subnet-host-routes
2026-07-09 13:47:56.945 1 INFO neutron.api.extensions [None req-117d4d04-6376-4cc8-9761-220f3d492640 - - - - - -] Loaded extension: service-type
2026-07-09 13:47:56.946 1 INFO neutron.api.extensions [None req-117d4d04-6376-4cc8-9761-220f3d492640 - - - - - -] Loaded extension: sorting
2026-07-09 13:47:56.946 1 INFO neutron.api.extensions [None req-117d4d04-6376-4cc8-9761-220f3d492640 - - - - - -] Loaded extension: standard-attr-segment
2026-07-09 13:47:56.947 1 INFO neutron.api.extensions [None req-117d4d04-6376-4cc8-9761-220f3d492640 - - - - - -] Loaded extension: standard-attr-description
2026-07-09 13:47:56.947 1 INFO neutron.api.extensions [None req-117d4d04-6376-4cc8-9761-220f3d492640 - - - - - -] Loaded extension: stateful-security-group
2026-07-09 13:47:56.948 1 WARNING neutron.api.extensions [None req-117d4d04-6376-4cc8-9761-220f3d492640 - - - - - -] Did not find expected name "Stdattrs_common" in /var/lib/openstack/lib/python3.10/site-packages/neutron/extensions/stdattrs_common.py
2026-07-09 13:47:56.948 1 INFO neutron.api.extensions [None req-117d4d04-6376-4cc8-9761-220f3d492640 - - - - - -] Extension subnet-dns-publish-fixed-ip not supported by any of loaded plugins
2026-07-09 13:47:56.949 1 INFO neutron.api.extensions [None req-117d4d04-6376-4cc8-9761-220f3d492640 - - - - - -] Loaded extension: subnet_onboard
2026-07-09 13:47:56.949 1 INFO neutron.api.extensions [None req-117d4d04-6376-4cc8-9761-220f3d492640 - - - - - -] Loaded extension: subnet-segmentid-writable
2026-07-09 13:47:56.949 1 INFO neutron.api.extensions [None req-117d4d04-6376-4cc8-9761-220f3d492640 - - - - - -] Loaded extension: subnet-service-types
2026-07-09 13:47:56.950 1 INFO neutron.api.extensions [None req-117d4d04-6376-4cc8-9761-220f3d492640 - - - - - -] Loaded extension: subnet_allocation
2026-07-09 13:47:56.951 1 INFO neutron.api.extensions [None req-117d4d04-6376-4cc8-9761-220f3d492640 - - - - - -] Loaded extension: subnetpool-prefix-ops
2026-07-09 13:47:56.951 1 INFO neutron.api.extensions [None req-117d4d04-6376-4cc8-9761-220f3d492640 - - - - - -] Extension tag-ports-during-bulk-creation not supported by any of loaded plugins
2026-07-09 13:47:56.953 1 INFO neutron.api.extensions [None req-117d4d04-6376-4cc8-9761-220f3d492640 - - - - - -] Loaded extension: standard-attr-tag
2026-07-09 13:47:56.954 1 INFO neutron.api.extensions [None req-117d4d04-6376-4cc8-9761-220f3d492640 - - - - - -] Loaded extension: standard-attr-timestamp
2026-07-09 13:47:56.955 1 INFO neutron.api.extensions [None req-117d4d04-6376-4cc8-9761-220f3d492640 - - - - - -] Loaded extension: trunk
2026-07-09 13:47:56.955 1 INFO neutron.api.extensions [None req-117d4d04-6376-4cc8-9761-220f3d492640 - - - - - -] Loaded extension: trunk-details
2026-07-09 13:47:56.956 1 INFO neutron.api.extensions [None req-117d4d04-6376-4cc8-9761-220f3d492640 - - - - - -] Extension uplink-status-propagation not supported by any of loaded plugins
2026-07-09 13:47:56.956 1 INFO neutron.api.extensions [None req-117d4d04-6376-4cc8-9761-220f3d492640 - - - - - -] Extension vlan-transparent not supported by any of loaded plugins
2026-07-09 13:47:56.957 1 INFO neutron.api.extensions [None req-117d4d04-6376-4cc8-9761-220f3d492640 - - - - - -] Loaded extension: vpn-endpoint-groups
2026-07-09 13:47:56.957 1 INFO neutron.api.extensions [None req-117d4d04-6376-4cc8-9761-220f3d492640 - - - - - -] Loaded extension: vpn-flavors
2026-07-09 13:47:56.959 1 INFO neutron.api.extensions [None req-117d4d04-6376-4cc8-9761-220f3d492640 - - - - - -] Loaded extension: vpnaas
2026-07-09 13:47:56.961 1 INFO oslo_service.service [None req-117d4d04-6376-4cc8-9761-220f3d492640 - - - - - -] Starting 2 workers
2026-07-09 13:47:56.966 1 INFO oslo_service.service [None req-117d4d04-6376-4cc8-9761-220f3d492640 - - - - - -] Starting 1 workers
2026-07-09 13:48:38.111 10 INFO neutron.db.l3_hamode_db [None req-8cae0c2e-2a58-4c8f-ab46-ec1366593500 - - - - - -] Number of active agents lower than max_l3_agents_per_router. L3 agents available: 1
2026-07-09 13:48:57.077 10 INFO neutron.plugins.ml2.plugin [None req-6fba037e-1540-4c46-ae98-3ce875c64bdd - - - - - -] Attempt 1 to provision port 278450fe-b89c-4688-85ef-a575c255af02
2026-07-09 13:48:57.364 10 INFO neutron.plugins.ml2.plugin [None req-26d7e155-03e9-4b52-84d6-b42dab36a1de - - - - - -] Attempt 1 to provision port 278450fe-b89c-4688-85ef-a575c255af02
2026-07-09 13:48:58.758 9 INFO neutron.plugins.ml2.plugin [None req-6fba037e-1540-4c46-ae98-3ce875c64bdd - - - - - -] Attempt 1 to provision port 278450fe-b89c-4688-85ef-a575c255af02
2026-07-09 13:53:30.683 10 INFO neutron.plugins.ml2.plugin [None req-79e54131-9699-4a54-a242-768c7c97c11a - - - - - -] Attempt 1 to provision port 47b119bd-addd-4cde-a5da-94ab3ab74139
2026-07-09 13:53:30.989 9 INFO neutron.plugins.ml2.plugin [None req-6fba037e-1540-4c46-ae98-3ce875c64bdd - - - - - -] Attempt 1 to provision port 47b119bd-addd-4cde-a5da-94ab3ab74139
2026-07-09 13:53:32.974 10 INFO neutron.plugins.ml2.plugin [None req-6fba037e-1540-4c46-ae98-3ce875c64bdd - - - - - -] Attempt 1 to provision port 47b119bd-addd-4cde-a5da-94ab3ab74139
2026-07-09 13:53:38.794 10 INFO neutron.plugins.ml2.plugin [None req-68a84787-7733-4f0c-98f8-a4a9c7815fd6 - - - - - -] Attempt 1 to provision port 7e30f459-2230-42b2-b29d-9408447c78ef
2026-07-09 13:57:33.422 10 INFO neutron.plugins.ml2.plugin [None req-6fba037e-1540-4c46-ae98-3ce875c64bdd - - - - - -] Attempt 1 to provision port 7e30f459-2230-42b2-b29d-9408447c78ef
2026-07-09 13:57:35.363 9 INFO neutron.plugins.ml2.plugin [None req-6fba037e-1540-4c46-ae98-3ce875c64bdd - - - - - -] Attempt 1 to provision port 7e30f459-2230-42b2-b29d-9408447c78ef
2026-07-09 14:08:47.906 10 INFO neutron.plugins.ml2.plugin [None req-6fba037e-1540-4c46-ae98-3ce875c64bdd - - - - - -] Attempt 1 to provision port 3c08cdbb-164c-4256-8e5b-92eb83602439
2026-07-09 14:08:49.903 9 INFO neutron.plugins.ml2.plugin [None req-6fba037e-1540-4c46-ae98-3ce875c64bdd - - - - - -] Attempt 1 to provision port 3c08cdbb-164c-4256-8e5b-92eb83602439
2026-07-09 14:25:38.377 9 INFO neutron.plugins.ml2.plugin [None req-efac81c7-3061-4048-a7e5-bf64e368ebf9 - - - - - -] Attempt 1 to provision port a9e0fccd-ea5d-44c3-9f69-e3c4ff2cc7c9
2026-07-09 14:25:38.549 10 INFO neutron.plugins.ml2.plugin [None req-6fba037e-1540-4c46-ae98-3ce875c64bdd - - - - - -] Attempt 1 to provision port ef0afcd8-1aac-44bf-9a2d-d326cb14ee12
2026-07-09 14:25:38.730 9 INFO neutron.plugins.ml2.plugin [None req-7c548a02-a6d3-4ec0-a43e-df72d3209a04 - - - - - -] Attempt 1 to provision port 162466be-874b-4267-b624-d7beaec1cc36
2026-07-09 14:25:39.002 9 INFO neutron.plugins.ml2.plugin [None req-d023563c-b1d0-4b98-81d9-69bc262a08c2 - - - - - -] Attempt 1 to provision port fa0517a1-da99-4fe0-a536-43f85744bea4
2026-07-09 14:25:39.175 10 INFO neutron.plugins.ml2.plugin [None req-6fba037e-1540-4c46-ae98-3ce875c64bdd - - - - - -] Attempt 1 to provision port fa0517a1-da99-4fe0-a536-43f85744bea4
2026-07-09 14:25:39.349 10 INFO neutron.plugins.ml2.plugin [None req-58f1e8c0-9754-4de4-8975-224ee2e8a939 - - - - - -] Attempt 1 to provision port ef0afcd8-1aac-44bf-9a2d-d326cb14ee12
2026-07-09 14:25:40.573 9 INFO neutron.plugins.ml2.plugin [None req-6fba037e-1540-4c46-ae98-3ce875c64bdd - - - - - -] Attempt 1 to provision port ef0afcd8-1aac-44bf-9a2d-d326cb14ee12
2026-07-09 14:25:41.115 9 INFO neutron.plugins.ml2.plugin [None req-6fba037e-1540-4c46-ae98-3ce875c64bdd - - - - - -] Attempt 1 to provision port fa0517a1-da99-4fe0-a536-43f85744bea4
2026-07-09 14:25:41.567 10 INFO neutron.plugins.ml2.plugin [None req-0562c421-39f7-46f7-8022-96ee067e8e76 - - - - - -] Attempt 1 to provision port 9882a6be-4caa-4c47-a13f-dcb72775c25a
2026-07-09 14:25:41.737 9 INFO neutron.plugins.ml2.plugin [None req-a44cde17-ab75-4404-9fbf-ce0fee6d5cbe - - - - - -] Attempt 1 to provision port 883d229c-994e-46f2-9883-50731598f6c5
2026-07-09 14:25:42.193 10 INFO neutron.plugins.ml2.plugin [None req-2ffcbbb2-288e-4a85-b7ac-1a7ebcaa3918 - - - - - -] Attempt 1 to provision port 9882a6be-4caa-4c47-a13f-dcb72775c25a
2026-07-09 14:25:42.442 9 INFO neutron.plugins.ml2.plugin [None req-7c7e8626-19e3-4234-a973-2b08bf342ca5 - - - - - -] Attempt 1 to provision port 883d229c-994e-46f2-9883-50731598f6c5
2026-07-09 14:25:46.241 9 INFO neutron.plugins.ml2.plugin [None req-a62ca458-f1b6-4826-bca3-6993b41a5992 - - - - - -] Attempt 1 to provision port 465fd7af-63ff-4e5f-9ea9-84f25b7bcf73
2026-07-09 14:25:46.552 10 INFO neutron.plugins.ml2.plugin [None req-6fba037e-1540-4c46-ae98-3ce875c64bdd - - - - - -] Attempt 1 to provision port cada22ad-fe82-4afb-901f-6e20e9c7bfee
2026-07-09 14:25:47.140 9 INFO neutron.plugins.ml2.plugin [None req-44a5cb0d-0cb9-49db-8ff0-56168aec0ad3 - - - - - -] Attempt 1 to provision port cada22ad-fe82-4afb-901f-6e20e9c7bfee
2026-07-09 14:25:48.579 9 INFO neutron.plugins.ml2.plugin [None req-6fba037e-1540-4c46-ae98-3ce875c64bdd - - - - - -] Attempt 1 to provision port cada22ad-fe82-4afb-901f-6e20e9c7bfee
2026-07-09 14:25:49.257 10 INFO neutron.plugins.ml2.plugin [None req-74d37eac-8263-4546-9c09-a543a49aa164 - - - - - -] Attempt 1 to provision port b42b9656-512b-4e33-8135-610fc3510014 /var/lib/openstack/lib/python3.10/site-packages/oslo_db/sqlalchemy/enginefacade.py:667: SAWarning: DELETE statement on table 'portsecuritybindings' expected to delete 1 row(s); 0 were matched. Please set confirm_deleted_rows=False within the mapper configuration to prevent this warning. self.session.flush() /var/lib/openstack/lib/python3.10/site-packages/oslo_db/sqlalchemy/enginefacade.py:667: SAWarning: DELETE statement on table 'ml2_port_bindings' expected to delete 1 row(s); 0 were matched. Please set confirm_deleted_rows=False within the mapper configuration to prevent this warning. self.session.flush() /var/lib/openstack/lib/python3.10/site-packages/oslo_db/sqlalchemy/enginefacade.py:667: SAWarning: DELETE statement on table 'ml2_port_binding_levels' expected to delete 1 row(s); 0 were matched. Please set confirm_deleted_rows=False within the mapper configuration to prevent this warning. self.session.flush() /var/lib/openstack/lib/python3.10/site-packages/oslo_db/sqlalchemy/enginefacade.py:667: SAWarning: DELETE statement on table 'ports' expected to delete 1 row(s); 0 were matched. Please set confirm_deleted_rows=False within the mapper configuration to prevent this warning. self.session.flush()
2026-07-09 14:25:49.918 9 INFO neutron.plugins.ml2.plugin [None req-515ed8a2-7760-419d-9a01-488a2a0a2c91 - - - - - -] Attempt 1 to provision port b42b9656-512b-4e33-8135-610fc3510014
2026-07-09 14:25:52.614 9 INFO neutron.plugins.ml2.plugin [None req-6fba037e-1540-4c46-ae98-3ce875c64bdd - - - - - -] Attempt 1 to provision port 1c669dc6-0d26-4c46-919a-1509da795635
2026-07-09 14:25:53.288 9 INFO neutron.plugins.ml2.plugin [None req-6fba037e-1540-4c46-ae98-3ce875c64bdd - - - - - -] Attempt 1 to provision port 18d08f6f-be8d-40db-93d5-69077a30b19d
2026-07-09 14:25:54.665 9 INFO neutron.plugins.ml2.plugin [None req-6fba037e-1540-4c46-ae98-3ce875c64bdd - - - - - -] Attempt 1 to provision port 1c669dc6-0d26-4c46-919a-1509da795635
2026-07-09 14:25:55.007 9 INFO neutron.plugins.ml2.plugin [None req-6fba037e-1540-4c46-ae98-3ce875c64bdd - - - - - -] Attempt 1 to provision port 18d08f6f-be8d-40db-93d5-69077a30b19d
2026-07-09 14:25:55.116 9 INFO neutron.plugins.ml2.plugin [None req-8b5674b3-d2f6-4e11-8bcf-443f0f8cd749 - - - - - -] Attempt 1 to provision port dae4f191-ac16-445f-87e8-9e9477724a12
2026-07-09 14:25:55.171 9 INFO neutron.plugins.ml2.plugin [None req-6fba037e-1540-4c46-ae98-3ce875c64bdd - - - - - -] Attempt 1 to provision port dae4f191-ac16-445f-87e8-9e9477724a12
2026-07-09 14:25:55.650 10 INFO neutron.plugins.ml2.plugin [None req-ef3cf202-48e8-45c3-bff9-c90f00444bec - - - - - -] Attempt 1 to provision port 662ad876-dd5b-47e2-af53-61583fa5c211
2026-07-09 14:25:56.315 10 INFO neutron.plugins.ml2.plugin [None req-842ce289-0e19-4868-9320-8cda4dd2472f - - - - - -] Attempt 1 to provision port 386b7b26-6f90-46de-9b32-2dcae675f914
2026-07-09 14:25:56.665 9 INFO neutron.plugins.ml2.plugin [None req-6fba037e-1540-4c46-ae98-3ce875c64bdd - - - - - -] Attempt 1 to provision port dae4f191-ac16-445f-87e8-9e9477724a12
2026-07-09 14:25:58.107 9 INFO neutron.plugins.ml2.plugin [None req-1a22c137-1e98-482c-9dab-cbe6960453cd - - - - - -] Attempt 1 to provision port 7dc89c4e-0abe-4d9f-88bd-ad673b287388
2026-07-09 14:25:58.561 10 INFO neutron.plugins.ml2.plugin [None req-6fba037e-1540-4c46-ae98-3ce875c64bdd - - - - - -] Attempt 1 to provision port 20b1e21f-450f-4225-8e02-e6f5c46bdd3c
2026-07-09 14:25:58.870 10 INFO neutron.plugins.ml2.plugin [None req-9c8ee02a-bc7a-47dc-9a7a-13ae64ca6359 - - - - - -] Attempt 1 to provision port 7dc89c4e-0abe-4d9f-88bd-ad673b287388
2026-07-09 14:26:00.626 10 INFO neutron.plugins.ml2.plugin [None req-6fba037e-1540-4c46-ae98-3ce875c64bdd - - - - - -] Attempt 1 to provision port 20b1e21f-450f-4225-8e02-e6f5c46bdd3c
2026-07-09 14:26:02.625 10 INFO neutron.plugins.ml2.plugin [None req-6fba037e-1540-4c46-ae98-3ce875c64bdd - - - - - -] Attempt 1 to provision port 386b7b26-6f90-46de-9b32-2dcae675f914
2026-07-09 14:26:03.494 10 INFO neutron.notifiers.nova [-] Nova event matching ['req-ab7e6c21-fafa-42e0-8427-22e8dded1520'] response: {'server_uuid': '4735f671-cab7-4a25-b203-0ac0d31b0b99', 'name': 'network-vif-plugged', 'status': 'completed', 'tag': '386b7b26-6f90-46de-9b32-2dcae675f914', 'code': 200}
2026-07-09 14:26:04.179 10 INFO neutron.plugins.ml2.plugin [None req-7b1e524a-e8ec-4ad3-ae19-e62f7845a63f - - - - - -] Attempt 1 to provision port ccf5706b-9044-4863-9001-c5d769c6c987
2026-07-09 14:26:04.570 9 INFO neutron.plugins.ml2.plugin [None req-6fba037e-1540-4c46-ae98-3ce875c64bdd - - - - - -] Attempt 1 to provision port 386b7b26-6f90-46de-9b32-2dcae675f914
2026-07-09 14:26:08.629 10 INFO neutron.plugins.ml2.plugin [None req-6fba037e-1540-4c46-ae98-3ce875c64bdd - - - - - -] Attempt 1 to provision port ccf5706b-9044-4863-9001-c5d769c6c987
2026-07-09 14:26:08.908 10 INFO neutron.notifiers.nova [-] Nova event matching ['req-7f51afeb-233e-4999-a399-a714525dcb0a'] response: {'server_uuid': '61aa21f5-b57a-4255-9d0e-c2a440726edd', 'name': 'network-vif-plugged', 'status': 'completed', 'tag': 'ccf5706b-9044-4863-9001-c5d769c6c987', 'code': 200}
2026-07-09 14:26:10.716 9 INFO neutron.plugins.ml2.plugin [None req-6fba037e-1540-4c46-ae98-3ce875c64bdd - - - - - -] Attempt 1 to provision port ccf5706b-9044-4863-9001-c5d769c6c987
2026-07-09 14:26:24.907 9 INFO neutron.plugins.ml2.plugin [None req-6fba037e-1540-4c46-ae98-3ce875c64bdd - - - - - -] Attempt 1 to provision port 94d96b6f-beaa-4c43-a476-b87ab8a22d10
2026-07-09 14:26:25.450 9 INFO neutron.plugins.ml2.plugin [None req-6fba037e-1540-4c46-ae98-3ce875c64bdd - - - - - -] Attempt 1 to provision port 662ad876-dd5b-47e2-af53-61583fa5c211
2026-07-09 14:26:25.880 9 INFO neutron.plugins.ml2.plugin [None req-6fba037e-1540-4c46-ae98-3ce875c64bdd - - - - - -] Attempt 1 to provision port 7dc89c4e-0abe-4d9f-88bd-ad673b287388
2026-07-09 14:26:26.463 9 INFO neutron.plugins.ml2.plugin [None req-3b447407-f7f2-46db-8c4a-b8ce7caa1266 - - - - - -] Attempt 1 to provision port ccf5706b-9044-4863-9001-c5d769c6c987
2026-07-09 14:26:26.631 10 INFO neutron.plugins.ml2.plugin [None req-6fba037e-1540-4c46-ae98-3ce875c64bdd - - - - - -] Attempt 1 to provision port ccf5706b-9044-4863-9001-c5d769c6c987
2026-07-09 14:26:26.969 10 INFO neutron.plugins.ml2.plugin [None req-6fba037e-1540-4c46-ae98-3ce875c64bdd - - - - - -] Attempt 1 to provision port 662ad876-dd5b-47e2-af53-61583fa5c211
2026-07-09 14:26:27.179 10 INFO neutron.plugins.ml2.plugin [None req-6fba037e-1540-4c46-ae98-3ce875c64bdd - - - - - -] Attempt 1 to provision port 7dc89c4e-0abe-4d9f-88bd-ad673b287388
2026-07-09 14:26:28.783 9 INFO neutron.plugins.ml2.plugin [None req-ae6ef95f-2962-4d65-b3fc-73d909bdf0ce - - - - - -] Attempt 1 to provision port ccf5706b-9044-4863-9001-c5d769c6c987
2026-07-09 14:26:30.784 10 INFO neutron.notifiers.nova [-] Nova event matching ['req-b55ae932-887f-4c1c-86c8-bd42acc0b719'] response: {'server_uuid': '61aa21f5-b57a-4255-9d0e-c2a440726edd', 'name': 'network-vif-unplugged', 'status': 'completed', 'tag': 'ccf5706b-9044-4863-9001-c5d769c6c987', 'code': 200}
2026-07-09 14:26:32.322 10 INFO neutron.plugins.ml2.plugin [None req-13ef199b-0e42-429f-8508-fe7bedbc1331 - - - - - -] Attempt 1 to provision port dc2c48b8-9a7b-4345-836e-9b875639409b
2026-07-09 14:26:32.689 9 INFO neutron.plugins.ml2.plugin [None req-6fba037e-1540-4c46-ae98-3ce875c64bdd - - - - - -] Attempt 1 to provision port a93ee820-f408-4d1b-a0fd-6dc86621cbbf
2026-07-09 14:26:33.389 9 INFO neutron.plugins.ml2.plugin [None req-bf4b798b-6e44-4859-8d1a-c5773931f695 - - - - - -] Attempt 1 to provision port a93ee820-f408-4d1b-a0fd-6dc86621cbbf
2026-07-09 14:26:34.924 9 INFO neutron.plugins.ml2.plugin [None req-6fba037e-1540-4c46-ae98-3ce875c64bdd - - - - - -] Attempt 1 to provision port b5a9dc4b-fa0f-4e3f-b9b0-8a6aa01e9325
2026-07-09 14:26:35.496 9 INFO neutron.plugins.ml2.plugin [None req-6fba037e-1540-4c46-ae98-3ce875c64bdd - - - - - -] Attempt 1 to provision port a93ee820-f408-4d1b-a0fd-6dc86621cbbf
2026-07-09 14:26:35.823 10 INFO neutron.plugins.ml2.plugin [None req-5b3f2bba-b421-42bd-83ae-861ea39d46a8 - - - - - -] Attempt 1 to provision port b5a9dc4b-fa0f-4e3f-b9b0-8a6aa01e9325
2026-07-09 14:26:42.602 9 INFO neutron.plugins.ml2.plugin [None req-6fba037e-1540-4c46-ae98-3ce875c64bdd - - - - - -] Attempt 1 to provision port 08f1405e-456f-430d-b0a5-409629e32ab8
2026-07-09 14:26:42.786 10 INFO neutron.plugins.ml2.plugin [None req-0b7ed2ad-3e2e-46ec-b701-d22d1fcab274 - - - - - -] Attempt 1 to provision port 580e0f4e-fcb4-4c33-bf3a-eed692e3ae9d
2026-07-09 14:26:43.481 9 INFO neutron.plugins.ml2.plugin [None req-d9f012bb-f4c6-4721-89b8-7a75d2fbeb1c - - - - - -] Attempt 1 to provision port 08f1405e-456f-430d-b0a5-409629e32ab8
2026-07-09 14:26:44.530 10 INFO neutron.plugins.ml2.plugin [None req-f8cf192c-0ea9-44f9-a23f-9e2de5ae92ff - - - - - -] Attempt 1 to provision port 8b5052d5-2b3e-4654-818d-16065928fa8a
2026-07-09 14:26:44.551 9 INFO neutron.plugins.ml2.plugin [None req-6fba037e-1540-4c46-ae98-3ce875c64bdd - - - - - -] Attempt 1 to provision port 08f1405e-456f-430d-b0a5-409629e32ab8
2026-07-09 14:26:45.999 10 INFO neutron.plugins.ml2.plugin [None req-b6a3c4fa-b82c-4101-835d-126f79e877cf - - - - - -] Attempt 1 to provision port 90409b0a-1dbc-4ba4-857e-24d256de03e8
2026-07-09 14:26:46.605 9 INFO neutron.plugins.ml2.plugin [None req-6fba037e-1540-4c46-ae98-3ce875c64bdd - - - - - -] Attempt 1 to provision port d107692c-e150-46fc-885a-17b4658799b4
2026-07-09 14:26:46.673 9 INFO neutron.plugins.ml2.plugin [None req-323b63b1-18f2-45f2-bd53-477de9a4d827 - - - - - -] Attempt 1 to provision port 90409b0a-1dbc-4ba4-857e-24d256de03e8
2026-07-09 14:26:48.559 10 INFO neutron.plugins.ml2.plugin [None req-15d7e3d2-82fa-4cc6-96c9-b75ca3cc1f07 - - - - - -] Attempt 1 to provision port 244355f8-724d-4b5b-bef9-05468bf8d7a9
2026-07-09 14:26:48.705 9 INFO neutron.plugins.ml2.plugin [None req-6fba037e-1540-4c46-ae98-3ce875c64bdd - - - - - -] Attempt 1 to provision port 244355f8-724d-4b5b-bef9-05468bf8d7a9
2026-07-09 14:26:49.116 9 INFO neutron.plugins.ml2.plugin [None req-6fba037e-1540-4c46-ae98-3ce875c64bdd - - - - - -] Attempt 1 to provision port d107692c-e150-46fc-885a-17b4658799b4
2026-07-09 14:26:49.227 9 INFO neutron.plugins.ml2.plugin [None req-3629f964-8646-4a4e-86d0-d357a88d059c - - - - - -] Attempt 1 to provision port 117f3452-03c9-40ed-af66-3b1d88840be6
2026-07-09 14:26:49.475 9 INFO neutron.plugins.ml2.plugin [None req-6fba037e-1540-4c46-ae98-3ce875c64bdd - - - - - -] Attempt 1 to provision port 117f3452-03c9-40ed-af66-3b1d88840be6
2026-07-09 14:26:50.772 10 INFO neutron.plugins.ml2.plugin [None req-6fba037e-1540-4c46-ae98-3ce875c64bdd - - - - - -] Attempt 1 to provision port 117f3452-03c9-40ed-af66-3b1d88840be6
2026-07-09 14:26:50.828 9 INFO neutron.plugins.ml2.plugin [None req-91b7849f-16d4-46ad-a5c0-91e14b740a18 - - - - - -] Attempt 1 to provision port 50831544-0331-4d80-b211-6af2a7f9cabb
2026-07-09 14:26:51.307 10 INFO neutron.plugins.ml2.plugin [None req-6fba037e-1540-4c46-ae98-3ce875c64bdd - - - - - -] Attempt 1 to provision port 244355f8-724d-4b5b-bef9-05468bf8d7a9
2026-07-09 14:26:51.597 10 INFO neutron.plugins.ml2.plugin [None req-a6bfd505-2ce7-47ca-b8e7-948f224b4343 - - - - - -] Attempt 1 to provision port 50831544-0331-4d80-b211-6af2a7f9cabb
2026-07-09 14:26:52.880 9 INFO neutron.plugins.ml2.plugin [None req-b108e519-14f2-43e8-a7ea-22e6f324836a - - - - - -] Attempt 1 to provision port 03a212fd-d010-4ce6-8d09-1918e33369a4
2026-07-09 14:26:53.531 10 INFO neutron.plugins.ml2.plugin [None req-fa3f4c6b-4e98-4d25-932d-076b0802eea7 - - - - - -] Attempt 1 to provision port 03a212fd-d010-4ce6-8d09-1918e33369a4
2026-07-09 14:26:57.722 10 INFO neutron.plugins.ml2.plugin [None req-3cfa677f-2e22-4873-aec6-eabeb14d43e6 - - - - - -] Attempt 1 to provision port b9830622-e16c-438c-8d18-3aa1df9947a4
2026-07-09 14:27:00.708 10 INFO neutron.plugins.ml2.plugin [None req-6fba037e-1540-4c46-ae98-3ce875c64bdd - - - - - -] Attempt 1 to provision port b9830622-e16c-438c-8d18-3aa1df9947a4
2026-07-09 14:27:00.903 10 INFO neutron.notifiers.nova [-] Nova event matching ['req-1efcf470-5953-42fb-8d6f-6149abfce4a6'] response: {'server_uuid': 'a2bb5c0b-a48f-4a1a-9607-4a28a80de09d', 'name': 'network-vif-plugged', 'status': 'completed', 'tag': 'b9830622-e16c-438c-8d18-3aa1df9947a4', 'code': 200}
2026-07-09 14:27:02.761 10 INFO neutron.plugins.ml2.plugin [None req-6fba037e-1540-4c46-ae98-3ce875c64bdd - - - - - -] Attempt 1 to provision port b9830622-e16c-438c-8d18-3aa1df9947a4
2026-07-09 14:27:03.109 10 INFO neutron.plugins.ml2.plugin [None req-6fba037e-1540-4c46-ae98-3ce875c64bdd - - - - - -] Attempt 1 to provision port 1162536c-115e-4fc7-b29d-2c145fbd0a86
2026-07-09 14:27:03.146 9 INFO neutron.plugins.ml2.plugin [None req-9a0cff47-e46c-40d3-8ed1-251b3c2a1f55 - - - - - -] Attempt 1 to provision port 1162536c-115e-4fc7-b29d-2c145fbd0a86
2026-07-09 14:27:04.553 10 INFO neutron.plugins.ml2.plugin [None req-d5bdcceb-9f7c-4aef-9ffc-dbd9fa777668 - - - - - -] Attempt 1 to provision port 0db9deac-49f5-49f9-afb6-ce9dd45cc96a
2026-07-09 14:27:04.691 9 INFO neutron.plugins.ml2.plugin [None req-6fba037e-1540-4c46-ae98-3ce875c64bdd - - - - - -] Attempt 1 to provision port 580e0f4e-fcb4-4c33-bf3a-eed692e3ae9d
2026-07-09 14:27:05.103 10 INFO neutron.plugins.ml2.plugin [None req-149ae994-e322-47c9-a602-88aa1fa0f24c - - - - - -] Attempt 1 to provision port 0db9deac-49f5-49f9-afb6-ce9dd45cc96a
2026-07-09 14:27:05.127 9 INFO neutron.plugins.ml2.plugin [None req-6fba037e-1540-4c46-ae98-3ce875c64bdd - - - - - -] Attempt 1 to provision port 90409b0a-1dbc-4ba4-857e-24d256de03e8
2026-07-09 14:27:05.763 9 INFO neutron.plugins.ml2.plugin [None req-6fba037e-1540-4c46-ae98-3ce875c64bdd - - - - - -] Attempt 1 to provision port 1162536c-115e-4fc7-b29d-2c145fbd0a86
2026-07-09 14:27:06.731 10 INFO neutron.plugins.ml2.plugin [None req-6fba037e-1540-4c46-ae98-3ce875c64bdd - - - - - -] Attempt 1 to provision port 580e0f4e-fcb4-4c33-bf3a-eed692e3ae9d
2026-07-09 14:27:07.057 10 INFO neutron.plugins.ml2.plugin [None req-6fba037e-1540-4c46-ae98-3ce875c64bdd - - - - - -] Attempt 1 to provision port 90409b0a-1dbc-4ba4-857e-24d256de03e8
2026-07-09 14:27:12.233 10 INFO neutron.plugins.ml2.plugin [None req-3348243d-ee15-4250-97f5-9deb207b69aa - - - - - -] Attempt 1 to provision port 4bbec273-00a7-4099-b625-ba5080287c50
2026-07-09 14:27:12.744 9 INFO neutron.plugins.ml2.plugin [None req-6fba037e-1540-4c46-ae98-3ce875c64bdd - - - - - -] Attempt 1 to provision port 4bbec273-00a7-4099-b625-ba5080287c50
2026-07-09 14:27:13.745 9 INFO neutron.plugins.ml2.plugin [None req-054dc975-7d67-47a3-8fc6-5fce33f11c95 - - - - - -] Attempt 1 to provision port 6bf96af1-a7f9-4c6c-b53b-5199cbbc6cbc
2026-07-09 14:27:14.046 9 INFO neutron.plugins.ml2.plugin [None req-87866743-7732-4878-bcbe-cceee634e40a - - - - - -] Attempt 1 to provision port 6bf96af1-a7f9-4c6c-b53b-5199cbbc6cbc
2026-07-09 14:27:14.795 10 INFO neutron.plugins.ml2.plugin [None req-6fba037e-1540-4c46-ae98-3ce875c64bdd - - - - - -] Attempt 1 to provision port 4bbec273-00a7-4099-b625-ba5080287c50
2026-07-09 14:27:16.427 9 INFO neutron.plugins.ml2.plugin [None req-fcfd2d70-ea03-48bf-9bff-a229ba26e9e7 - - - - - -] Attempt 1 to provision port 7e890e05-ad1c-4ecb-badf-d7aaaf74f2f5
2026-07-09 14:27:16.702 10 INFO neutron.plugins.ml2.plugin [None req-6fba037e-1540-4c46-ae98-3ce875c64bdd - - - - - -] Attempt 1 to provision port 7e890e05-ad1c-4ecb-badf-d7aaaf74f2f5
2026-07-09 14:27:18.661 9 INFO neutron.plugins.ml2.plugin [None req-6fba037e-1540-4c46-ae98-3ce875c64bdd - - - - - -] Attempt 1 to provision port 7e890e05-ad1c-4ecb-badf-d7aaaf74f2f5
2026-07-09 14:27:19.355 10 INFO neutron.plugins.ml2.plugin [None req-f260765c-e14f-4365-af74-6eae657b41a8 - - - - - -] Attempt 1 to provision port 25f0954c-6bf7-46aa-966a-9a2812e8dc10
