2026-07-10 04:13:36.449 8 INFO neutron.api.extensions [None req-9ce10d42-eec9-4c53-ae26-889230f6c85f - - - - - -] Extension uplink-status-propagation-updatable not supported by any of loaded plugins
2026-07-10 04:13:36.450 7 INFO neutron.api.extensions [None req-d3baef08-2186-49f1-8091-78f21e6ad498 - - - - - -] Loaded extension: net-mtu-writable
2026-07-10 04:13:36.450 8 INFO neutron.api.extensions [None req-9ce10d42-eec9-4c53-ae26-889230f6c85f - - - - - -] Loaded extension: vlan-transparent
2026-07-10 04:13:36.450 7 INFO neutron.api.extensions [None req-d3baef08-2186-49f1-8091-78f21e6ad498 - - - - - -] Loaded extension: network_availability_zone
2026-07-10 04:13:36.451 8 INFO neutron.api.extensions [None req-9ce10d42-eec9-4c53-ae26-889230f6c85f - - - - - -] Loaded extension: vpn-aes-ctr
2026-07-10 04:13:36.451 7 INFO neutron.api.extensions [None req-d3baef08-2186-49f1-8091-78f21e6ad498 - - - - - -] Extension network_ha not supported by any of loaded plugins
2026-07-10 04:13:36.451 7 INFO neutron.api.extensions [None req-d3baef08-2186-49f1-8091-78f21e6ad498 - - - - - -] Loaded extension: network-ip-availability
2026-07-10 04:13:36.452 8 INFO neutron.api.extensions [None req-9ce10d42-eec9-4c53-ae26-889230f6c85f - - - - - -] Loaded extension: vpn-agent-scheduler
2026-07-10 04:13:36.452 7 INFO neutron.api.extensions [None req-d3baef08-2186-49f1-8091-78f21e6ad498 - - - - - -] Extension network-segment-range not supported by any of loaded plugins
2026-07-10 04:13:36.453 7 INFO neutron.api.extensions [None req-d3baef08-2186-49f1-8091-78f21e6ad498 - - - - - -] Loaded extension: pagination
2026-07-10 04:13:36.453 8 INFO neutron.api.extensions [None req-9ce10d42-eec9-4c53-ae26-889230f6c85f - - - - - -] Loaded extension: vpn-endpoint-groups
2026-07-10 04:13:36.453 7 INFO neutron.api.extensions [None req-d3baef08-2186-49f1-8091-78f21e6ad498 - - - - - -] Loaded extension: port-device-profile
2026-07-10 04:13:36.454 8 INFO neutron.api.extensions [None req-9ce10d42-eec9-4c53-ae26-889230f6c85f - - - - - -] Loaded extension: vpn-flavors
2026-07-10 04:13:36.454 7 INFO neutron.api.extensions [None req-d3baef08-2186-49f1-8091-78f21e6ad498 - - - - - -] Extension port-hardware-offload-type not supported by any of loaded plugins
2026-07-10 04:13:36.454 7 INFO neutron.api.extensions [None req-d3baef08-2186-49f1-8091-78f21e6ad498 - - - - - -] Extension port-hint-ovs-tx-steering not supported by any of loaded plugins
2026-07-10 04:13:36.455 7 INFO neutron.api.extensions [None req-d3baef08-2186-49f1-8091-78f21e6ad498 - - - - - -] Extension port-hints not supported by any of loaded plugins
2026-07-10 04:13:36.455 8 INFO neutron.api.extensions [None req-9ce10d42-eec9-4c53-ae26-889230f6c85f - - - - - -] Loaded extension: vpnaas
2026-07-10 04:13:36.455 7 INFO neutron.api.extensions [None req-d3baef08-2186-49f1-8091-78f21e6ad498 - - - - - -] Extension port-mac-override not supported by any of loaded plugins
2026-07-10 04:13:36.456 7 INFO neutron.api.extensions [None req-d3baef08-2186-49f1-8091-78f21e6ad498 - - - - - -] Loaded extension: port-mac-address-regenerate
2026-07-10 04:13:36.456 7 INFO neutron.api.extensions [None req-d3baef08-2186-49f1-8091-78f21e6ad498 - - - - - -] Loaded extension: port-numa-affinity-policy
2026-07-10 04:13:36.457 8 INFO neutron.api.extensions [None req-9ce10d42-eec9-4c53-ae26-889230f6c85f - - - - - -] Loaded extension: taas
2026-07-10 04:13:36.457 7 INFO neutron.api.extensions [None req-d3baef08-2186-49f1-8091-78f21e6ad498 - - - - - -] Loaded extension: port-numa-affinity-policy-socket
2026-07-10 04:13:36.457 7 INFO neutron.api.extensions [None req-d3baef08-2186-49f1-8091-78f21e6ad498 - - - - - -] Loaded extension: port-resource-request
2026-07-10 04:13:36.458 8 INFO neutron.api.extensions [None req-9ce10d42-eec9-4c53-ae26-889230f6c85f - - - - - -] Loaded extension: tap-mirror
2026-07-10 04:13:36.458 7 INFO neutron.api.extensions [None req-d3baef08-2186-49f1-8091-78f21e6ad498 - - - - - -] Loaded extension: port-resource-request-groups
2026-07-10 04:13:36.458 8 INFO neutron.api.extensions [None req-9ce10d42-eec9-4c53-ae26-889230f6c85f - - - - - -] Loaded extension: taas-vlan-filter
2026-07-10 04:13:36.458 7 INFO neutron.api.extensions [None req-d3baef08-2186-49f1-8091-78f21e6ad498 - - - - - -] Extension port-trusted-vif not supported by any of loaded plugins
2026-07-10 04:13:36.459 7 INFO neutron.api.extensions [None req-d3baef08-2186-49f1-8091-78f21e6ad498 - - - - - -] Loaded extension: binding
2026-07-10 04:13:36.460 7 INFO neutron.api.extensions [None req-d3baef08-2186-49f1-8091-78f21e6ad498 - - - - - -] Loaded extension: binding-extended
2026-07-10 04:13:36.460 7 INFO neutron.api.extensions [None req-d3baef08-2186-49f1-8091-78f21e6ad498 - - - - - -] Loaded extension: port-security
2026-07-10 04:13:36.460 8 INFO neutron.quota.resource_registry [None req-9ce10d42-eec9-4c53-ae26-889230f6c85f - - - - - -] Creating instance of TrackedResource for resource:network
2026-07-10 04:13:36.461 7 INFO neutron.api.extensions [None req-d3baef08-2186-49f1-8091-78f21e6ad498 - - - - - -] Loaded extension: project-id
2026-07-10 04:13:36.461 8 INFO neutron.quota.resource_registry [None req-9ce10d42-eec9-4c53-ae26-889230f6c85f - - - - - -] Creating instance of TrackedResource for resource:subnet
2026-07-10 04:13:36.461 8 INFO neutron.quota.resource_registry [None req-9ce10d42-eec9-4c53-ae26-889230f6c85f - - - - - -] Creating instance of TrackedResource for resource:subnetpool
2026-07-10 04:13:36.461 8 INFO neutron.quota.resource_registry [None req-9ce10d42-eec9-4c53-ae26-889230f6c85f - - - - - -] Creating instance of TrackedResource for resource:port
2026-07-10 04:13:36.461 7 INFO neutron.api.extensions [None req-d3baef08-2186-49f1-8091-78f21e6ad498 - - - - - -] Loaded extension: provider
2026-07-10 04:13:36.462 7 INFO neutron.api.extensions [None req-d3baef08-2186-49f1-8091-78f21e6ad498 - - - - - -] Loaded extension: qinq
2026-07-10 04:13:36.464 7 INFO neutron.api.extensions [None req-d3baef08-2186-49f1-8091-78f21e6ad498 - - - - - -] Loaded extension: qos
2026-07-10 04:13:36.464 8 INFO neutron.quota.resource_registry [None req-9ce10d42-eec9-4c53-ae26-889230f6c85f - - - - - -] Creating instance of TrackedResource for resource:router
2026-07-10 04:13:36.464 8 INFO neutron.quota.resource_registry [None req-9ce10d42-eec9-4c53-ae26-889230f6c85f - - - - - -] Creating instance of TrackedResource for resource:floatingip
2026-07-10 04:13:36.464 7 INFO neutron.api.extensions [None req-d3baef08-2186-49f1-8091-78f21e6ad498 - - - - - -] Loaded extension: qos-bw-limit-direction
2026-07-10 04:13:36.465 7 INFO neutron.api.extensions [None req-d3baef08-2186-49f1-8091-78f21e6ad498 - - - - - -] Loaded extension: qos-bw-minimum-ingress
2026-07-10 04:13:36.465 7 INFO neutron.api.extensions [None req-d3baef08-2186-49f1-8091-78f21e6ad498 - - - - - -] Loaded extension: qos-default
2026-07-10 04:13:36.466 7 INFO neutron.api.extensions [None req-d3baef08-2186-49f1-8091-78f21e6ad498 - - - - - -] Loaded extension: qos-fip
2026-07-10 04:13:36.466 7 INFO neutron.api.extensions [None req-d3baef08-2186-49f1-8091-78f21e6ad498 - - - - - -] Extension qos-fip-network-policy not supported by any of loaded plugins
2026-07-10 04:13:36.467 7 INFO neutron.api.extensions [None req-d3baef08-2186-49f1-8091-78f21e6ad498 - - - - - -] Loaded extension: qos-gateway-ip
2026-07-10 04:13:36.467 7 INFO neutron.api.extensions [None req-d3baef08-2186-49f1-8091-78f21e6ad498 - - - - - -] Loaded extension: qos-port-network-policy
2026-07-10 04:13:36.468 7 INFO neutron.api.extensions [None req-d3baef08-2186-49f1-8091-78f21e6ad498 - - - - - -] Loaded extension: qos-pps-minimum
2026-07-10 04:13:36.469 7 INFO neutron.api.extensions [None req-d3baef08-2186-49f1-8091-78f21e6ad498 - - - - - -] Loaded extension: qos-pps-minimum-rule-alias
2026-07-10 04:13:36.469 8 INFO neutron.quota.resource_registry [None req-9ce10d42-eec9-4c53-ae26-889230f6c85f - - - - - -] Creating instance of CountableResource for resource:rbac_policy
2026-07-10 04:13:36.469 7 INFO neutron.api.extensions [None req-d3baef08-2186-49f1-8091-78f21e6ad498 - - - - - -] Loaded extension: qos-pps
2026-07-10 04:13:36.470 8 INFO neutron.quota.resource_registry [None req-9ce10d42-eec9-4c53-ae26-889230f6c85f - - - - - -] Creating instance of TrackedResource for resource:security_group
2026-07-10 04:13:36.470 7 INFO neutron.api.extensions [None req-d3baef08-2186-49f1-8091-78f21e6ad498 - - - - - -] Loaded extension: qos-rule-type-details
2026-07-10 04:13:36.470 7 INFO neutron.api.extensions [None req-d3baef08-2186-49f1-8091-78f21e6ad498 - - - - - -] Loaded extension: qos-rule-type-filter
2026-07-10 04:13:36.471 7 INFO neutron.api.extensions [None req-d3baef08-2186-49f1-8091-78f21e6ad498 - - - - - -] Loaded extension: qos-rules-alias
2026-07-10 04:13:36.471 8 INFO neutron.quota.resource_registry [None req-9ce10d42-eec9-4c53-ae26-889230f6c85f - - - - - -] Creating instance of TrackedResource for resource:security_group_rule
2026-07-10 04:13:36.471 7 INFO neutron.api.extensions [None req-d3baef08-2186-49f1-8091-78f21e6ad498 - - - - - -] Loaded extension: quota-check-limit
2026-07-10 04:13:36.472 8 INFO neutron.quota.resource_registry [None req-9ce10d42-eec9-4c53-ae26-889230f6c85f - - - - - -] Creating instance of TrackedResource for resource:subnetpool
2026-07-10 04:13:36.472 8 WARNING neutron.quota.resource_registry [None req-9ce10d42-eec9-4c53-ae26-889230f6c85f - - - - - -] subnetpool is already registered
2026-07-10 04:13:36.472 7 INFO neutron.api.extensions [None req-d3baef08-2186-49f1-8091-78f21e6ad498 - - - - - -] Loaded extension: quota-check-limit-default
2026-07-10 04:13:36.472 8 INFO neutron.quota.resource_registry [None req-9ce10d42-eec9-4c53-ae26-889230f6c85f - - - - - -] Creating instance of CountableResource for resource:trunk
2026-07-10 04:13:36.473 8 INFO neutron.quota.resource_registry [None req-9ce10d42-eec9-4c53-ae26-889230f6c85f - - - - - -] Creating instance of CountableResource for resource:ikepolicy
2026-07-10 04:13:36.473 8 INFO neutron.quota.resource_registry [None req-9ce10d42-eec9-4c53-ae26-889230f6c85f - - - - - -] Creating instance of CountableResource for resource:ipsecpolicy
2026-07-10 04:13:36.474 8 INFO neutron.quota.resource_registry [None req-9ce10d42-eec9-4c53-ae26-889230f6c85f - - - - - -] Creating instance of CountableResource for resource:endpoint_group
2026-07-10 04:13:36.474 7 INFO neutron.api.extensions [None req-d3baef08-2186-49f1-8091-78f21e6ad498 - - - - - -] Loaded extension: quotas
2026-07-10 04:13:36.474 8 INFO neutron.quota.resource_registry [None req-9ce10d42-eec9-4c53-ae26-889230f6c85f - - - - - -] Creating instance of CountableResource for resource:vpnservice
2026-07-10 04:13:36.474 8 INFO neutron.quota.resource_registry [None req-9ce10d42-eec9-4c53-ae26-889230f6c85f - - - - - -] Creating instance of CountableResource for resource:ipsec_site_connection
2026-07-10 04:13:36.475 8 INFO neutron.quota.resource_registry [None req-9ce10d42-eec9-4c53-ae26-889230f6c85f - - - - - -] Creating instance of CountableResource for resource:ipsecpolicy
2026-07-10 04:13:36.475 8 WARNING neutron.quota.resource_registry [None req-9ce10d42-eec9-4c53-ae26-889230f6c85f - - - - - -] ipsecpolicy is already registered
2026-07-10 04:13:36.475 7 INFO neutron.api.extensions [None req-d3baef08-2186-49f1-8091-78f21e6ad498 - - - - - -] Loaded extension: quota_details
2026-07-10 04:13:36.475 8 INFO neutron.quota.resource_registry [None req-9ce10d42-eec9-4c53-ae26-889230f6c85f - - - - - -] Creating instance of CountableResource for resource:ikepolicy
2026-07-10 04:13:36.476 8 WARNING neutron.quota.resource_registry [None req-9ce10d42-eec9-4c53-ae26-889230f6c85f - - - - - -] ikepolicy is already registered
2026-07-10 04:13:36.476 7 INFO neutron.api.extensions [None req-d3baef08-2186-49f1-8091-78f21e6ad498 - - - - - -] Loaded extension: rbac-policies
2026-07-10 04:13:36.477 7 INFO neutron.api.extensions [None req-d3baef08-2186-49f1-8091-78f21e6ad498 - - - - - -] Extension rbac-address-group not supported by any of loaded plugins
2026-07-10 04:13:36.477 7 INFO neutron.api.extensions [None req-d3baef08-2186-49f1-8091-78f21e6ad498 - - - - - -] Loaded extension: rbac-address-scope
2026-07-10 04:13:36.478 7 INFO neutron.api.extensions [None req-d3baef08-2186-49f1-8091-78f21e6ad498 - - - - - -] Loaded extension: rbac-security-groups
2026-07-10 04:13:36.478 7 INFO neutron.api.extensions [None req-d3baef08-2186-49f1-8091-78f21e6ad498 - - - - - -] Extension rbac-subnetpool not supported by any of loaded plugins
2026-07-10 04:13:36.479 7 INFO neutron.api.extensions [None req-d3baef08-2186-49f1-8091-78f21e6ad498 - - - - - -] Loaded extension: revision-if-match
2026-07-10 04:13:36.480 7 INFO neutron.api.extensions [None req-d3baef08-2186-49f1-8091-78f21e6ad498 - - - - - -] Loaded extension: standard-attr-revisions
2026-07-10 04:13:36.480 8 INFO neutron.quota.resource_registry [None req-9ce10d42-eec9-4c53-ae26-889230f6c85f - - - - - -] Creating instance of TrackedResource for resource:router
2026-07-10 04:13:36.480 8 WARNING neutron.quota.resource_registry [None req-9ce10d42-eec9-4c53-ae26-889230f6c85f - - - - - -] router is already registered
2026-07-10 04:13:36.480 7 INFO neutron.api.extensions [None req-d3baef08-2186-49f1-8091-78f21e6ad498 - - - - - -] Loaded extension: router_availability_zone
2026-07-10 04:13:36.480 8 INFO neutron.quota.resource_registry [None req-9ce10d42-eec9-4c53-ae26-889230f6c85f - - - - - -] Creating instance of TrackedResource for resource:floatingip
2026-07-10 04:13:36.480 8 WARNING neutron.quota.resource_registry [None req-9ce10d42-eec9-4c53-ae26-889230f6c85f - - - - - -] floatingip is already registered
2026-07-10 04:13:36.481 7 INFO neutron.api.extensions [None req-d3baef08-2186-49f1-8091-78f21e6ad498 - - - - - -] Extension router-service-type not supported by any of loaded plugins
2026-07-10 04:13:36.482 7 INFO neutron.api.extensions [None req-d3baef08-2186-49f1-8091-78f21e6ad498 - - - - - -] Loaded extension: security-groups-default-rules
2026-07-10 04:13:36.483 7 INFO neutron.api.extensions [None req-d3baef08-2186-49f1-8091-78f21e6ad498 - - - - - -] Loaded extension: security-groups-normalized-cidr
2026-07-10 04:13:36.483 7 INFO neutron.api.extensions [None req-d3baef08-2186-49f1-8091-78f21e6ad498 - - - - - -] Extension port-security-groups-filtering not supported by any of loaded plugins
2026-07-10 04:13:36.484 7 INFO neutron.api.extensions [None req-d3baef08-2186-49f1-8091-78f21e6ad498 - - - - - -] Loaded extension: security-groups-remote-address-group
2026-07-10 04:13:36.484 7 INFO neutron.api.extensions [None req-d3baef08-2186-49f1-8091-78f21e6ad498 - - - - - -] Loaded extension: security-groups-rules-belongs-to-default-sg
2026-07-10 04:13:36.484 8 INFO neutron.quota.resource_registry [None req-9ce10d42-eec9-4c53-ae26-889230f6c85f - - - - - -] Creating instance of CountableResource for resource:rbac_policy
2026-07-10 04:13:36.485 8 WARNING neutron.quota.resource_registry [None req-9ce10d42-eec9-4c53-ae26-889230f6c85f - - - - - -] rbac_policy is already registered
2026-07-10 04:13:36.485 7 INFO neutron.api.extensions [None req-d3baef08-2186-49f1-8091-78f21e6ad498 - - - - - -] Loaded extension: security-groups-shared-filtering
2026-07-10 04:13:36.485 8 INFO neutron.quota.resource_registry [None req-9ce10d42-eec9-4c53-ae26-889230f6c85f - - - - - -] Creating instance of TrackedResource for resource:security_group
2026-07-10 04:13:36.485 8 WARNING neutron.quota.resource_registry [None req-9ce10d42-eec9-4c53-ae26-889230f6c85f - - - - - -] security_group is already registered
2026-07-10 04:13:36.486 8 INFO neutron.quota.resource_registry [None req-9ce10d42-eec9-4c53-ae26-889230f6c85f - - - - - -] Creating instance of TrackedResource for resource:security_group_rule
2026-07-10 04:13:36.486 8 WARNING neutron.quota.resource_registry [None req-9ce10d42-eec9-4c53-ae26-889230f6c85f - - - - - -] security_group_rule is already registered
2026-07-10 04:13:36.486 8 INFO neutron.quota.resource_registry [None req-9ce10d42-eec9-4c53-ae26-889230f6c85f - - - - - -] Creating instance of TrackedResource for resource:subnetpool
2026-07-10 04:13:36.487 8 WARNING neutron.quota.resource_registry [None req-9ce10d42-eec9-4c53-ae26-889230f6c85f - - - - - -] subnetpool is already registered
2026-07-10 04:13:36.487 8 INFO neutron.quota.resource_registry [None req-9ce10d42-eec9-4c53-ae26-889230f6c85f - - - - - -] Creating instance of CountableResource for resource:trunk
2026-07-10 04:13:36.487 8 WARNING neutron.quota.resource_registry [None req-9ce10d42-eec9-4c53-ae26-889230f6c85f - - - - - -] trunk is already registered
2026-07-10 04:13:36.488 8 INFO neutron.quota.resource_registry [None req-9ce10d42-eec9-4c53-ae26-889230f6c85f - - - - - -] Creating instance of CountableResource for resource:ikepolicy
2026-07-10 04:13:36.488 8 WARNING neutron.quota.resource_registry [None req-9ce10d42-eec9-4c53-ae26-889230f6c85f - - - - - -] ikepolicy is already registered
2026-07-10 04:13:36.488 8 INFO neutron.quota.resource_registry [None req-9ce10d42-eec9-4c53-ae26-889230f6c85f - - - - - -] Creating instance of CountableResource for resource:ipsecpolicy
2026-07-10 04:13:36.488 8 WARNING neutron.quota.resource_registry [None req-9ce10d42-eec9-4c53-ae26-889230f6c85f - - - - - -] ipsecpolicy is already registered
2026-07-10 04:13:36.489 8 INFO neutron.quota.resource_registry [None req-9ce10d42-eec9-4c53-ae26-889230f6c85f - - - - - -] Creating instance of CountableResource for resource:endpoint_group
2026-07-10 04:13:36.489 8 WARNING neutron.quota.resource_registry [None req-9ce10d42-eec9-4c53-ae26-889230f6c85f - - - - - -] endpoint_group is already registered
2026-07-10 04:13:36.489 8 INFO neutron.quota.resource_registry [None req-9ce10d42-eec9-4c53-ae26-889230f6c85f - - - - - -] Creating instance of CountableResource for resource:vpnservice
2026-07-10 04:13:36.489 8 WARNING neutron.quota.resource_registry [None req-9ce10d42-eec9-4c53-ae26-889230f6c85f - - - - - -] vpnservice is already registered
2026-07-10 04:13:36.489 7 INFO neutron.api.extensions [None req-d3baef08-2186-49f1-8091-78f21e6ad498 - - - - - -] Loaded extension: security-group
2026-07-10 04:13:36.490 8 INFO neutron.quota.resource_registry [None req-9ce10d42-eec9-4c53-ae26-889230f6c85f - - - - - -] Creating instance of CountableResource for resource:ipsec_site_connection
2026-07-10 04:13:36.490 8 WARNING neutron.quota.resource_registry [None req-9ce10d42-eec9-4c53-ae26-889230f6c85f - - - - - -] ipsec_site_connection is already registered
2026-07-10 04:13:36.490 8 INFO neutron.quota.resource_registry [None req-9ce10d42-eec9-4c53-ae26-889230f6c85f - - - - - -] Creating instance of CountableResource for resource:ipsecpolicy
2026-07-10 04:13:36.490 8 WARNING neutron.quota.resource_registry [None req-9ce10d42-eec9-4c53-ae26-889230f6c85f - - - - - -] ipsecpolicy is already registered
2026-07-10 04:13:36.490 7 INFO neutron.api.extensions [None req-d3baef08-2186-49f1-8091-78f21e6ad498 - - - - - -] Loaded extension: segment
2026-07-10 04:13:36.491 8 INFO neutron.quota.resource_registry [None req-9ce10d42-eec9-4c53-ae26-889230f6c85f - - - - - -] Creating instance of CountableResource for resource:ikepolicy
2026-07-10 04:13:36.491 8 WARNING neutron.quota.resource_registry [None req-9ce10d42-eec9-4c53-ae26-889230f6c85f - - - - - -] ikepolicy is already registered
2026-07-10 04:13:36.491 7 INFO neutron.api.extensions [None req-d3baef08-2186-49f1-8091-78f21e6ad498 - - - - - -] Loaded extension: segments-peer-subnet-host-routes
2026-07-10 04:13:36.492 7 INFO neutron.api.extensions [None req-d3baef08-2186-49f1-8091-78f21e6ad498 - - - - - -] Loaded extension: service-type
2026-07-10 04:13:36.492 7 INFO neutron.api.extensions [None req-d3baef08-2186-49f1-8091-78f21e6ad498 - - - - - -] Loaded extension: sorting
2026-07-10 04:13:36.492 7 INFO neutron.api.extensions [None req-d3baef08-2186-49f1-8091-78f21e6ad498 - - - - - -] Loaded extension: standard-attr-segment
2026-07-10 04:13:36.493 7 INFO neutron.api.extensions [None req-d3baef08-2186-49f1-8091-78f21e6ad498 - - - - - -] Loaded extension: standard-attr-description
2026-07-10 04:13:36.494 7 INFO neutron.api.extensions [None req-d3baef08-2186-49f1-8091-78f21e6ad498 - - - - - -] Loaded extension: stateful-security-group
2026-07-10 04:13:36.494 7 WARNING neutron.api.extensions [None req-d3baef08-2186-49f1-8091-78f21e6ad498 - - - - - -] Did not find expected name "Stdattrs_common" in /var/lib/openstack/lib/python3.12/site-packages/neutron/extensions/stdattrs_common.py
2026-07-10 04:13:36.495 7 INFO neutron.api.extensions [None req-d3baef08-2186-49f1-8091-78f21e6ad498 - - - - - -] Loaded extension: subnet-dns-publish-fixed-ip
2026-07-10 04:13:36.495 7 INFO neutron.api.extensions [None req-d3baef08-2186-49f1-8091-78f21e6ad498 - - - - - -] Loaded extension: subnet-external-network
2026-07-10 04:13:36.496 7 INFO neutron.api.extensions [None req-d3baef08-2186-49f1-8091-78f21e6ad498 - - - - - -] Extension subnet_onboard not supported by any of loaded plugins
2026-07-10 04:13:36.496 7 INFO neutron.api.extensions [None req-d3baef08-2186-49f1-8091-78f21e6ad498 - - - - - -] Loaded extension: subnet-segmentid-writable
2026-07-10 04:13:36.497 7 INFO neutron.api.extensions [None req-d3baef08-2186-49f1-8091-78f21e6ad498 - - - - - -] Loaded extension: subnet-service-types
2026-07-10 04:13:36.497 7 INFO neutron.api.extensions [None req-d3baef08-2186-49f1-8091-78f21e6ad498 - - - - - -] Loaded extension: subnet_allocation
2026-07-10 04:13:36.498 7 INFO neutron.api.extensions [None req-d3baef08-2186-49f1-8091-78f21e6ad498 - - - - - -] Loaded extension: subnetpool-prefix-ops
2026-07-10 04:13:36.499 7 INFO neutron.api.extensions [None req-d3baef08-2186-49f1-8091-78f21e6ad498 - - - - - -] Loaded extension: tag-creation
2026-07-10 04:13:36.499 7 INFO neutron.api.extensions [None req-d3baef08-2186-49f1-8091-78f21e6ad498 - - - - - -] Extension tag-ports-during-bulk-creation not supported by any of loaded plugins
2026-07-10 04:13:36.503 7 INFO neutron.api.extensions [None req-d3baef08-2186-49f1-8091-78f21e6ad498 - - - - - -] Loaded extension: standard-attr-tag
2026-07-10 04:13:36.504 7 INFO neutron.api.extensions [None req-d3baef08-2186-49f1-8091-78f21e6ad498 - - - - - -] Loaded extension: standard-attr-timestamp
2026-07-10 04:13:36.504 7 INFO neutron.api.extensions [None req-d3baef08-2186-49f1-8091-78f21e6ad498 - - - - - -] Loaded extension: trunk
2026-07-10 04:13:36.505 7 INFO neutron.api.extensions [None req-d3baef08-2186-49f1-8091-78f21e6ad498 - - - - - -] Loaded extension: trunk-details
2026-07-10 04:13:36.505 7 INFO neutron.api.extensions [None req-d3baef08-2186-49f1-8091-78f21e6ad498 - - - - - -] Extension uplink-status-propagation not supported by any of loaded plugins
2026-07-10 04:13:36.506 7 INFO neutron.api.extensions [None req-d3baef08-2186-49f1-8091-78f21e6ad498 - - - - - -] Extension uplink-status-propagation-updatable not supported by any of loaded plugins
2026-07-10 04:13:36.506 7 INFO neutron.api.extensions [None req-d3baef08-2186-49f1-8091-78f21e6ad498 - - - - - -] Loaded extension: vlan-transparent
2026-07-10 04:13:36.507 7 INFO neutron.api.extensions [None req-d3baef08-2186-49f1-8091-78f21e6ad498 - - - - - -] Loaded extension: vpn-aes-ctr
2026-07-10 04:13:36.509 7 INFO neutron.api.extensions [None req-d3baef08-2186-49f1-8091-78f21e6ad498 - - - - - -] Loaded extension: vpn-agent-scheduler
2026-07-10 04:13:36.510 7 INFO neutron.api.extensions [None req-d3baef08-2186-49f1-8091-78f21e6ad498 - - - - - -] Loaded extension: vpn-endpoint-groups
2026-07-10 04:13:36.510 7 INFO neutron.api.extensions [None req-d3baef08-2186-49f1-8091-78f21e6ad498 - - - - - -] Loaded extension: vpn-flavors
2026-07-10 04:13:36.512 7 INFO neutron.api.extensions [None req-d3baef08-2186-49f1-8091-78f21e6ad498 - - - - - -] Loaded extension: vpnaas
2026-07-10 04:13:36.513 7 INFO neutron.api.extensions [None req-d3baef08-2186-49f1-8091-78f21e6ad498 - - - - - -] Loaded extension: taas
2026-07-10 04:13:36.514 7 INFO neutron.api.extensions [None req-d3baef08-2186-49f1-8091-78f21e6ad498 - - - - - -] Loaded extension: tap-mirror
2026-07-10 04:13:36.515 7 INFO neutron.api.extensions [None req-d3baef08-2186-49f1-8091-78f21e6ad498 - - - - - -] Loaded extension: taas-vlan-filter
2026-07-10 04:13:36.517 7 INFO neutron.quota.resource_registry [None req-d3baef08-2186-49f1-8091-78f21e6ad498 - - - - - -] Creating instance of TrackedResource for resource:network
2026-07-10 04:13:36.517 7 INFO neutron.quota.resource_registry [None req-d3baef08-2186-49f1-8091-78f21e6ad498 - - - - - -] Creating instance of TrackedResource for resource:subnet
2026-07-10 04:13:36.517 7 INFO neutron.quota.resource_registry [None req-d3baef08-2186-49f1-8091-78f21e6ad498 - - - - - -] Creating instance of TrackedResource for resource:subnetpool
2026-07-10 04:13:36.517 7 INFO neutron.quota.resource_registry [None req-d3baef08-2186-49f1-8091-78f21e6ad498 - - - - - -] Creating instance of TrackedResource for resource:port
2026-07-10 04:13:36.520 7 INFO neutron.quota.resource_registry [None req-d3baef08-2186-49f1-8091-78f21e6ad498 - - - - - -] Creating instance of TrackedResource for resource:router
2026-07-10 04:13:36.521 7 INFO neutron.quota.resource_registry [None req-d3baef08-2186-49f1-8091-78f21e6ad498 - - - - - -] Creating instance of TrackedResource for resource:floatingip
2026-07-10 04:13:36.525 7 INFO neutron.quota.resource_registry [None req-d3baef08-2186-49f1-8091-78f21e6ad498 - - - - - -] Creating instance of CountableResource for resource:rbac_policy
2026-07-10 04:13:36.526 7 INFO neutron.quota.resource_registry [None req-d3baef08-2186-49f1-8091-78f21e6ad498 - - - - - -] Creating instance of TrackedResource for resource:security_group
2026-07-10 04:13:36.526 8 WARNING keystonemiddleware._common.config [None req-9ce10d42-eec9-4c53-ae26-889230f6c85f - - - - - -] The option "audit_map_file" is not known to keystonemiddleware
2026-07-10 04:13:36.527 7 INFO neutron.quota.resource_registry [None req-d3baef08-2186-49f1-8091-78f21e6ad498 - - - - - -] Creating instance of TrackedResource for resource:security_group_rule
2026-07-10 04:13:36.528 7 INFO neutron.quota.resource_registry [None req-d3baef08-2186-49f1-8091-78f21e6ad498 - - - - - -] Creating instance of TrackedResource for resource:subnetpool
2026-07-10 04:13:36.528 7 WARNING neutron.quota.resource_registry [None req-d3baef08-2186-49f1-8091-78f21e6ad498 - - - - - -] subnetpool is already registered
2026-07-10 04:13:36.529 7 INFO neutron.quota.resource_registry [None req-d3baef08-2186-49f1-8091-78f21e6ad498 - - - - - -] Creating instance of CountableResource for resource:trunk
2026-07-10 04:13:36.529 7 INFO neutron.quota.resource_registry [None req-d3baef08-2186-49f1-8091-78f21e6ad498 - - - - - -] Creating instance of CountableResource for resource:ikepolicy
2026-07-10 04:13:36.530 7 INFO neutron.quota.resource_registry [None req-d3baef08-2186-49f1-8091-78f21e6ad498 - - - - - -] Creating instance of CountableResource for resource:ipsecpolicy
2026-07-10 04:13:36.530 7 INFO neutron.quota.resource_registry [None req-d3baef08-2186-49f1-8091-78f21e6ad498 - - - - - -] Creating instance of CountableResource for resource:endpoint_group
2026-07-10 04:13:36.530 7 INFO neutron.quota.resource_registry [None req-d3baef08-2186-49f1-8091-78f21e6ad498 - - - - - -] Creating instance of CountableResource for resource:vpnservice
2026-07-10 04:13:36.531 7 INFO neutron.quota.resource_registry [None req-d3baef08-2186-49f1-8091-78f21e6ad498 - - - - - -] Creating instance of CountableResource for resource:ipsec_site_connection
2026-07-10 04:13:36.531 7 INFO neutron.quota.resource_registry [None req-d3baef08-2186-49f1-8091-78f21e6ad498 - - - - - -] Creating instance of CountableResource for resource:ipsecpolicy
2026-07-10 04:13:36.531 7 WARNING neutron.quota.resource_registry [None req-d3baef08-2186-49f1-8091-78f21e6ad498 - - - - - -] ipsecpolicy is already registered
2026-07-10 04:13:36.532 7 INFO neutron.quota.resource_registry [None req-d3baef08-2186-49f1-8091-78f21e6ad498 - - - - - -] Creating instance of CountableResource for resource:ikepolicy
2026-07-10 04:13:36.532 7 WARNING neutron.quota.resource_registry [None req-d3baef08-2186-49f1-8091-78f21e6ad498 - - - - - -] ikepolicy is already registered
2026-07-10 04:13:36.533 8 WARNING oslo_config.cfg [None req-9ce10d42-eec9-4c53-ae26-889230f6c85f - - - - - -] Deprecated: Option "auth_uri" from group "keystone_authtoken" is deprecated. Use option "www_authenticate_uri" from group "keystone_authtoken".
2026-07-10 04:13:36.536 7 INFO neutron.quota.resource_registry [None req-d3baef08-2186-49f1-8091-78f21e6ad498 - - - - - -] Creating instance of TrackedResource for resource:router
2026-07-10 04:13:36.536 7 WARNING neutron.quota.resource_registry [None req-d3baef08-2186-49f1-8091-78f21e6ad498 - - - - - -] router is already registered
2026-07-10 04:13:36.537 7 INFO neutron.quota.resource_registry [None req-d3baef08-2186-49f1-8091-78f21e6ad498 - - - - - -] Creating instance of TrackedResource for resource:floatingip
2026-07-10 04:13:36.537 7 WARNING neutron.quota.resource_registry [None req-d3baef08-2186-49f1-8091-78f21e6ad498 - - - - - -] floatingip is already registered
2026-07-10 04:13:36.541 7 INFO neutron.quota.resource_registry [None req-d3baef08-2186-49f1-8091-78f21e6ad498 - - - - - -] Creating instance of CountableResource for resource:rbac_policy
2026-07-10 04:13:36.541 7 WARNING neutron.quota.resource_registry [None req-d3baef08-2186-49f1-8091-78f21e6ad498 - - - - - -] rbac_policy is already registered
2026-07-10 04:13:36.541 7 INFO neutron.quota.resource_registry [None req-d3baef08-2186-49f1-8091-78f21e6ad498 - - - - - -] Creating instance of TrackedResource for resource:security_group
2026-07-10 04:13:36.542 7 WARNING neutron.quota.resource_registry [None req-d3baef08-2186-49f1-8091-78f21e6ad498 - - - - - -] security_group is already registered
2026-07-10 04:13:36.542 7 INFO neutron.quota.resource_registry [None req-d3baef08-2186-49f1-8091-78f21e6ad498 - - - - - -] Creating instance of TrackedResource for resource:security_group_rule
2026-07-10 04:13:36.542 7 WARNING neutron.quota.resource_registry [None req-d3baef08-2186-49f1-8091-78f21e6ad498 - - - - - -] security_group_rule is already registered
2026-07-10 04:13:36.543 7 INFO neutron.quota.resource_registry [None req-d3baef08-2186-49f1-8091-78f21e6ad498 - - - - - -] Creating instance of TrackedResource for resource:subnetpool
2026-07-10 04:13:36.543 7 WARNING neutron.quota.resource_registry [None req-d3baef08-2186-49f1-8091-78f21e6ad498 - - - - - -] subnetpool is already registered
2026-07-10 04:13:36.543 7 INFO neutron.quota.resource_registry [None req-d3baef08-2186-49f1-8091-78f21e6ad498 - - - - - -] Creating instance of CountableResource for resource:trunk
2026-07-10 04:13:36.544 7 WARNING neutron.quota.resource_registry [None req-d3baef08-2186-49f1-8091-78f21e6ad498 - - - - - -] trunk is already registered
2026-07-10 04:13:36.544 7 INFO neutron.quota.resource_registry [None req-d3baef08-2186-49f1-8091-78f21e6ad498 - - - - - -] Creating instance of CountableResource for resource:ikepolicy
2026-07-10 04:13:36.544 7 WARNING neutron.quota.resource_registry [None req-d3baef08-2186-49f1-8091-78f21e6ad498 - - - - - -] ikepolicy is already registered
2026-07-10 04:13:36.544 7 INFO neutron.quota.resource_registry [None req-d3baef08-2186-49f1-8091-78f21e6ad498 - - - - - -] Creating instance of CountableResource for resource:ipsecpolicy
2026-07-10 04:13:36.545 7 WARNING neutron.quota.resource_registry [None req-d3baef08-2186-49f1-8091-78f21e6ad498 - - - - - -] ipsecpolicy is already registered
2026-07-10 04:13:36.545 7 INFO neutron.quota.resource_registry [None req-d3baef08-2186-49f1-8091-78f21e6ad498 - - - - - -] Creating instance of CountableResource for resource:endpoint_group
2026-07-10 04:13:36.545 7 WARNING neutron.quota.resource_registry [None req-d3baef08-2186-49f1-8091-78f21e6ad498 - - - - - -] endpoint_group is already registered
2026-07-10 04:13:36.545 7 INFO neutron.quota.resource_registry [None req-d3baef08-2186-49f1-8091-78f21e6ad498 - - - - - -] Creating instance of CountableResource for resource:vpnservice
2026-07-10 04:13:36.546 7 WARNING neutron.quota.resource_registry [None req-d3baef08-2186-49f1-8091-78f21e6ad498 - - - - - -] vpnservice is already registered
2026-07-10 04:13:36.546 7 INFO neutron.quota.resource_registry [None req-d3baef08-2186-49f1-8091-78f21e6ad498 - - - - - -] Creating instance of CountableResource for resource:ipsec_site_connection
2026-07-10 04:13:36.546 7 WARNING neutron.quota.resource_registry [None req-d3baef08-2186-49f1-8091-78f21e6ad498 - - - - - -] ipsec_site_connection is already registered
2026-07-10 04:13:36.546 7 INFO neutron.quota.resource_registry [None req-d3baef08-2186-49f1-8091-78f21e6ad498 - - - - - -] Creating instance of CountableResource for resource:ipsecpolicy
2026-07-10 04:13:36.547 7 WARNING neutron.quota.resource_registry [None req-d3baef08-2186-49f1-8091-78f21e6ad498 - - - - - -] ipsecpolicy is already registered
2026-07-10 04:13:36.547 7 INFO neutron.quota.resource_registry [None req-d3baef08-2186-49f1-8091-78f21e6ad498 - - - - - -] Creating instance of CountableResource for resource:ikepolicy
2026-07-10 04:13:36.547 7 WARNING neutron.quota.resource_registry [None req-d3baef08-2186-49f1-8091-78f21e6ad498 - - - - - -] ikepolicy is already registered
2026-07-10 04:13:36.554 8 WARNING neutron.plugins.ml2.drivers.ovn.mech_driver.mech_driver [None req-9ce10d42-eec9-4c53-ae26-889230f6c85f - - - - - -] uWSGI must provide a start time using the configuration parameter "start-time %t" in the configuration file
2026-07-10 04:13:36.568 8 INFO neutron.db.ovn_hash_ring_db [None req-9ce10d42-eec9-4c53-ae26-889230f6c85f - - - - - -] Nodes from host "neutron-server-6b55667b84-lmq76" and group "mechanism_driver" removed from the Hash Ring created at
2026-07-10 04:13:36+00:00
2026-07-10 04:13:36.571 8 INFO neutron.db.ovn_hash_ring_db [None req-9ce10d42-eec9-4c53-ae26-889230f6c85f - - - - - -] Node 325eca76a092523496a44c47a1ff6080 from host "neutron-server-6b55667b84-lmq76" and group "mechanism_driver" added to the Hash Ring
2026-07-10 04:13:36.579 8 INFO neutron.plugins.ml2.drivers.ovn.mech_driver.mech_driver [None req-9ce10d42-eec9-4c53-ae26-889230f6c85f - - - - - -] Hash Ring probing thread for node 325eca76a092523496a44c47a1ff6080 has started
2026-07-10 04:13:36.580 8 INFO neutron.plugins.ml2.drivers.ovn.mech_driver.ovsdb.impl_idl_ovn [None req-9ce10d42-eec9-4c53-ae26-889230f6c85f - - - - - -] Getting OvsdbNbOvnIdl for WorkerService with retry
2026-07-10 04:13:36.583 7 WARNING keystonemiddleware._common.config [None req-d3baef08-2186-49f1-8091-78f21e6ad498 - - - - - -] The option "audit_map_file" is not known to keystonemiddleware
2026-07-10 04:13:36.590 7 WARNING oslo_config.cfg [None req-d3baef08-2186-49f1-8091-78f21e6ad498 - - - - - -] Deprecated: Option "auth_uri" from group "keystone_authtoken" is deprecated. Use option "www_authenticate_uri" from group "keystone_authtoken".
2026-07-10 04:13:36.611 8 INFO ovsdbapp.backend.ovs_idl.vlog [None req-9ce10d42-eec9-4c53-ae26-889230f6c85f - - - - - -] tcp:10.102.142.123:6641: connecting...
2026-07-10 04:13:36.612 8 INFO ovsdbapp.backend.ovs_idl.vlog [None req-9ce10d42-eec9-4c53-ae26-889230f6c85f - - - - - -] tcp:10.102.142.123:6641: connected
2026-07-10 04:13:36.614 7 WARNING neutron.plugins.ml2.drivers.ovn.mech_driver.mech_driver [None req-d3baef08-2186-49f1-8091-78f21e6ad498 - - - - - -] uWSGI must provide a start time using the configuration parameter "start-time %t" in the configuration file
2026-07-10 04:13:36.628 7 INFO neutron.db.ovn_hash_ring_db [None req-d3baef08-2186-49f1-8091-78f21e6ad498 - - - - - -] Nodes from host "neutron-server-6b55667b84-lmq76" and group "mechanism_driver" removed from the Hash Ring created at
2026-07-10 04:13:36+00:00
2026-07-10 04:13:36.631 7 INFO neutron.db.ovn_hash_ring_db [None req-d3baef08-2186-49f1-8091-78f21e6ad498 - - - - - -] Node 07a12328e07b5e6d82875c59ae1334d0 from host "neutron-server-6b55667b84-lmq76" and group "mechanism_driver" added to the Hash Ring
2026-07-10 04:13:36.640 7 INFO neutron.plugins.ml2.drivers.ovn.mech_driver.mech_driver [None req-d3baef08-2186-49f1-8091-78f21e6ad498 - - - - - -] Hash Ring probing thread for node 07a12328e07b5e6d82875c59ae1334d0 has started
2026-07-10 04:13:36.643 7 INFO neutron.plugins.ml2.drivers.ovn.mech_driver.ovsdb.impl_idl_ovn [None req-d3baef08-2186-49f1-8091-78f21e6ad498 - - - - - -] Getting OvsdbNbOvnIdl for WorkerService with retry
2026-07-10 04:13:36.652 8 INFO neutron.plugins.ml2.drivers.ovn.mech_driver.ovsdb.impl_idl_ovn [None req-9ce10d42-eec9-4c53-ae26-889230f6c85f - - - - - -] Getting OvsdbSbOvnIdl for WorkerService with retry
2026-07-10 04:13:36.671 8 INFO ovsdbapp.backend.ovs_idl.vlog [None req-9ce10d42-eec9-4c53-ae26-889230f6c85f - - - - - -] tcp:10.97.169.183:6642: connecting...
2026-07-10 04:13:36.671 8 INFO ovsdbapp.backend.ovs_idl.vlog [None req-9ce10d42-eec9-4c53-ae26-889230f6c85f - - - - - -] tcp:10.97.169.183:6642: connected
2026-07-10 04:13:36.684 7 INFO ovsdbapp.backend.ovs_idl.vlog [None req-d3baef08-2186-49f1-8091-78f21e6ad498 - - - - - -] tcp:10.102.142.123:6641: connecting...
2026-07-10 04:13:36.684 7 INFO ovsdbapp.backend.ovs_idl.vlog [None req-d3baef08-2186-49f1-8091-78f21e6ad498 - - - - - -] tcp:10.102.142.123:6641: connected
2026-07-10 04:13:36.699 8 INFO neutron.plugins.ml2.drivers.ovn.mech_driver.mech_driver [None req-9ce10d42-eec9-4c53-ae26-889230f6c85f - - - - - -] WorkerService process has finished the post initialization
2026-07-10 04:13:36.700 8 INFO neutron.plugins.ml2.drivers.ovn.mech_driver.ovsdb.extensions.qos [-] Starting OVNClientQosExtension
2026-07-10 04:13:36.701 8 INFO neutron.plugins.ml2.drivers.ovn.mech_driver.ovsdb.extensions.placement [-] Starting OVNClientPlacementExtension
2026-07-10 04:13:36.717 8 INFO ovsdbapp.backend.ovs_idl.vlog [None req-9ce10d42-eec9-4c53-ae26-889230f6c85f - - - - - -] tcp:10.102.142.123:6641: connecting...
2026-07-10 04:13:36.718 8 INFO ovsdbapp.backend.ovs_idl.vlog [None req-9ce10d42-eec9-4c53-ae26-889230f6c85f - - - - - -] tcp:10.102.142.123:6641: connected
2026-07-10 04:13:36.723 7 INFO neutron.plugins.ml2.drivers.ovn.mech_driver.ovsdb.impl_idl_ovn [None req-d3baef08-2186-49f1-8091-78f21e6ad498 - - - - - -] Getting OvsdbSbOvnIdl for WorkerService with retry
2026-07-10 04:13:36.746 7 INFO ovsdbapp.backend.ovs_idl.vlog [None req-d3baef08-2186-49f1-8091-78f21e6ad498 - - - - - -] tcp:10.97.169.183:6642: connecting...
2026-07-10 04:13:36.746 7 INFO ovsdbapp.backend.ovs_idl.vlog [None req-d3baef08-2186-49f1-8091-78f21e6ad498 - - - - - -] tcp:10.97.169.183:6642: connected
2026-07-10 04:13:36.754 8 INFO ovsdbapp.backend.ovs_idl.vlog [None req-9ce10d42-eec9-4c53-ae26-889230f6c85f - - - - - -] tcp:10.102.142.123:6641: connecting...
2026-07-10 04:13:36.755 8 INFO ovsdbapp.backend.ovs_idl.vlog [None req-9ce10d42-eec9-4c53-ae26-889230f6c85f - - - - - -] tcp:10.102.142.123:6641: connected WSGI app 0 (mountpoint='') ready in 8 seconds on interpreter 0x7fbed568e668 pid: 8 (default app)
2026-07-10 04:13:36.776 7 INFO neutron.plugins.ml2.drivers.ovn.mech_driver.mech_driver [None req-d3baef08-2186-49f1-8091-78f21e6ad498 - - - - - -] WorkerService process has finished the post initialization
2026-07-10 04:13:36.794 7 INFO ovsdbapp.backend.ovs_idl.vlog [None req-d3baef08-2186-49f1-8091-78f21e6ad498 - - - - - -] tcp:10.102.142.123:6641: connecting...
2026-07-10 04:13:36.794 7 INFO ovsdbapp.backend.ovs_idl.vlog [None req-d3baef08-2186-49f1-8091-78f21e6ad498 - - - - - -] tcp:10.102.142.123:6641: connected
2026-07-10 04:13:36.833 7 INFO ovsdbapp.backend.ovs_idl.vlog [None req-d3baef08-2186-49f1-8091-78f21e6ad498 - - - - - -] tcp:10.102.142.123:6641: connecting...
2026-07-10 04:13:36.833 7 INFO ovsdbapp.backend.ovs_idl.vlog [None req-d3baef08-2186-49f1-8091-78f21e6ad498 - - - - - -] tcp:10.102.142.123:6641: connected WSGI app 0 (mountpoint='') ready in 8 seconds on interpreter 0x7fbed568e668 pid: 7 (default app) /var/lib/openstack/lib/python3.12/site-packages/pycadf/identifier.py:70: UserWarning: Invalid uuid: unknown. To ensure interoperability, identifiers should be a valid uuid. warnings.warn(('Invalid uuid: %s. To ensure interoperability, '
2026-07-10 04:13:38.826 8 INFO neutron.pecan_wsgi.hooks.translation [None req-71384a15-c9a9-4cbf-b778-96333838b2e8 4b375d4464d142cc928d3c75c3eb2460 faf457310f6142019a98979f2f5a9c1c - - default default] GET failed (client error): The resource could not be found. [pid: 8|app: 0|req: 3/3] 199.204.45.240 () {44 vars in 928 bytes} [Fri Jul 10 04:13:37 2026] GET /v2.0/networks/public => generated 108 bytes in 907 msecs (HTTP/1.1 404) 4 headers in 164 bytes (1 switches on core 0) /var/lib/openstack/lib/python3.12/site-packages/pycadf/identifier.py:70: UserWarning: Invalid uuid: unknown. To ensure interoperability, identifiers should be a valid uuid. warnings.warn(('Invalid uuid: %s. To ensure interoperability, ' [pid: 7|app: 0|req: 1/4] 199.204.45.240 () {44 vars in 950 bytes} [Fri Jul 10 04:13:38 2026] GET /v2.0/networks?name=public => generated 15 bytes in 424 msecs (HTTP/1.1 200) 4 headers in 156 bytes (1 switches on core 0)
2026-07-10 04:13:39.615 8 INFO neutron.db.ovn_revision_numbers_db [None req-93fd7e72-2352-4fad-a1ef-49b642e415ab 4b375d4464d142cc928d3c75c3eb2460 faf457310f6142019a98979f2f5a9c1c - - default default] Successfully bumped revision number for resource ea51a47c-b841-43a4-b93b-e3909c1d2076 (type: security_groups) to 1
2026-07-10 04:13:39.628 8 INFO neutron.db.ovn_revision_numbers_db [None req-93fd7e72-2352-4fad-a1ef-49b642e415ab 4b375d4464d142cc928d3c75c3eb2460 faf457310f6142019a98979f2f5a9c1c - - default default] Successfully bumped revision number for resource 25676e0b-19ba-49a5-8d95-922ae1fd0413 (type: security_group_rules) to 0
2026-07-10 04:13:39.638 8 INFO neutron.db.ovn_revision_numbers_db [None req-93fd7e72-2352-4fad-a1ef-49b642e415ab 4b375d4464d142cc928d3c75c3eb2460 faf457310f6142019a98979f2f5a9c1c - - default default] Successfully bumped revision number for resource 259b88d4-e2f8-4171-9eb7-6f430f254027 (type: security_group_rules) to 0
2026-07-10 04:13:39.648 8 INFO neutron.db.ovn_revision_numbers_db [None req-93fd7e72-2352-4fad-a1ef-49b642e415ab 4b375d4464d142cc928d3c75c3eb2460 faf457310f6142019a98979f2f5a9c1c - - default default] Successfully bumped revision number for resource 33309204-dae4-4f8f-9f87-049d7aa8900f (type: security_group_rules) to 0
2026-07-10 04:13:39.658 8 INFO neutron.db.ovn_revision_numbers_db [None req-93fd7e72-2352-4fad-a1ef-49b642e415ab 4b375d4464d142cc928d3c75c3eb2460 faf457310f6142019a98979f2f5a9c1c - - default default] Successfully bumped revision number for resource fd8ef935-0ed7-40ff-ac0e-69bae901c765 (type: security_group_rules) to 0
2026-07-10 04:13:39.725 8 WARNING neutron.services.revisions.revision_plugin [None req-93fd7e72-2352-4fad-a1ef-49b642e415ab 4b375d4464d142cc928d3c75c3eb2460 faf457310f6142019a98979f2f5a9c1c - - default default] Could not find related network for resource to bump revision.
2026-07-10 04:13:39.747 8 INFO neutron.db.segments_db [None req-93fd7e72-2352-4fad-a1ef-49b642e415ab 4b375d4464d142cc928d3c75c3eb2460 faf457310f6142019a98979f2f5a9c1c - - default default] Added segment 07600ccb-54d5-49b1-80b1-44a7c074a4ab of type flat for network bf778f61-700e-40f7-8015-67ad145b92af
2026-07-10 04:13:39.868 8 INFO neutron.plugins.ml2.drivers.ovn.mech_driver.mech_driver [-] OVN reports status down for port: provnet-07600ccb-54d5-49b1-80b1-44a7c074a4ab
2026-07-10 04:13:39.931 8 INFO neutron.db.ovn_revision_numbers_db [None req-93fd7e72-2352-4fad-a1ef-49b642e415ab 4b375d4464d142cc928d3c75c3eb2460 faf457310f6142019a98979f2f5a9c1c - - default default] Successfully bumped revision number for resource bf778f61-700e-40f7-8015-67ad145b92af (type: networks) to 1
2026-07-10 04:13:40.247 8 WARNING neutron.scheduler.dhcp_agent_scheduler [None req-93fd7e72-2352-4fad-a1ef-49b642e415ab 4b375d4464d142cc928d3c75c3eb2460 faf457310f6142019a98979f2f5a9c1c - - default default] No more DHCP agents
2026-07-10 04:13:40.249 8 WARNING neutron.api.rpc.agentnotifiers.dhcp_rpc_agent_api [None req-93fd7e72-2352-4fad-a1ef-49b642e415ab 4b375d4464d142cc928d3c75c3eb2460 faf457310f6142019a98979f2f5a9c1c - - default default] Unable to schedule network bf778f61-700e-40f7-8015-67ad145b92af: no agents available; will retry on subsequent port and subnet creation events.
2026-07-10 04:13:40.328 8 INFO neutron.plugins.ml2.drivers.ovn.mech_driver.mech_driver [None req-fc56a9ac-ba6b-4e59-b2b2-c12356e1c0e4 - - - - - -] OVN reports status down for port: 35add277-f326-4196-8c8e-e54e2bf9d155
2026-07-10 04:13:40.791 8 INFO neutron.db.ovn_revision_numbers_db [None req-93fd7e72-2352-4fad-a1ef-49b642e415ab 4b375d4464d142cc928d3c75c3eb2460 faf457310f6142019a98979f2f5a9c1c - - default default] Successfully bumped revision number for resource 35add277-f326-4196-8c8e-e54e2bf9d155 (type: ports) to 1 [pid: 8|app: 0|req: 4/5] 199.204.45.240 () {48 vars in 968 bytes} [Fri Jul 10 04:13:39 2026] POST /v2.0/networks => generated 744 bytes in 1618 msecs (HTTP/1.1 201) 4 headers in 162 bytes (1 switches on core 0)
2026-07-10 04:13:42.535 7 INFO neutron.pecan_wsgi.hooks.translation [None req-69bf4ac0-1080-48e0-acf9-ed014f85539a 4b375d4464d142cc928d3c75c3eb2460 faf457310f6142019a98979f2f5a9c1c - - default default] GET failed (client error): The resource could not be found. [pid: 7|app: 0|req: 2/6] 199.204.45.240 () {44 vars in 928 bytes} [Fri Jul 10 04:13:42 2026] GET /v2.0/networks/public => generated 108 bytes in 406 msecs (HTTP/1.1 404) 4 headers in 164 bytes (1 switches on core 0) [pid: 8|app: 0|req: 5/7] 199.204.45.240 () {44 vars in 950 bytes} [Fri Jul 10 04:13:42 2026] GET /v2.0/networks?name=public => generated 753 bytes in 43 msecs (HTTP/1.1 200) 4 headers in 157 bytes (1 switches on core 0)
2026-07-10 04:13:42.620 7 INFO neutron.pecan_wsgi.hooks.translation [None req-dc7a8a1c-b880-4dee-a8d2-5e9fcbf15d5d 4b375d4464d142cc928d3c75c3eb2460 faf457310f6142019a98979f2f5a9c1c - - default default] GET failed (client error): The resource could not be found. [pid: 7|app: 0|req: 3/8] 199.204.45.240 () {44 vars in 1035 bytes} [Fri Jul 10 04:13:42 2026] GET /v2.0/subnets/public-subnet?network_id=bf778f61-700e-40f7-8015-67ad145b92af => generated 113 bytes in 29 msecs (HTTP/1.1 404) 4 headers in 164 bytes (1 switches on core 0) [pid: 8|app: 0|req: 6/9] 199.204.45.240 () {44 vars in 1058 bytes} [Fri Jul 10 04:13:42 2026] GET /v2.0/subnets?name=public-subnet&network_id=bf778f61-700e-40f7-8015-67ad145b92af => generated 14 bytes in 23 msecs (HTTP/1.1 200) 4 headers in 156 bytes (1 switches on core 0)
2026-07-10 04:13:43.140 7 WARNING neutron.scheduler.dhcp_agent_scheduler [None req-ea8458fd-4251-4208-bd94-9a365c2db046 4b375d4464d142cc928d3c75c3eb2460 faf457310f6142019a98979f2f5a9c1c - - default default] No more DHCP agents
2026-07-10 04:13:43.143 7 WARNING neutron.api.rpc.agentnotifiers.dhcp_rpc_agent_api [None req-ea8458fd-4251-4208-bd94-9a365c2db046 4b375d4464d142cc928d3c75c3eb2460 faf457310f6142019a98979f2f5a9c1c - - default default] Unable to schedule network bf778f61-700e-40f7-8015-67ad145b92af: no agents available; will retry on subsequent port and subnet creation events.
2026-07-10 04:13:43.143 7 INFO neutron.plugins.ml2.drivers.ovn.mech_driver.ovsdb.extensions.qos [None req-ea8458fd-4251-4208-bd94-9a365c2db046 4b375d4464d142cc928d3c75c3eb2460 faf457310f6142019a98979f2f5a9c1c - - default default] Starting OVNClientQosExtension
2026-07-10 04:13:43.143 7 INFO neutron.plugins.ml2.drivers.ovn.mech_driver.ovsdb.extensions.placement [None req-ea8458fd-4251-4208-bd94-9a365c2db046 4b375d4464d142cc928d3c75c3eb2460 faf457310f6142019a98979f2f5a9c1c - - default default] Starting OVNClientPlacementExtension
2026-07-10 04:13:44.212 7 INFO neutron.db.ovn_revision_numbers_db [None req-b62808e2-e3b8-45d0-8922-547c18fc0667 - - - - - -] Successfully bumped revision number for resource 35add277-f326-4196-8c8e-e54e2bf9d155 (type: ports) to 2
2026-07-10 04:13:44.254 7 INFO neutron.db.ovn_revision_numbers_db [None req-b62808e2-e3b8-45d0-8922-547c18fc0667 - - - - - -] Successfully bumped revision number for resource cf2e8b79-412f-4e87-b851-38c3359822b9 (type: subnets) to 0 [pid: 7|app: 0|req: 4/10] 199.204.45.240 () {48 vars in 966 bytes} [Fri Jul 10 04:13:42 2026] POST /v2.0/subnets => generated 664 bytes in 1619 msecs (HTTP/1.1 201) 4 headers in 162 bytes (1 switches on core 0)
2026-07-10 04:18:41.735 8 INFO neutron.pecan_wsgi.hooks.translation [None req-be540584-e42f-4e77-8fa1-0cf0c04f279c 4b375d4464d142cc928d3c75c3eb2460 faf457310f6142019a98979f2f5a9c1c - - default default] GET failed (client error): The resource could not be found. [pid: 8|app: 0|req: 26/48] 199.204.45.240 () {44 vars in 938 bytes} [Fri Jul 10 04:18:41 2026] GET /v2.0/networks/lb-mgmt-net => generated 113 bytes in 121 msecs (HTTP/1.1 404) 4 headers in 164 bytes (1 switches on core 0) [pid: 7|app: 0|req: 23/49] 199.204.45.240 () {44 vars in 960 bytes} [Fri Jul 10 04:18:41 2026] GET /v2.0/networks?name=lb-mgmt-net => generated 15 bytes in 19 msecs (HTTP/1.1 200) 4 headers in 156 bytes (1 switches on core 0)
2026-07-10 04:18:41.863 8 INFO neutron.db.segments_db [None req-aee2b767-d743-4cde-82a3-e5eb800d5196 4b375d4464d142cc928d3c75c3eb2460 faf457310f6142019a98979f2f5a9c1c - - default default] Added segment ea829969-0c58-4416-b62a-1be2722fc881 of type geneve for network 27e7ec53-34a4-4698-9a14-fb5c5efd7207
2026-07-10 04:18:41.998 8 INFO neutron.db.ovn_revision_numbers_db [None req-aee2b767-d743-4cde-82a3-e5eb800d5196 4b375d4464d142cc928d3c75c3eb2460 faf457310f6142019a98979f2f5a9c1c - - default default] Successfully bumped revision number for resource 27e7ec53-34a4-4698-9a14-fb5c5efd7207 (type: networks) to 1
