2026-07-07 00:40:15.747 8 INFO neutron.api.v2.resource [None req-92878327-8cf2-42ad-bbed-4b5d4edb017a d86ad35108884990b822023185423c7b 0b53b360e72b445290ad1c7614217733 - - default default] show failed (client error): The resource could not be found. [pid: 8|app: 0|req: 1819/3608] 10.0.0.50 () {32 vars in 728 bytes} [Tue Jul 7 00:40:15 2026] GET /v2.0/floatingips/27bb621d-f105-4f70-8233-4f9c88907662 => generated 144 bytes in 24 msecs (HTTP/1.1 404) 4 headers in 164 bytes (1 switches on core 0) [pid: 7|app: 0|req: 1790/3609] 10.0.0.173 () {34 vars in 990 bytes} [Tue Jul 7 00:40:15 2026] GET /v2.0/ports?device_id=56dec883-bc28-415c-b9a5-442822d15bfe => generated 1192 bytes in 63 msecs (HTTP/1.1 200) 4 headers in 158 bytes (1 switches on core 0) [pid: 8|app: 0|req: 1820/3610] 10.0.0.173 () {34 vars in 1040 bytes} [Tue Jul 7 00:40:15 2026] GET /v2.0/security-groups?id=d07626e5-0971-419b-b25f-91507c6f2dcd&fields=id&fields=name => generated 112 bytes in 32 msecs (HTTP/1.1 200) 4 headers in 157 bytes (1 switches on core 0) [pid: 8|app: 0|req: 1822/3613] 199.204.45.227 () {34 vars in 1080 bytes} [Tue Jul 7 00:40:16 2026] GET /v2.0/ports?tenant_id=0b53b360e72b445290ad1c7614217733&device_id=56dec883-bc28-415c-b9a5-442822d15bfe => generated 1430 bytes in 39 msecs (HTTP/1.1 200) 4 headers in 158 bytes (1 switches on core 0) [pid: 7|app: 0|req: 1792/3614] 199.204.45.227 () {34 vars in 986 bytes} [Tue Jul 7 00:40:16 2026] GET /v2.0/networks?id=c02f523b-2cc6-4a2b-b411-3118e0140742 => generated 804 bytes in 51 msecs (HTTP/1.1 200) 4 headers in 157 bytes (1 switches on core 0) [pid: 8|app: 0|req: 1823/3615] 199.204.45.227 () {34 vars in 1056 bytes} [Tue Jul 7 00:40:16 2026] GET /v2.0/floatingips?fixed_ip_address=10.2.1.99&port_id=6b3f55e6-01a8-4aa3-aa98-1702358141f2 => generated 19 bytes in 24 msecs (HTTP/1.1 200) 4 headers in 156 bytes (1 switches on core 0) [pid: 7|app: 0|req: 1793/3616] 199.204.45.227 () {34 vars in 1102 bytes} [Tue Jul 7 00:40:16 2026] GET /v2.0/floatingips?fixed_ip_address=fd7b%3Af9f7%3Afff%3A4eca%3A%3A49&port_id=6b3f55e6-01a8-4aa3-aa98-1702358141f2 => generated 19 bytes in 21 msecs (HTTP/1.1 200) 4 headers in 156 bytes (1 switches on core 0) [pid: 8|app: 0|req: 1824/3617] 199.204.45.227 () {34 vars in 1064 bytes} [Tue Jul 7 00:40:16 2026] GET /v2.0/subnets?id=84bcc139-c6dc-4342-a398-6595d0608e1a&id=0a7a155e-639c-4f1c-8fe0-4c13482235bb => generated 1410 bytes in 31 msecs (HTTP/1.1 200) 4 headers in 158 bytes (1 switches on core 0) [pid: 7|app: 0|req: 1794/3618] 199.204.45.227 () {34 vars in 1052 bytes} [Tue Jul 7 00:40:16 2026] GET /v2.0/ports?network_id=c02f523b-2cc6-4a2b-b411-3118e0140742&device_owner=network%3Adhcp => generated 12 bytes in 20 msecs (HTTP/1.1 200) 4 headers in 156 bytes (1 switches on core 0) [pid: 8|app: 0|req: 1825/3619] 199.204.45.227 () {34 vars in 1052 bytes} [Tue Jul 7 00:40:16 2026] GET /v2.0/ports?network_id=c02f523b-2cc6-4a2b-b411-3118e0140742&device_owner=network%3Adhcp => generated 12 bytes in 21 msecs (HTTP/1.1 200) 4 headers in 156 bytes (1 switches on core 0) [pid: 7|app: 0|req: 1795/3620] 199.204.45.227 () {34 vars in 1012 bytes} [Tue Jul 7 00:40:16 2026] GET /v2.0/networks/c02f523b-2cc6-4a2b-b411-3118e0140742?fields=segments => generated 14 bytes in 36 msecs (HTTP/1.1 200) 4 headers in 156 bytes (1 switches on core 0) [pid: 8|app: 0|req: 1826/3621] 199.204.45.227 () {34 vars in 1112 bytes} [Tue Jul 7 00:40:16 2026] GET /v2.0/networks/c02f523b-2cc6-4a2b-b411-3118e0140742?fields=provider%3Aphysical_network&fields=provider%3Anetwork_type => generated 79 bytes in 43 msecs (HTTP/1.1 200) 4 headers in 156 bytes (1 switches on core 0)
2026-07-07 00:40:16.982 7 INFO neutron.plugins.ml2.drivers.ovn.mech_driver.mech_driver [None req-c22ab1a6-a97b-467e-b88c-23df1b8b0348 - - - - - -] OVN reports status down for port: 6b3f55e6-01a8-4aa3-aa98-1702358141f2
2026-07-07 00:40:17.227 7 INFO neutron.db.ovn_revision_numbers_db [None req-c22ab1a6-a97b-467e-b88c-23df1b8b0348 - - - - - -] Successfully bumped revision number for resource 6b3f55e6-01a8-4aa3-aa98-1702358141f2 (type: ports) to 6
2026-07-07 00:40:17.779 7 INFO neutron.notifiers.nova [-] Nova event matching ['req-e5b29fd9-a312-4e95-bfc3-e93398c615d1'] response: {'server_uuid': '56dec883-bc28-415c-b9a5-442822d15bfe', 'name': 'network-vif-unplugged', 'status': 'completed', 'tag': '6b3f55e6-01a8-4aa3-aa98-1702358141f2', 'code': 200}
2026-07-07 00:40:17.779 7 INFO neutron.notifiers.nova [-] Nova event matching ['req-e5b29fd9-a312-4e95-bfc3-e93398c615d1'] response: {'server_uuid': '56dec883-bc28-415c-b9a5-442822d15bfe', 'name': 'network-vif-unplugged', 'status': 'completed', 'tag': '6b3f55e6-01a8-4aa3-aa98-1702358141f2', 'code': 200} /var/lib/openstack/lib/python3.12/site-packages/pycadf/identifier.py:70: UserWarning: Invalid uuid: neutron. To ensure interoperability, identifiers should be a valid uuid. warnings.warn(('Invalid uuid: %s. To ensure interoperability, ' [pid: 7|app: 0|req: 1796/3622] 199.204.45.227 () {34 vars in 994 bytes} [Tue Jul 7 00:40:18 2026] GET /v2.0/ports?device_id=56dec883-bc28-415c-b9a5-442822d15bfe => generated 1190 bytes in 40 msecs (HTTP/1.1 200) 4 headers in 158 bytes (1 switches on core 0)
2026-07-07 00:40:18.354 8 INFO neutron_taas.services.taas.taas_plugin [req-7410112e-21a8-4732-a4e1-80e93a164381 req-a8513301-d889-4ec4-b3ae-adaf63545a23 d86ad35108884990b822023185423c7b 0b53b360e72b445290ad1c7614217733 - - default default] TaaS: Handle Delete Port: 6b3f55e6-01a8-4aa3-aa98-1702358141f2
2026-07-07 00:40:18.357 8 INFO neutron_taas.services.taas.tap_mirror_plugin [req-7410112e-21a8-4732-a4e1-80e93a164381 req-a8513301-d889-4ec4-b3ae-adaf63545a23 d86ad35108884990b822023185423c7b 0b53b360e72b445290ad1c7614217733 - - default default] Tap Mirror: Handle Delete Port: 6b3f55e6-01a8-4aa3-aa98-1702358141f2 [pid: 8|app: 0|req: 1827/3623] 199.204.45.227 () {36 vars in 997 bytes} [Tue Jul 7 00:40:18 2026] DELETE /v2.0/ports/6b3f55e6-01a8-4aa3-aa98-1702358141f2 => generated 0 bytes in 318 msecs (HTTP/1.1 204) 3 headers in 131 bytes (1 switches on core 0)
2026-07-07 00:40:18.565 8 INFO neutron.notifiers.nova [-] Nova event matching ['req-28c0a410-7058-4544-943c-9914d0bee441'] response: {'server_uuid': '56dec883-bc28-415c-b9a5-442822d15bfe', 'name': 'network-vif-deleted', 'tag': '6b3f55e6-01a8-4aa3-aa98-1702358141f2', 'status': 'completed', 'code': 200} [pid: 7|app: 0|req: 1797/3624] 10.0.0.173 () {34 vars in 990 bytes} [Tue Jul 7 00:40:21 2026] GET /v2.0/ports?device_id=56dec883-bc28-415c-b9a5-442822d15bfe => generated 12 bytes in 15 msecs (HTTP/1.1 200) 4 headers in 156 bytes (1 switches on core 0) [pid: 8|app: 0|req: 1828/3625] 10.0.0.50 () {32 vars in 749 bytes} [Tue Jul 7 00:40:26 2026] DELETE /v2.0/security-group-rules/cff382de-410a-4d0c-b398-16a4b2360f43 => generated 0 bytes in 168 msecs (HTTP/1.1 204) 2 headers in 112 bytes (1 switches on core 0)
2026-07-07 00:40:26.348 7 INFO neutron.api.v2.resource [None req-db38d70f-eab1-4c50-b689-26e0eede9fa7 d86ad35108884990b822023185423c7b 0b53b360e72b445290ad1c7614217733 - - default default] show failed (client error): The resource could not be found. [pid: 7|app: 0|req: 1798/3626] 10.0.0.50 () {32 vars in 746 bytes} [Tue Jul 7 00:40:26 2026] GET /v2.0/security-group-rules/cff382de-410a-4d0c-b398-16a4b2360f43 => generated 155 bytes in 13 msecs (HTTP/1.1 404) 4 headers in 164 bytes (1 switches on core 0) [pid: 8|app: 0|req: 1829/3627] 10.0.0.50 () {32 vars in 749 bytes} [Tue Jul 7 00:40:26 2026] DELETE /v2.0/security-group-rules/7bdcaade-d790-4330-9d7f-05fb7a1fed8e => generated 0 bytes in 120 msecs (HTTP/1.1 204) 2 headers in 112 bytes (1 switches on core 0)
2026-07-07 00:40:26.489 7 INFO neutron.api.v2.resource [None req-08c5a7bd-5413-4ff4-950b-d9559495b4a6 d86ad35108884990b822023185423c7b 0b53b360e72b445290ad1c7614217733 - - default default] show failed (client error): The resource could not be found. [pid: 7|app: 0|req: 1799/3628] 10.0.0.50 () {32 vars in 746 bytes} [Tue Jul 7 00:40:26 2026] GET /v2.0/security-group-rules/7bdcaade-d790-4330-9d7f-05fb7a1fed8e => generated 155 bytes in 11 msecs (HTTP/1.1 404) 4 headers in 164 bytes (1 switches on core 0) [pid: 8|app: 0|req: 1830/3629] 10.0.0.50 () {32 vars in 749 bytes} [Tue Jul 7 00:40:26 2026] DELETE /v2.0/security-group-rules/d7a87c17-a0b9-4730-bd09-199be31e96a3 => generated 0 bytes in 117 msecs (HTTP/1.1 204) 2 headers in 112 bytes (1 switches on core 0)
2026-07-07 00:40:26.629 7 INFO neutron.api.v2.resource [None req-3b685fdf-47b5-495a-ae2b-9aad3a12788c d86ad35108884990b822023185423c7b 0b53b360e72b445290ad1c7614217733 - - default default] show failed (client error): The resource could not be found. [pid: 7|app: 0|req: 1800/3630] 10.0.0.50 () {32 vars in 746 bytes} [Tue Jul 7 00:40:26 2026] GET /v2.0/security-group-rules/d7a87c17-a0b9-4730-bd09-199be31e96a3 => generated 155 bytes in 13 msecs (HTTP/1.1 404) 4 headers in 164 bytes (1 switches on core 0) [pid: 8|app: 0|req: 1831/3631] 10.0.0.50 () {32 vars in 749 bytes} [Tue Jul 7 00:40:26 2026] DELETE /v2.0/security-group-rules/c33cf3aa-7644-43e7-a451-afa8f4aede72 => generated 0 bytes in 130 msecs (HTTP/1.1 204) 2 headers in 112 bytes (1 switches on core 0)
2026-07-07 00:40:26.780 7 INFO neutron.api.v2.resource [None req-a6d4d127-1aa8-4045-9951-30a0d830a30d d86ad35108884990b822023185423c7b 0b53b360e72b445290ad1c7614217733 - - default default] show failed (client error): The resource could not be found. [pid: 7|app: 0|req: 1801/3632] 10.0.0.50 () {32 vars in 746 bytes} [Tue Jul 7 00:40:26 2026] GET /v2.0/security-group-rules/c33cf3aa-7644-43e7-a451-afa8f4aede72 => generated 155 bytes in 12 msecs (HTTP/1.1 404) 4 headers in 164 bytes (1 switches on core 0) [pid: 8|app: 0|req: 1832/3633] 10.0.0.50 () {32 vars in 749 bytes} [Tue Jul 7 00:40:26 2026] DELETE /v2.0/security-group-rules/9504c513-6efa-4240-889c-9a1bee986952 => generated 0 bytes in 147 msecs (HTTP/1.1 204) 2 headers in 112 bytes (1 switches on core 0)
2026-07-07 00:40:26.950 7 INFO neutron.api.v2.resource [None req-1d9c9692-2afd-4b26-b193-b077881f0f52 d86ad35108884990b822023185423c7b 0b53b360e72b445290ad1c7614217733 - - default default] show failed (client error): The resource could not be found. [pid: 7|app: 0|req: 1802/3634] 10.0.0.50 () {32 vars in 746 bytes} [Tue Jul 7 00:40:26 2026] GET /v2.0/security-group-rules/9504c513-6efa-4240-889c-9a1bee986952 => generated 155 bytes in 12 msecs (HTTP/1.1 404) 4 headers in 164 bytes (1 switches on core 0) [pid: 8|app: 0|req: 1833/3635] 10.0.0.50 () {32 vars in 749 bytes} [Tue Jul 7 00:40:26 2026] DELETE /v2.0/security-group-rules/0eb0b244-dabc-473f-b077-af701290e9e9 => generated 0 bytes in 120 msecs (HTTP/1.1 204) 2 headers in 112 bytes (1 switches on core 0)
2026-07-07 00:40:27.091 7 INFO neutron.api.v2.resource [None req-b267abc7-ff7c-47b2-a8ae-ce1e6f379705 d86ad35108884990b822023185423c7b 0b53b360e72b445290ad1c7614217733 - - default default] show failed (client error): The resource could not be found. [pid: 7|app: 0|req: 1803/3636] 10.0.0.50 () {32 vars in 746 bytes} [Tue Jul 7 00:40:27 2026] GET /v2.0/security-group-rules/0eb0b244-dabc-473f-b077-af701290e9e9 => generated 155 bytes in 13 msecs (HTTP/1.1 404) 4 headers in 164 bytes (1 switches on core 0) [pid: 8|app: 0|req: 1834/3637] 10.0.0.50 () {32 vars in 749 bytes} [Tue Jul 7 00:40:27 2026] DELETE /v2.0/security-group-rules/df7945eb-29b3-4d13-8ea2-b7edfb4e4993 => generated 0 bytes in 110 msecs (HTTP/1.1 204) 2 headers in 112 bytes (1 switches on core 0)
2026-07-07 00:40:27.221 7 INFO neutron.api.v2.resource [None req-560dd6c4-c2a3-4fad-9eb5-48087ebd215b d86ad35108884990b822023185423c7b 0b53b360e72b445290ad1c7614217733 - - default default] show failed (client error): The resource could not be found. [pid: 7|app: 0|req: 1804/3638] 10.0.0.50 () {32 vars in 746 bytes} [Tue Jul 7 00:40:27 2026] GET /v2.0/security-group-rules/df7945eb-29b3-4d13-8ea2-b7edfb4e4993 => generated 155 bytes in 11 msecs (HTTP/1.1 404) 4 headers in 164 bytes (1 switches on core 0) [pid: 8|app: 0|req: 1835/3639] 10.0.0.50 () {32 vars in 749 bytes} [Tue Jul 7 00:40:27 2026] DELETE /v2.0/security-group-rules/8d24024b-8d3c-4bfb-8b98-2a99de809d9d => generated 0 bytes in 116 msecs (HTTP/1.1 204) 2 headers in 112 bytes (1 switches on core 0)
2026-07-07 00:40:27.359 7 INFO neutron.api.v2.resource [None req-05f3563b-14a5-4f7b-8404-9ada44a6075e d86ad35108884990b822023185423c7b 0b53b360e72b445290ad1c7614217733 - - default default] show failed (client error): The resource could not be found. [pid: 7|app: 0|req: 1805/3640] 10.0.0.50 () {32 vars in 746 bytes} [Tue Jul 7 00:40:27 2026] GET /v2.0/security-group-rules/8d24024b-8d3c-4bfb-8b98-2a99de809d9d => generated 155 bytes in 13 msecs (HTTP/1.1 404) 4 headers in 164 bytes (1 switches on core 0) [pid: 8|app: 0|req: 1836/3641] 10.0.0.50 () {32 vars in 749 bytes} [Tue Jul 7 00:40:27 2026] DELETE /v2.0/security-group-rules/687c1247-35bd-4019-ac53-2e64d6442d68 => generated 0 bytes in 123 msecs (HTTP/1.1 204) 2 headers in 112 bytes (1 switches on core 0)
2026-07-07 00:40:27.501 7 INFO neutron.api.v2.resource [None req-e37928e6-1058-4f85-b90c-afcbd465d70d d86ad35108884990b822023185423c7b 0b53b360e72b445290ad1c7614217733 - - default default] show failed (client error): The resource could not be found. [pid: 7|app: 0|req: 1806/3642] 10.0.0.50 () {32 vars in 746 bytes} [Tue Jul 7 00:40:27 2026] GET /v2.0/security-group-rules/687c1247-35bd-4019-ac53-2e64d6442d68 => generated 155 bytes in 10 msecs (HTTP/1.1 404) 4 headers in 164 bytes (1 switches on core 0) [pid: 8|app: 0|req: 1837/3643] 10.0.0.50 () {32 vars in 749 bytes} [Tue Jul 7 00:40:27 2026] DELETE /v2.0/security-group-rules/38100fe7-9927-4c7c-85fe-33d677bc027c => generated 0 bytes in 103 msecs (HTTP/1.1 204) 2 headers in 112 bytes (1 switches on core 0)
2026-07-07 00:40:27.625 7 INFO neutron.api.v2.resource [None req-f2f9f4dc-bd71-4090-a9e2-393508d9b593 d86ad35108884990b822023185423c7b 0b53b360e72b445290ad1c7614217733 - - default default] show failed (client error): The resource could not be found. [pid: 7|app: 0|req: 1807/3644] 10.0.0.50 () {32 vars in 746 bytes} [Tue Jul 7 00:40:27 2026] GET /v2.0/security-group-rules/38100fe7-9927-4c7c-85fe-33d677bc027c => generated 155 bytes in 12 msecs (HTTP/1.1 404) 4 headers in 164 bytes (1 switches on core 0) [pid: 8|app: 0|req: 1838/3645] 10.0.0.50 () {32 vars in 749 bytes} [Tue Jul 7 00:40:27 2026] DELETE /v2.0/security-group-rules/d3ecb495-7c5a-4665-9c54-e78ea0fe4aeb => generated 0 bytes in 97 msecs (HTTP/1.1 204) 2 headers in 112 bytes (1 switches on core 0)
2026-07-07 00:40:27.743 7 INFO neutron.api.v2.resource [None req-e395817b-ff71-49ac-949e-f30aa80a681a d86ad35108884990b822023185423c7b 0b53b360e72b445290ad1c7614217733 - - default default] show failed (client error): The resource could not be found. [pid: 7|app: 0|req: 1808/3646] 10.0.0.50 () {32 vars in 746 bytes} [Tue Jul 7 00:40:27 2026] GET /v2.0/security-group-rules/d3ecb495-7c5a-4665-9c54-e78ea0fe4aeb => generated 155 bytes in 12 msecs (HTTP/1.1 404) 4 headers in 164 bytes (1 switches on core 0) [pid: 8|app: 0|req: 1839/3647] 10.0.0.50 () {32 vars in 739 bytes} [Tue Jul 7 00:40:27 2026] DELETE /v2.0/security-groups/d07626e5-0971-419b-b25f-91507c6f2dcd => generated 0 bytes in 113 msecs (HTTP/1.1 204) 2 headers in 112 bytes (1 switches on core 0)
2026-07-07 00:40:27.878 7 INFO neutron.api.v2.resource [None req-4aa6cc9a-4066-475d-a238-5e40fd1a776a d86ad35108884990b822023185423c7b 0b53b360e72b445290ad1c7614217733 - - default default] show failed (client error): The resource could not be found. [pid: 7|app: 0|req: 1809/3648] 10.0.0.50 () {32 vars in 736 bytes} [Tue Jul 7 00:40:27 2026] GET /v2.0/security-groups/d07626e5-0971-419b-b25f-91507c6f2dcd => generated 146 bytes in 13 msecs (HTTP/1.1 404) 4 headers in 164 bytes (1 switches on core 0)
2026-07-07 00:40:28.186 8 INFO neutron_taas.services.taas.taas_plugin [None req-99f56c47-3710-4f82-b391-557ab48a9303 d86ad35108884990b822023185423c7b 0b53b360e72b445290ad1c7614217733 - - default default] TaaS: Handle Delete Port: eed1c8a1-fa54-4891-ab8e-c57111e44646
2026-07-07 00:40:28.189 8 INFO neutron_taas.services.taas.tap_mirror_plugin [None req-99f56c47-3710-4f82-b391-557ab48a9303 d86ad35108884990b822023185423c7b 0b53b360e72b445290ad1c7614217733 - - default default] Tap Mirror: Handle Delete Port: eed1c8a1-fa54-4891-ab8e-c57111e44646 [pid: 8|app: 0|req: 1840/3649] 10.0.0.50 () {34 vars in 788 bytes} [Tue Jul 7 00:40:27 2026] PUT /v2.0/routers/228abd40-4b5c-415d-a80a-51b3309d8eaa/remove_router_interface => generated 309 bytes in 692 msecs (HTTP/1.1 200) 4 headers in 157 bytes (1 switches on core 0)
2026-07-07 00:40:28.715 7 INFO neutron.api.v2.resource [None req-34f51c71-48f5-4f76-a60e-901adcf7b24b d86ad35108884990b822023185423c7b 0b53b360e72b445290ad1c7614217733 - - default default] remove_router_interface failed (client error): The resource could not be found. [pid: 7|app: 0|req: 1810/3650] 10.0.0.50 () {34 vars in 788 bytes} [Tue Jul 7 00:40:28 2026] PUT /v2.0/routers/228abd40-4b5c-415d-a80a-51b3309d8eaa/remove_router_interface => generated 198 bytes in 99 msecs (HTTP/1.1 404) 4 headers in 164 bytes (1 switches on core 0) /var/lib/openstack/lib/python3.12/site-packages/pycadf/identifier.py:70: UserWarning: Invalid uuid: neutron. To ensure interoperability, identifiers should be a valid uuid. warnings.warn(('Invalid uuid: %s. To ensure interoperability, '
2026-07-07 00:40:29.004 8 INFO neutron_taas.services.taas.taas_plugin [None req-c1ee64a2-ec28-466c-a988-1dcc5c7edfd1 d86ad35108884990b822023185423c7b 0b53b360e72b445290ad1c7614217733 - - default default] TaaS: Handle Delete Port: b92a26ac-1624-43cc-b763-17222fa6066f
2026-07-07 00:40:29.008 8 INFO neutron_taas.services.taas.tap_mirror_plugin [None req-c1ee64a2-ec28-466c-a988-1dcc5c7edfd1 d86ad35108884990b822023185423c7b 0b53b360e72b445290ad1c7614217733 - - default default] Tap Mirror: Handle Delete Port: b92a26ac-1624-43cc-b763-17222fa6066f [pid: 8|app: 0|req: 1841/3651] 10.0.0.50 () {34 vars in 788 bytes} [Tue Jul 7 00:40:28 2026] PUT /v2.0/routers/228abd40-4b5c-415d-a80a-51b3309d8eaa/remove_router_interface => generated 309 bytes in 657 msecs (HTTP/1.1 200) 4 headers in 157 bytes (1 switches on core 0)
2026-07-07 00:40:29.491 7 INFO neutron.api.v2.resource [None req-4dbf2b1e-0a18-494e-8d17-423e868a67ff d86ad35108884990b822023185423c7b 0b53b360e72b445290ad1c7614217733 - - default default] remove_router_interface failed (client error): The resource could not be found. [pid: 7|app: 0|req: 1811/3652] 10.0.0.50 () {34 vars in 788 bytes} [Tue Jul 7 00:40:29 2026] PUT /v2.0/routers/228abd40-4b5c-415d-a80a-51b3309d8eaa/remove_router_interface => generated 198 bytes in 98 msecs (HTTP/1.1 404) 4 headers in 164 bytes (1 switches on core 0) /var/lib/openstack/lib/python3.12/site-packages/pycadf/identifier.py:70: UserWarning: Invalid uuid: neutron. To ensure interoperability, identifiers should be a valid uuid. warnings.warn(('Invalid uuid: %s. To ensure interoperability, '
2026-07-07 00:40:29.710 8 INFO neutron_taas.services.taas.taas_plugin [None req-0b345f3b-c12b-4dd9-9f19-4bb2f67ecb0e d86ad35108884990b822023185423c7b 0b53b360e72b445290ad1c7614217733 - - default default] TaaS: Handle Delete Port: 8ccba9e2-101d-49d1-8699-1408e44765be
2026-07-07 00:40:29.713 8 INFO neutron_taas.services.taas.tap_mirror_plugin [None req-0b345f3b-c12b-4dd9-9f19-4bb2f67ecb0e d86ad35108884990b822023185423c7b 0b53b360e72b445290ad1c7614217733 - - default default] Tap Mirror: Handle Delete Port: 8ccba9e2-101d-49d1-8699-1408e44765be [pid: 8|app: 0|req: 1842/3653] 10.0.0.50 () {34 vars in 788 bytes} [Tue Jul 7 00:40:29 2026] PUT /v2.0/routers/228abd40-4b5c-415d-a80a-51b3309d8eaa/remove_router_interface => generated 309 bytes in 741 msecs (HTTP/1.1 200) 4 headers in 157 bytes (1 switches on core 0)
2026-07-07 00:40:30.332 7 INFO neutron.api.v2.resource [None req-831717ee-4a9f-4f5a-a2a5-30781224ee47 d86ad35108884990b822023185423c7b 0b53b360e72b445290ad1c7614217733 - - default default] remove_router_interface failed (client error): The resource could not be found. [pid: 7|app: 0|req: 1812/3654] 10.0.0.50 () {34 vars in 788 bytes} [Tue Jul 7 00:40:30 2026] PUT /v2.0/routers/228abd40-4b5c-415d-a80a-51b3309d8eaa/remove_router_interface => generated 198 bytes in 90 msecs (HTTP/1.1 404) 4 headers in 164 bytes (1 switches on core 0) /var/lib/openstack/lib/python3.12/site-packages/pycadf/identifier.py:70: UserWarning: Invalid uuid: neutron. To ensure interoperability, identifiers should be a valid uuid. warnings.warn(('Invalid uuid: %s. To ensure interoperability, '
2026-07-07 00:40:30.627 8 INFO neutron_taas.services.taas.taas_plugin [None req-cfa14a53-20ec-47c8-b668-fd59852cd404 d86ad35108884990b822023185423c7b 0b53b360e72b445290ad1c7614217733 - - default default] TaaS: Handle Delete Port: fcd4cc38-06b8-4c12-9118-e6e18b9eeb9d
2026-07-07 00:40:30.631 8 INFO neutron_taas.services.taas.tap_mirror_plugin [None req-cfa14a53-20ec-47c8-b668-fd59852cd404 d86ad35108884990b822023185423c7b 0b53b360e72b445290ad1c7614217733 - - default default] Tap Mirror: Handle Delete Port: fcd4cc38-06b8-4c12-9118-e6e18b9eeb9d [pid: 8|app: 0|req: 1843/3655] 10.0.0.50 () {32 vars in 723 bytes} [Tue Jul 7 00:40:30 2026] DELETE /v2.0/routers/228abd40-4b5c-415d-a80a-51b3309d8eaa => generated 0 bytes in 674 msecs (HTTP/1.1 204) 2 headers in 112 bytes (1 switches on core 0)
2026-07-07 00:40:31.110 7 INFO neutron.api.v2.resource [None req-d4c7fbf1-9601-4140-9175-743903c03937 d86ad35108884990b822023185423c7b 0b53b360e72b445290ad1c7614217733 - - default default] show failed (client error): The resource could not be found. [pid: 7|app: 0|req: 1813/3656] 10.0.0.50 () {32 vars in 720 bytes} [Tue Jul 7 00:40:31 2026] GET /v2.0/routers/228abd40-4b5c-415d-a80a-51b3309d8eaa => generated 135 bytes in 96 msecs (HTTP/1.1 404) 4 headers in 164 bytes (1 switches on core 0) [pid: 8|app: 0|req: 1844/3659] 10.0.0.50 () {32 vars in 723 bytes} [Tue Jul 7 00:40:31 2026] DELETE /v2.0/subnets/6fa50f48-ec18-4146-9b34-59a9ad055110 => generated 0 bytes in 134 msecs (HTTP/1.1 204) 3 headers in 131 bytes (1 switches on core 0)
2026-07-07 00:40:31.266 7 INFO neutron.pecan_wsgi.hooks.translation [None req-69e45d23-b7d4-4b26-a659-5b91be70ca69 d86ad35108884990b822023185423c7b 0b53b360e72b445290ad1c7614217733 - - default default] GET failed (client error): The resource could not be found. [pid: 7|app: 0|req: 1816/3660] 10.0.0.50 () {32 vars in 720 bytes} [Tue Jul 7 00:40:31 2026] GET /v2.0/subnets/6fa50f48-ec18-4146-9b34-59a9ad055110 => generated 136 bytes in 13 msecs (HTTP/1.1 404) 4 headers in 164 bytes (1 switches on core 0) [pid: 8|app: 0|req: 1845/3661] 10.0.0.50 () {32 vars in 723 bytes} [Tue Jul 7 00:40:31 2026] DELETE /v2.0/subnets/7a14a786-afe0-443e-9f2d-f81ed950f61a => generated 0 bytes in 151 msecs (HTTP/1.1 204) 3 headers in 131 bytes (1 switches on core 0)
2026-07-07 00:40:31.441 7 INFO neutron.pecan_wsgi.hooks.translation [None req-cc30f87f-52f8-4acf-b053-ee50f817322f d86ad35108884990b822023185423c7b 0b53b360e72b445290ad1c7614217733 - - default default] GET failed (client error): The resource could not be found. [pid: 7|app: 0|req: 1817/3662] 10.0.0.50 () {32 vars in 720 bytes} [Tue Jul 7 00:40:31 2026] GET /v2.0/subnets/7a14a786-afe0-443e-9f2d-f81ed950f61a => generated 136 bytes in 16 msecs (HTTP/1.1 404) 4 headers in 164 bytes (1 switches on core 0)
2026-07-07 00:40:31.552 8 INFO neutron_taas.services.taas.taas_plugin [None req-31c692c3-5a24-4550-975f-468a69697e4b d86ad35108884990b822023185423c7b 0b53b360e72b445290ad1c7614217733 - - default default] TaaS: Handle Delete Port: 68adff7c-9ead-4e5f-b9f8-6b616e722efb
2026-07-07 00:40:31.556 8 INFO neutron_taas.services.taas.tap_mirror_plugin [None req-31c692c3-5a24-4550-975f-468a69697e4b d86ad35108884990b822023185423c7b 0b53b360e72b445290ad1c7614217733 - - default default] Tap Mirror: Handle Delete Port: 68adff7c-9ead-4e5f-b9f8-6b616e722efb
2026-07-07 00:40:31.732 8 INFO neutron.services.segments.plugin [-] Segment 67fc7154-08a1-417c-a90c-7987199d0499 resource provider aggregate not found
2026-07-07 00:40:31.741 8 INFO neutron.services.segments.plugin [-] Segment 67fc7154-08a1-417c-a90c-7987199d0499 resource provider aggregate not found
2026-07-07 00:40:31.759 8 INFO neutron.services.segments.plugin [-] Client error retrieving segment 67fc7154-08a1-417c-a90c-7987199d0499 resource provider; error: Placement Client Error (4xx): {"errors": [{"status": 404, "title": "Not Found", "detail": "The resource could not be found.\n\n No resource provider with uuid 67fc7154-08a1-417c-a90c-7987199d0499 found for delete ", "request_id": "req-b2955936-0fcc-4a85-b4a6-357645c7dd32"}]}
2026-07-07 00:40:31.763 8 INFO neutron.services.segments.plugin [-] Client error retrieving segment 67fc7154-08a1-417c-a90c-7987199d0499 resource provider; error: Placement Client Error (4xx): {"errors": [{"status": 404, "title": "Not Found", "detail": "The resource could not be found.\n\n No resource provider with uuid 67fc7154-08a1-417c-a90c-7987199d0499 found for delete ", "request_id": "req-6dad77c0-2207-474a-a817-5d646046cfa3"}]} [pid: 8|app: 0|req: 1846/3663] 10.0.0.50 () {32 vars in 725 bytes} [Tue Jul 7 00:40:31 2026] DELETE /v2.0/networks/819b6df8-c0cd-4f88-a5f4-44ddb0373c2e => generated 0 bytes in 345 msecs (HTTP/1.1 204) 3 headers in 131 bytes (1 switches on core 0)
2026-07-07 00:40:31.810 7 INFO neutron.pecan_wsgi.hooks.translation [None req-95bdf5c3-54dc-4fdc-a004-3d7bcbf0e1e2 d86ad35108884990b822023185423c7b 0b53b360e72b445290ad1c7614217733 - - default default] GET failed (client error): The resource could not be found. [pid: 7|app: 0|req: 1818/3664] 10.0.0.50 () {32 vars in 722 bytes} [Tue Jul 7 00:40:31 2026] GET /v2.0/networks/819b6df8-c0cd-4f88-a5f4-44ddb0373c2e => generated 138 bytes in 14 msecs (HTTP/1.1 404) 4 headers in 164 bytes (1 switches on core 0) [pid: 8|app: 0|req: 1847/3665] 10.0.0.50 () {32 vars in 723 bytes} [Tue Jul 7 00:40:31 2026] DELETE /v2.0/subnets/84bcc139-c6dc-4342-a398-6595d0608e1a => generated 0 bytes in 139 msecs (HTTP/1.1 204) 3 headers in 131 bytes (1 switches on core 0)
2026-07-07 00:40:31.975 7 INFO neutron.pecan_wsgi.hooks.translation [None req-4906806c-bd56-4a29-8319-17812fa6d57d d86ad35108884990b822023185423c7b 0b53b360e72b445290ad1c7614217733 - - default default] GET failed (client error): The resource could not be found. [pid: 7|app: 0|req: 1819/3666] 10.0.0.50 () {32 vars in 720 bytes} [Tue Jul 7 00:40:31 2026] GET /v2.0/subnets/84bcc139-c6dc-4342-a398-6595d0608e1a => generated 136 bytes in 16 msecs (HTTP/1.1 404) 4 headers in 164 bytes (1 switches on core 0) [pid: 8|app: 0|req: 1848/3667] 10.0.0.50 () {32 vars in 723 bytes} [Tue Jul 7 00:40:31 2026] DELETE /v2.0/subnets/0a7a155e-639c-4f1c-8fe0-4c13482235bb => generated 0 bytes in 156 msecs (HTTP/1.1 204) 3 headers in 131 bytes (1 switches on core 0)
2026-07-07 00:40:32.155 7 INFO neutron.pecan_wsgi.hooks.translation [None req-49dda418-5552-4ffb-9325-7e97b94551fa d86ad35108884990b822023185423c7b 0b53b360e72b445290ad1c7614217733 - - default default] GET failed (client error): The resource could not be found. [pid: 7|app: 0|req: 1820/3668] 10.0.0.50 () {32 vars in 720 bytes} [Tue Jul 7 00:40:32 2026] GET /v2.0/subnets/0a7a155e-639c-4f1c-8fe0-4c13482235bb => generated 136 bytes in 16 msecs (HTTP/1.1 404) 4 headers in 164 bytes (1 switches on core 0)
2026-07-07 00:40:32.274 8 INFO neutron_taas.services.taas.taas_plugin [None req-6677ac9d-3c9e-42bf-abf2-82f105c1418d d86ad35108884990b822023185423c7b 0b53b360e72b445290ad1c7614217733 - - default default] TaaS: Handle Delete Port: 998669e7-16e5-43ff-a27c-8c0c9f823d5a
2026-07-07 00:40:32.277 8 INFO neutron_taas.services.taas.tap_mirror_plugin [None req-6677ac9d-3c9e-42bf-abf2-82f105c1418d d86ad35108884990b822023185423c7b 0b53b360e72b445290ad1c7614217733 - - default default] Tap Mirror: Handle Delete Port: 998669e7-16e5-43ff-a27c-8c0c9f823d5a [pid: 8|app: 0|req: 1849/3669] 10.0.0.50 () {32 vars in 725 bytes} [Tue Jul 7 00:40:32 2026] DELETE /v2.0/networks/c02f523b-2cc6-4a2b-b411-3118e0140742 => generated 0 bytes in 355 msecs (HTTP/1.1 204) 3 headers in 131 bytes (1 switches on core 0)
2026-07-07 00:40:32.533 7 INFO neutron.pecan_wsgi.hooks.translation [None req-34a4b4bb-249b-4f39-a9d7-ca868ed3541f d86ad35108884990b822023185423c7b 0b53b360e72b445290ad1c7614217733 - - default default] GET failed (client error): The resource could not be found. [pid: 7|app: 0|req: 1821/3670] 10.0.0.50 () {32 vars in 722 bytes} [Tue Jul 7 00:40:32 2026] GET /v2.0/networks/c02f523b-2cc6-4a2b-b411-3118e0140742 => generated 138 bytes in 13 msecs (HTTP/1.1 404) 4 headers in 164 bytes (1 switches on core 0) [pid: 8|app: 0|req: 1850/3671] 10.0.0.50 () {32 vars in 723 bytes} [Tue Jul 7 00:40:32 2026] DELETE /v2.0/subnets/a869c07f-125f-4d52-813a-89d0c9863bb5 => generated 0 bytes in 142 msecs (HTTP/1.1 204) 3 headers in 131 bytes (1 switches on core 0)
2026-07-07 00:40:32.693 7 INFO neutron.pecan_wsgi.hooks.translation [None req-e50a8993-3f3b-4773-a863-b05e97ff711f d86ad35108884990b822023185423c7b 0b53b360e72b445290ad1c7614217733 - - default default] GET failed (client error): The resource could not be found. [pid: 7|app: 0|req: 1822/3672] 10.0.0.50 () {32 vars in 720 bytes} [Tue Jul 7 00:40:32 2026] GET /v2.0/subnets/a869c07f-125f-4d52-813a-89d0c9863bb5 => generated 136 bytes in 10 msecs (HTTP/1.1 404) 4 headers in 164 bytes (1 switches on core 0) [pid: 8|app: 0|req: 1851/3673] 10.0.0.50 () {32 vars in 723 bytes} [Tue Jul 7 00:40:32 2026] DELETE /v2.0/subnets/5169baee-0c51-409f-a14e-75516de8e3e3 => generated 0 bytes in 164 msecs (HTTP/1.1 204) 3 headers in 131 bytes (1 switches on core 0)
2026-07-07 00:40:32.885 7 INFO neutron.pecan_wsgi.hooks.translation [None req-ad7a7a8e-96c4-4b9c-8c1e-504782e1d17e d86ad35108884990b822023185423c7b 0b53b360e72b445290ad1c7614217733 - - default default] GET failed (client error): The resource could not be found. [pid: 7|app: 0|req: 1823/3674] 10.0.0.50 () {32 vars in 720 bytes} [Tue Jul 7 00:40:32 2026] GET /v2.0/subnets/5169baee-0c51-409f-a14e-75516de8e3e3 => generated 136 bytes in 18 msecs (HTTP/1.1 404) 4 headers in 164 bytes (1 switches on core 0)
2026-07-07 00:40:33.003 8 INFO neutron_taas.services.taas.taas_plugin [None req-2d976276-006d-4542-b1d4-a92ed367562a d86ad35108884990b822023185423c7b 0b53b360e72b445290ad1c7614217733 - - default default] TaaS: Handle Delete Port: 319335a4-a400-4959-830c-567367da1114
2026-07-07 00:40:33.006 8 INFO neutron_taas.services.taas.tap_mirror_plugin [None req-2d976276-006d-4542-b1d4-a92ed367562a d86ad35108884990b822023185423c7b 0b53b360e72b445290ad1c7614217733 - - default default] Tap Mirror: Handle Delete Port: 319335a4-a400-4959-830c-567367da1114 [pid: 8|app: 0|req: 1852/3675] 10.0.0.50 () {32 vars in 725 bytes} [Tue Jul 7 00:40:32 2026] DELETE /v2.0/networks/97e11ead-de71-4a45-8614-edf3cc70353b => generated 0 bytes in 317 msecs (HTTP/1.1 204) 3 headers in 131 bytes (1 switches on core 0)
2026-07-07 00:40:33.227 7 INFO neutron.pecan_wsgi.hooks.translation [None req-5ec67e87-b867-42af-ad93-52d1d0a01f3a d86ad35108884990b822023185423c7b 0b53b360e72b445290ad1c7614217733 - - default default] GET failed (client error): The resource could not be found. [pid: 7|app: 0|req: 1824/3676] 10.0.0.50 () {32 vars in 722 bytes} [Tue Jul 7 00:40:33 2026] GET /v2.0/networks/97e11ead-de71-4a45-8614-edf3cc70353b => generated 138 bytes in 16 msecs (HTTP/1.1 404) 4 headers in 164 bytes (1 switches on core 0)
2026-07-07 00:40:33.779 8 INFO neutron.services.segments.plugin [-] Segment 893c2636-b5a6-4c8f-ac04-d1518ebdec5f resource provider aggregate not found
2026-07-07 00:40:33.783 8 INFO neutron.services.segments.plugin [-] Segment 893c2636-b5a6-4c8f-ac04-d1518ebdec5f resource provider aggregate not found
2026-07-07 00:40:33.796 8 INFO neutron.services.segments.plugin [-] Client error retrieving segment 893c2636-b5a6-4c8f-ac04-d1518ebdec5f resource provider; error: Placement Client Error (4xx): {"errors": [{"status": 404, "title": "Not Found", "detail": "The resource could not be found.\n\n No resource provider with uuid 893c2636-b5a6-4c8f-ac04-d1518ebdec5f found for delete ", "request_id": "req-c7ab3c4f-2966-4bb6-8ef9-22010b9cb871"}]}
2026-07-07 00:40:33.799 8 INFO neutron.services.segments.plugin [-] Client error retrieving segment 893c2636-b5a6-4c8f-ac04-d1518ebdec5f resource provider; error: Placement Client Error (4xx): {"errors": [{"status": 404, "title": "Not Found", "detail": "The resource could not be found.\n\n No resource provider with uuid 893c2636-b5a6-4c8f-ac04-d1518ebdec5f found for delete ", "request_id": "req-b1e8ae00-3305-4efd-bdaa-4d37e644b4ee"}]}
2026-07-07 00:40:33.816 8 INFO neutron.services.segments.plugin [-] Segment d8c832c2-bcf4-48f3-a178-41bc5e0a5399 resource provider aggregate not found
2026-07-07 00:40:33.819 8 INFO neutron.services.segments.plugin [-] Segment d8c832c2-bcf4-48f3-a178-41bc5e0a5399 resource provider aggregate not found
2026-07-07 00:40:33.833 8 INFO neutron.services.segments.plugin [-] Client error retrieving segment d8c832c2-bcf4-48f3-a178-41bc5e0a5399 resource provider; error: Placement Client Error (4xx): {"errors": [{"status": 404, "title": "Not Found", "detail": "The resource could not be found.\n\n No resource provider with uuid d8c832c2-bcf4-48f3-a178-41bc5e0a5399 found for delete ", "request_id": "req-bd7edc8b-54c3-49c1-ba39-8099afddb39b"}]}
2026-07-07 00:40:33.834 8 INFO neutron.services.segments.plugin [-] Client error retrieving segment d8c832c2-bcf4-48f3-a178-41bc5e0a5399 resource provider; error: Placement Client Error (4xx): {"errors": [{"status": 404, "title": "Not Found", "detail": "The resource could not be found.\n\n No resource provider with uuid d8c832c2-bcf4-48f3-a178-41bc5e0a5399 found for delete ", "request_id": "req-3f1071d3-a079-48f2-b029-79d94b7524a0"}]} [pid: 8|app: 0|req: 1853/3677] 10.0.0.50 () {32 vars in 773 bytes} [Tue Jul 7 00:40:34 2026] GET /v2.0/security-groups?tenant_id=0b53b360e72b445290ad1c7614217733&name=default => generated 2925 bytes in 171 msecs (HTTP/1.1 200) 4 headers in 158 bytes (1 switches on core 0) [pid: 7|app: 0|req: 1825/3678] 10.0.0.50 () {32 vars in 739 bytes} [Tue Jul 7 00:40:35 2026] DELETE /v2.0/security-groups/fde3479b-28a6-4ba2-963a-b4be4707ec89 => generated 0 bytes in 219 msecs (HTTP/1.1 204) 2 headers in 112 bytes (1 switches on core 0)
2026-07-07 00:40:35.593 8 INFO neutron.db.ovn_revision_numbers_db [None req-65d23b15-c78c-4537-a9a1-eff235935dc8 bd7ec17577834736ac8e037e9830ed21 c6a1988a7fe541c892eb1b6e6445e90c - - default default] Successfully bumped revision number for resource f632d132-e978-4c2a-8b8b-18457db1a40d (type: security_groups) to 1
2026-07-07 00:40:35.605 8 INFO neutron.db.ovn_revision_numbers_db [None req-65d23b15-c78c-4537-a9a1-eff235935dc8 bd7ec17577834736ac8e037e9830ed21 c6a1988a7fe541c892eb1b6e6445e90c - - default default] Successfully bumped revision number for resource 8318e49b-86db-4e76-b71a-86f8b8d17549 (type: security_group_rules) to 0
2026-07-07 00:40:35.618 8 INFO neutron.db.ovn_revision_numbers_db [None req-65d23b15-c78c-4537-a9a1-eff235935dc8 bd7ec17577834736ac8e037e9830ed21 c6a1988a7fe541c892eb1b6e6445e90c - - default default] Successfully bumped revision number for resource b380b834-edd1-4eed-bcae-54744ce6ed3d (type: security_group_rules) to 0
2026-07-07 00:40:35.629 8 INFO neutron.db.ovn_revision_numbers_db [None req-65d23b15-c78c-4537-a9a1-eff235935dc8 bd7ec17577834736ac8e037e9830ed21 c6a1988a7fe541c892eb1b6e6445e90c - - default default] Successfully bumped revision number for resource bfe65a82-84d5-4a47-8f08-cbc026c126fc (type: security_group_rules) to 0
2026-07-07 00:40:35.640 8 INFO neutron.db.ovn_revision_numbers_db [None req-65d23b15-c78c-4537-a9a1-eff235935dc8 bd7ec17577834736ac8e037e9830ed21 c6a1988a7fe541c892eb1b6e6445e90c - - default default] Successfully bumped revision number for resource f7a089bb-3b95-4822-9725-a7c02721cf22 (type: security_group_rules) to 0 [pid: 8|app: 0|req: 1854/3679] 10.0.0.50 () {32 vars in 773 bytes} [Tue Jul 7 00:40:35 2026] GET /v2.0/security-groups?tenant_id=b17469a1779e4dc09d09193501c7fa98&name=default => generated 2929 bytes in 206 msecs (HTTP/1.1 200) 4 headers in 158 bytes (1 switches on core 0) [pid: 7|app: 0|req: 1826/3680] 10.0.0.50 () {32 vars in 739 bytes} [Tue Jul 7 00:40:35 2026] DELETE /v2.0/security-groups/f632d132-e978-4c2a-8b8b-18457db1a40d => generated 0 bytes in 241 msecs (HTTP/1.1 204) 2 headers in 112 bytes (1 switches on core 0)
2026-07-07 00:40:36.129 8 INFO neutron.db.ovn_revision_numbers_db [None req-22776a77-85af-4284-9aab-ad744fefb7a3 bd7ec17577834736ac8e037e9830ed21 c6a1988a7fe541c892eb1b6e6445e90c - - default default] Successfully bumped revision number for resource b669be35-9617-49b9-a0fa-220fe0a0f1db (type: security_groups) to 1
2026-07-07 00:40:36.141 8 INFO neutron.db.ovn_revision_numbers_db [None req-22776a77-85af-4284-9aab-ad744fefb7a3 bd7ec17577834736ac8e037e9830ed21 c6a1988a7fe541c892eb1b6e6445e90c - - default default] Successfully bumped revision number for resource 30194799-6c5a-49c2-8d09-02a5ddc05418 (type: security_group_rules) to 0
2026-07-07 00:40:36.151 8 INFO neutron.db.ovn_revision_numbers_db [None req-22776a77-85af-4284-9aab-ad744fefb7a3 bd7ec17577834736ac8e037e9830ed21 c6a1988a7fe541c892eb1b6e6445e90c - - default default] Successfully bumped revision number for resource 3c420c03-da2d-4aa0-9bb4-c81333f74357 (type: security_group_rules) to 0
2026-07-07 00:40:36.162 8 INFO neutron.db.ovn_revision_numbers_db [None req-22776a77-85af-4284-9aab-ad744fefb7a3 bd7ec17577834736ac8e037e9830ed21 c6a1988a7fe541c892eb1b6e6445e90c - - default default] Successfully bumped revision number for resource b4702687-2166-4e0a-af2e-da17eda2d8eb (type: security_group_rules) to 0
2026-07-07 00:40:36.174 8 INFO neutron.db.ovn_revision_numbers_db [None req-22776a77-85af-4284-9aab-ad744fefb7a3 bd7ec17577834736ac8e037e9830ed21 c6a1988a7fe541c892eb1b6e6445e90c - - default default] Successfully bumped revision number for resource bd5b47dd-02ad-4744-a3cd-bdc76c20940b (type: security_group_rules) to 0 [pid: 8|app: 0|req: 1855/3681] 10.0.0.50 () {32 vars in 773 bytes} [Tue Jul 7 00:40:36 2026] GET /v2.0/security-groups?tenant_id=05ec2fa129644820a9cf041658169a8f&name=default => generated 2929 bytes in 192 msecs (HTTP/1.1 200) 4 headers in 158 bytes (1 switches on core 0) [pid: 7|app: 0|req: 1827/3682] 10.0.0.50 () {32 vars in 739 bytes} [Tue Jul 7 00:40:36 2026] DELETE /v2.0/security-groups/b669be35-9617-49b9-a0fa-220fe0a0f1db => generated 0 bytes in 241 msecs (HTTP/1.1 204) 2 headers in 112 bytes (1 switches on core 0)
2026-07-07 00:40:36.717 8 INFO neutron.db.ovn_revision_numbers_db [None req-8d88b69c-15bb-4813-b9df-1dbbcaf0b2f4 bd7ec17577834736ac8e037e9830ed21 c6a1988a7fe541c892eb1b6e6445e90c - - default default] Successfully bumped revision number for resource 8512b9fe-4622-40ac-89e6-b964e75dedb9 (type: security_groups) to 1
2026-07-07 00:40:36.728 8 INFO neutron.db.ovn_revision_numbers_db [None req-8d88b69c-15bb-4813-b9df-1dbbcaf0b2f4 bd7ec17577834736ac8e037e9830ed21 c6a1988a7fe541c892eb1b6e6445e90c - - default default] Successfully bumped revision number for resource 0bdef018-0846-4faf-8544-c03084de7fc9 (type: security_group_rules) to 0
2026-07-07 00:40:36.739 8 INFO neutron.db.ovn_revision_numbers_db [None req-8d88b69c-15bb-4813-b9df-1dbbcaf0b2f4 bd7ec17577834736ac8e037e9830ed21 c6a1988a7fe541c892eb1b6e6445e90c - - default default] Successfully bumped revision number for resource 4a064130-2c95-4cc9-a147-fea312307441 (type: security_group_rules) to 0
2026-07-07 00:40:36.749 8 INFO neutron.db.ovn_revision_numbers_db [None req-8d88b69c-15bb-4813-b9df-1dbbcaf0b2f4 bd7ec17577834736ac8e037e9830ed21 c6a1988a7fe541c892eb1b6e6445e90c - - default default] Successfully bumped revision number for resource 5a85f1f9-13cd-458f-b680-38fade7e7712 (type: security_group_rules) to 0
2026-07-07 00:40:36.759 8 INFO neutron.db.ovn_revision_numbers_db [None req-8d88b69c-15bb-4813-b9df-1dbbcaf0b2f4 bd7ec17577834736ac8e037e9830ed21 c6a1988a7fe541c892eb1b6e6445e90c - - default default] Successfully bumped revision number for resource b6c28557-cc3d-41bd-be8e-d103ce8c575b (type: security_group_rules) to 0 [pid: 8|app: 0|req: 1856/3683] 10.0.0.50 () {32 vars in 773 bytes} [Tue Jul 7 00:40:36 2026] GET /v2.0/security-groups?tenant_id=5a0b15da1e58483eae685d305fb59253&name=default => generated 2929 bytes in 213 msecs (HTTP/1.1 200) 4 headers in 158 bytes (1 switches on core 0) [pid: 7|app: 0|req: 1828/3684] 10.0.0.50 () {32 vars in 739 bytes} [Tue Jul 7 00:40:36 2026] DELETE /v2.0/security-groups/8512b9fe-4622-40ac-89e6-b964e75dedb9 => generated 0 bytes in 215 msecs (HTTP/1.1 204) 2 headers in 112 bytes (1 switches on core 0)
2026-07-07 00:40:37.240 8 INFO neutron.db.ovn_revision_numbers_db [None req-85b0a4d7-9960-4018-8b4b-e75e034b6bce bd7ec17577834736ac8e037e9830ed21 c6a1988a7fe541c892eb1b6e6445e90c - - default default] Successfully bumped revision number for resource f023f31b-e4b6-4eed-86d0-b30ce2238772 (type: security_groups) to 1
2026-07-07 00:40:37.250 8 INFO neutron.db.ovn_revision_numbers_db [None req-85b0a4d7-9960-4018-8b4b-e75e034b6bce bd7ec17577834736ac8e037e9830ed21 c6a1988a7fe541c892eb1b6e6445e90c - - default default] Successfully bumped revision number for resource 206ea726-07e4-4c61-90c1-c1f5b9cbdd49 (type: security_group_rules) to 0
2026-07-07 00:40:37.260 8 INFO neutron.db.ovn_revision_numbers_db [None req-85b0a4d7-9960-4018-8b4b-e75e034b6bce bd7ec17577834736ac8e037e9830ed21 c6a1988a7fe541c892eb1b6e6445e90c - - default default] Successfully bumped revision number for resource 67a94fb9-22ef-4b93-b10d-52acf96afad5 (type: security_group_rules) to 0
2026-07-07 00:40:37.270 8 INFO neutron.db.ovn_revision_numbers_db [None req-85b0a4d7-9960-4018-8b4b-e75e034b6bce bd7ec17577834736ac8e037e9830ed21 c6a1988a7fe541c892eb1b6e6445e90c - - default default] Successfully bumped revision number for resource f76bf52d-6db0-489d-9313-0f9bc643f3e2 (type: security_group_rules) to 0
2026-07-07 00:40:37.280 8 INFO neutron.db.ovn_revision_numbers_db [None req-85b0a4d7-9960-4018-8b4b-e75e034b6bce bd7ec17577834736ac8e037e9830ed21 c6a1988a7fe541c892eb1b6e6445e90c - - default default] Successfully bumped revision number for resource f9a0d525-9450-461a-9be1-9be13d619647 (type: security_group_rules) to 0 [pid: 8|app: 0|req: 1857/3685] 10.0.0.50 () {32 vars in 773 bytes} [Tue Jul 7 00:40:37 2026] GET /v2.0/security-groups?tenant_id=fdcbfb6cbc0f406784859aa8bf31f06b&name=default => generated 2929 bytes in 172 msecs (HTTP/1.1 200) 4 headers in 158 bytes (1 switches on core 0) [pid: 7|app: 0|req: 1829/3686] 10.0.0.50 () {32 vars in 739 bytes} [Tue Jul 7 00:40:37 2026] DELETE /v2.0/security-groups/f023f31b-e4b6-4eed-86d0-b30ce2238772 => generated 0 bytes in 236 msecs (HTTP/1.1 204) 2 headers in 112 bytes (1 switches on core 0)
2026-07-07 00:40:37.782 8 INFO neutron.db.ovn_revision_numbers_db [None req-67aa0d61-893e-4527-a870-62ddb3c061ff bd7ec17577834736ac8e037e9830ed21 c6a1988a7fe541c892eb1b6e6445e90c - - default default] Successfully bumped revision number for resource 26c4b5ea-f15e-4b7d-abcc-628728cdbcb6 (type: security_groups) to 1
2026-07-07 00:40:37.799 8 INFO neutron.db.ovn_revision_numbers_db [None req-67aa0d61-893e-4527-a870-62ddb3c061ff bd7ec17577834736ac8e037e9830ed21 c6a1988a7fe541c892eb1b6e6445e90c - - default default] Successfully bumped revision number for resource 61ee5d8d-9162-4f27-9111-a11e85397398 (type: security_group_rules) to 0
2026-07-07 00:40:37.814 8 INFO neutron.db.ovn_revision_numbers_db [None req-67aa0d61-893e-4527-a870-62ddb3c061ff bd7ec17577834736ac8e037e9830ed21 c6a1988a7fe541c892eb1b6e6445e90c - - default default] Successfully bumped revision number for resource 95c6ffbb-a9c9-4698-a475-653a494c0a0c (type: security_group_rules) to 0
2026-07-07 00:40:37.828 8 INFO neutron.db.ovn_revision_numbers_db [None req-67aa0d61-893e-4527-a870-62ddb3c061ff bd7ec17577834736ac8e037e9830ed21 c6a1988a7fe541c892eb1b6e6445e90c - - default default] Successfully bumped revision number for resource c2a66a24-ed5c-45de-b213-d7bd1af649ea (type: security_group_rules) to 0
2026-07-07 00:40:37.840 8 INFO neutron.db.ovn_revision_numbers_db [None req-67aa0d61-893e-4527-a870-62ddb3c061ff bd7ec17577834736ac8e037e9830ed21 c6a1988a7fe541c892eb1b6e6445e90c - - default default] Successfully bumped revision number for resource cbb6e5f6-9caf-42d1-8ad5-849b202066ac (type: security_group_rules) to 0 [pid: 8|app: 0|req: 1858/3687] 10.0.0.50 () {32 vars in 773 bytes} [Tue Jul 7 00:40:37 2026] GET /v2.0/security-groups?tenant_id=43cec82b1ac6406db9498fc42ade26db&name=default => generated 2929 bytes in 207 msecs (HTTP/1.1 200) 4 headers in 158 bytes (1 switches on core 0) [pid: 7|app: 0|req: 1830/3688] 10.0.0.50 () {32 vars in 739 bytes} [Tue Jul 7 00:40:37 2026] DELETE /v2.0/security-groups/26c4b5ea-f15e-4b7d-abcc-628728cdbcb6 => generated 0 bytes in 249 msecs (HTTP/1.1 204) 2 headers in 112 bytes (1 switches on core 0)
2026-07-07 00:40:38.404 8 INFO neutron.db.ovn_revision_numbers_db [None req-4277da2e-2695-4a35-95a0-5fc937e70af9 bd7ec17577834736ac8e037e9830ed21 c6a1988a7fe541c892eb1b6e6445e90c - - default default] Successfully bumped revision number for resource 8575c97b-c0bc-4f3e-9ca8-431e751341a2 (type: security_groups) to 1
2026-07-07 00:40:38.416 8 INFO neutron.db.ovn_revision_numbers_db [None req-4277da2e-2695-4a35-95a0-5fc937e70af9 bd7ec17577834736ac8e037e9830ed21 c6a1988a7fe541c892eb1b6e6445e90c - - default default] Successfully bumped revision number for resource 28067225-6394-4054-bc7c-664eab9bacf9 (type: security_group_rules) to 0
2026-07-07 00:40:38.430 8 INFO neutron.db.ovn_revision_numbers_db [None req-4277da2e-2695-4a35-95a0-5fc937e70af9 bd7ec17577834736ac8e037e9830ed21 c6a1988a7fe541c892eb1b6e6445e90c - - default default] Successfully bumped revision number for resource 44394d64-0206-404e-a894-7493a0a86e19 (type: security_group_rules) to 0
2026-07-07 00:40:38.441 8 INFO neutron.db.ovn_revision_numbers_db [None req-4277da2e-2695-4a35-95a0-5fc937e70af9 bd7ec17577834736ac8e037e9830ed21 c6a1988a7fe541c892eb1b6e6445e90c - - default default] Successfully bumped revision number for resource 7e71aaa4-db2c-4382-9a2c-082ff812b158 (type: security_group_rules) to 0
2026-07-07 00:40:38.453 8 INFO neutron.db.ovn_revision_numbers_db [None req-4277da2e-2695-4a35-95a0-5fc937e70af9 bd7ec17577834736ac8e037e9830ed21 c6a1988a7fe541c892eb1b6e6445e90c - - default default] Successfully bumped revision number for resource f0c51a24-a9cd-4a13-a82d-66216d738700 (type: security_group_rules) to 0 [pid: 8|app: 0|req: 1859/3689] 10.0.0.50 () {32 vars in 773 bytes} [Tue Jul 7 00:40:38 2026] GET /v2.0/security-groups?tenant_id=be6b005bc46f4b74af73a9ec81648e23&name=default => generated 2929 bytes in 221 msecs (HTTP/1.1 200) 4 headers in 158 bytes (1 switches on core 0) [pid: 7|app: 0|req: 1831/3690] 10.0.0.50 () {32 vars in 739 bytes} [Tue Jul 7 00:40:38 2026] DELETE /v2.0/security-groups/8575c97b-c0bc-4f3e-9ca8-431e751341a2 => generated 0 bytes in 236 msecs (HTTP/1.1 204) 2 headers in 112 bytes (1 switches on core 0) [pid: 8|app: 0|req: 1860/3691] 10.0.0.50 () {32 vars in 648 bytes} [Tue Jul 7 00:40:41 2026] GET /v2.0/networks => generated 2174 bytes in 185 msecs (HTTP/1.1 200) 4 headers in 158 bytes (1 switches on core 0) [pid: 7|app: 0|req: 1832/3692] 10.0.0.50 () {32 vars in 654 bytes} [Tue Jul 7 00:40:42 2026] GET /v2.0/floatingips => generated 19 bytes in 45 msecs (HTTP/1.1 200) 4 headers in 156 bytes (1 switches on core 0) [pid: 8|app: 0|req: 1861/3693] 10.0.0.50 () {32 vars in 646 bytes} [Tue Jul 7 00:40:42 2026] GET /v2.0/routers => generated 15 bytes in 49 msecs (HTTP/1.1 200) 4 headers in 156 bytes (1 switches on core 0) [pid: 7|app: 0|req: 1833/3694] 10.0.0.50 () {32 vars in 642 bytes} [Tue Jul 7 00:40:42 2026] GET /v2.0/ports => generated 5175 bytes in 49 msecs (HTTP/1.1 200) 4 headers in 158 bytes (1 switches on core 0) [pid: 8|app: 0|req: 1862/3695] 10.0.0.50 () {32 vars in 646 bytes} [Tue Jul 7 00:40:42 2026] GET /v2.0/subnets => generated 1308 bytes in 29 msecs (HTTP/1.1 200) 4 headers in 158 bytes (1 switches on core 0) [pid: 7|app: 0|req: 1834/3696] 10.0.0.50 () {32 vars in 648 bytes} [Tue Jul 7 00:40:42 2026] GET /v2.0/networks => generated 2174 bytes in 40 msecs (HTTP/1.1 200) 4 headers in 158 bytes (1 switches on core 0) [pid: 8|app: 0|req: 1863/3697] 10.0.0.50 () {32 vars in 662 bytes} [Tue Jul 7 00:40:42 2026] GET /v2.0/security-groups => generated 17401 bytes in 37 msecs (HTTP/1.1 200) 4 headers in 159 bytes (1 switches on core 0) [pid: 7|app: 0|req: 1835/3698] 10.0.0.50 () {32 vars in 654 bytes} [Tue Jul 7 00:40:42 2026] GET /v2.0/subnetpools => generated 19 bytes in 13 msecs (HTTP/1.1 200) 4 headers in 156 bytes (1 switches on core 0) [pid: 7|app: 0|req: 1838/3703] 10.0.0.109 () {28 vars in 581 bytes} [Tue Jul 7 00:41:15 2026] GET /v2.0/agents => generated 1214 bytes in 108 msecs (HTTP/1.1 200) 4 headers in 158 bytes (1 switches on core 0) [pid: 8|app: 0|req: 1866/3704] 10.0.0.109 () {28 vars in 583 bytes} [Tue Jul 7 00:41:15 2026] GET /v2.0/routers => generated 15 bytes in 26 msecs (HTTP/1.1 200) 4 headers in 156 bytes (1 switches on core 0) [pid: 7|app: 0|req: 1839/3705] 10.0.0.109 () {28 vars in 624 bytes} [Tue Jul 7 00:41:15 2026] GET /v2.0/agents?binary=ovn-controller => generated 416 bytes in 10 msecs (HTTP/1.1 200) 4 headers in 157 bytes (1 switches on core 0) [pid: 8|app: 0|req: 1867/3706] 10.0.0.109 () {28 vars in 583 bytes} [Tue Jul 7 00:41:15 2026] GET /v2.0/subnets => generated 1308 bytes in 37 msecs (HTTP/1.1 200) 4 headers in 158 bytes (1 switches on core 0) [pid: 7|app: 0|req: 1840/3707] 10.0.0.109 () {28 vars in 591 bytes} [Tue Jul 7 00:41:15 2026] GET /v2.0/subnetpools => generated 19 bytes in 12 msecs (HTTP/1.1 200) 4 headers in 156 bytes (1 switches on core 0) [pid: 8|app: 0|req: 1868/3708] 10.0.0.109 () {28 vars in 579 bytes} [Tue Jul 7 00:41:15 2026] GET /v2.0/ports => generated 5175 bytes in 51 msecs (HTTP/1.1 200) 4 headers in 158 b