2026-06-10 09:39:25.588 7 INFO cinder.api.openstack.wsgi [None req-3b35a7dc-9ecd-4f7d-b36b-b180940bb4de 7245eb8acd0848b885a88f2a2fb9e3f8 793f26470a014e789d4482e9ce43978d - - default default] http://cinder-api.openstack.svc.cluster.local:8776/v3/793f26470a014e789d4482e9ce43978d/volumes/359be597-25b3-4116-8eda-7c1e5ac10be3 returned with HTTP 202 [pid: 7|app: 0|req: 379/761] 10.0.0.225 () {32 vars in 777 bytes} [Wed Jun 10 09:39:25 2026] DELETE /v3/793f26470a014e789d4482e9ce43978d/volumes/359be597-25b3-4116-8eda-7c1e5ac10be3 => generated 0 bytes in 61 msecs (HTTP/1.1 202) 6 headers in 233 bytes (1 switches on core 0) /var/lib/openstack/lib/python3.10/site-packages/pycadf/identifier.py:71: UserWarning: Invalid uuid: cinderv3. To ensure interoperability, identifiers should be a valid uuid. warnings.warn(('Invalid uuid: %s. To ensure interoperability, '
2026-06-10 09:39:25.601 6 INFO cinder.api.openstack.wsgi [None req-569b3929-ece4-4408-9b56-eb24490f2824 7245eb8acd0848b885a88f2a2fb9e3f8 793f26470a014e789d4482e9ce43978d - - default default] GET http://cinder-api.openstack.svc.cluster.local:8776/v3/793f26470a014e789d4482e9ce43978d/volumes/359be597-25b3-4116-8eda-7c1e5ac10be3 /var/lib/openstack/lib/python3.10/site-packages/oslo_context/context.py:100: DeprecationWarning: Policy enforcement is depending on the value of is_admin. This key is deprecated. Please update your policy file to use the standard policy values. warnings.warn('Policy enforcement is depending on the value of '
2026-06-10 09:39:25.629 6 INFO cinder.volume.api [None req-569b3929-ece4-4408-9b56-eb24490f2824 7245eb8acd0848b885a88f2a2fb9e3f8 793f26470a014e789d4482e9ce43978d - - default default] Volume info retrieved successfully.
2026-06-10 09:39:25.634 6 INFO cinder.api.openstack.wsgi [None req-569b3929-ece4-4408-9b56-eb24490f2824 7245eb8acd0848b885a88f2a2fb9e3f8 793f26470a014e789d4482e9ce43978d - - default default] http://cinder-api.openstack.svc.cluster.local:8776/v3/793f26470a014e789d4482e9ce43978d/volumes/359be597-25b3-4116-8eda-7c1e5ac10be3 returned with HTTP 200 [pid: 6|app: 0|req: 383/762] 10.0.0.225 () {32 vars in 774 bytes} [Wed Jun 10 09:39:25 2026] GET /v3/793f26470a014e789d4482e9ce43978d/volumes/359be597-25b3-4116-8eda-7c1e5ac10be3 => generated 967 bytes in 39 msecs (HTTP/1.1 200) 7 headers in 285 bytes (1 switches on core 0) /var/lib/openstack/lib/python3.10/site-packages/pycadf/identifier.py:71: UserWarning: Invalid uuid: cinderv3. To ensure interoperability, identifiers should be a valid uuid. warnings.warn(('Invalid uuid: %s. To ensure interoperability, '
2026-06-10 09:39:26.653 7 INFO cinder.api.openstack.wsgi [None req-01d1bcad-5ac5-4546-83a5-5570b830e0c5 7245eb8acd0848b885a88f2a2fb9e3f8 793f26470a014e789d4482e9ce43978d - - default default] GET http://cinder-api.openstack.svc.cluster.local:8776/v3/793f26470a014e789d4482e9ce43978d/volumes/359be597-25b3-4116-8eda-7c1e5ac10be3
2026-06-10 09:39:26.661 7 INFO cinder.api.openstack.wsgi [None req-01d1bcad-5ac5-4546-83a5-5570b830e0c5 7245eb8acd0848b885a88f2a2fb9e3f8 793f26470a014e789d4482e9ce43978d - - default default] http://cinder-api.openstack.svc.cluster.local:8776/v3/793f26470a014e789d4482e9ce43978d/volumes/359be597-25b3-4116-8eda-7c1e5ac10be3 returned with HTTP 404 [pid: 7|app: 0|req: 380/763] 10.0.0.225 () {32 vars in 774 bytes} [Wed Jun 10 09:39:26 2026] GET /v3/793f26470a014e789d4482e9ce43978d/volumes/359be597-25b3-4116-8eda-7c1e5ac10be3 => generated 109 bytes in 14 msecs (HTTP/1.1 404) 7 headers in 292 bytes (1 switches on core 0) /var/lib/openstack/lib/python3.10/site-packages/pycadf/identifier.py:71: UserWarning: Invalid uuid: cinderv3. To ensure interoperability, identifiers should be a valid uuid. warnings.warn(('Invalid uuid: %s. To ensure interoperability, '
2026-06-10 09:39:26.672 6 INFO cinder.api.openstack.wsgi [None req-8f76362a-dbc9-4829-9541-39257e3e1391 7245eb8acd0848b885a88f2a2fb9e3f8 793f26470a014e789d4482e9ce43978d - - default default] GET http://cinder-api.openstack.svc.cluster.local:8776/v3/793f26470a014e789d4482e9ce43978d/volumes/03f4b982-2970-49fe-b9ce-e810154e8758 /var/lib/openstack/lib/python3.10/site-packages/oslo_context/context.py:100: DeprecationWarning: Policy enforcement is depending on the value of is_admin. This key is deprecated. Please update your policy file to use the standard policy values. warnings.warn('Policy enforcement is depending on the value of '
2026-06-10 09:39:26.688 6 INFO cinder.volume.api [None req-8f76362a-dbc9-4829-9541-39257e3e1391 7245eb8acd0848b885a88f2a2fb9e3f8 793f26470a014e789d4482e9ce43978d - - default default] Volume info retrieved successfully.
2026-06-10 09:39:26.694 6 INFO cinder.api.openstack.wsgi [None req-8f76362a-dbc9-4829-9541-39257e3e1391 7245eb8acd0848b885a88f2a2fb9e3f8 793f26470a014e789d4482e9ce43978d - - default default] http://cinder-api.openstack.svc.cluster.local:8776/v3/793f26470a014e789d4482e9ce43978d/volumes/03f4b982-2970-49fe-b9ce-e810154e8758 returned with HTTP 200 [pid: 6|app: 0|req: 384/764] 10.0.0.225 () {32 vars in 774 bytes} [Wed Jun 10 09:39:26 2026] GET /v3/793f26470a014e789d4482e9ce43978d/volumes/03f4b982-2970-49fe-b9ce-e810154e8758 => generated 968 bytes in 28 msecs (HTTP/1.1 200) 7 headers in 285 bytes (1 switches on core 0)
2026-06-10 09:39:26.716 7 INFO cinder.api.openstack.wsgi [None req-7b7f874c-d29f-43a5-89be-ac5faaafbbe4 7245eb8acd0848b885a88f2a2fb9e3f8 793f26470a014e789d4482e9ce43978d - - default default] DELETE http://cinder-api.openstack.svc.cluster.local:8776/v3/793f26470a014e789d4482e9ce43978d/volumes/03f4b982-2970-49fe-b9ce-e810154e8758
2026-06-10 09:39:26.716 7 INFO cinder.api.v3.volumes [None req-7b7f874c-d29f-43a5-89be-ac5faaafbbe4 7245eb8acd0848b885a88f2a2fb9e3f8 793f26470a014e789d4482e9ce43978d - - default default] Delete volume with id: 03f4b982-2970-49fe-b9ce-e810154e8758  /var/lib/openstack/lib/python3.10/site-packages/oslo_context/context.py:100: DeprecationWarning: Policy enforcement is depending on the value of is_admin. This key is deprecated. Please update your policy file to use the standard policy values. warnings.warn('Policy enforcement is depending on the value of '
2026-06-10 09:39:26.729 7 INFO cinder.volume.api [None req-7b7f874c-d29f-43a5-89be-ac5faaafbbe4 7245eb8acd0848b885a88f2a2fb9e3f8 793f26470a014e789d4482e9ce43978d - - default default] Volume info retrieved successfully.
2026-06-10 09:39:26.752 7 INFO cinder.volume.api [None req-7b7f874c-d29f-43a5-89be-ac5faaafbbe4 7245eb8acd0848b885a88f2a2fb9e3f8 793f26470a014e789d4482e9ce43978d - - default default] Delete volume request issued successfully.
2026-06-10 09:39:26.753 7 INFO cinder.api.openstack.wsgi [None req-7b7f874c-d29f-43a5-89be-ac5faaafbbe4 7245eb8acd0848b885a88f2a2fb9e3f8 793f26470a014e789d4482e9ce43978d - - default default] http://cinder-api.openstack.svc.cluster.local:8776/v3/793f26470a014e789d4482e9ce43978d/volumes/03f4b982-2970-49fe-b9ce-e810154e8758 returned with HTTP 202 [pid: 7|app: 0|req: 381/765] 10.0.0.225 () {32 vars in 777 bytes} [Wed Jun 10 09:39:26 2026] DELETE /v3/793f26470a014e789d4482e9ce43978d/volumes/03f4b982-2970-49fe-b9ce-e810154e8758 => generated 0 bytes in 43 msecs (HTTP/1.1 202) 6 headers in 233 bytes (1 switches on core 0) /var/lib/openstack/lib/python3.10/site-packages/pycadf/identifier.py:71: UserWarning: Invalid uuid: cinderv3. To ensure interoperability, identifiers should be a valid uuid. warnings.warn(('Invalid uuid: %s. To ensure interoperability, '
2026-06-10 09:39:26.767 6 INFO cinder.api.openstack.wsgi [None req-3352acce-8305-4e89-ba2d-91dc0893e865 7245eb8acd0848b885a88f2a2fb9e3f8 793f26470a014e789d4482e9ce43978d - - default default] GET http://cinder-api.openstack.svc.cluster.local:8776/v3/793f26470a014e789d4482e9ce43978d/volumes/03f4b982-2970-49fe-b9ce-e810154e8758 /var/lib/openstack/lib/python3.10/site-packages/oslo_context/context.py:100: DeprecationWarning: Policy enforcement is depending on the value of is_admin. This key is deprecated. Please update your policy file to use the standard policy values. warnings.warn('Policy enforcement is depending on the value of '
2026-06-10 09:39:26.797 6 INFO cinder.volume.api [None req-3352acce-8305-4e89-ba2d-91dc0893e865 7245eb8acd0848b885a88f2a2fb9e3f8 793f26470a014e789d4482e9ce43978d - - default default] Volume info retrieved successfully.
2026-06-10 09:39:26.805 6 INFO cinder.api.openstack.wsgi [None req-3352acce-8305-4e89-ba2d-91dc0893e865 7245eb8acd0848b885a88f2a2fb9e3f8 793f26470a014e789d4482e9ce43978d - - default default] http://cinder-api.openstack.svc.cluster.local:8776/v3/793f26470a014e789d4482e9ce43978d/volumes/03f4b982-2970-49fe-b9ce-e810154e8758 returned with HTTP 200 [pid: 6|app: 0|req: 385/766] 10.0.0.225 () {32 vars in 774 bytes} [Wed Jun 10 09:39:26 2026] GET /v3/793f26470a014e789d4482e9ce43978d/volumes/03f4b982-2970-49fe-b9ce-e810154e8758 => generated 967 bytes in 46 msecs (HTTP/1.1 200) 7 headers in 285 bytes (1 switches on core 0) /var/lib/openstack/lib/python3.10/site-packages/pycadf/identifier.py:71: UserWarning: Invalid uuid: cinderv3. To ensure interoperability, identifiers should be a valid uuid. warnings.warn(('Invalid uuid: %s. To ensure interoperability, '
2026-06-10 09:39:27.831 7 INFO cinder.api.openstack.wsgi [None req-dbde3fbe-b05b-4337-8d0c-dfef325543ba 7245eb8acd0848b885a88f2a2fb9e3f8 793f26470a014e789d4482e9ce43978d - - default default] GET http://cinder-api.openstack.svc.cluster.local:8776/v3/793f26470a014e789d4482e9ce43978d/volumes/03f4b982-2970-49fe-b9ce-e810154e8758
2026-06-10 09:39:27.843 7 INFO cinder.api.openstack.wsgi [None req-dbde3fbe-b05b-4337-8d0c-dfef325543ba 7245eb8acd0848b885a88f2a2fb9e3f8 793f26470a014e789d4482e9ce43978d - - default default] http://cinder-api.openstack.svc.cluster.local:8776/v3/793f26470a014e789d4482e9ce43978d/volumes/03f4b982-2970-49fe-b9ce-e810154e8758 returned with HTTP 404 [pid: 7|app: 0|req: 382/767] 10.0.0.225 () {32 vars in 774 bytes} [Wed Jun 10 09:39:27 2026] GET /v3/793f26470a014e789d4482e9ce43978d/volumes/03f4b982-2970-49fe-b9ce-e810154e8758 => generated 109 bytes in 19 msecs (HTTP/1.1 404) 7 headers in 292 bytes (1 switches on core 0)
2026-06-10 09:39:32.825 6 INFO cinder.api.openstack.wsgi [None req-3352acce-8305-4e89-ba2d-91dc0893e865 7245eb8acd0848b885a88f2a2fb9e3f8 793f26470a014e789d4482e9ce43978d - - default default] GET http://10.0.0.49:8776/
2026-06-10 09:39:32.825 7 INFO cinder.api.openstack.wsgi [None req-dbde3fbe-b05b-4337-8d0c-dfef325543ba 7245eb8acd0848b885a88f2a2fb9e3f8 793f26470a014e789d4482e9ce43978d - - default default] GET http://10.0.0.49:8776/
2026-06-10 09:39:32.826 6 INFO cinder.api.openstack.wsgi [None req-3352acce-8305-4e89-ba2d-91dc0893e865 7245eb8acd0848b885a88f2a2fb9e3f8 793f26470a014e789d4482e9ce43978d - - default default] http://10.0.0.49:8776/ returned with HTTP 300
2026-06-10 09:39:32.826 7 INFO cinder.api.openstack.wsgi [None req-dbde3fbe-b05b-4337-8d0c-dfef325543ba 7245eb8acd0848b885a88f2a2fb9e3f8 793f26470a014e789d4482e9ce43978d - - default default] http://10.0.0.49:8776/ returned with HTTP 300
2026-06-10 09:39:42.826 7 INFO cinder.api.openstack.wsgi [None req-dbde3fbe-b05b-4337-8d0c-dfef325543ba 7245eb8acd0848b885a88f2a2fb9e3f8 793f26470a014e789d4482e9ce43978d - - default default] GET http://10.0.0.49:8776/
2026-06-10 09:39:42.827 6 INFO cinder.api.openstack.wsgi [None req-3352acce-8305-4e89-ba2d-91dc0893e865 7245eb8acd0848b885a88f2a2fb9e3f8 793f26470a014e789d4482e9ce43978d - - default default] GET http://10.0.0.49:8776/
2026-06-10 09:39:42.827 7 INFO cinder.api.openstack.wsgi [None req-dbde3fbe-b05b-4337-8d0c-dfef325543ba 7245eb8acd0848b885a88f2a2fb9e3f8 793f26470a014e789d4482e9ce43978d - - default default] http://10.0.0.49:8776/ returned with HTTP 300
2026-06-10 09:39:42.828 6 INFO cinder.api.openstack.wsgi [None req-3352acce-8305-4e89-ba2d-91dc0893e865 7245eb8acd0848b885a88f2a2fb9e3f8 793f26470a014e789d4482e9ce43978d - - default default] http://10.0.0.49:8776/ returned with HTTP 300
2026-06-10 09:39:52.825 7 INFO cinder.api.openstack.wsgi [None req-dbde3fbe-b05b-4337-8d0c-dfef325543ba 7245eb8acd0848b885a88f2a2fb9e3f8 793f26470a014e789d4482e9ce43978d - - default default] GET http://10.0.0.49:8776/
2026-06-10 09:39:52.827 7 INFO cinder.api.openstack.wsgi [None req-dbde3fbe-b05b-4337-8d0c-dfef325543ba 7245eb8acd0848b885a88f2a2fb9e3f8 793f26470a014e789d4482e9ce43978d - - default default] http://10.0.0.49:8776/ returned with HTTP 300
2026-06-10 09:39:52.826 6 INFO cinder.api.openstack.wsgi [None req-3352acce-8305-4e89-ba2d-91dc0893e865 7245eb8acd0848b885a88f2a2fb9e3f8 793f26470a014e789d4482e9ce43978d - - default default] GET http://10.0.0.49:8776/
2026-06-10 09:39:52.829 6 INFO cinder.api.openstack.wsgi [None req-3352acce-8305-4e89-ba2d-91dc0893e865 7245eb8acd0848b885a88f2a2fb9e3f8 793f26470a014e789d4482e9ce43978d - - default default] http://10.0.0.49:8776/ returned with HTTP 300
2026-06-10 09:39:54.497 7 INFO cinder.api.openstack.wsgi [None req-bf29639c-b574-4a7f-bbcc-abf3500e84ad 1dbf5fdba53d4d9e98f3bf72d4026137 9ad0cca4f3ae400ab34d82631cf61eda - - default default] GET http://cinder-api.openstack.svc.cluster.local:8776/v3/9ad0cca4f3ae400ab34d82631cf61eda/volumes/detail?all_tenants=true
2026-06-10 09:39:54.511 7 INFO cinder.volume.api [None req-bf29639c-b574-4a7f-bbcc-abf3500e84ad 1dbf5fdba53d4d9e98f3bf72d4026137 9ad0cca4f3ae400ab34d82631cf61eda - - default default] Get all volumes completed successfully.
2026-06-10 09:39:54.515 7 INFO cinder.api.openstack.wsgi [None req-bf29639c-b574-4a7f-bbcc-abf3500e84ad 1dbf5fdba53d4d9e98f3bf72d4026137 9ad0cca4f3ae400ab34d82631cf61eda - - default default] http://cinder-api.openstack.svc.cluster.local:8776/v3/9ad0cca4f3ae400ab34d82631cf61eda/volumes/detail?all_tenants=true returned with HTTP 200 [pid: 7|app: 0|req: 386/774] 10.0.0.253 () {28 vars in 683 bytes} [Wed Jun 10 09:39:54 2026] GET /v3/9ad0cca4f3ae400ab34d82631cf61eda/volumes/detail?all_tenants=true => generated 15 bytes in 153 msecs (HTTP/1.1 200) 7 headers in 284 bytes (1 switches on core 0) /var/lib/openstack/lib/python3.10/site-packages/pycadf/identifier.py:71: UserWarning: Invalid uuid: cinderv3. To ensure interoperability, identifiers should be a valid uuid. warnings.warn(('Invalid uuid: %s. To ensure interoperability, '
2026-06-10 09:39:54.532 6 INFO cinder.api.openstack.wsgi [None req-46904a50-1028-4d5f-88a2-505886e7b228 1dbf5fdba53d4d9e98f3bf72d4026137 9ad0cca4f3ae400ab34d82631cf61eda - - default default] GET http://cinder-api.openstack.svc.cluster.local:8776/v3/9ad0cca4f3ae400ab34d82631cf61eda/volumes/detail?all_tenants=true
2026-06-10 09:39:54.553 6 INFO cinder.volume.api [None req-46904a50-1028-4d5f-88a2-505886e7b228 1dbf5fdba53d4d9e98f3bf72d4026137 9ad0cca4f3ae400ab34d82631cf61eda - - default default] Get all volumes completed successfully.
2026-06-10 09:39:54.560 6 INFO cinder.api.openstack.wsgi [None req-46904a50-1028-4d5f-88a2-505886e7b228 1dbf5fdba53d4d9e98f3bf72d4026137 9ad0cca4f3ae400ab34d82631cf61eda - - default default] http://cinder-api.openstack.svc.cluster.local:8776/v3/9ad0cca4f3ae400ab34d82631cf61eda/volumes/detail?all_tenants=true returned with HTTP 200 [pid: 6|app: 0|req: 389/775] 10.0.0.253 () {28 vars in 683 bytes} [Wed Jun 10 09:39:54 2026] GET /v3/9ad0cca4f3ae400ab34d82631cf61eda/volumes/detail?all_tenants=true => generated 15 bytes in 39 msecs (HTTP/1.1 200) 7 headers in 284 bytes (1 switches on core 0)
2026-06-10 09:39:54.583 7 INFO cinder.api.openstack.wsgi [None req-c9f507f9-196f-46cf-9298-e21d66987d3f 1dbf5fdba53d4d9e98f3bf72d4026137 9ad0cca4f3ae400ab34d82631cf61eda - - default default] GET http://cinder-api.openstack.svc.cluster.local:8776/v3/9ad0cca4f3ae400ab34d82631cf61eda/scheduler-stats/get_pools?detail=true
2026-06-10 09:39:54.604 7 INFO cinder.api.openstack.wsgi [None req-c9f507f9-196f-46cf-9298-e21d66987d3f 1dbf5fdba53d4d9e98f3bf72d4026137 9ad0cca4f3ae400ab34d82631cf61eda - - default default] http://cinder-api.openstack.svc.cluster.local:8776/v3/9ad0cca4f3ae400ab34d82631cf61eda/scheduler-stats/get_pools?detail=true returned with HTTP 200 [pid: 7|app: 0|req: 387/776] 10.0.0.253 () {28 vars in 695 bytes} [Wed Jun 10 09:39:54 2026] GET /v3/9ad0cca4f3ae400ab34d82631cf61eda/scheduler-stats/get_pools?detail=true => generated 670 bytes in 31 msecs (HTTP/1.1 200) 7 headers in 285 bytes (1 switches on core 0)
2026-06-10 09:39:54.674 6 INFO cinder.api.openstack.wsgi [None req-39c32b8c-f42b-4a1f-8362-71ff0f7553f0 1dbf5fdba53d4d9e98f3bf72d4026137 9ad0cca4f3ae400ab34d82631cf61eda - - default default] GET http://cinder-api.openstack.svc.cluster.local:8776/v3/9ad0cca4f3ae400ab34d82631cf61eda/os-quota-sets/3ac8defba92d47f69a57b5c7a2101779?usage=true
2026-06-10 09:39:54.701 6 INFO cinder.api.openstack.wsgi [None req-39c32b8c-f42b-4a1f-8362-71ff0f7553f0 1dbf5fdba53d4d9e98f3bf72d4026137 9ad0cca4f3ae400ab34d82631cf61eda - - default default] http://cinder-api.openstack.svc.cluster.local:8776/v3/9ad0cca4f3ae400ab34d82631cf61eda/os-quota-sets/3ac8defba92d47f69a57b5c7a2101779?usage=true returned with HTTP 200 [pid: 6|app: 0|req: 390/777] 10.0.0.253 () {28 vars in 735 bytes} [Wed Jun 10 09:39:54 2026] GET /v3/9ad0cca4f3ae400ab34d82631cf61eda/os-quota-sets/3ac8defba92d47f69a57b5c7a2101779?usage=true => generated 847 bytes in 38 msecs (HTTP/1.1 200) 7 headers in 285 bytes (1 switches on core 0)
2026-06-10 09:39:54.714 7 INFO cinder.api.openstack.wsgi [None req-3a602f6c-c81a-40b1-b9fd-a10d36bb6153 1dbf5fdba53d4d9e98f3bf72d4026137 9ad0cca4f3ae400ab34d82631cf61eda - - default default] GET http://cinder-api.openstack.svc.cluster.local:8776/v3/9ad0cca4f3ae400ab34d82631cf61eda/os-quota-sets/3b6a9058744c406fa49199507a1b8327?usage=true
2026-06-10 09:39:54.745 7 INFO cinder.api.openstack.wsgi [None req-3a602f6c-c81a-40b1-b9fd-a10d36bb6153 1dbf5fdba53d4d9e98f3bf72d4026137 9ad0cca4f3ae400ab34d82631cf61eda - - default default] http://cinder-api.openstack.svc.cluster.local:8776/v3/9ad0cca4f3ae400ab34d82631cf61eda/os-quota-sets/3b6a9058744c406fa49199507a1b8327?usage=true returned with HTTP 200 [pid: 7|app: 0|req: 388/778] 10.0.0.253 () {28 vars in 735 bytes} [Wed Jun 10 09:39:54 2026] GET /v3/9ad0cca4f3ae400ab34d82631cf61eda/os-quota-sets/3b6a9058744c406fa49199507a1b8327?usage=true => generated 847 bytes in 40 msecs (HTTP/1.1 200) 7 headers in 285 bytes (1 switches on core 0)
2026-06-10 09:39:54.763 6 INFO cinder.api.openstack.wsgi [None req-cad4226d-3563-40a7-8460-458f799fa1ef 1dbf5fdba53d4d9e98f3bf72d4026137 9ad0cca4f3ae400ab34d82631cf61eda - - default default] GET http://cinder-api.openstack.svc.cluster.local:8776/v3/9ad0cca4f3ae400ab34d82631cf61eda/os-quota-sets/41abbb8731084719a6ff94267deea23b?usage=true
2026-06-10 09:39:54.788 6 INFO cinder.api.openstack.wsgi [None req-cad4226d-3563-40a7-8460-458f799fa1ef 1dbf5fdba53d4d9e98f3bf72d4026137 9ad0cca4f3ae400ab34d82631cf61eda - - default default] http://cinder-api.openstack.svc.cluster.local:8776/v3/9ad0cca4f3ae400ab34d82631cf61eda/os-quota-sets/41abbb8731084719a6ff94267deea23b?usage=true returned with HTTP 200 [pid: 6|app: 0|req: 391/779] 10.0.0.253 () {28 vars in 735 bytes} [Wed Jun 10 09:39:54 2026] GET /v3/9ad0cca4f3ae400ab34d82631cf61eda/os-quota-sets/41abbb8731084719a6ff94267deea23b?usage=true => generated 847 bytes in 34 msecs (HTTP/1.1 200) 7 headers in 285 bytes (1 switches on core 0)
2026-06-10 09:39:54.801 7 INFO cinder.api.openstack.wsgi [None req-cba85b9b-7fcd-463e-88c3-1b5d2dc2b4bd 1dbf5fdba53d4d9e98f3bf72d4026137 9ad0cca4f3ae400ab34d82631cf61eda - - default default] GET http://cinder-api.openstack.svc.cluster.local:8776/v3/9ad0cca4f3ae400ab34d82631cf61eda/os-quota-sets/4656b0163c3d4ac383cf2b814008f4f4?usage=true
2026-06-10 09:39:54.852 7 INFO cinder.api.openstack.wsgi [None req-cba85b9b-7fcd-463e-88c3-1b5d2dc2b4bd 1dbf5fdba53d4d9e98f3bf72d4026137 9ad0cca4f3ae400ab34d82631cf61eda - - default default] http://cinder-api.openstack.svc.cluster.local:8776/v3/9ad0cca4f3ae400ab34d82631cf61eda/os-quota-sets/4656b0163c3d4ac383cf2b814008f4f4?usage=true returned with HTTP 200 [pid: 7|app: 0|req: 389/780] 10.0.0.253 () {28 vars in 735 bytes} [Wed Jun 10 09:39:54 2026] GET /v3/9ad0cca4f3ae400ab34d82631cf61eda/os-quota-sets/4656b0163c3d4ac383cf2b814008f4f4?usage=true => generated 847 bytes in 59 msecs (HTTP/1.1 200) 7 headers in 285 bytes (1 switches on core 0)
2026-06-10 09:39:54.863 6 INFO cinder.api.openstack.wsgi [None req-7181a3c6-a924-4ac4-9a58-cd3a0b316408 1dbf5fdba53d4d9e98f3bf72d4026137 9ad0cca4f3ae400ab34d82631cf61eda - - default default] GET http://cinder-api.openstack.svc.cluster.local:8776/v3/9ad0cca4f3ae400ab34d82631cf61eda/os-quota-sets/57cc4bb4266f4dfea7dd866727596f69?usage=true
2026-06-10 09:39:54.906 6 INFO cinder.api.openstack.wsgi [None req-7181a3c6-a924-4ac4-9a58-cd3a0b316408 1dbf5fdba53d4d9e98f3bf72d4026137 9ad0cca4f3ae400ab34d82631cf61eda - - default default] http://cinder-api.openstack.svc.cluster.local:8776/v3/9ad0cca4f3ae400ab34d82631cf61eda/os-quota-sets/57cc4bb4266f4dfea7dd866727596f69?usage=true returned with HTTP 200 [pid: 6|app: 0|req: 392/781] 10.0.0.253 () {28 vars in 735 bytes} [Wed Jun 10 09:39:54 2026] GET /v3/9ad0cca4f3ae400ab34d82631cf61eda/os-quota-sets/57cc4bb4266f4dfea7dd866727596f69?usage=true => generated 847 bytes in 50 msecs (HTTP/1.1 200) 7 headers in 285 bytes (1 switches on core 0)
2026-06-10 09:39:54.921 7 INFO cinder.api.openstack.wsgi [None req-c1597f8e-f30d-450e-9ad1-bc52154e0e57 1dbf5fdba53d4d9e98f3bf72d4026137 9ad0cca4f3ae400ab34d82631cf61eda - - default default] GET http://cinder-api.openstack.svc.cluster.local:8776/v3/9ad0cca4f3ae400ab34d82631cf61eda/os-quota-sets/585a3d6a6fa14fa38ed7569d38ce4877?usage=true
2026-06-10 09:39:54.984 7 INFO cinder.api.openstack.wsgi [None req-c1597f8e-f30d-450e-9ad1-bc52154e0e57 1dbf5fdba53d4d9e98f3bf72d4026137 9ad0cca4f3ae400ab34d82631cf61eda - - default default] http://cinder-api.openstack.svc.cluster.local:8776/v3/9ad0cca4f3ae400ab34d82631cf61eda/os-quota-sets/585a3d6a6fa14fa38ed7569d38ce4877?usage=true returned with HTTP 200 [pid: 7|app: 0|req: 390/782] 10.0.0.253 () {28 vars in 735 bytes} [Wed Jun 10 09:39:54 2026] GET /v3/9ad0cca4f3ae400ab34d82631cf61eda/os-quota-sets/585a3d6a6fa14fa38ed7569d38ce4877?usage=true => generated 847 bytes in 72 msecs (HTTP/1.1 200) 7 headers in 285 bytes (1 switches on core 0)
2026-06-10 09:39:54.995 6 INFO cinder.api.openstack.wsgi [None req-fec8c852-a4ee-4418-9de2-66c791ffb697 1dbf5fdba53d4d9e98f3bf72d4026137 9ad0cca4f3ae400ab34d82631cf61eda - - default default] GET http://cinder-api.openstack.svc.cluster.local:8776/v3/9ad0cca4f3ae400ab34d82631cf61eda/os-quota-sets/62d4c1ba26774b24ab4a1c445b120c5c?usage=true
2026-06-10 09:39:55.024 6 INFO cinder.api.openstack.wsgi [None req-fec8c852-a4ee-4418-9de2-66c791ffb697 1dbf5fdba53d4d9e98f3bf72d4026137 9ad0cca4f3ae400ab34d82631cf61eda - - default default] http://cinder-api.openstack.svc.cluster.local:8776/v3/9ad0cca4f3ae400ab34d82631cf61eda/os-quota-sets/62d4c1ba26774b24ab4a1c445b120c5c?usage=true returned with HTTP 200 [pid: 6|app: 0|req: 393/783] 10.0.0.253 () {28 vars in 735 bytes} [Wed Jun 10 09:39:54 2026] GET /v3/9ad0cca4f3ae400ab34d82631cf61eda/os-quota-sets/62d4c1ba26774b24ab4a1c445b120c5c?usage=true => generated 847 bytes in 36 msecs (HTTP/1.1 200) 7 headers in 285 bytes (1 switches on core 0)
2026-06-10 09:39:55.037 7 INFO cinder.api.openstack.wsgi [None req-ac86922a-33e9-48b3-b63d-ab5209d68e45 1dbf5fdba53d4d9e98f3bf72d4026137 9ad0cca4f3ae400ab34d82631cf61eda - - default default] GET http://cinder-api.openstack.svc.cluster.local:8776/v3/9ad0cca4f3ae400ab34d82631cf61eda/os-quota-sets/75497b296a4444039697b51bd43e05ab?usage=true
2026-06-10 09:39:55.071 7 INFO cinder.api.openstack.wsgi [None req-ac86922a-33e9-48b3-b63d-ab5209d68e45 1dbf5fdba53d4d9e98f3bf72d4026137 9ad0cca4f3ae400ab34d82631cf61eda - - default default] http://cinder-api.openstack.svc.cluster.local:8776/v3/9ad0cca4f3ae400ab34d82631cf61eda/os-quota-sets/75497b296a4444039697b51bd43e05ab?usage=true returned with HTTP 200 [pid: 7|app: 0|req: 391/784] 10.0.0.253 () {28 vars in 735 bytes} [Wed Jun 10 09:39:55 2026] GET /v3/9ad0cca4f3ae400ab34d82631cf61eda/os-quota-sets/75497b296a4444039697b51bd43e05ab?usage=true => generated 847 bytes in 42 msecs (HTTP/1.1 200) 7 headers in 285 bytes (1 switches on core 0)
2026-06-10 09:39:55.082 6 INFO cinder.api.openstack.wsgi [None req-d6b46a0a-53f7-4c7d-b099-c55f8899d454 1dbf5fdba53d4d9e98f3bf72d4026137 9ad0cca4f3ae400ab34d82631cf61eda - - default default] GET http://cinder-api.openstack.svc.cluster.local:8776/v3/9ad0cca4f3ae400ab34d82631cf61eda/os-quota-sets/9ad0cca4f3ae400ab34d82631cf61eda?usage=true
2026-06-10 09:39:55.108 6 INFO cinder.api.openstack.wsgi [None req-d6b46a0a-53f7-4c7d-b099-c55f8899d454 1dbf5fdba53d4d9e98f3bf72d4026137 9ad0cca4f3ae400ab34d82631cf61eda - - default default] http://cinder-api.openstack.svc.cluster.local:8776/v3/9ad0cca4f3ae400ab34d82631cf61eda/os-quota-sets/9ad0cca4f3ae400ab34d82631cf61eda?usage=true returned with HTTP 200 [pid: 6|app: 0|req: 394/785] 10.0.0.253 () {28 vars in 735 bytes} [Wed Jun 10 09:39:55 2026] GET /v3/9ad0cca4f3ae400ab34d82631cf61eda/os-quota-sets/9ad0cca4f3ae400ab34d82631cf61eda?usage=true => generated 845 bytes in 32 msecs (HTTP/1.1 200) 7 headers in 285 bytes (1 switches on core 0)
2026-06-10 09:39:55.125 7 INFO cinder.api.openstack.wsgi [None req-f80af5e1-563b-4eb5-b952-544d90094038 1dbf5fdba53d4d9e98f3bf72d4026137 9ad0cca4f3ae400ab34d82631cf61eda - - default default] GET http://cinder-api.openstack.svc.cluster.local:8776/v3/9ad0cca4f3ae400ab34d82631cf61eda/os-quota-sets/9dcaf88ff8f44122abeeb740bd42e815?usage=true
2026-06-10 09:39:55.151 7 INFO cinder.api.openstack.wsgi [None req-f80af5e1-563b-4eb5-b952-544d90094038 1dbf5fdba53d4d9e98f3bf72d4026137 9ad0cca4f3ae400ab34d82631cf61eda - - default default] http://cinder-api.openstack.svc.cluster.local:8776/v3/9ad0cca4f3ae400ab34d82631cf61eda/os-quota-sets/9dcaf88ff8f44122abeeb740bd42e815?usage=true returned with HTTP 200 [pid: 7|app: 0|req: 392/786] 10.0.0.253 () {28 vars in 735 bytes} [Wed Jun 10 09:39:55 2026] GET /v3/9ad0cca4f3ae400ab34d82631cf61eda/os-quota-sets/9dcaf88ff8f44122abeeb740bd42e815?usage=true => generated 847 bytes in 36 msecs (HTTP/1.1 200) 7 headers in 285 bytes (1 switches on core 0)
2026-06-10 09:39:55.161 6 INFO cinder.api.openstack.wsgi [None req-c8a5fc5c-21ef-430e-aaa2-ae0022c8b4d2 1dbf5fdba53d4d9e98f3bf72d4026137 9ad0cca4f3ae400ab34d82631cf61eda - - default default] GET http://cinder-api.openstack.svc.cluster.local:8776/v3/9ad0cca4f3ae400ab34d82631cf61eda/os-quota-sets/a881fad0465c413ca0964a8b5c42bf15?usage=true
2026-06-10 09:39:55.233 6 INFO cinder.api.openstack.wsgi [None req-c8a5fc5c-21ef-430e-aaa2-ae0022c8b4d2 1dbf5fdba53d4d9e98f3bf72d4026137 9ad0cca4f3ae400ab34d82631cf61eda - - default default] http://cinder-api.openstack.svc.cluster.local:8776/v3/9ad0cca4f3ae400ab34d82631cf61eda/os-quota-sets/a881fad0465c413ca0964a8b5c42bf15?usage=true returned with HTTP 200 [pid: 6|app: 0|req: 395/787] 10.0.0.253 () {28 vars in 735 bytes} [Wed Jun 10 09:39:55 2026] GET /v3/9ad0cca4f3ae400ab34d82631cf61eda/os-quota-sets/a881fad0465c413ca0964a8b5c42bf15?usage=true => generated 847 bytes in 79 msecs (HTTP/1.1 200) 7 headers in 285 bytes (1 switches on core 0)
2026-06-10 09:39:55.249 7 INFO cinder.api.openstack.wsgi [None req-973d3e76-18d7-48e2-bffc-09c32a34812f 1dbf5fdba53d4d9e98f3bf72d4026137 9ad0cca4f3ae400ab34d82631cf61eda - - default default] GET http://cinder-api.openstack.svc.cluster.local:8776/v3/9ad0cca4f3ae400ab34d82631cf61eda/os-quota-sets/ad3f054875ba43299840993bbac6c18e?usage=true
2026-06-10 09:39:55.269 7 INFO cinder.api.openstack.wsgi [None req-973d3e76-18d7-48e2-bffc-09c32a34812f 1dbf5fdba53d4d9e98f3bf72d4026137 9ad0cca4f3ae400ab34d82631cf61eda - - default default] http://cinder-api.openstack.svc.cluster.local:8776/v3/9ad0cca4f3ae400ab34d82631cf61eda/os-quota-sets/ad3f054875ba43299840993bbac6c18e?usage=true returned with HTTP 200 [pid: 7|app: 0|req: 393/788] 10.0.0.253 () {28 vars in 735 bytes} [Wed Jun 10 09:39:55 2026] GET /v3/9ad0cca4f3ae400ab34d82631cf61eda/os-quota-sets/ad3f054875ba43299840993bbac6c18e?usage=true => generated 847 bytes in 31 msecs (HTTP/1.1 200) 7 headers in 285 bytes (1 switches on core 0)
2026-06-10 09:39:55.282 6 INFO cinder.api.openstack.wsgi [None req-517d5ebc-9222-42b1-9d31-03cc7bfcd3ff 1dbf5fdba53d4d9e98f3bf72d4026137 9ad0cca4f3ae400ab34d82631cf61eda - - default default] GET http://cinder-api.openstack.svc.cluster.local:8776/v3/9ad0cca4f3ae400ab34d82631cf61eda/os-quota-sets/b069a4aae6e3400486d25f1732693931?usage=true
2026-06-10 09:39:55.305 6 INFO cinder.api.openstack.wsgi [None req-517d5ebc-9222-42b1-9d31-03cc7bfcd3ff 1dbf5fdba53d4d9e98f3bf72d4026137 9ad0cca4f3ae400ab34d82631cf61eda - - default default] http://cinder-api.openstack.svc.cluster.local:8776/v3/9ad0cca4f3ae400ab34d82631cf61eda/os-quota-sets/b069a4aae6e3400486d25f1732693931?usage=true returned with HTTP 200 [pid: 6|app: 0|req: 396/789] 10.0.0.253 () {28 vars in 735 bytes} [Wed Jun 10 09:39:55 2026] GET /v3/9ad0cca4f3ae400ab34d82631cf61eda/os-quota-sets/b069a4aae6e3400486d25f1732693931?usage=true => generated 847 bytes in 33 msecs (HTTP/1.1 200) 7 headers in 285 bytes (1 switches on core 0)
2026-06-10 09:39:55.319 7 INFO cinder.api.openstack.wsgi [None req-d8ff390a-47df-4cf4-822c-c6a3d1908f64 1dbf5fdba53d4d9e98f3bf72d4026137 9ad0cca4f3ae400ab34d82631cf61eda - - default default] GET http://cinder-api.openstack.svc.cluster.local:8776/v3/9ad0cca4f3ae400ab34d82631cf61eda/os-quota-sets/c851e24ebc284c6991e317e681a5e4de?usage=true
2026-06-10 09:39:55.344 7 INFO cinder.api.openstack.wsgi [None req-d8ff390a-47df-4cf4-822c-c6a3d1908f64 1dbf5fdba53d4d9e98f3bf72d4026137 9ad0cca4f3ae400ab34d82631cf61eda - - default default] http://cinder-api.openstack.svc.cluster.local:8776/v3/9ad0cca4f3ae400ab34d82631cf61eda/os-quota-sets/c851e24ebc284c6991e317e681a5e4de?usage=true returned with HTTP 200 [pid: 7|app: 0|req: 394/790] 10.0.0.253 () {28 vars in 735 bytes} [Wed Jun 10 09:39:55 2026] GET /v3/9ad0cca4f3ae400ab34d82631cf61eda/os-quota-sets/c851e24ebc284c6991e317e681a5e4de?usage=true => generated 847 bytes in 34 msecs (HTTP/1.1 200) 7 headers in 285 bytes (1 switches on core 0)
2026-06-10 09:39:55.362 6 INFO cinder.api.openstack.wsgi [None req-6f6c711e-15f9-4b53-a6fd-a88532184bd2 1dbf5fdba53d4d9e98f3bf72d4026137 9ad0cca4f3ae400ab34d82631cf61eda - - default default] GET http://cinder-api.openstack.svc.cluster.local:8776/v3/9ad0cca4f3ae400ab34d82631cf61eda/os-quota-sets/cb96a4c31d78427e9b4b86022783f1da?usage=true
2026-06-10 09:39:55.394 6 INFO cinder.api.openstack.wsgi [None req-6f6c711e-15f9-4b53-a6fd-a88532184bd2 1dbf5fdba53d4d9e98f3bf72d4026137 9ad0cca4f3ae400ab34d82631cf61eda - - default default] http://cinder-api.openstack.svc.cluster.local:8776/v3/9ad0cca4f3ae400ab34d82631cf61eda/os-quota-sets/cb96a4c31d78427e9b4b86022783f1da?usage=true returned with HTTP 200 [pid: 6|app: 0|req: 397/791] 10.0.0.253 () {28 vars in 735 bytes} [Wed Jun 10 09:39:55 2026] GET /v3/9ad0cca4f3ae400ab34d82631cf61eda/os-quota-sets/cb96a4c31d78427e9b4b86022783f1da?usage=true => generated 845 bytes in 40 msecs (HTTP/1.1 200) 7 headers in 285 bytes (1 switches on core 0)
2026-06-10 09:39:55.409 7 INFO cinder.api.openstack.wsgi [None req-f99d0e08-cf15-416b-a75d-740d239e1ea5 1dbf5fdba53d4d9e98f3bf72d4026137 9ad0cca4f3ae400ab34d82631cf61eda - - default default] GET http://cinder-api.openstack.svc.cluster.local:8776/v3/9ad0cca4f3ae400ab34d82631cf61eda/os-quota-sets/d6158adcadec4b47aecddb245231796e?usage=true
2026-06-10 09:39:55.457 7 INFO cinder.api.openstack.wsgi [None req-f99d0e08-cf15-416b-a75d-740d239e1ea5 1dbf5fdba53d4d9e98f3bf72d4026137 9ad0cca4f3ae400ab34d82631cf61eda - - default default] http://cinder-api.openstack.svc.cluster.local:8776/v3/9ad0cca4f3ae400ab34d82631cf61eda/os-quota-sets/d6158adcadec4b47aecddb245231796e?usage=true returned with HTTP 200 [pid: 7|app: 0|req: 395/792] 10.0.0.253 () {28 vars in 735 bytes} [Wed Jun 10 09:39:55 2026] GET /v3/9ad0cca4f3ae400ab34d82631cf61eda/os-quota-sets/d6158adcadec4b47aecddb245231796e?usage=true => generated 847 bytes in 61 msecs (HTTP/1.1 200) 7 headers in 285 bytes (1 switches on core 0)
2026-06-10 09:39:55.476 6 INFO cinder.api.openstack.wsgi [None req-9c833e4c-85b1-4251-8e75-e9ea2a4e2eba 1dbf5fdba53d4d9e98f3bf72d4026137 9ad0cca4f3ae400ab34d82631cf61eda - - default default] GET http://cinder-api.openstack.svc.cluster.local:8776/v3/9ad0cca4f3ae400ab34d82631cf61eda/os-quota-sets/df5302d53bbe40fe82b4933ea77b871d?usage=true
2026-06-10 09:39:55.501 6 INFO cinder.api.openstack.wsgi [None req-9c833e4c-85b1-4251-8e75-e9ea2a4e2eba 1dbf5fdba53d4d9e98f3bf72d4026137 9ad0cca4f3ae400ab34d82631cf61eda - - default default] http://cinder-api.openstack.svc.cluster.local:8776/v3/9ad0cca4f3ae400ab34d82631cf61eda/os-quota-sets/df5302d53bbe40fe82b4933ea77b871d?usage=true returned with HTTP 200 [pid: 6|app: 0|req: 398/793] 10.0.0.253 () {28 vars in 735 bytes} [Wed Jun 10 09:39:55 2026] GET /v3/9ad0cca4f3ae400ab34d82631cf61eda/os-quota-sets/df5302d53bbe40fe82b4933ea77b871d?usage=true => generated 847 bytes in 36 msecs (HTTP/1.1 200) 7 headers in 285 bytes (1 switches on core 0)
2026-06-10 09:39:55.516 7 INFO cinder.api.openstack.wsgi [None req-b7cac644-4780-4bdc-9b85-0e9107ab3b22 1dbf5fdba53d4d9e98f3bf72d4026137 9ad0cca4f3ae400ab34d82631cf61eda - - default default] GET http://cinder-api.openstack.svc.cluster.local:8776/v3/9ad0cca4f3ae400ab34d82631cf61eda/snapshots?all_tenants=true
2026-06-10 09:39:55.531 7 INFO cinder.volume.api [None req-b7cac644-4780-4bdc-9b85-0e9107ab3b22 1dbf5fdba53d4d9e98f3bf72d4026137 9ad0cca4f3ae400ab34d82631cf61eda - - default default] Get all snapshots completed successfully.
2026-06-10 09:39:55.532 7 INFO cinder.api.openstack.wsgi [None req-b7cac644-4780-4bdc-9b85-0e9107ab3b22 1dbf5fdba53d4d9e98f3bf72d4026137 9ad0cca4f3ae400ab34d82631cf61eda - - default default] http://cinder-api.openstack.svc.cluster.local:8776/v3/9ad0cca4f3ae400ab34d82631cf61eda/snapshots?all_tenants=true returned with HTTP 200 [pid: 7|app: 0|req: 396/794] 10.0.0.253 () {28 vars in 673 bytes} [Wed Jun 10 09:39:55 2026] GET /v3/9ad0cca4f3ae400ab34d82631cf61eda/snapshots?all_tenants=true => generated 17 bytes in 27 msecs (HTTP/1.1 200) 7 headers in 284 bytes (1 switches on core 0)
2026-06-10 09:39:55.557 6 INFO cinder.api.openstack.wsgi [None req-666567a5-17df-49d8-988f-e82ae2620802 1dbf5fdba53d4d9e98f3bf72d4026137 9ad0cca4f3ae400ab34d82631cf61eda - - default default] GET http://cinder-api.openstack.svc.cluster.local:8776/v3/9ad0cca4f3ae400ab34d82631cf61eda/os-services
2026-06-10 09:39:55.567 6 INFO cinder.api.openstack.wsgi [None req-666567a5-17df-49d8-988f-e82ae2620802 1dbf5fdba53d4d9e98f3bf72d4026137 9ad0cca4f3ae400ab34d82631cf61eda - - default default] http://cinder-api.openstack.svc.cluster.local:8776/v3/9ad0cca4f3ae400ab34d82631cf61eda/os-services returned with HTTP 200 [pid: 6|app: 0|req: 399/795] 10.0.0.253 () {28 vars in 644 bytes} [Wed Jun 10 09:39:55 2026] GET /v3/9ad0cca4f3ae400ab34d82631cf61eda/os-services => generated 646 bytes in 21 msecs (HTTP/1.1 200) 7 headers in 285 bytes (1 switches on core 0)
2026-06-10 09:40:02.826 7 INFO cinder.api.openstack.wsgi [None req-b7cac644-4780-4bdc-9b85-0e9107ab3b22 1dbf5fdba53d4d9e98f3bf72d4026137 9ad0cca4f3ae400ab34d82631cf61eda - - default default] GET http://10.0.0.49:8776/
2026-06-10 09:40:02.826 6 INFO cinder.api.openstack.wsgi [None req-666567a5-17df-49d8-988f-e82ae2620802 1dbf5fdba53d4d9e98f3bf72d4026137 9ad0cca4f3ae400ab34d82631cf61eda - - default default] GET http://10.0.0.49:8776/
2026-06-10 09:40:02.827 7 INFO cinder.api.openstack.wsgi [None req-b7cac644-4780-4bdc-9b85-0e9107ab3b22 1dbf5fdba53d4d9e98f3bf72d4026137 9ad0cca4f3ae400ab34d82631cf61eda - - default default] http://10.0.0.49:8776/ returned with HTTP 300
2026-06-10 09:40:02.828 6 INFO cinder.api.openstack.wsgi [None req-666567a5-17df-49d8-988f-e82ae2620802 1dbf5fdba53d4d9e98f3bf72d4026137 9ad0cca4f3ae400ab34d82631cf61eda - - default default] http://10.0.0.49:8776/ returned with HTTP 300
2026-06-10 09:40:12.825 7 INFO cinder.api.openstack.wsgi [None req-b7cac644-4780-4bdc-9b85-0e9107ab3b22 1dbf5fdba53d4d9e98f3bf72d4026137 9ad0cca4f3ae400ab34d82631cf61eda - - default default] GET http://10.0.0.49:8776/
2026-06-10 09:40:12.826 6 INFO cinder.api.openstack.wsgi [None req-666567a5-17df-49d8-988f-e82ae2620802 1dbf5fdba53d4d9e98f3bf72d4026137 9ad0cca4f3ae400ab34d82631cf61eda - - default default] GET http://10.0.0.49:8776/
2026-06-10 09:40:12.826 7 INFO cinder.api.openstack.wsgi [None req-b7cac644-4780-4bdc-9b85-0e9107ab3b22 1dbf5fdba53d4d9e98f3bf72d4026137 9ad0cca4f3ae400ab34d82631cf61eda - - default default] http://10.0.0.49:8776/ returned with HTTP 300
2026-06-10 09:40:12.828 6 INFO cinder.api.openstack.wsgi [None req-666567a5-17df-49d8-988f-e82ae2620802 1dbf5fdba53d4d9e98f3bf72d4026137 9ad0cca4f3ae400ab34d82631cf61eda - - default default] http://10.0.0.49:8776/ returned with HTTP 300
2026-06-10 09:40:15.999 7 INFO cinder.api.openstack.wsgi [None req-d5b2519f-eaef-4eb4-a6c7-9eb7aac4c97c 1dbf5fdba53d4d9e98f3bf72d4026137 9ad0cca4f3ae400ab34d82631cf61eda - - default default] POST http://cinder-api.openstack.svc.cluster.local:8776/v3/9ad0cca4f3ae400ab34d82631cf61eda/volumes
2026-06-10 09:40:16.605 7 INFO cinder.api.v3.volumes [None req-d5b2519f-eaef-4eb4-a6c7-9eb7aac4c97c 1dbf5fdba53d4d9e98f3bf72d4026137 9ad0cca4f3ae400ab34d82631cf61eda - - default default] Create volume of 16 GB
2026-06-10 09:40:16.614 7 INFO cinder.volume.api [None req-d5b2519f-eaef-4eb4-a6c7-9eb7aac4c97c 1dbf5fdba53d4d9e98f3bf72d4026137 9ad0cca4f3ae400ab34d82631cf61eda - - default default] Availability Zones retrieved successfully.
2026-06-10 09:40:16.838 7 INFO cinder.volume.api [None req-d5b2519f-eaef-4eb4-a6c7-9eb7aac4c97c 1dbf5fdba53d4d9e98f3bf72d4026137 9ad0cca4f3ae400ab34d82631cf61eda - - default default] Create volume request issued successfully.
2026-06-10 09:40:16.839 7 INFO cinder.api.openstack.wsgi [None req-d5b2519f-eaef-4eb4-a6c7-9eb7aac4c97c 1dbf5fdba53d4d9e98f3bf72d4026137 9ad0cca4f3ae400ab34d82631cf61eda - - default default] http://cinder-api.openstack.svc.cluster.local:8776/v3/9ad0cca4f3ae400ab34d82631cf61eda/volumes returned with HTTP 202 [pid: 7|app: 0|req: 399/800] 199.204.45.222 () {34 vars in 733 bytes} [Wed Jun 10 09:40:15 2026] POST /v3/9ad0cca4f3ae400ab34d82631cf61eda/volumes => generated 846 bytes in 954 msecs (HTTP/1.1 202) 7 headers in 291 bytes (1 switches on core 0)
2026-06-10 09:40:16.856 6 INFO cinder.api.openstack.wsgi [req-d5b2519f-eaef-4eb4-a6c7-9eb7aac4c97c req-069ad2eb-233e-4ad5-bdc0-5711487529dc 1dbf5fdba53d4d9e98f3bf72d4026137 9ad0cca4f3ae400ab34d82631cf61eda - - default default] GET http://cinder-api.openstack.svc.cluster.local:8776/v3/9ad0cca4f3ae400ab34d82631cf61eda/volumes/1ebc3c86-64f5-4367-91c8-4a603b56a1ec /var/lib/openstack/lib/python3.10/site-packages/oslo_context/context.py:100: DeprecationWarning: Policy enforcement is depending on the value of is_admin. This key is deprecated. Please update your policy file to use the standard policy values. warnings.warn('Policy enforcement is depending on the value of '
2026-06-10 09:40:16.893 6 INFO cinder.volume.api [req-d5b2519f-eaef-4eb4-a6c7-9eb7aac4c97c req-069ad2eb-233e-4ad5-bdc0-5711487529dc 1dbf5fdba53d4d9e98f3bf72d4026137 9ad0cca4f3ae400ab34d82631cf61eda - - default default] Volume info retrieved successfully.
2026-06-10 09:40:16.910 6 INFO cinder.api.openstack.wsgi [req-d5b2519f-eaef-4eb4-a6c7-9eb7aac4c97c req-069ad2eb-233e-4ad5-bdc0-5711487529dc 1dbf5fdba53d4d9e98f3bf72d4026137 9ad0cca4f3ae400ab34d82631cf61eda - - default default] http://cinder-api.openstack.svc.cluster.local:8776/v3/9ad0cca4f3ae400ab34d82631cf61eda/volumes/1ebc3c86-64f5-4367-91c8-4a603b56a1ec returned with HTTP 200 [pid: 6|app: 0|req: 402/801] 199.204.45.222 () {32 vars in 824 bytes} [Wed Jun 10 09:40:16 2026] GET /v3/9ad0cca4f3ae400ab34d82631cf61eda/volumes/1ebc3c86-64f5-4367-91c8-4a603b56a1ec => generated 1025 bytes in 61 msecs (HTTP/1.1 200) 7 headers in 286 bytes (1 switches on core 0) /var/lib/openstack/lib/python3.10/site-packages/pycadf/identifier.py:71: UserWarning: Invalid uuid: cinderv3. To ensure interoperability, identifiers should be a valid uuid. warnings.warn(('Invalid uuid: %s. To ensure interoperability, '
2026-06-10 09:40:21.930 7 INFO cinder.api.openstack.wsgi [req-d5b2519f-eaef-4eb4-a6c7-9eb7aac4c97c req-67c4320a-6d8f-4669-a76e-542775fe6d7f 1dbf5fdba53d4d9e98f3bf72d4026137 9ad0cca4f3ae400ab34d82631cf61eda - - default default] GET http://cinder-api.openstack.svc.cluster.local:8776/v3/9ad0cca4f3ae400ab34d82631cf61eda/volumes/1ebc3c86-64f5-4367-91c8-4a603b56a1ec /var/lib/openstack/lib/python3.10/site-packages/oslo_context/context.py:100: DeprecationWarning: Policy enforcement is depending on the value of is_admin. This key is deprecated. Please update your policy file to use the standard policy values. warnings.warn('Policy enforcement is depending on the value of '
2026-06-10 09:40:21.947 7 INFO cinder.volume.api [req-d5b2519f-eaef-4eb4-a6c7-9eb7aac4c97c req-67c4320a-6d8f-4669-a76e-542775fe6d7f 1dbf5fdba53d4d9e98f3bf72d4026137 9ad0cca4f3ae400ab34d82631cf61eda - - default default] Volume info retrieved successfully.
2026-06-10 09:40:21.953 7 INFO cinder.api.openstack.wsgi [req-d5b2519f-eaef-4eb4-a6c7-9eb7aac4c97c req-67c4320a-6d8f-4669-a76e-542775fe6d7f 1dbf5fdba53d4d9e98f3bf72d4026137 9ad0cca4f3ae400ab34d82631cf61eda - - default default] http://cinder-api.openstack.svc.cluster.local:8776/v3/9ad0cca4f3ae400ab34d82631cf61eda/volumes/1ebc3c86-64f5-4367-91c8-4a603b56a1ec returned with HTTP 200 [pid: 7|app: 0|req: 400/802] 199.204.45.222 () {32 vars in 824 bytes} [Wed Jun 10 09:40:21 2026] GET /v3/9ad0cca4f3ae400ab34d82631cf61eda/volumes/1ebc3c86-64f5-4367-91c8-4a603b56a1ec => generated 1675 bytes in 32 msecs (HTTP/1.1 200) 7 headers in 286 bytes (1 switches on core 0) /var/lib/openstack/lib/python3.10/site-packages/pycadf/identifier.py:71: UserWarning: Invalid uuid: cinderv3. To ensure interoperability, identifiers should be a valid uuid. warnings.warn(('Invalid uuid: %s. To ensure interoperability, '
2026-06-10 09:40:22.469 6 INFO cinder.api.openstack.wsgi [req-6c4385b4-30e6-4614-a2e2-52a67e1a906e req-2a1ffb0e-a548-40c0-95f8-35796a067c75 1dbf5fdba53d4d9e98f3bf72d4026137 9ad0cca4f3ae400ab34d82631cf61eda - - default default] GET http://cinder-api.openstack.svc.cluster.local:8776/v3/9ad0cca4f3ae400ab34d82631cf61eda/volumes/1ebc3c86-64f5-4367-91c8-4a603b56a1ec /var/lib/openstack/lib/python3.10/site-packages/oslo_context/context.py:100: DeprecationWarning: Policy enforcement is depending on the value of is_admin. This key is deprecated. Please update your policy file to use the standard policy values. warnings.warn('Policy enforcement is depending on the value of '
2026-06-10 09:40:22.497 6 INFO cinder.volume.api [req-6c4385b4-30e6-4614-a2e2-52a67e1a906e req-2a1ffb0e-a548-40c0-95f8-35796a067c75 1dbf5fdba53d4d9e98f3bf72d4026137 9ad0cca4f3ae400ab34d82631cf61eda - - default default] Volume info retrieved successfully.
2026-06-10 09:40:22.508 6 INFO cinder.api.openstack.wsgi [req-6c4385b4-30e6-4614-a2e2-52a67e1a906e req-2a1ffb0e-a548-40c0-95f8-35796a067c75 1dbf5fdba53d4d9e98f3bf72d4026137 9ad0cca4f3ae400ab34d82631cf61eda - - default default] http://cinder-api.openstack.svc.cluster.local:8776/v3/9ad0cca4f3ae400ab34d82631cf61eda/volumes/1ebc3c86-64f5-4367-91c8-4a603b56a1ec returned with HTTP 200 [pid: 6|app: 0|req: 403/803] 10.0.0.12 () {34 vars in 1026 bytes} [Wed Jun 10 09:40:22 2026] GET /v3/9ad0cca4f3ae400ab34d82631cf61eda/volumes/1ebc3c86-64f5-4367-91c8-4a603b56a1ec => generated 1675 bytes in 47 msecs (HTTP/1.1 200) 7 headers in 286 bytes (1 switches on core 0)
2026-06-10 09:40:22.825 7 INFO cinder.api.openstack.wsgi [req-d5b2519f-eaef-4eb4-a6c7-9eb7aac4c97c req-67c4320a-6d8f-4669-a76e-542775fe6d7f 1dbf5fdba53d4d9e98f3bf72d4026137 9ad0cca4f3ae400ab34d82631cf61eda - - default default] GET http://10.0.0.49:8776/
2026-06-10 09:40:22.825 6 INFO cinder.api.openstack.wsgi [req-6c4385b4-30e6-4614-a2e2-52a67e1a906e req-2a1ffb0e-a548-40c0-95f8-35796a067c75 1dbf5fdba53d4d9e98f3bf72d4026137 9ad0cca4f3ae400ab34d82631cf61eda - - default default] GET http://10.0.0.49:8776/
2026-06-10 09:40:22.826 7 INFO cinder.api.openstack.wsgi [req-d5b2519f-eaef-4eb4-a6c7-9eb7aac4c97c req-67c4320a-6d8f-4669-a76e-542775fe6d7f 1dbf5fdba53d4d9e98f3bf72d4026137 9ad0cca4f3ae400ab34d82631cf61eda - - default default] http://10.0.0.49:8776/ returned with HTTP 300
2026-06-10 09:40:22.826 6 INFO cinder.api.openstack.wsgi [req-6c4385b4-30e6-4614-a2e2-52a67e1a906e req-2a1ffb0e-a548-40c0-95f8-35796a067c75 1dbf5fdba53d4d9e98f3bf72d4026137 9ad0cca4f3ae400ab34d82631cf61eda - - default default] http://10.0.0.49:8776/ returned with HTTP 300 /var/lib/openstack/lib/python3.10/site-packages/pycadf/identifier.py:71: UserWarning: Invalid uuid: cinderv3. To ensure interoperability, identifiers should be a valid uuid. warnings.warn(('Invalid uuid: %s. To ensure interoperability, '
2026-06-10 09:40:23.018 7 INFO cinder.api.openstack.wsgi [req-6c4385b4-30e6-4614-a2e2-52a67e1a906e req-909f273e-7ae4-432c-b90b-c794404a3042 1dbf5fdba53d4d9e98f3bf72d4026137 9ad0cca4f3ae400ab34d82631cf61eda - - default default] GET http://cinder-api.openstack.svc.cluster.local:8776/v3/9ad0cca4f3ae400ab34d82631cf61eda/volumes/1ebc3c86-64f5-4367-91c8-4a603b56a1ec /var/lib/openstack/lib/python3.10/site-packages/oslo_context/context.py:100: DeprecationWarning: Policy enforcement is depending on the value of is_admin. This key is deprecated. Please update your policy file to use the standard policy values. warnings.warn('Policy enforcement is depending on the value of '
2026-06-10 09:40:23.031 7 INFO cinder.volume.api [req-6c4385b4-30e6-4614-a2e2-52a67e1a906e req-909f273e-7ae4-432c-b90b-c794404a3042 1dbf5fdba53d4d9e98f3bf72d4026137 9ad0cca4f3ae400ab34d82631cf61eda - - default default] Volume info retrieved successfully.
2026-06-10 09:40:23.036 7 INFO cinder.api.openstack.wsgi [req-6c4385b4-30e6-4614-a2e2-52a67e1a906e req-909f273e-7ae4-432c-b90b-c794404a3042 1dbf5fdba53d4d9e98f3bf72d4026137 9ad0cca4f3ae400ab34d82631cf61eda - - default default] http://cinder-api.openstack.svc.cluster.local:8776/v3/9ad0cca4f3ae400ab34d82631cf61eda/volumes/1ebc3c86-64f5-4367-91c8-4a603b56a1ec returned with HTTP 200 [pid: 7|app: 0|req: 402/806] 10.0.0.12 () {34 vars in 1026 bytes} [Wed Jun 10 09:40:23 2026] GET /v3/9ad0cca4f3ae400ab34d82631cf61eda/volumes/1ebc3c86-64f5-4367-91c8-4a603b56a1ec => generated 1675 bytes in 26 msecs (HTTP/1.1 200) 7 headers in 286 bytes (1 switches on core 0)
2026-06-10 09:40:23.050 6 INFO cinder.api.openstack.wsgi [req-6c4385b4-30e6-4614-a2e2-52a67e1a906e req-2a1ffb0e-a548-40c0-95f8-35796a067c75 1dbf5fdba53d4d9e98f3bf72d4026137 9ad0cca4f3ae400ab34d82631cf61eda - - default default] GET http://cinder-api.openstack.svc.cluster.local:8776/
2026-06-10 09:40:23.053 6 INFO cinder.api.openstack.wsgi [req-6c4385b4-30e6-4614-a2e2-52a67e1a906e req-2a1ffb0e-a548-40c0-95f8-35796a067c75 1dbf5fdba53d4d9e98f3bf72d4026137 9ad0cca4f3ae400ab34d82631cf61eda - - default default] http://cinder-api.openstack.svc.cluster.local:8776/ returned with HTTP 300 [pid: 6|app: 0|req: 405/807] 10.0.0.12 () {32 vars in 827 bytes} [Wed Jun 10 09:40:23 2026] GET / => generated 411 bytes in 6 msecs (HTTP/1.1 300) 5 headers in 169 bytes (1 switches on core 0) /var/lib/openstack/lib/python3.10/site-packages/pycadf/identifier.py:71: UserWarning: Invalid uuid: cinderv3. To ensure interoperability, identifiers should be a valid uuid. warnings.warn(('Invalid uuid: %s. To ensure interoperability, '
2026-06-10 09:40:23.071 7 INFO cinder.api.openstack.wsgi [req-6c4385b4-30e6-4614-a2e2-52a67e1a906e req-5cb667d7-8935-45a8-815a-0ddfab57ff1b 1dbf5fdba53d4d9e98f3bf72d4026137 9ad0cca4f3ae400ab34d82631cf61eda - - default default] POST http://cinder-api.openstack.svc.cluster.local:8776/v3/9ad0cca4f3ae400ab34d82631cf61eda/attachments /var/lib/openstack/lib/python3.10/site-packages/oslo_context/context.py:100: DeprecationWarning: Policy enforcement is depending on the value of is_admin. This key is deprecated. Please update your policy file to use the standard policy values. warnings.warn('Policy enforcement is depending on the value of '
2026-06-10 09:40:23.112 7 INFO cinder.api.openstack.wsgi [req-6c4385b4-30e6-4614-a2e2-52a67e1a906e req-5cb667d7-8935-45a8-815a-0ddfab57ff1b 1dbf5fdba53d4d9e98f3bf72d4026137 9ad0cca4f3ae400ab34d82631cf61eda - - default default] http://cinder-api.openstack.svc.cluster.local:8776/v3/9ad0cca4f3ae400ab34d82631cf61eda/attachments returned with HTTP 200 [pid: 7|app: 0|req: 403/808] 10.0.0.12 () {40 vars in 1055 bytes} [Wed Jun 10 09:40:23 2026] POST /v3/9ad0cca4f3ae400ab34d82631cf61eda/attachments => generated 273 bytes in 54 msecs (HTTP/1.1 200) 7 headers in 286 bytes (1 switches on core 0) /var/lib/openstack/lib/python3.10/site-packages/pycadf/identifier.py:71: UserWarning: Invalid uuid: cinderv3. To ensure interoperability, identifiers should be a valid uuid. warnings.warn(('Invalid uuid: %s. To ensure interoperability, '
2026-06-10 09:40:23.661 6 INFO cinder.api.openstack.wsgi [req-d5b2519f-eaef-4eb4-a6c7-9eb7aac4c97c req-7cdbfe86-364c-499b-a0df-18d1d1e1e8d4 1dbf5fdba53d4d9e98f3bf72d4026137 9ad0cca4f3ae400ab34d82631cf61eda - - default default] GET http://cinder-api.openstack.svc.cluster.local:8776/v3/9ad0cca4f3ae400ab34d82631cf61eda/volumes/1ebc3c86-64f5-4367-91c8-4a603b56a1ec /var/lib/openstack/lib/python3.10/site-packages/oslo_context/context.py:100: DeprecationWarning: Policy enforcement is depending on the value of is_admin. This key is deprecated. Please update your policy file to use the standard policy values. warnings.warn('Policy enforcement is depending on the value of '
2026-06-10 09:40:23.679 6 INFO cinder.volume.api [req-d5b2519f-eaef-4eb4-a6c7-9eb7aac4c97c req-7cdbfe86-364c-499b-a0df-18d1d1e1e8d4 1dbf5fdba53d4d9e98f3bf72d4026137 9ad0cca4f3ae400ab34d82631cf61eda - - default default] Volume info retrieved successfully.
