Jun 08 07:23:07.089061 np0000178792 devstack@neutron-api.service[103208]: DEBUG neutron.api.extensions [None req-264b73ac-c8a6-4f83-bcb6-a760908bceac None None] Ext name="dns_domain for ports" alias="dns-domain-ports" description="Allows the DNS domain to be specified for a network port." updated="2017-04-24T10:00:00-00:00" {{(pid=103208) _check_extension /opt/stack/neutron/neutron/api/extensions.py:415}}
Jun 08 07:23:07.089093 np0000178792 devstack@neutron-api.service[103207]: INFO neutron.api.extensions [None req-d273351e-9da2-4a19-ba9f-92313afb4141 None None] Extension trunk not supported by any of loaded plugins
Jun 08 07:23:07.089152 np0000178792 devstack@neutron-api.service[103207]: DEBUG neutron.api.extensions [None req-d273351e-9da2-4a19-ba9f-92313afb4141 None None] Loading extension file: trunk_details.py {{(pid=103207) _load_all_extensions_from_path /opt/stack/neutron/neutron/api/extensions.py:449}}
Jun 08 07:23:07.089231 np0000178792 devstack@neutron-api.service[103208]: INFO neutron.api.extensions [None req-264b73ac-c8a6-4f83-bcb6-a760908bceac None None] Loaded extension: dns-domain-ports
Jun 08 07:23:07.089322 np0000178792 devstack@neutron-api.service[103208]: DEBUG neutron.api.extensions [None req-264b73ac-c8a6-4f83-bcb6-a760908bceac None None] Loading extension file: dns_integration_domain_keywords.py {{(pid=103208) _load_all_extensions_from_path /opt/stack/neutron/neutron/api/extensions.py:449}}
Jun 08 07:23:07.089374 np0000178792 devstack@neutron-api.service[103207]: DEBUG neutron.api.extensions [None req-d273351e-9da2-4a19-ba9f-92313afb4141 None None] Ext name="Trunk port details" alias="trunk-details" description="Expose trunk port details" updated="2016-01-01T10:00:00-00:00" {{(pid=103207) _check_extension /opt/stack/neutron/neutron/api/extensions.py:415}}
Jun 08 07:23:07.089539 np0000178792 devstack@neutron-api.service[103207]: INFO neutron.api.extensions [None req-d273351e-9da2-4a19-ba9f-92313afb4141 None None] Extension trunk-details not supported by any of loaded plugins
Jun 08 07:23:07.089576 np0000178792 devstack@neutron-api.service[103208]: DEBUG neutron.api.extensions [None req-264b73ac-c8a6-4f83-bcb6-a760908bceac None None] Ext name="DNS domain names with keywords allowed" alias="dns-integration-domain-keywords" description="Allows to use keywords like , , and as DNS domain name" updated="2020-06-15T18:00:00-00:00" {{(pid=103208) _check_extension /opt/stack/neutron/neutron/api/extensions.py:415}}
Jun 08 07:23:07.089628 np0000178792 devstack@neutron-api.service[103207]: DEBUG neutron.api.extensions [None req-d273351e-9da2-4a19-ba9f-92313afb4141 None None] Loading extension file: uplink_status_propagation.py {{(pid=103207) _load_all_extensions_from_path /opt/stack/neutron/neutron/api/extensions.py:449}}
Jun 08 07:23:07.089717 np0000178792 devstack@neutron-api.service[103208]: INFO neutron.api.extensions [None req-264b73ac-c8a6-4f83-bcb6-a760908bceac None None] Loaded extension: dns-integration-domain-keywords
Jun 08 07:23:07.089829 np0000178792 devstack@neutron-api.service[103208]: DEBUG neutron.api.extensions [None req-264b73ac-c8a6-4f83-bcb6-a760908bceac None None] Loading extension file: dvr.py {{(pid=103208) _load_all_extensions_from_path /opt/stack/neutron/neutron/api/extensions.py:449}}
Jun 08 07:23:07.089864 np0000178792 devstack@neutron-api.service[103207]: DEBUG neutron.api.extensions [None req-d273351e-9da2-4a19-ba9f-92313afb4141 None None] Ext name="Uplink status propagation extension" alias="uplink-status-propagation" description="Provides ability to propagate port uplink status." updated="2018-05-31T18:00:00-00:00" {{(pid=103207) _check_extension /opt/stack/neutron/neutron/api/extensions.py:415}}
Jun 08 07:23:07.090027 np0000178792 devstack@neutron-api.service[103207]: INFO neutron.api.extensions [None req-d273351e-9da2-4a19-ba9f-92313afb4141 None None] Extension uplink-status-propagation not supported by any of loaded plugins
Jun 08 07:23:07.090086 np0000178792 devstack@neutron-api.service[103208]: DEBUG neutron.api.extensions [None req-264b73ac-c8a6-4f83-bcb6-a760908bceac None None] Ext name="Distributed Virtual Router" alias="dvr" description="Enables configuration of Distributed Virtual Routers." updated="2014-06-1T10:00:00-00:00" {{(pid=103208) _check_extension /opt/stack/neutron/neutron/api/extensions.py:415}}
Jun 08 07:23:07.090128 np0000178792 devstack@neutron-api.service[103207]: DEBUG neutron.api.extensions [None req-d273351e-9da2-4a19-ba9f-92313afb4141 None None] Loading extension file: uplink_status_propagation_updatable.py {{(pid=103207) _load_all_extensions_from_path /opt/stack/neutron/neutron/api/extensions.py:449}}
Jun 08 07:23:07.090254 np0000178792 devstack@neutron-api.service[103208]: INFO neutron.api.extensions [None req-264b73ac-c8a6-4f83-bcb6-a760908bceac None None] Extension dvr not supported by any of loaded plugins
Jun 08 07:23:07.090332 np0000178792 devstack@neutron-api.service[103207]: DEBUG neutron.api.extensions [None req-d273351e-9da2-4a19-ba9f-92313afb4141 None None] Ext name="Uplink status propagation updatable extension" alias="uplink-status-propagation-updatable" description="Provides ability to update the port uplink status." updated="2024-09-03T18:00:00-00:00" {{(pid=103207) _check_extension /opt/stack/neutron/neutron/api/extensions.py:415}}
Jun 08 07:23:07.090365 np0000178792 devstack@neutron-api.service[103208]: DEBUG neutron.api.extensions [None req-264b73ac-c8a6-4f83-bcb6-a760908bceac None None] Loading extension file: ecmp_routes.py {{(pid=103208) _load_all_extensions_from_path /opt/stack/neutron/neutron/api/extensions.py:449}}
Jun 08 07:23:07.090497 np0000178792 devstack@neutron-api.service[103207]: INFO neutron.api.extensions [None req-d273351e-9da2-4a19-ba9f-92313afb4141 None None] Extension uplink-status-propagation-updatable not supported by any of loaded plugins
Jun 08 07:23:07.090567 np0000178792 devstack@neutron-api.service[103208]: DEBUG neutron.api.extensions [None req-264b73ac-c8a6-4f83-bcb6-a760908bceac None None] Ext name="Equal Cost Multipath Routing" alias="ecmp_routes" description="Allows traffic to reach thesame destination via multiple different links " updated="2020-11-26T18:00:00-00:00" {{(pid=103208) _check_extension /opt/stack/neutron/neutron/api/extensions.py:415}}
Jun 08 07:23:07.090600 np0000178792 devstack@neutron-api.service[103207]: DEBUG neutron.api.extensions [None req-d273351e-9da2-4a19-ba9f-92313afb4141 None None] Loading extension file: vlantransparent.py {{(pid=103207) _load_all_extensions_from_path /opt/stack/neutron/neutron/api/extensions.py:449}}
Jun 08 07:23:07.090748 np0000178792 devstack@neutron-api.service[103208]: INFO neutron.api.extensions [None req-264b73ac-c8a6-4f83-bcb6-a760908bceac None None] Extension ecmp_routes not supported by any of loaded plugins
Jun 08 07:23:07.090843 np0000178792 devstack@neutron-api.service[103208]: DEBUG neutron.api.extensions [None req-264b73ac-c8a6-4f83-bcb6-a760908bceac None None] Loading extension file: empty_string_filtering.py {{(pid=103208) _load_all_extensions_from_path /opt/stack/neutron/neutron/api/extensions.py:449}}
Jun 08 07:23:07.090957 np0000178792 devstack@neutron-api.service[103207]: DEBUG neutron.api.extensions [None req-d273351e-9da2-4a19-ba9f-92313afb4141 None None] Ext name="Vlantransparent" alias="vlan-transparent" description="Provides Vlan Transparent Networks" updated="2015-03-23T09:00:00-00:00" {{(pid=103207) _check_extension /opt/stack/neutron/neutron/api/extensions.py:415}}
Jun 08 07:23:07.091070 np0000178792 devstack@neutron-api.service[103208]: DEBUG neutron.api.extensions [None req-264b73ac-c8a6-4f83-bcb6-a760908bceac None None] Ext name="Empty String Filtering Extension" alias="empty-string-filtering" description="Allow filtering by attributes with empty string value" updated="2018-05-01T10:00:00-00:00" {{(pid=103208) _check_extension /opt/stack/neutron/neutron/api/extensions.py:415}}
Jun 08 07:23:07.091131 np0000178792 devstack@neutron-api.service[103207]: INFO neutron.api.extensions [None req-d273351e-9da2-4a19-ba9f-92313afb4141 None None] Loaded extension: vlan-transparent
Jun 08 07:23:07.091239 np0000178792 devstack@neutron-api.service[103208]: INFO neutron.api.extensions [None req-264b73ac-c8a6-4f83-bcb6-a760908bceac None None] Loaded extension: empty-string-filtering
Jun 08 07:23:07.091329 np0000178792 devstack@neutron-api.service[103208]: DEBUG neutron.api.extensions [None req-264b73ac-c8a6-4f83-bcb6-a760908bceac None None] Loading extension file: evpn.py {{(pid=103208) _load_all_extensions_from_path /opt/stack/neutron/neutron/api/extensions.py:449}}
Jun 08 07:23:07.091473 np0000178792 devstack@neutron-api.service[103209]: DEBUG neutron_lib.callbacks.manager [None req-66c39eda-6e6d-438b-b319-58ec63088ee1 None None] Subscribe: > router before_delete 55550000, False {{(pid=103209) subscribe /opt/stack/data/venv/lib/python3.12/site-packages/neutron_lib/callbacks/manager.py:52}}
Jun 08 07:23:07.091592 np0000178792 devstack@neutron-api.service[103208]: DEBUG neutron.api.extensions [None req-264b73ac-c8a6-4f83-bcb6-a760908bceac None None] Ext name="EVPN" alias="evpn" description="Router extension to support EVPN Type-5 route advertisement" updated="2026-04-28T00:00:00-00:00" {{(pid=103208) _check_extension /opt/stack/neutron/neutron/api/extensions.py:415}}
Jun 08 07:23:07.091652 np0000178792 devstack@neutron-api.service[103209]: DEBUG neutron_lib.callbacks.manager [None req-66c39eda-6e6d-438b-b319-58ec63088ee1 None None] Subscribe: port before_update 55550000, False {{(pid=103209) subscribe /opt/stack/data/venv/lib/python3.12/site-packages/neutron_lib/callbacks/manager.py:52}}
Jun 08 07:23:07.091769 np0000178792 devstack@neutron-api.service[103208]: INFO neutron.api.extensions [None req-264b73ac-c8a6-4f83-bcb6-a760908bceac None None] Extension evpn not supported by any of loaded plugins
Jun 08 07:23:07.091815 np0000178792 devstack@neutron-api.service[103209]: DEBUG neutron_lib.callbacks.manager [None req-66c39eda-6e6d-438b-b319-58ec63088ee1 None None] Subscribe: port after_update 55550000, False {{(pid=103209) subscribe /opt/stack/data/venv/lib/python3.12/site-packages/neutron_lib/callbacks/manager.py:52}}
Jun 08 07:23:07.091867 np0000178792 devstack@neutron-api.service[103208]: DEBUG neutron.api.extensions [None req-264b73ac-c8a6-4f83-bcb6-a760908bceac None None] Loading extension file: expose_l3_conntrack_helper.py {{(pid=103208) _load_all_extensions_from_path /opt/stack/neutron/neutron/api/extensions.py:449}}
Jun 08 07:23:07.091912 np0000178792 devstack@neutron-api.service[103209]: DEBUG neutron_lib.callbacks.manager [None req-66c39eda-6e6d-438b-b319-58ec63088ee1 None None] Subscribe: > port precommit_delete 55550000, False {{(pid=103209) subscribe /opt/stack/data/venv/lib/python3.12/site-packages/neutron_lib/callbacks/manager.py:52}}
Jun 08 07:23:07.091973 np0000178792 devstack@neutron-api.service[103209]: DEBUG neutron_lib.callbacks.manager [None req-66c39eda-6e6d-438b-b319-58ec63088ee1 None None] Subscribe: port before_update 55550000, False {{(pid=103209) subscribe /opt/stack/data/venv/lib/python3.12/site-packages/neutron_lib/callbacks/manager.py:52}}
Jun 08 07:23:07.092070 np0000178792 devstack@neutron-api.service[103209]: DEBUG neutron_lib.callbacks.manager [None req-66c39eda-6e6d-438b-b319-58ec63088ee1 None None] Subscribe: port before_delete 55550000, False {{(pid=103209) subscribe /opt/stack/data/venv/lib/python3.12/site-packages/neutron_lib/callbacks/manager.py:52}}
Jun 08 07:23:07.092109 np0000178792 devstack@neutron-api.service[103208]: DEBUG neutron.api.extensions [None req-264b73ac-c8a6-4f83-bcb6-a760908bceac None None] Ext name="Expose CT target rules for conntrack helper" alias="expose-l3-conntrack-helper" description="Expose allow adding CT target rules for conntrack helper" updated="2019-04-04T10:00:00-00:00" {{(pid=103208) _check_extension /opt/stack/neutron/neutron/api/extensions.py:415}}
Jun 08 07:23:07.092173 np0000178792 devstack@neutron-api.service[103209]: DEBUG neutron_lib.callbacks.manager [None req-66c39eda-6e6d-438b-b319-58ec63088ee1 None None] Subscribe: > router precommit_create 55550000, False {{(pid=103209) subscribe /opt/stack/data/venv/lib/python3.12/site-packages/neutron_lib/callbacks/manager.py:52}}
Jun 08 07:23:07.092255 np0000178792 devstack@neutron-api.service[103208]: INFO neutron.api.extensions [None req-264b73ac-c8a6-4f83-bcb6-a760908bceac None None] Extension expose-l3-conntrack-helper not supported by any of loaded plugins
Jun 08 07:23:07.092287 np0000178792 devstack@neutron-api.service[103209]: DEBUG neutron_lib.callbacks.manager [None req-66c39eda-6e6d-438b-b319-58ec63088ee1 None None] Subscribe: > router precommit_create 55550000, False {{(pid=103209) subscribe /opt/stack/data/venv/lib/python3.12/site-packages/neutron_lib/callbacks/manager.py:52}}
Jun 08 07:23:07.092345 np0000178792 devstack@neutron-api.service[103208]: DEBUG neutron.api.extensions [None req-264b73ac-c8a6-4f83-bcb6-a760908bceac None None] Loading extension file: expose_port_forwarding_in_fip.py {{(pid=103208) _load_all_extensions_from_path /opt/stack/neutron/neutron/api/extensions.py:449}}
Jun 08 07:23:07.092378 np0000178792 devstack@neutron-api.service[103209]: DEBUG neutron_lib.callbacks.manager [None req-66c39eda-6e6d-438b-b319-58ec63088ee1 None None] Subscribe: > router precommit_update 55550000, False {{(pid=103209) subscribe /opt/stack/data/venv/lib/python3.12/site-packages/neutron_lib/callbacks/manager.py:52}}
Jun 08 07:23:07.092472 np0000178792 devstack@neutron-api.service[103209]: DEBUG neutron_lib.callbacks.manager [None req-66c39eda-6e6d-438b-b319-58ec63088ee1 None None] Subscribe: subnet after_update 55550000, False {{(pid=103209) subscribe /opt/stack/data/venv/lib/python3.12/site-packages/neutron_lib/callbacks/manager.py:52}}
Jun 08 07:23:07.092571 np0000178792 devstack@neutron-api.service[103208]: DEBUG neutron.api.extensions [None req-264b73ac-c8a6-4f83-bcb6-a760908bceac None None] Ext name="Expose Floating IP port forwardings" alias="expose-port-forwarding-in-fip" description="Expose port forwarding fields in floating IP response" updated="2018-06-28T16:00:00-00:00" {{(pid=103208) _check_extension /opt/stack/neutron/neutron/api/extensions.py:415}}
Jun 08 07:23:07.092659 np0000178792 devstack@neutron-api.service[103209]: DEBUG neutron.quota.resource_registry [None req-66c39eda-6e6d-438b-b319-58ec63088ee1 None None] Tracking information for resource: router configured {{(pid=103209) set_tracked_resource /opt/stack/neutron/neutron/quota/resource_registry.py:203}}
Jun 08 07:23:07.092749 np0000178792 devstack@neutron-api.service[103208]: INFO neutron.api.extensions [None req-264b73ac-c8a6-4f83-bcb6-a760908bceac None None] Extension expose-port-forwarding-in-fip not supported by any of loaded plugins
Jun 08 07:23:07.092783 np0000178792 devstack@neutron-api.service[103207]: INFO neutron.quota.resource_registry [None req-d273351e-9da2-4a19-ba9f-92313afb4141 None None] Creating instance of TrackedResource for resource:network
Jun 08 07:23:07.092810 np0000178792 devstack@neutron-api.service[103209]: DEBUG neutron.quota.resource_registry [None req-66c39eda-6e6d-438b-b319-58ec63088ee1 None None] Tracking information for resource: floatingip configured {{(pid=103209) set_tracked_resource /opt/stack/neutron/neutron/quota/resource_registry.py:203}}
Jun 08 07:23:07.092853 np0000178792 devstack@neutron-api.service[103208]: DEBUG neutron.api.extensions [None req-264b73ac-c8a6-4f83-bcb6-a760908bceac None None] Loading extension file: external_net.py {{(pid=103208) _load_all_extensions_from_path /opt/stack/neutron/neutron/api/extensions.py:449}}
Jun 08 07:23:07.092885 np0000178792 devstack@neutron-api.service[103209]: INFO neutron.services.ovn_l3.plugin [None req-66c39eda-6e6d-438b-b319-58ec63088ee1 None None] Starting OVNL3RouterPlugin
Jun 08 07:23:07.092963 np0000178792 devstack@neutron-api.service[103207]: INFO neutron.quota.resource_registry [None req-d273351e-9da2-4a19-ba9f-92313afb4141 None None] Creating instance of TrackedResource for resource:subnet
Jun 08 07:23:07.093836 np0000178792 devstack@neutron-api.service[103208]: DEBUG neutron.api.extensions [None req-264b73ac-c8a6-4f83-bcb6-a760908bceac None None] Ext name="Neutron external network" alias="external-net" description="Adds external network attribute to network resource." updated="2013-01-14T10:00:00-00:00" {{(pid=103208) _check_extension /opt/stack/neutron/neutron/api/extensions.py:415}}
Jun 08 07:23:07.093886 np0000178792 devstack@neutron-api.service[103209]: DEBUG neutron_lib.callbacks.manager [None req-66c39eda-6e6d-438b-b319-58ec63088ee1 None None] Subscribe: > port_forwarding_plugin after_init 55550000, False {{(pid=103209) subscribe /opt/stack/data/venv/lib/python3.12/site-packages/neutron_lib/callbacks/manager.py:52}}
Jun 08 07:23:07.093914 np0000178792 devstack@neutron-api.service[103207]: INFO neutron.quota.resource_registry [None req-d273351e-9da2-4a19-ba9f-92313afb4141 None None] Creating instance of TrackedResource for resource:subnetpool
Jun 08 07:23:07.093914 np0000178792 devstack@neutron-api.service[103207]: INFO neutron.quota.resource_registry [None req-d273351e-9da2-4a19-ba9f-92313afb4141 None None] Creating instance of TrackedResource for resource:port
Jun 08 07:23:07.093971 np0000178792 devstack@neutron-api.service[103208]: INFO neutron.api.extensions [None req-264b73ac-c8a6-4f83-bcb6-a760908bceac None None] Loaded extension: external-net
Jun 08 07:23:07.094008 np0000178792 devstack@neutron-api.service[103209]: DEBUG neutron_lib.callbacks.manager [None req-66c39eda-6e6d-438b-b319-58ec63088ee1 None None] Subscribe: > router before_create 55550100, False {{(pid=103209) subscribe /opt/stack/data/venv/lib/python3.12/site-packages/neutron_lib/callbacks/manager.py:52}}
Jun 08 07:23:07.094036 np0000178792 devstack@neutron-api.service[103208]: DEBUG neutron.api.extensions [None req-264b73ac-c8a6-4f83-bcb6-a760908bceac None None] Loading extension file: extra_dhcp_opt.py {{(pid=103208) _load_all_extensions_from_path /opt/stack/neutron/neutron/api/extensions.py:449}}
Jun 08 07:23:07.094067 np0000178792 devstack@neutron-api.service[103209]: DEBUG neutron_lib.callbacks.manager [None req-66c39eda-6e6d-438b-b319-58ec63088ee1 None None] Subscribe: > router precommit_delete 55550100, False {{(pid=103209) subscribe /opt/stack/data/venv/lib/python3.12/site-packages/neutron_lib/callbacks/manager.py:52}}
Jun 08 07:23:07.094067 np0000178792 devstack@neutron-api.service[103209]: DEBUG neutron_lib.callbacks.manager [None req-66c39eda-6e6d-438b-b319-58ec63088ee1 None None] Subscribe: > router precommit_create 55550100, False {{(pid=103209) subscribe /opt/stack/data/venv/lib/python3.12/site-packages/neutron_lib/callbacks/manager.py:52}}
Jun 08 07:23:07.094127 np0000178792 devstack@neutron-api.service[103208]: DEBUG neutron.api.extensions [None req-264b73ac-c8a6-4f83-bcb6-a760908bceac None None] Ext name="Neutron Extra DHCP options" alias="extra_dhcp_opt" description="Extra options configuration for DHCP. For example PXE boot options to DHCP clients can be specified (e.g. tftp-server, server-ip-address, bootfile-name)" updated="2013-03-17T12:00:00-00:00" {{(pid=103208) _check_extension /opt/stack/neutron/neutron/api/extensions.py:415}}
Jun 08 07:23:07.094159 np0000178792 devstack@neutron-api.service[103209]: DEBUG neutron_lib.callbacks.manager [None req-66c39eda-6e6d-438b-b319-58ec63088ee1 None None] Subscribe: > router precommit_update 55550100, False {{(pid=103209) subscribe /opt/stack/data/venv/lib/python3.12/site-packages/neutron_lib/callbacks/manager.py:52}}
Jun 08 07:23:07.094193 np0000178792 devstack@neutron-api.service[103208]: INFO neutron.api.extensions [None req-264b73ac-c8a6-4f83-bcb6-a760908bceac None None] Loaded extension: extra_dhcp_opt
Jun 08 07:23:07.094193 np0000178792 devstack@neutron-api.service[103208]: DEBUG neutron.api.extensions [None req-264b73ac-c8a6-4f83-bcb6-a760908bceac None None] Loading extension file: extraroute.py {{(pid=103208) _load_all_extensions_from_path /opt/stack/neutron/neutron/api/extensions.py:449}}
Jun 08 07:23:07.094193 np0000178792 devstack@neutron-api.service[103208]: DEBUG neutron.api.extensions [None req-264b73ac-c8a6-4f83-bcb6-a760908bceac None None] Ext name="Neutron Extra Route" alias="extraroute" description="Extra routes configuration for L3 router" updated="2013-02-01T10:00:00-00:00" {{(pid=103208) _check_extension /opt/stack/neutron/neutron/api/extensions.py:415}}
Jun 08 07:23:07.094193 np0000178792 devstack@neutron-api.service[103208]: INFO neutron.api.extensions [None req-264b73ac-c8a6-4f83-bcb6-a760908bceac None None] Loaded extension: extraroute
Jun 08 07:23:07.094298 np0000178792 devstack@neutron-api.service[103208]: DEBUG neutron.api.extensions [None req-264b73ac-c8a6-4f83-bcb6-a760908bceac None None] Loading extension file: extraroute_atomic.py {{(pid=103208) _load_all_extensions_from_path /opt/stack/neutron/neutron/api/extensions.py:449}}
Jun 08 07:23:07.094497 np0000178792 devstack@neutron-api.service[103207]: DEBUG neutron.api.v2.resource_helper [None req-d273351e-9da2-4a19-ba9f-92313afb4141 None None] Service L3_ROUTER_NAT assigned prefix: {{(pid=103207) build_resource_info /opt/stack/neutron/neutron/api/v2/resource_helper.py:77}}
Jun 08 07:23:07.094530 np0000178792 devstack@neutron-api.service[103208]: DEBUG neutron.api.extensions [None req-264b73ac-c8a6-4f83-bcb6-a760908bceac None None] Ext name="Atomically add/remove extra routes" alias="extraroute-atomic" description="Edit extra routes of a router on server side by atomically adding/removing extra routes" updated="2019-07-10T00:00:00+00:00" {{(pid=103208) _check_extension /opt/stack/neutron/neutron/api/extensions.py:415}}
Jun 08 07:23:07.094667 np0000178792 devstack@neutron-api.service[103208]: INFO neutron.api.extensions [None req-264b73ac-c8a6-4f83-bcb6-a760908bceac None None] Loaded extension: extraroute-atomic
Jun 08 07:23:07.094773 np0000178792 devstack@neutron-api.service[103208]: DEBUG neutron.api.extensions [None req-264b73ac-c8a6-4f83-bcb6-a760908bceac None None] Loading extension file: filter_validation.py {{(pid=103208) _load_all_extensions_from_path /opt/stack/neutron/neutron/api/extensions.py:449}}
Jun 08 07:23:07.094888 np0000178792 devstack@neutron-api.service[103207]: DEBUG neutron.api.v2.resource_helper [None req-d273351e-9da2-4a19-ba9f-92313afb4141 None None] Service FLAVORS assigned prefix: {{(pid=103207) build_resource_info /opt/stack/neutron/neutron/api/v2/resource_helper.py:77}}
Jun 08 07:23:07.095016 np0000178792 devstack@neutron-api.service[103208]: DEBUG neutron.api.extensions [None req-264b73ac-c8a6-4f83-bcb6-a760908bceac None None] Ext name="Filter parameters validation" alias="filter-validation" description="Provides validation on filter parameters." updated="2018-07-04T10:00:00-00:00" {{(pid=103208) _check_extension /opt/stack/neutron/neutron/api/extensions.py:415}}
Jun 08 07:23:07.095185 np0000178792 devstack@neutron-api.service[103208]: INFO neutron.api.extensions [None req-264b73ac-c8a6-4f83-bcb6-a760908bceac None None] Loaded extension: filter-validation
Jun 08 07:23:07.095275 np0000178792 devstack@neutron-api.service[103208]: DEBUG neutron.api.extensions [None req-264b73ac-c8a6-4f83-bcb6-a760908bceac None None] Loading extension file: fip_pf_description.py {{(pid=103208) _load_all_extensions_from_path /opt/stack/neutron/neutron/api/extensions.py:449}}
Jun 08 07:23:07.095496 np0000178792 devstack@neutron-api.service[103208]: DEBUG neutron.api.extensions [None req-264b73ac-c8a6-4f83-bcb6-a760908bceac None None] Ext name="Floating IP Port Forwarding new attribute description" alias="floating-ip-port-forwarding-description" description="Add a description field to Port Forwarding rules" updated="2019-11-01T10:00:00-00:00" {{(pid=103208) _check_extension /opt/stack/neutron/neutron/api/extensions.py:415}}
Jun 08 07:23:07.095699 np0000178792 devstack@neutron-api.service[103208]: INFO neutron.api.extensions [None req-264b73ac-c8a6-4f83-bcb6-a760908bceac None None] Extension floating-ip-port-forwarding-description not supported by any of loaded plugins
Jun 08 07:23:07.095793 np0000178792 devstack@neutron-api.service[103207]: DEBUG neutron.api.v2.resource_helper [None req-d273351e-9da2-4a19-ba9f-92313afb4141 None None] Service L3_ROUTER_NAT assigned prefix: {{(pid=103207) build_resource_info /opt/stack/neutron/neutron/api/v2/resource_helper.py:77}}
Jun 08 07:23:07.095827 np0000178792 devstack@neutron-api.service[103208]: DEBUG neutron.api.extensions [None req-264b73ac-c8a6-4f83-bcb6-a760908bceac None None] Loading extension file: fip_pf_detail.py {{(pid=103208) _load_all_extensions_from_path /opt/stack/neutron/neutron/api/extensions.py:449}}
Jun 08 07:23:07.096028 np0000178792 devstack@neutron-api.service[103208]: DEBUG neutron.api.extensions [None req-264b73ac-c8a6-4f83-bcb6-a760908bceac None None] Ext name="Floating IP port forwarding detail" alias="floating-ip-port-forwarding-detail" description="Allow list floating ip return more port forwarding data, include'id' and 'internal_port_id'" updated="2022-05-06T10:00:00-00:00" {{(pid=103208) _check_extension /opt/stack/neutron/neutron/api/extensions.py:415}}
Jun 08 07:23:07.096199 np0000178792 devstack@neutron-api.service[103208]: INFO neutron.api.extensions [None req-264b73ac-c8a6-4f83-bcb6-a760908bceac None None] Loaded extension: floating-ip-port-forwarding-detail
Jun 08 07:23:07.096266 np0000178792 devstack@neutron-api.service[103207]: DEBUG neutron.api.v2.resource_helper [None req-d273351e-9da2-4a19-ba9f-92313afb4141 None None] Service L3_ROUTER_NAT assigned prefix: {{(pid=103207) build_resource_info /opt/stack/neutron/neutron/api/v2/resource_helper.py:77}}
Jun 08 07:23:07.096298 np0000178792 devstack@neutron-api.service[103208]: DEBUG neutron.api.extensions [None req-264b73ac-c8a6-4f83-bcb6-a760908bceac None None] Loading extension file: fip_pf_port_range.py {{(pid=103208) _load_all_extensions_from_path /opt/stack/neutron/neutron/api/extensions.py:449}}
Jun 08 07:23:07.096396 np0000178792 devstack@neutron-api.service[103207]: INFO neutron.quota.resource_registry [None req-d273351e-9da2-4a19-ba9f-92313afb4141 None None] Creating instance of TrackedResource for resource:router
Jun 08 07:23:07.096507 np0000178792 devstack@neutron-api.service[103208]: DEBUG neutron.api.extensions [None req-264b73ac-c8a6-4f83-bcb6-a760908bceac None None] Ext name="Floating IP Port Forwarding support port ranges" alias="floating-ip-port-forwarding-port-ranges" description="Add support to port ranges" updated="2020-07-01T10:00:00-00:00" {{(pid=103208) _check_extension /opt/stack/neutron/neutron/api/extensions.py:415}}
Jun 08 07:23:07.096675 np0000178792 devstack@neutron-api.service[103208]: INFO neutron.api.extensions [None req-264b73ac-c8a6-4f83-bcb6-a760908bceac None None] Extension floating-ip-port-forwarding-port-ranges not supported by any of loaded plugins
Jun 08 07:23:07.096782 np0000178792 devstack@neutron-api.service[103208]: DEBUG neutron.api.extensions [None req-264b73ac-c8a6-4f83-bcb6-a760908bceac None None] Loading extension file: fip_port_details.py {{(pid=103208) _load_all_extensions_from_path /opt/stack/neutron/neutron/api/extensions.py:449}}
Jun 08 07:23:07.096823 np0000178792 devstack@neutron-api.service[103207]: INFO neutron.quota.resource_registry [None req-d273351e-9da2-4a19-ba9f-92313afb4141 None None] Creating instance of TrackedResource for resource:floatingip
Jun 08 07:23:07.097007 np0000178792 devstack@neutron-api.service[103208]: DEBUG neutron.api.extensions [None req-264b73ac-c8a6-4f83-bcb6-a760908bceac None None] Ext name="Floating IP Port Details Extension" alias="fip-port-details" description="Add port_details attribute to Floating IP resource" updated="2018-04-09T10:00:00-00:00" {{(pid=103208) _check_extension /opt/stack/neutron/neutron/api/extensions.py:415}}
Jun 08 07:23:07.097172 np0000178792 devstack@neutron-api.service[103208]: INFO neutron.api.extensions [None req-264b73ac-c8a6-4f83-bcb6-a760908bceac None None] Loaded extension: fip-port-details
Jun 08 07:23:07.097216 np0000178792 devstack@neutron-api.service[103209]: DEBUG neutron.services.provider_configuration [None req-66c39eda-6e6d-438b-b319-58ec63088ee1 None None] Service providers = [] {{(pid=103209) parse_service_provider_opt /opt/stack/neutron/neutron/services/provider_configuration.py:170}}
Jun 08 07:23:07.097265 np0000178792 devstack@neutron-api.service[103208]: DEBUG neutron.api.extensions [None req-264b73ac-c8a6-4f83-bcb6-a760908bceac None None] Loading extension file: flavors.py {{(pid=103208) _load_all_extensions_from_path /opt/stack/neutron/neutron/api/extensions.py:449}}
Jun 08 07:23:07.097332 np0000178792 devstack@neutron-api.service[103209]: DEBUG neutron.db.servicetype_db [None req-66c39eda-6e6d-438b-b319-58ec63088ee1 None None] Adding provider configuration for service L3_ROUTER_NAT {{(pid=103209) add_provider_configuration /opt/stack/neutron/neutron/db/servicetype_db.py:45}}
Jun 08 07:23:07.097512 np0000178792 devstack@neutron-api.service[103208]: DEBUG neutron.api.extensions [None req-264b73ac-c8a6-4f83-bcb6-a760908bceac None None] Ext name="Neutron Service Flavors" alias="flavors" description="Flavor specification for Neutron advanced services." updated="2015-09-17T10:00:00-00:00" {{(pid=103208) _check_extension /opt/stack/neutron/neutron/api/extensions.py:415}}
Jun 08 07:23:07.097680 np0000178792 devstack@neutron-api.service[103208]: INFO neutron.api.extensions [None req-264b73ac-c8a6-4f83-bcb6-a760908bceac None None] Loaded extension: flavors
Jun 08 07:23:07.097788 np0000178792 devstack@neutron-api.service[103208]: DEBUG neutron.api.extensions [None req-264b73ac-c8a6-4f83-bcb6-a760908bceac None None] Loading extension file: floating_ip_port_forwarding.py {{(pid=103208) _load_all_extensions_from_path /opt/stack/neutron/neutron/api/extensions.py:449}}
Jun 08 07:23:07.097827 np0000178792 devstack@neutron-api.service[103207]: INFO neutron.quota.resource_registry [None req-d273351e-9da2-4a19-ba9f-92313afb4141 None None] Creating instance of CountableResource for resource:rbac_policy
Jun 08 07:23:07.098112 np0000178792 devstack@neutron-api.service[103208]: DEBUG neutron.api.extensions [None req-264b73ac-c8a6-4f83-bcb6-a760908bceac None None] Ext name="Floating IP Port Forwarding" alias="floating-ip-port-forwarding" description="Allow port forwarding from floating IP port to an internal port" updated="2018-01-19T10:00:00-00:00" {{(pid=103208) _check_extension /opt/stack/neutron/neutron/api/extensions.py:415}}
Jun 08 07:23:07.098280 np0000178792 devstack@neutron-api.service[103208]: INFO neutron.api.extensions [None req-264b73ac-c8a6-4f83-bcb6-a760908bceac None None] Extension floating-ip-port-forwarding not supported by any of loaded plugins
Jun 08 07:23:07.098314 np0000178792 devstack@neutron-api.service[103207]: INFO neutron.quota.resource_registry [None req-d273351e-9da2-4a19-ba9f-92313afb4141 None None] Creating instance of TrackedResource for resource:security_group
Jun 08 07:23:07.098366 np0000178792 devstack@neutron-api.service[103208]: DEBUG neutron.api.extensions [None req-264b73ac-c8a6-4f83-bcb6-a760908bceac None None] Loading extension file: floatingip_pools.py {{(pid=103208) _load_all_extensions_from_path /opt/stack/neutron/neutron/api/extensions.py:449}}
Jun 08 07:23:07.098435 np0000178792 devstack@neutron-api.service[103209]: DEBUG neutron_lib.callbacks.manager [None req-66c39eda-6e6d-438b-b319-58ec63088ee1 None None] Subscribe: > router precommit_create 55549900, False {{(pid=103209) subscribe /opt/stack/data/venv/lib/python3.12/site-packages/neutron_lib/callbacks/manager.py:52}}
Jun 08 07:23:07.098550 np0000178792 devstack@neutron-api.service[103209]: DEBUG neutron_lib.callbacks.manager [None req-66c39eda-6e6d-438b-b319-58ec63088ee1 None None] Subscribe: > router_interface after_create 55550000, False {{(pid=103209) subscribe /opt/stack/data/venv/lib/python3.12/site-packages/neutron_lib/callbacks/manager.py:52}}
Jun 08 07:23:07.098628 np0000178792 devstack@neutron-api.service[103208]: DEBUG neutron.api.extensions [None req-264b73ac-c8a6-4f83-bcb6-a760908bceac None None] Ext name="Floating IP Pools Extension" alias="floatingip-pools" description="Provides a floating IP pools API." updated="2018-03-21T10:00:00-00:00" {{(pid=103208) _check_extension /opt/stack/neutron/neutron/api/extensions.py:415}}
Jun 08 07:23:07.098661 np0000178792 devstack@neutron-api.service[103209]: DEBUG neutron_lib.callbacks.manager [None req-66c39eda-6e6d-438b-b319-58ec63088ee1 None None] Subscribe: > floatingip after_create 55550000, False {{(pid=103209) subscribe /opt/stack/data/venv/lib/python3.12/site-packages/neutron_lib/callbacks/manager.py:52}}
Jun 08 07:23:07.098694 np0000178792 devstack@neutron-api.service[103207]: INFO neutron.quota.resource_registry [None req-d273351e-9da2-4a19-ba9f-92313afb4141 None None] Creating instance of TrackedResource for resource:security_group_rule
Jun 08 07:23:07.098762 np0000178792 devstack@neutron-api.service[103209]: DEBUG neutron_lib.callbacks.manager [None req-66c39eda-6e6d-438b-b319-58ec63088ee1 None None] Subscribe: > floatingip precommit_create 55550000, False {{(pid=103209) subscribe /opt/stack/data/venv/lib/python3.12/site-packages/neutron_lib/callbacks/manager.py:52}}
Jun 08 07:23:07.098806 np0000178792 devstack@neutron-api.service[103208]: INFO neutron.api.extensions [None req-264b73ac-c8a6-4f83-bcb6-a760908bceac None None] Loaded extension: floatingip-pools
Jun 08 07:23:07.098866 np0000178792 devstack@neutron-api.service[103209]: DEBUG neutron_lib.callbacks.manager [None req-66c39eda-6e6d-438b-b319-58ec63088ee1 None None] Subscribe: > floatingip precommit_update 55550000, False {{(pid=103209) subscribe /opt/stack/data/venv/lib/python3.12/site-packages/neutron_lib/callbacks/manager.py:52}}
Jun 08 07:23:07.098899 np0000178792 devstack@neutron-api.service[103208]: DEBUG neutron.api.extensions [None req-264b73ac-c8a6-4f83-bcb6-a760908bceac None None] Loading extension file: ip_allocation.py {{(pid=103208) _load_all_extensions_from_path /opt/stack/neutron/neutron/api/extensions.py:449}}
Jun 08 07:23:07.098965 np0000178792 devstack@neutron-api.service[103209]: DEBUG neutron_lib.callbacks.manager [None req-66c39eda-6e6d-438b-b319-58ec63088ee1 None None] Subscribe: > floatingip after_delete 55550000, False {{(pid=103209) subscribe /opt/stack/data/venv/lib/python3.12/site-packages/neutron_lib/callbacks/manager.py:52}}
Jun 08 07:23:07.099072 np0000178792 devstack@neutron-api.service[103209]: DEBUG neutron_lib.callbacks.manager [None req-66c39eda-6e6d-438b-b319-58ec63088ee1 None None] Subscribe: > floatingip after_status_update 55550000, False {{(pid=103209) subscribe /opt/stack/data/venv/lib/python3.12/site-packages/neutron_lib/callbacks/manager.py:52}}
Jun 08 07:23:07.099124 np0000178792 devstack@neutron-api.service[103208]: DEBUG neutron.api.extensions [None req-264b73ac-c8a6-4f83-bcb6-a760908bceac None None] Ext name="IP Allocation" alias="ip_allocation" description="IP allocation extension." updated="2016-06-10T23:00:00-00:00" {{(pid=103208) _check_extension /opt/stack/neutron/neutron/api/extensions.py:415}}
Jun 08 07:23:07.099168 np0000178792 devstack@neutron-api.service[103209]: DEBUG neutron_lib.callbacks.manager [None req-66c39eda-6e6d-438b-b319-58ec63088ee1 None None] Subscribe: > floatingip after_update 55550000, False {{(pid=103209) subscribe /opt/stack/data/venv/lib/python3.12/site-packages/neutron_lib/callbacks/manager.py:52}}
Jun 08 07:23:07.099243 np0000178792 devstack@neutron-api.service[103207]: DEBUG neutron.api.v2.resource_helper [None req-d273351e-9da2-4a19-ba9f-92313afb4141 None None] Service CORE assigned prefix: {{(pid=103207) build_resource_info /opt/stack/neutron/neutron/api/v2/resource_helper.py:77}}
Jun 08 07:23:07.099276 np0000178792 devstack@neutron-api.service[103209]: DEBUG neutron_lib.callbacks.manager [None req-66c39eda-6e6d-438b-b319-58ec63088ee1 None None] Subscribe: > port_forwarding after_create 55550000, False {{(pid=103209) subscribe /opt/stack/data/venv/lib/python3.12/site-packages/neutron_lib/callbacks/manager.py:52}}
Jun 08 07:23:07.099308 np0000178792 devstack@neutron-api.service[103208]: INFO neutron.api.extensions [None req-264b73ac-c8a6-4f83-bcb6-a760908bceac None None] Extension ip_allocation not supported by any of loaded plugins
Jun 08 07:23:07.099362 np0000178792 devstack@neutron-api.service[103207]: INFO neutron.quota.resource_registry [None req-d273351e-9da2-4a19-ba9f-92313afb4141 None None] Creating instance of TrackedResource for resource:subnetpool
Jun 08 07:23:07.099398 np0000178792 devstack@neutron-api.service[103209]: DEBUG neutron_lib.callbacks.manager [None req-66c39eda-6e6d-438b-b319-58ec63088ee1 None None] Subscribe: > router_interface after_delete 55550000, False {{(pid=103209) subscribe /opt/stack/data/venv/lib/python3.12/site-packages/neutron_lib/callbacks/manager.py:52}}
Jun 08 07:23:07.099430 np0000178792 devstack@neutron-api.service[103208]: DEBUG neutron.api.extensions [None req-264b73ac-c8a6-4f83-bcb6-a760908bceac None None] Loading extension file: ip_substring_port_filtering.py {{(pid=103208) _load_all_extensions_from_path /opt/stack/neutron/neutron/api/extensions.py:449}}
Jun 08 07:23:07.099459 np0000178792 devstack@neutron-api.service[103209]: DEBUG neutron_lib.callbacks.manager [None req-66c39eda-6e6d-438b-b319-58ec63088ee1 None None] Subscribe: > router after_create 55550000, False {{(pid=103209) subscribe /opt/stack/data/venv/lib/python3.12/site-packages/neutron_lib/callbacks/manager.py:52}}
Jun 08 07:23:07.099495 np0000178792 devstack@neutron-api.service[103207]: WARNING neutron.quota.resource_registry [None req-d273351e-9da2-4a19-ba9f-92313afb4141 None None] subnetpool is already registered
Jun 08 07:23:07.099587 np0000178792 devstack@neutron-api.service[103209]: DEBUG neutron_lib.callbacks.manager [None req-66c39eda-6e6d-438b-b319-58ec63088ee1 None None] Subscribe: > router precommit_create 55550000, False {{(pid=103209) subscribe /opt/stack/data/venv/lib/python3.12/site-packages/neutron_lib/callbacks/manager.py:52}}
Jun 08 07:23:07.099640 np0000178792 devstack@neutron-api.service[103208]: DEBUG neutron.api.extensions [None req-264b73ac-c8a6-4f83-bcb6-a760908bceac None None] Ext name="IP address substring filtering" alias="ip-substring-filtering" description="Provides IP address substring filtering when listing ports" updated="2017-11-28T09:00:00-00:00" {{(pid=103208) _check_extension /opt/stack/neutron/neutron/api/extensions.py:415}}
Jun 08 07:23:07.099680 np0000178792 devstack@neutron-api.service[103209]: DEBUG neutron_lib.callbacks.manager [None req-66c39eda-6e6d-438b-b319-58ec63088ee1 None None] Subscribe: > router after_delete 55550000, False {{(pid=103209) subscribe /opt/stack/data/venv/lib/python3.12/site-packages/neutron_lib/callbacks/manager.py:52}}
Jun 08 07:23:07.099790 np0000178792 devstack@neutron-api.service[103209]: DEBUG neutron_lib.callbacks.manager [None req-66c39eda-6e6d-438b-b319-58ec63088ee1 None None] Subscribe: > router after_update 55550000, False {{(pid=103209) subscribe /opt/stack/data/venv/lib/python3.12/site-packages/neutron_lib/callbacks/manager.py:52}}
Jun 08 07:23:07.099826 np0000178792 devstack@neutron-api.service[103208]: INFO neutron.api.extensions [None req-264b73ac-c8a6-4f83-bcb6-a760908bceac None None] Extension ip-substring-filtering not supported by any of loaded plugins
Jun 08 07:23:07.099891 np0000178792 devstack@neutron-api.service[103208]: DEBUG neutron.api.extensions [None req-264b73ac-c8a6-4f83-bcb6-a760908bceac None None] Loading extension file: l2_adjacency.py {{(pid=103208) _load_all_extensions_from_path /opt/stack/neutron/neutron/api/extensions.py:449}}
Jun 08 07:23:07.099935 np0000178792 devstack@neutron-api.service[103209]: DEBUG neutron.services.service_base [None req-66c39eda-6e6d-438b-b319-58ec63088ee1 None None] Loaded 'neutron.services.ovn_l3.service_providers.ovn.OvnDriver' provider for service L3_ROUTER_NAT {{(pid=103209) load_drivers /opt/stack/neutron/neutron/services/service_base.py:49}}
Jun 08 07:23:07.099987 np0000178792 devstack@neutron-api.service[103207]: DEBUG neutron.api.v2.resource_helper [None req-d273351e-9da2-4a19-ba9f-92313afb4141 None None] Service CORE assigned prefix: {{(pid=103207) build_resource_info /opt/stack/neutron/neutron/api/v2/resource_helper.py:77}}
Jun 08 07:23:07.100019 np0000178792 devstack@neutron-api.service[103209]: DEBUG neutron_lib.callbacks.manager [None req-66c39eda-6e6d-438b-b319-58ec63088ee1 None None] Subscribe: > process after_init 55550001, True {{(pid=103209) subscribe /opt/stack/data/venv/lib/python3.12/site-packages/neutron_lib/callbacks/manager.py:52}}
Jun 08 07:23:07.100109 np0000178792 devstack@neutron-api.service[103207]: INFO neutron.quota.resource_registry [None req-d273351e-9da2-4a19-ba9f-92313afb4141 None None] Creating instance of TrackedResource for resource:subnetpool
Jun 08 07:23:07.100140 np0000178792 devstack@neutron-api.service[103208]: DEBUG neutron.api.extensions [None req-264b73ac-c8a6-4f83-bcb6-a760908bceac None None] Ext name="L2 Adjacency" alias="l2_adjacency" description="Display L2 Adjacency for Neutron Networks." updated="2016-04-12T16:00:00-00:00" {{(pid=103208) _check_extension /opt/stack/neutron/neutron/api/extensions.py:415}}
Jun 08 07:23:07.100172 np0000178792 devstack@neutron-api.service[103209]: DEBUG neutron.manager [None req-66c39eda-6e6d-438b-b319-58ec63088ee1 None None] Successfully loaded L3_ROUTER_NAT plugin. Description: L3 Router Service Plugin for basic L3 forwarding using OVN {{(pid=103209) _create_and_add_service_plugin /opt/stack/neutron/neutron/manager.py:239}}
Jun 08 07:23:07.100200 np0000178792 devstack@neutron-api.service[103209]: INFO neutron.manager [None req-66c39eda-6e6d-438b-b319-58ec63088ee1 None None] Loading Plugin: auto_allocate
Jun 08 07:23:07.100228 np0000178792 devstack@neutron-api.service[103207]: WARNING neutron.quota.resource_registry [None req-d273351e-9da2-4a19-ba9f-92313afb4141 None None] subnetpool is already registered
Jun 08 07:23:07.100278 np0000178792 devstack@neutron-api.service[103208]: INFO neutron.api.extensions [None req-264b73ac-c8a6-4f83-bcb6-a760908bceac None None] Extension l2_adjacency not supported by any of loaded plugins
Jun 08 07:23:07.100512 np0000178792 devstack@neutron-api.service[103208]: DEBUG neutron.api.extensions [None req-264b73ac-c8a6-4f83-bcb6-a760908bceac None None] Loading extension file: l3.py {{(pid=103208) _load_all_extensions_from_path /opt/stack/neutron/neutron/api/extensions.py:449}}
Jun 08 07:23:07.101344 np0000178792 devstack@neutron-api.service[103208]: DEBUG neutron.api.extensions [None req-264b73ac-c8a6-4f83-bcb6-a760908bceac None None] Ext name="Neutron L3 Router" alias="router" description="Router abstraction for basic L3 forwarding between L2 Neutron networks and access to external networks via a NAT gateway." updated="2012-07-20T10:00:00-00:00" {{(pid=103208) _check_extension /opt/stack/neutron/neutron/api/extensions.py:415}}
Jun 08 07:23:07.101396 np0000178792 devstack@neutron-api.service[103209]: DEBUG neutron_lib.callbacks.manager [None req-66c39eda-6e6d-438b-b319-58ec63088ee1 None None] Subscribe: network precommit_update 55550000, False {{(pid=103209) subscribe /opt/stack/data/venv/lib/python3.12/site-packages/neutron_lib/callbacks/manager.py:52}}
Jun 08 07:23:07.101424 np0000178792 devstack@neutron-api.service[103208]: INFO neutron.api.extensions [None req-264b73ac-c8a6-4f83-bcb6-a760908bceac None None] Loaded extension: router
Jun 08 07:23:07.101450 np0000178792 devstack@neutron-api.service[103209]: DEBUG neutron_lib.callbacks.manager [None req-66c39eda-6e6d-438b-b319-58ec63088ee1 None None] Subscribe: network precommit_create 55550000, False {{(pid=103209) subscribe /opt/stack/data/venv/lib/python3.12/site-packages/neutron_lib/callbacks/manager.py:52}}
Jun 08 07:23:07.101479 np0000178792 devstack@neutron-api.service[103208]: DEBUG neutron.api.extensions [None req-264b73ac-c8a6-4f83-bcb6-a760908bceac None None] Loading extension file: l3_agent_scheduler_ha_chassis_priority.py {{(pid=103208) _load_all_extensions_from_path /opt/stack/neutron/neutron/api/extensions.py:449}}
Jun 08 07:23:07.101505 np0000178792 devstack@neutron-api.service[103209]: DEBUG neutron.manager [None req-66c39eda-6e6d-438b-b319-58ec63088ee1 None None] Successfully loaded auto-allocated-topology plugin. Description: Auto Allocated Topology - aka get me a network. {{(pid=103209) _create_and_add_service_plugin /opt/stack/neutron/neutron/manager.py:239}}
Jun 08 07:23:07.101540 np0000178792 devstack@neutron-api.service[103208]: DEBUG neutron.api.extensions [None req-264b73ac-c8a6-4f83-bcb6-a760908bceac None None] Ext name="L3 Agent Scheduler HA Chassis Priority" alias="l3-agent-scheduler-ha-chassis-priority" description="Exposes the HA_Chassis priority in the L3 Agent Scheduler API responses and allows setting priority when scheduling a router to a chassis." updated="2026-03-31T00:00:00-00:00" {{(pid=103208) _check_extension /opt/stack/neutron/neutron/api/extensions.py:415}}
Jun 08 07:23:07.101571 np0000178792 devstack@neutron-api.service[103209]: INFO neutron.manager [None req-66c39eda-6e6d-438b-b319-58ec63088ee1 None None] Loading Plugin: tag
Jun 08 07:23:07.101602 np0000178792 devstack@neutron-api.service[103208]: INFO neutron.api.extensions [None req-264b73ac-c8a6-4f83-bcb6-a760908bceac None None] Loaded extension: l3-agent-scheduler-ha-chassis-priority
Jun 08 07:23:07.101690 np0000178792 devstack@neutron-api.service[103208]: DEBUG neutron.api.extensions [None req-264b73ac-c8a6-4f83-bcb6-a760908bceac None None] Loading extension file: l3_conntrack_helper.py {{(pid=103208) _load_all_extensions_from_path /opt/stack/neutron/neutron/api/extensions.py:449}}
Jun 08 07:23:07.102253 np0000178792 devstack@neutron-api.service[103207]: DEBUG neutron.api.v2.resource_helper [None req-d273351e-9da2-4a19-ba9f-92313afb4141 None None] Service L3_ROUTER_NAT assigned prefix: {{(pid=103207) build_resource_info /opt/stack/neutron/neutron/api/v2/resource_helper.py:77}}
Jun 08 07:23:07.102284 np0000178792 devstack@neutron-api.service[103208]: DEBUG neutron.api.extensions [None req-264b73ac-c8a6-4f83-bcb6-a760908bceac None None] Ext name="L3 Conntrack helper" alias="l3-conntrack-helper" description="Allow adding CT target rules for conntrack helper" updated="2019-04-04T10:00:00-00:00" {{(pid=103208) _check_extension /opt/stack/neutron/neutron/api/extensions.py:415}}
Jun 08 07:23:07.102480 np0000178792 devstack@neutron-api.service[103208]: INFO neutron.api.extensions [None req-264b73ac-c8a6-4f83-bcb6-a760908bceac None None] Extension l3-conntrack-helper not supported by any of loaded plugins
Jun 08 07:23:07.102572 np0000178792 devstack@neutron-api.service[103208]: DEBUG neutron.api.extensions [None req-264b73ac-c8a6-4f83-bcb6-a760908bceac None None] Loading extension file: l3_enable_default_route_bfd.py {{(pid=103208) _load_all_extensions_from_path /opt/stack/neutron/neutron/api/extensions.py:449}}
Jun 08 07:23:07.102613 np0000178792 devstack@neutron-api.service[103207]: DEBUG neutron.api.v2.resource_helper [None req-d273351e-9da2-4a19-ba9f-92313afb4141 None None] Service FLAVORS assigned prefix: {{(pid=103207) build_resource_info /opt/stack/neutron/neutron/api/v2/resource_helper.py:77}}
Jun 08 07:23:07.102833 np0000178792 devstack@neutron-api.service[103208]: DEBUG neutron.api.extensions [None req-264b73ac-c8a6-4f83-bcb6-a760908bceac None None] Ext name="Enable Default Route BFD" alias="enable-default-route-bfd" description="Enables configurable BFD behavior for default routes" updated="2023-02-27T00:00:00-00:00" {{(pid=103208) _check_extension /opt/stack/neutron/neutron/api/extensions.py:415}}
Jun 08 07:23:07.103010 np0000178792 devstack@neutron-api.service[103208]: INFO neutron.api.extensions [None req-264b73ac-c8a6-4f83-bcb6-a760908bceac None None] Loaded extension: enable-default-route-bfd
Jun 08 07:23:07.103096 np0000178792 devstack@neutron-api.service[103208]: DEBUG neutron.api.extensions [None req-264b73ac-c8a6-4f83-bcb6-a760908bceac None None] Loading extension file: l3_enable_default_route_ecmp.py {{(pid=103208) _load_all_extensions_from_path /opt/stack/neutron/neutron/api/extensions.py:449}}
Jun 08 07:23:07.103336 np0000178792 devstack@neutron-api.service[103208]: DEBUG neutron.api.extensions [None req-264b73ac-c8a6-4f83-bcb6-a760908bceac None None] Ext name="Enable Default Route ECMP" alias="enable-default-route-ecmp" description="Enables configurable ECMP behavior for default routes" updated="2023-02-27T00:00:00-00:00" {{(pid=103208) _check_extension /opt/stack/neutron/neutron/api/extensions.py:415}}
Jun 08 07:23:07.103472 np0000178792 devstack@neutron-api.service[103207]: DEBUG neutron.api.v2.resource_helper [None req-d273351e-9da2-4a19-ba9f-92313afb4141 None None] Service L3_ROUTER_NAT assigned prefix: {{(pid=103207) build_resource_info /opt/stack/neutron/neutron/api/v2/resource_helper.py:77}}
Jun 08 07:23:07.103507 np0000178792 devstack@neutron-api.service[103208]: INFO neutron.api.extensions [None req-264b73ac-c8a6-4f83-bcb6-a760908bceac None None] Loaded extension: enable-default-route-ecmp
Jun 08 07:23:07.103959 np0000178792 devstack@neutron-api.service[103208]: DEBUG neutron.api.extensions [None req-264b73ac-c8a6-4f83-bcb6-a760908bceac None None] Loading extension file: l3_ext_gw_mode.py {{(pid=103208) _load_all_extensions_from_path /opt/stack/neutron/neutron/api/extensions.py:449}}
Jun 08 07:23:07.103959 np0000178792 devstack@neutron-api.service[103208]: DEBUG neutron.api.extensions [None req-264b73ac-c8a6-4f83-bcb6-a760908bceac None None] Ext name="Neutron L3 Configurable external gateway mode" alias="ext-gw-mode" description="Extension of the router abstraction for specifying whether SNAT should occur on the external gateway" updated="2013-03-28T10:00:00-00:00" {{(pid=103208) _check_extension /opt/stack/neutron/neutron/api/extensions.py:415}}
