Apr 29 21:40:57.097653 np0000171314 devstack@neutron-api.service[104748]: DEBUG neutron.api.extensions [None req-f092a3e4-bbcb-4aee-8904-17e5a99888fd None None] Ext name="Agent's Resource View Synced to Placement" alias="agent-resources-synced" description="Stores success/failure of last sync to Placement" updated="2018-12-19T00:00:00-00:00" {{(pid=104748) _check_extension /opt/stack/neutron/neutron/api/extensions.py:415}}
Apr 29 21:40:57.097712 np0000171314 devstack@neutron-api.service[104749]: DEBUG neutron_lib.callbacks.manager [None req-a76fcf25-a1f9-470f-8398-8b71d305a8d1 None None] Subscribe: > router after_delete 55550000, False {{(pid=104749) subscribe /opt/stack/data/venv/lib/python3.12/site-packages/neutron_lib/callbacks/manager.py:52}}
Apr 29 21:40:57.097749 np0000171314 devstack@neutron-api.service[104751]: DEBUG neutron_lib.callbacks.manager [None req-f905ff38-5864-4d73-a919-e391c2e037d5 None None] Subscribe: > subnet after_create 55550000, False {{(pid=104751) subscribe /opt/stack/data/venv/lib/python3.12/site-packages/neutron_lib/callbacks/manager.py:52}}
Apr 29 21:40:57.097807 np0000171314 devstack@neutron-api.service[104749]: DEBUG neutron_lib.callbacks.manager [None req-a76fcf25-a1f9-470f-8398-8b71d305a8d1 None None] Subscribe: > router after_update 55550000, False {{(pid=104749) subscribe /opt/stack/data/venv/lib/python3.12/site-packages/neutron_lib/callbacks/manager.py:52}}
Apr 29 21:40:57.097834 np0000171314 devstack@neutron-api.service[104751]: DEBUG neutron_lib.callbacks.manager [None req-f905ff38-5864-4d73-a919-e391c2e037d5 None None] Subscribe: > subnet after_update 55550000, False {{(pid=104751) subscribe /opt/stack/data/venv/lib/python3.12/site-packages/neutron_lib/callbacks/manager.py:52}}
Apr 29 21:40:57.097887 np0000171314 devstack@neutron-api.service[104748]: INFO neutron.api.extensions [None req-f092a3e4-bbcb-4aee-8904-17e5a99888fd None None] Extension agent-resources-synced not supported by any of loaded plugins
Apr 29 21:40:57.097916 np0000171314 devstack@neutron-api.service[104751]: DEBUG neutron_lib.callbacks.manager [None req-f905ff38-5864-4d73-a919-e391c2e037d5 None None] Subscribe: > subnet after_delete 55550000, False {{(pid=104751) subscribe /opt/stack/data/venv/lib/python3.12/site-packages/neutron_lib/callbacks/manager.py:52}}
Apr 29 21:40:57.097978 np0000171314 devstack@neutron-api.service[104748]: DEBUG neutron.api.extensions [None req-f092a3e4-bbcb-4aee-8904-17e5a99888fd None None] Loading extension file: allowedaddresspairs.py {{(pid=104748) _load_all_extensions_from_path /opt/stack/neutron/neutron/api/extensions.py:449}}
Apr 29 21:40:57.098008 np0000171314 devstack@neutron-api.service[104749]: DEBUG neutron.services.service_base [None req-a76fcf25-a1f9-470f-8398-8b71d305a8d1 None None] Loaded 'neutron.services.ovn_l3.service_providers.ovn.OvnDriver' provider for service L3_ROUTER_NAT {{(pid=104749) load_drivers /opt/stack/neutron/neutron/services/service_base.py:49}}
Apr 29 21:40:57.098059 np0000171314 devstack@neutron-api.service[104751]: DEBUG neutron_lib.callbacks.manager [None req-f905ff38-5864-4d73-a919-e391c2e037d5 None None] Subscribe: > network after_create 55550000, False {{(pid=104751) subscribe /opt/stack/data/venv/lib/python3.12/site-packages/neutron_lib/callbacks/manager.py:52}}
Apr 29 21:40:57.098059 np0000171314 devstack@neutron-api.service[104751]: DEBUG neutron_lib.callbacks.manager [None req-f905ff38-5864-4d73-a919-e391c2e037d5 None None] Subscribe: > network after_update 55550000, False {{(pid=104751) subscribe /opt/stack/data/venv/lib/python3.12/site-packages/neutron_lib/callbacks/manager.py:52}}
Apr 29 21:40:57.098149 np0000171314 devstack@neutron-api.service[104749]: DEBUG neutron_lib.callbacks.manager [None req-a76fcf25-a1f9-470f-8398-8b71d305a8d1 None None] Subscribe: > process after_init 55550001, True {{(pid=104749) subscribe /opt/stack/data/venv/lib/python3.12/site-packages/neutron_lib/callbacks/manager.py:52}}
Apr 29 21:40:57.098238 np0000171314 devstack@neutron-api.service[104751]: DEBUG neutron_lib.callbacks.manager [None req-f905ff38-5864-4d73-a919-e391c2e037d5 None None] Subscribe: > network after_delete 55550000, False {{(pid=104751) subscribe /opt/stack/data/venv/lib/python3.12/site-packages/neutron_lib/callbacks/manager.py:52}}
Apr 29 21:40:57.098238 np0000171314 devstack@neutron-api.service[104751]: DEBUG neutron_lib.callbacks.manager [None req-f905ff38-5864-4d73-a919-e391c2e037d5 None None] Subscribe: > security_group after_create 55550000, False {{(pid=104751) subscribe /opt/stack/data/venv/lib/python3.12/site-packages/neutron_lib/callbacks/manager.py:52}}
Apr 29 21:40:57.098288 np0000171314 devstack@neutron-api.service[104749]: DEBUG neutron.manager [None req-a76fcf25-a1f9-470f-8398-8b71d305a8d1 None None] Successfully loaded L3_ROUTER_NAT plugin. Description: L3 Router Service Plugin for basic L3 forwarding using OVN {{(pid=104749) _create_and_add_service_plugin /opt/stack/neutron/neutron/manager.py:239}}
Apr 29 21:40:57.098350 np0000171314 devstack@neutron-api.service[104751]: DEBUG neutron_lib.callbacks.manager [None req-f905ff38-5864-4d73-a919-e391c2e037d5 None None] Subscribe: > security_group after_update 55550000, False {{(pid=104751) subscribe /opt/stack/data/venv/lib/python3.12/site-packages/neutron_lib/callbacks/manager.py:52}}
Apr 29 21:40:57.098416 np0000171314 devstack@neutron-api.service[104749]: INFO neutron.manager [None req-a76fcf25-a1f9-470f-8398-8b71d305a8d1 None None] Loading Plugin: auto_allocate
Apr 29 21:40:57.098473 np0000171314 devstack@neutron-api.service[104751]: DEBUG neutron_lib.callbacks.manager [None req-f905ff38-5864-4d73-a919-e391c2e037d5 None None] Subscribe: > security_group after_delete 55550000, False {{(pid=104751) subscribe /opt/stack/data/venv/lib/python3.12/site-packages/neutron_lib/callbacks/manager.py:52}}
Apr 29 21:40:57.098504 np0000171314 devstack@neutron-api.service[104748]: DEBUG neutron.api.extensions [None req-f092a3e4-bbcb-4aee-8904-17e5a99888fd None None] Ext name="Allowed Address Pairs" alias="allowed-address-pairs" description="Provides allowed address pairs" updated="2013-07-23T10:00:00-00:00" {{(pid=104748) _check_extension /opt/stack/neutron/neutron/api/extensions.py:415}}
Apr 29 21:40:57.098569 np0000171314 devstack@neutron-api.service[104751]: DEBUG neutron_lib.callbacks.manager [None req-f905ff38-5864-4d73-a919-e391c2e037d5 None None] Subscribe: > security_group_rule after_create 55550000, False {{(pid=104751) subscribe /opt/stack/data/venv/lib/python3.12/site-packages/neutron_lib/callbacks/manager.py:52}}
Apr 29 21:40:57.098569 np0000171314 devstack@neutron-api.service[104751]: DEBUG neutron_lib.callbacks.manager [None req-f905ff38-5864-4d73-a919-e391c2e037d5 None None] Subscribe: > security_group_rule after_update 55550000, False {{(pid=104751) subscribe /opt/stack/data/venv/lib/python3.12/site-packages/neutron_lib/callbacks/manager.py:52}}
Apr 29 21:40:57.098698 np0000171314 devstack@neutron-api.service[104748]: INFO neutron.api.extensions [None req-f092a3e4-bbcb-4aee-8904-17e5a99888fd None None] Loaded extension: allowed-address-pairs
Apr 29 21:40:57.098776 np0000171314 devstack@neutron-api.service[104751]: DEBUG neutron_lib.callbacks.manager [None req-f905ff38-5864-4d73-a919-e391c2e037d5 None None] Subscribe: > security_group_rule after_delete 55550000, False {{(pid=104751) subscribe /opt/stack/data/venv/lib/python3.12/site-packages/neutron_lib/callbacks/manager.py:52}}
Apr 29 21:40:57.098874 np0000171314 devstack@neutron-api.service[104748]: DEBUG neutron.api.extensions [None req-f092a3e4-bbcb-4aee-8904-17e5a99888fd None None] Loading extension file: auto_allocated_topology.py {{(pid=104748) _load_all_extensions_from_path /opt/stack/neutron/neutron/api/extensions.py:449}}
Apr 29 21:40:57.098904 np0000171314 devstack@neutron-api.service[104751]: DEBUG neutron_lib.callbacks.manager [None req-f905ff38-5864-4d73-a919-e391c2e037d5 None None] Subscribe: > address_group after_create 55550000, False {{(pid=104751) subscribe /opt/stack/data/venv/lib/python3.12/site-packages/neutron_lib/callbacks/manager.py:52}}
Apr 29 21:40:57.098904 np0000171314 devstack@neutron-api.service[104751]: DEBUG neutron_lib.callbacks.manager [None req-f905ff38-5864-4d73-a919-e391c2e037d5 None None] Subscribe: > address_group after_update 55550000, False {{(pid=104751) subscribe /opt/stack/data/venv/lib/python3.12/site-packages/neutron_lib/callbacks/manager.py:52}}
Apr 29 21:40:57.098904 np0000171314 devstack@neutron-api.service[104751]: DEBUG neutron_lib.callbacks.manager [None req-f905ff38-5864-4d73-a919-e391c2e037d5 None None] Subscribe: > address_group after_delete 55550000, False {{(pid=104751) subscribe /opt/stack/data/venv/lib/python3.12/site-packages/neutron_lib/callbacks/manager.py:52}}
Apr 29 21:40:57.099041 np0000171314 devstack@neutron-api.service[104748]: DEBUG neutron.api.extensions [None req-f092a3e4-bbcb-4aee-8904-17e5a99888fd None None] Ext name="Auto Allocated Topology Services" alias="auto-allocated-topology" description="Auto Allocated Topology Services." updated="2016-01-01T00:00:00-00:00" {{(pid=104748) _check_extension /opt/stack/neutron/neutron/api/extensions.py:415}}
Apr 29 21:40:57.099069 np0000171314 devstack@neutron-api.service[104751]: DEBUG neutron.plugins.ml2.ovo_rpc [None req-f905ff38-5864-4d73-a919-e391c2e037d5 None None] ML2 OVO RPC backend initialized. {{(pid=104751) __init__ /opt/stack/neutron/neutron/plugins/ml2/ovo_rpc.py:117}}
Apr 29 21:40:57.099881 np0000171314 devstack@neutron-api.service[104748]: INFO neutron.api.extensions [None req-f092a3e4-bbcb-4aee-8904-17e5a99888fd None None] Loaded extension: auto-allocated-topology
Apr 29 21:40:57.099881 np0000171314 devstack@neutron-api.service[104748]: DEBUG neutron.api.extensions [None req-f092a3e4-bbcb-4aee-8904-17e5a99888fd None None] Loading extension file: availability_zone.py {{(pid=104748) _load_all_extensions_from_path /opt/stack/neutron/neutron/api/extensions.py:449}}
Apr 29 21:40:57.099881 np0000171314 devstack@neutron-api.service[104748]: DEBUG neutron.api.extensions [None req-f092a3e4-bbcb-4aee-8904-17e5a99888fd None None] Ext name="Availability Zone" alias="availability_zone" description="The availability zone extension." updated="2015-01-01T10:00:00-00:00" {{(pid=104748) _check_extension /opt/stack/neutron/neutron/api/extensions.py:415}}
Apr 29 21:40:57.100181 np0000171314 devstack@neutron-api.service[104749]: DEBUG neutron_lib.callbacks.manager [None req-a76fcf25-a1f9-470f-8398-8b71d305a8d1 None None] Subscribe: network precommit_update 55550000, False {{(pid=104749) subscribe /opt/stack/data/venv/lib/python3.12/site-packages/neutron_lib/callbacks/manager.py:52}}
Apr 29 21:40:57.100377 np0000171314 devstack@neutron-api.service[104748]: INFO neutron.api.extensions [None req-f092a3e4-bbcb-4aee-8904-17e5a99888fd None None] Loaded extension: availability_zone
Apr 29 21:40:57.100459 np0000171314 devstack@neutron-api.service[104749]: DEBUG neutron_lib.callbacks.manager [None req-a76fcf25-a1f9-470f-8398-8b71d305a8d1 None None] Subscribe: network precommit_create 55550000, False {{(pid=104749) subscribe /opt/stack/data/venv/lib/python3.12/site-packages/neutron_lib/callbacks/manager.py:52}}
Apr 29 21:40:57.100517 np0000171314 devstack@neutron-api.service[104748]: DEBUG neutron.api.extensions [None req-f092a3e4-bbcb-4aee-8904-17e5a99888fd None None] Loading extension file: availability_zone_filter.py {{(pid=104748) _load_all_extensions_from_path /opt/stack/neutron/neutron/api/extensions.py:449}}
Apr 29 21:40:57.100580 np0000171314 devstack@neutron-api.service[104751]: INFO neutron.quota [None req-f905ff38-5864-4d73-a919-e391c2e037d5 None None] Loaded quota_driver: .
Apr 29 21:40:57.100580 np0000171314 devstack@neutron-api.service[104751]: INFO neutron.plugins.ml2.plugin [None req-f905ff38-5864-4d73-a919-e391c2e037d5 None None] Modular L2 Plugin initialization complete
Apr 29 21:40:57.100660 np0000171314 devstack@neutron-api.service[104749]: DEBUG neutron.manager [None req-a76fcf25-a1f9-470f-8398-8b71d305a8d1 None None] Successfully loaded auto-allocated-topology plugin. Description: Auto Allocated Topology - aka get me a network. {{(pid=104749) _create_and_add_service_plugin /opt/stack/neutron/neutron/manager.py:239}}
Apr 29 21:40:57.100719 np0000171314 devstack@neutron-api.service[104748]: DEBUG neutron.api.extensions [None req-f092a3e4-bbcb-4aee-8904-17e5a99888fd None None] Ext name="Availability Zone Filter Extension" alias="availability_zone_filter" description="Add filter parameters to AvailabilityZone resource" updated="2018-06-22T10:00:00-00:00" {{(pid=104748) _check_extension /opt/stack/neutron/neutron/api/extensions.py:415}}
Apr 29 21:40:57.100749 np0000171314 devstack@neutron-api.service[104751]: DEBUG neutron.manager [None req-f905ff38-5864-4d73-a919-e391c2e037d5 None None] Loading services supported by the core plugin {{(pid=104751) _load_services_from_core_plugin /opt/stack/neutron/neutron/manager.py:170}}
Apr 29 21:40:57.100815 np0000171314 devstack@neutron-api.service[104749]: INFO neutron.manager [None req-a76fcf25-a1f9-470f-8398-8b71d305a8d1 None None] Loading Plugin: tag
Apr 29 21:40:57.100955 np0000171314 devstack@neutron-api.service[104751]: INFO neutron.plugins.ml2.managers [None req-f905ff38-5864-4d73-a919-e391c2e037d5 None None] Got port-security extension from driver 'port_security'
Apr 29 21:40:57.101048 np0000171314 devstack@neutron-api.service[104748]: INFO neutron.api.extensions [None req-f092a3e4-bbcb-4aee-8904-17e5a99888fd None None] Extension availability_zone_filter not supported by any of loaded plugins
Apr 29 21:40:57.101048 np0000171314 devstack@neutron-api.service[104748]: DEBUG neutron.api.extensions [None req-f092a3e4-bbcb-4aee-8904-17e5a99888fd None None] Loading extension file: data_plane_status.py {{(pid=104748) _load_all_extensions_from_path /opt/stack/neutron/neutron/api/extensions.py:449}}
Apr 29 21:40:57.101150 np0000171314 devstack@neutron-api.service[104751]: DEBUG neutron.manager [None req-f905ff38-5864-4d73-a919-e391c2e037d5 None None] Loading service plugins: ['ovn-router', 'auto_allocate', 'tag', 'timestamp', 'network_ip_availability', 'flavors', 'revisions'] {{(pid=104751) _load_service_plugins /opt/stack/neutron/neutron/manager.py:195}}
Apr 29 21:40:57.101216 np0000171314 devstack@neutron-api.service[104748]: DEBUG neutron.api.extensions [None req-f092a3e4-bbcb-4aee-8904-17e5a99888fd None None] Ext name="Port data plane status extension" alias="data-plane-status" description="Expose status of underlying data plane" updated="2017-01-24T10:00:00-00:00" {{(pid=104748) _check_extension /opt/stack/neutron/neutron/api/extensions.py:415}}
Apr 29 21:40:57.101248 np0000171314 devstack@neutron-api.service[104751]: INFO neutron.manager [None req-f905ff38-5864-4d73-a919-e391c2e037d5 None None] Loading Plugin: ovn-router
Apr 29 21:40:57.101301 np0000171314 devstack@neutron-api.service[104748]: INFO neutron.api.extensions [None req-f092a3e4-bbcb-4aee-8904-17e5a99888fd None None] Extension data-plane-status not supported by any of loaded plugins
Apr 29 21:40:57.101301 np0000171314 devstack@neutron-api.service[104748]: DEBUG neutron.api.extensions [None req-f092a3e4-bbcb-4aee-8904-17e5a99888fd None None] Loading extension file: default_subnetpools.py {{(pid=104748) _load_all_extensions_from_path /opt/stack/neutron/neutron/api/extensions.py:449}}
Apr 29 21:40:57.101301 np0000171314 devstack@neutron-api.service[104748]: DEBUG neutron.api.extensions [None req-f092a3e4-bbcb-4aee-8904-17e5a99888fd None None] Ext name="Default Subnetpools" alias="default-subnetpools" description="Provides ability to mark and use a subnetpool as the default." updated="2016-02-18T18:00:00-00:00" {{(pid=104748) _check_extension /opt/stack/neutron/neutron/api/extensions.py:415}}
Apr 29 21:40:57.101301 np0000171314 devstack@neutron-api.service[104748]: INFO neutron.api.extensions [None req-f092a3e4-bbcb-4aee-8904-17e5a99888fd None None] Loaded extension: default-subnetpools
Apr 29 21:40:57.101301 np0000171314 devstack@neutron-api.service[104748]: DEBUG neutron.api.extensions [None req-f092a3e4-bbcb-4aee-8904-17e5a99888fd None None] Loading extension file: dhcpagentscheduler.py {{(pid=104748) _load_all_extensions_from_path /opt/stack/neutron/neutron/api/extensions.py:449}}
Apr 29 21:40:57.101301 np0000171314 devstack@neutron-api.service[104748]: DEBUG neutron.api.extensions [None req-f092a3e4-bbcb-4aee-8904-17e5a99888fd None None] Ext name="DHCP Agent Scheduler" alias="dhcp_agent_scheduler" description="Schedule networks among dhcp agents" updated="2013-02-07T10:00:00-00:00" {{(pid=104748) _check_extension /opt/stack/neutron/neutron/api/extensions.py:415}}
Apr 29 21:40:57.101301 np0000171314 devstack@neutron-api.service[104748]: INFO neutron.api.extensions [None req-f092a3e4-bbcb-4aee-8904-17e5a99888fd None None] Loaded extension: dhcp_agent_scheduler
Apr 29 21:40:57.101301 np0000171314 devstack@neutron-api.service[104748]: DEBUG neutron.api.extensions [None req-f092a3e4-bbcb-4aee-8904-17e5a99888fd None None] Loading extension file: dns.py {{(pid=104748) _load_all_extensions_from_path /opt/stack/neutron/neutron/api/extensions.py:449}}
Apr 29 21:40:57.101600 np0000171314 devstack@neutron-api.service[104748]: DEBUG neutron.api.extensions [None req-f092a3e4-bbcb-4aee-8904-17e5a99888fd None None] Ext name="DNS Integration" alias="dns-integration" description="Provides integration with DNS." updated="2015-08-15T18:00:00-00:00" {{(pid=104748) _check_extension /opt/stack/neutron/neutron/api/extensions.py:415}}
Apr 29 21:40:57.101666 np0000171314 devstack@neutron-api.service[104748]: INFO neutron.api.extensions [None req-f092a3e4-bbcb-4aee-8904-17e5a99888fd None None] Loaded extension: dns-integration
Apr 29 21:40:57.101745 np0000171314 devstack@neutron-api.service[104748]: DEBUG neutron.api.extensions [None req-f092a3e4-bbcb-4aee-8904-17e5a99888fd None None] Loading extension file: dns_domain_ports.py {{(pid=104748) _load_all_extensions_from_path /opt/stack/neutron/neutron/api/extensions.py:449}}
Apr 29 21:40:57.101969 np0000171314 devstack@neutron-api.service[104748]: DEBUG neutron.api.extensions [None req-f092a3e4-bbcb-4aee-8904-17e5a99888fd None None] Ext name="dns_domain for ports" alias="dns-domain-ports" description="Allows the DNS domain to be specified for a network port." updated="2017-04-24T10:00:00-00:00" {{(pid=104748) _check_extension /opt/stack/neutron/neutron/api/extensions.py:415}}
Apr 29 21:40:57.102200 np0000171314 devstack@neutron-api.service[104748]: INFO neutron.api.extensions [None req-f092a3e4-bbcb-4aee-8904-17e5a99888fd None None] Loaded extension: dns-domain-ports
Apr 29 21:40:57.102256 np0000171314 devstack@neutron-api.service[104748]: DEBUG neutron.api.extensions [None req-f092a3e4-bbcb-4aee-8904-17e5a99888fd None None] Loading extension file: dns_integration_domain_keywords.py {{(pid=104748) _load_all_extensions_from_path /opt/stack/neutron/neutron/api/extensions.py:449}}
Apr 29 21:40:57.102468 np0000171314 devstack@neutron-api.service[104748]: DEBUG neutron.api.extensions [None req-f092a3e4-bbcb-4aee-8904-17e5a99888fd None None] Ext name="DNS domain names with keywords allowed" alias="dns-integration-domain-keywords" description="Allows to use keywords like , , and as DNS domain name" updated="2020-06-15T18:00:00-00:00" {{(pid=104748) _check_extension /opt/stack/neutron/neutron/api/extensions.py:415}}
Apr 29 21:40:57.102637 np0000171314 devstack@neutron-api.service[104748]: INFO neutron.api.extensions [None req-f092a3e4-bbcb-4aee-8904-17e5a99888fd None None] Loaded extension: dns-integration-domain-keywords
Apr 29 21:40:57.102726 np0000171314 devstack@neutron-api.service[104748]: DEBUG neutron.api.extensions [None req-f092a3e4-bbcb-4aee-8904-17e5a99888fd None None] Loading extension file: dvr.py {{(pid=104748) _load_all_extensions_from_path /opt/stack/neutron/neutron/api/extensions.py:449}}
Apr 29 21:40:57.102967 np0000171314 devstack@neutron-api.service[104749]: DEBUG neutron.manager [None req-a76fcf25-a1f9-470f-8398-8b71d305a8d1 None None] Successfully loaded TAG plugin. Description: Tag support {{(pid=104749) _create_and_add_service_plugin /opt/stack/neutron/neutron/manager.py:239}}
Apr 29 21:40:57.103026 np0000171314 devstack@neutron-api.service[104748]: DEBUG neutron.api.extensions [None req-f092a3e4-bbcb-4aee-8904-17e5a99888fd None None] Ext name="Distributed Virtual Router" alias="dvr" description="Enables configuration of Distributed Virtual Routers." updated="2014-06-1T10:00:00-00:00" {{(pid=104748) _check_extension /opt/stack/neutron/neutron/api/extensions.py:415}}
Apr 29 21:40:57.103104 np0000171314 devstack@neutron-api.service[104749]: INFO neutron.manager [None req-a76fcf25-a1f9-470f-8398-8b71d305a8d1 None None] Loading Plugin: timestamp
Apr 29 21:40:57.103168 np0000171314 devstack@neutron-api.service[104748]: INFO neutron.api.extensions [None req-f092a3e4-bbcb-4aee-8904-17e5a99888fd None None] Extension dvr not supported by any of loaded plugins
Apr 29 21:40:57.103263 np0000171314 devstack@neutron-api.service[104748]: DEBUG neutron.api.extensions [None req-f092a3e4-bbcb-4aee-8904-17e5a99888fd None None] Loading extension file: ecmp_routes.py {{(pid=104748) _load_all_extensions_from_path /opt/stack/neutron/neutron/api/extensions.py:449}}
Apr 29 21:40:57.103508 np0000171314 devstack@neutron-api.service[104748]: DEBUG neutron.api.extensions [None req-f092a3e4-bbcb-4aee-8904-17e5a99888fd None None] Ext name="Equal Cost Multipath Routing" alias="ecmp_routes" description="Allows traffic to reach thesame destination via multiple different links " updated="2020-11-26T18:00:00-00:00" {{(pid=104748) _check_extension /opt/stack/neutron/neutron/api/extensions.py:415}}
Apr 29 21:40:57.103680 np0000171314 devstack@neutron-api.service[104748]: INFO neutron.api.extensions [None req-f092a3e4-bbcb-4aee-8904-17e5a99888fd None None] Extension ecmp_routes not supported by any of loaded plugins
Apr 29 21:40:57.103768 np0000171314 devstack@neutron-api.service[104748]: DEBUG neutron.api.extensions [None req-f092a3e4-bbcb-4aee-8904-17e5a99888fd None None] Loading extension file: empty_string_filtering.py {{(pid=104748) _load_all_extensions_from_path /opt/stack/neutron/neutron/api/extensions.py:449}}
Apr 29 21:40:57.104006 np0000171314 devstack@neutron-api.service[104748]: DEBUG neutron.api.extensions [None req-f092a3e4-bbcb-4aee-8904-17e5a99888fd None None] Ext name="Empty String Filtering Extension" alias="empty-string-filtering" description="Allow filtering by attributes with empty string value" updated="2018-05-01T10:00:00-00:00" {{(pid=104748) _check_extension /opt/stack/neutron/neutron/api/extensions.py:415}}
Apr 29 21:40:57.104189 np0000171314 devstack@neutron-api.service[104748]: INFO neutron.api.extensions [None req-f092a3e4-bbcb-4aee-8904-17e5a99888fd None None] Loaded extension: empty-string-filtering
Apr 29 21:40:57.104285 np0000171314 devstack@neutron-api.service[104748]: DEBUG neutron.api.extensions [None req-f092a3e4-bbcb-4aee-8904-17e5a99888fd None None] Loading extension file: expose_l3_conntrack_helper.py {{(pid=104748) _load_all_extensions_from_path /opt/stack/neutron/neutron/api/extensions.py:449}}
Apr 29 21:40:57.104522 np0000171314 devstack@neutron-api.service[104748]: DEBUG neutron.api.extensions [None req-f092a3e4-bbcb-4aee-8904-17e5a99888fd None None] Ext name="Expose CT target rules for conntrack helper" alias="expose-l3-conntrack-helper" description="Expose allow adding CT target rules for conntrack helper" updated="2019-04-04T10:00:00-00:00" {{(pid=104748) _check_extension /opt/stack/neutron/neutron/api/extensions.py:415}}
Apr 29 21:40:57.104678 np0000171314 devstack@neutron-api.service[104748]: INFO neutron.api.extensions [None req-f092a3e4-bbcb-4aee-8904-17e5a99888fd None None] Extension expose-l3-conntrack-helper not supported by any of loaded plugins
Apr 29 21:40:57.104712 np0000171314 devstack@neutron-api.service[104749]: DEBUG neutron.manager [None req-a76fcf25-a1f9-470f-8398-8b71d305a8d1 None None] Successfully loaded timestamp plugin. Description: Adds timestamps to Neutron resources with standard attributes {{(pid=104749) _create_and_add_service_plugin /opt/stack/neutron/neutron/manager.py:239}}
Apr 29 21:40:57.104767 np0000171314 devstack@neutron-api.service[104748]: DEBUG neutron.api.extensions [None req-f092a3e4-bbcb-4aee-8904-17e5a99888fd None None] Loading extension file: expose_port_forwarding_in_fip.py {{(pid=104748) _load_all_extensions_from_path /opt/stack/neutron/neutron/api/extensions.py:449}}
Apr 29 21:40:57.104843 np0000171314 devstack@neutron-api.service[104749]: INFO neutron.manager [None req-a76fcf25-a1f9-470f-8398-8b71d305a8d1 None None] Loading Plugin: network_ip_availability
Apr 29 21:40:57.104987 np0000171314 devstack@neutron-api.service[104748]: DEBUG neutron.api.extensions [None req-f092a3e4-bbcb-4aee-8904-17e5a99888fd None None] Ext name="Expose Floating IP port forwardings" alias="expose-port-forwarding-in-fip" description="Expose port forwarding fields in floating IP response" updated="2018-06-28T16:00:00-00:00" {{(pid=104748) _check_extension /opt/stack/neutron/neutron/api/extensions.py:415}}
Apr 29 21:40:57.105172 np0000171314 devstack@neutron-api.service[104748]: INFO neutron.api.extensions [None req-f092a3e4-bbcb-4aee-8904-17e5a99888fd None None] Extension expose-port-forwarding-in-fip not supported by any of loaded plugins
Apr 29 21:40:57.105260 np0000171314 devstack@neutron-api.service[104748]: DEBUG neutron.api.extensions [None req-f092a3e4-bbcb-4aee-8904-17e5a99888fd None None] Loading extension file: external_net.py {{(pid=104748) _load_all_extensions_from_path /opt/stack/neutron/neutron/api/extensions.py:449}}
Apr 29 21:40:57.105487 np0000171314 devstack@neutron-api.service[104748]: DEBUG neutron.api.extensions [None req-f092a3e4-bbcb-4aee-8904-17e5a99888fd None None] Ext name="Neutron external network" alias="external-net" description="Adds external network attribute to network resource." updated="2013-01-14T10:00:00-00:00" {{(pid=104748) _check_extension /opt/stack/neutron/neutron/api/extensions.py:415}}
Apr 29 21:40:57.105909 np0000171314 devstack@neutron-api.service[104748]: INFO neutron.api.extensions [None req-f092a3e4-bbcb-4aee-8904-17e5a99888fd None None] Loaded extension: external-net
Apr 29 21:40:57.105909 np0000171314 devstack@neutron-api.service[104748]: DEBUG neutron.api.extensions [None req-f092a3e4-bbcb-4aee-8904-17e5a99888fd None None] Loading extension file: extra_dhcp_opt.py {{(pid=104748) _load_all_extensions_from_path /opt/stack/neutron/neutron/api/extensions.py:449}}
Apr 29 21:40:57.105981 np0000171314 devstack@neutron-api.service[104748]: DEBUG neutron.api.extensions [None req-f092a3e4-bbcb-4aee-8904-17e5a99888fd None None] Ext name="Neutron Extra DHCP options" alias="extra_dhcp_opt" description="Extra options configuration for DHCP. For example PXE boot options to DHCP clients can be specified (e.g. tftp-server, server-ip-address, bootfile-name)" updated="2013-03-17T12:00:00-00:00" {{(pid=104748) _check_extension /opt/stack/neutron/neutron/api/extensions.py:415}}
Apr 29 21:40:57.106142 np0000171314 devstack@neutron-api.service[104748]: INFO neutron.api.extensions [None req-f092a3e4-bbcb-4aee-8904-17e5a99888fd None None] Loaded extension: extra_dhcp_opt
Apr 29 21:40:57.106227 np0000171314 devstack@neutron-api.service[104748]: DEBUG neutron.api.extensions [None req-f092a3e4-bbcb-4aee-8904-17e5a99888fd None None] Loading extension file: extraroute.py {{(pid=104748) _load_all_extensions_from_path /opt/stack/neutron/neutron/api/extensions.py:449}}
Apr 29 21:40:57.106459 np0000171314 devstack@neutron-api.service[104748]: DEBUG neutron.api.extensions [None req-f092a3e4-bbcb-4aee-8904-17e5a99888fd None None] Ext name="Neutron Extra Route" alias="extraroute" description="Extra routes configuration for L3 router" updated="2013-02-01T10:00:00-00:00" {{(pid=104748) _check_extension /opt/stack/neutron/neutron/api/extensions.py:415}}
Apr 29 21:40:57.106630 np0000171314 devstack@neutron-api.service[104749]: DEBUG neutron.manager [None req-a76fcf25-a1f9-470f-8398-8b71d305a8d1 None None] Successfully loaded network-ip-availability plugin. Description: Provides IP availability data for each network and subnet. {{(pid=104749) _create_and_add_service_plugin /opt/stack/neutron/neutron/manager.py:239}}
Apr 29 21:40:57.106684 np0000171314 devstack@neutron-api.service[104748]: INFO neutron.api.extensions [None req-f092a3e4-bbcb-4aee-8904-17e5a99888fd None None] Loaded extension: extraroute
Apr 29 21:40:57.106753 np0000171314 devstack@neutron-api.service[104748]: DEBUG neutron.api.extensions [None req-f092a3e4-bbcb-4aee-8904-17e5a99888fd None None] Loading extension file: extraroute_atomic.py {{(pid=104748) _load_all_extensions_from_path /opt/stack/neutron/neutron/api/extensions.py:449}}
Apr 29 21:40:57.106801 np0000171314 devstack@neutron-api.service[104749]: INFO neutron.manager [None req-a76fcf25-a1f9-470f-8398-8b71d305a8d1 None None] Loading Plugin: flavors
Apr 29 21:40:57.107057 np0000171314 devstack@neutron-api.service[104748]: DEBUG neutron.api.extensions [None req-f092a3e4-bbcb-4aee-8904-17e5a99888fd None None] Ext name="Atomically add/remove extra routes" alias="extraroute-atomic" description="Edit extra routes of a router on server side by atomically adding/removing extra routes" updated="2019-07-10T00:00:00+00:00" {{(pid=104748) _check_extension /opt/stack/neutron/neutron/api/extensions.py:415}}
Apr 29 21:40:57.107344 np0000171314 devstack@neutron-api.service[104748]: INFO neutron.api.extensions [None req-f092a3e4-bbcb-4aee-8904-17e5a99888fd None None] Loaded extension: extraroute-atomic
Apr 29 21:40:57.107477 np0000171314 devstack@neutron-api.service[104748]: DEBUG neutron.api.extensions [None req-f092a3e4-bbcb-4aee-8904-17e5a99888fd None None] Loading extension file: filter_validation.py {{(pid=104748) _load_all_extensions_from_path /opt/stack/neutron/neutron/api/extensions.py:449}}
Apr 29 21:40:57.107769 np0000171314 devstack@neutron-api.service[104748]: DEBUG neutron.api.extensions [None req-f092a3e4-bbcb-4aee-8904-17e5a99888fd None None] Ext name="Filter parameters validation" alias="filter-validation" description="Provides validation on filter parameters." updated="2018-07-04T10:00:00-00:00" {{(pid=104748) _check_extension /opt/stack/neutron/neutron/api/extensions.py:415}}
Apr 29 21:40:57.108022 np0000171314 devstack@neutron-api.service[104748]: INFO neutron.api.extensions [None req-f092a3e4-bbcb-4aee-8904-17e5a99888fd None None] Loaded extension: filter-validation
Apr 29 21:40:57.108143 np0000171314 devstack@neutron-api.service[104748]: DEBUG neutron.api.extensions [None req-f092a3e4-bbcb-4aee-8904-17e5a99888fd None None] Loading extension file: fip_pf_description.py {{(pid=104748) _load_all_extensions_from_path /opt/stack/neutron/neutron/api/extensions.py:449}}
Apr 29 21:40:57.108329 np0000171314 devstack@neutron-api.service[104749]: DEBUG neutron.manager [None req-a76fcf25-a1f9-470f-8398-8b71d305a8d1 None None] Successfully loaded FLAVORS plugin. Description: Neutron Flavors and Service Profiles manager plugin {{(pid=104749) _create_and_add_service_plugin /opt/stack/neutron/neutron/manager.py:239}}
Apr 29 21:40:57.108398 np0000171314 devstack@neutron-api.service[104748]: DEBUG neutron.api.extensions [None req-f092a3e4-bbcb-4aee-8904-17e5a99888fd None None] Ext name="Floating IP Port Forwarding new attribute description" alias="floating-ip-port-forwarding-description" description="Add a description field to Port Forwarding rules" updated="2019-11-01T10:00:00-00:00" {{(pid=104748) _check_extension /opt/stack/neutron/neutron/api/extensions.py:415}}
Apr 29 21:40:57.108464 np0000171314 devstack@neutron-api.service[104749]: INFO neutron.manager [None req-a76fcf25-a1f9-470f-8398-8b71d305a8d1 None None] Loading Plugin: revisions
Apr 29 21:40:57.108580 np0000171314 devstack@neutron-api.service[104748]: INFO neutron.api.extensions [None req-f092a3e4-bbcb-4aee-8904-17e5a99888fd None None] Extension floating-ip-port-forwarding-description not supported by any of loaded plugins
Apr 29 21:40:57.108659 np0000171314 devstack@neutron-api.service[104748]: DEBUG neutron.api.extensions [None req-f092a3e4-bbcb-4aee-8904-17e5a99888fd None None] Loading extension file: fip_pf_detail.py {{(pid=104748) _load_all_extensions_from_path /opt/stack/neutron/neutron/api/extensions.py:449}}
Apr 29 21:40:57.108891 np0000171314 devstack@neutron-api.service[104748]: DEBUG neutron.api.extensions [None req-f092a3e4-bbcb-4aee-8904-17e5a99888fd None None] Ext name="Floating IP port forwarding detail" alias="floating-ip-port-forwarding-detail" description="Allow list floating ip return more port forwarding data, include'id' and 'internal_port_id'" updated="2022-05-06T10:00:00-00:00" {{(pid=104748) _check_extension /opt/stack/neutron/neutron/api/extensions.py:415}}
Apr 29 21:40:57.109076 np0000171314 devstack@neutron-api.service[104748]: INFO neutron.api.extensions [None req-f092a3e4-bbcb-4aee-8904-17e5a99888fd None None] Loaded extension: floating-ip-port-forwarding-detail
Apr 29 21:40:57.109199 np0000171314 devstack@neutron-api.service[104748]: DEBUG neutron.api.extensions [None req-f092a3e4-bbcb-4aee-8904-17e5a99888fd None None] Loading extension file: fip_pf_port_range.py {{(pid=104748) _load_all_extensions_from_path /opt/stack/neutron/neutron/api/extensions.py:449}}
Apr 29 21:40:57.109429 np0000171314 devstack@neutron-api.service[104748]: DEBUG neutron.api.extensions [None req-f092a3e4-bbcb-4aee-8904-17e5a99888fd None None] Ext name="Floating IP Port Forwarding support port ranges" alias="floating-ip-port-forwarding-port-ranges" description="Add support to port ranges" updated="2020-07-01T10:00:00-00:00" {{(pid=104748) _check_extension /opt/stack/neutron/neutron/api/extensions.py:415}}
Apr 29 21:40:57.109565 np0000171314 devstack@neutron-api.service[104751]: DEBUG neutron_lib.callbacks.manager [None req-f905ff38-5864-4d73-a919-e391c2e037d5 None None] Subscribe: > router before_delete 55550000, False {{(pid=104751) subscribe /opt/stack/data/venv/lib/python3.12/site-packages/neutron_lib/callbacks/manager.py:52}}
Apr 29 21:40:57.109601 np0000171314 devstack@neutron-api.service[104748]: INFO neutron.api.extensions [None req-f092a3e4-bbcb-4aee-8904-17e5a99888fd None None] Extension floating-ip-port-forwarding-port-ranges not supported by any of loaded plugins
Apr 29 21:40:57.109685 np0000171314 devstack@neutron-api.service[104748]: DEBUG neutron.api.extensions [None req-f092a3e4-bbcb-4aee-8904-17e5a99888fd None None] Loading extension file: fip_port_details.py {{(pid=104748) _load_all_extensions_from_path /opt/stack/neutron/neutron/api/extensions.py:449}}
Apr 29 21:40:57.109727 np0000171314 devstack@neutron-api.service[104749]: DEBUG neutron.manager [None req-a76fcf25-a1f9-470f-8398-8b71d305a8d1 None None] Successfully loaded revision_plugin plugin. Description: Adds revision numbers to resources. {{(pid=104749) _create_and_add_service_plugin /opt/stack/neutron/neutron/manager.py:239}}
Apr 29 21:40:57.109771 np0000171314 devstack@neutron-api.service[104751]: DEBUG neutron_lib.callbacks.manager [None req-f905ff38-5864-4d73-a919-e391c2e037d5 None None] Subscribe: port after_update 55550000, False {{(pid=104751) subscribe /opt/stack/data/venv/lib/python3.12/site-packages/neutron_lib/callbacks/manager.py:52}}
Apr 29 21:40:57.109880 np0000171314 devstack@neutron-api.service[104749]: DEBUG oslo_concurrency.lockutils [None req-a76fcf25-a1f9-470f-8398-8b71d305a8d1 None None] Lock "manager" "released" by "neutron.manager.NeutronManager._create_instance" :: held 4.571s {{(pid=104749) inner /opt/stack/data/venv/lib/python3.12/site-packages/oslo_concurrency/lockutils.py:538}}
Apr 29 21:40:57.109914 np0000171314 devstack@neutron-api.service[104751]: DEBUG neutron_lib.callbacks.manager [None req-f905ff38-5864-4d73-a919-e391c2e037d5 None None] Subscribe: port after_delete 55550000, False {{(pid=104751) subscribe /opt/stack/data/venv/lib/python3.12/site-packages/neutron_lib/callbacks/manager.py:52}}
Apr 29 21:40:57.109957 np0000171314 devstack@neutron-api.service[104748]: DEBUG neutron.api.extensions [None req-f092a3e4-bbcb-4aee-8904-17e5a99888fd None None] Ext name="Floating IP Port Details Extension" alias="fip-port-details" description="Add port_details attribute to Floating IP resource" updated="2018-04-09T10:00:00-00:00" {{(pid=104748) _check_extension /opt/stack/neutron/neutron/api/extensions.py:415}}
Apr 29 21:40:57.110005 np0000171314 devstack@neutron-api.service[104751]: DEBUG neutron_lib.callbacks.manager [None req-f905ff38-5864-4d73-a919-e391c2e037d5 None None] Subscribe: subnet after_update 55550000, False {{(pid=104751) subscribe /opt/stack/data/venv/lib/python3.12/site-packages/neutron_lib/callbacks/manager.py:52}}
Apr 29 21:40:57.110127 np0000171314 devstack@neutron-api.service[104751]: DEBUG neutron_lib.callbacks.manager [None req-f905ff38-5864-4d73-a919-e391c2e037d5 None None] Subscribe: subnetpool_address_scope after_update 55550000, False {{(pid=104751) subscribe /opt/stack/data/venv/lib/python3.12/site-packages/neutron_lib/callbacks/manager.py:52}}
Apr 29 21:40:57.110170 np0000171314 devstack@neutron-api.service[104749]: DEBUG neutron.api.extensions [None req-a76fcf25-a1f9-470f-8398-8b71d305a8d1 None None] get_extension_paths = OrderedDict({'/opt/stack/neutron/neutron/extensions': 1}) {{(pid=104749) get_extensions_path /opt/stack/neutron/neutron/api/extensions.py:640}}
Apr 29 21:40:57.110201 np0000171314 devstack@neutron-api.service[104748]: INFO neutron.api.extensions [None req-f092a3e4-bbcb-4aee-8904-17e5a99888fd None None] Loaded extension: fip-port-details
Apr 29 21:40:57.110251 np0000171314 devstack@neutron-api.service[104751]: DEBUG neutron_lib.callbacks.manager [None req-f905ff38-5864-4d73-a919-e391c2e037d5 None None] Subscribe: port before_update 55550000, False {{(pid=104751) subscribe /opt/stack/data/venv/lib/python3.12/site-packages/neutron_lib/callbacks/manager.py:52}}
Apr 29 21:40:57.110311 np0000171314 devstack@neutron-api.service[104749]: INFO neutron.api.extensions [None req-a76fcf25-a1f9-470f-8398-8b71d305a8d1 None None] Initializing extension manager.
Apr 29 21:40:57.110344 np0000171314 devstack@neutron-api.service[104748]: DEBUG neutron.api.extensions [None req-f092a3e4-bbcb-4aee-8904-17e5a99888fd None None] Loading extension file: flavors.py {{(pid=104748) _load_all_extensions_from_path /opt/stack/neutron/neutron/api/extensions.py:449}}
Apr 29 21:40:57.110376 np0000171314 devstack@neutron-api.service[104751]: DEBUG neutron_lib.callbacks.manager [None req-f905ff38-5864-4d73-a919-e391c2e037d5 None None] Subscribe: port after_update 55550000, False {{(pid=104751) subscribe /opt/stack/data/venv/lib/python3.12/site-packages/neutron_lib/callbacks/manager.py:52}}
Apr 29 21:40:57.110445 np0000171314 devstack@neutron-api.service[104751]: DEBUG neutron_lib.callbacks.manager [None req-f905ff38-5864-4d73-a919-e391c2e037d5 None None] Subscribe: > port precommit_delete 55550000, False {{(pid=104751) subscribe /opt/stack/data/venv/lib/python3.12/site-packages/neutron_lib/callbacks/manager.py:52}}
Apr 29 21:40:57.110548 np0000171314 devstack@neutron-api.service[104751]: DEBUG neutron_lib.callbacks.manager [None req-f905ff38-5864-4d73-a919-e391c2e037d5 None None] Subscribe: port before_update 55550000, False {{(pid=104751) subscribe /opt/stack/data/venv/lib/python3.12/site-packages/neutron_lib/callbacks/manager.py:52}}
Apr 29 21:40:57.110648 np0000171314 devstack@neutron-api.service[104749]: DEBUG neutron.api.extensions [None req-a76fcf25-a1f9-470f-8398-8b71d305a8d1 None None] Loading extension file: __init__.py {{(pid=104749) _load_all_extensions_from_path /opt/stack/neutron/neutron/api/extensions.py:449}}
Apr 29 21:40:57.110686 np0000171314 devstack@neutron-api.service[104751]: DEBUG neutron_lib.callbacks.manager [None req-f905ff38-5864-4d73-a919-e391c2e037d5 None None] Subscribe: port before_delete 55550000, False {{(pid=104751) subscribe /opt/stack/data/venv/lib/python3.12/site-packages/neutron_lib/callbacks/manager.py:52}}
Apr 29 21:40:57.111379 np0000171314 devstack@neutron-api.service[104751]: DEBUG neutron_lib.callbacks.manager [None req-f905ff38-5864-4d73-a919-e391c2e037d5 None None] Subscribe: > router precommit_create 55550000, False {{(pid=104751) subscribe /opt/stack/data/venv/lib/python3.12/site-packages/neutron_lib/callbacks/manager.py:52}}
Apr 29 21:40:57.111429 np0000171314 devstack@neutron-api.service[104748]: DEBUG neutron.api.extensions [None req-f092a3e4-bbcb-4aee-8904-17e5a99888fd None None] Ext name="Neutron Service Flavors" alias="flavors" description="Flavor specification for Neutron advanced services." updated="2015-09-17T10:00:00-00:00" {{(pid=104748) _check_extension /opt/stack/neutron/neutron/api/extensions.py:415}}
Apr 29 21:40:57.111456 np0000171314 devstack@neutron-api.service[104749]: DEBUG neutron.api.extensions [None req-a76fcf25-a1f9-470f-8398-8b71d305a8d1 None None] Loading extension file: __pycache__ {{(pid=104749) _load_all_extensions_from_path /opt/stack/neutron/neutron/api/extensions.py:449}}
Apr 29 21:40:57.111485 np0000171314 devstack@neutron-api.service[104751]: DEBUG neutron_lib.callbacks.manager [None req-f905ff38-5864-4d73-a919-e391c2e037d5 None None] Subscribe: > router precommit_create 55550000, False {{(pid=104751) subscribe /opt/stack/data/venv/lib/python3.12/site-packages/neutron_lib/callbacks/manager.py:52}}
Apr 29 21:40:57.111519 np0000171314 devstack@neutron-api.service[104749]: DEBUG neutron.api.extensions [None req-a76fcf25-a1f9-470f-8398-8b71d305a8d1 None None] Loading extension file: address_group.py {{(pid=104749) _load_all_extensions_from_path /opt/stack/neutron/neutron/api/extensions.py:449}}
Apr 29 21:40:57.111550 np0000171314 devstack@neutron-api.service[104748]: INFO neutron.api.extensions [None req-f092a3e4-bbcb-4aee-8904-17e5a99888fd None None] Loaded extension: flavors
Apr 29 21:40:57.111578 np0000171314 devstack@neutron-api.service[104751]: DEBUG neutron_lib.callbacks.manager [None req-f905ff38-5864-4d73-a919-e391c2e037d5 None None] Subscribe: > router precommit_update 55550000, False {{(pid=104751) subscribe /opt/stack/data/venv/lib/python3.12/site-packages/neutron_lib/callbacks/manager.py:52}}
Apr 29 21:40:57.111608 np0000171314 devstack@neutron-api.service[104748]: DEBUG neutron.api.extensions [None req-f092a3e4-bbcb-4aee-8904-17e5a99888fd None None] Loading extension file: floating_ip_port_forwarding.py {{(pid=104748) _load_all_extensions_from_path /opt/stack/neutron/neutron/api/extensions.py:449}}
Apr 29 21:40:57.111638 np0000171314 devstack@neutron-api.service[104751]: DEBUG neutron_lib.callbacks.manager [None req-f905ff38-5864-4d73-a919-e391c2e037d5 None None] Subscribe: subnet after_update 55550000, False {{(pid=104751) subscribe /opt/stack/data/venv/lib/python3.12/site-packages/neutron_lib/callbacks/manager.py:52}}
Apr 29 21:40:57.111668 np0000171314 devstack@neutron-api.service[104749]: DEBUG neutron.api.extensions [None req-a76fcf25-a1f9-470f-8398-8b71d305a8d1 None None] Ext name="Address group" alias="address-group" description="Support address group" updated="2020-07-15T10:00:00-00:00" {{(pid=104749) _check_extension /opt/stack/neutron/neutron/api/extensions.py:415}}
Apr 29 21:40:57.111695 np0000171314 devstack@neutron-api.service[104748]: DEBUG neutron.api.extensions [None req-f092a3e4-bbcb-4aee-8904-17e5a99888fd None None] Ext name="Floating IP Port Forwarding" alias="floating-ip-port-forwarding" description="Allow port forwarding from floating IP port to an internal port" updated="2018-01-19T10:00:00-00:00" {{(pid=104748) _check_extension /opt/stack/neutron/neutron/api/extensions.py:415}}
Apr 29 21:40:57.111725 np0000171314 devstack@neutron-api.service[104749]: INFO neutron.api.extensions [None req-a76fcf25-a1f9-470f-8398-8b71d305a8d1 None None] Loaded extension: address-group
Apr 29 21:40:57.111753 np0000171314 devstack@neutron-api.service[104748]: INFO neutron.api.extensions [None req-f092a3e4-bbcb-4aee-8904-17e5a99888fd None None] Extension floating-ip-port-forwarding not supported by any of loaded plugins
Apr 29 21:40:57.111753 np0000171314 devstack@neutron-api.service[104748]: DEBUG neutron.api.extensions [None req-f092a3e4-bbcb-4aee-8904-17e5a99888fd None None] Loading extension file: floatingip_pools.py {{(pid=104748) _load_all_extensions_from_path /opt/stack/neutron/neutron/api/extensions.py:449}}
Apr 29 21:40:57.111850 np0000171314 devstack@neutron-api.service[104749]: DEBUG neutron.api.extensions [None req-a76fcf25-a1f9-470f-8398-8b71d305a8d1 None None] Loading extension file: address_scope.py {{(pid=104749) _load_all_extensions_from_path /opt/stack/neutron/neutron/api/extensions.py:449}}
Apr 29 21:40:57.111887 np0000171314 devstack@neutron-api.service[104751]: DEBUG neutron.quota.resource_registry [None req-f905ff38-5864-4d73-a919-e391c2e037d5 None None] Tracking information for resource: router configured {{(pid=104751) set_tracked_resource /opt/stack/neutron/neutron/quota/resource_registry.py:203}}
Apr 29 21:40:57.111941 np0000171314 devstack@neutron-api.service[104748]: DEBUG neutron.api.extensions [None req-f092a3e4-bbcb-4aee-8904-17e5a99888fd None None] Ext name="Floating IP Pools Extension" alias="floatingip-pools" description="Provides a floating IP pools API." updated="2018-03-21T10:00:00-00:00" {{(pid=104748) _check_extension /opt/stack/neutron/neutron/api/extensions.py:415}}
Apr 29 21:40:57.111989 np0000171314 devstack@neutron-api.service[104751]: DEBUG neutron.quota.resource_registry [None req-f905ff38-5864-4d73-a919-e391c2e037d5 None None] Tracking information for resource: floatingip configured {{(pid=104751) set_tracked_resource /opt/stack/neutron/neutron/quota/resource_registry.py:203}}
Apr 29 21:40:57.112082 np0000171314 devstack@neutron-api.service[104751]: INFO neutron.services.ovn_l3.plugin [None req-f905ff38-5864-4d73-a919-e391c2e037d5 None None] Starting OVNL3RouterPlugin
Apr 29 21:40:57.112135 np0000171314 devstack@neutron-api.service[104748]: INFO neutron.api.extensions [None req-f092a3e4-bbcb-4aee-8904-17e5a99888fd None None] Loaded extension: floatingip-pools
Apr 29 21:40:57.112174 np0000171314 devstack@neutron-api.service[104749]: DEBUG neutron.api.extensions [None req-a76fcf25-a1f9-470f-8398-8b71d305a8d1 None None] Ext name="Address scope" alias="address-scope" description="Address scopes extension." updated="2015-07-26T10:00:00-00:00" {{(pid=104749) _check_extension /opt/stack/neutron/neutron/api/extensions.py:415}}
Apr 29 21:40:57.112256 np0000171314 devstack@neutron-api.service[104748]: DEBUG neutron.api.extensions [None req-f092a3e4-bbcb-4aee-8904-17e5a99888fd None None] Loading extension file: ip_allocation.py {{(pid=104748) _load_all_extensions_from_path /opt/stack/neutron/neutron/api/extensions.py:449}}
Apr 29 21:40:57.112320 np0000171314 devstack@neutron-api.service[104751]: DEBUG neutron_lib.callbacks.manager [None req-f905ff38-5864-4d73-a919-e391c2e037d5 None None] Subscribe: > port_forwarding_plugin after_init 55550000, False {{(pid=104751) subscribe /opt/stack/data/venv/lib/python3.12/site-packages/neutron_lib/callbacks/manager.py:52}}
Apr 29 21:40:57.112385 np0000171314 devstack@neutron-api.service[104749]: INFO neutron.api.extensions [None req-a76fcf25-a1f9-470f-8398-8b71d305a8d1 None None] Loaded extension: address-scope
Apr 29 21:40:57.112494 np0000171314 devstack@neutron-api.service[104748]: DEBUG neutron.api.extensions [None req-f092a3e4-bbcb-4aee-8904-17e5a99888fd None None] Ext name="IP Allocation" alias="ip_allocation" description="IP allocation extension." updated="2016-06-10T23:00:00-00:00" {{(pid=104748) _check_extension /opt/stack/neutron/neutron/api/extensions.py:415}}
Apr 29 21:40:57.112530 np0000171314 devstack@neutron-api.service[104749]: DEBUG neutron.api.extensions [None req-a76fcf25-a1f9-470f-8398-8b71d305a8d1 None None] Loading extension file: admin_state_down_before_update.py {{(pid=104749) _load_all_extensions_from_path /opt/stack/neutron/neutron/api/extensions.py:449}}
Apr 29 21:40:57.112557 np0000171314 devstack@neutron-api.service[104751]: DEBUG neutron_lib.callbacks.manager [None req-f905ff38-5864-4d73-a919-e391c2e037d5 None None] Subscribe: > router before_create 55550100, False {{(pid=104751) subscribe /opt/stack/data/venv/lib/python3.12/site-packages/neutron_lib/callbacks/manager.py:52}}
Apr 29 21:40:57.112628 np0000171314 devstack@neutron-api.service[104751]: DEBUG neutron_lib.callbacks.manager [None req-f905ff38-5864-4d73-a919-e391c2e037d5 None None] Subscribe: > router precommit_delete 55550100, False {{(pid=104751) subscribe /opt/stack/data/venv/lib/python3.12/site-packages/neutron_lib/callbacks/manager.py:52}}
Apr 29 21:40:57.112658 np0000171314 devstack@neutron-api.service[104748]: INFO neutron.api.extensions [None req-f092a3e4-bbcb-4aee-8904-17e5a99888fd None None] Extension ip_allocation not supported by any of loaded plugins
Apr 29 21:40:57.112732 np0000171314 devstack@neutron-api.service[104751]: DEBUG neutron_lib.callbacks.manager [None req-f905ff38-5864-4d73-a919-e391c2e037d5 None None] Subscribe: > router precommit_create 55550100, False {{(pid=104751) subscribe /opt/stack/data/venv/lib/python3.12/site-packages/neutron_lib/callbacks/manager.py:52}}
Apr 29 21:40:57.112769 np0000171314 devstack@neutron-api.service[104748]: DEBUG neutron.api.extensions [None req-f092a3e4-bbcb-4aee-8904-17e5a99888fd None None] Loading extension file: ip_substring_port_filtering.py {{(pid=104748) _load_all_extensions_from_path /opt/stack/neutron/neutron/api/extensions.py:449}}
