Apr 29 21:41:35.218926 np0000171314 nova-conductor[112212]: DEBUG cotyledon.oslo_config_glue [-] vnc.auth_schemes = ['none'] {{(pid=112212) log_opt_values /opt/stack/data/venv/lib/python3.12/site-packages/oslo_config/cfg.py:3006}}
Apr 29 21:41:35.218926 np0000171314 nova-conductor[112212]: DEBUG cotyledon.oslo_config_glue [-] vnc.enabled = True {{(pid=112212) log_opt_values /opt/stack/data/venv/lib/python3.12/site-packages/oslo_config/cfg.py:3006}}
Apr 29 21:41:35.218926 np0000171314 nova-conductor[112212]: DEBUG cotyledon.oslo_config_glue [-] vnc.novncproxy_base_url = http://127.0.0.1:6080/vnc_auto.html {{(pid=112212) log_opt_values /opt/stack/data/venv/lib/python3.12/site-packages/oslo_config/cfg.py:3006}}
Apr 29 21:41:35.218926 np0000171314 nova-conductor[112212]: DEBUG cotyledon.oslo_config_glue [-] vnc.novncproxy_host = 0.0.0.0 {{(pid=112212) log_opt_values /opt/stack/data/venv/lib/python3.12/site-packages/oslo_config/cfg.py:3006}}
Apr 29 21:41:35.218926 np0000171314 nova-conductor[112212]: DEBUG cotyledon.oslo_config_glue [-] vnc.novncproxy_port = 6080 {{(pid=112212) log_opt_values /opt/stack/data/venv/lib/python3.12/site-packages/oslo_config/cfg.py:3006}}
Apr 29 21:41:35.218926 np0000171314 nova-conductor[112212]: DEBUG cotyledon.oslo_config_glue [-] vnc.server_listen = 127.0.0.1 {{(pid=112212) log_opt_values /opt/stack/data/venv/lib/python3.12/site-packages/oslo_config/cfg.py:3006}}
Apr 29 21:41:35.218926 np0000171314 nova-conductor[112212]: DEBUG cotyledon.oslo_config_glue [-] vnc.server_proxyclient_address = 127.0.0.1 {{(pid=112212) log_opt_values /opt/stack/data/venv/lib/python3.12/site-packages/oslo_config/cfg.py:3006}}
Apr 29 21:41:35.218926 np0000171314 nova-conductor[112212]: DEBUG cotyledon.oslo_config_glue [-] vnc.vencrypt_ca_certs = None {{(pid=112212) log_opt_values /opt/stack/data/venv/lib/python3.12/site-packages/oslo_config/cfg.py:3006}}
Apr 29 21:41:35.219167 np0000171314 nova-conductor[112212]: DEBUG cotyledon.oslo_config_glue [-] vnc.vencrypt_client_cert = None {{(pid=112212) log_opt_values /opt/stack/data/venv/lib/python3.12/site-packages/oslo_config/cfg.py:3006}}
Apr 29 21:41:35.219167 np0000171314 nova-conductor[112212]: DEBUG cotyledon.oslo_config_glue [-] vnc.vencrypt_client_key = None {{(pid=112212) log_opt_values /opt/stack/data/venv/lib/python3.12/site-packages/oslo_config/cfg.py:3006}}
Apr 29 21:41:35.219167 np0000171314 nova-conductor[112212]: DEBUG cotyledon.oslo_config_glue [-] workarounds.disable_compute_service_check_for_ffu = False {{(pid=112212) log_opt_values /opt/stack/data/venv/lib/python3.12/site-packages/oslo_config/cfg.py:3006}}
Apr 29 21:41:35.219167 np0000171314 nova-conductor[112212]: DEBUG cotyledon.oslo_config_glue [-] workarounds.disable_deep_image_inspection = False {{(pid=112212) log_opt_values /opt/stack/data/venv/lib/python3.12/site-packages/oslo_config/cfg.py:3006}}
Apr 29 21:41:35.219167 np0000171314 nova-conductor[112212]: DEBUG cotyledon.oslo_config_glue [-] workarounds.disable_fallback_pcpu_query = False {{(pid=112212) log_opt_values /opt/stack/data/venv/lib/python3.12/site-packages/oslo_config/cfg.py:3006}}
Apr 29 21:41:35.219167 np0000171314 nova-conductor[112212]: DEBUG cotyledon.oslo_config_glue [-] workarounds.disable_group_policy_check_upcall = False {{(pid=112212) log_opt_values /opt/stack/data/venv/lib/python3.12/site-packages/oslo_config/cfg.py:3006}}
Apr 29 21:41:35.219167 np0000171314 nova-conductor[112212]: DEBUG cotyledon.oslo_config_glue [-] workarounds.disable_libvirt_livesnapshot = False {{(pid=112212) log_opt_values /opt/stack/data/venv/lib/python3.12/site-packages/oslo_config/cfg.py:3006}}
Apr 29 21:41:35.219167 np0000171314 nova-conductor[112212]: DEBUG cotyledon.oslo_config_glue [-] workarounds.disable_rootwrap = False {{(pid=112212) log_opt_values /opt/stack/data/venv/lib/python3.12/site-packages/oslo_config/cfg.py:3006}}
Apr 29 21:41:35.219167 np0000171314 nova-conductor[112212]: DEBUG cotyledon.oslo_config_glue [-] workarounds.enable_numa_live_migration = False {{(pid=112212) log_opt_values /opt/stack/data/venv/lib/python3.12/site-packages/oslo_config/cfg.py:3006}}
Apr 29 21:41:35.219383 np0000171314 nova-conductor[112212]: DEBUG cotyledon.oslo_config_glue [-] workarounds.enable_qemu_monitor_announce_self = False {{(pid=112212) log_opt_values /opt/stack/data/venv/lib/python3.12/site-packages/oslo_config/cfg.py:3006}}
Apr 29 21:41:35.219383 np0000171314 nova-conductor[112212]: DEBUG cotyledon.oslo_config_glue [-] workarounds.ensure_libvirt_rbd_instance_dir_cleanup = False {{(pid=112212) log_opt_values /opt/stack/data/venv/lib/python3.12/site-packages/oslo_config/cfg.py:3006}}
Apr 29 21:41:35.219383 np0000171314 nova-conductor[112212]: DEBUG cotyledon.oslo_config_glue [-] workarounds.handle_virt_lifecycle_events = True {{(pid=112212) log_opt_values /opt/stack/data/venv/lib/python3.12/site-packages/oslo_config/cfg.py:3006}}
Apr 29 21:41:35.219383 np0000171314 nova-conductor[112212]: DEBUG cotyledon.oslo_config_glue [-] workarounds.libvirt_disable_apic = False {{(pid=112212) log_opt_values /opt/stack/data/venv/lib/python3.12/site-packages/oslo_config/cfg.py:3006}}
Apr 29 21:41:35.219383 np0000171314 nova-conductor[112212]: DEBUG cotyledon.oslo_config_glue [-] workarounds.never_download_image_if_on_rbd = False {{(pid=112212) log_opt_values /opt/stack/data/venv/lib/python3.12/site-packages/oslo_config/cfg.py:3006}}
Apr 29 21:41:35.219383 np0000171314 nova-conductor[112212]: DEBUG cotyledon.oslo_config_glue [-] workarounds.qemu_monitor_announce_self_count = 3 {{(pid=112212) log_opt_values /opt/stack/data/venv/lib/python3.12/site-packages/oslo_config/cfg.py:3006}}
Apr 29 21:41:35.219383 np0000171314 nova-conductor[112212]: DEBUG cotyledon.oslo_config_glue [-] workarounds.qemu_monitor_announce_self_interval = 1 {{(pid=112212) log_opt_values /opt/stack/data/venv/lib/python3.12/site-packages/oslo_config/cfg.py:3006}}
Apr 29 21:41:35.219383 np0000171314 nova-conductor[112212]: DEBUG cotyledon.oslo_config_glue [-] workarounds.reserve_disk_resource_for_image_cache = False {{(pid=112212) log_opt_values /opt/stack/data/venv/lib/python3.12/site-packages/oslo_config/cfg.py:3006}}
Apr 29 21:41:35.219383 np0000171314 nova-conductor[112212]: DEBUG cotyledon.oslo_config_glue [-] workarounds.skip_cpu_compare_at_startup = False {{(pid=112212) log_opt_values /opt/stack/data/venv/lib/python3.12/site-packages/oslo_config/cfg.py:3006}}
Apr 29 21:41:35.219588 np0000171314 nova-conductor[112212]: DEBUG cotyledon.oslo_config_glue [-] workarounds.skip_cpu_compare_on_dest = False {{(pid=112212) log_opt_values /opt/stack/data/venv/lib/python3.12/site-packages/oslo_config/cfg.py:3006}}
Apr 29 21:41:35.219588 np0000171314 nova-conductor[112212]: DEBUG cotyledon.oslo_config_glue [-] workarounds.skip_hypervisor_version_check_on_lm = False {{(pid=112212) log_opt_values /opt/stack/data/venv/lib/python3.12/site-packages/oslo_config/cfg.py:3006}}
Apr 29 21:41:35.219588 np0000171314 nova-conductor[112212]: DEBUG cotyledon.oslo_config_glue [-] workarounds.skip_reserve_in_use_ironic_nodes = False {{(pid=112212) log_opt_values /opt/stack/data/venv/lib/python3.12/site-packages/oslo_config/cfg.py:3006}}
Apr 29 21:41:35.219588 np0000171314 nova-conductor[112212]: DEBUG cotyledon.oslo_config_glue [-] workarounds.unified_limits_count_pcpu_as_vcpu = False {{(pid=112212) log_opt_values /opt/stack/data/venv/lib/python3.12/site-packages/oslo_config/cfg.py:3006}}
Apr 29 21:41:35.219588 np0000171314 nova-conductor[112212]: DEBUG cotyledon.oslo_config_glue [-] workarounds.wait_for_vif_plugged_event_during_hard_reboot = [] {{(pid=112212) log_opt_values /opt/stack/data/venv/lib/python3.12/site-packages/oslo_config/cfg.py:3006}}
Apr 29 21:41:35.219588 np0000171314 nova-conductor[112212]: DEBUG cotyledon.oslo_config_glue [-] wsgi.api_paste_config = /etc/nova/api-paste.ini {{(pid=112212) log_opt_values /opt/stack/data/venv/lib/python3.12/site-packages/oslo_config/cfg.py:3006}}
Apr 29 21:41:35.219588 np0000171314 nova-conductor[112212]: DEBUG cotyledon.oslo_config_glue [-] wsgi.secure_proxy_ssl_header = None {{(pid=112212) log_opt_values /opt/stack/data/venv/lib/python3.12/site-packages/oslo_config/cfg.py:3006}}
Apr 29 21:41:35.219588 np0000171314 nova-conductor[112212]: DEBUG cotyledon.oslo_config_glue [-] zvm.ca_file = None {{(pid=112212) log_opt_values /opt/stack/data/venv/lib/python3.12/site-packages/oslo_config/cfg.py:3006}}
Apr 29 21:41:35.219588 np0000171314 nova-conductor[112212]: DEBUG cotyledon.oslo_config_glue [-] zvm.cloud_connector_url = None {{(pid=112212) log_opt_values /opt/stack/data/venv/lib/python3.12/site-packages/oslo_config/cfg.py:3006}}
Apr 29 21:41:35.219797 np0000171314 nova-conductor[112212]: DEBUG cotyledon.oslo_config_glue [-] zvm.image_tmp_path = /opt/stack/data/nova/images {{(pid=112212) log_opt_values /opt/stack/data/venv/lib/python3.12/site-packages/oslo_config/cfg.py:3006}}
Apr 29 21:41:35.219797 np0000171314 nova-conductor[112212]: DEBUG cotyledon.oslo_config_glue [-] zvm.reachable_timeout = 300 {{(pid=112212) log_opt_values /opt/stack/data/venv/lib/python3.12/site-packages/oslo_config/cfg.py:3006}}
Apr 29 21:41:35.219797 np0000171314 nova-conductor[112212]: DEBUG cotyledon.oslo_config_glue [-] oslo_versionedobjects.fatal_exception_format_errors = False {{(pid=112212) log_opt_values /opt/stack/data/venv/lib/python3.12/site-packages/oslo_config/cfg.py:3006}}
Apr 29 21:41:35.219797 np0000171314 nova-conductor[112212]: DEBUG cotyledon.oslo_config_glue [-] oslo_middleware.http_basic_auth_user_file = /etc/htpasswd {{(pid=112212) log_opt_values /opt/stack/data/venv/lib/python3.12/site-packages/oslo_config/cfg.py:3006}}
Apr 29 21:41:35.219797 np0000171314 nova-conductor[112212]: DEBUG cotyledon.oslo_config_glue [-] profiler.connection_string = messaging:// {{(pid=112212) log_opt_values /opt/stack/data/venv/lib/python3.12/site-packages/oslo_config/cfg.py:3006}}
Apr 29 21:41:35.219797 np0000171314 nova-conductor[112212]: DEBUG cotyledon.oslo_config_glue [-] profiler.enabled = False {{(pid=112212) log_opt_values /opt/stack/data/venv/lib/python3.12/site-packages/oslo_config/cfg.py:3006}}
Apr 29 21:41:35.219797 np0000171314 nova-conductor[112212]: DEBUG cotyledon.oslo_config_glue [-] profiler.es_doc_type = notification {{(pid=112212) log_opt_values /opt/stack/data/venv/lib/python3.12/site-packages/oslo_config/cfg.py:3006}}
Apr 29 21:41:35.219797 np0000171314 nova-conductor[112212]: DEBUG cotyledon.oslo_config_glue [-] profiler.es_scroll_size = 10000 {{(pid=112212) log_opt_values /opt/stack/data/venv/lib/python3.12/site-packages/oslo_config/cfg.py:3006}}
Apr 29 21:41:35.219797 np0000171314 nova-conductor[112212]: DEBUG cotyledon.oslo_config_glue [-] profiler.es_scroll_time = 2m {{(pid=112212) log_opt_values /opt/stack/data/venv/lib/python3.12/site-packages/oslo_config/cfg.py:3006}}
Apr 29 21:41:35.220012 np0000171314 nova-conductor[112212]: DEBUG cotyledon.oslo_config_glue [-] profiler.filter_error_trace = False {{(pid=112212) log_opt_values /opt/stack/data/venv/lib/python3.12/site-packages/oslo_config/cfg.py:3006}}
Apr 29 21:41:35.220012 np0000171314 nova-conductor[112212]: DEBUG cotyledon.oslo_config_glue [-] profiler.hmac_keys = **** {{(pid=112212) log_opt_values /opt/stack/data/venv/lib/python3.12/site-packages/oslo_config/cfg.py:3006}}
Apr 29 21:41:35.220012 np0000171314 nova-conductor[112212]: DEBUG cotyledon.oslo_config_glue [-] profiler.sentinel_service_name = mymaster {{(pid=112212) log_opt_values /opt/stack/data/venv/lib/python3.12/site-packages/oslo_config/cfg.py:3006}}
Apr 29 21:41:35.220012 np0000171314 nova-conductor[112212]: DEBUG cotyledon.oslo_config_glue [-] profiler.socket_timeout = 0.1 {{(pid=112212) log_opt_values /opt/stack/data/venv/lib/python3.12/site-packages/oslo_config/cfg.py:3006}}
Apr 29 21:41:35.220012 np0000171314 nova-conductor[112212]: DEBUG cotyledon.oslo_config_glue [-] profiler.trace_requests = False {{(pid=112212) log_opt_values /opt/stack/data/venv/lib/python3.12/site-packages/oslo_config/cfg.py:3006}}
Apr 29 21:41:35.220012 np0000171314 nova-conductor[112212]: DEBUG cotyledon.oslo_config_glue [-] profiler.trace_sqlalchemy = False {{(pid=112212) log_opt_values /opt/stack/data/venv/lib/python3.12/site-packages/oslo_config/cfg.py:3006}}
Apr 29 21:41:35.220179 np0000171314 nova-conductor[112202]: INFO dbcounter [None req-5b704b58-82e5-4aad-8b6f-4c574d68c73e None None] Registered counter for database nova_cell0
Apr 29 21:41:35.220208 np0000171314 nova-conductor[112212]: DEBUG cotyledon.oslo_config_glue [-] profiler_jaeger.process_tags = {} {{(pid=112212) log_opt_values /opt/stack/data/venv/lib/python3.12/site-packages/oslo_config/cfg.py:3006}}
Apr 29 21:41:35.220208 np0000171314 nova-conductor[112212]: DEBUG cotyledon.oslo_config_glue [-] profiler_jaeger.service_name_prefix = None {{(pid=112212) log_opt_values /opt/stack/data/venv/lib/python3.12/site-packages/oslo_config/cfg.py:3006}}
Apr 29 21:41:35.220208 np0000171314 nova-conductor[112212]: DEBUG cotyledon.oslo_config_glue [-] profiler_otlp.service_name_prefix = None {{(pid=112212) log_opt_values /opt/stack/data/venv/lib/python3.12/site-packages/oslo_config/cfg.py:3006}}
Apr 29 21:41:35.220208 np0000171314 nova-conductor[112212]: DEBUG cotyledon.oslo_config_glue [-] oslo_messaging_rabbit.amqp_auto_delete = False {{(pid=112212) log_opt_values /opt/stack/data/venv/lib/python3.12/site-packages/oslo_config/cfg.py:3006}}
Apr 29 21:41:35.220208 np0000171314 nova-conductor[112212]: DEBUG cotyledon.oslo_config_glue [-] oslo_messaging_rabbit.amqp_durable_queues = False {{(pid=112212) log_opt_values /opt/stack/data/venv/lib/python3.12/site-packages/oslo_config/cfg.py:3006}}
Apr 29 21:41:35.220208 np0000171314 nova-conductor[112212]: DEBUG cotyledon.oslo_config_glue [-] oslo_messaging_rabbit.conn_pool_min_size = 2 {{(pid=112212) log_opt_values /opt/stack/data/venv/lib/python3.12/site-packages/oslo_config/cfg.py:3006}}
Apr 29 21:41:35.220208 np0000171314 nova-conductor[112212]: DEBUG cotyledon.oslo_config_glue [-] oslo_messaging_rabbit.conn_pool_ttl = 1200 {{(pid=112212) log_opt_values /opt/stack/data/venv/lib/python3.12/site-packages/oslo_config/cfg.py:3006}}
Apr 29 21:41:35.220208 np0000171314 nova-conductor[112212]: DEBUG cotyledon.oslo_config_glue [-] oslo_messaging_rabbit.direct_mandatory_flag = True {{(pid=112212) log_opt_values /opt/stack/data/venv/lib/python3.12/site-packages/oslo_config/cfg.py:3006}}
Apr 29 21:41:35.220208 np0000171314 nova-conductor[112212]: DEBUG cotyledon.oslo_config_glue [-] oslo_messaging_rabbit.enable_cancel_on_failover = False {{(pid=112212) log_opt_values /opt/stack/data/venv/lib/python3.12/site-packages/oslo_config/cfg.py:3006}}
Apr 29 21:41:35.220424 np0000171314 nova-conductor[112212]: DEBUG cotyledon.oslo_config_glue [-] oslo_messaging_rabbit.heartbeat_in_pthread = False {{(pid=112212) log_opt_values /opt/stack/data/venv/lib/python3.12/site-packages/oslo_config/cfg.py:3006}}
Apr 29 21:41:35.220424 np0000171314 nova-conductor[112212]: DEBUG cotyledon.oslo_config_glue [-] oslo_messaging_rabbit.heartbeat_rate = 3 {{(pid=112212) log_opt_values /opt/stack/data/venv/lib/python3.12/site-packages/oslo_config/cfg.py:3006}}
Apr 29 21:41:35.220424 np0000171314 nova-conductor[112212]: DEBUG cotyledon.oslo_config_glue [-] oslo_messaging_rabbit.heartbeat_timeout_threshold = 60 {{(pid=112212) log_opt_values /opt/stack/data/venv/lib/python3.12/site-packages/oslo_config/cfg.py:3006}}
Apr 29 21:41:35.220424 np0000171314 nova-conductor[112212]: DEBUG cotyledon.oslo_config_glue [-] oslo_messaging_rabbit.hostname = np0000171314 {{(pid=112212) log_opt_values /opt/stack/data/venv/lib/python3.12/site-packages/oslo_config/cfg.py:3006}}
Apr 29 21:41:35.220424 np0000171314 nova-conductor[112212]: DEBUG cotyledon.oslo_config_glue [-] oslo_messaging_rabbit.kombu_compression = None {{(pid=112212) log_opt_values /opt/stack/data/venv/lib/python3.12/site-packages/oslo_config/cfg.py:3006}}
Apr 29 21:41:35.220424 np0000171314 nova-conductor[112212]: DEBUG cotyledon.oslo_config_glue [-] oslo_messaging_rabbit.kombu_failover_strategy = round-robin {{(pid=112212) log_opt_values /opt/stack/data/venv/lib/python3.12/site-packages/oslo_config/cfg.py:3006}}
Apr 29 21:41:35.220424 np0000171314 nova-conductor[112212]: DEBUG cotyledon.oslo_config_glue [-] oslo_messaging_rabbit.kombu_missing_consumer_retry_timeout = 60 {{(pid=112212) log_opt_values /opt/stack/data/venv/lib/python3.12/site-packages/oslo_config/cfg.py:3006}}
Apr 29 21:41:35.220424 np0000171314 nova-conductor[112212]: DEBUG cotyledon.oslo_config_glue [-] oslo_messaging_rabbit.kombu_reconnect_delay = 1.0 {{(pid=112212) log_opt_values /opt/stack/data/venv/lib/python3.12/site-packages/oslo_config/cfg.py:3006}}
Apr 29 21:41:35.220618 np0000171314 nova-conductor[112212]: DEBUG cotyledon.oslo_config_glue [-] oslo_messaging_rabbit.kombu_reconnect_splay = 0.0 {{(pid=112212) log_opt_values /opt/stack/data/venv/lib/python3.12/site-packages/oslo_config/cfg.py:3006}}
Apr 29 21:41:35.220618 np0000171314 nova-conductor[112212]: DEBUG cotyledon.oslo_config_glue [-] oslo_messaging_rabbit.processname = nova-conductor {{(pid=112212) log_opt_values /opt/stack/data/venv/lib/python3.12/site-packages/oslo_config/cfg.py:3006}}
Apr 29 21:41:35.220618 np0000171314 nova-conductor[112212]: DEBUG cotyledon.oslo_config_glue [-] oslo_messaging_rabbit.rabbit_ha_queues = False {{(pid=112212) log_opt_values /opt/stack/data/venv/lib/python3.12/site-packages/oslo_config/cfg.py:3006}}
Apr 29 21:41:35.220618 np0000171314 nova-conductor[112212]: DEBUG cotyledon.oslo_config_glue [-] oslo_messaging_rabbit.rabbit_interval_max = 30 {{(pid=112212) log_opt_values /opt/stack/data/venv/lib/python3.12/site-packages/oslo_config/cfg.py:3006}}
Apr 29 21:41:35.220618 np0000171314 nova-conductor[112212]: DEBUG cotyledon.oslo_config_glue [-] oslo_messaging_rabbit.rabbit_login_method = AMQPLAIN {{(pid=112212) log_opt_values /opt/stack/data/venv/lib/python3.12/site-packages/oslo_config/cfg.py:3006}}
Apr 29 21:41:35.220618 np0000171314 nova-conductor[112212]: DEBUG cotyledon.oslo_config_glue [-] oslo_messaging_rabbit.rabbit_qos_prefetch_count = 0 {{(pid=112212) log_opt_values /opt/stack/data/venv/lib/python3.12/site-packages/oslo_config/cfg.py:3006}}
Apr 29 21:41:35.220618 np0000171314 nova-conductor[112212]: DEBUG cotyledon.oslo_config_glue [-] oslo_messaging_rabbit.rabbit_quorum_delivery_limit = 0 {{(pid=112212) log_opt_values /opt/stack/data/venv/lib/python3.12/site-packages/oslo_config/cfg.py:3006}}
Apr 29 21:41:35.220618 np0000171314 nova-conductor[112212]: DEBUG cotyledon.oslo_config_glue [-] oslo_messaging_rabbit.rabbit_quorum_max_memory_bytes = 0 {{(pid=112212) log_opt_values /opt/stack/data/venv/lib/python3.12/site-packages/oslo_config/cfg.py:3006}}
Apr 29 21:41:35.220864 np0000171314 nova-conductor[112212]: DEBUG cotyledon.oslo_config_glue [-] oslo_messaging_rabbit.rabbit_quorum_max_memory_length = 0 {{(pid=112212) log_opt_values /opt/stack/data/venv/lib/python3.12/site-packages/oslo_config/cfg.py:3006}}
Apr 29 21:41:35.220864 np0000171314 nova-conductor[112212]: DEBUG cotyledon.oslo_config_glue [-] oslo_messaging_rabbit.rabbit_quorum_queue = False {{(pid=112212) log_opt_values /opt/stack/data/venv/lib/python3.12/site-packages/oslo_config/cfg.py:3006}}
Apr 29 21:41:35.220864 np0000171314 nova-conductor[112212]: DEBUG cotyledon.oslo_config_glue [-] oslo_messaging_rabbit.rabbit_retry_backoff = 2 {{(pid=112212) log_opt_values /opt/stack/data/venv/lib/python3.12/site-packages/oslo_config/cfg.py:3006}}
Apr 29 21:41:35.220864 np0000171314 nova-conductor[112212]: DEBUG cotyledon.oslo_config_glue [-] oslo_messaging_rabbit.rabbit_retry_interval = 1 {{(pid=112212) log_opt_values /opt/stack/data/venv/lib/python3.12/site-packages/oslo_config/cfg.py:3006}}
Apr 29 21:41:35.220864 np0000171314 nova-conductor[112212]: DEBUG cotyledon.oslo_config_glue [-] oslo_messaging_rabbit.rabbit_stream_fanout = False {{(pid=112212) log_opt_values /opt/stack/data/venv/lib/python3.12/site-packages/oslo_config/cfg.py:3006}}
Apr 29 21:41:35.220864 np0000171314 nova-conductor[112212]: DEBUG cotyledon.oslo_config_glue [-] oslo_messaging_rabbit.rabbit_transient_queues_ttl = 1800 {{(pid=112212) log_opt_values /opt/stack/data/venv/lib/python3.12/site-packages/oslo_config/cfg.py:3006}}
Apr 29 21:41:35.220864 np0000171314 nova-conductor[112212]: DEBUG cotyledon.oslo_config_glue [-] oslo_messaging_rabbit.rabbit_transient_quorum_queue = False {{(pid=112212) log_opt_values /opt/stack/data/venv/lib/python3.12/site-packages/oslo_config/cfg.py:3006}}
Apr 29 21:41:35.220864 np0000171314 nova-conductor[112212]: DEBUG cotyledon.oslo_config_glue [-] oslo_messaging_rabbit.rpc_conn_pool_size = 30 {{(pid=112212) log_opt_values /opt/stack/data/venv/lib/python3.12/site-packages/oslo_config/cfg.py:3006}}
Apr 29 21:41:35.220864 np0000171314 nova-conductor[112212]: DEBUG cotyledon.oslo_config_glue [-] oslo_messaging_rabbit.ssl = False {{(pid=112212) log_opt_values /opt/stack/data/venv/lib/python3.12/site-packages/oslo_config/cfg.py:3006}}
Apr 29 21:41:35.221076 np0000171314 nova-conductor[112212]: DEBUG cotyledon.oslo_config_glue [-] oslo_messaging_rabbit.ssl_ca_file = {{(pid=112212) log_opt_values /opt/stack/data/venv/lib/python3.12/site-packages/oslo_config/cfg.py:3006}}
Apr 29 21:41:35.221076 np0000171314 nova-conductor[112212]: DEBUG cotyledon.oslo_config_glue [-] oslo_messaging_rabbit.ssl_cert_file = {{(pid=112212) log_opt_values /opt/stack/data/venv/lib/python3.12/site-packages/oslo_config/cfg.py:3006}}
Apr 29 21:41:35.221076 np0000171314 nova-conductor[112212]: DEBUG cotyledon.oslo_config_glue [-] oslo_messaging_rabbit.ssl_enforce_fips_mode = False {{(pid=112212) log_opt_values /opt/stack/data/venv/lib/python3.12/site-packages/oslo_config/cfg.py:3006}}
Apr 29 21:41:35.221076 np0000171314 nova-conductor[112212]: DEBUG cotyledon.oslo_config_glue [-] oslo_messaging_rabbit.ssl_key_file = {{(pid=112212) log_opt_values /opt/stack/data/venv/lib/python3.12/site-packages/oslo_config/cfg.py:3006}}
Apr 29 21:41:35.221076 np0000171314 nova-conductor[112212]: DEBUG cotyledon.oslo_config_glue [-] oslo_messaging_rabbit.ssl_version = {{(pid=112212) log_opt_values /opt/stack/data/venv/lib/python3.12/site-packages/oslo_config/cfg.py:3006}}
Apr 29 21:41:35.221076 np0000171314 nova-conductor[112212]: DEBUG cotyledon.oslo_config_glue [-] oslo_messaging_rabbit.use_queue_manager = False {{(pid=112212) log_opt_values /opt/stack/data/venv/lib/python3.12/site-packages/oslo_config/cfg.py:3006}}
Apr 29 21:41:35.221076 np0000171314 nova-conductor[112212]: DEBUG cotyledon.oslo_config_glue [-] oslo_messaging_notifications.driver = ['messagingv2'] {{(pid=112212) log_opt_values /opt/stack/data/venv/lib/python3.12/site-packages/oslo_config/cfg.py:3006}}
Apr 29 21:41:35.221076 np0000171314 nova-conductor[112212]: DEBUG cotyledon.oslo_config_glue [-] oslo_messaging_notifications.retry = -1 {{(pid=112212) log_opt_values /opt/stack/data/venv/lib/python3.12/site-packages/oslo_config/cfg.py:3006}}
Apr 29 21:41:35.221076 np0000171314 nova-conductor[112212]: DEBUG cotyledon.oslo_config_glue [-] oslo_messaging_notifications.topics = ['notifications'] {{(pid=112212) log_opt_values /opt/stack/data/venv/lib/python3.12/site-packages/oslo_config/cfg.py:3006}}
Apr 29 21:41:35.221323 np0000171314 nova-conductor[112212]: DEBUG cotyledon.oslo_config_glue [-] oslo_messaging_notifications.transport_url = **** {{(pid=112212) log_opt_values /opt/stack/data/venv/lib/python3.12/site-packages/oslo_config/cfg.py:3006}}
Apr 29 21:41:35.221323 np0000171314 nova-conductor[112212]: DEBUG cotyledon.oslo_config_glue [-] oslo_limit.auth_section = None {{(pid=112212) log_opt_values /opt/stack/data/venv/lib/python3.12/site-packages/oslo_config/cfg.py:3006}}
Apr 29 21:41:35.221323 np0000171314 nova-conductor[112212]: DEBUG cotyledon.oslo_config_glue [-] oslo_limit.auth_type = None {{(pid=112212) log_opt_values /opt/stack/data/venv/lib/python3.12/site-packages/oslo_config/cfg.py:3006}}
Apr 29 21:41:35.221323 np0000171314 nova-conductor[112212]: DEBUG cotyledon.oslo_config_glue [-] oslo_limit.cafile = None {{(pid=112212) log_opt_values /opt/stack/data/venv/lib/python3.12/site-packages/oslo_config/cfg.py:3006}}
Apr 29 21:41:35.221323 np0000171314 nova-conductor[112212]: DEBUG cotyledon.oslo_config_glue [-] oslo_limit.certfile = None {{(pid=112212) log_opt_values /opt/stack/data/venv/lib/python3.12/site-packages/oslo_config/cfg.py:3006}}
Apr 29 21:41:35.221323 np0000171314 nova-conductor[112212]: DEBUG cotyledon.oslo_config_glue [-] oslo_limit.collect_timing = False {{(pid=112212) log_opt_values /opt/stack/data/venv/lib/python3.12/site-packages/oslo_config/cfg.py:3006}}
Apr 29 21:41:35.221323 np0000171314 nova-conductor[112212]: DEBUG cotyledon.oslo_config_glue [-] oslo_limit.connect_retries = None {{(pid=112212) log_opt_values /opt/stack/data/venv/lib/python3.12/site-packages/oslo_config/cfg.py:3006}}
Apr 29 21:41:35.221323 np0000171314 nova-conductor[112212]: DEBUG cotyledon.oslo_config_glue [-] oslo_limit.connect_retry_delay = None {{(pid=112212) log_opt_values /opt/stack/data/venv/lib/python3.12/site-packages/oslo_config/cfg.py:3006}}
Apr 29 21:41:35.221323 np0000171314 nova-conductor[112212]: DEBUG cotyledon.oslo_config_glue [-] oslo_limit.endpoint_id = None {{(pid=112212) log_opt_values /opt/stack/data/venv/lib/python3.12/site-packages/oslo_config/cfg.py:3006}}
Apr 29 21:41:35.221546 np0000171314 nova-conductor[112212]: DEBUG cotyledon.oslo_config_glue [-] oslo_limit.endpoint_interface = public {{(pid=112212) log_opt_values /opt/stack/data/venv/lib/python3.12/site-packages/oslo_config/cfg.py:3006}}
Apr 29 21:41:35.221546 np0000171314 nova-conductor[112212]: DEBUG cotyledon.oslo_config_glue [-] oslo_limit.endpoint_override = None {{(pid=112212) log_opt_values /opt/stack/data/venv/lib/python3.12/site-packages/oslo_config/cfg.py:3006}}
Apr 29 21:41:35.221546 np0000171314 nova-conductor[112212]: DEBUG cotyledon.oslo_config_glue [-] oslo_limit.endpoint_region_name = None {{(pid=112212) log_opt_values /opt/stack/data/venv/lib/python3.12/site-packages/oslo_config/cfg.py:3006}}
Apr 29 21:41:35.221546 np0000171314 nova-conductor[112212]: DEBUG cotyledon.oslo_config_glue [-] oslo_limit.endpoint_service_name = None {{(pid=112212) log_opt_values /opt/stack/data/venv/lib/python3.12/site-packages/oslo_config/cfg.py:3006}}
Apr 29 21:41:35.221546 np0000171314 nova-conductor[112212]: DEBUG cotyledon.oslo_config_glue [-] oslo_limit.endpoint_service_type = None {{(pid=112212) log_opt_values /opt/stack/data/venv/lib/python3.12/site-packages/oslo_config/cfg.py:3006}}
Apr 29 21:41:35.221546 np0000171314 nova-conductor[112212]: DEBUG cotyledon.oslo_config_glue [-] oslo_limit.insecure = False {{(pid=112212) log_opt_values /opt/stack/data/venv/lib/python3.12/site-packages/oslo_config/cfg.py:3006}}
Apr 29 21:41:35.221546 np0000171314 nova-conductor[112212]: DEBUG cotyledon.oslo_config_glue [-] oslo_limit.keyfile = None {{(pid=112212) log_opt_values /opt/stack/data/venv/lib/python3.12/site-packages/oslo_config/cfg.py:3006}}
Apr 29 21:41:35.221546 np0000171314 nova-conductor[112212]: DEBUG cotyledon.oslo_config_glue [-] oslo_limit.max_version = None {{(pid=112212) log_opt_values /opt/stack/data/venv/lib/python3.12/site-packages/oslo_config/cfg.py:3006}}
Apr 29 21:41:35.221546 np0000171314 nova-conductor[112212]: DEBUG cotyledon.oslo_config_glue [-] oslo_limit.min_version = None {{(pid=112212) log_opt_values /opt/stack/data/venv/lib/python3.12/site-packages/oslo_config/cfg.py:3006}}
Apr 29 21:41:35.221766 np0000171314 nova-conductor[112212]: DEBUG cotyledon.oslo_config_glue [-] oslo_limit.region_name = None {{(pid=112212) log_opt_values /opt/stack/data/venv/lib/python3.12/site-packages/oslo_config/cfg.py:3006}}
Apr 29 21:41:35.221766 np0000171314 nova-conductor[112212]: DEBUG cotyledon.oslo_config_glue [-] oslo_limit.retriable_status_codes = None {{(pid=112212) log_opt_values /opt/stack/data/venv/lib/python3.12/site-packages/oslo_config/cfg.py:3006}}
Apr 29 21:41:35.221766 np0000171314 nova-conductor[112212]: DEBUG cotyledon.oslo_config_glue [-] oslo_limit.service_name = None {{(pid=112212) log_opt_values /opt/stack/data/venv/lib/python3.12/site-packages/oslo_config/cfg.py:3006}}
Apr 29 21:41:35.221766 np0000171314 nova-conductor[112212]: DEBUG cotyledon.oslo_config_glue [-] oslo_limit.service_type = None {{(pid=112212) log_opt_values /opt/stack/data/venv/lib/python3.12/site-packages/oslo_config/cfg.py:3006}}
Apr 29 21:41:35.221766 np0000171314 nova-conductor[112212]: DEBUG cotyledon.oslo_config_glue [-] oslo_limit.split_loggers = False {{(pid=112212) log_opt_values /opt/stack/data/venv/lib/python3.12/site-packages/oslo_config/cfg.py:3006}}
Apr 29 21:41:35.221766 np0000171314 nova-conductor[112212]: DEBUG cotyledon.oslo_config_glue [-] oslo_limit.status_code_retries = None {{(pid=112212) log_opt_values /opt/stack/data/venv/lib/python3.12/site-packages/oslo_config/cfg.py:3006}}
Apr 29 21:41:35.221766 np0000171314 nova-conductor[112212]: DEBUG cotyledon.oslo_config_glue [-] oslo_limit.status_code_retry_delay = None {{(pid=112212) log_opt_values /opt/stack/data/venv/lib/python3.12/site-packages/oslo_config/cfg.py:3006}}
Apr 29 21:41:35.221766 np0000171314 nova-conductor[112212]: DEBUG cotyledon.oslo_config_glue [-] oslo_limit.timeout = None {{(pid=112212) log_opt_values /opt/stack/data/venv/lib/python3.12/site-packages/oslo_config/cfg.py:3006}}
Apr 29 21:41:35.221766 np0000171314 nova-conductor[112212]: DEBUG cotyledon.oslo_config_glue [-] oslo_limit.valid_interfaces = None {{(pid=112212) log_opt_values /opt/stack/data/venv/lib/python3.12/site-packages/oslo_config/cfg.py:3006}}
Apr 29 21:41:35.222024 np0000171314 nova-conductor[112212]: DEBUG cotyledon.oslo_config_glue [-] oslo_limit.version = None {{(pid=112212) log_opt_values /opt/stack/data/venv/lib/python3.12/site-packages/oslo_config/cfg.py:3006}}
Apr 29 21:41:35.222024 np0000171314 nova-conductor[112212]: DEBUG cotyledon.oslo_config_glue [-] oslo_reports.file_event_handler = None {{(pid=112212) log_opt_values /opt/stack/data/venv/lib/python3.12/site-packages/oslo_config/cfg.py:3006}}
Apr 29 21:41:35.222024 np0000171314 nova-conductor[112212]: DEBUG cotyledon.oslo_config_glue [-] oslo_reports.file_event_handler_interval = 1 {{(pid=112212) log_opt_values /opt/stack/data/venv/lib/python3.12/site-packages/oslo_config/cfg.py:3006}}
Apr 29 21:41:35.222024 np0000171314 nova-conductor[112212]: DEBUG cotyledon.oslo_config_glue [-] oslo_reports.log_dir = None {{(pid=112212) log_opt_values /opt/stack/data/venv/lib/python3.12/site-packages/oslo_config/cfg.py:3006}}
Apr 29 21:41:35.222024 np0000171314 nova-conductor[112212]: DEBUG cotyledon.oslo_config_glue [-] ******************************************************************************** {{(pid=112212) log_opt_values /opt/stack/data/venv/lib/python3.12/site-packages/oslo_config/cfg.py:3013}}
Apr 29 21:41:35.222166 np0000171314 nova-conductor[112188]: DEBUG nova.service [None req-abc189ef-b5a5-48c3-be3d-bd8c61c75e09 None None] Creating RPC server for service: nova-conductor on topic: conductor {{(pid=112188) start /opt/stack/nova/nova/service.py:195}}
Apr 29 21:41:35.222201 np0000171314 nova-conductor[112212]: DEBUG cotyledon._service_worker [-] Run service ServiceWrapper(3) [112212] {{(pid=112212) wait_forever /opt/stack/data/venv/lib/python3.12/site-packages/cotyledon/_service_worker.py:218}}
Apr 29 21:41:35.222201 np0000171314 nova-conductor[112212]: INFO nova.service [-] Starting conductor node (version 33.1.0)
Apr 29 21:41:35.222257 np0000171314 nova-conductor[112195]: DEBUG oslo_db.sqlalchemy.engines [None req-077d84df-3c69-4480-8480-efaef11d2050 None None] MySQL server mode set to STRICT_TRANS_TABLES,STRICT_ALL_TABLES,NO_ZERO_IN_DATE,NO_ZERO_DATE,ERROR_FOR_DIVISION_BY_ZERO,TRADITIONAL,NO_ENGINE_SUBSTITUTION {{(pid=112195) _check_effective_sql_mode /opt/stack/data/venv/lib/python3.12/site-packages/oslo_db/sqlalchemy/engines.py:325}}
Apr 29 21:41:35.222287 np0000171314 nova-conductor[112212]: INFO dbcounter [None req-cb003819-35e5-436f-97c1-e6f4b1504929 None None] Registered counter for database nova_cell0
Apr 29 21:41:35.222320 np0000171314 nova-conductor[112202]: DEBUG oslo_db.sqlalchemy.engines [None req-5b704b58-82e5-4aad-8b6f-4c574d68c73e None None] MySQL server mode set to STRICT_TRANS_TABLES,STRICT_ALL_TABLES,NO_ZERO_IN_DATE,NO_ZERO_DATE,ERROR_FOR_DIVISION_BY_ZERO,TRADITIONAL,NO_ENGINE_SUBSTITUTION {{(pid=112202) _check_effective_sql_mode /opt/stack/data/venv/lib/python3.12/site-packages/oslo_db/sqlalchemy/engines.py:325}}
Apr 29 21:41:35.222352 np0000171314 nova-conductor[112212]: DEBUG oslo_db.sqlalchemy.engines [None req-cb003819-35e5-436f-97c1-e6f4b1504929 None None] MySQL server mode set to STRICT_TRANS_TABLES,STRICT_ALL_TABLES,NO_ZERO_IN_DATE,NO_ZERO_DATE,ERROR_FOR_DIVISION_BY_ZERO,TRADITIONAL,NO_ENGINE_SUBSTITUTION {{(pid=112212) _check_effective_sql_mode /opt/stack/data/venv/lib/python3.12/site-packages/oslo_db/sqlalchemy/engines.py:325}}
Apr 29 21:41:35.222381 np0000171314 nova-conductor[112202]: DEBUG dbcounter [-] [112202] Writer thread running {{(pid=112202) stat_writer /opt/stack/data/venv/lib/python3.12/site-packages/dbcounter.py:102}}
Apr 29 21:41:35.222409 np0000171314 nova-conductor[112188]: DEBUG nova.service [None req-abc189ef-b5a5-48c3-be3d-bd8c61c75e09 None None] Join ServiceGroup membership for this service conductor {{(pid=112188) start /opt/stack/nova/nova/service.py:221}}
Apr 29 21:41:35.222409 np0000171314 nova-conductor[112188]: DEBUG nova.servicegroup.drivers.db [None req-abc189ef-b5a5-48c3-be3d-bd8c61c75e09 None None] DB_Driver: join new ServiceGroup member np0000171314 to the conductor group, service = {{(pid=112188) join /opt/stack/nova/nova/servicegroup/drivers/db.py:44}}
Apr 29 21:41:35.222466 np0000171314 nova-conductor[112212]: DEBUG dbcounter [-] [112212] Writer thread running {{(pid=112212) stat_writer /opt/stack/data/venv/lib/python3.12/site-packages/dbcounter.py:102}}
Apr 29 21:41:35.222494 np0000171314 nova-conductor[112195]: DEBUG dbcounter [-] [112195] Writer thread running {{(pid=112195) stat_writer /opt/stack/data/venv/lib/python3.12/site-packages/dbcounter.py:102}}
Apr 29 21:41:35.222521 np0000171314 nova-conductor[112202]: DEBUG nova.service [None req-5b704b58-82e5-4aad-8b6f-4c574d68c73e None None] Creating RPC server for service: nova-conductor on topic: conductor {{(pid=112202) start /opt/stack/nova/nova/service.py:195}}
Apr 29 21:41:35.222557 np0000171314 nova-conductor[112212]: DEBUG nova.service [None req-cb003819-35e5-436f-97c1-e6f4b1504929 None None] Creating RPC server for service: nova-conductor on topic: conductor {{(pid=112212) start /opt/stack/nova/nova/service.py:195}}
Apr 29 21:41:35.222585 np0000171314 nova-conductor[112195]: DEBUG nova.service [None req-077d84df-3c69-4480-8480-efaef11d2050 None None] Creating RPC server for service: nova-conductor on topic: conductor {{(pid=112195) start /opt/stack/nova/nova/service.py:195}}
Apr 29 21:41:35.241463 np0000171314 nova-conductor[112202]: DEBUG nova.service [None req-5b704b58-82e5-4aad-8b6f-4c574d68c73e None None] Join ServiceGroup membership for this service conductor {{(pid=112202) start /opt/stack/nova/nova/service.py:221}}
Apr 29 21:41:35.241958 np0000171314 nova-conductor[112202]: DEBUG nova.servicegroup.drivers.db [None req-5b704b58-82e5-4aad-8b6f-4c574d68c73e None None] DB_Driver: join new ServiceGroup member np0000171314 to the conductor group, service = {{(pid=112202) join /opt/stack/nova/nova/servicegroup/drivers/db.py:44}}
Apr 29 21:41:35.243517 np0000171314 nova-conductor[112212]: DEBUG nova.service [None req-cb003819-35e5-436f-97c1-e6f4b1504929 None None] Join ServiceGroup membership for this service conductor {{(pid=112212) start /opt/stack/nova/nova/service.py:221}}
Apr 29 21:41:35.243802 np0000171314 nova-conductor[112212]: DEBUG nova.servicegroup.drivers.db [None req-cb003819-35e5-436f-97c1-e6f4b1504929 None None] DB_Driver: join new ServiceGroup member np0000171314 to the conductor group, service = {{(pid=112212) join /opt/stack/nova/nova/servicegroup/drivers/db.py:44}}
Apr 29 21:41:35.243930 np0000171314 nova-conductor[112195]: DEBUG nova.service [None req-077d84df-3c69-4480-8480-efaef11d2050 None None] Join ServiceGroup membership for this service conductor {{(pid=112195) start /opt/stack/nova/nova/service.py:221}}
Apr 29 21:41:35.244287 np0000171314 nova-conductor[112195]: DEBUG nova.servicegroup.drivers.db [None req-077d84df-3c69-4480-8480-efaef11d2050 None None] DB_Driver: join new ServiceGroup member np0000171314 to the conductor group, service = {{(pid=112195) join /opt/stack/nova/nova/servicegroup/drivers/db.py:44}}
Apr 29 21:41:40.234992 np0000171314 nova-conductor[112188]: DEBUG oslo.service.backend._threading.loopingcall [-] Fixed interval looping call 'nova.servicegroup.drivers.db.DbDriver._report_state' sleeping for 119.98 seconds {{(pid=112188) _run_loop /opt/stack/data/venv/lib/python3.12/site-packages/oslo_service/backend/_threading/loopingcall.py:125}}
Apr 29 21:41:40.257913 np0000171314 nova-conductor[112202]: DEBUG oslo.service.backend._threading.loopingcall [-] Fixed interval looping call 'nova.servicegroup.drivers.db.DbDriver._report_state' sleeping for 119.99 seconds {{(pid=112202) _run_loop /opt/stack/data/venv/lib/python3.12/site-packages/oslo_service/backend/_threading/loopingcall.py:125}}
Apr 29 21:41:40.259087 np0000171314 nova-conductor[112212]: DEBUG oslo.service.backend._threading.loopingcall [-] Fixed interval looping call 'nova.servicegroup.drivers.db.DbDriver._report_state' sleeping for 119.99 seconds {{(pid=112212) _run_loop /opt/stack/data/venv/lib/python3.12/site-packages/oslo_service/backend/_threading/loopingcall.py:125}}
Apr 29 21:41:40.259328 np0000171314 nova-conductor[112195]: DEBUG oslo.service.backend._threading.loopingcall [-] Fixed interval looping call 'nova.servicegroup.drivers.db.DbDriver._report_state' sleeping for 119.99 seconds {{(pid=112195) _run_loop /opt/stack/data/venv/lib/python3.12/site-packages/oslo_service/backend/_threading/loopingcall.py:125}}
Apr 29 21:41:43.838106 np0000171314 nova-conductor[111296]: DEBUG dbcounter [-] [111296] Writing DB stats nova_api:SELECT=1 {{(pid=111296) stat_writer /opt/stack/data/venv/lib/python3.12/site-packages/dbcounter.py:115}}
Apr 29 21:41:43.936792 np0000171314 nova-conductor[111296]: DEBUG dbcounter [-] [111296] Writing DB stats nova_cell0:SELECT=1 {{(pid=111296) stat_writer /opt/stack/data/venv/lib/python3.12/site-packages/dbcounter.py:115}}
Apr 29 21:41:43.941305 np0000171314 nova-conductor[111296]: DEBUG dbcounter [-] [111296] Writing DB stats nova_cell1:SELECT=1 {{(pid=111296) stat_writer /opt/stack/data/venv/lib/python3.12/site-packages/dbcounter.py:115}}
Apr 29 21:41:50.230091 np0000171314 nova-conductor[112188]: DEBUG dbcounter [-] [112188] Writing DB stats nova_cell0:SELECT=4,nova_cell0:INSERT=1,nova_cell0:UPDATE=1 {{(pid=112188) stat_writer /opt/stack/data/venv/lib/python3.12/site-packages/dbcounter.py:115}}
Apr 29 21:41:50.256201 np0000171314 nova-conductor[112212]: DEBUG dbcounter [-] [112212] Writing DB stats nova_cell0:SELECT=3 {{(pid=112212) stat_writer /opt/stack/data/venv/lib/python3.12/site-packages/dbcounter.py:115}}
Apr 29 21:41:50.256803 np0000171314 nova-conductor[112195]: DEBUG dbcounter [-] [112195] Writing DB stats nova_cell0:SELECT=3 {{(pid=112195) stat_writer /opt/stack/data/venv/lib/python3.12/site-packages/dbcounter.py:115}}
Apr 29 21:41:50.257710 np0000171314 nova-conductor[112202]: DEBUG dbcounter [-] [112202] Writing DB stats nova_cell0:SELECT=3 {{(pid=112202) stat_writer /opt/stack/data/venv/lib/python3.12/site-packages/dbcounter.py:115}}
Apr 29 21:42:03.246440 np0000171314 nova-conductor[112212]: DEBUG oslo.service.backend._threading.loopingcall [None req-26929c3e-fb56-42dd-aa43-d01f3713ad05 None None] Dynamic interval looping call 'nova.service.Service.periodic_tasks' sleeping for 60.00 seconds {{(pid=112212) _run_loop /opt/stack/data/venv/lib/python3.12/site-packages/oslo_service/backend/_threading/loopingcall.py:125}}
Apr 29 21:42:06.246688 np0000171314 nova-conductor[112202]: DEBUG oslo.service.backend._threading.loopingcall [None req-2a730d73-6c1f-4b3c-a56f-ba630e62e313 None None] Dynamic interval looping call 'nova.service.Service.periodic_tasks' sleeping for 60.00 seconds {{(pid=112202) _run_loop /opt/stack/data/venv/lib/python3.12/site-packages/oslo_service/backend/_threading/loopingcall.py:125}}
Apr 29 21:42:13.246537 np0000171314 nova-conductor[112195]: DEBUG oslo.service.backend._threading.loopingcall [None req-19eb19e5-8f23-492e-bc1a-ae5ec84c5cd9 None None] Dynamic interval looping call 'nova.service.Service.periodic_tasks' sleeping for 60.00 seconds {{(pid=112195) _run_loop /opt/stack/data/venv/lib/python3.12/site-packages/oslo_service/backend/_threading/loopingcall.py:125}}
Apr 29 21:42:21.217212 np0000171314 nova-conductor[112188]: DEBUG oslo.service.backend._threading.loopingcall [None req-e1dccfc9-3e0d-4f8b-96a7-48545e3e0286 None None] Dynamic interval looping call 'nova.service.Service.periodic_tasks' sleeping for 60.00 seconds {{(pid=112188) _run_loop /opt/stack/data/venv/lib/python3.12/site-packages/oslo_service/backend/_threading/loopingcall.py:125}}
Apr 29 21:43:03.247276 np0000171314 nova-conductor[112212]: DEBUG oslo.service.backend._threading.loopingcall [None req-26929c3e-fb56-42dd-aa43-d01f3713ad05 None None] Dynamic interval looping call 'nova.service.Service.periodic_tasks' sleeping for 60.00 seconds {{(pid=112212) _run_loop /opt/stack/data/venv/lib/python3.12/site-packages/oslo_service/backend/_threading/loopingcall.py:125}}
Apr 29 21:43:06.247761 np0000171314 nova-conductor[112202]: DEBUG oslo.service.backend._threading.loopingcall [None req-2a730d73-6c1f-4b3c-a56f-ba630e62e313 None None] Dynamic interval looping call 'nova.service.Service.periodic_tasks' sleeping for 60.00 seconds {{(pid=112202) _run_loop /opt/stack/data/venv/lib/python3.12/site-packages/oslo_service/backend/_threading/loopingcall.py:125}}
Apr 29 21:43:13.247274 np0000171314 nova-conductor[112195]: DEBUG oslo.service.backend._threading.loopingcall [None req-19eb19e5-8f23-492e-bc1a-ae5ec84c5cd9 None None] Dynamic interval looping call 'nova.service.Service.periodic_tasks' sleeping for 60.00 seconds {{(pid=112195) _run_loop /opt/stack/data/venv/lib/python3.12/site-packages/oslo_service/backend/_threading/loopingcall.py:125}}
Apr 29 21:43:21.218169 np0000171314 nova-conductor[112188]: DEBUG oslo.service.backend._threading.loopingcall [None req-e1dccfc9-3e0d-4f8b-96a7-48545e3e0286 None None] Dynamic interval looping call 'nova.service.Service.periodic_tasks' sleeping for 60.00 seconds {{(pid=112188) _run_loop /opt/stack/data/venv/lib/python3.12/site-packages/oslo_service/backend/_threading/loopingcall.py:125}}
Apr 29 21:43:40.226814 np0000171314 nova-conductor[112188]: DEBUG oslo.service.backend._threading.loopingcall [-] Fixed interval looping call 'nova.servicegroup.drivers.db.DbDriver._report_state' sleeping for 119.99 seconds {{(pid=112188) _run_loop /opt/stack/data/venv/lib/python3.12/site-packages/oslo_service/backend/_threading/loopingcall.py:125}}
Apr 29 21:43:40.253961 np0000171314 nova-conductor[112195]: DEBUG oslo.service.backend._threading.loopingcall [-] Fixed interval looping call 'nova.servicegroup.drivers.db.DbDriver._report_state' sleeping for 120.00 seconds {{(pid=112195) _run_loop /opt/stack/data/venv/lib/python3.12/site-packages/oslo_service/backend/_threading/loopingcall.py:125}}
Apr 29 21:43:40.254339 np0000171314 nova-conductor[112212]: DEBUG oslo.service.backend._threading.loopingcall [-] Fixed interval looping call 'nova.servicegroup.drivers.db.DbDriver._report_state' sleeping for 120.00 seconds {{(pid=112212) _run_loop /opt/stack/data/venv/lib/python3.12/site-packages/oslo_service/backend/_threading/loopingcall.py:125}}
Apr 29 21:43:40.254615 np0000171314 nova-conductor[112202]: DEBUG oslo.service.backend._threading.loopingcall [-] Fixed interval looping call 'nova.servicegroup.drivers.db.DbDriver._report_state' sleeping for 119.99 seconds {{(pid=112202) _run_loop /opt/stack/data/venv/lib/python3.12/site-packages/oslo_service/backend/_threading/loopingcall.py:125}}
Apr 29 21:43:50.220895 np0000171314 nova-conductor[112188]: DEBUG dbcounter [-] [112188] Writing DB stats nova_cell0:SELECT=1,nova_cell0:UPDATE=1 {{(pid=112188) stat_writer /opt/stack/data/venv/lib/python3.12/site-packages/dbcounter.py:115}}
Apr 29 21:43:50.251361 np0000171314 nova-conductor[112202]: DEBUG dbcounter [-] [112202] Writing DB stats nova_cell0:SELECT=1 {{(pid=112202) stat_writer /opt/stack/data/venv/lib/python3.12/site-packages/dbcounter.py:115}}
Apr 29 21:43:50.251866 np0000171314 nova-conductor[112212]: DEBUG dbcounter [-] [112212] Writing DB stats nova_cell0:SELECT=1 {{(pid=112212) stat_writer /opt/stack/data/venv/lib/python3.12/site-packages/dbcounter.py:115}}
Apr 29 21:43:50.252328 np0000171314 nova-conductor[112195]: DEBUG dbcounter [-] [112195] Writing DB stats nova_cell0:SELECT=1 {{(pid=112195) stat_writer /opt/stack/data/venv/lib/python3.12/site-packages/dbcounter.py:115}}
Apr 29 21:44:03.248039 np0000171314 nova-conductor[112212]: DEBUG oslo.service.backend._threading.loopingcall [None req-26929c3e-fb56-42dd-aa43-d01f3713ad05 None None] Dynamic interval looping call 'nova.service.Service.periodic_tasks' sleeping for 60.00 seconds {{(pid=112212) _run_loop /opt/stack/data/venv/lib/python3.12/site-packages/oslo_service/backend/_threading/loopingcall.py:125}}
Apr 29 21:44:06.248539 np0000171314 nova-conductor[112202]: DEBUG oslo.service.backend._threading.loopingcall [None req-2a730d73-6c1f-4b3c-a56f-ba630e62e313 None None] Dynamic interval looping call 'nova.service.Service.periodic_tasks' sleeping for 60.00 seconds {{(pid=112202) _run_loop /opt/stack/data/venv/lib/python3.12/site-packages/oslo_service/backend/_threading/loopingcall.py:125}}
Apr 29 21:44:13.247819 np0000171314 nova-conductor[112195]: DEBUG oslo.service.backend._threading.loopingcall [None req-19eb19e5-8f23-492e-bc1a-ae5ec84c5cd9 None None] Dynamic interval looping call 'nova.service.Service.periodic_tasks' sleeping for 60.00 seconds {{(pid=112195) _run_loop /opt/stack/data/venv/lib/python3.12/site-packages/oslo_service/backend/_threading/loopingcall.py:125}}
Apr 29 21:44:21.219224 np0000171314 nova-conductor[112188]: DEBUG oslo.service.backend._threading.loopingcall [None req-e1dccfc9-3e0d-4f8b-96a7-48545e3e0286 None None] Dynamic interval looping call 'nova.service.Service.periodic_tasks' sleeping for 60.00 seconds {{(pid=112188) _run_loop /opt/stack/data/venv/lib/python3.12/site-packages/oslo_service/backend/_threading/loopingcall.py:125}}
Apr 29 21:45:03.248941 np0000171314 nova-conductor[112212]: DEBUG oslo.service.backend._threading.loopingcall [None req-26929c3e-fb56-42dd-aa43-d01f3713ad05 None None] Dynamic interval looping call 'nova.service.Service.periodic_tasks' sleeping for 60.00 seconds {{(pid=112212) _run_loop /opt/stack/data/venv/lib/python3.12/site-packages/oslo_service/backend/_threading/loopingcall.py:125}}
Apr 29 21:45:06.249708 np0000171314 nova-conductor[112202]: DEBUG oslo.service.backend._threading.loopingcall [None req-2a730d73-6c1f-4b3c-a56f-ba630e62e313 None None] Dynamic interval looping call 'nova.service.Service.periodic_tasks' sleeping for 60.00 seconds {{(pid=112202) _run_loop /opt/stack/data/venv/lib/python3.12/site-packages/oslo_service/backend/_threading/loopingcall.py:125}}
Apr 29 21:45:13.248549 np0000171314 nova-conductor[112195]: DEBUG oslo.service.backend._threading.loopingcall [None req-19eb19e5-8f23-492e-bc1a-ae5ec84c5cd9 None None] Dynamic interval looping call 'nova.service.Service.periodic_tasks' sleeping for 60.00 seconds {{(pid=112195) _run_loop /opt/stack/data/venv/lib/python3.12/site-packages/oslo_service/backend/_threading/loopingcall.py:125}}
Apr 29 21:45:21.219764 np0000171314 nova-conductor[112188]: DEBUG oslo.service.backend._threading.loopingcall [None req-e1dccfc9-3e0d-4f8b-96a7-48545e3e0286 None None] Dynamic interval looping call 'nova.service.Service.periodic_tasks' sleeping for 60.00 seconds {{(pid=112188) _run_loop /opt/stack/data/venv/lib/python3.12/site-packages/oslo_service/backend/_threading/loopingcall.py:125}}
Apr 29 21:45:40.226926 np0000171314 nova-conductor[112188]: DEBUG oslo.service.backend._threading.loopingcall [-] Fixed interval looping call 'nova.servicegroup.drivers.db.DbDriver._report_state' sleeping for 119.99 seconds {{(pid=112188) _run_loop /opt/stack/data/venv/lib/python3.12/site-packages/oslo_service/backend/_threading/loopingcall.py:125}}
Apr 29 21:45:40.249760 np0000171314 nova-conductor[112202]: DEBUG oslo.service.backend._threading.loopingcall [-] Fixed interval looping call 'nova.servicegroup.drivers.db.DbDriver._report_state' sleeping for 120.00 seconds {{(pid=112202) _run_loop /opt/stack/data/venv/lib/python3.12/site-packages/oslo_service/backend/_threading/loopingcall.py:125}}
Apr 29 21:45:40.257897 np0000171314 nova-conductor[112195]: DEBUG oslo.service.backend._threading.loopingcall [-] Fixed interval looping call 'nova.servicegroup.drivers.db.DbDriver._report_state' sleeping for 120.00 seconds {{(pid=112195) _run_loop /opt/stack/data/venv/lib/python3.12/site-packages/oslo_service/backend/_threading/loopingcall.py:125}}
Apr 29 21:45:40.259370 np0000171314 nova-conductor[112212]: DEBUG oslo.service.backend._threading.loopingcall [-] Fixed interval looping call 'nova.servicegroup.drivers.db.DbDriver._report_state' sleeping for 120.00 seconds {{(pid=112212) _run_loop /opt/stack/data/venv/lib/python3.12/site-packages/oslo_service/backend/_threading/loopingcall.py:125}}
Apr 29 21:45:50.221405 np0000171314 nova-conductor[112188]: DEBUG dbcounter [-] [112188] Writing DB stats nova_cell0:SELECT=1,nova_cell0:UPDATE=1 {{(pid=112188) stat_writer /opt/stack/data/venv/lib/python3.12/site-packages/dbcounter.py:115}}
