Apr 23 17:12:03.332201 np0000169846 neutron-periodic-workers[106138]: DEBUG cotyledon.oslo_config_glue [-] database.asyncio_connection = **** {{(pid=106138) log_opt_values /opt/stack/data/venv/lib/python3.12/site-packages/oslo_config/cfg.py:3006}}
Apr 23 17:12:03.332429 np0000169846 neutron-periodic-workers[106138]: DEBUG cotyledon.oslo_config_glue [-] database.asyncio_slave_connection = **** {{(pid=106138) log_opt_values /opt/stack/data/venv/lib/python3.12/site-packages/oslo_config/cfg.py:3006}}
Apr 23 17:12:03.332546 np0000169846 neutron-periodic-workers[106138]: DEBUG cotyledon.oslo_config_glue [-] database.backend = sqlalchemy {{(pid=106138) log_opt_values /opt/stack/data/venv/lib/python3.12/site-packages/oslo_config/cfg.py:3006}}
Apr 23 17:12:03.332621 np0000169846 neutron-periodic-workers[106138]: DEBUG cotyledon.oslo_config_glue [-] database.connection = **** {{(pid=106138) log_opt_values /opt/stack/data/venv/lib/python3.12/site-packages/oslo_config/cfg.py:3006}}
Apr 23 17:12:03.332738 np0000169846 neutron-periodic-workers[106138]: DEBUG cotyledon.oslo_config_glue [-] database.connection_debug = 0 {{(pid=106138) log_opt_values /opt/stack/data/venv/lib/python3.12/site-packages/oslo_config/cfg.py:3006}}
Apr 23 17:12:03.332833 np0000169846 neutron-periodic-workers[106138]: DEBUG cotyledon.oslo_config_glue [-] database.connection_parameters = {{(pid=106138) log_opt_values /opt/stack/data/venv/lib/python3.12/site-packages/oslo_config/cfg.py:3006}}
Apr 23 17:12:03.332957 np0000169846 neutron-periodic-workers[106138]: DEBUG cotyledon.oslo_config_glue [-] database.connection_recycle_time = 3600 {{(pid=106138) log_opt_values /opt/stack/data/venv/lib/python3.12/site-packages/oslo_config/cfg.py:3006}}
Apr 23 17:12:03.333049 np0000169846 neutron-periodic-workers[106138]: DEBUG cotyledon.oslo_config_glue [-] database.connection_trace = False {{(pid=106138) log_opt_values /opt/stack/data/venv/lib/python3.12/site-packages/oslo_config/cfg.py:3006}}
Apr 23 17:12:03.333144 np0000169846 neutron-periodic-workers[106138]: DEBUG cotyledon.oslo_config_glue [-] database.db_inc_retry_interval = True {{(pid=106138) log_opt_values /opt/stack/data/venv/lib/python3.12/site-packages/oslo_config/cfg.py:3006}}
Apr 23 17:12:03.333237 np0000169846 neutron-periodic-workers[106138]: DEBUG cotyledon.oslo_config_glue [-] database.db_max_retries = 20 {{(pid=106138) log_opt_values /opt/stack/data/venv/lib/python3.12/site-packages/oslo_config/cfg.py:3006}}
Apr 23 17:12:03.333357 np0000169846 neutron-periodic-workers[106138]: DEBUG cotyledon.oslo_config_glue [-] database.db_max_retry_interval = 10 {{(pid=106138) log_opt_values /opt/stack/data/venv/lib/python3.12/site-packages/oslo_config/cfg.py:3006}}
Apr 23 17:12:03.333456 np0000169846 neutron-periodic-workers[106138]: DEBUG cotyledon.oslo_config_glue [-] database.db_retry_interval = 1 {{(pid=106138) log_opt_values /opt/stack/data/venv/lib/python3.12/site-packages/oslo_config/cfg.py:3006}}
Apr 23 17:12:03.333553 np0000169846 neutron-periodic-workers[106138]: DEBUG cotyledon.oslo_config_glue [-] database.max_overflow = 50 {{(pid=106138) log_opt_values /opt/stack/data/venv/lib/python3.12/site-packages/oslo_config/cfg.py:3006}}
Apr 23 17:12:03.333677 np0000169846 neutron-periodic-workers[106138]: DEBUG cotyledon.oslo_config_glue [-] database.max_pool_size = 5 {{(pid=106138) log_opt_values /opt/stack/data/venv/lib/python3.12/site-packages/oslo_config/cfg.py:3006}}
Apr 23 17:12:03.333772 np0000169846 neutron-periodic-workers[106138]: DEBUG cotyledon.oslo_config_glue [-] database.max_retries = 10 {{(pid=106138) log_opt_values /opt/stack/data/venv/lib/python3.12/site-packages/oslo_config/cfg.py:3006}}
Apr 23 17:12:03.333877 np0000169846 neutron-periodic-workers[106138]: DEBUG cotyledon.oslo_config_glue [-] database.mysql_sql_mode = TRADITIONAL {{(pid=106138) log_opt_values /opt/stack/data/venv/lib/python3.12/site-packages/oslo_config/cfg.py:3006}}
Apr 23 17:12:03.334009 np0000169846 neutron-periodic-workers[106138]: DEBUG cotyledon.oslo_config_glue [-] database.mysql_wsrep_sync_wait = None {{(pid=106138) log_opt_values /opt/stack/data/venv/lib/python3.12/site-packages/oslo_config/cfg.py:3006}}
Apr 23 17:12:03.334104 np0000169846 neutron-periodic-workers[106138]: DEBUG cotyledon.oslo_config_glue [-] database.pool_timeout = None {{(pid=106138) log_opt_values /opt/stack/data/venv/lib/python3.12/site-packages/oslo_config/cfg.py:3006}}
Apr 23 17:12:03.334199 np0000169846 neutron-periodic-workers[106138]: DEBUG cotyledon.oslo_config_glue [-] database.retry_interval = 10 {{(pid=106138) log_opt_values /opt/stack/data/venv/lib/python3.12/site-packages/oslo_config/cfg.py:3006}}
Apr 23 17:12:03.334316 np0000169846 neutron-periodic-workers[106138]: DEBUG cotyledon.oslo_config_glue [-] database.slave_connection = **** {{(pid=106138) log_opt_values /opt/stack/data/venv/lib/python3.12/site-packages/oslo_config/cfg.py:3006}}
Apr 23 17:12:03.334436 np0000169846 neutron-periodic-workers[106138]: DEBUG cotyledon.oslo_config_glue [-] database.sqlite_synchronous = True {{(pid=106138) log_opt_values /opt/stack/data/venv/lib/python3.12/site-packages/oslo_config/cfg.py:3006}}
Apr 23 17:12:03.334531 np0000169846 neutron-periodic-workers[106138]: DEBUG cotyledon.oslo_config_glue [-] database.synchronous_reader = True {{(pid=106138) log_opt_values /opt/stack/data/venv/lib/python3.12/site-packages/oslo_config/cfg.py:3006}}
Apr 23 17:12:03.334626 np0000169846 neutron-periodic-workers[106138]: DEBUG cotyledon.oslo_config_glue [-] database.use_db_reconnect = False {{(pid=106138) log_opt_values /opt/stack/data/venv/lib/python3.12/site-packages/oslo_config/cfg.py:3006}}
Apr 23 17:12:03.334765 np0000169846 neutron-periodic-workers[106138]: DEBUG cotyledon.oslo_config_glue [-] ovn.bfd_min_rx = 1000 {{(pid=106138) log_opt_values /opt/stack/data/venv/lib/python3.12/site-packages/oslo_config/cfg.py:3006}}
Apr 23 17:12:03.334845 np0000169846 neutron-periodic-workers[106138]: DEBUG cotyledon.oslo_config_glue [-] ovn.bfd_min_tx = 100 {{(pid=106138) log_opt_values /opt/stack/data/venv/lib/python3.12/site-packages/oslo_config/cfg.py:3006}}
Apr 23 17:12:03.334946 np0000169846 neutron-periodic-workers[106138]: DEBUG cotyledon.oslo_config_glue [-] ovn.bfd_mult = 3 {{(pid=106138) log_opt_values /opt/stack/data/venv/lib/python3.12/site-packages/oslo_config/cfg.py:3006}}
Apr 23 17:12:03.335037 np0000169846 neutron-periodic-workers[106138]: DEBUG cotyledon.oslo_config_glue [-] ovn.broadcast_arps_to_all_routers = True {{(pid=106138) log_opt_values /opt/stack/data/venv/lib/python3.12/site-packages/oslo_config/cfg.py:3006}}
Apr 23 17:12:03.335132 np0000169846 neutron-periodic-workers[106138]: DEBUG cotyledon.oslo_config_glue [-] ovn.dhcp_default_lease_time = 43200 {{(pid=106138) log_opt_values /opt/stack/data/venv/lib/python3.12/site-packages/oslo_config/cfg.py:3006}}
Apr 23 17:12:03.335227 np0000169846 neutron-periodic-workers[106138]: DEBUG cotyledon.oslo_config_glue [-] ovn.disable_ovn_dhcp_for_baremetal_ports = False {{(pid=106138) log_opt_values /opt/stack/data/venv/lib/python3.12/site-packages/oslo_config/cfg.py:3006}}
Apr 23 17:12:03.335337 np0000169846 neutron-periodic-workers[106138]: DEBUG cotyledon.oslo_config_glue [-] ovn.dns_records_ovn_owned = False {{(pid=106138) log_opt_values /opt/stack/data/venv/lib/python3.12/site-packages/oslo_config/cfg.py:3006}}
Apr 23 17:12:03.335440 np0000169846 neutron-periodic-workers[106138]: DEBUG cotyledon.oslo_config_glue [-] ovn.dns_servers = [] {{(pid=106138) log_opt_values /opt/stack/data/venv/lib/python3.12/site-packages/oslo_config/cfg.py:3006}}
Apr 23 17:12:03.335535 np0000169846 neutron-periodic-workers[106138]: DEBUG cotyledon.oslo_config_glue [-] ovn.enable_distributed_floating_ip = False {{(pid=106138) log_opt_values /opt/stack/data/venv/lib/python3.12/site-packages/oslo_config/cfg.py:3006}}
Apr 23 17:12:03.335630 np0000169846 neutron-periodic-workers[106138]: DEBUG cotyledon.oslo_config_glue [-] ovn.fdb_age_threshold = 300 {{(pid=106138) log_opt_values /opt/stack/data/venv/lib/python3.12/site-packages/oslo_config/cfg.py:3006}}
Apr 23 17:12:03.335737 np0000169846 neutron-periodic-workers[106138]: DEBUG cotyledon.oslo_config_glue [-] ovn.ha_failover_strategy = normal {{(pid=106138) log_opt_values /opt/stack/data/venv/lib/python3.12/site-packages/oslo_config/cfg.py:3006}}
Apr 23 17:12:03.335832 np0000169846 neutron-periodic-workers[106138]: DEBUG cotyledon.oslo_config_glue [-] ovn.live_migration_activation_strategy = rarp {{(pid=106138) log_opt_values /opt/stack/data/venv/lib/python3.12/site-packages/oslo_config/cfg.py:3006}}
Apr 23 17:12:03.335927 np0000169846 neutron-periodic-workers[106138]: DEBUG cotyledon.oslo_config_glue [-] ovn.localnet_learn_fdb = False {{(pid=106138) log_opt_values /opt/stack/data/venv/lib/python3.12/site-packages/oslo_config/cfg.py:3006}}
Apr 23 17:12:03.336020 np0000169846 neutron-periodic-workers[106138]: DEBUG cotyledon.oslo_config_glue [-] ovn.mac_binding_age_threshold = 300 {{(pid=106138) log_opt_values /opt/stack/data/venv/lib/python3.12/site-packages/oslo_config/cfg.py:3006}}
Apr 23 17:12:03.336124 np0000169846 neutron-periodic-workers[106138]: DEBUG cotyledon.oslo_config_glue [-] ovn.neutron_sync_mode = log {{(pid=106138) log_opt_values /opt/stack/data/venv/lib/python3.12/site-packages/oslo_config/cfg.py:3006}}
Apr 23 17:12:03.336219 np0000169846 neutron-periodic-workers[106138]: DEBUG cotyledon.oslo_config_glue [-] ovn.ovn_dhcp4_global_options = {} {{(pid=106138) log_opt_values /opt/stack/data/venv/lib/python3.12/site-packages/oslo_config/cfg.py:3006}}
Apr 23 17:12:03.336316 np0000169846 neutron-periodic-workers[106138]: DEBUG cotyledon.oslo_config_glue [-] ovn.ovn_dhcp6_global_options = {} {{(pid=106138) log_opt_values /opt/stack/data/venv/lib/python3.12/site-packages/oslo_config/cfg.py:3006}}
Apr 23 17:12:03.336438 np0000169846 neutron-periodic-workers[106138]: DEBUG cotyledon.oslo_config_glue [-] ovn.ovn_l3_scheduler = leastloaded {{(pid=106138) log_opt_values /opt/stack/data/venv/lib/python3.12/site-packages/oslo_config/cfg.py:3006}}
Apr 23 17:12:03.336531 np0000169846 neutron-periodic-workers[106138]: DEBUG cotyledon.oslo_config_glue [-] ovn.ovn_metadata_enabled = True {{(pid=106138) log_opt_values /opt/stack/data/venv/lib/python3.12/site-packages/oslo_config/cfg.py:3006}}
Apr 23 17:12:03.336640 np0000169846 neutron-periodic-workers[106138]: DEBUG cotyledon.oslo_config_glue [-] ovn.ovn_nb_ca_cert = /opt/stack/data/CA/int-ca/ca-chain.pem {{(pid=106138) log_opt_values /opt/stack/data/venv/lib/python3.12/site-packages/oslo_config/cfg.py:3006}}
Apr 23 17:12:03.336740 np0000169846 neutron-periodic-workers[106138]: DEBUG cotyledon.oslo_config_glue [-] ovn.ovn_nb_certificate = /opt/stack/data/CA/int-ca/devstack-cert.crt {{(pid=106138) log_opt_values /opt/stack/data/venv/lib/python3.12/site-packages/oslo_config/cfg.py:3006}}
Apr 23 17:12:03.336835 np0000169846 neutron-periodic-workers[106138]: DEBUG cotyledon.oslo_config_glue [-] ovn.ovn_nb_connection = ['ssl:199.204.45.19:6641'] {{(pid=106138) log_opt_values /opt/stack/data/venv/lib/python3.12/site-packages/oslo_config/cfg.py:3006}}
Apr 23 17:12:03.336950 np0000169846 neutron-periodic-workers[106138]: DEBUG cotyledon.oslo_config_glue [-] ovn.ovn_nb_private_key = /opt/stack/data/CA/int-ca/private/devstack-cert.key {{(pid=106138) log_opt_values /opt/stack/data/venv/lib/python3.12/site-packages/oslo_config/cfg.py:3006}}
Apr 23 17:12:03.337043 np0000169846 neutron-periodic-workers[106138]: DEBUG cotyledon.oslo_config_glue [-] ovn.ovn_router_indirect_snat = False {{(pid=106138) log_opt_values /opt/stack/data/venv/lib/python3.12/site-packages/oslo_config/cfg.py:3006}}
Apr 23 17:12:03.337137 np0000169846 neutron-periodic-workers[106138]: DEBUG cotyledon.oslo_config_glue [-] ovn.ovn_sb_ca_cert = /opt/stack/data/CA/int-ca/ca-chain.pem {{(pid=106138) log_opt_values /opt/stack/data/venv/lib/python3.12/site-packages/oslo_config/cfg.py:3006}}
Apr 23 17:12:03.337255 np0000169846 neutron-periodic-workers[106138]: DEBUG cotyledon.oslo_config_glue [-] ovn.ovn_sb_certificate = /opt/stack/data/CA/int-ca/devstack-cert.crt {{(pid=106138) log_opt_values /opt/stack/data/venv/lib/python3.12/site-packages/oslo_config/cfg.py:3006}}
Apr 23 17:12:03.337369 np0000169846 neutron-periodic-workers[106138]: DEBUG cotyledon.oslo_config_glue [-] ovn.ovn_sb_connection = ['ssl:199.204.45.19:6642'] {{(pid=106138) log_opt_values /opt/stack/data/venv/lib/python3.12/site-packages/oslo_config/cfg.py:3006}}
Apr 23 17:12:03.337468 np0000169846 neutron-periodic-workers[106138]: DEBUG cotyledon.oslo_config_glue [-] ovn.ovn_sb_private_key = /opt/stack/data/CA/int-ca/private/devstack-cert.key {{(pid=106138) log_opt_values /opt/stack/data/venv/lib/python3.12/site-packages/oslo_config/cfg.py:3006}}
Apr 23 17:12:03.337563 np0000169846 neutron-periodic-workers[106138]: DEBUG cotyledon.oslo_config_glue [-] ovn.ovs_create_tap = False {{(pid=106138) log_opt_values /opt/stack/data/venv/lib/python3.12/site-packages/oslo_config/cfg.py:3006}}
Apr 23 17:12:03.337658 np0000169846 neutron-periodic-workers[106138]: DEBUG cotyledon.oslo_config_glue [-] ovn.ovsdb_connection_timeout = 180 {{(pid=106138) log_opt_values /opt/stack/data/venv/lib/python3.12/site-packages/oslo_config/cfg.py:3006}}
Apr 23 17:12:03.337752 np0000169846 neutron-periodic-workers[106138]: DEBUG cotyledon.oslo_config_glue [-] ovn.ovsdb_log_level = INFO {{(pid=106138) log_opt_values /opt/stack/data/venv/lib/python3.12/site-packages/oslo_config/cfg.py:3006}}
Apr 23 17:12:03.337850 np0000169846 neutron-periodic-workers[106138]: DEBUG cotyledon.oslo_config_glue [-] ovn.ovsdb_probe_interval = 60000 {{(pid=106138) log_opt_values /opt/stack/data/venv/lib/python3.12/site-packages/oslo_config/cfg.py:3006}}
Apr 23 17:12:03.338035 np0000169846 neutron-periodic-workers[106138]: DEBUG cotyledon.oslo_config_glue [-] ovn.ovsdb_retry_max_interval = 180 {{(pid=106138) log_opt_values /opt/stack/data/venv/lib/python3.12/site-packages/oslo_config/cfg.py:3006}}
Apr 23 17:12:03.338035 np0000169846 neutron-periodic-workers[106138]: DEBUG cotyledon.oslo_config_glue [-] ovn.stateless_nat_enabled = False {{(pid=106138) log_opt_values /opt/stack/data/venv/lib/python3.12/site-packages/oslo_config/cfg.py:3006}}
Apr 23 17:12:03.338241 np0000169846 neutron-periodic-workers[106138]: DEBUG cotyledon.oslo_config_glue [-] ovn.vhost_sock_dir = /var/run/openvswitch {{(pid=106138) log_opt_values /opt/stack/data/venv/lib/python3.12/site-packages/oslo_config/cfg.py:3006}}
Apr 23 17:12:03.338241 np0000169846 neutron-periodic-workers[106138]: DEBUG cotyledon.oslo_config_glue [-] OVS.bridge_mac_table_size = 50000 {{(pid=106138) log_opt_values /opt/stack/data/venv/lib/python3.12/site-packages/oslo_config/cfg.py:3006}}
Apr 23 17:12:03.338440 np0000169846 neutron-periodic-workers[106138]: DEBUG cotyledon.oslo_config_glue [-] OVS.igmp_flood = False {{(pid=106138) log_opt_values /opt/stack/data/venv/lib/python3.12/site-packages/oslo_config/cfg.py:3006}}
Apr 23 17:12:03.338574 np0000169846 neutron-periodic-workers[106138]: DEBUG cotyledon.oslo_config_glue [-] OVS.igmp_flood_reports = True {{(pid=106138) log_opt_values /opt/stack/data/venv/lib/python3.12/site-packages/oslo_config/cfg.py:3006}}
Apr 23 17:12:03.338637 np0000169846 neutron-periodic-workers[106138]: DEBUG cotyledon.oslo_config_glue [-] OVS.igmp_flood_unregistered = False {{(pid=106138) log_opt_values /opt/stack/data/venv/lib/python3.12/site-packages/oslo_config/cfg.py:3006}}
Apr 23 17:12:03.338763 np0000169846 neutron-periodic-workers[106138]: DEBUG cotyledon.oslo_config_glue [-] OVS.igmp_snooping_enable = False {{(pid=106138) log_opt_values /opt/stack/data/venv/lib/python3.12/site-packages/oslo_config/cfg.py:3006}}
Apr 23 17:12:03.338827 np0000169846 neutron-periodic-workers[106138]: DEBUG cotyledon.oslo_config_glue [-] OVS.ovsdb_timeout = 10 {{(pid=106138) log_opt_values /opt/stack/data/venv/lib/python3.12/site-packages/oslo_config/cfg.py:3006}}
Apr 23 17:12:03.338947 np0000169846 neutron-periodic-workers[106138]: DEBUG cotyledon.oslo_config_glue [-] ovn_nb_global.fdb_removal_limit = 0 {{(pid=106138) log_opt_values /opt/stack/data/venv/lib/python3.12/site-packages/oslo_config/cfg.py:3006}}
Apr 23 17:12:03.339041 np0000169846 neutron-periodic-workers[106138]: DEBUG cotyledon.oslo_config_glue [-] ovn_nb_global.ignore_lsp_down = False {{(pid=106138) log_opt_values /opt/stack/data/venv/lib/python3.12/site-packages/oslo_config/cfg.py:3006}}
Apr 23 17:12:03.340389 np0000169846 neutron-periodic-workers[106138]: DEBUG cotyledon.oslo_config_glue [-] ovn_nb_global.mac_binding_removal_limit = 0 {{(pid=106138) log_opt_values /opt/stack/data/venv/lib/python3.12/site-packages/oslo_config/cfg.py:3006}}
Apr 23 17:12:03.340389 np0000169846 neutron-periodic-workers[106138]: DEBUG cotyledon.oslo_config_glue [-] ******************************************************************************** {{(pid=106138) log_opt_values /opt/stack/data/venv/lib/python3.12/site-packages/oslo_config/cfg.py:3013}}
Apr 23 17:12:03.340389 np0000169846 neutron-periodic-workers[106138]: DEBUG cotyledon._service_worker [-] Run service ServiceWrapper(0) [106138] {{(pid=106138) wait_forever /opt/stack/data/venv/lib/python3.12/site-packages/cotyledon/_service_worker.py:218}}
Apr 23 17:12:12.984559 np0000169846 neutron-periodic-workers[105378]: DEBUG dbcounter [-] [105378] Writing DB stats neutron:SELECT=4 {{(pid=105378) stat_writer /opt/stack/data/venv/lib/python3.12/site-packages/dbcounter.py:115}}
Apr 23 17:12:42.288231 np0000169846 neutron-periodic-workers[106125]: DEBUG oslo_db.sqlalchemy.engines [None req-a7162bd5-32f2-4e38-8acc-f7fa866525b5 None None] Parent process 105378 forked (106125) with an open database connection, which is being discarded and recreated. {{(pid=106125) checkout /opt/stack/data/venv/lib/python3.12/site-packages/oslo_db/sqlalchemy/engines.py:402}}
Apr 23 17:12:42.296297 np0000169846 neutron-periodic-workers[106125]: DEBUG dbcounter [-] [106125] Writer thread running {{(pid=106125) stat_writer /opt/stack/data/venv/lib/python3.12/site-packages/dbcounter.py:102}}
Apr 23 17:12:42.304258 np0000169846 neutron-periodic-workers[106125]: DEBUG oslo.service.backend._threading.loopingcall [None req-a7162bd5-32f2-4e38-8acc-f7fa866525b5 None None] Fixed interval looping call 'neutron.plugins.ml2.plugin.DhcpAgentSchedulerDbMixin.remove_networks_from_down_agents' sleeping for 36.98 seconds {{(pid=106125) _run_loop /opt/stack/data/venv/lib/python3.12/site-packages/oslo_service/backend/_threading/loopingcall.py:125}}
Apr 23 17:12:52.303664 np0000169846 neutron-periodic-workers[106125]: DEBUG dbcounter [-] [106125] Writing DB stats neutron:SELECT=3 {{(pid=106125) stat_writer /opt/stack/data/venv/lib/python3.12/site-packages/dbcounter.py:115}}
Apr 23 17:13:09.310086 np0000169846 neutron-periodic-workers[106131]: DEBUG dbcounter [-] [106131] Writer thread running {{(pid=106131) stat_writer /opt/stack/data/venv/lib/python3.12/site-packages/dbcounter.py:102}}
Apr 23 17:13:09.313824 np0000169846 neutron-periodic-workers[106131]: DEBUG neutron.db.agents_db [None req-6f5f1fa1-0ac9-4a0d-8825-2999259776c2 None None] Agent healthcheck: found 0 active agents {{(pid=106131) agent_health_check /opt/stack/neutron/neutron/db/agents_db.py:317}}
Apr 23 17:13:09.314039 np0000169846 neutron-periodic-workers[106131]: DEBUG oslo.service.backend._threading.loopingcall [None req-6f5f1fa1-0ac9-4a0d-8825-2999259776c2 None None] Fixed interval looping call 'neutron.plugins.ml2.plugin.AgentDbMixin.agent_health_check' sleeping for 36.98 seconds {{(pid=106131) _run_loop /opt/stack/data/venv/lib/python3.12/site-packages/oslo_service/backend/_threading/loopingcall.py:125}}
Apr 23 17:13:19.293112 np0000169846 neutron-periodic-workers[106125]: DEBUG oslo.service.backend._threading.loopingcall [None req-a7162bd5-32f2-4e38-8acc-f7fa866525b5 None None] Fixed interval looping call 'neutron.plugins.ml2.plugin.DhcpAgentSchedulerDbMixin.remove_networks_from_down_agents' sleeping for 36.99 seconds {{(pid=106125) _run_loop /opt/stack/data/venv/lib/python3.12/site-packages/oslo_service/backend/_threading/loopingcall.py:125}}
Apr 23 17:13:19.311102 np0000169846 neutron-periodic-workers[106131]: DEBUG dbcounter [-] [106131] Writing DB stats neutron:SELECT=1 {{(pid=106131) stat_writer /opt/stack/data/venv/lib/python3.12/site-packages/dbcounter.py:115}}
Apr 23 17:13:29.292043 np0000169846 neutron-periodic-workers[106125]: DEBUG dbcounter [-] [106125] Writing DB stats neutron:SELECT=3 {{(pid=106125) stat_writer /opt/stack/data/venv/lib/python3.12/site-packages/dbcounter.py:115}}
Apr 23 17:13:46.299672 np0000169846 neutron-periodic-workers[106131]: DEBUG neutron.db.agents_db [None req-6f5f1fa1-0ac9-4a0d-8825-2999259776c2 None None] Agent healthcheck: found 0 active agents {{(pid=106131) agent_health_check /opt/stack/neutron/neutron/db/agents_db.py:317}}
Apr 23 17:13:46.300572 np0000169846 neutron-periodic-workers[106131]: DEBUG oslo.service.backend._threading.loopingcall [None req-6f5f1fa1-0ac9-4a0d-8825-2999259776c2 None None] Fixed interval looping call 'neutron.plugins.ml2.plugin.AgentDbMixin.agent_health_check' sleeping for 36.99 seconds {{(pid=106131) _run_loop /opt/stack/data/venv/lib/python3.12/site-packages/oslo_service/backend/_threading/loopingcall.py:125}}
Apr 23 17:13:56.297867 np0000169846 neutron-periodic-workers[106131]: DEBUG dbcounter [-] [106131] Writing DB stats neutron:SELECT=1 {{(pid=106131) stat_writer /opt/stack/data/venv/lib/python3.12/site-packages/dbcounter.py:115}}
Apr 23 17:13:56.309959 np0000169846 neutron-periodic-workers[106125]: DEBUG oslo.service.backend._threading.loopingcall [None req-a7162bd5-32f2-4e38-8acc-f7fa866525b5 None None] Fixed interval looping call 'neutron.plugins.ml2.plugin.DhcpAgentSchedulerDbMixin.remove_networks_from_down_agents' sleeping for 36.97 seconds {{(pid=106125) _run_loop /opt/stack/data/venv/lib/python3.12/site-packages/oslo_service/backend/_threading/loopingcall.py:125}}
Apr 23 17:13:57.362447 np0000169846 neutron-periodic-workers[106145]: DEBUG dbcounter [-] [106145] Writer thread running {{(pid=106145) stat_writer /opt/stack/data/venv/lib/python3.12/site-packages/dbcounter.py:102}}
Apr 23 17:13:57.374549 np0000169846 neutron-periodic-workers[106145]: DEBUG oslo.service.backend._threading.loopingcall [None req-dfd6d428-7693-4cf0-aea1-55da3ce318a9 None None] Fixed interval looping call 'neutron.services.ovn_l3.plugin.L3_NAT_dbonly_mixin._clean_garbage' sleeping for 299.95 seconds {{(pid=106145) _run_loop /opt/stack/data/venv/lib/python3.12/site-packages/oslo_service/backend/_threading/loopingcall.py:125}}
Apr 23 17:14:03.354423 np0000169846 neutron-periodic-workers[106138]: DEBUG dbcounter [-] [106138] Writer thread running {{(pid=106138) stat_writer /opt/stack/data/venv/lib/python3.12/site-packages/dbcounter.py:102}}
Apr 23 17:14:03.356740 np0000169846 neutron-periodic-workers[106138]: DEBUG oslo.service.backend._threading.loopingcall [None req-345e4fcf-6014-4cd0-a4df-fb7b6f6ce2d6 None None] Fixed interval looping call 'neutron.db.quota.driver_nolock.DbQuotaNoLockDriver._remove_expired_reservations' sleeping for 119.99 seconds {{(pid=106138) _run_loop /opt/stack/data/venv/lib/python3.12/site-packages/oslo_service/backend/_threading/loopingcall.py:125}}
Apr 23 17:14:06.303722 np0000169846 neutron-periodic-workers[106125]: DEBUG dbcounter [-] [106125] Writing DB stats neutron:SELECT=3 {{(pid=106125) stat_writer /opt/stack/data/venv/lib/python3.12/site-packages/dbcounter.py:115}}
Apr 23 17:14:07.363430 np0000169846 neutron-periodic-workers[106145]: DEBUG dbcounter [-] [106145] Writing DB stats neutron:SELECT=1 {{(pid=106145) stat_writer /opt/stack/data/venv/lib/python3.12/site-packages/dbcounter.py:115}}
Apr 23 17:14:13.355155 np0000169846 neutron-periodic-workers[106138]: DEBUG dbcounter [-] [106138] Writing DB stats neutron:DELETE=1 {{(pid=106138) stat_writer /opt/stack/data/venv/lib/python3.12/site-packages/dbcounter.py:115}}
Apr 23 17:14:23.296284 np0000169846 neutron-periodic-workers[106131]: DEBUG neutron.db.agents_db [None req-6f5f1fa1-0ac9-4a0d-8825-2999259776c2 None None] Agent healthcheck: found 0 active agents {{(pid=106131) agent_health_check /opt/stack/neutron/neutron/db/agents_db.py:317}}
Apr 23 17:14:23.297012 np0000169846 neutron-periodic-workers[106131]: DEBUG oslo.service.backend._threading.loopingcall [None req-6f5f1fa1-0ac9-4a0d-8825-2999259776c2 None None] Fixed interval looping call 'neutron.plugins.ml2.plugin.AgentDbMixin.agent_health_check' sleeping for 36.99 seconds {{(pid=106131) _run_loop /opt/stack/data/venv/lib/python3.12/site-packages/oslo_service/backend/_threading/loopingcall.py:125}}
Apr 23 17:14:33.290075 np0000169846 neutron-periodic-workers[106125]: DEBUG oslo.service.backend._threading.loopingcall [None req-a7162bd5-32f2-4e38-8acc-f7fa866525b5 None None] Fixed interval looping call 'neutron.plugins.ml2.plugin.DhcpAgentSchedulerDbMixin.remove_networks_from_down_agents' sleeping for 36.99 seconds {{(pid=106125) _run_loop /opt/stack/data/venv/lib/python3.12/site-packages/oslo_service/backend/_threading/loopingcall.py:125}}
Apr 23 17:14:33.294285 np0000169846 neutron-periodic-workers[106131]: DEBUG dbcounter [-] [106131] Writing DB stats neutron:SELECT=1 {{(pid=106131) stat_writer /opt/stack/data/venv/lib/python3.12/site-packages/dbcounter.py:115}}
Apr 23 17:14:43.289177 np0000169846 neutron-periodic-workers[106125]: DEBUG dbcounter [-] [106125] Writing DB stats neutron:SELECT=3 {{(pid=106125) stat_writer /opt/stack/data/venv/lib/python3.12/site-packages/dbcounter.py:115}}
Apr 23 17:15:00.291966 np0000169846 neutron-periodic-workers[106131]: DEBUG neutron.db.agents_db [None req-6f5f1fa1-0ac9-4a0d-8825-2999259776c2 None None] Agent healthcheck: found 0 active agents {{(pid=106131) agent_health_check /opt/stack/neutron/neutron/db/agents_db.py:317}}
Apr 23 17:15:00.291966 np0000169846 neutron-periodic-workers[106131]: DEBUG oslo.service.backend._threading.loopingcall [None req-6f5f1fa1-0ac9-4a0d-8825-2999259776c2 None None] Fixed interval looping call 'neutron.plugins.ml2.plugin.AgentDbMixin.agent_health_check' sleeping for 36.99 seconds {{(pid=106131) _run_loop /opt/stack/data/venv/lib/python3.12/site-packages/oslo_service/backend/_threading/loopingcall.py:125}}
Apr 23 17:15:10.290646 np0000169846 neutron-periodic-workers[106131]: DEBUG dbcounter [-] [106131] Writing DB stats neutron:SELECT=1 {{(pid=106131) stat_writer /opt/stack/data/venv/lib/python3.12/site-packages/dbcounter.py:115}}
Apr 23 17:15:10.292678 np0000169846 neutron-periodic-workers[106125]: DEBUG oslo.service.backend._threading.loopingcall [None req-a7162bd5-32f2-4e38-8acc-f7fa866525b5 None None] Fixed interval looping call 'neutron.plugins.ml2.plugin.DhcpAgentSchedulerDbMixin.remove_networks_from_down_agents' sleeping for 36.99 seconds {{(pid=106125) _run_loop /opt/stack/data/venv/lib/python3.12/site-packages/oslo_service/backend/_threading/loopingcall.py:125}}
Apr 23 17:15:20.289969 np0000169846 neutron-periodic-workers[106125]: DEBUG dbcounter [-] [106125] Writing DB stats neutron:SELECT=3 {{(pid=106125) stat_writer /opt/stack/data/venv/lib/python3.12/site-packages/dbcounter.py:115}}
Apr 23 17:15:37.287822 np0000169846 neutron-periodic-workers[106131]: DEBUG neutron.db.agents_db [None req-6f5f1fa1-0ac9-4a0d-8825-2999259776c2 None None] Agent healthcheck: found 0 active agents {{(pid=106131) agent_health_check /opt/stack/neutron/neutron/db/agents_db.py:317}}
Apr 23 17:15:37.288630 np0000169846 neutron-periodic-workers[106131]: DEBUG oslo.service.backend._threading.loopingcall [None req-6f5f1fa1-0ac9-4a0d-8825-2999259776c2 None None] Fixed interval looping call 'neutron.plugins.ml2.plugin.AgentDbMixin.agent_health_check' sleeping for 36.99 seconds {{(pid=106131) _run_loop /opt/stack/data/venv/lib/python3.12/site-packages/oslo_service/backend/_threading/loopingcall.py:125}}
Apr 23 17:15:47.286292 np0000169846 neutron-periodic-workers[106131]: DEBUG dbcounter [-] [106131] Writing DB stats neutron:SELECT=1 {{(pid=106131) stat_writer /opt/stack/data/venv/lib/python3.12/site-packages/dbcounter.py:115}}
Apr 23 17:15:47.289207 np0000169846 neutron-periodic-workers[106125]: DEBUG oslo.service.backend._threading.loopingcall [None req-a7162bd5-32f2-4e38-8acc-f7fa866525b5 None None] Fixed interval looping call 'neutron.plugins.ml2.plugin.DhcpAgentSchedulerDbMixin.remove_networks_from_down_agents' sleeping for 36.99 seconds {{(pid=106125) _run_loop /opt/stack/data/venv/lib/python3.12/site-packages/oslo_service/backend/_threading/loopingcall.py:125}}
Apr 23 17:15:57.288710 np0000169846 neutron-periodic-workers[106125]: DEBUG dbcounter [-] [106125] Writing DB stats neutron:SELECT=3 {{(pid=106125) stat_writer /opt/stack/data/venv/lib/python3.12/site-packages/dbcounter.py:115}}
Apr 23 17:16:03.357283 np0000169846 neutron-periodic-workers[106138]: DEBUG oslo.service.backend._threading.loopingcall [None req-345e4fcf-6014-4cd0-a4df-fb7b6f6ce2d6 None None] Fixed interval looping call 'neutron.db.quota.driver_nolock.DbQuotaNoLockDriver._remove_expired_reservations' sleeping for 119.99 seconds {{(pid=106138) _run_loop /opt/stack/data/venv/lib/python3.12/site-packages/oslo_service/backend/_threading/loopingcall.py:125}}
Apr 23 17:16:13.355069 np0000169846 neutron-periodic-workers[106138]: DEBUG dbcounter [-] [106138] Writing DB stats neutron:DELETE=1 {{(pid=106138) stat_writer /opt/stack/data/venv/lib/python3.12/site-packages/dbcounter.py:115}}
Apr 23 17:16:14.285410 np0000169846 neutron-periodic-workers[106131]: DEBUG neutron.db.agents_db [None req-6f5f1fa1-0ac9-4a0d-8825-2999259776c2 None None] Agent healthcheck: found 0 active agents {{(pid=106131) agent_health_check /opt/stack/neutron/neutron/db/agents_db.py:317}}
Apr 23 17:16:14.286235 np0000169846 neutron-periodic-workers[106131]: DEBUG oslo.service.backend._threading.loopingcall [None req-6f5f1fa1-0ac9-4a0d-8825-2999259776c2 None None] Fixed interval looping call 'neutron.plugins.ml2.plugin.AgentDbMixin.agent_health_check' sleeping for 36.99 seconds {{(pid=106131) _run_loop /opt/stack/data/venv/lib/python3.12/site-packages/oslo_service/backend/_threading/loopingcall.py:125}}
Apr 23 17:16:24.282555 np0000169846 neutron-periodic-workers[106131]: DEBUG dbcounter [-] [106131] Writing DB stats neutron:SELECT=1 {{(pid=106131) stat_writer /opt/stack/data/venv/lib/python3.12/site-packages/dbcounter.py:115}}
Apr 23 17:16:24.291542 np0000169846 neutron-periodic-workers[106125]: DEBUG oslo.service.backend._threading.loopingcall [None req-a7162bd5-32f2-4e38-8acc-f7fa866525b5 None None] Fixed interval looping call 'neutron.plugins.ml2.plugin.DhcpAgentSchedulerDbMixin.remove_networks_from_down_agents' sleeping for 36.99 seconds {{(pid=106125) _run_loop /opt/stack/data/venv/lib/python3.12/site-packages/oslo_service/backend/_threading/loopingcall.py:125}}
Apr 23 17:16:34.289899 np0000169846 neutron-periodic-workers[106125]: DEBUG dbcounter [-] [106125] Writing DB stats neutron:SELECT=3 {{(pid=106125) stat_writer /opt/stack/data/venv/lib/python3.12/site-packages/dbcounter.py:115}}
Apr 23 17:16:51.281211 np0000169846 neutron-periodic-workers[106131]: DEBUG neutron.db.agents_db [None req-6f5f1fa1-0ac9-4a0d-8825-2999259776c2 None None] Agent healthcheck: found 0 active agents {{(pid=106131) agent_health_check /opt/stack/neutron/neutron/db/agents_db.py:317}}
Apr 23 17:16:51.281211 np0000169846 neutron-periodic-workers[106131]: DEBUG oslo.service.backend._threading.loopingcall [None req-6f5f1fa1-0ac9-4a0d-8825-2999259776c2 None None] Fixed interval looping call 'neutron.plugins.ml2.plugin.AgentDbMixin.agent_health_check' sleeping for 36.99 seconds {{(pid=106131) _run_loop /opt/stack/data/venv/lib/python3.12/site-packages/oslo_service/backend/_threading/loopingcall.py:125}}
Apr 23 17:17:01.279366 np0000169846 neutron-periodic-workers[106131]: DEBUG dbcounter [-] [106131] Writing DB stats neutron:SELECT=1 {{(pid=106131) stat_writer /opt/stack/data/venv/lib/python3.12/site-packages/dbcounter.py:115}}
Apr 23 17:17:01.290780 np0000169846 neutron-periodic-workers[106125]: DEBUG oslo.service.backend._threading.loopingcall [None req-a7162bd5-32f2-4e38-8acc-f7fa866525b5 None None] Fixed interval looping call 'neutron.plugins.ml2.plugin.DhcpAgentSchedulerDbMixin.remove_networks_from_down_agents' sleeping for 36.99 seconds {{(pid=106125) _run_loop /opt/stack/data/venv/lib/python3.12/site-packages/oslo_service/backend/_threading/loopingcall.py:125}}
Apr 23 17:17:11.289813 np0000169846 neutron-periodic-workers[106125]: DEBUG dbcounter [-] [106125] Writing DB stats neutron:SELECT=3 {{(pid=106125) stat_writer /opt/stack/data/venv/lib/python3.12/site-packages/dbcounter.py:115}}
Apr 23 17:17:28.278425 np0000169846 neutron-periodic-workers[106131]: DEBUG neutron.db.agents_db [None req-6f5f1fa1-0ac9-4a0d-8825-2999259776c2 None None] Agent healthcheck: found 0 active agents {{(pid=106131) agent_health_check /opt/stack/neutron/neutron/db/agents_db.py:317}}
Apr 23 17:17:28.279118 np0000169846 neutron-periodic-workers[106131]: DEBUG oslo.service.backend._threading.loopingcall [None req-6f5f1fa1-0ac9-4a0d-8825-2999259776c2 None None] Fixed interval looping call 'neutron.plugins.ml2.plugin.AgentDbMixin.agent_health_check' sleeping for 36.99 seconds {{(pid=106131) _run_loop /opt/stack/data/venv/lib/python3.12/site-packages/oslo_service/backend/_threading/loopingcall.py:125}}
Apr 23 17:17:38.276274 np0000169846 neutron-periodic-workers[106131]: DEBUG dbcounter [-] [106131] Writing DB stats neutron:SELECT=1 {{(pid=106131) stat_writer /opt/stack/data/venv/lib/python3.12/site-packages/dbcounter.py:115}}
Apr 23 17:17:38.290566 np0000169846 neutron-periodic-workers[106125]: DEBUG oslo.service.backend._threading.loopingcall [None req-a7162bd5-32f2-4e38-8acc-f7fa866525b5 None None] Fixed interval looping call 'neutron.plugins.ml2.plugin.DhcpAgentSchedulerDbMixin.remove_networks_from_down_agents' sleeping for 36.99 seconds {{(pid=106125) _run_loop /opt/stack/data/venv/lib/python3.12/site-packages/oslo_service/backend/_threading/loopingcall.py:125}}
Apr 23 17:17:48.289702 np0000169846 neutron-periodic-workers[106125]: DEBUG dbcounter [-] [106125] Writing DB stats neutron:SELECT=3 {{(pid=106125) stat_writer /opt/stack/data/venv/lib/python3.12/site-packages/dbcounter.py:115}}
Apr 23 17:18:03.354922 np0000169846 neutron-periodic-workers[106138]: DEBUG oslo.service.backend._threading.loopingcall [None req-345e4fcf-6014-4cd0-a4df-fb7b6f6ce2d6 None None] Fixed interval looping call 'neutron.db.quota.driver_nolock.DbQuotaNoLockDriver._remove_expired_reservations' sleeping for 119.99 seconds {{(pid=106138) _run_loop /opt/stack/data/venv/lib/python3.12/site-packages/oslo_service/backend/_threading/loopingcall.py:125}}
Apr 23 17:18:05.274504 np0000169846 neutron-periodic-workers[106131]: DEBUG neutron.db.agents_db [None req-6f5f1fa1-0ac9-4a0d-8825-2999259776c2 None None] Agent healthcheck: found 0 active agents {{(pid=106131) agent_health_check /opt/stack/neutron/neutron/db/agents_db.py:317}}
Apr 23 17:18:05.275171 np0000169846 neutron-periodic-workers[106131]: DEBUG oslo.service.backend._threading.loopingcall [None req-6f5f1fa1-0ac9-4a0d-8825-2999259776c2 None None] Fixed interval looping call 'neutron.plugins.ml2.plugin.AgentDbMixin.agent_health_check' sleeping for 37.00 seconds {{(pid=106131) _run_loop /opt/stack/data/venv/lib/python3.12/site-packages/oslo_service/backend/_threading/loopingcall.py:125}}
Apr 23 17:18:13.352969 np0000169846 neutron-periodic-workers[106138]: DEBUG dbcounter [-] [106138] Writing DB stats neutron:DELETE=1 {{(pid=106138) stat_writer /opt/stack/data/venv/lib/python3.12/site-packages/dbcounter.py:115}}
Apr 23 17:18:15.272704 np0000169846 neutron-periodic-workers[106131]: DEBUG dbcounter [-] [106131] Writing DB stats neutron:SELECT=1 {{(pid=106131) stat_writer /opt/stack/data/venv/lib/python3.12/site-packages/dbcounter.py:115}}
Apr 23 17:18:15.293221 np0000169846 neutron-periodic-workers[106125]: DEBUG oslo.service.backend._threading.loopingcall [None req-a7162bd5-32f2-4e38-8acc-f7fa866525b5 None None] Fixed interval looping call 'neutron.plugins.ml2.plugin.DhcpAgentSchedulerDbMixin.remove_networks_from_down_agents' sleeping for 36.99 seconds {{(pid=106125) _run_loop /opt/stack/data/venv/lib/python3.12/site-packages/oslo_service/backend/_threading/loopingcall.py:125}}
Apr 23 17:18:25.291542 np0000169846 neutron-periodic-workers[106125]: DEBUG dbcounter [-] [106125] Writing DB stats neutron:SELECT=3 {{(pid=106125) stat_writer /opt/stack/data/venv/lib/python3.12/site-packages/dbcounter.py:115}}
Apr 23 17:18:42.280757 np0000169846 neutron-periodic-workers[106131]: DEBUG neutron.db.agents_db [None req-6f5f1fa1-0ac9-4a0d-8825-2999259776c2 None None] Agent healthcheck: found 0 active agents {{(pid=106131) agent_health_check /opt/stack/neutron/neutron/db/agents_db.py:317}}
Apr 23 17:18:42.281777 np0000169846 neutron-periodic-workers[106131]: DEBUG oslo.service.backend._threading.loopingcall [None req-6f5f1fa1-0ac9-4a0d-8825-2999259776c2 None None] Fixed interval looping call 'neutron.plugins.ml2.plugin.AgentDbMixin.agent_health_check' sleeping for 36.99 seconds {{(pid=106131) _run_loop /opt/stack/data/venv/lib/python3.12/site-packages/oslo_service/backend/_threading/loopingcall.py:125}}
Apr 23 17:18:52.279512 np0000169846 neutron-periodic-workers[106131]: DEBUG dbcounter [-] [106131] Writing DB stats neutron:SELECT=1 {{(pid=106131) stat_writer /opt/stack/data/venv/lib/python3.12/site-packages/dbcounter.py:115}}
Apr 23 17:18:52.295303 np0000169846 neutron-periodic-workers[106125]: DEBUG oslo.service.backend._threading.loopingcall [None req-a7162bd5-32f2-4e38-8acc-f7fa866525b5 None None] Fixed interval looping call 'neutron.plugins.ml2.plugin.DhcpAgentSchedulerDbMixin.remove_networks_from_down_agents' sleeping for 36.99 seconds {{(pid=106125) _run_loop /opt/stack/data/venv/lib/python3.12/site-packages/oslo_service/backend/_threading/loopingcall.py:125}}
Apr 23 17:18:57.337893 np0000169846 neutron-periodic-workers[106145]: DEBUG oslo.service.backend._threading.loopingcall [None req-dfd6d428-7693-4cf0-aea1-55da3ce318a9 None None] Fixed interval looping call 'neutron.services.ovn_l3.plugin.L3_NAT_dbonly_mixin._clean_garbage' sleeping for 299.99 seconds {{(pid=106145) _run_loop /opt/stack/data/venv/lib/python3.12/site-packages/oslo_service/backend/_threading/loopingcall.py:125}}
Apr 23 17:19:02.294291 np0000169846 neutron-periodic-workers[106125]: DEBUG dbcounter [-] [106125] Writing DB stats neutron:SELECT=3 {{(pid=106125) stat_writer /opt/stack/data/venv/lib/python3.12/site-packages/dbcounter.py:115}}
Apr 23 17:19:07.328570 np0000169846 neutron-periodic-workers[106145]: DEBUG dbcounter [-] [106145] Writing DB stats neutron:SELECT=1 {{(pid=106145) stat_writer /opt/stack/data/venv/lib/python3.12/site-packages/dbcounter.py:115}}
Apr 23 17:19:19.276775 np0000169846 neutron-periodic-workers[106131]: DEBUG neutron.db.agents_db [None req-6f5f1fa1-0ac9-4a0d-8825-2999259776c2 None None] Agent healthcheck: found 0 active agents {{(pid=106131) agent_health_check /opt/stack/neutron/neutron/db/agents_db.py:317}}
Apr 23 17:19:19.277565 np0000169846 neutron-periodic-workers[106131]: DEBUG oslo.service.backend._threading.loopingcall [None req-6f5f1fa1-0ac9-4a0d-8825-2999259776c2 None None] Fixed interval looping call 'neutron.plugins.ml2.plugin.AgentDbMixin.agent_health_check' sleeping for 36.99 seconds {{(pid=106131) _run_loop /opt/stack/data/venv/lib/python3.12/site-packages/oslo_service/backend/_threading/loopingcall.py:125}}
Apr 23 17:19:29.274628 np0000169846 neutron-periodic-workers[106131]: DEBUG dbcounter [-] [106131] Writing DB stats neutron:SELECT=1 {{(pid=106131) stat_writer /opt/stack/data/venv/lib/python3.12/site-packages/dbcounter.py:115}}
Apr 23 17:19:29.296481 np0000169846 neutron-periodic-workers[106125]: DEBUG oslo.service.backend._threading.loopingcall [None req-a7162bd5-32f2-4e38-8acc-f7fa866525b5 None None] Fixed interval looping call 'neutron.plugins.ml2.plugin.DhcpAgentSchedulerDbMixin.remove_networks_from_down_agents' sleeping for 36.99 seconds {{(pid=106125) _run_loop /opt/stack/data/venv/lib/python3.12/site-packages/oslo_service/backend/_threading/loopingcall.py:125}}
Apr 23 17:19:39.295499 np0000169846 neutron-periodic-workers[106125]: DEBUG dbcounter [-] [106125] Writing DB stats neutron:SELECT=3 {{(pid=106125) stat_writer /opt/stack/data/venv/lib/python3.12/site-packages/dbcounter.py:115}}
Apr 23 17:19:56.272873 np0000169846 neutron-periodic-workers[106131]: DEBUG neutron.db.agents_db [None req-6f5f1fa1-0ac9-4a0d-8825-2999259776c2 None None] Agent healthcheck: found 0 active agents {{(pid=106131) agent_health_check /opt/stack/neutron/neutron/db/agents_db.py:317}}
Apr 23 17:19:56.273501 np0000169846 neutron-periodic-workers[106131]: DEBUG oslo.service.backend._threading.loopingcall [None req-6f5f1fa1-0ac9-4a0d-8825-2999259776c2 None None] Fixed interval looping call 'neutron.plugins.ml2.plugin.AgentDbMixin.agent_health_check' sleeping for 36.99 seconds {{(pid=106131) _run_loop /opt/stack/data/venv/lib/python3.12/site-packages/oslo_service/backend/_threading/loopingcall.py:125}}
Apr 23 17:20:03.350179 np0000169846 neutron-periodic-workers[106138]: DEBUG oslo.service.backend._threading.loopingcall [None req-345e4fcf-6014-4cd0-a4df-fb7b6f6ce2d6 None None] Fixed interval looping call 'neutron.db.quota.driver_nolock.DbQuotaNoLockDriver._remove_expired_reservations' sleeping for 120.00 seconds {{(pid=106138) _run_loop /opt/stack/data/venv/lib/python3.12/site-packages/oslo_service/backend/_threading/loopingcall.py:125}}
Apr 23 17:20:06.270354 np0000169846 neutron-periodic-workers[106131]: DEBUG dbcounter [-] [106131] Writing DB stats neutron:SELECT=1 {{(pid=106131) stat_writer /opt/stack/data/venv/lib/python3.12/site-packages/dbcounter.py:115}}
Apr 23 17:20:06.294689 np0000169846 neutron-periodic-workers[106125]: DEBUG oslo.service.backend._threading.loopingcall [None req-a7162bd5-32f2-4e38-8acc-f7fa866525b5 None None] Fixed interval looping call 'neutron.plugins.ml2.plugin.DhcpAgentSchedulerDbMixin.remove_networks_from_down_agents' sleeping for 36.99 seconds {{(pid=106125) _run_loop /opt/stack/data/venv/lib/python3.12/site-packages/oslo_service/backend/_threading/loopingcall.py:125}}
Apr 23 17:20:13.348540 np0000169846 neutron-periodic-workers[106138]: DEBUG dbcounter [-] [106138] Writing DB stats neutron:DELETE=1 {{(pid=106138) stat_writer /opt/stack/data/venv/lib/python3.12/site-packages/dbcounter.py:115}}
Apr 23 17:20:16.293900 np0000169846 neutron-periodic-workers[106125]: DEBUG dbcounter [-] [106125] Writing DB stats neutron:SELECT=3 {{(pid=106125) stat_writer /opt/stack/data/venv/lib/python3.12/site-packages/dbcounter.py:115}}
Apr 23 17:20:33.268927 np0000169846 neutron-periodic-workers[106131]: DEBUG neutron.db.agents_db [None req-6f5f1fa1-0ac9-4a0d-8825-2999259776c2 None None] Agent healthcheck: found 0 active agents {{(pid=106131) agent_health_check /opt/stack/neutron/neutron/db/agents_db.py:317}}
Apr 23 17:20:33.268927 np0000169846 neutron-periodic-workers[106131]: DEBUG oslo.service.backend._threading.loopingcall [None req-6f5f1fa1-0ac9-4a0d-8825-2999259776c2 None None] Fixed interval looping call 'neutron.plugins.ml2.plugin.AgentDbMixin.agent_health_check' sleeping for 36.99 seconds {{(pid=106131) _run_loop /opt/stack/data/venv/lib/python3.12/site-packages/oslo_service/backend/_threading/loopingcall.py:125}}
Apr 23 17:20:43.267371 np0000169846 neutron-periodic-workers[106131]: DEBUG dbcounter [-] [106131] Writing DB stats neutron:SELECT=1 {{(pid=106131) stat_writer /opt/stack/data/venv/lib/python3.12/site-packages/dbcounter.py:115}}
Apr 23 17:20:43.293433 np0000169846 neutron-periodic-workers[106125]: DEBUG oslo.service.backend._threading.loopingcall [None req-a7162bd5-32f2-4e38-8acc-f7fa866525b5 None None] Fixed interval looping call 'neutron.plugins.ml2.plugin.DhcpAgentSchedulerDbMixin.remove_networks_from_down_agents' sleeping for 36.99 seconds {{(pid=106125) _run_loop /opt/stack/data/venv/lib/python3.12/site-packages/oslo_service/backend/_threading/loopingcall.py:125}}
Apr 23 17:20:53.292388 np0000169846 neutron-periodic-workers[106125]: DEBUG dbcounter [-] [106125] Writing DB stats neutron:SELECT=3 {{(pid=106125) stat_writer /opt/stack/data/venv/lib/python3.12/site-packages/dbcounter.py:115}}
Apr 23 17:21:10.264648 np0000169846 neutron-periodic-workers[106131]: DEBUG neutron.db.agents_db [None req-6f5f1fa1-0ac9-4a0d-8825-2999259776c2 None None] Agent healthcheck: found 0 active agents {{(pid=106131) agent_health_check /opt/stack/neutron/neutron/db/agents_db.py:317}}
Apr 23 17:21:10.265384 np0000169846 neutron-periodic-workers[106131]: DEBUG oslo.service.backend._threading.loopingcall [None req-6f5f1fa1-0ac9-4a0d-8825-2999259776c2 None None] Fixed interval looping call 'neutron.plugins.ml2.plugin.AgentDbMixin.agent_health_check' sleeping for 36.99 seconds {{(pid=106131) _run_loop /opt/stack/data/venv/lib/python3.12/site-packages/oslo_service/backend/_threading/loopingcall.py:125}}
Apr 23 17:21:20.262639 np0000169846 neutron-periodic-workers[106131]: DEBUG dbcounter [-] [106131] Writing DB stats neutron:SELECT=1 {{(pid=106131) stat_writer /opt/stack/data/venv/lib/python3.12/site-packages/dbcounter.py:115}}
Apr 23 17:21:20.293044 np0000169846 neutron-periodic-workers[106125]: DEBUG oslo.service.backend._threading.loopingcall [None req-a7162bd5-32f2-4e38-8acc-f7fa866525b5 None None] Fixed interval looping call 'neutron.plugins.ml2.plugin.DhcpAgentSchedulerDbMixin.remove_networks_from_down_agents' sleeping for 36.99 seconds {{(pid=106125) _run_loop /opt/stack/data/venv/lib/python3.12/site-packages/oslo_service/backend/_threading/loopingcall.py:125}}
Apr 23 17:21:30.292025 np0000169846 neutron-periodic-workers[106125]: DEBUG dbcounter [-] [106125] Writing DB stats neutron:SELECT=3 {{(pid=106125) stat_writer /opt/stack/data/venv/lib/python3.12/site-packages/dbcounter.py:115}}
Apr 23 17:21:47.260858 np0000169846 neutron-periodic-workers[106131]: DEBUG neutron.db.agents_db [None req-6f5f1fa1-0ac9-4a0d-8825-2999259776c2 None None] Agent healthcheck: found 0 active agents {{(pid=106131) agent_health_check /opt/stack/neutron/neutron/db/agents_db.py:317}}
Apr 23 17:21:47.261542 np0000169846 neutron-periodic-workers[106131]: DEBUG oslo.service.backend._threading.loopingcall [None req-6f5f1fa1-0ac9-4a0d-8825-2999259776c2 None None] Fixed interval looping call 'neutron.plugins.ml2.plugin.AgentDbMixin.agent_health_check' sleeping for 36.99 seconds {{(pid=106131) _run_loop /opt/stack/data/venv/lib/python3.12/site-packages/oslo_service/backend/_threading/loopingcall.py:125}}
Apr 23 17:21:57.259666 np0000169846 neutron-periodic-workers[106131]: DEBUG dbcounter [-] [106131] Writing DB stats neutron:SELECT=1 {{(pid=106131) stat_writer /opt/stack/data/venv/lib/python3.12/site-packages/dbcounter.py:115}}
Apr 23 17:21:57.292000 np0000169846 neutron-periodic-workers[106125]: DEBUG oslo.service.backend._threading.loopingcall [None req-a7162bd5-32f2-4e38-8acc-f7fa866525b5 None None] Fixed interval looping call 'neutron.plugins.ml2.plugin.DhcpAgentSchedulerDbMixin.remove_networks_from_down_agents' sleeping for 36.99 seconds {{(pid=106125) _run_loop /opt/stack/data/venv/lib/python3.12/site-packages/oslo_service/backend/_threading/loopingcall.py:125}}
Apr 23 17:22:03.354084 np0000169846 neutron-periodic-workers[106138]: DEBUG oslo.service.backend._threading.loopingcall [None req-345e4fcf-6014-4cd0-a4df-fb7b6f6ce2d6 None None] Fixed interval looping call 'neutron.db.quota.driver_nolock.DbQuotaNoLockDriver._remove_expired_reservations' sleeping for 120.00 seconds {{(pid=106138) _run_loop /opt/stack/data/venv/lib/python3.12/site-packages/oslo_service/backend/_threading/loopingcall.py:125}}
Apr 23 17:22:07.291038 np0000169846 neutron-periodic-workers[106125]: DEBUG dbcounter [-] [106125] Writing DB stats neutron:SELECT=3 {{(pid=106125) stat_writer /opt/stack/data/venv/lib/python3.12/site-packages/dbcounter.py:115}}
Apr 23 17:22:13.353140 np0000169846 neutron-periodic-workers[106138]: DEBUG dbcounter [-] [106138] Writing DB stats neutron:DELETE=1 {{(pid=106138) stat_writer /opt/stack/data/venv/lib/python3.12/site-packages/dbcounter.py:115}}
Apr 23 17:22:24.256015 np0000169846 neutron-periodic-workers[106131]: DEBUG neutron.db.agents_db [None req-6f5f1fa1-0ac9-4a0d-8825-2999259776c2 None None] Agent healthcheck: found 0 active agents {{(pid=106131) agent_health_check /opt/stack/neutron/neutron/db/agents_db.py:317}}
Apr 23 17:22:24.256481 np0000169846 neutron-periodic-workers[106131]: DEBUG oslo.service.backend._threading.loopingcall [None req-6f5f1fa1-0ac9-4a0d-8825-2999259776c2 None None] Fixed interval looping call 'neutron.plugins.ml2.plugin.AgentDbMixin.agent_health_check' sleeping for 37.00 seconds {{(pid=106131) _run_loop /opt/stack/data/venv/lib/python3.12/site-packages/oslo_service/backend/_threading/loopingcall.py:125}}
Apr 23 17:22:34.254779 np0000169846 neutron-periodic-workers[106131]: DEBUG dbcounter [-] [106131] Writing DB stats neutron:SELECT=1 {{(pid=106131) stat_writer /opt/stack/data/venv/lib/python3.12/site-packages/dbcounter.py:115}}
Apr 23 17:22:34.290252 np0000169846 neutron-periodic-workers[106125]: DEBUG oslo.service.backend._threading.loopingcall [None req-a7162bd5-32f2-4e38-8acc-f7fa866525b5 None None] Fixed interval looping call 'neutron.plugins.ml2.plugin.DhcpAgentSchedulerDbMixin.remove_networks_from_down_agents' sleeping for 36.99 seconds {{(pid=106125) _run_loop /opt/stack/data/venv/lib/python3.12/site-packages/oslo_service/backend/_threading/loopingcall.py:125}}
Apr 23 17:22:44.289455 np0000169846 neutron-periodic-workers[106125]: DEBUG dbcounter [-] [106125] Writing DB stats neutron:SELECT=3 {{(pid=106125) stat_writer /opt/stack/data/venv/lib/python3.12/site-packages/dbcounter.py:115}}
