Apr 23 17:12:02.370869 np0000169846 devstack@neutron-api.service[104398]: DEBUG neutron_lib.callbacks.manager [None req-efaa7e91-0763-4558-afd5-108725e0fd2d None None] Subscribe: > floatingip after_create 55550000, False {{(pid=104398) subscribe /opt/stack/data/venv/lib/python3.12/site-packages/neutron_lib/callbacks/manager.py:52}}
Apr 23 17:12:02.370998 np0000169846 devstack@neutron-api.service[104398]: DEBUG neutron_lib.callbacks.manager [None req-efaa7e91-0763-4558-afd5-108725e0fd2d None None] Subscribe: > floatingip precommit_create 55550000, False {{(pid=104398) subscribe /opt/stack/data/venv/lib/python3.12/site-packages/neutron_lib/callbacks/manager.py:52}}
Apr 23 17:12:02.371213 np0000169846 devstack@neutron-api.service[104398]: DEBUG neutron_lib.callbacks.manager [None req-efaa7e91-0763-4558-afd5-108725e0fd2d None None] Subscribe: > floatingip precommit_update 55550000, False {{(pid=104398) subscribe /opt/stack/data/venv/lib/python3.12/site-packages/neutron_lib/callbacks/manager.py:52}}
Apr 23 17:12:02.371213 np0000169846 devstack@neutron-api.service[104398]: DEBUG neutron_lib.callbacks.manager [None req-efaa7e91-0763-4558-afd5-108725e0fd2d None None] Subscribe: > floatingip after_delete 55550000, False {{(pid=104398) subscribe /opt/stack/data/venv/lib/python3.12/site-packages/neutron_lib/callbacks/manager.py:52}}
Apr 23 17:12:02.371301 np0000169846 devstack@neutron-api.service[104398]: DEBUG neutron_lib.callbacks.manager [None req-efaa7e91-0763-4558-afd5-108725e0fd2d None None] Subscribe: > floatingip after_status_update 55550000, False {{(pid=104398) subscribe /opt/stack/data/venv/lib/python3.12/site-packages/neutron_lib/callbacks/manager.py:52}}
Apr 23 17:12:02.371458 np0000169846 devstack@neutron-api.service[104398]: DEBUG neutron_lib.callbacks.manager [None req-efaa7e91-0763-4558-afd5-108725e0fd2d None None] Subscribe: > floatingip after_update 55550000, False {{(pid=104398) subscribe /opt/stack/data/venv/lib/python3.12/site-packages/neutron_lib/callbacks/manager.py:52}}
Apr 23 17:12:02.371458 np0000169846 devstack@neutron-api.service[104398]: DEBUG neutron_lib.callbacks.manager [None req-efaa7e91-0763-4558-afd5-108725e0fd2d None None] Subscribe: > port_forwarding after_create 55550000, False {{(pid=104398) subscribe /opt/stack/data/venv/lib/python3.12/site-packages/neutron_lib/callbacks/manager.py:52}}
Apr 23 17:12:02.371576 np0000169846 devstack@neutron-api.service[104398]: DEBUG neutron_lib.callbacks.manager [None req-efaa7e91-0763-4558-afd5-108725e0fd2d None None] Subscribe: > router_interface after_delete 55550000, False {{(pid=104398) subscribe /opt/stack/data/venv/lib/python3.12/site-packages/neutron_lib/callbacks/manager.py:52}}
Apr 23 17:12:02.371691 np0000169846 devstack@neutron-api.service[104398]: DEBUG neutron_lib.callbacks.manager [None req-efaa7e91-0763-4558-afd5-108725e0fd2d None None] Subscribe: > router after_create 55550000, False {{(pid=104398) subscribe /opt/stack/data/venv/lib/python3.12/site-packages/neutron_lib/callbacks/manager.py:52}}
Apr 23 17:12:02.371847 np0000169846 devstack@neutron-api.service[104398]: DEBUG neutron_lib.callbacks.manager [None req-efaa7e91-0763-4558-afd5-108725e0fd2d None None] Subscribe: > router precommit_create 55550000, False {{(pid=104398) subscribe /opt/stack/data/venv/lib/python3.12/site-packages/neutron_lib/callbacks/manager.py:52}}
Apr 23 17:12:02.371847 np0000169846 devstack@neutron-api.service[104398]: DEBUG neutron_lib.callbacks.manager [None req-efaa7e91-0763-4558-afd5-108725e0fd2d None None] Subscribe: > router after_delete 55550000, False {{(pid=104398) subscribe /opt/stack/data/venv/lib/python3.12/site-packages/neutron_lib/callbacks/manager.py:52}}
Apr 23 17:12:02.371943 np0000169846 devstack@neutron-api.service[104398]: DEBUG neutron_lib.callbacks.manager [None req-efaa7e91-0763-4558-afd5-108725e0fd2d None None] Subscribe: > router after_update 55550000, False {{(pid=104398) subscribe /opt/stack/data/venv/lib/python3.12/site-packages/neutron_lib/callbacks/manager.py:52}}
Apr 23 17:12:02.372045 np0000169846 devstack@neutron-api.service[104398]: DEBUG neutron.services.service_base [None req-efaa7e91-0763-4558-afd5-108725e0fd2d None None] Loaded 'neutron.services.ovn_l3.service_providers.ovn.OvnDriver' provider for service L3_ROUTER_NAT {{(pid=104398) load_drivers /opt/stack/neutron/neutron/services/service_base.py:49}}
Apr 23 17:12:02.372105 np0000169846 devstack@neutron-api.service[104397]: DEBUG neutron.plugins.ml2.plugin [None req-cae3c1fa-bef9-4f5b-90e6-156a9cc614b6 None None] neutron.plugins.ml2.plugin.Ml2Plugin method _start_rpc_notifiers called with arguments () {} {{(pid=104397) wrapper /opt/stack/data/venv/lib/python3.12/site-packages/oslo_log/helpers.py:77}}
Apr 23 17:12:02.372623 np0000169846 devstack@neutron-api.service[104398]: DEBUG neutron_lib.callbacks.manager [None req-efaa7e91-0763-4558-afd5-108725e0fd2d None None] Subscribe: > process after_init 55550001, True {{(pid=104398) subscribe /opt/stack/data/venv/lib/python3.12/site-packages/neutron_lib/callbacks/manager.py:52}}
Apr 23 17:12:02.372623 np0000169846 devstack@neutron-api.service[104398]: DEBUG neutron.manager [None req-efaa7e91-0763-4558-afd5-108725e0fd2d None None] Successfully loaded L3_ROUTER_NAT plugin. Description: L3 Router Service Plugin for basic L3 forwarding using OVN {{(pid=104398) _create_and_add_service_plugin /opt/stack/neutron/neutron/manager.py:239}}
Apr 23 17:12:02.372623 np0000169846 devstack@neutron-api.service[104398]: INFO neutron.manager [None req-efaa7e91-0763-4558-afd5-108725e0fd2d None None] Loading Plugin: auto_allocate
Apr 23 17:12:02.373149 np0000169846 devstack@neutron-api.service[104397]: DEBUG neutron_lib.callbacks.manager [None req-cae3c1fa-bef9-4f5b-90e6-156a9cc614b6 None None] Subscribe: > port after_create 55550000, False {{(pid=104397) subscribe /opt/stack/data/venv/lib/python3.12/site-packages/neutron_lib/callbacks/manager.py:52}}
Apr 23 17:12:02.373149 np0000169846 devstack@neutron-api.service[104397]: DEBUG neutron_lib.callbacks.manager [None req-cae3c1fa-bef9-4f5b-90e6-156a9cc614b6 None None] Subscribe: > port after_update 55550000, False {{(pid=104397) subscribe /opt/stack/data/venv/lib/python3.12/site-packages/neutron_lib/callbacks/manager.py:52}}
Apr 23 17:12:02.373149 np0000169846 devstack@neutron-api.service[104397]: DEBUG neutron_lib.callbacks.manager [None req-cae3c1fa-bef9-4f5b-90e6-156a9cc614b6 None None] Subscribe: > port after_delete 55550000, False {{(pid=104397) subscribe /opt/stack/data/venv/lib/python3.12/site-packages/neutron_lib/callbacks/manager.py:52}}
Apr 23 17:12:02.373149 np0000169846 devstack@neutron-api.service[104397]: DEBUG neutron_lib.callbacks.manager [None req-cae3c1fa-bef9-4f5b-90e6-156a9cc614b6 None None] Subscribe: > subnet after_create 55550000, False {{(pid=104397) subscribe /opt/stack/data/venv/lib/python3.12/site-packages/neutron_lib/callbacks/manager.py:52}}
Apr 23 17:12:02.373315 np0000169846 devstack@neutron-api.service[104397]: DEBUG neutron_lib.callbacks.manager [None req-cae3c1fa-bef9-4f5b-90e6-156a9cc614b6 None None] Subscribe: > subnet after_update 55550000, False {{(pid=104397) subscribe /opt/stack/data/venv/lib/python3.12/site-packages/neutron_lib/callbacks/manager.py:52}}
Apr 23 17:12:02.373315 np0000169846 devstack@neutron-api.service[104397]: DEBUG neutron_lib.callbacks.manager [None req-cae3c1fa-bef9-4f5b-90e6-156a9cc614b6 None None] Subscribe: > subnet after_delete 55550000, False {{(pid=104397) subscribe /opt/stack/data/venv/lib/python3.12/site-packages/neutron_lib/callbacks/manager.py:52}}
Apr 23 17:12:02.373536 np0000169846 devstack@neutron-api.service[104398]: DEBUG neutron_lib.callbacks.manager [None req-efaa7e91-0763-4558-afd5-108725e0fd2d None None] Subscribe: network precommit_update 55550000, False {{(pid=104398) subscribe /opt/stack/data/venv/lib/python3.12/site-packages/neutron_lib/callbacks/manager.py:52}}
Apr 23 17:12:02.373536 np0000169846 devstack@neutron-api.service[104398]: DEBUG neutron_lib.callbacks.manager [None req-efaa7e91-0763-4558-afd5-108725e0fd2d None None] Subscribe: network precommit_create 55550000, False {{(pid=104398) subscribe /opt/stack/data/venv/lib/python3.12/site-packages/neutron_lib/callbacks/manager.py:52}}
Apr 23 17:12:02.373641 np0000169846 devstack@neutron-api.service[104397]: DEBUG neutron_lib.callbacks.manager [None req-cae3c1fa-bef9-4f5b-90e6-156a9cc614b6 None None] Subscribe: > network after_create 55550000, False {{(pid=104397) subscribe /opt/stack/data/venv/lib/python3.12/site-packages/neutron_lib/callbacks/manager.py:52}}
Apr 23 17:12:02.373641 np0000169846 devstack@neutron-api.service[104397]: DEBUG neutron_lib.callbacks.manager [None req-cae3c1fa-bef9-4f5b-90e6-156a9cc614b6 None None] Subscribe: > network after_update 55550000, False {{(pid=104397) subscribe /opt/stack/data/venv/lib/python3.12/site-packages/neutron_lib/callbacks/manager.py:52}}
Apr 23 17:12:02.373782 np0000169846 devstack@neutron-api.service[104398]: DEBUG neutron.manager [None req-efaa7e91-0763-4558-afd5-108725e0fd2d None None] Successfully loaded auto-allocated-topology plugin. Description: Auto Allocated Topology - aka get me a network. {{(pid=104398) _create_and_add_service_plugin /opt/stack/neutron/neutron/manager.py:239}}
Apr 23 17:12:02.373782 np0000169846 devstack@neutron-api.service[104398]: INFO neutron.manager [None req-efaa7e91-0763-4558-afd5-108725e0fd2d None None] Loading Plugin: tag
Apr 23 17:12:02.373958 np0000169846 devstack@neutron-api.service[104397]: DEBUG neutron_lib.callbacks.manager [None req-cae3c1fa-bef9-4f5b-90e6-156a9cc614b6 None None] Subscribe: > network after_delete 55550000, False {{(pid=104397) subscribe /opt/stack/data/venv/lib/python3.12/site-packages/neutron_lib/callbacks/manager.py:52}}
Apr 23 17:12:02.373958 np0000169846 devstack@neutron-api.service[104397]: DEBUG neutron_lib.callbacks.manager [None req-cae3c1fa-bef9-4f5b-90e6-156a9cc614b6 None None] Subscribe: > security_group after_create 55550000, False {{(pid=104397) subscribe /opt/stack/data/venv/lib/python3.12/site-packages/neutron_lib/callbacks/manager.py:52}}
Apr 23 17:12:02.373958 np0000169846 devstack@neutron-api.service[104397]: DEBUG neutron_lib.callbacks.manager [None req-cae3c1fa-bef9-4f5b-90e6-156a9cc614b6 None None] Subscribe: > security_group after_update 55550000, False {{(pid=104397) subscribe /opt/stack/data/venv/lib/python3.12/site-packages/neutron_lib/callbacks/manager.py:52}}
Apr 23 17:12:02.374074 np0000169846 devstack@neutron-api.service[104397]: DEBUG neutron_lib.callbacks.manager [None req-cae3c1fa-bef9-4f5b-90e6-156a9cc614b6 None None] Subscribe: > security_group after_delete 55550000, False {{(pid=104397) subscribe /opt/stack/data/venv/lib/python3.12/site-packages/neutron_lib/callbacks/manager.py:52}}
Apr 23 17:12:02.374262 np0000169846 devstack@neutron-api.service[104397]: DEBUG neutron_lib.callbacks.manager [None req-cae3c1fa-bef9-4f5b-90e6-156a9cc614b6 None None] Subscribe: > security_group_rule after_create 55550000, False {{(pid=104397) subscribe /opt/stack/data/venv/lib/python3.12/site-packages/neutron_lib/callbacks/manager.py:52}}
Apr 23 17:12:02.374507 np0000169846 devstack@neutron-api.service[104397]: DEBUG neutron_lib.callbacks.manager [None req-cae3c1fa-bef9-4f5b-90e6-156a9cc614b6 None None] Subscribe: > security_group_rule after_update 55550000, False {{(pid=104397) subscribe /opt/stack/data/venv/lib/python3.12/site-packages/neutron_lib/callbacks/manager.py:52}}
Apr 23 17:12:02.374708 np0000169846 devstack@neutron-api.service[104397]: DEBUG neutron_lib.callbacks.manager [None req-cae3c1fa-bef9-4f5b-90e6-156a9cc614b6 None None] Subscribe: > security_group_rule after_delete 55550000, False {{(pid=104397) subscribe /opt/stack/data/venv/lib/python3.12/site-packages/neutron_lib/callbacks/manager.py:52}}
Apr 23 17:12:02.374912 np0000169846 devstack@neutron-api.service[104397]: DEBUG neutron_lib.callbacks.manager [None req-cae3c1fa-bef9-4f5b-90e6-156a9cc614b6 None None] Subscribe: > address_group after_create 55550000, False {{(pid=104397) subscribe /opt/stack/data/venv/lib/python3.12/site-packages/neutron_lib/callbacks/manager.py:52}}
Apr 23 17:12:02.375034 np0000169846 devstack@neutron-api.service[104397]: DEBUG neutron_lib.callbacks.manager [None req-cae3c1fa-bef9-4f5b-90e6-156a9cc614b6 None None] Subscribe: > address_group after_update 55550000, False {{(pid=104397) subscribe /opt/stack/data/venv/lib/python3.12/site-packages/neutron_lib/callbacks/manager.py:52}}
Apr 23 17:12:02.375145 np0000169846 devstack@neutron-api.service[104397]: DEBUG neutron_lib.callbacks.manager [None req-cae3c1fa-bef9-4f5b-90e6-156a9cc614b6 None None] Subscribe: > address_group after_delete 55550000, False {{(pid=104397) subscribe /opt/stack/data/venv/lib/python3.12/site-packages/neutron_lib/callbacks/manager.py:52}}
Apr 23 17:12:02.375296 np0000169846 devstack@neutron-api.service[104397]: DEBUG neutron.plugins.ml2.ovo_rpc [None req-cae3c1fa-bef9-4f5b-90e6-156a9cc614b6 None None] ML2 OVO RPC backend initialized. {{(pid=104397) __init__ /opt/stack/neutron/neutron/plugins/ml2/ovo_rpc.py:117}}
Apr 23 17:12:02.376142 np0000169846 devstack@neutron-api.service[104398]: DEBUG neutron.manager [None req-efaa7e91-0763-4558-afd5-108725e0fd2d None None] Successfully loaded TAG plugin. Description: Tag support {{(pid=104398) _create_and_add_service_plugin /opt/stack/neutron/neutron/manager.py:239}}
Apr 23 17:12:02.376287 np0000169846 devstack@neutron-api.service[104398]: INFO neutron.manager [None req-efaa7e91-0763-4558-afd5-108725e0fd2d None None] Loading Plugin: timestamp
Apr 23 17:12:02.377445 np0000169846 devstack@neutron-api.service[104398]: DEBUG neutron.manager [None req-efaa7e91-0763-4558-afd5-108725e0fd2d None None] Successfully loaded timestamp plugin. Description: Adds timestamps to Neutron resources with standard attributes {{(pid=104398) _create_and_add_service_plugin /opt/stack/neutron/neutron/manager.py:239}}
Apr 23 17:12:02.377530 np0000169846 devstack@neutron-api.service[104398]: INFO neutron.manager [None req-efaa7e91-0763-4558-afd5-108725e0fd2d None None] Loading Plugin: network_ip_availability
Apr 23 17:12:02.377558 np0000169846 devstack@neutron-api.service[104397]: INFO neutron.quota [None req-cae3c1fa-bef9-4f5b-90e6-156a9cc614b6 None None] Loaded quota_driver: .
Apr 23 17:12:02.377758 np0000169846 devstack@neutron-api.service[104399]: INFO neutron.plugins.ml2.drivers.type_vlan [None req-f2cc6558-588d-4693-bb46-c83b850ec3a5 None None] VlanTypeDriver initialization complete
Apr 23 17:12:02.377945 np0000169846 devstack@neutron-api.service[104399]: INFO neutron.plugins.ml2.managers [None req-f2cc6558-588d-4693-bb46-c83b850ec3a5 None None] Initializing extension driver 'port_security'
Apr 23 17:12:02.378019 np0000169846 devstack@neutron-api.service[104399]: INFO neutron.plugins.ml2.extensions.port_security [None req-f2cc6558-588d-4693-bb46-c83b850ec3a5 None None] PortSecurityExtensionDriver initialization complete
Apr 23 17:12:02.378083 np0000169846 devstack@neutron-api.service[104399]: INFO neutron.plugins.ml2.managers [None req-f2cc6558-588d-4693-bb46-c83b850ec3a5 None None] Initializing extension driver 'qos'
Apr 23 17:12:02.378145 np0000169846 devstack@neutron-api.service[104397]: INFO neutron.plugins.ml2.plugin [None req-cae3c1fa-bef9-4f5b-90e6-156a9cc614b6 None None] Modular L2 Plugin initialization complete
Apr 23 17:12:02.378174 np0000169846 devstack@neutron-api.service[104399]: DEBUG neutron.plugins.ml2.extensions.qos [None req-f2cc6558-588d-4693-bb46-c83b850ec3a5 None None] QosExtensionDriver initialization complete {{(pid=104399) initialize /opt/stack/neutron/neutron/plugins/ml2/extensions/qos.py:31}}
Apr 23 17:12:02.378258 np0000169846 devstack@neutron-api.service[104399]: INFO neutron.plugins.ml2.managers [None req-f2cc6558-588d-4693-bb46-c83b850ec3a5 None None] Initializing mechanism driver 'ovn'
Apr 23 17:12:02.378368 np0000169846 devstack@neutron-api.service[104399]: INFO neutron.plugins.ml2.drivers.ovn.mech_driver.mech_driver [None req-f2cc6558-588d-4693-bb46-c83b850ec3a5 None None] Starting OVNMechanismDriver
Apr 23 17:12:02.378710 np0000169846 devstack@neutron-api.service[104397]: DEBUG neutron.manager [None req-cae3c1fa-bef9-4f5b-90e6-156a9cc614b6 None None] Loading services supported by the core plugin {{(pid=104397) _load_services_from_core_plugin /opt/stack/neutron/neutron/manager.py:170}}
Apr 23 17:12:02.378956 np0000169846 devstack@neutron-api.service[104398]: DEBUG neutron.manager [None req-efaa7e91-0763-4558-afd5-108725e0fd2d None None] Successfully loaded network-ip-availability plugin. Description: Provides IP availability data for each network and subnet. {{(pid=104398) _create_and_add_service_plugin /opt/stack/neutron/neutron/manager.py:239}}
Apr 23 17:12:02.378990 np0000169846 devstack@neutron-api.service[104397]: INFO neutron.plugins.ml2.managers [None req-cae3c1fa-bef9-4f5b-90e6-156a9cc614b6 None None] Got port-security extension from driver 'port_security'
Apr 23 17:12:02.379021 np0000169846 devstack@neutron-api.service[104398]: INFO neutron.manager [None req-efaa7e91-0763-4558-afd5-108725e0fd2d None None] Loading Plugin: flavors
Apr 23 17:12:02.379519 np0000169846 devstack@neutron-api.service[104397]: DEBUG neutron.manager [None req-cae3c1fa-bef9-4f5b-90e6-156a9cc614b6 None None] Loading service plugins: ['ovn-router', 'auto_allocate', 'tag', 'timestamp', 'network_ip_availability', 'flavors', 'revisions'] {{(pid=104397) _load_service_plugins /opt/stack/neutron/neutron/manager.py:195}}
Apr 23 17:12:02.379713 np0000169846 devstack@neutron-api.service[104397]: INFO neutron.manager [None req-cae3c1fa-bef9-4f5b-90e6-156a9cc614b6 None None] Loading Plugin: ovn-router
Apr 23 17:12:02.379888 np0000169846 devstack@neutron-api.service[104398]: DEBUG neutron.manager [None req-efaa7e91-0763-4558-afd5-108725e0fd2d None None] Successfully loaded FLAVORS plugin. Description: Neutron Flavors and Service Profiles manager plugin {{(pid=104398) _create_and_add_service_plugin /opt/stack/neutron/neutron/manager.py:239}}
Apr 23 17:12:02.379984 np0000169846 devstack@neutron-api.service[104398]: INFO neutron.manager [None req-efaa7e91-0763-4558-afd5-108725e0fd2d None None] Loading Plugin: revisions
Apr 23 17:12:02.380015 np0000169846 devstack@neutron-api.service[104399]: DEBUG neutron_lib.callbacks.manager [None req-f2cc6558-588d-4693-bb46-c83b850ec3a5 None None] Subscribe: > process before_spawn 55550000, False {{(pid=104399) subscribe /opt/stack/data/venv/lib/python3.12/site-packages/neutron_lib/callbacks/manager.py:52}}
Apr 23 17:12:02.380119 np0000169846 devstack@neutron-api.service[104399]: DEBUG neutron_lib.callbacks.manager [None req-f2cc6558-588d-4693-bb46-c83b850ec3a5 None None] Subscribe: > process after_init 55550000, True {{(pid=104399) subscribe /opt/stack/data/venv/lib/python3.12/site-packages/neutron_lib/callbacks/manager.py:52}}
Apr 23 17:12:02.380226 np0000169846 devstack@neutron-api.service[104399]: DEBUG neutron_lib.callbacks.manager [None req-f2cc6558-588d-4693-bb46-c83b850ec3a5 None None] Subscribe: > segment after_create 55550000, False {{(pid=104399) subscribe /opt/stack/data/venv/lib/python3.12/site-packages/neutron_lib/callbacks/manager.py:52}}
Apr 23 17:12:02.380352 np0000169846 devstack@neutron-api.service[104399]: DEBUG neutron_lib.callbacks.manager [None req-f2cc6558-588d-4693-bb46-c83b850ec3a5 None None] Subscribe: > segment after_create 55550000, False {{(pid=104399) subscribe /opt/stack/data/venv/lib/python3.12/site-packages/neutron_lib/callbacks/manager.py:52}}
Apr 23 17:12:02.380474 np0000169846 devstack@neutron-api.service[104399]: DEBUG neutron_lib.callbacks.manager [None req-f2cc6558-588d-4693-bb46-c83b850ec3a5 None None] Subscribe: > segment after_delete 55550000, False {{(pid=104399) subscribe /opt/stack/data/venv/lib/python3.12/site-packages/neutron_lib/callbacks/manager.py:52}}
Apr 23 17:12:02.380576 np0000169846 devstack@neutron-api.service[104399]: DEBUG neutron_lib.callbacks.manager [None req-f2cc6558-588d-4693-bb46-c83b850ec3a5 None None] Subscribe: > allowed_address_pair before_create 55550000, False {{(pid=104399) subscribe /opt/stack/data/venv/lib/python3.12/site-packages/neutron_lib/callbacks/manager.py:52}}
Apr 23 17:12:02.380668 np0000169846 devstack@neutron-api.service[104399]: DEBUG neutron_lib.callbacks.manager [None req-f2cc6558-588d-4693-bb46-c83b850ec3a5 None None] Subscribe: > security_group precommit_create 55550000, False {{(pid=104399) subscribe /opt/stack/data/venv/lib/python3.12/site-packages/neutron_lib/callbacks/manager.py:52}}
Apr 23 17:12:02.380773 np0000169846 devstack@neutron-api.service[104399]: DEBUG neutron_lib.callbacks.manager [None req-f2cc6558-588d-4693-bb46-c83b850ec3a5 None None] Subscribe: > security_group after_update 55550000, False {{(pid=104399) subscribe /opt/stack/data/venv/lib/python3.12/site-packages/neutron_lib/callbacks/manager.py:52}}
Apr 23 17:12:02.380875 np0000169846 devstack@neutron-api.service[104399]: DEBUG neutron_lib.callbacks.manager [None req-f2cc6558-588d-4693-bb46-c83b850ec3a5 None None] Subscribe: > security_group after_create 55550000, False {{(pid=104399) subscribe /opt/stack/data/venv/lib/python3.12/site-packages/neutron_lib/callbacks/manager.py:52}}
Apr 23 17:12:02.380996 np0000169846 devstack@neutron-api.service[104399]: DEBUG neutron_lib.callbacks.manager [None req-f2cc6558-588d-4693-bb46-c83b850ec3a5 None None] Subscribe: > security_group precommit_delete 55550000, False {{(pid=104399) subscribe /opt/stack/data/venv/lib/python3.12/site-packages/neutron_lib/callbacks/manager.py:52}}
Apr 23 17:12:02.381034 np0000169846 devstack@neutron-api.service[104398]: DEBUG neutron.manager [None req-efaa7e91-0763-4558-afd5-108725e0fd2d None None] Successfully loaded revision_plugin plugin. Description: Adds revision numbers to resources. {{(pid=104398) _create_and_add_service_plugin /opt/stack/neutron/neutron/manager.py:239}}
Apr 23 17:12:02.381096 np0000169846 devstack@neutron-api.service[104399]: DEBUG neutron_lib.callbacks.manager [None req-f2cc6558-588d-4693-bb46-c83b850ec3a5 None None] Subscribe: > security_group after_delete 55550000, False {{(pid=104399) subscribe /opt/stack/data/venv/lib/python3.12/site-packages/neutron_lib/callbacks/manager.py:52}}
Apr 23 17:12:02.381127 np0000169846 devstack@neutron-api.service[104398]: DEBUG oslo_concurrency.lockutils [None req-efaa7e91-0763-4558-afd5-108725e0fd2d None None] Lock "manager" "released" by "neutron.manager.NeutronManager._create_instance" :: held 4.377s {{(pid=104398) inner /opt/stack/data/venv/lib/python3.12/site-packages/oslo_concurrency/lockutils.py:538}}
Apr 23 17:12:02.381169 np0000169846 devstack@neutron-api.service[104399]: DEBUG neutron_lib.callbacks.manager [None req-f2cc6558-588d-4693-bb46-c83b850ec3a5 None None] Subscribe: > security_group_rule precommit_create 55550000, False {{(pid=104399) subscribe /opt/stack/data/venv/lib/python3.12/site-packages/neutron_lib/callbacks/manager.py:52}}
Apr 23 17:12:02.381284 np0000169846 devstack@neutron-api.service[104399]: DEBUG neutron_lib.callbacks.manager [None req-f2cc6558-588d-4693-bb46-c83b850ec3a5 None None] Subscribe: > security_group_rule after_create 55550000, False {{(pid=104399) subscribe /opt/stack/data/venv/lib/python3.12/site-packages/neutron_lib/callbacks/manager.py:52}}
Apr 23 17:12:02.381317 np0000169846 devstack@neutron-api.service[104398]: DEBUG neutron.api.extensions [None req-efaa7e91-0763-4558-afd5-108725e0fd2d None None] get_extension_paths = OrderedDict({'/opt/stack/neutron/neutron/extensions': 1}) {{(pid=104398) get_extensions_path /opt/stack/neutron/neutron/api/extensions.py:640}}
Apr 23 17:12:02.381387 np0000169846 devstack@neutron-api.service[104399]: DEBUG neutron_lib.callbacks.manager [None req-f2cc6558-588d-4693-bb46-c83b850ec3a5 None None] Subscribe: > security_group_rule before_delete 55550000, False {{(pid=104399) subscribe /opt/stack/data/venv/lib/python3.12/site-packages/neutron_lib/callbacks/manager.py:52}}
Apr 23 17:12:02.381420 np0000169846 devstack@neutron-api.service[104398]: INFO neutron.api.extensions [None req-efaa7e91-0763-4558-afd5-108725e0fd2d None None] Initializing extension manager.
Apr 23 17:12:02.381508 np0000169846 devstack@neutron-api.service[104399]: DEBUG neutron_lib.callbacks.manager [None req-f2cc6558-588d-4693-bb46-c83b850ec3a5 None None] Subscribe: > address_group after_create 55550000, False {{(pid=104399) subscribe /opt/stack/data/venv/lib/python3.12/site-packages/neutron_lib/callbacks/manager.py:52}}
Apr 23 17:12:02.381584 np0000169846 devstack@neutron-api.service[104399]: DEBUG neutron_lib.callbacks.manager [None req-f2cc6558-588d-4693-bb46-c83b850ec3a5 None None] Subscribe: > address_group after_update 55550000, False {{(pid=104399) subscribe /opt/stack/data/venv/lib/python3.12/site-packages/neutron_lib/callbacks/manager.py:52}}
Apr 23 17:12:02.381699 np0000169846 devstack@neutron-api.service[104398]: DEBUG neutron.api.extensions [None req-efaa7e91-0763-4558-afd5-108725e0fd2d None None] Loading extension file: __init__.py {{(pid=104398) _load_all_extensions_from_path /opt/stack/neutron/neutron/api/extensions.py:449}}
Apr 23 17:12:02.381730 np0000169846 devstack@neutron-api.service[104399]: DEBUG neutron_lib.callbacks.manager [None req-f2cc6558-588d-4693-bb46-c83b850ec3a5 None None] Subscribe: > address_group after_delete 55550000, False {{(pid=104399) subscribe /opt/stack/data/venv/lib/python3.12/site-packages/neutron_lib/callbacks/manager.py:52}}
Apr 23 17:12:02.381758 np0000169846 devstack@neutron-api.service[104398]: DEBUG neutron.api.extensions [None req-efaa7e91-0763-4558-afd5-108725e0fd2d None None] Loading extension file: __pycache__ {{(pid=104398) _load_all_extensions_from_path /opt/stack/neutron/neutron/api/extensions.py:449}}
Apr 23 17:12:02.381840 np0000169846 devstack@neutron-api.service[104398]: DEBUG neutron.api.extensions [None req-efaa7e91-0763-4558-afd5-108725e0fd2d None None] Loading extension file: address_group.py {{(pid=104398) _load_all_extensions_from_path /opt/stack/neutron/neutron/api/extensions.py:449}}
Apr 23 17:12:02.381870 np0000169846 devstack@neutron-api.service[104399]: DEBUG neutron_lib.callbacks.manager [None req-f2cc6558-588d-4693-bb46-c83b850ec3a5 None None] Subscribe: > qos_plugin after_init 55550000, False {{(pid=104399) subscribe /opt/stack/data/venv/lib/python3.12/site-packages/neutron_lib/callbacks/manager.py:52}}
Apr 23 17:12:02.382032 np0000169846 devstack@neutron-api.service[104399]: DEBUG neutron_lib.callbacks.manager [None req-f2cc6558-588d-4693-bb46-c83b850ec3a5 None None] Subscribe: > trunk_plugin after_init 55550000, False {{(pid=104399) subscribe /opt/stack/data/venv/lib/python3.12/site-packages/neutron_lib/callbacks/manager.py:52}}
Apr 23 17:12:02.382159 np0000169846 devstack@neutron-api.service[104398]: DEBUG neutron.api.extensions [None req-efaa7e91-0763-4558-afd5-108725e0fd2d None None] Ext name="Address group" alias="address-group" description="Support address group" updated="2020-07-15T10:00:00-00:00" {{(pid=104398) _check_extension /opt/stack/neutron/neutron/api/extensions.py:415}}
Apr 23 17:12:02.382241 np0000169846 devstack@neutron-api.service[104399]: DEBUG neutron_lib.callbacks.manager [None req-f2cc6558-588d-4693-bb46-c83b850ec3a5 None None] Subscribe: > logging-plugin after_init 55550000, False {{(pid=104399) subscribe /opt/stack/data/venv/lib/python3.12/site-packages/neutron_lib/callbacks/manager.py:52}}
Apr 23 17:12:02.382405 np0000169846 devstack@neutron-api.service[104398]: INFO neutron.api.extensions [None req-efaa7e91-0763-4558-afd5-108725e0fd2d None None] Loaded extension: address-group
Apr 23 17:12:02.382518 np0000169846 devstack@neutron-api.service[104398]: DEBUG neutron.api.extensions [None req-efaa7e91-0763-4558-afd5-108725e0fd2d None None] Loading extension file: address_scope.py {{(pid=104398) _load_all_extensions_from_path /opt/stack/neutron/neutron/api/extensions.py:449}}
Apr 23 17:12:02.382693 np0000169846 devstack@neutron-api.service[104399]: INFO neutron.services.logapi.drivers.ovn.driver [None req-f2cc6558-588d-4693-bb46-c83b850ec3a5 None None] OVN logging driver registered
Apr 23 17:12:02.382787 np0000169846 devstack@neutron-api.service[104398]: DEBUG neutron.api.extensions [None req-efaa7e91-0763-4558-afd5-108725e0fd2d None None] Ext name="Address scope" alias="address-scope" description="Address scopes extension." updated="2015-07-26T10:00:00-00:00" {{(pid=104398) _check_extension /opt/stack/neutron/neutron/api/extensions.py:415}}
Apr 23 17:12:02.382965 np0000169846 devstack@neutron-api.service[104398]: INFO neutron.api.extensions [None req-efaa7e91-0763-4558-afd5-108725e0fd2d None None] Loaded extension: address-scope
Apr 23 17:12:02.383066 np0000169846 devstack@neutron-api.service[104398]: DEBUG neutron.api.extensions [None req-efaa7e91-0763-4558-afd5-108725e0fd2d None None] Loading extension file: admin_state_down_before_update.py {{(pid=104398) _load_all_extensions_from_path /opt/stack/neutron/neutron/api/extensions.py:449}}
Apr 23 17:12:02.383284 np0000169846 devstack@neutron-api.service[104398]: DEBUG neutron.api.extensions [None req-efaa7e91-0763-4558-afd5-108725e0fd2d None None] Ext name="Enforce Router's Admin State Down Before Update Extension" alias="router-admin-state-down-before-update" description="Ensure that the admin state of a router is DOWN (admin_state_up=False) before updating the distributed attribute" updated="2019-07-02T15:56:00" {{(pid=104398) _check_extension /opt/stack/neutron/neutron/api/extensions.py:415}}
Apr 23 17:12:02.383499 np0000169846 devstack@neutron-api.service[104398]: INFO neutron.api.extensions [None req-efaa7e91-0763-4558-afd5-108725e0fd2d None None] Extension router-admin-state-down-before-update not supported by any of loaded plugins
Apr 23 17:12:02.383567 np0000169846 devstack@neutron-api.service[104398]: DEBUG neutron.api.extensions [None req-efaa7e91-0763-4558-afd5-108725e0fd2d None None] Loading extension file: agent.py {{(pid=104398) _load_all_extensions_from_path /opt/stack/neutron/neutron/api/extensions.py:449}}
Apr 23 17:12:02.383841 np0000169846 devstack@neutron-api.service[104398]: DEBUG neutron.api.extensions [None req-efaa7e91-0763-4558-afd5-108725e0fd2d None None] Ext name="agent" alias="agent" description="The agent management extension." updated="2013-02-03T10:00:00-00:00" {{(pid=104398) _check_extension /opt/stack/neutron/neutron/api/extensions.py:415}}
Apr 23 17:12:02.384006 np0000169846 devstack@neutron-api.service[104398]: INFO neutron.api.extensions [None req-efaa7e91-0763-4558-afd5-108725e0fd2d None None] Loaded extension: agent
Apr 23 17:12:02.384101 np0000169846 devstack@neutron-api.service[104398]: DEBUG neutron.api.extensions [None req-efaa7e91-0763-4558-afd5-108725e0fd2d None None] Loading extension file: agent_resources_synced.py {{(pid=104398) _load_all_extensions_from_path /opt/stack/neutron/neutron/api/extensions.py:449}}
Apr 23 17:12:02.384133 np0000169846 devstack@neutron-api.service[104399]: DEBUG neutron.plugins.ml2.plugin [None req-f2cc6558-588d-4693-bb46-c83b850ec3a5 None None] neutron.plugins.ml2.plugin.Ml2Plugin method _start_rpc_notifiers called with arguments () {} {{(pid=104399) wrapper /opt/stack/data/venv/lib/python3.12/site-packages/oslo_log/helpers.py:77}}
Apr 23 17:12:02.384338 np0000169846 devstack@neutron-api.service[104398]: DEBUG neutron.api.extensions [None req-efaa7e91-0763-4558-afd5-108725e0fd2d None None] Ext name="Agent's Resource View Synced to Placement" alias="agent-resources-synced" description="Stores success/failure of last sync to Placement" updated="2018-12-19T00:00:00-00:00" {{(pid=104398) _check_extension /opt/stack/neutron/neutron/api/extensions.py:415}}
Apr 23 17:12:02.384386 np0000169846 devstack@neutron-api.service[104399]: DEBUG neutron_lib.callbacks.manager [None req-f2cc6558-588d-4693-bb46-c83b850ec3a5 None None] Subscribe: > port after_create 55550000, False {{(pid=104399) subscribe /opt/stack/data/venv/lib/python3.12/site-packages/neutron_lib/callbacks/manager.py:52}}
Apr 23 17:12:02.384617 np0000169846 devstack@neutron-api.service[104399]: DEBUG neutron_lib.callbacks.manager [None req-f2cc6558-588d-4693-bb46-c83b850ec3a5 None None] Subscribe: > port after_update 55550000, False {{(pid=104399) subscribe /opt/stack/data/venv/lib/python3.12/site-packages/neutron_lib/callbacks/manager.py:52}}
Apr 23 17:12:02.384647 np0000169846 devstack@neutron-api.service[104398]: INFO neutron.api.extensions [None req-efaa7e91-0763-4558-afd5-108725e0fd2d None None] Extension agent-resources-synced not supported by any of loaded plugins
Apr 23 17:12:02.384716 np0000169846 devstack@neutron-api.service[104399]: DEBUG neutron_lib.callbacks.manager [None req-f2cc6558-588d-4693-bb46-c83b850ec3a5 None None] Subscribe: > port after_delete 55550000, False {{(pid=104399) subscribe /opt/stack/data/venv/lib/python3.12/site-packages/neutron_lib/callbacks/manager.py:52}}
Apr 23 17:12:02.384789 np0000169846 devstack@neutron-api.service[104398]: DEBUG neutron.api.extensions [None req-efaa7e91-0763-4558-afd5-108725e0fd2d None None] Loading extension file: allowedaddresspairs.py {{(pid=104398) _load_all_extensions_from_path /opt/stack/neutron/neutron/api/extensions.py:449}}
Apr 23 17:12:02.384821 np0000169846 devstack@neutron-api.service[104399]: DEBUG neutron_lib.callbacks.manager [None req-f2cc6558-588d-4693-bb46-c83b850ec3a5 None None] Subscribe: > subnet after_create 55550000, False {{(pid=104399) subscribe /opt/stack/data/venv/lib/python3.12/site-packages/neutron_lib/callbacks/manager.py:52}}
Apr 23 17:12:02.384878 np0000169846 devstack@neutron-api.service[104399]: DEBUG neutron_lib.callbacks.manager [None req-f2cc6558-588d-4693-bb46-c83b850ec3a5 None None] Subscribe: > subnet after_update 55550000, False {{(pid=104399) subscribe /opt/stack/data/venv/lib/python3.12/site-packages/neutron_lib/callbacks/manager.py:52}}
Apr 23 17:12:02.384977 np0000169846 devstack@neutron-api.service[104399]: DEBUG neutron_lib.callbacks.manager [None req-f2cc6558-588d-4693-bb46-c83b850ec3a5 None None] Subscribe: > subnet after_delete 55550000, False {{(pid=104399) subscribe /opt/stack/data/venv/lib/python3.12/site-packages/neutron_lib/callbacks/manager.py:52}}
Apr 23 17:12:02.385075 np0000169846 devstack@neutron-api.service[104399]: DEBUG neutron_lib.callbacks.manager [None req-f2cc6558-588d-4693-bb46-c83b850ec3a5 None None] Subscribe: > network after_create 55550000, False {{(pid=104399) subscribe /opt/stack/data/venv/lib/python3.12/site-packages/neutron_lib/callbacks/manager.py:52}}
Apr 23 17:12:02.385175 np0000169846 devstack@neutron-api.service[104399]: DEBUG neutron_lib.callbacks.manager [None req-f2cc6558-588d-4693-bb46-c83b850ec3a5 None None] Subscribe: > network after_update 55550000, False {{(pid=104399) subscribe /opt/stack/data/venv/lib/python3.12/site-packages/neutron_lib/callbacks/manager.py:52}}
Apr 23 17:12:02.385300 np0000169846 devstack@neutron-api.service[104399]: DEBUG neutron_lib.callbacks.manager [None req-f2cc6558-588d-4693-bb46-c83b850ec3a5 None None] Subscribe: > network after_delete 55550000, False {{(pid=104399) subscribe /opt/stack/data/venv/lib/python3.12/site-packages/neutron_lib/callbacks/manager.py:52}}
Apr 23 17:12:02.385410 np0000169846 devstack@neutron-api.service[104398]: DEBUG neutron.api.extensions [None req-efaa7e91-0763-4558-afd5-108725e0fd2d None None] Ext name="Allowed Address Pairs" alias="allowed-address-pairs" description="Provides allowed address pairs" updated="2013-07-23T10:00:00-00:00" {{(pid=104398) _check_extension /opt/stack/neutron/neutron/api/extensions.py:415}}
Apr 23 17:12:02.385448 np0000169846 devstack@neutron-api.service[104399]: DEBUG neutron_lib.callbacks.manager [None req-f2cc6558-588d-4693-bb46-c83b850ec3a5 None None] Subscribe: > security_group after_create 55550000, False {{(pid=104399) subscribe /opt/stack/data/venv/lib/python3.12/site-packages/neutron_lib/callbacks/manager.py:52}}
Apr 23 17:12:02.385477 np0000169846 devstack@neutron-api.service[104399]: DEBUG neutron_lib.callbacks.manager [None req-f2cc6558-588d-4693-bb46-c83b850ec3a5 None None] Subscribe: > security_group after_update 55550000, False {{(pid=104399) subscribe /opt/stack/data/venv/lib/python3.12/site-packages/neutron_lib/callbacks/manager.py:52}}
Apr 23 17:12:02.385559 np0000169846 devstack@neutron-api.service[104398]: INFO neutron.api.extensions [None req-efaa7e91-0763-4558-afd5-108725e0fd2d None None] Loaded extension: allowed-address-pairs
Apr 23 17:12:02.385620 np0000169846 devstack@neutron-api.service[104399]: DEBUG neutron_lib.callbacks.manager [None req-f2cc6558-588d-4693-bb46-c83b850ec3a5 None None] Subscribe: > security_group after_delete 55550000, False {{(pid=104399) subscribe /opt/stack/data/venv/lib/python3.12/site-packages/neutron_lib/callbacks/manager.py:52}}
Apr 23 17:12:02.385650 np0000169846 devstack@neutron-api.service[104398]: DEBUG neutron.api.extensions [None req-efaa7e91-0763-4558-afd5-108725e0fd2d None None] Loading extension file: auto_allocated_topology.py {{(pid=104398) _load_all_extensions_from_path /opt/stack/neutron/neutron/api/extensions.py:449}}
Apr 23 17:12:02.385683 np0000169846 devstack@neutron-api.service[104399]: DEBUG neutron_lib.callbacks.manager [None req-f2cc6558-588d-4693-bb46-c83b850ec3a5 None None] Subscribe: > security_group_rule after_create 55550000, False {{(pid=104399) subscribe /opt/stack/data/venv/lib/python3.12/site-packages/neutron_lib/callbacks/manager.py:52}}
Apr 23 17:12:02.385744 np0000169846 devstack@neutron-api.service[104399]: DEBUG neutron_lib.callbacks.manager [None req-f2cc6558-588d-4693-bb46-c83b850ec3a5 None None] Subscribe: > security_group_rule after_update 55550000, False {{(pid=104399) subscribe /opt/stack/data/venv/lib/python3.12/site-packages/neutron_lib/callbacks/manager.py:52}}
Apr 23 17:12:02.385847 np0000169846 devstack@neutron-api.service[104399]: DEBUG neutron_lib.callbacks.manager [None req-f2cc6558-588d-4693-bb46-c83b850ec3a5 None None] Subscribe: > security_group_rule after_delete 55550000, False {{(pid=104399) subscribe /opt/stack/data/venv/lib/python3.12/site-packages/neutron_lib/callbacks/manager.py:52}}
Apr 23 17:12:02.385916 np0000169846 devstack@neutron-api.service[104398]: DEBUG neutron.api.extensions [None req-efaa7e91-0763-4558-afd5-108725e0fd2d None None] Ext name="Auto Allocated Topology Services" alias="auto-allocated-topology" description="Auto Allocated Topology Services." updated="2016-01-01T00:00:00-00:00" {{(pid=104398) _check_extension /opt/stack/neutron/neutron/api/extensions.py:415}}
Apr 23 17:12:02.385946 np0000169846 devstack@neutron-api.service[104399]: DEBUG neutron_lib.callbacks.manager [None req-f2cc6558-588d-4693-bb46-c83b850ec3a5 None None] Subscribe: > address_group after_create 55550000, False {{(pid=104399) subscribe /opt/stack/data/venv/lib/python3.12/site-packages/neutron_lib/callbacks/manager.py:52}}
Apr 23 17:12:02.386037 np0000169846 devstack@neutron-api.service[104399]: DEBUG neutron_lib.callbacks.manager [None req-f2cc6558-588d-4693-bb46-c83b850ec3a5 None None] Subscribe: > address_group after_update 55550000, False {{(pid=104399) subscribe /opt/stack/data/venv/lib/python3.12/site-packages/neutron_lib/callbacks/manager.py:52}}
Apr 23 17:12:02.386123 np0000169846 devstack@neutron-api.service[104398]: INFO neutron.api.extensions [None req-efaa7e91-0763-4558-afd5-108725e0fd2d None None] Loaded extension: auto-allocated-topology
Apr 23 17:12:02.386208 np0000169846 devstack@neutron-api.service[104399]: DEBUG neutron_lib.callbacks.manager [None req-f2cc6558-588d-4693-bb46-c83b850ec3a5 None None] Subscribe: > address_group after_delete 55550000, False {{(pid=104399) subscribe /opt/stack/data/venv/lib/python3.12/site-packages/neutron_lib/callbacks/manager.py:52}}
Apr 23 17:12:02.386238 np0000169846 devstack@neutron-api.service[104398]: DEBUG neutron.api.extensions [None req-efaa7e91-0763-4558-afd5-108725e0fd2d None None] Loading extension file: availability_zone.py {{(pid=104398) _load_all_extensions_from_path /opt/stack/neutron/neutron/api/extensions.py:449}}
Apr 23 17:12:02.386273 np0000169846 devstack@neutron-api.service[104399]: DEBUG neutron.plugins.ml2.ovo_rpc [None req-f2cc6558-588d-4693-bb46-c83b850ec3a5 None None] ML2 OVO RPC backend initialized. {{(pid=104399) __init__ /opt/stack/neutron/neutron/plugins/ml2/ovo_rpc.py:117}}
Apr 23 17:12:02.386475 np0000169846 devstack@neutron-api.service[104398]: DEBUG neutron.api.extensions [None req-efaa7e91-0763-4558-afd5-108725e0fd2d None None] Ext name="Availability Zone" alias="availability_zone" description="The availability zone extension." updated="2015-01-01T10:00:00-00:00" {{(pid=104398) _check_extension /opt/stack/neutron/neutron/api/extensions.py:415}}
Apr 23 17:12:02.386650 np0000169846 devstack@neutron-api.service[104398]: INFO neutron.api.extensions [None req-efaa7e91-0763-4558-afd5-108725e0fd2d None None] Loaded extension: availability_zone
Apr 23 17:12:02.386754 np0000169846 devstack@neutron-api.service[104398]: DEBUG neutron.api.extensions [None req-efaa7e91-0763-4558-afd5-108725e0fd2d None None] Loading extension file: availability_zone_filter.py {{(pid=104398) _load_all_extensions_from_path /opt/stack/neutron/neutron/api/extensions.py:449}}
Apr 23 17:12:02.386994 np0000169846 devstack@neutron-api.service[104399]: INFO neutron.quota [None req-f2cc6558-588d-4693-bb46-c83b850ec3a5 None None] Loaded quota_driver: .
Apr 23 17:12:02.387055 np0000169846 devstack@neutron-api.service[104398]: DEBUG neutron.api.extensions [None req-efaa7e91-0763-4558-afd5-108725e0fd2d None None] Ext name="Availability Zone Filter Extension" alias="availability_zone_filter" description="Add filter parameters to AvailabilityZone resource" updated="2018-06-22T10:00:00-00:00" {{(pid=104398) _check_extension /opt/stack/neutron/neutron/api/extensions.py:415}}
Apr 23 17:12:02.387101 np0000169846 devstack@neutron-api.service[104399]: INFO neutron.plugins.ml2.plugin [None req-f2cc6558-588d-4693-bb46-c83b850ec3a5 None None] Modular L2 Plugin initialization complete
Apr 23 17:12:02.387167 np0000169846 devstack@neutron-api.service[104398]: INFO neutron.api.extensions [None req-efaa7e91-0763-4558-afd5-108725e0fd2d None None] Extension availability_zone_filter not supported by any of loaded plugins
Apr 23 17:12:02.387227 np0000169846 devstack@neutron-api.service[104399]: DEBUG neutron.manager [None req-f2cc6558-588d-4693-bb46-c83b850ec3a5 None None] Loading services supported by the core plugin {{(pid=104399) _load_services_from_core_plugin /opt/stack/neutron/neutron/manager.py:170}}
Apr 23 17:12:02.387255 np0000169846 devstack@neutron-api.service[104398]: DEBUG neutron.api.extensions [None req-efaa7e91-0763-4558-afd5-108725e0fd2d None None] Loading extension file: data_plane_status.py {{(pid=104398) _load_all_extensions_from_path /opt/stack/neutron/neutron/api/extensions.py:449}}
Apr 23 17:12:02.387371 np0000169846 devstack@neutron-api.service[104399]: INFO neutron.plugins.ml2.managers [None req-f2cc6558-588d-4693-bb46-c83b850ec3a5 None None] Got port-security extension from driver 'port_security'
Apr 23 17:12:02.387534 np0000169846 devstack@neutron-api.service[104398]: DEBUG neutron.api.extensions [None req-efaa7e91-0763-4558-afd5-108725e0fd2d None None] Ext name="Port data plane status extension" alias="data-plane-status" description="Expose status of underlying data plane" updated="2017-01-24T10:00:00-00:00" {{(pid=104398) _check_extension /opt/stack/neutron/neutron/api/extensions.py:415}}
Apr 23 17:12:02.387604 np0000169846 devstack@neutron-api.service[104399]: DEBUG neutron.manager [None req-f2cc6558-588d-4693-bb46-c83b850ec3a5 None None] Loading service plugins: ['ovn-router', 'auto_allocate', 'tag', 'timestamp', 'network_ip_availability', 'flavors', 'revisions'] {{(pid=104399) _load_service_plugins /opt/stack/neutron/neutron/manager.py:195}}
Apr 23 17:12:02.387696 np0000169846 devstack@neutron-api.service[104399]: INFO neutron.manager [None req-f2cc6558-588d-4693-bb46-c83b850ec3a5 None None] Loading Plugin: ovn-router
Apr 23 17:12:02.387728 np0000169846 devstack@neutron-api.service[104398]: INFO neutron.api.extensions [None req-efaa7e91-0763-4558-afd5-108725e0fd2d None None] Extension data-plane-status not supported by any of loaded plugins
Apr 23 17:12:02.387807 np0000169846 devstack@neutron-api.service[104398]: DEBUG neutron.api.extensions [None req-efaa7e91-0763-4558-afd5-108725e0fd2d None None] Loading extension file: default_subnetpools.py {{(pid=104398) _load_all_extensions_from_path /opt/stack/neutron/neutron/api/extensions.py:449}}
Apr 23 17:12:02.388037 np0000169846 devstack@neutron-api.service[104398]: DEBUG neutron.api.extensions [None req-efaa7e91-0763-4558-afd5-108725e0fd2d None None] Ext name="Default Subnetpools" alias="default-subnetpools" description="Provides ability to mark and use a subnetpool as the default." updated="2016-02-18T18:00:00-00:00" {{(pid=104398) _check_extension /opt/stack/neutron/neutron/api/extensions.py:415}}
Apr 23 17:12:02.388217 np0000169846 devstack@neutron-api.service[104398]: INFO neutron.api.extensions [None req-efaa7e91-0763-4558-afd5-108725e0fd2d None None] Loaded extension: default-subnetpools
Apr 23 17:12:02.388335 np0000169846 devstack@neutron-api.service[104398]: DEBUG neutron.api.extensions [None req-efaa7e91-0763-4558-afd5-108725e0fd2d None None] Loading extension file: dhcpagentscheduler.py {{(pid=104398) _load_all_extensions_from_path /opt/stack/neutron/neutron/api/extensions.py:449}}
Apr 23 17:12:02.388824 np0000169846 devstack@neutron-api.service[104398]: DEBUG neutron.api.extensions [None req-efaa7e91-0763-4558-afd5-108725e0fd2d None None] Ext name="DHCP Agent Scheduler" alias="dhcp_agent_scheduler" description="Schedule networks among dhcp agents" updated="2013-02-07T10:00:00-00:00" {{(pid=104398) _check_extension /opt/stack/neutron/neutron/api/extensions.py:415}}
Apr 23 17:12:02.389030 np0000169846 devstack@neutron-api.service[104398]: INFO neutron.api.extensions [None req-efaa7e91-0763-4558-afd5-108725e0fd2d None None] Loaded extension: dhcp_agent_scheduler
Apr 23 17:12:02.389127 np0000169846 devstack@neutron-api.service[104398]: DEBUG neutron.api.extensions [None req-efaa7e91-0763-4558-afd5-108725e0fd2d None None] Loading extension file: dns.py {{(pid=104398) _load_all_extensions_from_path /opt/stack/neutron/neutron/api/extensions.py:449}}
Apr 23 17:12:02.389378 np0000169846 devstack@neutron-api.service[104398]: DEBUG neutron.api.extensions [None req-efaa7e91-0763-4558-afd5-108725e0fd2d None None] Ext name="DNS Integration" alias="dns-integration" description="Provides integration with DNS." updated="2015-08-15T18:00:00-00:00" {{(pid=104398) _check_extension /opt/stack/neutron/neutron/api/extensions.py:415}}
Apr 23 17:12:02.389553 np0000169846 devstack@neutron-api.service[104398]: INFO neutron.api.extensions [None req-efaa7e91-0763-4558-afd5-108725e0fd2d None None] Loaded extension: dns-integration
Apr 23 17:12:02.389636 np0000169846 devstack@neutron-api.service[104398]: DEBUG neutron.api.extensions [None req-efaa7e91-0763-4558-afd5-108725e0fd2d None None] Loading extension file: dns_domain_ports.py {{(pid=104398) _load_all_extensions_from_path /opt/stack/neutron/neutron/api/extensions.py:449}}
Apr 23 17:12:02.389880 np0000169846 devstack@neutron-api.service[104398]: DEBUG neutron.api.extensions [None req-efaa7e91-0763-4558-afd5-108725e0fd2d None None] Ext name="dns_domain for ports" alias="dns-domain-ports" description="Allows the DNS domain to be specified for a network port." updated="2017-04-24T10:00:00-00:00" {{(pid=104398) _check_extension /opt/stack/neutron/neutron/api/extensions.py:415}}
Apr 23 17:12:02.390053 np0000169846 devstack@neutron-api.service[104398]: INFO neutron.api.extensions [None req-efaa7e91-0763-4558-afd5-108725e0fd2d None None] Loaded extension: dns-domain-ports
Apr 23 17:12:02.390167 np0000169846 devstack@neutron-api.service[104398]: DEBUG neutron.api.extensions [None req-efaa7e91-0763-4558-afd5-108725e0fd2d None None] Loading extension file: dns_integration_domain_keywords.py {{(pid=104398) _load_all_extensions_from_path /opt/stack/neutron/neutron/api/extensions.py:449}}
Apr 23 17:12:02.390386 np0000169846 devstack@neutron-api.service[104398]: DEBUG neutron.api.extensions [None req-efaa7e91-0763-4558-afd5-108725e0fd2d None None] Ext name="DNS domain names with keywords allowed" alias="dns-integration-domain-keywords" description="Allows to use keywords like , , and as DNS domain name" updated="2020-06-15T18:00:00-00:00" {{(pid=104398) _check_extension /opt/stack/neutron/neutron/api/extensions.py:415}}
Apr 23 17:12:02.390593 np0000169846 devstack@neutron-api.service[104398]: INFO neutron.api.extensions [None req-efaa7e91-0763-4558-afd5-108725e0fd2d None None] Loaded extension: dns-integration-domain-keywords
Apr 23 17:12:02.390673 np0000169846 devstack@neutron-api.service[104398]: DEBUG neutron.api.extensions [None req-efaa7e91-0763-4558-afd5-108725e0fd2d None None] Loading extension file: dvr.py {{(pid=104398) _load_all_extensions_from_path /opt/stack/neutron/neutron/api/extensions.py:449}}
Apr 23 17:12:02.390949 np0000169846 devstack@neutron-api.service[104398]: DEBUG neutron.api.extensions [None req-efaa7e91-0763-4558-afd5-108725e0fd2d None None] Ext name="Distributed Virtual Router" alias="dvr" description="Enables configuration of Distributed Virtual Routers." updated="2014-06-1T10:00:00-00:00" {{(pid=104398) _check_extension /opt/stack/neutron/neutron/api/extensions.py:415}}
Apr 23 17:12:02.391120 np0000169846 devstack@neutron-api.service[104398]: INFO neutron.api.extensions [None req-efaa7e91-0763-4558-afd5-108725e0fd2d None None] Extension dvr not supported by any of loaded plugins
Apr 23 17:12:02.391213 np0000169846 devstack@neutron-api.service[104398]: DEBUG neutron.api.extensions [None req-efaa7e91-0763-4558-afd5-108725e0fd2d None None] Loading extension file: ecmp_routes.py {{(pid=104398) _load_all_extensions_from_path /opt/stack/neutron/neutron/api/extensions.py:449}}
