2026-05-08 20:39:09.137 8 INFO placement.requestlog [None req-8fd9eae9-75f3-484a-afc7-b57f4d8af97f bc9e29707729477dbe486c0927232d35 f7b34dac164448d882ba69431fbd6b65 - - d206b29a867b4fc0b15032adee89133f d206b29a867b4fc0b15032adee89133f] 10.0.0.43 "GET /resource_providers/c799c149-fbc2-4248-b42d-569f3b3de40e/aggregates" status: 404 len: 235 microversion: 1.1 [pid: 8|app: 0|req: 342/685] 10.0.0.43 () {32 vars in 814 bytes} [Fri May 8 20:39:09 2026] GET /resource_providers/c799c149-fbc2-4248-b42d-569f3b3de40e/aggregates => generated 235 bytes in 11 msecs (HTTP/1.1 404) 5 headers in 202 bytes (1 switches on core 0)
2026-05-08 20:39:09.151 8 INFO placement.requestlog [None req-2065f2be-36bb-41d7-a320-6daea7713cbf bc9e29707729477dbe486c0927232d35 f7b34dac164448d882ba69431fbd6b65 - - d206b29a867b4fc0b15032adee89133f d206b29a867b4fc0b15032adee89133f] 10.0.0.43 "DELETE /resource_providers/c799c149-fbc2-4248-b42d-569f3b3de40e" status: 404 len: 246 microversion: 1.1
2026-05-08 20:39:09.151 7 INFO placement.requestlog [None req-8e8a4633-0275-4c43-9739-f1932b040c1b bc9e29707729477dbe486c0927232d35 f7b34dac164448d882ba69431fbd6b65 - - d206b29a867b4fc0b15032adee89133f d206b29a867b4fc0b15032adee89133f] 10.0.0.43 "DELETE /resource_providers/c799c149-fbc2-4248-b42d-569f3b3de40e" status: 404 len: 246 microversion: 1.1 [pid: 8|app: 0|req: 343/686] 10.0.0.43 () {34 vars in 814 bytes} [Fri May 8 20:39:09 2026] DELETE /resource_providers/c799c149-fbc2-4248-b42d-569f3b3de40e => generated 246 bytes in 8 msecs (HTTP/1.1 404) 6 headers in 231 bytes (1 switches on core 0) [pid: 7|app: 0|req: 344/687] 10.0.0.43 () {34 vars in 814 bytes} [Fri May 8 20:39:09 2026] DELETE /resource_providers/c799c149-fbc2-4248-b42d-569f3b3de40e => generated 246 bytes in 8 msecs (HTTP/1.1 404) 6 headers in 231 bytes (1 switches on core 0)
2026-05-08 20:39:10.627 8 INFO placement.requestlog [None req-757d1483-2a67-4513-83e1-0b6b4e1b8890 - - - - - -] 10.0.0.39 "GET /" status: 200 len: 136 microversion: 1.0
2026-05-08 20:39:10.629 7 INFO placement.requestlog [None req-beed0a1b-0856-4bc4-a9d8-7e0fd66f73a7 - - - - - -] 10.0.0.39 "GET /" status: 200 len: 136 microversion: 1.0
2026-05-08 20:39:11.381 7 INFO placement.requestlog [None req-654a6c7f-3f69-42c6-93d7-97407f6f41a0 bc9e29707729477dbe486c0927232d35 f7b34dac164448d882ba69431fbd6b65 - - d206b29a867b4fc0b15032adee89133f d206b29a867b4fc0b15032adee89133f] 10.0.0.43 "GET /resource_providers/7fa468bf-5b20-4e07-af8e-c0eec3fb6bfd/aggregates" status: 404 len: 235 microversion: 1.1 [pid: 7|app: 0|req: 346/690] 10.0.0.43 () {32 vars in 814 bytes} [Fri May 8 20:39:11 2026] GET /resource_providers/7fa468bf-5b20-4e07-af8e-c0eec3fb6bfd/aggregates => generated 235 bytes in 9 msecs (HTTP/1.1 404) 5 headers in 202 bytes (1 switches on core 0)
2026-05-08 20:39:11.385 8 INFO placement.requestlog [None req-b120ea2e-15af-4f4a-9290-5c3095212ff0 bc9e29707729477dbe486c0927232d35 f7b34dac164448d882ba69431fbd6b65 - - d206b29a867b4fc0b15032adee89133f d206b29a867b4fc0b15032adee89133f] 10.0.0.43 "GET /resource_providers/7fa468bf-5b20-4e07-af8e-c0eec3fb6bfd/aggregates" status: 404 len: 235 microversion: 1.1 [pid: 8|app: 0|req: 345/691] 10.0.0.43 () {32 vars in 814 bytes} [Fri May 8 20:39:11 2026] GET /resource_providers/7fa468bf-5b20-4e07-af8e-c0eec3fb6bfd/aggregates => generated 235 bytes in 10 msecs (HTTP/1.1 404) 5 headers in 202 bytes (1 switches on core 0)
2026-05-08 20:39:11.409 7 INFO placement.requestlog [None req-23ef2fa8-60a6-4061-a1d7-69815696fb8e bc9e29707729477dbe486c0927232d35 f7b34dac164448d882ba69431fbd6b65 - - d206b29a867b4fc0b15032adee89133f d206b29a867b4fc0b15032adee89133f] 10.0.0.43 "DELETE /resource_providers/7fa468bf-5b20-4e07-af8e-c0eec3fb6bfd" status: 404 len: 246 microversion: 1.1 [pid: 7|app: 0|req: 347/692] 10.0.0.43 () {34 vars in 814 bytes} [Fri May 8 20:39:11 2026] DELETE /resource_providers/7fa468bf-5b20-4e07-af8e-c0eec3fb6bfd => generated 246 bytes in 14 msecs (HTTP/1.1 404) 6 headers in 231 bytes (1 switches on core 0)
2026-05-08 20:39:11.411 8 INFO placement.requestlog [None req-65843878-ff59-42eb-8c3b-95257f186174 bc9e29707729477dbe486c0927232d35 f7b34dac164448d882ba69431fbd6b65 - - d206b29a867b4fc0b15032adee89133f d206b29a867b4fc0b15032adee89133f] 10.0.0.43 "DELETE /resource_providers/7fa468bf-5b20-4e07-af8e-c0eec3fb6bfd" status: 404 len: 246 microversion: 1.1 [pid: 8|app: 0|req: 346/693] 10.0.0.43 () {34 vars in 814 bytes} [Fri May 8 20:39:11 2026] DELETE /resource_providers/7fa468bf-5b20-4e07-af8e-c0eec3fb6bfd => generated 246 bytes in 12 msecs (HTTP/1.1 404) 6 headers in 231 bytes (1 switches on core 0)
2026-05-08 20:39:19.534 7 INFO placement.requestlog [req-9e04643f-1e72-415c-ac49-b662302270bf req-3fa4fc84-0cad-4b28-87d7-f6f320a9de4b 56a44b52642b4ba18b5e162e53915186 f7b34dac164448d882ba69431fbd6b65 - - d206b29a867b4fc0b15032adee89133f d206b29a867b4fc0b15032adee89133f] 199.204.45.77 "GET /resource_providers/9adc18bb-f251-4ac2-b0ba-830e76903cbf/allocations" status: 200 len: 152 microversion: 1.0 [pid: 7|app: 0|req: 348/694] 199.204.45.77 () {32 vars in 855 bytes} [Fri May 8 20:39:19 2026] GET /resource_providers/9adc18bb-f251-4ac2-b0ba-830e76903cbf/allocations => generated 152 bytes in 19 msecs (HTTP/1.1 200) 6 headers in 224 bytes (1 switches on core 0)
2026-05-08 20:39:19.558 8 INFO placement.requestlog [req-9e04643f-1e72-415c-ac49-b662302270bf req-e3f63769-5745-42fd-bb8f-7edc6b6f6f5d 56a44b52642b4ba18b5e162e53915186 f7b34dac164448d882ba69431fbd6b65 - - d206b29a867b4fc0b15032adee89133f d206b29a867b4fc0b15032adee89133f] 199.204.45.77 "GET /resource_providers/9adc18bb-f251-4ac2-b0ba-830e76903cbf/allocations" status: 200 len: 152 microversion: 1.0 [pid: 8|app: 0|req: 347/695] 199.204.45.77 () {32 vars in 855 bytes} [Fri May 8 20:39:19 2026] GET /resource_providers/9adc18bb-f251-4ac2-b0ba-830e76903cbf/allocations => generated 152 bytes in 17 msecs (HTTP/1.1 200) 6 headers in 224 bytes (1 switches on core 0)
2026-05-08 20:39:19.577 7 INFO placement.requestlog [req-9e04643f-1e72-415c-ac49-b662302270bf req-34b3f71f-687f-480e-92d2-12a6647575ac 56a44b52642b4ba18b5e162e53915186 f7b34dac164448d882ba69431fbd6b65 - - d206b29a867b4fc0b15032adee89133f d206b29a867b4fc0b15032adee89133f] 199.204.45.77 "GET /allocations/b00caeba-4fd2-4193-b5a5-7c3833bb1092" status: 200 len: 257 microversion: 1.28 [pid: 7|app: 0|req: 349/696] 199.204.45.77 () {34 vars in 861 bytes} [Fri May 8 20:39:19 2026] GET /allocations/b00caeba-4fd2-4193-b5a5-7c3833bb1092 => generated 257 bytes in 13 msecs (HTTP/1.1 200) 8 headers in 296 bytes (1 switches on core 0)
2026-05-08 20:39:20.627 7 INFO placement.requestlog [None req-3e676074-efc3-4017-b4da-aca2774f5032 - - - - - -] 10.0.0.39 "GET /" status: 200 len: 136 microversion: 1.0
2026-05-08 20:39:20.627 8 INFO placement.requestlog [None req-5f3fa0a0-59e0-47ba-a390-f754ef37b409 - - - - - -] 10.0.0.39 "GET /" status: 200 len: 136 microversion: 1.0
2026-05-08 20:39:23.331 8 INFO placement.requestlog [None req-de19eb1e-247c-4452-b164-5d7b8aef300d bc9e29707729477dbe486c0927232d35 f7b34dac164448d882ba69431fbd6b65 - - d206b29a867b4fc0b15032adee89133f d206b29a867b4fc0b15032adee89133f] 10.0.0.43 "GET /resource_providers/73ee960a-7a0e-4486-bbc4-3e8441c1f0cb/aggregates" status: 404 len: 235 microversion: 1.1 [pid: 8|app: 0|req: 349/699] 10.0.0.43 () {32 vars in 814 bytes} [Fri May 8 20:39:23 2026] GET /resource_providers/73ee960a-7a0e-4486-bbc4-3e8441c1f0cb/aggregates => generated 235 bytes in 10 msecs (HTTP/1.1 404) 5 headers in 202 bytes (1 switches on core 0)
2026-05-08 20:39:23.339 8 INFO placement.requestlog [None req-dc3cfb7d-ae53-4eff-905a-a894665cea1a bc9e29707729477dbe486c0927232d35 f7b34dac164448d882ba69431fbd6b65 - - d206b29a867b4fc0b15032adee89133f d206b29a867b4fc0b15032adee89133f] 10.0.0.43 "GET /resource_providers/73ee960a-7a0e-4486-bbc4-3e8441c1f0cb/aggregates" status: 404 len: 235 microversion: 1.1 [pid: 8|app: 0|req: 350/700] 10.0.0.43 () {32 vars in 814 bytes} [Fri May 8 20:39:23 2026] GET /resource_providers/73ee960a-7a0e-4486-bbc4-3e8441c1f0cb/aggregates => generated 235 bytes in 7 msecs (HTTP/1.1 404) 5 headers in 202 bytes (1 switches on core 0)
2026-05-08 20:39:23.347 8 INFO placement.requestlog [None req-33b2758a-55c1-431c-a973-d4bc0e1c41a7 bc9e29707729477dbe486c0927232d35 f7b34dac164448d882ba69431fbd6b65 - - d206b29a867b4fc0b15032adee89133f d206b29a867b4fc0b15032adee89133f] 10.0.0.43 "DELETE /resource_providers/73ee960a-7a0e-4486-bbc4-3e8441c1f0cb" status: 404 len: 246 microversion: 1.1 [pid: 8|app: 0|req: 351/701] 10.0.0.43 () {34 vars in 814 bytes} [Fri May 8 20:39:23 2026] DELETE /resource_providers/73ee960a-7a0e-4486-bbc4-3e8441c1f0cb => generated 246 bytes in 6 msecs (HTTP/1.1 404) 6 headers in 231 bytes (1 switches on core 0)
2026-05-08 20:39:23.353 8 INFO placement.requestlog [None req-b7979ae1-47df-456a-8dae-facea1e085f6 bc9e29707729477dbe486c0927232d35 f7b34dac164448d882ba69431fbd6b65 - - d206b29a867b4fc0b15032adee89133f d206b29a867b4fc0b15032adee89133f] 10.0.0.43 "DELETE /resource_providers/73ee960a-7a0e-4486-bbc4-3e8441c1f0cb" status: 404 len: 246 microversion: 1.1 [pid: 8|app: 0|req: 352/702] 10.0.0.43 () {34 vars in 814 bytes} [Fri May 8 20:39:23 2026] DELETE /resource_providers/73ee960a-7a0e-4486-bbc4-3e8441c1f0cb => generated 246 bytes in 6 msecs (HTTP/1.1 404) 6 headers in 231 bytes (1 switches on core 0)
2026-05-08 20:39:23.361 7 INFO placement.requestlog [req-bbd6b8ca-50a6-4f6f-81c0-393aac31e528 req-246aacc5-3cf3-4da0-9f23-07cec478824f 56a44b52642b4ba18b5e162e53915186 f7b34dac164448d882ba69431fbd6b65 - - d206b29a867b4fc0b15032adee89133f d206b29a867b4fc0b15032adee89133f] 10.0.0.26 "GET /allocation_candidates?limit=1000&resources=DISK_GB%3A1%2CMEMORY_MB%3A512%2CVCPU%3A1&root_required=%21COMPUTE_STATUS_DISABLED" status: 200 len: 2642 microversion: 1.36 [pid: 7|app: 0|req: 351/703] 10.0.0.26 () {34 vars in 1010 bytes} [Fri May 8 20:39:23 2026] GET /allocation_candidates?limit=1000&resources=DISK_GB%3A1%2CMEMORY_MB%3A512%2CVCPU%3A1&root_required=%21COMPUTE_STATUS_DISABLED => generated 2642 bytes in 60 msecs (HTTP/1.1 200) 8 headers in 297 bytes (1 switches on core 0)
2026-05-08 20:39:23.392 8 INFO placement.requestlog [req-bbd6b8ca-50a6-4f6f-81c0-393aac31e528 req-8828738c-e3c7-4300-ac4c-189a515ed521 56a44b52642b4ba18b5e162e53915186 f7b34dac164448d882ba69431fbd6b65 - - d206b29a867b4fc0b15032adee89133f d206b29a867b4fc0b15032adee89133f] 10.0.0.26 "GET /allocations/333189fb-2090-4bc7-930b-aca0981a3d24" status: 200 len: 19 microversion: 1.28 [pid: 8|app: 0|req: 353/704] 10.0.0.26 () {34 vars in 859 bytes} [Fri May 8 20:39:23 2026] GET /allocations/333189fb-2090-4bc7-930b-aca0981a3d24 => generated 19 bytes in 12 msecs (HTTP/1.1 200) 8 headers in 295 bytes (1 switches on core 0)
2026-05-08 20:39:23.458 7 INFO placement.requestlog [req-bbd6b8ca-50a6-4f6f-81c0-393aac31e528 req-00ac990d-7f6c-4e4c-991a-2ca647d59651 56a44b52642b4ba18b5e162e53915186 f7b34dac164448d882ba69431fbd6b65 - - d206b29a867b4fc0b15032adee89133f d206b29a867b4fc0b15032adee89133f] 10.0.0.26 "PUT /allocations/333189fb-2090-4bc7-930b-aca0981a3d24" status: 204 len: 0 microversion: 1.36 [pid: 7|app: 0|req: 352/705] 10.0.0.26 () {38 vars in 912 bytes} [Fri May 8 20:39:23 2026] PUT /allocations/333189fb-2090-4bc7-930b-aca0981a3d24 => generated 0 bytes in 62 msecs (HTTP/1.1 204) 5 headers in 199 bytes (1 switches on core 0)
2026-05-08 20:39:23.684 8 INFO placement.requestlog [None req-72d8a036-9813-47ab-bbe7-963655d0be59 bc9e29707729477dbe486c0927232d35 f7b34dac164448d882ba69431fbd6b65 - - d206b29a867b4fc0b15032adee89133f d206b29a867b4fc0b15032adee89133f] 10.0.0.43 "GET /resource_providers/4390bcf7-21b0-460c-bd0a-731b6a56615b/aggregates" status: 404 len: 235 microversion: 1.1 [pid: 8|app: 0|req: 354/706] 10.0.0.43 () {32 vars in 814 bytes} [Fri May 8 20:39:23 2026] GET /resource_providers/4390bcf7-21b0-460c-bd0a-731b6a56615b/aggregates => generated 235 bytes in 10 msecs (HTTP/1.1 404) 5 headers in 202 bytes (1 switches on core 0)
2026-05-08 20:39:23.686 7 INFO placement.requestlog [None req-a72ee526-556c-4165-a4a4-41217017bcf3 bc9e29707729477dbe486c0927232d35 f7b34dac164448d882ba69431fbd6b65 - - d206b29a867b4fc0b15032adee89133f d206b29a867b4fc0b15032adee89133f] 10.0.0.43 "GET /resource_providers/4390bcf7-21b0-460c-bd0a-731b6a56615b/aggregates" status: 404 len: 235 microversion: 1.1 [pid: 7|app: 0|req: 353/707] 10.0.0.43 () {32 vars in 814 bytes} [Fri May 8 20:39:23 2026] GET /resource_providers/4390bcf7-21b0-460c-bd0a-731b6a56615b/aggregates => generated 235 bytes in 9 msecs (HTTP/1.1 404) 5 headers in 202 bytes (1 switches on core 0)
2026-05-08 20:39:23.705 8 INFO placement.requestlog [None req-31246fb6-829b-405b-af44-368333ac9b63 bc9e29707729477dbe486c0927232d35 f7b34dac164448d882ba69431fbd6b65 - - d206b29a867b4fc0b15032adee89133f d206b29a867b4fc0b15032adee89133f] 10.0.0.43 "DELETE /resource_providers/4390bcf7-21b0-460c-bd0a-731b6a56615b" status: 404 len: 246 microversion: 1.1 [pid: 8|app: 0|req: 355/708] 10.0.0.43 () {34 vars in 814 bytes} [Fri May 8 20:39:23 2026] DELETE /resource_providers/4390bcf7-21b0-460c-bd0a-731b6a56615b => generated 246 bytes in 8 msecs (HTTP/1.1 404) 6 headers in 231 bytes (1 switches on core 0)
2026-05-08 20:39:23.707 7 INFO placement.requestlog [None req-bf5840aa-d07c-41ea-8978-52a99cd052de bc9e29707729477dbe486c0927232d35 f7b34dac164448d882ba69431fbd6b65 - - d206b29a867b4fc0b15032adee89133f d206b29a867b4fc0b15032adee89133f] 10.0.0.43 "DELETE /resource_providers/4390bcf7-21b0-460c-bd0a-731b6a56615b" status: 404 len: 246 microversion: 1.1 [pid: 7|app: 0|req: 354/709] 10.0.0.43 () {34 vars in 814 bytes} [Fri May 8 20:39:23 2026] DELETE /resource_providers/4390bcf7-21b0-460c-bd0a-731b6a56615b => generated 246 bytes in 9 msecs (HTTP/1.1 404) 6 headers in 231 bytes (1 switches on core 0)
2026-05-08 20:39:24.951 8 INFO placement.requestlog [req-bbd6b8ca-50a6-4f6f-81c0-393aac31e528 req-f6625270-c03a-44a8-a6d2-c46f2b9fd80f 56a44b52642b4ba18b5e162e53915186 f7b34dac164448d882ba69431fbd6b65 - - d206b29a867b4fc0b15032adee89133f d206b29a867b4fc0b15032adee89133f] 199.204.45.77 "GET /allocations/333189fb-2090-4bc7-930b-aca0981a3d24" status: 200 len: 257 microversion: 1.28 [pid: 8|app: 0|req: 356/710] 199.204.45.77 () {34 vars in 861 bytes} [Fri May 8 20:39:24 2026] GET /allocations/333189fb-2090-4bc7-930b-aca0981a3d24 => generated 257 bytes in 16 msecs (HTTP/1.1 200) 8 headers in 296 bytes (1 switches on core 0)
2026-05-08 20:39:25.988 7 INFO placement.requestlog [req-bbd6b8ca-50a6-4f6f-81c0-393aac31e528 req-e53c77dc-abb8-4034-924b-9731cfb4639f 56a44b52642b4ba18b5e162e53915186 f7b34dac164448d882ba69431fbd6b65 - - d206b29a867b4fc0b15032adee89133f d206b29a867b4fc0b15032adee89133f] 199.204.45.77 "GET /resource_providers/9adc18bb-f251-4ac2-b0ba-830e76903cbf/allocations" status: 200 len: 252 microversion: 1.0 [pid: 7|app: 0|req: 355/711] 199.204.45.77 () {32 vars in 855 bytes} [Fri May 8 20:39:25 2026] GET /resource_providers/9adc18bb-f251-4ac2-b0ba-830e76903cbf/allocations => generated 252 bytes in 17 msecs (HTTP/1.1 200) 6 headers in 224 bytes (1 switches on core 0)
2026-05-08 20:39:26.005 8 INFO placement.requestlog [req-bbd6b8ca-50a6-4f6f-81c0-393aac31e528 req-3686f25b-7254-4904-82aa-3257b22a4385 56a44b52642b4ba18b5e162e53915186 f7b34dac164448d882ba69431fbd6b65 - - d206b29a867b4fc0b15032adee89133f d206b29a867b4fc0b15032adee89133f] 199.204.45.77 "GET /allocations/b00caeba-4fd2-4193-b5a5-7c3833bb1092" status: 200 len: 257 microversion: 1.28 [pid: 8|app: 0|req: 357/712] 199.204.45.77 () {34 vars in 861 bytes} [Fri May 8 20:39:25 2026] GET /allocations/b00caeba-4fd2-4193-b5a5-7c3833bb1092 => generated 257 bytes in 10 msecs (HTTP/1.1 200) 8 headers in 296 bytes (1 switches on core 0)
2026-05-08 20:39:26.024 7 INFO placement.requestlog [req-bbd6b8ca-50a6-4f6f-81c0-393aac31e528 req-d0f8df39-d69f-408b-aae4-89726c9da3b2 56a44b52642b4ba18b5e162e53915186 f7b34dac164448d882ba69431fbd6b65 - - d206b29a867b4fc0b15032adee89133f d206b29a867b4fc0b15032adee89133f] 199.204.45.77 "GET /allocations/333189fb-2090-4bc7-930b-aca0981a3d24" status: 200 len: 257 microversion: 1.28 [pid: 7|app: 0|req: 356/713] 199.204.45.77 () {34 vars in 861 bytes} [Fri May 8 20:39:26 2026] GET /allocations/333189fb-2090-4bc7-930b-aca0981a3d24 => generated 257 bytes in 14 msecs (HTTP/1.1 200) 8 headers in 296 bytes (1 switches on core 0)
2026-05-08 20:39:29.070 7 INFO placement.requestlog [None req-2f402964-61fe-48d3-bdaf-8968de9d51d7 bc9e29707729477dbe486c0927232d35 f7b34dac164448d882ba69431fbd6b65 - - d206b29a867b4fc0b15032adee89133f d206b29a867b4fc0b15032adee89133f] 10.0.0.43 "GET /resource_providers/4486de30-e3a2-4b5b-b7b3-03bf5f0c88b9/aggregates" status: 404 len: 235 microversion: 1.1 [pid: 7|app: 0|req: 357/714] 10.0.0.43 () {32 vars in 814 bytes} [Fri May 8 20:39:29 2026] GET /resource_providers/4486de30-e3a2-4b5b-b7b3-03bf5f0c88b9/aggregates => generated 235 bytes in 12 msecs (HTTP/1.1 404) 5 headers in 202 bytes (1 switches on core 0)
2026-05-08 20:39:29.073 8 INFO placement.requestlog [None req-bb2e9e5e-ed3d-42cf-aba0-0744c4ad1252 bc9e29707729477dbe486c0927232d35 f7b34dac164448d882ba69431fbd6b65 - - d206b29a867b4fc0b15032adee89133f d206b29a867b4fc0b15032adee89133f] 10.0.0.43 "GET /resource_providers/4486de30-e3a2-4b5b-b7b3-03bf5f0c88b9/aggregates" status: 404 len: 235 microversion: 1.1 [pid: 8|app: 0|req: 358/715] 10.0.0.43 () {32 vars in 814 bytes} [Fri May 8 20:39:29 2026] GET /resource_providers/4486de30-e3a2-4b5b-b7b3-03bf5f0c88b9/aggregates => generated 235 bytes in 15 msecs (HTTP/1.1 404) 5 headers in 202 bytes (1 switches on core 0)
2026-05-08 20:39:29.096 7 INFO placement.requestlog [None req-9d7bceda-ff28-4c35-a475-92b22e3338b6 bc9e29707729477dbe486c0927232d35 f7b34dac164448d882ba69431fbd6b65 - - d206b29a867b4fc0b15032adee89133f d206b29a867b4fc0b15032adee89133f] 10.0.0.43 "DELETE /resource_providers/4486de30-e3a2-4b5b-b7b3-03bf5f0c88b9" status: 404 len: 246 microversion: 1.1 [pid: 7|app: 0|req: 358/716] 10.0.0.43 () {34 vars in 814 bytes} [Fri May 8 20:39:29 2026] DELETE /resource_providers/4486de30-e3a2-4b5b-b7b3-03bf5f0c88b9 => generated 246 bytes in 15 msecs (HTTP/1.1 404) 6 headers in 231 bytes (1 switches on core 0)
2026-05-08 20:39:29.101 8 INFO placement.requestlog [None req-fdc12911-36d1-4796-bd18-d4e6fe4c7a0a bc9e29707729477dbe486c0927232d35 f7b34dac164448d882ba69431fbd6b65 - - d206b29a867b4fc0b15032adee89133f d206b29a867b4fc0b15032adee89133f] 10.0.0.43 "DELETE /resource_providers/4486de30-e3a2-4b5b-b7b3-03bf5f0c88b9" status: 404 len: 246 microversion: 1.1 [pid: 8|app: 0|req: 359/717] 10.0.0.43 () {34 vars in 814 bytes} [Fri May 8 20:39:29 2026] DELETE /resource_providers/4486de30-e3a2-4b5b-b7b3-03bf5f0c88b9 => generated 246 bytes in 17 msecs (HTTP/1.1 404) 6 headers in 231 bytes (1 switches on core 0)
2026-05-08 20:39:30.628 7 INFO placement.requestlog [None req-a1a6ea35-e7b8-4b6b-a6bf-4c8d08409545 - - - - - -] 10.0.0.39 "GET /" status: 200 len: 136 microversion: 1.0
2026-05-08 20:39:30.628 8 INFO placement.requestlog [None req-0fa69ef8-d1eb-4ccb-8c5b-14432af3eec5 - - - - - -] 10.0.0.39 "GET /" status: 200 len: 136 microversion: 1.0
2026-05-08 20:39:32.766 7 INFO placement.requestlog [None req-c3ce02f3-2fb2-4432-bdf0-59e05f6c6e0e bc9e29707729477dbe486c0927232d35 f7b34dac164448d882ba69431fbd6b65 - - d206b29a867b4fc0b15032adee89133f d206b29a867b4fc0b15032adee89133f] 10.0.0.43 "GET /resource_providers/d44df624-5ee1-4326-8792-386c0ffdcdf2/aggregates" status: 404 len: 235 microversion: 1.1 [pid: 7|app: 0|req: 360/720] 10.0.0.43 () {32 vars in 814 bytes} [Fri May 8 20:39:32 2026] GET /resource_providers/d44df624-5ee1-4326-8792-386c0ffdcdf2/aggregates => generated 235 bytes in 8 msecs (HTTP/1.1 404) 5 headers in 202 bytes (1 switches on core 0)
2026-05-08 20:39:32.769 8 INFO placement.requestlog [None req-8bd30729-e72c-4570-b2b4-c17a04502067 bc9e29707729477dbe486c0927232d35 f7b34dac164448d882ba69431fbd6b65 - - d206b29a867b4fc0b15032adee89133f d206b29a867b4fc0b15032adee89133f] 10.0.0.43 "GET /resource_providers/d44df624-5ee1-4326-8792-386c0ffdcdf2/aggregates" status: 404 len: 235 microversion: 1.1 [pid: 8|app: 0|req: 361/721] 10.0.0.43 () {32 vars in 814 bytes} [Fri May 8 20:39:32 2026] GET /resource_providers/d44df624-5ee1-4326-8792-386c0ffdcdf2/aggregates => generated 235 bytes in 10 msecs (HTTP/1.1 404) 5 headers in 202 bytes (1 switches on core 0)
2026-05-08 20:39:32.790 7 INFO placement.requestlog [None req-65943fa1-820c-44b3-9e6b-403c2bb19d64 bc9e29707729477dbe486c0927232d35 f7b34dac164448d882ba69431fbd6b65 - - d206b29a867b4fc0b15032adee89133f d206b29a867b4fc0b15032adee89133f] 10.0.0.43 "DELETE /resource_providers/d44df624-5ee1-4326-8792-386c0ffdcdf2" status: 404 len: 246 microversion: 1.1
2026-05-08 20:39:32.790 8 INFO placement.requestlog [None req-73ffb24a-5c7e-4e99-9f46-940a38ad9da4 bc9e29707729477dbe486c0927232d35 f7b34dac164448d882ba69431fbd6b65 - - d206b29a867b4fc0b15032adee89133f d206b29a867b4fc0b15032adee89133f] 10.0.0.43 "DELETE /resource_providers/d44df624-5ee1-4326-8792-386c0ffdcdf2" status: 404 len: 246 microversion: 1.1 [pid: 7|app: 0|req: 361/722] 10.0.0.43 () {34 vars in 814 bytes} [Fri May 8 20:39:32 2026] DELETE /resource_providers/d44df624-5ee1-4326-8792-386c0ffdcdf2 => generated 246 bytes in 8 msecs (HTTP/1.1 404) 6 headers in 231 bytes (1 switches on core 0) [pid: 8|app: 0|req: 362/723] 10.0.0.43 () {34 vars in 814 bytes} [Fri May 8 20:39:32 2026] DELETE /resource_providers/d44df624-5ee1-4326-8792-386c0ffdcdf2 => generated 246 bytes in 8 msecs (HTTP/1.1 404) 6 headers in 231 bytes (1 switches on core 0)
2026-05-08 20:39:38.532 7 INFO placement.requestlog [None req-26c81674-ba8e-40bc-aa0e-88b5782f1a6f bc9e29707729477dbe486c0927232d35 f7b34dac164448d882ba69431fbd6b65 - - d206b29a867b4fc0b15032adee89133f d206b29a867b4fc0b15032adee89133f] 10.0.0.43 "GET /resource_providers/7fdf42b1-dd89-4c1c-b45d-1c74039d5f09/aggregates" status: 404 len: 235 microversion: 1.1 [pid: 7|app: 0|req: 362/724] 10.0.0.43 () {32 vars in 814 bytes} [Fri May 8 20:39:38 2026] GET /resource_providers/7fdf42b1-dd89-4c1c-b45d-1c74039d5f09/aggregates => generated 235 bytes in 10 msecs (HTTP/1.1 404) 5 headers in 202 bytes (1 switches on core 0)
2026-05-08 20:39:38.534 8 INFO placement.requestlog [None req-111c7224-a687-4793-8d84-e56608008b2e bc9e29707729477dbe486c0927232d35 f7b34dac164448d882ba69431fbd6b65 - - d206b29a867b4fc0b15032adee89133f d206b29a867b4fc0b15032adee89133f] 10.0.0.43 "GET /resource_providers/7fdf42b1-dd89-4c1c-b45d-1c74039d5f09/aggregates" status: 404 len: 235 microversion: 1.1 [pid: 8|app: 0|req: 363/725] 10.0.0.43 () {32 vars in 814 bytes} [Fri May 8 20:39:38 2026] GET /resource_providers/7fdf42b1-dd89-4c1c-b45d-1c74039d5f09/aggregates => generated 235 bytes in 9 msecs (HTTP/1.1 404) 5 headers in 202 bytes (1 switches on core 0)
2026-05-08 20:39:38.550 7 INFO placement.requestlog [None req-132f15cb-bdf8-451e-b6bc-c3215200b932 bc9e29707729477dbe486c0927232d35 f7b34dac164448d882ba69431fbd6b65 - - d206b29a867b4fc0b15032adee89133f d206b29a867b4fc0b15032adee89133f] 10.0.0.43 "DELETE /resource_providers/7fdf42b1-dd89-4c1c-b45d-1c74039d5f09" status: 404 len: 246 microversion: 1.1 [pid: 7|app: 0|req: 363/726] 10.0.0.43 () {34 vars in 814 bytes} [Fri May 8 20:39:38 2026] DELETE /resource_providers/7fdf42b1-dd89-4c1c-b45d-1c74039d5f09 => generated 246 bytes in 8 msecs (HTTP/1.1 404) 6 headers in 231 bytes (1 switches on core 0)
2026-05-08 20:39:38.565 8 INFO placement.requestlog [None req-b31a60ec-15a8-4b3e-868e-d94ec57aa29f bc9e29707729477dbe486c0927232d35 f7b34dac164448d882ba69431fbd6b65 - - d206b29a867b4fc0b15032adee89133f d206b29a867b4fc0b15032adee89133f] 10.0.0.43 "DELETE /resource_providers/7fdf42b1-dd89-4c1c-b45d-1c74039d5f09" status: 404 len: 246 microversion: 1.1 [pid: 8|app: 0|req: 364/727] 10.0.0.43 () {34 vars in 814 bytes} [Fri May 8 20:39:38 2026] DELETE /resource_providers/7fdf42b1-dd89-4c1c-b45d-1c74039d5f09 => generated 246 bytes in 15 msecs (HTTP/1.1 404) 6 headers in 231 bytes (1 switches on core 0)
2026-05-08 20:39:40.207 7 INFO placement.requestlog [None req-e28b831d-30bc-4751-973c-e5f5992ec406 bc9e29707729477dbe486c0927232d35 f7b34dac164448d882ba69431fbd6b65 - - d206b29a867b4fc0b15032adee89133f d206b29a867b4fc0b15032adee89133f] 10.0.0.43 "GET /resource_providers/7b2a441c-dc4f-42fc-ac4c-aa2858e8752a/aggregates" status: 404 len: 235 microversion: 1.1 [pid: 7|app: 0|req: 364/728] 10.0.0.43 () {32 vars in 814 bytes} [Fri May 8 20:39:40 2026] GET /resource_providers/7b2a441c-dc4f-42fc-ac4c-aa2858e8752a/aggregates => generated 235 bytes in 8 msecs (HTTP/1.1 404) 5 headers in 202 bytes (1 switches on core 0)
2026-05-08 20:39:40.210 8 INFO placement.requestlog [None req-04bf5cfe-1b7d-4e6d-b251-96006ad34fd9 bc9e29707729477dbe486c0927232d35 f7b34dac164448d882ba69431fbd6b65 - - d206b29a867b4fc0b15032adee89133f d206b29a867b4fc0b15032adee89133f] 10.0.0.43 "GET /resource_providers/7b2a441c-dc4f-42fc-ac4c-aa2858e8752a/aggregates" status: 404 len: 235 microversion: 1.1 [pid: 8|app: 0|req: 365/729] 10.0.0.43 () {32 vars in 814 bytes} [Fri May 8 20:39:40 2026] GET /resource_providers/7b2a441c-dc4f-42fc-ac4c-aa2858e8752a/aggregates => generated 235 bytes in 8 msecs (HTTP/1.1 404) 5 headers in 202 bytes (1 switches on core 0)
2026-05-08 20:39:40.226 8 INFO placement.requestlog [None req-504f0dc2-e960-4f39-810d-732292fed5d7 bc9e29707729477dbe486c0927232d35 f7b34dac164448d882ba69431fbd6b65 - - d206b29a867b4fc0b15032adee89133f d206b29a867b4fc0b15032adee89133f] 10.0.0.43 "DELETE /resource_providers/7b2a441c-dc4f-42fc-ac4c-aa2858e8752a" status: 404 len: 246 microversion: 1.1 [pid: 8|app: 0|req: 366/730] 10.0.0.43 () {34 vars in 814 bytes} [Fri May 8 20:39:40 2026] DELETE /resource_providers/7b2a441c-dc4f-42fc-ac4c-aa2858e8752a => generated 246 bytes in 7 msecs (HTTP/1.1 404) 6 headers in 231 bytes (1 switches on core 0)
2026-05-08 20:39:40.230 7 INFO placement.requestlog [None req-0d00c946-490c-46ad-acab-9fc95e8b2356 bc9e29707729477dbe486c0927232d35 f7b34dac164448d882ba69431fbd6b65 - - d206b29a867b4fc0b15032adee89133f d206b29a867b4fc0b15032adee89133f] 10.0.0.43 "DELETE /resource_providers/7b2a441c-dc4f-42fc-ac4c-aa2858e8752a" status: 404 len: 246 microversion: 1.1 [pid: 7|app: 0|req: 365/731] 10.0.0.43 () {34 vars in 814 bytes} [Fri May 8 20:39:40 2026] DELETE /resource_providers/7b2a441c-dc4f-42fc-ac4c-aa2858e8752a => generated 246 bytes in 11 msecs (HTTP/1.1 404) 6 headers in 231 bytes (1 switches on core 0)
2026-05-08 20:39:40.628 7 INFO placement.requestlog [None req-87f8dbcb-594a-44c9-ada9-46935f6a25c7 - - - - - -] 10.0.0.39 "GET /" status: 200 len: 136 microversion: 1.0
2026-05-08 20:39:40.628 8 INFO placement.requestlog [None req-2d8da56c-4110-4255-a967-8bc6023d177d - - - - - -] 10.0.0.39 "GET /" status: 200 len: 136 microversion: 1.0
2026-05-08 20:39:43.114 7 INFO placement.requestlog [req-c83b8b47-a5c7-4a5d-afac-7459cc674a40 req-015bdd5c-5e98-4755-b2e7-2631d6a64dc8 56a44b52642b4ba18b5e162e53915186 f7b34dac164448d882ba69431fbd6b65 - - d206b29a867b4fc0b15032adee89133f d206b29a867b4fc0b15032adee89133f] 199.204.45.77 "GET /resource_providers/9adc18bb-f251-4ac2-b0ba-830e76903cbf/allocations" status: 200 len: 252 microversion: 1.0 [pid: 7|app: 0|req: 367/734] 199.204.45.77 () {32 vars in 855 bytes} [Fri May 8 20:39:43 2026] GET /resource_providers/9adc18bb-f251-4ac2-b0ba-830e76903cbf/allocations => generated 252 bytes in 16 msecs (HTTP/1.1 200) 6 headers in 224 bytes (1 switches on core 0)
2026-05-08 20:39:43.132 8 INFO placement.requestlog [req-c83b8b47-a5c7-4a5d-afac-7459cc674a40 req-5c249dec-adbe-4481-9162-ac7ffc22327b 56a44b52642b4ba18b5e162e53915186 f7b34dac164448d882ba69431fbd6b65 - - d206b29a867b4fc0b15032adee89133f d206b29a867b4fc0b15032adee89133f] 199.204.45.77 "GET /allocations/b00caeba-4fd2-4193-b5a5-7c3833bb1092" status: 200 len: 257 microversion: 1.28 [pid: 8|app: 0|req: 368/735] 199.204.45.77 () {34 vars in 861 bytes} [Fri May 8 20:39:43 2026] GET /allocations/b00caeba-4fd2-4193-b5a5-7c3833bb1092 => generated 257 bytes in 11 msecs (HTTP/1.1 200) 8 headers in 296 bytes (1 switches on core 0)
2026-05-08 20:39:43.153 7 INFO placement.requestlog [req-c83b8b47-a5c7-4a5d-afac-7459cc674a40 req-d48e1094-fed7-4701-aa4c-5a2169339983 56a44b52642b4ba18b5e162e53915186 f7b34dac164448d882ba69431fbd6b65 - - d206b29a867b4fc0b15032adee89133f d206b29a867b4fc0b15032adee89133f] 199.204.45.77 "GET /allocations/333189fb-2090-4bc7-930b-aca0981a3d24" status: 200 len: 257 microversion: 1.28 [pid: 7|app: 0|req: 368/736] 199.204.45.77 () {34 vars in 861 bytes} [Fri May 8 20:39:43 2026] GET /allocations/333189fb-2090-4bc7-930b-aca0981a3d24 => generated 257 bytes in 14 msecs (HTTP/1.1 200) 8 headers in 296 bytes (1 switches on core 0)
2026-05-08 20:39:44.199 8 INFO placement.requestlog [req-c83b8b47-a5c7-4a5d-afac-7459cc674a40 req-21f59aaa-7055-4ef8-8349-529365af4799 56a44b52642b4ba18b5e162e53915186 f7b34dac164448d882ba69431fbd6b65 - - d206b29a867b4fc0b15032adee89133f d206b29a867b4fc0b15032adee89133f] 199.204.45.77 "DELETE /allocations/b00caeba-4fd2-4193-b5a5-7c3833bb1092" status: 204 len: 0 microversion: 1.0 [pid: 8|app: 0|req: 369/737] 199.204.45.77 () {34 vars in 839 bytes} [Fri May 8 20:39:44 2026] DELETE /allocations/b00caeba-4fd2-4193-b5a5-7c3833bb1092 => generated 0 bytes in 23 msecs (HTTP/1.1 204) 5 headers in 198 bytes (1 switches on core 0)
2026-05-08 20:39:46.148 8 INFO placement.requestlog [None req-7484f5c7-a3c6-4e4f-b46c-6081c15a9db1 bc9e29707729477dbe486c0927232d35 f7b34dac164448d882ba69431fbd6b65 - - d206b29a867b4fc0b15032adee89133f d206b29a867b4fc0b15032adee89133f] 10.0.0.43 "GET /resource_providers/cd416bf0-73f1-41b6-80f8-58cc53fbbfa0/aggregates" status: 404 len: 235 microversion: 1.1 [pid: 8|app: 0|req: 370/738] 10.0.0.43 () {32 vars in 814 bytes} [Fri May 8 20:39:46 2026] GET /resource_providers/cd416bf0-73f1-41b6-80f8-58cc53fbbfa0/aggregates => generated 235 bytes in 7 msecs (HTTP/1.1 404) 5 headers in 202 bytes (1 switches on core 0)
2026-05-08 20:39:46.149 7 INFO placement.requestlog [None req-16ea94aa-582d-47e4-9cd5-a611fa73ba4e bc9e29707729477dbe486c0927232d35 f7b34dac164448d882ba69431fbd6b65 - - d206b29a867b4fc0b15032adee89133f d206b29a867b4fc0b15032adee89133f] 10.0.0.43 "GET /resource_providers/cd416bf0-73f1-41b6-80f8-58cc53fbbfa0/aggregates" status: 404 len: 235 microversion: 1.1 [pid: 7|app: 0|req: 369/739] 10.0.0.43 () {32 vars in 814 bytes} [Fri May 8 20:39:46 2026] GET /resource_providers/cd416bf0-73f1-41b6-80f8-58cc53fbbfa0/aggregates => generated 235 bytes in 9 msecs (HTTP/1.1 404) 5 headers in 202 bytes (1 switches on core 0)
2026-05-08 20:39:46.179 8 INFO placement.requestlog [None req-9168c01c-1e42-40e9-a18b-e56160e42ac9 bc9e29707729477dbe486c0927232d35 f7b34dac164448d882ba69431fbd6b65 - - d206b29a867b4fc0b15032adee89133f d206b29a867b4fc0b15032adee89133f] 10.0.0.43 "DELETE /resource_providers/cd416bf0-73f1-41b6-80f8-58cc53fbbfa0" status: 404 len: 246 microversion: 1.1 [pid: 8|app: 0|req: 371/740] 10.0.0.43 () {34 vars in 814 bytes} [Fri May 8 20:39:46 2026] DELETE /resource_providers/cd416bf0-73f1-41b6-80f8-58cc53fbbfa0 => generated 246 bytes in 9 msecs (HTTP/1.1 404) 6 headers in 231 bytes (1 switches on core 0)
2026-05-08 20:39:46.185 7 INFO placement.requestlog [None req-58cd5f7f-a0e2-4d44-9da6-e62f62adf895 bc9e29707729477dbe486c0927232d35 f7b34dac164448d882ba69431fbd6b65 - - d206b29a867b4fc0b15032adee89133f d206b29a867b4fc0b15032adee89133f] 10.0.0.43 "DELETE /resource_providers/cd416bf0-73f1-41b6-80f8-58cc53fbbfa0" status: 404 len: 246 microversion: 1.1 [pid: 7|app: 0|req: 370/741] 10.0.0.43 () {34 vars in 814 bytes} [Fri May 8 20:39:46 2026] DELETE /resource_providers/cd416bf0-73f1-41b6-80f8-58cc53fbbfa0 => generated 246 bytes in 10 msecs (HTTP/1.1 404) 6 headers in 231 bytes (1 switches on core 0)
2026-05-08 20:39:47.446 7 INFO placement.requestlog [None req-b3f96060-713f-49c6-8522-dd3e935e6ad6 bc9e29707729477dbe486c0927232d35 f7b34dac164448d882ba69431fbd6b65 - - d206b29a867b4fc0b15032adee89133f d206b29a867b4fc0b15032adee89133f] 10.0.0.43 "GET /resource_providers/bfb59c5b-45ee-42c8-a44f-3fedcbd328e8/aggregates" status: 404 len: 235 microversion: 1.1 [pid: 7|app: 0|req: 371/742] 10.0.0.43 () {32 vars in 814 bytes} [Fri May 8 20:39:47 2026] GET /resource_providers/bfb59c5b-45ee-42c8-a44f-3fedcbd328e8/aggregates => generated 235 bytes in 8 msecs (HTTP/1.1 404) 5 headers in 202 bytes (1 switches on core 0)
2026-05-08 20:39:47.447 8 INFO placement.requestlog [None req-e27597df-6abd-4ada-94be-a7a618e7cd0a bc9e29707729477dbe486c0927232d35 f7b34dac164448d882ba69431fbd6b65 - - d206b29a867b4fc0b15032adee89133f d206b29a867b4fc0b15032adee89133f] 10.0.0.43 "GET /resource_providers/bfb59c5b-45ee-42c8-a44f-3fedcbd328e8/aggregates" status: 404 len: 235 microversion: 1.1 [pid: 8|app: 0|req: 372/743] 10.0.0.43 () {32 vars in 814 bytes} [Fri May 8 20:39:47 2026] GET /resource_providers/bfb59c5b-45ee-42c8-a44f-3fedcbd328e8/aggregates => generated 235 bytes in 8 msecs (HTTP/1.1 404) 5 headers in 202 bytes (1 switches on core 0)
2026-05-08 20:39:47.474 7 INFO placement.requestlog [None req-2b749c56-1f09-4ea7-b6cb-1a3988fd9953 bc9e29707729477dbe486c0927232d35 f7b34dac164448d882ba69431fbd6b65 - - d206b29a867b4fc0b15032adee89133f d206b29a867b4fc0b15032adee89133f] 10.0.0.43 "DELETE /resource_providers/bfb59c5b-45ee-42c8-a44f-3fedcbd328e8" status: 404 len: 246 microversion: 1.1 [pid: 7|app: 0|req: 372/744] 10.0.0.43 () {34 vars in 814 bytes} [Fri May 8 20:39:47 2026] DELETE /resource_providers/bfb59c5b-45ee-42c8-a44f-3fedcbd328e8 => generated 246 bytes in 13 msecs (HTTP/1.1 404) 6 headers in 231 bytes (1 switches on core 0)
2026-05-08 20:39:47.478 8 INFO placement.requestlog [None req-7ee38992-dae8-424d-b931-05ab1fbb3ee3 bc9e29707729477dbe486c0927232d35 f7b34dac164448d882ba69431fbd6b65 - - d206b29a867b4fc0b15032adee89133f d206b29a867b4fc0b15032adee89133f] 10.0.0.43 "DELETE /resource_providers/bfb59c5b-45ee-42c8-a44f-3fedcbd328e8" status: 404 len: 246 microversion: 1.1 [pid: 8|app: 0|req: 373/745] 10.0.0.43 () {34 vars in 814 bytes} [Fri May 8 20:39:47 2026] DELETE /resource_providers/bfb59c5b-45ee-42c8-a44f-3fedcbd328e8 => generated 246 bytes in 11 msecs (HTTP/1.1 404) 6 headers in 231 bytes (1 switches on core 0)
2026-05-08 20:39:48.836 7 INFO placement.requestlog [None req-8ca61da1-918b-4d9b-826e-00f75e00ef22 bc9e29707729477dbe486c0927232d35 f7b34dac164448d882ba69431fbd6b65 - - d206b29a867b4fc0b15032adee89133f d206b29a867b4fc0b15032adee89133f] 10.0.0.43 "GET /resource_providers/3fa58c70-b343-4bed-ad4b-808dc1f65dcd/aggregates" status: 404 len: 235 microversion: 1.1 [pid: 7|app: 0|req: 373/746] 10.0.0.43 () {32 vars in 814 bytes} [Fri May 8 20:39:48 2026] GET /resource_providers/3fa58c70-b343-4bed-ad4b-808dc1f65dcd/aggregates => generated 235 bytes in 9 msecs (HTTP/1.1 404) 5 headers in 202 bytes (1 switches on core 0)
2026-05-08 20:39:48.840 8 INFO placement.requestlog [None req-a161501f-0baa-4b58-a002-2618e67294ad bc9e29707729477dbe486c0927232d35 f7b34dac164448d882ba69431fbd6b65 - - d206b29a867b4fc0b15032adee89133f d206b29a867b4fc0b15032adee89133f] 10.0.0.43 "GET /resource_providers/3fa58c70-b343-4bed-ad4b-808dc1f65dcd/aggregates" status: 404 len: 235 microversion: 1.1 [pid: 8|app: 0|req: 374/747] 10.0.0.43 () {32 vars in 814 bytes} [Fri May 8 20:39:48 2026] GET /resource_providers/3fa58c70-b343-4bed-ad4b-808dc1f65dcd/aggregates => generated 235 bytes in 9 msecs (HTTP/1.1 404) 5 headers in 202 bytes (1 switches on core 0)
2026-05-08 20:39:48.858 7 INFO placement.requestlog [None req-23e6e3d9-2ddb-4c73-8810-3bc321e0d41a bc9e29707729477dbe486c0927232d35 f7b34dac164448d882ba69431fbd6b65 - - d206b29a867b4fc0b15032adee89133f d206b29a867b4fc0b15032adee89133f] 10.0.0.43 "DELETE /resource_providers/3fa58c70-b343-4bed-ad4b-808dc1f65dcd" status: 404 len: 246 microversion: 1.1 [pid: 7|app: 0|req: 374/748] 10.0.0.43 () {34 vars in 814 bytes} [Fri May 8 20:39:48 2026] DELETE /resource_providers/3fa58c70-b343-4bed-ad4b-808dc1f65dcd => generated 246 bytes in 11 msecs (HTTP/1.1 404) 6 headers in 231 bytes (1 switches on core 0)
2026-05-08 20:39:48.860 8 INFO placement.requestlog [None req-a4c418b8-613d-4ad2-b063-6bf110ae9b55 bc9e29707729477dbe486c0927232d35 f7b34dac164448d882ba69431fbd6b65 - - d206b29a867b4fc0b15032adee89133f d206b29a867b4fc0b15032adee89133f] 10.0.0.43 "DELETE /resource_providers/3fa58c70-b343-4bed-ad4b-808dc1f65dcd" status: 404 len: 246 microversion: 1.1 [pid: 8|app: 0|req: 375/749] 10.0.0.43 () {34 vars in 814 bytes} [Fri May 8 20:39:48 2026] DELETE /resource_providers/3fa58c70-b343-4bed-ad4b-808dc1f65dcd => generated 246 bytes in 12 msecs (HTTP/1.1 404) 6 headers in 231 bytes (1 switches on core 0)
2026-05-08 20:39:50.627 7 INFO placement.requestlog [None req-cfa3bd77-40df-4894-abf4-dbc21facd938 - - - - - -] 10.0.0.39 "GET /" status: 200 len: 136 microversion: 1.0
2026-05-08 20:39:50.627 8 INFO placement.requestlog [None req-c1d74263-e7a6-44e0-91d2-779757a93580 - - - - - -] 10.0.0.39 "GET /" status: 200 len: 136 microversion: 1.0
2026-05-08 20:40:00.628 8 INFO placement.requestlog [None req-80512fb6-1e06-4640-862c-f2145e39d98c - - - - - -] 10.0.0.39 "GET /" status: 200 len: 136 microversion: 1.0
2026-05-08 20:40:00.629 7 INFO placement.requestlog [None req-55c21235-3a96-4669-8708-47bf6e95a76c - - - - - -] 10.0.0.39 "GET /" status: 200 len: 136 microversion: 1.0
2026-05-08 20:40:00.740 8 INFO placement.requestlog [req-89a22a4a-0d64-47b7-83d0-5a6c4fb2dedd req-65af6cb7-a10a-418e-adf7-688230ab4d0a 56a44b52642b4ba18b5e162e53915186 f7b34dac164448d882ba69431fbd6b65 - - d206b29a867b4fc0b15032adee89133f d206b29a867b4fc0b15032adee89133f] 10.0.0.26 "GET /allocation_candidates?limit=1000&resources=DISK_GB%3A1%2CMEMORY_MB%3A512%2CVCPU%3A1&root_required=%21COMPUTE_STATUS_DISABLED" status: 200 len: 2642 microversion: 1.36 [pid: 8|app: 0|req: 378/754] 10.0.0.26 () {34 vars in 1010 bytes} [Fri May 8 20:40:00 2026] GET /allocation_candidates?limit=1000&resources=DISK_GB%3A1%2CMEMORY_MB%3A512%2CVCPU%3A1&root_required=%21COMPUTE_STATUS_DISABLED => generated 2642 bytes in 53 msecs (HTTP/1.1 200) 8 headers in 297 bytes (1 switches on core 0)
2026-05-08 20:40:00.768 7 INFO placement.requestlog [req-89a22a4a-0d64-47b7-83d0-5a6c4fb2dedd req-1b98b9a8-b471-4f96-8f31-63e805d203b0 56a44b52642b4ba18b5e162e53915186 f7b34dac164448d882ba69431fbd6b65 - - d206b29a867b4fc0b15032adee89133f d206b29a867b4fc0b15032adee89133f] 10.0.0.26 "GET /allocations/c7380545-93d2-4ced-98de-56611c0dd5c1" status: 200 len: 19 microversion: 1.28 [pid: 7|app: 0|req: 377/755] 10.0.0.26 () {34 vars in 859 bytes} [Fri May 8 20:40:00 2026] GET /allocations/c7380545-93d2-4ced-98de-56611c0dd5c1 => generated 19 bytes in 11 msecs (HTTP/1.1 200) 8 headers in 295 bytes (1 switches on core 0)
2026-05-08 20:40:00.827 8 INFO placement.requestlog [req-89a22a4a-0d64-47b7-83d0-5a6c4fb2dedd req-9a3752d7-fa7d-43f6-a9a0-9d5c0b124666 56a44b52642b4ba18b5e162e53915186 f7b34dac164448d882ba69431fbd6b65 - - d206b29a867b4fc0b15032adee89133f d206b29a867b4fc0b15032adee89133f] 10.0.0.26 "PUT /allocations/c7380545-93d2-4ced-98de-56611c0dd5c1" status: 204 len: 0 microversion: 1.36 [pid: 8|app: 0|req: 379/756] 10.0.0.26 () {38 vars in 912 bytes} [Fri May 8 20:40:00 2026] PUT /allocations/c7380545-93d2-4ced-98de-56611c0dd5c1 => generated 0 bytes in 52 msecs (HTTP/1.1 204) 5 headers in 199 bytes (1 switches on core 0)
2026-05-08 20:40:02.322 7 INFO placement.requestlog [req-89a22a4a-0d64-47b7-83d0-5a6c4fb2dedd req-904fe1dd-22a3-4936-b0ac-6b98bc07309a 56a44b52642b4ba18b5e162e53915186 f7b34dac164448d882ba69431fbd6b65 - - d206b29a867b4fc0b15032adee89133f d206b29a867b4fc0b15032adee89133f] 199.204.45.77 "GET /allocations/c7380545-93d2-4ced-98de-56611c0dd5c1" status: 200 len: 257 microversion: 1.28 [pid: 7|app: 0|req: 378/757] 199.204.45.77 () {34 vars in 861 bytes} [Fri May 8 20:40:02 2026] GET /allocations/c7380545-93d2-4ced-98de-56611c0dd5c1 => generated 257 bytes in 14 msecs (HTTP/1.1 200) 8 headers in 296 bytes (1 switches on core 0)
2026-05-08 20:40:03.360 8 INFO placement.requestlog [req-89a22a4a-0d64-47b7-83d0-5a6c4fb2dedd req-abc99e3f-7d5d-41d9-8267-c5e2033a31c6 56a44b52642b4ba18b5e162e53915186 f7b34dac164448d882ba69431fbd6b65 - - d206b29a867b4fc0b15032adee89133f d206b29a867b4fc0b15032adee89133f] 199.204.45.77 "GET /resource_providers/9adc18bb-f251-4ac2-b0ba-830e76903cbf/allocations" status: 200 len: 252 microversion: 1.0 [pid: 8|app: 0|req: 380/758] 199.204.45.77 () {32 vars in 855 bytes} [Fri May 8 20:40:03 2026] GET /resource_providers/9adc18bb-f251-4ac2-b0ba-830e76903cbf/allocations => generated 252 bytes in 16 msecs (HTTP/1.1 200) 6 headers in 224 bytes (1 switches on core 0)
2026-05-08 20:40:03.377 7 INFO placement.requestlog [req-89a22a4a-0d64-47b7-83d0-5a6c4fb2dedd req-38754c8a-6591-4dd1-b7d1-a774a1748c15 56a44b52642b4ba18b5e162e53915186 f7b34dac164448d882ba69431fbd6b65 - - d206b29a867b4fc0b15032adee89133f d206b29a867b4fc0b15032adee89133f] 199.204.45.77 "GET /allocations/333189fb-2090-4bc7-930b-aca0981a3d24" status: 200 len: 257 microversion: 1.28 [pid: 7|app: 0|req: 379/759] 199.204.45.77 () {34 vars in 861 bytes} [Fri May 8 20:40:03 2026] GET /allocations/333189fb-2090-4bc7-930b-aca0981a3d24 => generated 257 bytes in 12 msecs (HTTP/1.1 200) 8 headers in 296 bytes (1 switches on core 0)
2026-05-08 20:40:03.394 8 INFO placement.requestlog [req-89a22a4a-0d64-47b7-83d0-5a6c4fb2dedd req-4dbffba3-74d3-4538-a905-61ca027a100f 56a44b52642b4ba18b5e162e53915186 f7b34dac164448d882ba69431fbd6b65 - - d206b29a867b4fc0b15032adee89133f d206b29a867b4fc0b15032adee89133f] 199.204.45.77 "GET /allocations/c7380545-93d2-4ced-98de-56611c0dd5c1" status: 200 len: 257 microversion: 1.28 [pid: 8|app: 0|req: 381/760] 199.204.45.77 () {34 vars in 861 bytes} [Fri May 8 20:40:03 2026] GET /allocations/c7380545-93d2-4ced-98de-56611c0dd5c1 => generated 257 bytes in 12 msecs (HTTP/1.1 200) 8 headers in 296 bytes (1 switches on core 0)
2026-05-08 20:40:03.605 7 INFO placement.requestlog [req-7e8d84de-7d94-4062-beac-7c185da97bcc req-1b088b37-a1e4-40ed-a96e-7eee4cc2084c 56a44b52642b4ba18b5e162e53915186 f7b34dac164448d882ba69431fbd6b65 - - d206b29a867b4fc0b15032adee89133f d206b29a867b4fc0b15032adee89133f] 10.0.0.26 "GET /allocation_candidates?limit=1000&resources=MEMORY_MB%3A512%2CVCPU%3A1&root_required=%21COMPUTE_STATUS_DISABLED" status: 200 len: 2629 microversion: 1.36 [pid: 7|app: 0|req: 380/761] 10.0.0.26 () {34 vars in 982 bytes} [Fri May 8 20:40:03 2026] GET /allocation_candidates?limit=1000&resources=MEMORY_MB%3A512%2CVCPU%3A1&root_required=%21COMPUTE_STATUS_DISABLED => generated 2629 bytes in 62 msecs (HTTP/1.1 200) 8 headers in 297 bytes (1 switches on core 0)
2026-05-08 20:40:03.633 8 INFO placement.requestlog [req-7e8d84de-7d94-4062-beac-7c185da97bcc req-199812d5-bd7e-4fe7-b413-8b6b700ff58f 56a44b52642b4ba18b5e162e53915186 f7b34dac164448d882ba69431fbd6b65 - - d206b29a867b4fc0b15032adee89133f d206b29a867b4fc0b15032adee89133f] 10.0.0.26 "GET /allocations/cae4f0e0-8b85-49f1-b553-02799afc666b" status: 200 len: 19 microversion: 1.28 [pid: 8|app: 0|req: 382/762] 10.0.0.26 () {34 vars in 859 bytes} [Fri May 8 20:40:03 2026] GET /allocations/cae4f0e0-8b85-49f1-b553-02799afc666b => generated 19 bytes in 12 msecs (HTTP/1.1 200) 8 headers in 295 bytes (1 switches on core 0)
2026-05-08 20:40:03.724 7 INFO placement.requestlog [req-7e8d84de-7d94-4062-beac-7c185da97bcc req-aebc45cc-b691-40e9-b3be-5b8bc70f91dd 56a44b52642b4ba18b5e162e53915186 f7b34dac164448d882ba69431fbd6b65 - - d206b29a867b4fc0b15032adee89133f d206b29a867b4fc0b15032adee89133f] 10.0.0.26 "PUT /allocations/cae4f0e0-8b85-49f1-b553-02799afc666b" status: 204 len: 0 microversion: 1.36 [pid: 7|app: 0|req: 381/763] 10.0.0.26 () {38 vars in 912 bytes} [Fri May 8 20:40:03 2026] PUT /allocations/cae4f0e0-8b85-49f1-b553-02799afc666b => generated 0 bytes in 82 msecs (HTTP/1.1 204) 5 headers in 199 bytes (1 switches on core 0)
2026-05-08 20:40:05.183 8 INFO placement.requestlog [req-7e8d84de-7d94-4062-beac-7c185da97bcc req-467c4897-b7b5-4f00-a2f5-c018ded1c790 56a44b52642b4ba18b5e162e53915186 f7b34dac164448d882ba69431fbd6b65 - - d206b29a867b4fc0b15032adee89133f d206b29a867b4fc0b15032adee89133f] 199.204.45.77 "GET /allocations/cae4f0e0-8b85-49f1-b553-02799afc666b" status: 200 len: 243 microversion: 1.28 [pid: 8|app: 0|req: 383/764] 199.204.45.77 () {34 vars in 861 bytes} [Fri May 8 20:40:05 2026] GET /allocations/cae4f0e0-8b85-49f1-b553-02799afc666b => generated 243 bytes in 12 msecs (HTTP/1.1 200) 8 headers in 296 bytes (1 switches on core 0)
2026-05-08 20:40:06.240 7 INFO placement.requestlog [req-7e8d84de-7d94-4062-beac-7c185da97bcc req-c7d11b8d-c874-4d9d-9f48-b287afd2ca5e 56a44b52642b4ba18b5e162e53915186 f7b34dac164448d882ba69431fbd6b65 - - d206b29a867b4fc0b15032adee89133f d206b29a867b4fc0b15032adee89133f] 199.204.45.77 "GET /resource_providers/9adc18bb-f251-4ac2-b0ba-830e76903cbf/allocations" status: 200 len: 338 microversion: 1.0 [pid: 7|app: 0|req: 382/765] 199.204.45.77 () {32 vars in 855 bytes} [Fri May 8 20:40:06 2026] GET /resource_providers/9adc18bb-f251-4ac2-b0ba-830e76903cbf/allocations => generated 338 bytes in 25 msecs (HTTP/1.1 200) 6 headers in 224 bytes (1 switches on core 0)
2026-05-08 20:40:06.263 8 INFO placement.requestlog [req-7e8d84de-7d94-4062-beac-7c185da97bcc req-26dd0928-9698-4595-a2ee-050c35968b4b 56a44b52642b4ba18b5e162e53915186 f7b34dac164448d882ba69431fbd6b65 - - d206b29a867b4fc0b15032adee89133f d206b29a867b4fc0b15032adee89133f] 199.204.45.77 "GET /allocations/cae4f0e0-8b85-49f1-b553-02799afc666b" status: 200 len: 243 microversion: 1.28 [pid: 8|app: 0|req: 384/766] 199.204.45.77 () {34 vars in 861 bytes} [Fri May 8 20:40:06 2026] GET /allocations/cae4f0e0-8b85-49f1-b553-02799afc666b => generated 243 bytes in 16 msecs (HTTP/1.1 200) 8 headers in 296 bytes (1 switches on core 0)
2026-05-08 20:40:06.294 7 INFO placement.requestlog [req-7e8d84de-7d94-4062-beac-7c185da97bcc req-cf400870-c3a1-4b0b-bcbb-642050ad04b1 56a44b52642b4ba18b5e162e53915186 f7b34dac164448d882ba69431fbd6b65 - - d206b29a867b4fc0b15032adee89133f d206b29a867b4fc0b15032adee89133f] 199.204.45.77 "GET /allocations/333189fb-2090-4bc7-930b-aca0981a3d24" status: 200 len: 257 microversion: 1.28 [pid: 7|app: 0|req: 383/767] 199.204.45.77 () {34 vars in 861 bytes} [Fri May 8 20:40:06 2026] GET /allocations/333189fb-2090-4bc7-930b-aca0981a3d24 => generated 257 bytes in 26 msecs (HTTP/1.1 200) 8 headers in 296 bytes (1 switches on core 0)
2026-05-08 20:40:06.321 8 INFO placement.requestlog [req-7e8d84de-7d94-4062-beac-7c185da97bcc req-b08cedd3-8f9c-424a-8651-03cbb8618ed1 56a44b52642b4ba18b5e162e53915186 f7b34dac164448d882ba69431fbd6b65 - - d206b29a867b4fc0b15032adee89133f d206b29a867b4fc0b15032adee89133f] 199.204.45.77 "GET /allocations/c7380545-93d2-4ced-98de-56611c0dd5c1" status: 200 len: 257 microversion: 1.28 [pid: 8|app: 0|req: 385/768] 199.204.45.77 () {34 vars in 861 bytes} [Fri May 8 20:40:06 2026] GET /allocations/c7380545-93d2-4ced-98de-56611c0dd5c1 => generated 257 bytes in 15 msecs (HTTP/1.1 200) 8 headers in 296 bytes (1 switches on core 0)
2026-05-08 20:40:10.628 7 INFO placement.requestlog [None req-d44ea873-2f4b-47c1-ab88-74698617cc96 - - - - - -] 10.0.0.39 "GET /" status: 200 len: 136 microversion: 1.0
2026-05-08 20:40:10.629 8 INFO placement.requestlog [None req-b8e1f919-0cde-4e0f-bcaa-27b6b2aa19ea - - - - - -] 10.0.0.39 "GET /" status: 200 len: 136 microversion: 1.0
2026-05-08 20:40:19.160 7 INFO placement.requestlog [req-1af0d85f-b423-4d3b-9af4-5d6da86379e5 req-6b637b36-c92a-4d45-8e73-83d547a2682f 56a44b52642b4ba18b5e162e53915186 f7b34dac164448d882ba69431fbd6b65 - - d206b29a867b4fc0b15032adee89133f d206b29a867b4fc0b15032adee89133f] 10.0.0.26 "GET /allocation_candidates?limit=1000&resources=DISK_GB%3A1%2CMEMORY_MB%3A512%2CVCPU%3A1&root_required=%21COMPUTE_STATUS_DISABLED" status: 200 len: 2643 microversion: 1.36 [pid: 7|app: 0|req: 385/771] 10.0.0.26 () {34 vars in 1010 bytes} [Fri May 8 20:40:19 2026] GET /allocation_candidates?limit=1000&resources=DISK_GB%3A1%2CMEMORY_MB%3A512%2CVCPU%3A1&root_required=%21COMPUTE_STATUS_DISABLED => generated 2643 bytes in 42 msecs (HTTP/1.1 200) 8 headers in 297 bytes (1 switches on core 0)
2026-05-08 20:40:19.184 8 INFO placement.requestlog [req-1af0d85f-b423-4d3b-9af4-5d6da86379e5 req-b189d8ea-21d0-41c3-9d29-0b2a99c2ebaa 56a44b52642b4ba18b5e162e53915186 f7b34dac164448d882ba69431fbd6b65 - - d206b29a867b4fc0b15032adee89133f d206b29a867b4fc0b15032adee89133f] 10.0.0.26 "GET /allocations/eb5bd18e-f2fe-434d-977d-272ceade969c" status: 200 len: 19 microversion: 1.28 [pid: 8|app: 0|req: 387/772] 10.0.0.26 () {34 vars in 859 bytes} [Fri May 8 20:40:19 2026] GET /allocations/eb5bd18e-f2fe-434d-977d-272ceade969c => generated 19 bytes in 8 msecs (HTTP/1.1 200) 8 headers in 295 bytes (1 switches on core 0)
2026-05-08 20:40:19.247 7 INFO placement.requestlog [req-1af0d85f-b423-4d3b-9af4-5d6da86379e5 req-a541db2e-a632-488c-8332-d284a7f66019 56a44b52642b4ba18b5e162e53915186 f7b34dac164448d882ba69431fbd6b65 - - d206b29a867b4fc0b15032adee89133f d206b29a867b4fc0b15032adee89133f] 10.0.0.26 "PUT /allocations/eb5bd18e-f2fe-434d-977d-272ceade969c" status: 204 len: 0 microversion: 1.36 [pid: 7|app: 0|req: 386/773] 10.0.0.26 () {38 vars in 912 bytes} [Fri May 8 20:40:19 2026] PUT /allocations/eb5bd18e-f2fe-434d-977d-272ceade969c => generated 0 bytes in 59 msecs (HTTP/1.1 204) 5 headers in 199 bytes (1 switches on core 0)
2026-05-08 20:40:20.126 8 INFO placement.requestlog [req-bf971094-ce3b-4112-9897-d84029db96f9 req-75a73e13-e481-4288-88a9-5ce7e924689c 56a44b52642b4ba18b5e162e53915186 f7b34dac164448d882ba69431fbd6b65 - - d206b29a867b4fc0b15032adee89133f d206b29a867b4fc0b15032adee89133f] 199.204.45.77 "GET /resource_providers/9adc18bb-f251-4ac2-b0ba-830e76903cbf/allocations" status: 200 len: 438 microversion: 1.0 [pid: 8|app: 0|req: 388/774] 199.204.45.77 () {32 vars in 855 bytes} [Fri May 8 20:40:20 2026] GET /resource_providers/9adc18bb-f251-4ac2-b0ba-830e76903cbf/allocations => generated 438 bytes in 17 msecs (HTTP/1.1 200) 6 headers in 224 bytes (1 switches on core 0)
