2026-05-08 20:41:35.785 7 INFO neutron_taas.services.taas.tap_mirror_plugin [None req-fbd09a7b-a5a2-4156-9ed4-bdf286da1881 2fc0ac60a2f84fcf927a4b8ccc6268b3 ee3e4ea929674195a853076c346bbbf5 - - default default] Tap Mirror: Handle Delete Port: 0ea9f2fe-1d21-4638-9164-1d6957ad0876 [pid: 7|app: 0|req: 1076/2025] 10.0.0.204 () {32 vars in 720 bytes} [Fri May 8 20:41:35 2026] DELETE /v2.0/ports/0ea9f2fe-1d21-4638-9164-1d6957ad0876 => generated 0 bytes in 355 msecs (HTTP/1.1 204) 3 headers in 131 bytes (1 switches on core 0)
2026-05-08 20:41:35.983 8 INFO neutron.services.segments.plugin [-] Segment d8f56510-2fb1-4b62-b279-27ee48838dbe resource provider aggregate not found
2026-05-08 20:41:35.989 8 INFO neutron.services.segments.plugin [-] Segment d8f56510-2fb1-4b62-b279-27ee48838dbe resource provider aggregate not found
2026-05-08 20:41:36.004 8 INFO neutron.services.segments.plugin [-] Segment d8f56510-2fb1-4b62-b279-27ee48838dbe resource provider not found; error: Placement Client Error (4xx): {"errors": [{"status": 404, "title": "Not Found", "detail": "The resource could not be found.\n\n No resource provider with uuid d8f56510-2fb1-4b62-b279-27ee48838dbe found for delete ", "request_id": "req-f8057a00-9ac3-4f23-8be9-7b62457b4793"}]}
2026-05-08 20:41:36.016 8 INFO neutron.services.segments.plugin [-] Segment d8f56510-2fb1-4b62-b279-27ee48838dbe resource provider not found; error: Placement Client Error (4xx): {"errors": [{"status": 404, "title": "Not Found", "detail": "The resource could not be found.\n\n No resource provider with uuid d8f56510-2fb1-4b62-b279-27ee48838dbe found for delete ", "request_id": "req-c372a196-b64a-4f6c-9b55-675c94640ae7"}]} [pid: 8|app: 0|req: 950/2026] 10.0.0.204 () {32 vars in 726 bytes} [Fri May 8 20:41:35 2026] DELETE /v2.0/networks/86aaa72a-48b9-47a9-a69c-c800db3c8c0a => generated 0 bytes in 427 msecs (HTTP/1.1 204) 3 headers in 131 bytes (1 switches on core 0)
2026-05-08 20:41:36.100 7 INFO neutron_taas.services.taas.taas_plugin [None req-063a4e5a-891d-4db3-8e26-76ee563fe29c 2fc0ac60a2f84fcf927a4b8ccc6268b3 ee3e4ea929674195a853076c346bbbf5 - - default default] TaaS: Handle Delete Port: 0e4938d4-9b05-4d88-b45e-45eab6b94269
2026-05-08 20:41:36.103 7 INFO neutron_taas.services.taas.tap_mirror_plugin [None req-063a4e5a-891d-4db3-8e26-76ee563fe29c 2fc0ac60a2f84fcf927a4b8ccc6268b3 ee3e4ea929674195a853076c346bbbf5 - - default default] Tap Mirror: Handle Delete Port: 0e4938d4-9b05-4d88-b45e-45eab6b94269 [pid: 7|app: 0|req: 1077/2027] 10.0.0.204 () {32 vars in 720 bytes} [Fri May 8 20:41:35 2026] DELETE /v2.0/ports/0e4938d4-9b05-4d88-b45e-45eab6b94269 => generated 0 bytes in 333 msecs (HTTP/1.1 204) 3 headers in 131 bytes (1 switches on core 0) [pid: 8|app: 0|req: 951/2028] 10.0.0.204 () {32 vars in 736 bytes} [Fri May 8 20:41:36 2026] GET /v2.0/ports?device_id=44db49fa-3a57-49ea-93aa-07b7dd0de529 => generated 946 bytes in 122 msecs (HTTP/1.1 200) 4 headers in 157 bytes (1 switches on core 0)
2026-05-08 20:41:36.728 7 INFO neutron_taas.services.taas.taas_plugin [None req-42035728-7235-43fb-afd4-7c9e20ffdf2e 2fc0ac60a2f84fcf927a4b8ccc6268b3 ee3e4ea929674195a853076c346bbbf5 - - default default] TaaS: Handle Delete Port: 7557d462-c0a4-4298-812b-06b7da07a38d
2026-05-08 20:41:36.731 7 INFO neutron_taas.services.taas.tap_mirror_plugin [None req-42035728-7235-43fb-afd4-7c9e20ffdf2e 2fc0ac60a2f84fcf927a4b8ccc6268b3 ee3e4ea929674195a853076c346bbbf5 - - default default] Tap Mirror: Handle Delete Port: 7557d462-c0a4-4298-812b-06b7da07a38d
2026-05-08 20:41:37.034 8 INFO neutron.db.ovn_revision_numbers_db [None req-006bc406-b4bb-44ca-8b6d-ef6a32014f2b adbe1c9df56d43efb8ef59713513745e c224ff9fdc7b4b3f9abd0beac0674360 - - default default] Successfully bumped revision number for resource 3300ea4e-e4bd-4361-a28b-a7ae85b193f1 (type: security_groups) to 1
2026-05-08 20:41:37.045 8 INFO neutron.db.ovn_revision_numbers_db [None req-006bc406-b4bb-44ca-8b6d-ef6a32014f2b adbe1c9df56d43efb8ef59713513745e c224ff9fdc7b4b3f9abd0beac0674360 - - default default] Successfully bumped revision number for resource 16517b14-ebe2-4668-b5f8-42e5a6c0903f (type: security_group_rules) to 0
2026-05-08 20:41:37.057 8 INFO neutron.db.ovn_revision_numbers_db [None req-006bc406-b4bb-44ca-8b6d-ef6a32014f2b adbe1c9df56d43efb8ef59713513745e c224ff9fdc7b4b3f9abd0beac0674360 - - default default] Successfully bumped revision number for resource 810f5aa8-c2bb-4aae-ad73-3de7b58e1737 (type: security_group_rules) to 0
2026-05-08 20:41:37.067 8 INFO neutron.db.ovn_revision_numbers_db [None req-006bc406-b4bb-44ca-8b6d-ef6a32014f2b adbe1c9df56d43efb8ef59713513745e c224ff9fdc7b4b3f9abd0beac0674360 - - default default] Successfully bumped revision number for resource a740d445-6375-45ae-98a4-c77ce8257881 (type: security_group_rules) to 0
2026-05-08 20:41:37.078 8 INFO neutron.db.ovn_revision_numbers_db [None req-006bc406-b4bb-44ca-8b6d-ef6a32014f2b adbe1c9df56d43efb8ef59713513745e c224ff9fdc7b4b3f9abd0beac0674360 - - default default] Successfully bumped revision number for resource b8ab8730-0259-40af-83da-9d90ead779e1 (type: security_group_rules) to 0 [pid: 8|app: 0|req: 952/2029] 10.0.0.204 () {32 vars in 774 bytes} [Fri May 8 20:41:36 2026] GET /v2.0/security-groups?tenant_id=52f1c0b977a74ec09e14176ff274fb89&name=default => generated 2925 bytes in 406 msecs (HTTP/1.1 200) 4 headers in 158 bytes (1 switches on core 0) [pid: 7|app: 0|req: 1078/2030] 10.0.0.204 () {34 vars in 789 bytes} [Fri May 8 20:41:36 2026] PUT /v2.0/routers/44db49fa-3a57-49ea-93aa-07b7dd0de529/remove_router_interface => generated 309 bytes in 801 msecs (HTTP/1.1 200) 4 headers in 157 bytes (1 switches on core 0) /var/lib/openstack/lib/python3.12/site-packages/pycadf/identifier.py:70: UserWarning: Invalid uuid: neutron. To ensure interoperability, identifiers should be a valid uuid. warnings.warn(('Invalid uuid: %s. To ensure interoperability, ' [pid: 8|app: 0|req: 953/2031] 10.0.0.204 () {32 vars in 740 bytes} [Fri May 8 20:41:37 2026] DELETE /v2.0/security-groups/3300ea4e-e4bd-4361-a28b-a7ae85b193f1 => generated 0 bytes in 237 msecs (HTTP/1.1 204) 2 headers in 112 bytes (1 switches on core 0) [pid: 8|app: 0|req: 954/2032] 10.0.0.204 () {32 vars in 774 bytes} [Fri May 8 20:41:37 2026] GET /v2.0/security-groups?tenant_id=55bbc71692894ec4adfabcd0be618c12&name=default => generated 2925 bytes in 32 msecs (HTTP/1.1 200) 4 headers in 158 bytes (1 switches on core 0)
2026-05-08 20:41:37.585 7 INFO neutron_taas.services.taas.taas_plugin [None req-2d9e2699-9b4d-4023-a28e-475ce991c97d 2fc0ac60a2f84fcf927a4b8ccc6268b3 ee3e4ea929674195a853076c346bbbf5 - - default default] TaaS: Handle Delete Port: b47d0507-44c3-48d6-99a2-05b3888e4933
2026-05-08 20:41:37.588 7 INFO neutron_taas.services.taas.tap_mirror_plugin [None req-2d9e2699-9b4d-4023-a28e-475ce991c97d 2fc0ac60a2f84fcf927a4b8ccc6268b3 ee3e4ea929674195a853076c346bbbf5 - - default default] Tap Mirror: Handle Delete Port: b47d0507-44c3-48d6-99a2-05b3888e4933 [pid: 8|app: 0|req: 955/2033] 10.0.0.204 () {32 vars in 740 bytes} [Fri May 8 20:41:37 2026] DELETE /v2.0/security-groups/2acc939f-a6c4-487d-9cbb-8d15f4068b69 => generated 0 bytes in 336 msecs (HTTP/1.1 204) 2 headers in 112 bytes (1 switches on core 0) [pid: 7|app: 0|req: 1079/2034] 10.0.0.204 () {32 vars in 724 bytes} [Fri May 8 20:41:37 2026] DELETE /v2.0/routers/44db49fa-3a57-49ea-93aa-07b7dd0de529 => generated 0 bytes in 690 msecs (HTTP/1.1 204) 2 headers in 112 bytes (1 switches on core 0) [pid: 7|app: 0|req: 1080/2035] 10.0.0.204 () {32 vars in 724 bytes} [Fri May 8 20:41:37 2026] DELETE /v2.0/subnets/9fd7c075-5eef-4cca-abc7-10f887301c4d => generated 0 bytes in 134 msecs (HTTP/1.1 204) 3 headers in 131 bytes (1 switches on core 0)
2026-05-08 20:41:38.213 7 INFO neutron_taas.services.taas.taas_plugin [None req-c9042a2c-4dec-43bb-8114-8bd0acb3407e 2fc0ac60a2f84fcf927a4b8ccc6268b3 ee3e4ea929674195a853076c346bbbf5 - - default default] TaaS: Handle Delete Port: a7b49403-b2de-4f2b-bf90-c06683914e9a
2026-05-08 20:41:38.214 8 WARNING neutron.plugins.ml2.drivers.ovn.mech_driver.ovsdb.ovn_client [None req-b8ec412f-dd1a-422e-a2cb-0f8243b411fd - - - - - -] No port found with ID 7557d462-c0a4-4298-812b-06b7da07a38d: RuntimeError: No port found with ID 7557d462-c0a4-4298-812b-06b7da07a38d
2026-05-08 20:41:38.216 7 INFO neutron_taas.services.taas.tap_mirror_plugin [None req-c9042a2c-4dec-43bb-8114-8bd0acb3407e 2fc0ac60a2f84fcf927a4b8ccc6268b3 ee3e4ea929674195a853076c346bbbf5 - - default default] Tap Mirror: Handle Delete Port: a7b49403-b2de-4f2b-bf90-c06683914e9a
2026-05-08 20:41:38.226 8 INFO neutron.plugins.ml2.drivers.ovn.mech_driver.mech_driver [None req-b8ec412f-dd1a-422e-a2cb-0f8243b411fd - - - - - -] OVN reports status down for port: 0ea9f2fe-1d21-4638-9164-1d6957ad0876
2026-05-08 20:41:38.402 8 INFO neutron.db.ovn_revision_numbers_db [None req-88e2c227-8b39-4ac8-9780-59ddd26759b9 3a7150f3cba84dd0bd1fb21d3abfa091 d16c51d12c46415280a070a544441dcf - - default default] Successfully bumped revision number for resource 125af798-ff86-48de-a631-48cdd3f16162 (type: security_groups) to 1
2026-05-08 20:41:38.417 8 INFO neutron.db.ovn_revision_numbers_db [None req-88e2c227-8b39-4ac8-9780-59ddd26759b9 3a7150f3cba84dd0bd1fb21d3abfa091 d16c51d12c46415280a070a544441dcf - - default default] Successfully bumped revision number for resource 2578c21c-2dc4-4ea4-a068-287c29cf65df (type: security_group_rules) to 0
2026-05-08 20:41:38.422 7 INFO neutron.services.segments.plugin [-] Segment 441479ac-fa08-4a10-8f19-4981dd71d670 resource provider aggregate not found
2026-05-08 20:41:38.426 7 INFO neutron.services.segments.plugin [-] Segment 441479ac-fa08-4a10-8f19-4981dd71d670 resource provider aggregate not found
2026-05-08 20:41:38.431 8 INFO neutron.db.ovn_revision_numbers_db [None req-88e2c227-8b39-4ac8-9780-59ddd26759b9 3a7150f3cba84dd0bd1fb21d3abfa091 d16c51d12c46415280a070a544441dcf - - default default] Successfully bumped revision number for resource 39d106f3-d195-4419-bbd6-1d21f4352274 (type: security_group_rules) to 0
2026-05-08 20:41:38.445 7 INFO neutron.services.segments.plugin [-] Segment 441479ac-fa08-4a10-8f19-4981dd71d670 resource provider not found; error: Placement Client Error (4xx): {"errors": [{"status": 404, "title": "Not Found", "detail": "The resource could not be found.\n\n No resource provider with uuid 441479ac-fa08-4a10-8f19-4981dd71d670 found for delete ", "request_id": "req-bd2e181d-748f-4b96-9985-67e68ce32b2f"}]}
2026-05-08 20:41:38.450 7 INFO neutron.services.segments.plugin [-] Segment 441479ac-fa08-4a10-8f19-4981dd71d670 resource provider not found; error: Placement Client Error (4xx): {"errors": [{"status": 404, "title": "Not Found", "detail": "The resource could not be found.\n\n No resource provider with uuid 441479ac-fa08-4a10-8f19-4981dd71d670 found for delete ", "request_id": "req-dcd300f5-cca8-4e65-a482-388e3ac4c5c9"}]}
2026-05-08 20:41:38.452 8 INFO neutron.db.ovn_revision_numbers_db [None req-88e2c227-8b39-4ac8-9780-59ddd26759b9 3a7150f3cba84dd0bd1fb21d3abfa091 d16c51d12c46415280a070a544441dcf - - default default] Successfully bumped revision number for resource 68c1906c-6fae-4954-9e3d-77d69eb29b49 (type: security_group_rules) to 0
2026-05-08 20:41:38.466 8 INFO neutron.db.ovn_revision_numbers_db [None req-88e2c227-8b39-4ac8-9780-59ddd26759b9 3a7150f3cba84dd0bd1fb21d3abfa091 d16c51d12c46415280a070a544441dcf - - default default] Successfully bumped revision number for resource f7a3e0d7-453e-422a-9dfd-937c6ba4b147 (type: security_group_rules) to 0 [pid: 7|app: 0|req: 1081/2036] 10.0.0.204 () {32 vars in 726 bytes} [Fri May 8 20:41:38 2026] DELETE /v2.0/networks/a86097b6-5f72-4c27-aa8e-04c493be3698 => generated 0 bytes in 375 msecs (HTTP/1.1 204) 3 headers in 131 bytes (1 switches on core 0)
2026-05-08 20:41:38.550 8 INFO neutron.db.segments_db [None req-88e2c227-8b39-4ac8-9780-59ddd26759b9 3a7150f3cba84dd0bd1fb21d3abfa091 d16c51d12c46415280a070a544441dcf - - default default] Added segment 5bb22721-6a1c-4a16-b629-0a31c9ad03fe of type geneve for network b56c008b-b489-4299-a85a-4e6c95993e23
2026-05-08 20:41:38.698 8 INFO neutron.db.ovn_revision_numbers_db [None req-88e2c227-8b39-4ac8-9780-59ddd26759b9 3a7150f3cba84dd0bd1fb21d3abfa091 d16c51d12c46415280a070a544441dcf - - default default] Successfully bumped revision number for resource b56c008b-b489-4299-a85a-4e6c95993e23 (type: networks) to 1
2026-05-08 20:41:38.920 8 WARNING neutron.scheduler.dhcp_agent_scheduler [None req-88e2c227-8b39-4ac8-9780-59ddd26759b9 3a7150f3cba84dd0bd1fb21d3abfa091 d16c51d12c46415280a070a544441dcf - - default default] No more DHCP agents
2026-05-08 20:41:38.921 8 WARNING neutron.api.rpc.agentnotifiers.dhcp_rpc_agent_api [None req-88e2c227-8b39-4ac8-9780-59ddd26759b9 3a7150f3cba84dd0bd1fb21d3abfa091 d16c51d12c46415280a070a544441dcf - - default default] Unable to schedule network b56c008b-b489-4299-a85a-4e6c95993e23: no agents available; will retry on subsequent port and subnet creation events.
2026-05-08 20:41:38.986 7 INFO neutron.plugins.ml2.drivers.ovn.mech_driver.mech_driver [None req-e5e50444-449d-486d-88ab-9b1d75456cfd - - - - - -] OVN reports status down for port: 903a0568-4516-4b80-84f8-0c8182b72cb7
2026-05-08 20:41:39.012 8 INFO neutron.db.ovn_revision_numbers_db [None req-88e2c227-8b39-4ac8-9780-59ddd26759b9 3a7150f3cba84dd0bd1fb21d3abfa091 d16c51d12c46415280a070a544441dcf - - default default] Successfully bumped revision number for resource 903a0568-4516-4b80-84f8-0c8182b72cb7 (type: ports) to 1 [pid: 8|app: 0|req: 956/2037] 10.0.0.204 () {34 vars in 670 bytes} [Fri May 8 20:41:37 2026] POST /v2.0/networks => generated 669 bytes in 1131 msecs (HTTP/1.1 201) 4 headers in 162 bytes (1 switches on core 0) /var/lib/openstack/lib/python3.12/site-packages/pycadf/identifier.py:70: UserWarning: Invalid uuid: neutron. To ensure interoperability, identifiers should be a valid uuid. warnings.warn(('Invalid uuid: %s. To ensure interoperability, ' [pid: 7|app: 0|req: 1082/2038] 10.0.0.204 () {32 vars in 774 bytes} [Fri May 8 20:41:38 2026] GET /v2.0/security-groups?tenant_id=ee3e4ea929674195a853076c346bbbf5&name=default => generated 2925 bytes in 142 msecs (HTTP/1.1 200) 4 headers in 158 bytes (1 switches on core 0)
2026-05-08 20:41:39.221 8 WARNING neutron.scheduler.dhcp_agent_scheduler [None req-f4841d39-b63f-47e4-8f3e-d8929c8cb8c6 3a7150f3cba84dd0bd1fb21d3abfa091 d16c51d12c46415280a070a544441dcf - - default default] No more DHCP agents
2026-05-08 20:41:39.223 8 WARNING neutron.api.rpc.agentnotifiers.dhcp_rpc_agent_api [None req-f4841d39-b63f-47e4-8f3e-d8929c8cb8c6 3a7150f3cba84dd0bd1fb21d3abfa091 d16c51d12c46415280a070a544441dcf - - default default] Unable to schedule network b56c008b-b489-4299-a85a-4e6c95993e23: no agents available; will retry on subsequent port and subnet creation events. [pid: 7|app: 0|req: 1083/2039] 10.0.0.204 () {32 vars in 740 bytes} [Fri May 8 20:41:39 2026] DELETE /v2.0/security-groups/5b7ed3cc-eb4b-4990-9836-c15ff3f72443 => generated 0 bytes in 265 msecs (HTTP/1.1 204) 2 headers in 112 bytes (1 switches on core 0)
2026-05-08 20:41:39.676 8 INFO neutron.db.ovn_revision_numbers_db [None req-8bc5e4e5-661d-43fa-a15c-7afae88ab7aa - - - - - -] Successfully bumped revision number for resource 903a0568-4516-4b80-84f8-0c8182b72cb7 (type: ports) to 2 [pid: 7|app: 0|req: 1084/2040] 10.0.0.204 () {34 vars in 678 bytes} [Fri May 8 20:41:39 2026] POST /v2.0/qos/policies => generated 359 bytes in 227 msecs (HTTP/1.1 201) 4 headers in 162 bytes (1 switches on core 0)
2026-05-08 20:41:39.715 8 INFO neutron.db.ovn_revision_numbers_db [None req-8bc5e4e5-661d-43fa-a15c-7afae88ab7aa - - - - - -] Successfully bumped revision number for resource ccfde868-b321-4ecd-9896-3af3e3c0c78b (type: subnets) to 0 [pid: 8|app: 0|req: 957/2041] 10.0.0.204 () {34 vars in 669 bytes} [Fri May 8 20:41:39 2026] POST /v2.0/subnets => generated 626 bytes in 690 msecs (HTTP/1.1 201) 4 headers in 162 bytes (1 switches on core 0) [pid: 8|app: 0|req: 958/2042] 10.0.0.204 () {34 vars in 678 bytes} [Fri May 8 20:41:39 2026] POST /v2.0/qos/policies => generated 359 bytes in 59 msecs (HTTP/1.1 201) 4 headers in 162 bytes (1 switches on core 0)
2026-05-08 20:41:39.882 8 INFO neutron.db.segments_db [None req-d7115fe4-c408-417a-8310-8ccb3dc63b1b 3a7150f3cba84dd0bd1fb21d3abfa091 d16c51d12c46415280a070a544441dcf - - default default] Added segment 8eacb456-24ee-488c-b41e-b38ce4b1b437 of type geneve for network dedc6688-3613-421d-81b6-bd1b39bab199
2026-05-08 20:41:39.892 7 INFO neutron.db.ovn_revision_numbers_db [None req-dee6520f-1e9c-4097-bc6b-01512e59f78f adbe1c9df56d43efb8ef59713513745e c224ff9fdc7b4b3f9abd0beac0674360 - - default default] Successfully bumped revision number for resource ba643975-6a75-485b-9544-6b2b1142ad7d (type: security_groups) to 1
2026-05-08 20:41:39.907 7 INFO neutron.db.ovn_revision_numbers_db [None req-dee6520f-1e9c-4097-bc6b-01512e59f78f adbe1c9df56d43efb8ef59713513745e c224ff9fdc7b4b3f9abd0beac0674360 - - default default] Successfully bumped revision number for resource 089f0565-c7fc-4c51-83c4-8d6cc85a7877 (type: security_group_rules) to 0
2026-05-08 20:41:39.916 7 INFO neutron.db.ovn_revision_numbers_db [None req-dee6520f-1e9c-4097-bc6b-01512e59f78f adbe1c9df56d43efb8ef59713513745e c224ff9fdc7b4b3f9abd0beac0674360 - - default default] Successfully bumped revision number for resource 2cba777b-eb64-47aa-9694-b5c3216484aa (type: security_group_rules) to 0
2026-05-08 20:41:39.927 7 INFO neutron.db.ovn_revision_numbers_db [None req-dee6520f-1e9c-4097-bc6b-01512e59f78f adbe1c9df56d43efb8ef59713513745e c224ff9fdc7b4b3f9abd0beac0674360 - - default default] Successfully bumped revision number for resource 77bc2f70-96c0-4a87-bc6a-071939783907 (type: security_group_rules) to 0
2026-05-08 20:41:39.939 7 INFO neutron.db.ovn_revision_numbers_db [None req-dee6520f-1e9c-4097-bc6b-01512e59f78f adbe1c9df56d43efb8ef59713513745e c224ff9fdc7b4b3f9abd0beac0674360 - - default default] Successfully bumped revision number for resource c52fd5c8-6234-4c48-ab9e-ddb20983b3f3 (type: security_group_rules) to 0
2026-05-08 20:41:39.998 8 INFO neutron.db.ovn_revision_numbers_db [None req-d7115fe4-c408-417a-8310-8ccb3dc63b1b 3a7150f3cba84dd0bd1fb21d3abfa091 d16c51d12c46415280a070a544441dcf - - default default] Successfully bumped revision number for resource dedc6688-3613-421d-81b6-bd1b39bab199 (type: networks) to 1
2026-05-08 20:41:40.029 7 INFO neutron.db.segments_db [None req-dee6520f-1e9c-4097-bc6b-01512e59f78f adbe1c9df56d43efb8ef59713513745e c224ff9fdc7b4b3f9abd0beac0674360 - - default default] Added segment aba8cfd5-04f3-4548-a36e-a244a5eddb27 of type geneve for network d1c636df-7d6d-4a95-88a5-c9b25b4e5534
2026-05-08 20:41:40.130 7 INFO neutron.db.ovn_revision_numbers_db [None req-dee6520f-1e9c-4097-bc6b-01512e59f78f adbe1c9df56d43efb8ef59713513745e c224ff9fdc7b4b3f9abd0beac0674360 - - default default] Successfully bumped revision number for resource d1c636df-7d6d-4a95-88a5-c9b25b4e5534 (type: networks) to 1
2026-05-08 20:41:40.170 8 WARNING neutron.scheduler.dhcp_agent_scheduler [None req-d7115fe4-c408-417a-8310-8ccb3dc63b1b 3a7150f3cba84dd0bd1fb21d3abfa091 d16c51d12c46415280a070a544441dcf - - default default] No more DHCP agents
2026-05-08 20:41:40.171 8 WARNING neutron.api.rpc.agentnotifiers.dhcp_rpc_agent_api [None req-d7115fe4-c408-417a-8310-8ccb3dc63b1b 3a7150f3cba84dd0bd1fb21d3abfa091 d16c51d12c46415280a070a544441dcf - - default default] Unable to schedule network dedc6688-3613-421d-81b6-bd1b39bab199: no agents available; will retry on subsequent port and subnet creation events.
2026-05-08 20:41:40.225 7 INFO neutron.plugins.ml2.drivers.ovn.mech_driver.mech_driver [None req-e5e50444-449d-486d-88ab-9b1d75456cfd - - - - - -] OVN reports status down for port: de5bf1f7-e227-40ef-9ec0-3d5940bd948a
2026-05-08 20:41:40.249 8 INFO neutron.db.ovn_revision_numbers_db [None req-d7115fe4-c408-417a-8310-8ccb3dc63b1b 3a7150f3cba84dd0bd1fb21d3abfa091 d16c51d12c46415280a070a544441dcf - - default default] Successfully bumped revision number for resource de5bf1f7-e227-40ef-9ec0-3d5940bd948a (type: ports) to 1 [pid: 8|app: 0|req: 959/2043] 10.0.0.204 () {34 vars in 670 bytes} [Fri May 8 20:41:39 2026] POST /v2.0/networks => generated 670 bytes in 475 msecs (HTTP/1.1 201) 4 headers in 162 bytes (1 switches on core 0) [pid: 8|app: 0|req: 960/2044] 10.0.0.204 () {34 vars in 678 bytes} [Fri May 8 20:41:40 2026] POST /v2.0/qos/policies => generated 359 bytes in 37 msecs (HTTP/1.1 201) 4 headers in 162 bytes (1 switches on core 0)
2026-05-08 20:41:40.330 7 WARNING neutron.scheduler.dhcp_agent_scheduler [None req-dee6520f-1e9c-4097-bc6b-01512e59f78f adbe1c9df56d43efb8ef59713513745e c224ff9fdc7b4b3f9abd0beac0674360 - - default default] No more DHCP agents
2026-05-08 20:41:40.332 7 WARNING neutron.api.rpc.agentnotifiers.dhcp_rpc_agent_api [None req-dee6520f-1e9c-4097-bc6b-01512e59f78f adbe1c9df56d43efb8ef59713513745e c224ff9fdc7b4b3f9abd0beac0674360 - - default default] Unable to schedule network d1c636df-7d6d-4a95-88a5-c9b25b4e5534: no agents available; will retry on subsequent port and subnet creation events.
2026-05-08 20:41:40.397 8 INFO neutron.plugins.ml2.drivers.ovn.mech_driver.mech_driver [None req-b8ec412f-dd1a-422e-a2cb-0f8243b411fd - - - - - -] OVN reports status down for port: c7426fe8-0e35-492a-a130-06f0455e87cb
2026-05-08 20:41:40.410 7 INFO neutron.db.ovn_revision_numbers_db [None req-dee6520f-1e9c-4097-bc6b-01512e59f78f adbe1c9df56d43efb8ef59713513745e c224ff9fdc7b4b3f9abd0beac0674360 - - default default] Successfully bumped revision number for resource c7426fe8-0e35-492a-a130-06f0455e87cb (type: ports) to 1 [pid: 7|app: 0|req: 1085/2045] 10.0.0.204 () {34 vars in 671 bytes} [Fri May 8 20:41:39 2026] POST /v2.0/networks => generated 782 bytes in 744 msecs (HTTP/1.1 201) 4 headers in 162 bytes (1 switches on core 0) [pid: 7|app: 0|req: 1086/2046] 10.0.0.204 () {34 vars in 678 bytes} [Fri May 8 20:41:40 2026] POST /v2.0/qos/policies => generated 359 bytes in 38 msecs (HTTP/1.1 201) 4 headers in 162 bytes (1 switches on core 0)
2026-05-08 20:41:40.572 8 WARNING neutron.scheduler.dhcp_agent_scheduler [None req-ae78406a-a83a-4b39-b0b0-824cc498b958 3a7150f3cba84dd0bd1fb21d3abfa091 d16c51d12c46415280a070a544441dcf - - default default] No more DHCP agents
2026-05-08 20:41:40.574 8 WARNING neutron.api.rpc.agentnotifiers.dhcp_rpc_agent_api [None req-ae78406a-a83a-4b39-b0b0-824cc498b958 3a7150f3cba84dd0bd1fb21d3abfa091 d16c51d12c46415280a070a544441dcf - - default default] Unable to schedule network dedc6688-3613-421d-81b6-bd1b39bab199: no agents available; will retry on subsequent port and subnet creation events.
2026-05-08 20:41:40.603 7 WARNING neutron.scheduler.dhcp_agent_scheduler [None req-cb3214b0-b917-4046-830a-a54a8541ee9b adbe1c9df56d43efb8ef59713513745e c224ff9fdc7b4b3f9abd0beac0674360 - - default default] No more DHCP agents
2026-05-08 20:41:40.605 7 WARNING neutron.api.rpc.agentnotifiers.dhcp_rpc_agent_api [None req-cb3214b0-b917-4046-830a-a54a8541ee9b adbe1c9df56d43efb8ef59713513745e c224ff9fdc7b4b3f9abd0beac0674360 - - default default] Unable to schedule network d1c636df-7d6d-4a95-88a5-c9b25b4e5534: no agents available; will retry on subsequent port and subnet creation events.
2026-05-08 20:41:41.039 8 INFO neutron.db.ovn_revision_numbers_db [None req-9599611a-99b9-40da-b7f2-02641041557b - - - - - -] Successfully bumped revision number for resource de5bf1f7-e227-40ef-9ec0-3d5940bd948a (type: ports) to 2
2026-05-08 20:41:41.041 7 INFO neutron.db.ovn_revision_numbers_db [None req-da480330-eef3-4897-bc12-28fbbe429122 - - - - - -] Successfully bumped revision number for resource c7426fe8-0e35-492a-a130-06f0455e87cb (type: ports) to 2
2026-05-08 20:41:41.077 8 INFO neutron.db.ovn_revision_numbers_db [None req-9599611a-99b9-40da-b7f2-02641041557b - - - - - -] Successfully bumped revision number for resource 8c2b3489-3096-4f18-8bb8-3d09ddfba354 (type: subnets) to 0
2026-05-08 20:41:41.078 7 INFO neutron.db.ovn_revision_numbers_db [None req-da480330-eef3-4897-bc12-28fbbe429122 - - - - - -] Successfully bumped revision number for resource 51a9872d-f6ca-482b-8c99-398d7f5ea7ba (type: subnets) to 0 [pid: 8|app: 0|req: 961/2047] 10.0.0.204 () {34 vars in 669 bytes} [Fri May 8 20:41:40 2026] POST /v2.0/subnets => generated 629 bytes in 784 msecs (HTTP/1.1 201) 4 headers in 162 bytes (1 switches on core 0) [pid: 7|app: 0|req: 1087/2048] 10.0.0.204 () {34 vars in 669 bytes} [Fri May 8 20:41:40 2026] POST /v2.0/subnets => generated 688 bytes in 619 msecs (HTTP/1.1 201) 4 headers in 162 bytes (1 switches on core 0) [pid: 8|app: 0|req: 962/2049] 10.0.0.204 () {34 vars in 678 bytes} [Fri May 8 20:41:41 2026] POST /v2.0/qos/policies => generated 359 bytes in 35 msecs (HTTP/1.1 201) 4 headers in 162 bytes (1 switches on core 0)
2026-05-08 20:41:41.208 8 INFO neutron.db.segments_db [None req-b116c7be-f1ce-4c11-8cd6-2fdbf78eece2 3a7150f3cba84dd0bd1fb21d3abfa091 d16c51d12c46415280a070a544441dcf - - default default] Added segment ac033022-c761-45a9-909f-36917c4127df of type geneve for network c51e91e5-c3bb-4870-b485-34d4f9aec1df
2026-05-08 20:41:41.316 8 INFO neutron.db.ovn_revision_numbers_db [None req-b116c7be-f1ce-4c11-8cd6-2fdbf78eece2 3a7150f3cba84dd0bd1fb21d3abfa091 d16c51d12c46415280a070a544441dcf - - default default] Successfully bumped revision number for resource c51e91e5-c3bb-4870-b485-34d4f9aec1df (type: networks) to 1
2026-05-08 20:41:41.395 7 INFO neutron.db.ovn_revision_numbers_db [None req-8189ab51-fb3b-4e5d-a9bd-b9cf85413cda cb23ddc09228422ebadb9c57473a7605 c1299d8091c944bc969d14fedd6c80a0 - - default default] Successfully bumped revision number for resource 0381d9d2-9700-4741-ac9c-3def037fdc1e (type: security_groups) to 1
2026-05-08 20:41:41.406 7 INFO neutron.db.ovn_revision_numbers_db [None req-8189ab51-fb3b-4e5d-a9bd-b9cf85413cda cb23ddc09228422ebadb9c57473a7605 c1299d8091c944bc969d14fedd6c80a0 - - default default] Successfully bumped revision number for resource 1d2a9942-92aa-4bc4-92e0-c425ced53d94 (type: security_group_rules) to 0
2026-05-08 20:41:41.419 7 INFO neutron.db.ovn_revision_numbers_db [None req-8189ab51-fb3b-4e5d-a9bd-b9cf85413cda cb23ddc09228422ebadb9c57473a7605 c1299d8091c944bc969d14fedd6c80a0 - - default default] Successfully bumped revision number for resource 2b3a38b6-0f60-447e-abbd-9d13b44dd229 (type: security_group_rules) to 0
2026-05-08 20:41:41.430 7 INFO neutron.db.ovn_revision_numbers_db [None req-8189ab51-fb3b-4e5d-a9bd-b9cf85413cda cb23ddc09228422ebadb9c57473a7605 c1299d8091c944bc969d14fedd6c80a0 - - default default] Successfully bumped revision number for resource 5be50646-2e93-4bef-a636-e16058fb8327 (type: security_group_rules) to 0
2026-05-08 20:41:41.440 7 INFO neutron.db.ovn_revision_numbers_db [None req-8189ab51-fb3b-4e5d-a9bd-b9cf85413cda cb23ddc09228422ebadb9c57473a7605 c1299d8091c944bc969d14fedd6c80a0 - - default default] Successfully bumped revision number for resource 7cf78808-d5b3-45a7-bbc0-f916bb683e25 (type: security_group_rules) to 0
2026-05-08 20:41:41.473 8 WARNING neutron.scheduler.dhcp_agent_scheduler [None req-b116c7be-f1ce-4c11-8cd6-2fdbf78eece2 3a7150f3cba84dd0bd1fb21d3abfa091 d16c51d12c46415280a070a544441dcf - - default default] No more DHCP agents
2026-05-08 20:41:41.474 8 WARNING neutron.api.rpc.agentnotifiers.dhcp_rpc_agent_api [None req-b116c7be-f1ce-4c11-8cd6-2fdbf78eece2 3a7150f3cba84dd0bd1fb21d3abfa091 d16c51d12c46415280a070a544441dcf - - default default] Unable to schedule network c51e91e5-c3bb-4870-b485-34d4f9aec1df: no agents available; will retry on subsequent port and subnet creation events.
2026-05-08 20:41:41.537 7 INFO neutron.db.segments_db [None req-8189ab51-fb3b-4e5d-a9bd-b9cf85413cda cb23ddc09228422ebadb9c57473a7605 c1299d8091c944bc969d14fedd6c80a0 - - default default] Added segment 3dd653b3-123e-49dd-be16-f8fe3a0fa3a9 of type geneve for network c688883e-6df4-4f4a-8bca-c06413b8ed08
2026-05-08 20:41:41.544 7 INFO neutron.plugins.ml2.drivers.ovn.mech_driver.mech_driver [None req-e5e50444-449d-486d-88ab-9b1d75456cfd - - - - - -] OVN reports status down for port: 41cfec36-360a-4c89-9e22-8a5488cbaf82
2026-05-08 20:41:41.547 8 INFO neutron.db.ovn_revision_numbers_db [None req-b116c7be-f1ce-4c11-8cd6-2fdbf78eece2 3a7150f3cba84dd0bd1fb21d3abfa091 d16c51d12c46415280a070a544441dcf - - default default] Successfully bumped revision number for resource 41cfec36-360a-4c89-9e22-8a5488cbaf82 (type: ports) to 1 [pid: 8|app: 0|req: 963/2050] 10.0.0.204 () {34 vars in 670 bytes} [Fri May 8 20:41:41 2026] POST /v2.0/networks => generated 670 bytes in 443 msecs (HTTP/1.1 201) 4 headers in 162 bytes (1 switches on core 0)
2026-05-08 20:41:41.658 7 INFO neutron.db.segments_db [None req-8189ab51-fb3b-4e5d-a9bd-b9cf85413cda cb23ddc09228422ebadb9c57473a7605 c1299d8091c944bc969d14fedd6c80a0 - - default default] Added segment c6d0cb05-0c00-4676-ab4a-cdd6bbf0063b of type geneve for network 5d47db62-6acf-466a-b67a-0bc893a20195
2026-05-08 20:41:41.769 7 INFO neutron.db.ovn_revision_numbers_db [None req-8189ab51-fb3b-4e5d-a9bd-b9cf85413cda cb23ddc09228422ebadb9c57473a7605 c1299d8091c944bc969d14fedd6c80a0 - - default default] Successfully bumped revision number for resource c688883e-6df4-4f4a-8bca-c06413b8ed08 (type: networks) to 1
2026-05-08 20:41:41.985 7 WARNING neutron.scheduler.dhcp_agent_scheduler [None req-8189ab51-fb3b-4e5d-a9bd-b9cf85413cda cb23ddc09228422ebadb9c57473a7605 c1299d8091c944bc969d14fedd6c80a0 - - default default] No more DHCP agents
2026-05-08 20:41:41.987 7 WARNING neutron.api.rpc.agentnotifiers.dhcp_rpc_agent_api [None req-8189ab51-fb3b-4e5d-a9bd-b9cf85413cda cb23ddc09228422ebadb9c57473a7605 c1299d8091c944bc969d14fedd6c80a0 - - default default] Unable to schedule network c688883e-6df4-4f4a-8bca-c06413b8ed08: no agents available; will retry on subsequent port and subnet creation events.
2026-05-08 20:41:42.037 8 WARNING neutron.scheduler.dhcp_agent_scheduler [None req-a2956ee5-fe4f-4a08-a318-7a056bc67135 adbe1c9df56d43efb8ef59713513745e c224ff9fdc7b4b3f9abd0beac0674360 - - default default] No more DHCP agents
2026-05-08 20:41:42.041 8 WARNING neutron.api.rpc.agentnotifiers.dhcp_rpc_agent_api [None req-a2956ee5-fe4f-4a08-a318-7a056bc67135 adbe1c9df56d43efb8ef59713513745e c224ff9fdc7b4b3f9abd0beac0674360 - - default default] Unable to schedule network d9386573-f183-43f2-a8b5-602858c76aea: no agents available; will retry on subsequent port and subnet creation events.
2026-05-08 20:41:42.054 7 INFO neutron.plugins.ml2.drivers.ovn.mech_driver.mech_driver [None req-e5e50444-449d-486d-88ab-9b1d75456cfd - - - - - -] OVN reports status down for port: 0aedab14-2baf-4153-9a84-1677dc0b4d79
2026-05-08 20:41:42.116 7 INFO neutron.db.ovn_revision_numbers_db [None req-8189ab51-fb3b-4e5d-a9bd-b9cf85413cda cb23ddc09228422ebadb9c57473a7605 c1299d8091c944bc969d14fedd6c80a0 - - default default] Successfully bumped revision number for resource 0aedab14-2baf-4153-9a84-1677dc0b4d79 (type: ports) to 1
2026-05-08 20:41:42.161 8 INFO neutron.plugins.ml2.drivers.ovn.mech_driver.mech_driver [None req-b8ec412f-dd1a-422e-a2cb-0f8243b411fd - - - - - -] OVN reports status down for port: 53c0db71-130b-42f7-8ba6-d5cfb91ddb23
2026-05-08 20:41:42.224 8 INFO neutron.db.ovn_revision_numbers_db [None req-a2956ee5-fe4f-4a08-a318-7a056bc67135 adbe1c9df56d43efb8ef59713513745e c224ff9fdc7b4b3f9abd0beac0674360 - - default default] Successfully bumped revision number for resource 53c0db71-130b-42f7-8ba6-d5cfb91ddb23 (type: ports) to 1
2026-05-08 20:41:42.247 7 INFO neutron.db.ovn_revision_numbers_db [None req-8189ab51-fb3b-4e5d-a9bd-b9cf85413cda cb23ddc09228422ebadb9c57473a7605 c1299d8091c944bc969d14fedd6c80a0 - - default default] Successfully bumped revision number for resource 5d47db62-6acf-466a-b67a-0bc893a20195 (type: networks) to 1
2026-05-08 20:41:42.407 7 WARNING neutron.scheduler.dhcp_agent_scheduler [None req-8189ab51-fb3b-4e5d-a9bd-b9cf85413cda cb23ddc09228422ebadb9c57473a7605 c1299d8091c944bc969d14fedd6c80a0 - - default default] No more DHCP agents
2026-05-08 20:41:42.409 7 WARNING neutron.api.rpc.agentnotifiers.dhcp_rpc_agent_api [None req-8189ab51-fb3b-4e5d-a9bd-b9cf85413cda cb23ddc09228422ebadb9c57473a7605 c1299d8091c944bc969d14fedd6c80a0 - - default default] Unable to schedule network 5d47db62-6acf-466a-b67a-0bc893a20195: no agents available; will retry on subsequent port and subnet creation events.
2026-05-08 20:41:42.484 8 INFO neutron.plugins.ml2.drivers.ovn.mech_driver.mech_driver [None req-b8ec412f-dd1a-422e-a2cb-0f8243b411fd - - - - - -] OVN reports status down for port: 51857ac0-ea3a-4d2a-aed7-0a3fae295c99
2026-05-08 20:41:42.488 7 INFO neutron.db.ovn_revision_numbers_db [None req-8189ab51-fb3b-4e5d-a9bd-b9cf85413cda cb23ddc09228422ebadb9c57473a7605 c1299d8091c944bc969d14fedd6c80a0 - - default default] Successfully bumped revision number for resource 51857ac0-ea3a-4d2a-aed7-0a3fae295c99 (type: ports) to 1 [pid: 7|app: 0|req: 1088/2051] 10.0.0.204 () {34 vars in 670 bytes} [Fri May 8 20:41:41 2026] POST /v2.0/networks => generated 1322 bytes in 1420 msecs (HTTP/1.1 201) 4 headers in 163 bytes (1 switches on core 0) [pid: 7|app: 0|req: 1089/2052] 10.0.0.204 () {34 vars in 753 bytes} [Fri May 8 20:41:42 2026] PUT /v2.0/policies/9ec107dc-1550-473f-a434-624066400128/tags => generated 17 bytes in 45 msecs (HTTP/1.1 200) 4 headers in 156 bytes (1 switches on core 0)
2026-05-08 20:41:42.736 7 WARNING neutron.scheduler.dhcp_agent_scheduler [None req-a91d5b64-c361-4351-94bb-962ea5e1f047 3a7150f3cba84dd0bd1fb21d3abfa091 d16c51d12c46415280a070a544441dcf - - default default] No more DHCP agents
2026-05-08 20:41:42.737 7 WARNING neutron.api.rpc.agentnotifiers.dhcp_rpc_agent_api [None req-a91d5b64-c361-4351-94bb-962ea5e1f047 3a7150f3cba84dd0bd1fb21d3abfa091 d16c51d12c46415280a070a544441dcf - - default default] Unable to schedule network c51e91e5-c3bb-4870-b485-34d4f9aec1df: no agents available; will retry on subsequent port and subnet creation events.
2026-05-08 20:41:42.900 8 INFO neutron.plugins.ml2.drivers.ovn.mech_driver.ovsdb.commands [None req-b758abe3-85bd-412f-813e-70fc86dddda7 - - - - - -] Schedule LRP lrp-53c0db71-130b-42f7-8ba6-d5cfb91ddb23 on gateway e6e4dd32-5fb2-4393-8279-f36f3562bfff with priority 1
2026-05-08 20:41:42.955 8 INFO neutron.plugins.ml2.drivers.ovn.mech_driver.mech_driver [None req-b8ec412f-dd1a-422e-a2cb-0f8243b411fd - - - - - -] OVN reports status up for port: 53c0db71-130b-42f7-8ba6-d5cfb91ddb23
2026-05-08 20:41:42.960 8 INFO neutron.plugins.ml2.drivers.ovn.mech_driver.ovsdb.ovsdb_monitor [None req-3c46e20e-6936-45dc-938f-ac3cf6a23a7e - - - - - -] Router 31b0e19c-dd8c-4e4c-9fa5-8e787d58cf83 is bound to host instance
2026-05-08 20:41:43.010 8 INFO neutron.plugins.ml2.plugin [None req-b8ec412f-dd1a-422e-a2cb-0f8243b411fd - - - - - -] Attempt 1 to provision port 53c0db71-130b-42f7-8ba6-d5cfb91ddb23
2026-05-08 20:41:43.023 8 INFO neutron.db.ovn_revision_numbers_db [None req-a2956ee5-fe4f-4a08-a318-7a056bc67135 adbe1c9df56d43efb8ef59713513745e c224ff9fdc7b4b3f9abd0beac0674360 - - default default] Successfully bumped revision number for resource 53c0db71-130b-42f7-8ba6-d5cfb91ddb23 (type: router_ports) to 1
2026-05-08 20:41:43.144 7 INFO neutron.db.ovn_revision_numbers_db [None req-aa119441-68cb-4972-b9cd-49d90953b156 - - - - - -] Successfully bumped revision number for resource 41cfec36-360a-4c89-9e22-8a5488cbaf82 (type: ports) to 2
2026-05-08 20:41:43.173 7 INFO neutron.db.ovn_revision_numbers_db [None req-aa119441-68cb-4972-b9cd-49d90953b156 - - - - - -] Successfully bumped revision number for resource 2886ec8a-1116-43d6-a374-e0ba0df78860 (type: subnets) to 0 [pid: 7|app: 0|req: 1090/2053] 10.0.0.204 () {34 vars in 669 bytes} [Fri May 8 20:41:42 2026] POST /v2.0/subnets => generated 629 bytes in 628 msecs (HTTP/1.1 201) 4 headers in 162 bytes (1 switches on core 0)
2026-05-08 20:41:43.205 8 INFO neutron.db.ovn_revision_numbers_db [None req-a2956ee5-fe4f-4a08-a318-7a056bc67135 adbe1c9df56d43efb8ef59713513745e c224ff9fdc7b4b3f9abd0beac0674360 - - default default] Successfully bumped revision number for resource 31b0e19c-dd8c-4e4c-9fa5-8e787d58cf83 (type: routers) to 2 [pid: 7|app: 0|req: 1091/2054] 10.0.0.204 () {32 vars in 649 bytes} [Fri May 8 20:41:43 2026] GET /v2.0/networks => generated 1971 bytes in 49 msecs (HTTP/1.1 200) 4 headers in 158 bytes (1 switches on core 0) [pid: 8|app: 0|req: 964/2055] 10.0.0.204 () {34 vars in 669 bytes} [Fri May 8 20:41:41 2026] POST /v2.0/routers => generated 966 bytes in 1669 msecs (HTTP/1.1 201) 4 headers in 162 bytes (1 switches on core 0) [pid: 7|app: 0|req: 1092/2056] 10.0.0.204 () {34 vars in 753 bytes} [Fri May 8 20:41:43 2026] PUT /v2.0/policies/11f444f8-54a9-405c-b7c5-bdf21bf84ba2/tags => generated 25 bytes in 45 msecs (HTTP/1.1 200) 4 headers in 156 bytes (1 switches on core 0)
2026-05-08 20:41:43.386 8 INFO neutron.db.segments_db [None req-7fbda1c9-dd84-4ded-9197-01695a050abf 3a7150f3cba84dd0bd1fb21d3abfa091 d16c51d12c46415280a070a544441dcf - - default default] Added segment 6dc32cbe-15c1-47fc-870a-09c6856c958f of type geneve for network 49fba324-8ffa-49d4-a658-bb714d5b0c83
2026-05-08 20:41:43.547 8 INFO neutron.db.ovn_revision_numbers_db [None req-7fbda1c9-dd84-4ded-9197-01695a050abf 3a7150f3cba84dd0bd1fb21d3abfa091 d16c51d12c46415280a070a544441dcf - - default default] Successfully bumped revision number for resource 49fba324-8ffa-49d4-a658-bb714d5b0c83 (type: networks) to 1
2026-05-08 20:41:43.709 7 WARNING neutron.scheduler.dhcp_agent_scheduler [None req-7a92aa11-7aa5-4abb-8d49-9781b2108457 adbe1c9df56d43efb8ef59713513745e c224ff9fdc7b4b3f9abd0beac0674360 - - default default] No more DHCP agents
2026-05-08 20:41:43.711 7 WARNING neutron.api.rpc.agentnotifiers.dhcp_rpc_agent_api [None req-7a92aa11-7aa5-4abb-8d49-9781b2108457 adbe1c9df56d43efb8ef59713513745e c224ff9fdc7b4b3f9abd0beac0674360 - - default default] Unable to schedule network d1c636df-7d6d-4a95-88a5-c9b25b4e5534: no agents available; will retry on subsequent port and subnet creation events.
2026-05-08 20:41:43.840 7 INFO neutron.db.ovn_revision_numbers_db [None req-7a92aa11-7aa5-4abb-8d49-9781b2108457 adbe1c9df56d43efb8ef59713513745e c224ff9fdc7b4b3f9abd0beac0674360 - - default default] Successfully bumped revision number for resource df4ba3d2-5d09-4142-9818-d0af2ee052a6 (type: ports) to 1
2026-05-08 20:41:43.868 8 WARNING neutron.scheduler.dhcp_agent_scheduler [None req-7fbda1c9-dd84-4ded-9197-01695a050abf 3a7150f3cba84dd0bd1fb21d3abfa091 d16c51d12c46415280a070a544441dcf - - default default] No more DHCP agents
2026-05-08 20:41:43.871 8 WARNING neutron.api.rpc.agentnotifiers.dhcp_rpc_agent_api [None req-7fbda1c9-dd84-4ded-9197-01695a050abf 3a7150f3cba84dd0bd1fb21d3abfa091 d16c51d12c46415280a070a544441dcf - - default default] Unable to schedule network 49fba324-8ffa-49d4-a658-bb714d5b0c83: no agents available; will retry on subsequent port and subnet creation events.
2026-05-08 20:41:44.030 8 INFO neutron.db.ovn_revision_numbers_db [None req-7fbda1c9-dd84-4ded-9197-01695a050abf 3a7150f3cba84dd0bd1fb21d3abfa091 d16c51d12c46415280a070a544441dcf - - default default] Successfully bumped revision number for resource b156db96-4ab8-42dc-b4de-c96018126e21 (type: ports) to 1 [pid: 8|app: 0|req: 965/2057] 10.0.0.204 () {34 vars in 670 bytes} [Fri May 8 20:41:43 2026] POST /v2.0/networks => generated 670 bytes in 826 msecs (HTTP/1.1 201) 4 headers in 162 bytes (1 switches on core 0)
2026-05-08 20:41:44.267 8 INFO neutron_taas.services.taas.taas_plugin [None req-8dd7a661-4e53-4c36-9f3b-a65ac593faa0 cb23ddc09228422ebadb9c57473a7605 c1299d8091c944bc969d14fedd6c80a0 - - default default] TaaS: Handle Delete Port: 0aedab14-2baf-4153-9a84-1677dc0b4d79
2026-05-08 20:41:44.275 8 INFO neutron_taas.services.taas.tap_mirror_plugin [None req-8dd7a661-4e53-4c36-9f3b-a65ac593faa0 cb23ddc09228422ebadb9c57473a7605 c1299d8091c944bc969d14fedd6c80a0 - - default default] Tap Mirror: Handle Delete Port: 0aedab14-2baf-4153-9a84-1677dc0b4d79
2026-05-08 20:41:44.485 8 INFO neutron.db.ovn_revision_numbers_db [None req-7b68e27b-b197-41e2-a127-e47ba087f993 - - - - - -] Successfully bumped revision number for resource 53c0db71-130b-42f7-8ba6-d5cfb91ddb23 (type: ports) to 4
2026-05-08 20:41:44.510 7 WARNING neutron.scheduler.dhcp_agent_scheduler [None req-7a92aa11-7aa5-4abb-8d49-9781b2108457 adbe1c9df56d43efb8ef59713513745e c224ff9fdc7b4b3f9abd0beac0674360 - - default default] No more DHCP agents
2026-05-08 20:41:44.511 7 WARNING neutron.api.rpc.agentnotifiers.dhcp_rpc_agent_api [None req-7a92aa11-7aa5-4abb-8d49-9781b2108457 adbe1c9df56d43efb8ef59713513745e c224ff9fdc7b4b3f9abd0beac0674360 - - default default] Unable to schedule network d1c636df-7d6d-4a95-88a5-c9b25b4e5534: no agents available; will retry on subsequent port and subnet creation events.
2026-05-08 20:41:44.592 8 INFO neutron.services.segments.plugin [-] Segment 3dd653b3-123e-49dd-be16-f8fe3a0fa3a9 resource provider aggregate not found
2026-05-08 20:41:44.595 8 INFO neutron.services.segments.plugin [-] Segment 3dd653b3-123e-49dd-be16-f8fe3a0fa3a9 resource provider aggregate not found
2026-05-08 20:41:44.619 8 INFO neutron.services.segments.plugin [-] Segment 3dd653b3-123e-49dd-be16-f8fe3a0fa3a9 resource provider not found; error: Placement Client Error (4xx): {"errors": [{"status": 404, "title": "Not Found", "detail": "The resource could not be found.\n\n No resource provider with uuid 3dd653b3-123e-49dd-be16-f8fe3a0fa3a9 found for delete ", "request_id": "req-499f0baf-8e9c-4395-87c7-62a1a834afe8"}]}
2026-05-08 20:41:44.620 8 INFO neutron.services.segments.plugin [-] Segment 3dd653b3-123e-49dd-be16-f8fe3a0fa3a9 resource provider not found; error: Placement Client Error (4xx): {"errors": [{"status": 404, "title": "Not Found", "detail": "The resource could not be found.\n\n No resource provider with uuid 3dd653b3-123e-49dd-be16-f8fe3a0fa3a9 found for delete ", "request_id": "req-4d78c7dc-18f8-4e13-81ed-5e887bc9ae51"}]} [pid: 8|app: 0|req: 966/2058] 10.0.0.204 () {32 vars in 726 bytes} [Fri May 8 20:41:44 2026] DELETE /v2.0/networks/c688883e-6df4-4f4a-8bca-c06413b8ed08 => generated 0 bytes in 629 msecs (HTTP/1.1 204) 3 headers in 131 bytes (1 switches on core 0) [pid: 8|app: 0|req: 967/2059] 10.0.0.204 () {34 vars in 753 bytes} [Fri May 8 20:41:44 2026] PUT /v2.0/policies/8ea49d92-59e4-4c83-b275-4212f7a39669/tags => generated 34 bytes in 98 msecs (HTTP/1.1 200) 4 headers in 156 bytes (1 switches on core 0)
2026-05-08 20:41:44.969 7 INFO neutron.db.ovn_revision_numbers_db [None req-7a92aa11-7aa5-4abb-8d49-9781b2108457 adbe1c9df56d43efb8ef59713513745e c224ff9fdc7b4b3f9abd0beac0674360 - - default default] Successfully bumped revision number for resource df4ba3d2-5d09-4142-9818-d0af2ee052a6 (type: router_ports) to 1 [pid: 7|app: 0|req: 1093/2060] 10.0.0.204 () {34 vars in 783 bytes} [Fri May 8 20:41:43 2026] PUT /v2.0/routers/31b0e19c-dd8c-4e4c-9fa5-8e787d58cf83/add_router_interface => generated 309 bytes in 1690 msecs (HTTP/1.1 200) 4 headers in 157 bytes (1 switches on core 0)
2026-05-08 20:41:45.095 7 INFO neutron_taas.services.taas.taas_plugin [None req-a4e9f986-b12b-466b-b540-93f7e849dc50 cb23ddc09228422ebadb9c57473a7605 c1299d8091c944bc969d14fedd6c80a0 - - default default] TaaS: Handle Delete Port: 51857ac0-ea3a-4d2a-aed7-0a3fae295c99
2026-05-08 20:41:45.098 7 INFO neutron_taas.services.taas.tap_mirror_plugin [None req-a4e9f986-b12b-466b-b540-93f7e849dc50 cb23ddc09228422ebadb9c57473a7605 c1299d8091c944bc969d14fedd6c80a0 - - default default] Tap Mirror: Handle Delete Port: 51857ac0-ea3a-4d2a-aed7-0a3fae295c99
2026-05-08 20:41:45.156 8 INFO neutron.db.ovn_revision_numbers_db [None req-7b68e27b-b197-41e2-a127-e47ba087f993 - - - - - -] Successfully bumped revision number for resource 53c0db71-130b-42f7-8ba6-d5cfb91ddb23 (type: ports) to 5
2026-05-08 20:41:45.261 7 INFO neutron.services.segments.plugin [-] Segment c6d0cb05-0c00-4676-ab4a-cdd6bbf0063b resource provider aggregate not found
2026-05-08 20:41:45.266 7 INFO neutron.services.segments.plugin [-] Segment c6d0cb05-0c00-4676-ab4a-cdd6bbf0063b resource provider aggregate not found
2026-05-08 20:41:45.285 7 INFO neutron.services.segments.plugin [-] Segment c6d0cb05-0c00-4676-ab4a-cdd6bbf0063b resource provider not found; error: Placement Client Error (4xx): {"errors": [{"status": 404, "title": "Not Found", "detail": "The resource could not be found.\n\n No resource provider with uuid c6d0cb05-0c00-4676-ab4a-cdd6bbf0063b found for delete ", "request_id": "req-ebbf9f71-ffd0-44fa-bafd-3e8d31c72184"}]}
2026-05-08 20:41:45.285 7 INFO neutron.services.segments.plugin [-] Segment c6d0cb05-0c00-4676-ab4a-cdd6bbf0063b resource provider not found; error: Placement Client Error (4xx): {"errors": [{"status": 404, "title": "Not Found", "detail": "The resource could not be found.\n\n No resource provider with uuid c6d0cb05-0c00-4676-ab4a-cdd6bbf0063b found for delete ", "request_id": "req-71382ff5-8be6-4731-b152-8117579362aa"}]} [pid: 7|app: 0|req: 1096/2063] 10.0.0.204 () {32 vars in 726 bytes} [Fri May 8 20:41:44 2026] DELETE /v2.0/networks/5d47db62-6acf-466a-b67a-0bc893a20195 => generated 0 bytes in 325 msecs (HTTP/1.1 204) 3 headers in 131 bytes (1 switches on core 0)
2026-05-08 20:41:45.310 8 WARNING neutron.scheduler.dhcp_agent_scheduler [None req-45a4db8d-06d5-42eb-83cc-3fd62b8d75b2 3a7150f3cba84dd0bd1fb21d3abfa091 d16c51d12c46415280a070a544441dcf - - default default] No more DHCP agents
2026-05-08 20:41:45.312 8 WARNING neutron.api.rpc.agentnotifiers.dhcp_rpc_agent_api [None req-45a4db8d-06d5-42eb-83cc-3fd62b8d75b2 3a7150f3cba84dd0bd1fb21d3abfa091 d16c51d12c46415280a070a544441dcf - - default default] Unable to schedule network 49fba324-8ffa-49d4-a658-bb714d5b0c83: no agents available; will retry on subsequent port and subnet creation events. [pid: 7|app: 0|req: 1097/2064] 10.0.0.204 () {34 vars in 753 bytes} [Fri May 8 20:41:45 2026] PUT /v2.0/policies/3c888ea3-92ed-467b-bc05-1a3cddda562c/tags => generated 19 bytes in 45 msecs (HTTP/1.1 200) 4 headers in 156 bytes (1 switches on core 0)
2026-05-08 20:41:45.384 8 INFO neutron.plugins.ml2.drivers.ovn.mech_driver.mech_driver [None req-b8ec412f-dd1a-422e-a2cb-0f8243b411fd - - - - - -] OVN reports status down for port: df4ba3d2-5d09-4142-9818-d0af2ee052a6 [pid: 7|app: 0|req: 1098/2065] 10.0.0.204 () {32 vars in 649 bytes} [Fri May 8 20:41:45 2026] GET /v2.0/networks => generated 689 bytes in 49 msecs (HTTP/1.1 200) 4 headers in 157 bytes (1 switches on core 0)
2026-05-08 20:41:45.505 7 INFO neutron.db.segments_db [None req-d818dacf-c1f8-4d8b-bcab-7092bdbd8e6f cb23ddc09228422ebadb9c57473a7605 c1299d8091c944bc969d14fedd6c80a0 - - default default] Added segment a3b7b3cc-2a45-4f72-a85b-70223ff2a3bd of type geneve for network e5334260-e04d-4eb7-81e9-52f6068cbe12
2026-05-08 20:41:45.514 8 WARNING neutron.plugins.ml2.drivers.ovn.mech_driver.ovsdb.ovn_client [None req-b8ec412f-dd1a-422e-a2cb-0f8243b411fd - - - - - -] Logical_Switch_Port df4ba3d2-5d09-4142-9818-d0af2ee052a6 host information not removed, the port state is up
2026-05-08 20:41:45.515 8 INFO neutron.plugins.ml2.drivers.ovn.mech_driver.mech_driver [None req-b8ec412f-dd1a-422e-a2cb-0f8243b411fd - - - - - -] OVN reports status down for port: b156db96-4ab8-42dc-b4de-c96018126e21
2026-05-08 20:41:45.610 7 INFO neutron.db.ovn_revision_numbers_db [None req-d818dacf-c1f8-4d8b-bcab-7092bdbd8e6f cb23ddc09228422ebadb9c57473a7605 c1299d8091c944bc969d14fedd6c80a0 - - default default] Successfully bumped revision number for resource e5334260-e04d-4eb7-81e9-52f6068cbe12 (type: networks) to 1
2026-05-08 20:41:45.648 8 INFO neutron.plugins.ml2.drivers.ovn.mech_driver.mech_driver [None req-b8ec412f-dd1a-422e-a2cb-0f8243b411fd - - - - - -] OVN reports status up for port: df4ba3d2-5d09-4142-9818-d0af2ee052a6
2026-05-08 20:41:45.674 8 INFO neutron.plugins.ml2.plugin [None req-b8ec412f-dd1a-422e-a2cb-0f8243b411fd - - - - - -] Attempt 1 to provision port df4ba3d2-5d09-4142-9818-d0af2ee052a6
2026-05-08 20:41:45.785 7 WARNING neutron.scheduler.dhcp_agent_scheduler [None req-d818dacf-c1f8-4d8b-bcab-7092bdbd8e6f cb23ddc09228422ebadb9c57473a7605 c1299d8091c944bc969d14fedd6c80a0 - - default default] No more DHCP agents
2026-05-08 20:41:45.788 7 WARNING neutron.api.rpc.agentnotifiers.dhcp_rpc_agent_api [None req-d818dacf-c1f8-4d8b-bcab-7092bdbd8e6f cb23ddc09228422ebadb9c57473a7605 c1299d8091c944bc969d14fedd6c80a0 - - default default] Unable to schedule network e5334260-e04d-4eb7-81e9-52f6068cbe12: no agents available; will retry on subsequent port and subnet creation events.
2026-05-08 20:41:45.840 7 INFO neutron.plugins.ml2.drivers.ovn.mech_driver.mech_driver [None req-e5e50444-449d-486d-88ab-9b1d75456cfd - - - - - -] OVN reports status down for port: a85aedd8-6b42-4f11-8218-f876ec463134
2026-05-08 20:41:45.892 7 INFO neutron.db.ovn_revision_numbers_db [None req-d818dacf-c1f8-4d8b-bcab-7092bdbd8e6f cb23ddc09228422ebadb9c57473a7605 c1299d8091c944bc969d14fedd6c80a0 - - default default] Successfully bumped revision number for resource a85aedd8-6b42-4f11-8218-f876ec463134 (type: ports) to 1 [pid: 7|app: 0|req: 1099/2066] 10.0.0.204 () {34 vars in 670 bytes} [Fri May 8 20:41:45 2026] POST /v2.0/networks => generated 692 bytes in 533 msecs (HTTP/1.1 201) 4 headers in 162 bytes (1 switches on core 0)
2026-05-08 20:41:46.118 8 INFO neutron.db.ovn_revision_numbers_db [None req-9689fe82-9cfc-447f-97fa-140672388fab - - - - - -] Successfully bumped revision number for resource b156db96-4ab8-42dc-b4de-c96018126e21 (type: ports) to 2 [pid: 7|app: 0|req: 1100/2067] 10.0.0.204 () {32 vars in 674 bytes} [Fri May 8 20:41:45 2026] GET /v2.0/qos/policies?tags=red => generated 1101 bytes in 220 msecs (HTTP/1.1 200) 4 headers in 158 bytes (1 switches on core 0)
2026-05-08 20:41:46.197 8 INFO neutron.db.ovn_revision_numbers_db [None req-9689fe82-9cfc-447f-97fa-140672388fab - - - - - -] Successfully bumped revision number for resource 632c9645-9eee-4d02-aded-abcbacaa8843 (type: subnets) to 0
