2026-05-08 20:43:13.206 7 INFO neutron.db.ovn_revision_numbers_db [None req-02cf733b-5f4a-4aa7-ba85-d27a58a535e3 adbe1c9df56d43efb8ef59713513745e c224ff9fdc7b4b3f9abd0beac0674360 - - default default] Successfully bumped revision number for resource ae866edc-4345-4715-8bcd-e5cb43b534b1 (type: security_group_rules) to 0 [pid: 7|app: 0|req: 1466/2771] 10.0.0.204 () {32 vars in 774 bytes} [Fri May 8 20:43:13 2026] GET /v2.0/security-groups?tenant_id=b724d201f99142eaa2ce32982467f652&name=default => generated 2929 bytes in 216 msecs (HTTP/1.1 200) 4 headers in 158 bytes (1 switches on core 0) [pid: 8|app: 0|req: 1306/2772] 10.0.0.204 () {32 vars in 740 bytes} [Fri May 8 20:43:13 2026] DELETE /v2.0/security-groups/1f8a6bf8-d646-4c63-a166-5256875c4be6 => generated 0 bytes in 239 msecs (HTTP/1.1 204) 2 headers in 112 bytes (1 switches on core 0)
2026-05-08 20:43:14.778 8 INFO neutron.notifiers.nova [-] Nova event matching ['req-aa80d0df-d246-4e4e-acd0-3144433b5a90'] response: {'server_uuid': 'd7747b62-8a78-4a56-8ef6-033358dae6a1', 'name': 'network-vif-plugged', 'status': 'completed', 'tag': '42aca91b-8325-4f0b-9456-b095362e0375', 'code': 200}
2026-05-08 20:43:14.794 8 INFO neutron.db.ovn_revision_numbers_db [None req-20ff7b7a-6870-4b44-88f2-8ee9fedf7fbe d5231389e3ff4f47a3866219fd399f37 261b536dd2b44ad6a46fab4e70ea1112 - - default default] Successfully bumped revision number for resource 41ad9732-cbc6-401c-a78f-220841f95f77 (type: security_groups) to 1
2026-05-08 20:43:14.806 8 INFO neutron.db.ovn_revision_numbers_db [None req-20ff7b7a-6870-4b44-88f2-8ee9fedf7fbe d5231389e3ff4f47a3866219fd399f37 261b536dd2b44ad6a46fab4e70ea1112 - - default default] Successfully bumped revision number for resource 0320204b-2de5-4426-9117-ab126a21ce09 (type: security_group_rules) to 0
2026-05-08 20:43:14.818 8 INFO neutron.db.ovn_revision_numbers_db [None req-20ff7b7a-6870-4b44-88f2-8ee9fedf7fbe d5231389e3ff4f47a3866219fd399f37 261b536dd2b44ad6a46fab4e70ea1112 - - default default] Successfully bumped revision number for resource 5a467591-b5f9-4373-9591-f4073fd28b67 (type: security_group_rules) to 0
2026-05-08 20:43:14.829 8 INFO neutron.db.ovn_revision_numbers_db [None req-20ff7b7a-6870-4b44-88f2-8ee9fedf7fbe d5231389e3ff4f47a3866219fd399f37 261b536dd2b44ad6a46fab4e70ea1112 - - default default] Successfully bumped revision number for resource 5b0ac9cf-5a62-4dbd-8e8b-b5f078180b05 (type: security_group_rules) to 0
2026-05-08 20:43:14.840 8 INFO neutron.db.ovn_revision_numbers_db [None req-20ff7b7a-6870-4b44-88f2-8ee9fedf7fbe d5231389e3ff4f47a3866219fd399f37 261b536dd2b44ad6a46fab4e70ea1112 - - default default] Successfully bumped revision number for resource 6bc3f3c5-34b1-40a1-a5bd-19c47da42fa7 (type: security_group_rules) to 0
2026-05-08 20:43:14.918 8 INFO neutron.db.segments_db [None req-20ff7b7a-6870-4b44-88f2-8ee9fedf7fbe d5231389e3ff4f47a3866219fd399f37 261b536dd2b44ad6a46fab4e70ea1112 - - default default] Added segment dfc9b4bd-ced9-47fd-b234-56b7ee8ef876 of type geneve for network 9227afd2-adc6-4a2f-b0bd-ca9fc1d04521
2026-05-08 20:43:15.008 8 INFO neutron.db.ovn_revision_numbers_db [None req-20ff7b7a-6870-4b44-88f2-8ee9fedf7fbe d5231389e3ff4f47a3866219fd399f37 261b536dd2b44ad6a46fab4e70ea1112 - - default default] Successfully bumped revision number for resource 9227afd2-adc6-4a2f-b0bd-ca9fc1d04521 (type: networks) to 1
2026-05-08 20:43:15.178 8 WARNING neutron.scheduler.dhcp_agent_scheduler [None req-20ff7b7a-6870-4b44-88f2-8ee9fedf7fbe d5231389e3ff4f47a3866219fd399f37 261b536dd2b44ad6a46fab4e70ea1112 - - default default] No more DHCP agents
2026-05-08 20:43:15.179 8 WARNING neutron.api.rpc.agentnotifiers.dhcp_rpc_agent_api [None req-20ff7b7a-6870-4b44-88f2-8ee9fedf7fbe d5231389e3ff4f47a3866219fd399f37 261b536dd2b44ad6a46fab4e70ea1112 - - default default] Unable to schedule network 9227afd2-adc6-4a2f-b0bd-ca9fc1d04521: no agents available; will retry on subsequent port and subnet creation events.
2026-05-08 20:43:15.239 7 INFO neutron.plugins.ml2.drivers.ovn.mech_driver.mech_driver [None req-d03a986b-3f76-4264-a6fe-31255de23100 - - - - - -] OVN reports status down for port: 16fc7812-e714-4890-b64e-31450ac366b7
2026-05-08 20:43:15.255 8 INFO neutron.db.ovn_revision_numbers_db [None req-20ff7b7a-6870-4b44-88f2-8ee9fedf7fbe d5231389e3ff4f47a3866219fd399f37 261b536dd2b44ad6a46fab4e70ea1112 - - default default] Successfully bumped revision number for resource 16fc7812-e714-4890-b64e-31450ac366b7 (type: ports) to 1 [pid: 8|app: 0|req: 1308/2775] 10.0.0.204 () {34 vars in 670 bytes} [Fri May 8 20:43:14 2026] POST /v2.0/networks => generated 664 bytes in 792 msecs (HTTP/1.1 201) 4 headers in 162 bytes (1 switches on core 0)
2026-05-08 20:43:15.453 7 WARNING neutron.scheduler.dhcp_agent_scheduler [None req-3f483d11-2209-4b8a-b924-040cd2af0e34 d5231389e3ff4f47a3866219fd399f37 261b536dd2b44ad6a46fab4e70ea1112 - - default default] No more DHCP agents
2026-05-08 20:43:15.454 7 WARNING neutron.api.rpc.agentnotifiers.dhcp_rpc_agent_api [None req-3f483d11-2209-4b8a-b924-040cd2af0e34 d5231389e3ff4f47a3866219fd399f37 261b536dd2b44ad6a46fab4e70ea1112 - - default default] Unable to schedule network 9227afd2-adc6-4a2f-b0bd-ca9fc1d04521: no agents available; will retry on subsequent port and subnet creation events.
2026-05-08 20:43:15.865 7 INFO neutron.db.ovn_revision_numbers_db [None req-d004fff3-2842-4137-98cd-8c1bb076139c - - - - - -] Successfully bumped revision number for resource 16fc7812-e714-4890-b64e-31450ac366b7 (type: ports) to 2
2026-05-08 20:43:15.898 7 INFO neutron.db.ovn_revision_numbers_db [None req-d004fff3-2842-4137-98cd-8c1bb076139c - - - - - -] Successfully bumped revision number for resource 03ffd21e-de75-47fb-8548-571001f8b255 (type: subnets) to 0 [pid: 7|app: 0|req: 1468/2776] 10.0.0.204 () {34 vars in 669 bytes} [Fri May 8 20:43:15 2026] POST /v2.0/subnets => generated 626 bytes in 626 msecs (HTTP/1.1 201) 4 headers in 162 bytes (1 switches on core 0)
2026-05-08 20:43:16.261 8 WARNING neutron.scheduler.dhcp_agent_scheduler [None req-9aff3473-b7cf-4b5a-b736-00e01af7e310 d5231389e3ff4f47a3866219fd399f37 261b536dd2b44ad6a46fab4e70ea1112 - - default default] No more DHCP agents
2026-05-08 20:43:16.262 8 WARNING neutron.api.rpc.agentnotifiers.dhcp_rpc_agent_api [None req-9aff3473-b7cf-4b5a-b736-00e01af7e310 d5231389e3ff4f47a3866219fd399f37 261b536dd2b44ad6a46fab4e70ea1112 - - default default] Unable to schedule network d9386573-f183-43f2-a8b5-602858c76aea: no agents available; will retry on subsequent port and subnet creation events.
2026-05-08 20:43:16.345 8 INFO neutron.plugins.ml2.drivers.ovn.mech_driver.mech_driver [None req-e85a0057-5592-45e4-886e-0ad303ed7822 - - - - - -] OVN reports status down for port: 0abb29bf-f269-45c0-8639-44bca7bd04af
2026-05-08 20:43:16.393 8 INFO neutron.db.ovn_revision_numbers_db [None req-9aff3473-b7cf-4b5a-b736-00e01af7e310 d5231389e3ff4f47a3866219fd399f37 261b536dd2b44ad6a46fab4e70ea1112 - - default default] Successfully bumped revision number for resource 0abb29bf-f269-45c0-8639-44bca7bd04af (type: ports) to 1
2026-05-08 20:43:16.965 8 INFO neutron.plugins.ml2.drivers.ovn.mech_driver.ovsdb.commands [None req-b758abe3-85bd-412f-813e-70fc86dddda7 - - - - - -] Schedule LRP lrp-0abb29bf-f269-45c0-8639-44bca7bd04af on gateway e6e4dd32-5fb2-4393-8279-f36f3562bfff with priority 1
2026-05-08 20:43:17.001 8 INFO neutron.plugins.ml2.drivers.ovn.mech_driver.mech_driver [None req-e85a0057-5592-45e4-886e-0ad303ed7822 - - - - - -] OVN reports status up for port: 0abb29bf-f269-45c0-8639-44bca7bd04af
2026-05-08 20:43:17.026 8 INFO neutron.plugins.ml2.plugin [None req-e85a0057-5592-45e4-886e-0ad303ed7822 - - - - - -] Attempt 1 to provision port 0abb29bf-f269-45c0-8639-44bca7bd04af
2026-05-08 20:43:17.056 8 INFO neutron.db.ovn_revision_numbers_db [None req-9aff3473-b7cf-4b5a-b736-00e01af7e310 d5231389e3ff4f47a3866219fd399f37 261b536dd2b44ad6a46fab4e70ea1112 - - default default] Successfully bumped revision number for resource 0abb29bf-f269-45c0-8639-44bca7bd04af (type: router_ports) to 1
2026-05-08 20:43:17.165 8 INFO neutron.db.ovn_revision_numbers_db [None req-9aff3473-b7cf-4b5a-b736-00e01af7e310 d5231389e3ff4f47a3866219fd399f37 261b536dd2b44ad6a46fab4e70ea1112 - - default default] Successfully bumped revision number for resource b670f80b-a6d2-46f8-ac65-f4a841f3a71b (type: routers) to 2 [pid: 8|app: 0|req: 1309/2777] 10.0.0.204 () {34 vars in 669 bytes} [Fri May 8 20:43:15 2026] POST /v2.0/routers => generated 935 bytes in 1264 msecs (HTTP/1.1 201) 4 headers in 162 bytes (1 switches on core 0)
2026-05-08 20:43:17.605 7 WARNING neutron.scheduler.dhcp_agent_scheduler [None req-53517843-4475-4653-a350-c8f3042526a5 d5231389e3ff4f47a3866219fd399f37 261b536dd2b44ad6a46fab4e70ea1112 - - default default] No more DHCP agents
2026-05-08 20:43:17.607 7 WARNING neutron.api.rpc.agentnotifiers.dhcp_rpc_agent_api [None req-53517843-4475-4653-a350-c8f3042526a5 d5231389e3ff4f47a3866219fd399f37 261b536dd2b44ad6a46fab4e70ea1112 - - default default] Unable to schedule network 9227afd2-adc6-4a2f-b0bd-ca9fc1d04521: no agents available; will retry on subsequent port and subnet creation events.
2026-05-08 20:43:17.672 8 INFO neutron.db.ovn_revision_numbers_db [None req-bec0eb97-81ac-425e-815a-4519e71a24ff dd730c55d13b4da3976e17cd55e30a1c aa8114f5bfdf43dd862edb6d2e311908 - - default default] Successfully bumped revision number for resource 50b7c04a-2b0f-42c7-a3e8-9bd30e5b8d58 (type: security_groups) to 1
2026-05-08 20:43:17.692 8 INFO neutron.db.ovn_revision_numbers_db [None req-bec0eb97-81ac-425e-815a-4519e71a24ff dd730c55d13b4da3976e17cd55e30a1c aa8114f5bfdf43dd862edb6d2e311908 - - default default] Successfully bumped revision number for resource 227485a9-5813-4ed2-a85d-899d412d2406 (type: security_group_rules) to 0
2026-05-08 20:43:17.709 8 INFO neutron.db.ovn_revision_numbers_db [None req-bec0eb97-81ac-425e-815a-4519e71a24ff dd730c55d13b4da3976e17cd55e30a1c aa8114f5bfdf43dd862edb6d2e311908 - - default default] Successfully bumped revision number for resource 55aca737-2e55-420e-a69c-70bc1f6df2fa (type: security_group_rules) to 0
2026-05-08 20:43:17.731 8 INFO neutron.db.ovn_revision_numbers_db [None req-bec0eb97-81ac-425e-815a-4519e71a24ff dd730c55d13b4da3976e17cd55e30a1c aa8114f5bfdf43dd862edb6d2e311908 - - default default] Successfully bumped revision number for resource dab266d6-0b1e-4d47-bd2a-48f8b470e511 (type: security_group_rules) to 0
2026-05-08 20:43:17.742 8 INFO neutron.db.ovn_revision_numbers_db [None req-bec0eb97-81ac-425e-815a-4519e71a24ff dd730c55d13b4da3976e17cd55e30a1c aa8114f5bfdf43dd862edb6d2e311908 - - default default] Successfully bumped revision number for resource ea64b3d2-2657-4719-b7c0-c922638c89f1 (type: security_group_rules) to 0
2026-05-08 20:43:17.792 7 INFO neutron.db.ovn_revision_numbers_db [None req-53517843-4475-4653-a350-c8f3042526a5 d5231389e3ff4f47a3866219fd399f37 261b536dd2b44ad6a46fab4e70ea1112 - - default default] Successfully bumped revision number for resource cc2d2f6a-b4a5-4621-ab16-4218c8645a86 (type: ports) to 1
2026-05-08 20:43:17.837 8 INFO neutron.db.segments_db [None req-bec0eb97-81ac-425e-815a-4519e71a24ff dd730c55d13b4da3976e17cd55e30a1c aa8114f5bfdf43dd862edb6d2e311908 - - default default] Added segment bd737466-3fb5-45a8-a751-01ca60ac6e2f of type geneve for network 4374f12b-d1a0-47e3-808e-5b0906cd0d07
2026-05-08 20:43:17.980 8 INFO neutron.db.ovn_revision_numbers_db [None req-bec0eb97-81ac-425e-815a-4519e71a24ff dd730c55d13b4da3976e17cd55e30a1c aa8114f5bfdf43dd862edb6d2e311908 - - default default] Successfully bumped revision number for resource 4374f12b-d1a0-47e3-808e-5b0906cd0d07 (type: networks) to 1
2026-05-08 20:43:18.173 8 WARNING neutron.scheduler.dhcp_agent_scheduler [None req-bec0eb97-81ac-425e-815a-4519e71a24ff dd730c55d13b4da3976e17cd55e30a1c aa8114f5bfdf43dd862edb6d2e311908 - - default default] No more DHCP agents
2026-05-08 20:43:18.175 8 WARNING neutron.api.rpc.agentnotifiers.dhcp_rpc_agent_api [None req-bec0eb97-81ac-425e-815a-4519e71a24ff dd730c55d13b4da3976e17cd55e30a1c aa8114f5bfdf43dd862edb6d2e311908 - - default default] Unable to schedule network 4374f12b-d1a0-47e3-808e-5b0906cd0d07: no agents available; will retry on subsequent port and subnet creation events.
2026-05-08 20:43:18.252 7 INFO neutron.plugins.ml2.drivers.ovn.mech_driver.mech_driver [None req-d03a986b-3f76-4264-a6fe-31255de23100 - - - - - -] OVN reports status down for port: 5a7fef30-c164-4c4a-8796-99d54c261089
2026-05-08 20:43:18.265 8 INFO neutron.db.ovn_revision_numbers_db [None req-bec0eb97-81ac-425e-815a-4519e71a24ff dd730c55d13b4da3976e17cd55e30a1c aa8114f5bfdf43dd862edb6d2e311908 - - default default] Successfully bumped revision number for resource 5a7fef30-c164-4c4a-8796-99d54c261089 (type: ports) to 1 [pid: 8|app: 0|req: 1310/2778] 10.0.0.204 () {34 vars in 670 bytes} [Fri May 8 20:43:17 2026] POST /v2.0/networks => generated 670 bytes in 934 msecs (HTTP/1.1 201) 4 headers in 162 bytes (1 switches on core 0) [pid: 8|app: 0|req: 1311/2779] 10.0.0.53 () {34 vars in 989 bytes} [Fri May 8 20:43:18 2026] GET /v2.0/ports?device_id=d7747b62-8a78-4a56-8ef6-033358dae6a1 => generated 1200 bytes in 64 msecs (HTTP/1.1 200) 4 headers in 158 bytes (1 switches on core 0)
2026-05-08 20:43:18.529 8 WARNING neutron.scheduler.dhcp_agent_scheduler [None req-c440018a-640a-4ca9-a909-431bfaec1c68 dd730c55d13b4da3976e17cd55e30a1c aa8114f5bfdf43dd862edb6d2e311908 - - default default] No more DHCP agents
2026-05-08 20:43:18.530 8 WARNING neutron.api.rpc.agentnotifiers.dhcp_rpc_agent_api [None req-c440018a-640a-4ca9-a909-431bfaec1c68 dd730c55d13b4da3976e17cd55e30a1c aa8114f5bfdf43dd862edb6d2e311908 - - default default] Unable to schedule network 4374f12b-d1a0-47e3-808e-5b0906cd0d07: no agents available; will retry on subsequent port and subnet creation events.
2026-05-08 20:43:18.589 7 INFO neutron.plugins.ml2.drivers.ovn.mech_driver.mech_driver [None req-d03a986b-3f76-4264-a6fe-31255de23100 - - - - - -] OVN reports status down for port: 24fbf830-27b3-424b-9085-60fe0e58c003
2026-05-08 20:43:18.631 8 INFO neutron.db.ovn_revision_numbers_db [None req-c440018a-640a-4ca9-a909-431bfaec1c68 dd730c55d13b4da3976e17cd55e30a1c aa8114f5bfdf43dd862edb6d2e311908 - - default default] Successfully bumped revision number for resource 24fbf830-27b3-424b-9085-60fe0e58c003 (type: ports) to 1 [pid: 8|app: 0|req: 1312/2780] 10.0.0.204 () {34 vars in 664 bytes} [Fri May 8 20:43:18 2026] POST /v2.0/ports => generated 743 bytes in 313 msecs (HTTP/1.1 201) 4 headers in 162 bytes (1 switches on core 0) /var/lib/openstack/lib/python3.12/site-packages/pycadf/identifier.py:70: UserWarning: Invalid uuid: neutron. To ensure interoperability, identifiers should be a valid uuid. warnings.warn(('Invalid uuid: %s. To ensure interoperability, ' [pid: 8|app: 0|req: 1313/2781] 10.0.0.53 () {34 vars in 1039 bytes} [Fri May 8 20:43:18 2026] GET /v2.0/security-groups?id=c5e90b3a-6381-451f-9bf5-d2c6afee9eb7&fields=id&fields=name => generated 111 bytes in 32 msecs (HTTP/1.1 200) 4 headers in 157 bytes (1 switches on core 0)
2026-05-08 20:43:18.734 7 WARNING neutron.scheduler.dhcp_agent_scheduler [None req-53517843-4475-4653-a350-c8f3042526a5 d5231389e3ff4f47a3866219fd399f37 261b536dd2b44ad6a46fab4e70ea1112 - - default default] No more DHCP agents
2026-05-08 20:43:18.735 7 WARNING neutron.api.rpc.agentnotifiers.dhcp_rpc_agent_api [None req-53517843-4475-4653-a350-c8f3042526a5 d5231389e3ff4f47a3866219fd399f37 261b536dd2b44ad6a46fab4e70ea1112 - - default default] Unable to schedule network 9227afd2-adc6-4a2f-b0bd-ca9fc1d04521: no agents available; will retry on subsequent port and subnet creation events. [pid: 8|app: 0|req: 1314/2782] 10.0.0.204 () {34 vars in 666 bytes} [Fri May 8 20:43:18 2026] POST /v2.0/trunks => generated 409 bytes in 157 msecs (HTTP/1.1 201) 4 headers in 162 bytes (1 switches on core 0) [pid: 8|app: 0|req: 1315/2783] 10.0.0.204 () {32 vars in 818 bytes} [Fri May 8 20:43:18 2026] GET /v2.0/ports?network_id=095204bf-9b7f-473f-a6fa-0e178a522e09&mac_address=fa%3A16%3A3e%3A05%3Ad4%3A42 => generated 1200 bytes in 36 msecs (HTTP/1.1 200) 4 headers in 158 bytes (1 switches on core 0)
2026-05-08 20:43:18.991 8 INFO neutron.db.segments_db [None req-219eee44-fcfe-4799-a44c-9308e1e5f80b dd730c55d13b4da3976e17cd55e30a1c aa8114f5bfdf43dd862edb6d2e311908 - - default default] Added segment 2ebaa49a-5102-42f9-bf61-4e0d8532d452 of type geneve for network 2999afa8-250d-47d9-880b-7df4229709d5
2026-05-08 20:43:19.051 7 INFO neutron.db.ovn_revision_numbers_db [None req-53517843-4475-4653-a350-c8f3042526a5 d5231389e3ff4f47a3866219fd399f37 261b536dd2b44ad6a46fab4e70ea1112 - - default default] Successfully bumped revision number for resource cc2d2f6a-b4a5-4621-ab16-4218c8645a86 (type: router_ports) to 1 [pid: 7|app: 0|req: 1469/2784] 10.0.0.204 () {34 vars in 783 bytes} [Fri May 8 20:43:17 2026] PUT /v2.0/routers/b670f80b-a6d2-46f8-ac65-f4a841f3a71b/add_router_interface => generated 309 bytes in 1871 msecs (HTTP/1.1 200) 4 headers in 157 bytes (1 switches on core 0)
2026-05-08 20:43:19.151 8 INFO neutron.db.ovn_revision_numbers_db [None req-219eee44-fcfe-4799-a44c-9308e1e5f80b dd730c55d13b4da3976e17cd55e30a1c aa8114f5bfdf43dd862edb6d2e311908 - - default default] Successfully bumped revision number for resource 2999afa8-250d-47d9-880b-7df4229709d5 (type: networks) to 1
2026-05-08 20:43:19.272 7 WARNING neutron.scheduler.dhcp_agent_scheduler [None req-fcd5d9e6-3073-483e-814b-832fcd9c94a8 8738c34679c649b68f57e514c8ee602c 6fa71254da4a42d58ff5fe62823c6888 - - default default] No more DHCP agents
2026-05-08 20:43:19.274 7 WARNING neutron.api.rpc.agentnotifiers.dhcp_rpc_agent_api [None req-fcd5d9e6-3073-483e-814b-832fcd9c94a8 8738c34679c649b68f57e514c8ee602c 6fa71254da4a42d58ff5fe62823c6888 - - default default] Unable to schedule network d9386573-f183-43f2-a8b5-602858c76aea: no agents available; will retry on subsequent port and subnet creation events.
2026-05-08 20:43:19.308 8 WARNING neutron.scheduler.dhcp_agent_scheduler [None req-219eee44-fcfe-4799-a44c-9308e1e5f80b dd730c55d13b4da3976e17cd55e30a1c aa8114f5bfdf43dd862edb6d2e311908 - - default default] No more DHCP agents
2026-05-08 20:43:19.309 8 WARNING neutron.api.rpc.agentnotifiers.dhcp_rpc_agent_api [None req-219eee44-fcfe-4799-a44c-9308e1e5f80b dd730c55d13b4da3976e17cd55e30a1c aa8114f5bfdf43dd862edb6d2e311908 - - default default] Unable to schedule network 2999afa8-250d-47d9-880b-7df4229709d5: no agents available; will retry on subsequent port and subnet creation events.
2026-05-08 20:43:19.362 7 INFO neutron.plugins.ml2.drivers.ovn.mech_driver.mech_driver [None req-d03a986b-3f76-4264-a6fe-31255de23100 - - - - - -] OVN reports status down for port: 88519a02-dbca-4a7e-b3ed-7d28875abe6c
2026-05-08 20:43:19.384 8 INFO neutron.db.ovn_revision_numbers_db [None req-219eee44-fcfe-4799-a44c-9308e1e5f80b dd730c55d13b4da3976e17cd55e30a1c aa8114f5bfdf43dd862edb6d2e311908 - - default default] Successfully bumped revision number for resource 88519a02-dbca-4a7e-b3ed-7d28875abe6c (type: ports) to 1 [pid: 8|app: 0|req: 1316/2785] 10.0.0.204 () {34 vars in 670 bytes} [Fri May 8 20:43:18 2026] POST /v2.0/networks => generated 669 bytes in 509 msecs (HTTP/1.1 201) 4 headers in 162 bytes (1 switches on core 0)
2026-05-08 20:43:20.150 7 INFO neutron.db.ovn_revision_numbers_db [None req-fcd5d9e6-3073-483e-814b-832fcd9c94a8 8738c34679c649b68f57e514c8ee602c 6fa71254da4a42d58ff5fe62823c6888 - - default default] Successfully bumped revision number for resource 7a9c9aa5-6974-4ff4-b318-c0ddc6573ad9 (type: floatingips) to 1
2026-05-08 20:43:20.151 7 INFO neutron.db.l3_db [None req-fcd5d9e6-3073-483e-814b-832fcd9c94a8 8738c34679c649b68f57e514c8ee602c 6fa71254da4a42d58ff5fe62823c6888 - - default default] Floating IP 7a9c9aa5-6974-4ff4-b318-c0ddc6573ad9 associated. External IP: 10.96.250.214, port: 42aca91b-8325-4f0b-9456-b095362e0375. [pid: 7|app: 0|req: 1470/2786] 10.0.0.204 () {34 vars in 677 bytes} [Fri May 8 20:43:19 2026] POST /v2.0/floatingips => generated 854 bytes in 1137 msecs (HTTP/1.1 201) 4 headers in 162 bytes (1 switches on core 0) /var/lib/openstack/lib/python3.12/site-packages/pycadf/identifier.py:70: UserWarning: Invalid uuid: neutron. To ensure interoperability, identifiers should be a valid uuid. warnings.warn(('Invalid uuid: %s. To ensure interoperability, '
2026-05-08 20:43:20.236 7 INFO neutron.notifiers.nova [-] Nova event matching ['req-a2d70363-6005-439d-b7eb-79b66570d5c1'] response: {'name': 'network-changed', 'server_uuid': 'd7747b62-8a78-4a56-8ef6-033358dae6a1', 'tag': '42aca91b-8325-4f0b-9456-b095362e0375', 'status': 'completed', 'code': 200}
2026-05-08 20:43:20.429 7 WARNING neutron.scheduler.dhcp_agent_scheduler [None req-8b272da6-beec-4166-b105-f6a00c3cb968 dd730c55d13b4da3976e17cd55e30a1c aa8114f5bfdf43dd862edb6d2e311908 - - default default] No more DHCP agents
2026-05-08 20:43:20.431 7 WARNING neutron.api.rpc.agentnotifiers.dhcp_rpc_agent_api [None req-8b272da6-beec-4166-b105-f6a00c3cb968 dd730c55d13b4da3976e17cd55e30a1c aa8114f5bfdf43dd862edb6d2e311908 - - default default] Unable to schedule network 2999afa8-250d-47d9-880b-7df4229709d5: no agents available; will retry on subsequent port and subnet creation events.
2026-05-08 20:43:20.514 7 INFO neutron.db.ovn_revision_numbers_db [None req-8b272da6-beec-4166-b105-f6a00c3cb968 dd730c55d13b4da3976e17cd55e30a1c aa8114f5bfdf43dd862edb6d2e311908 - - default default] Successfully bumped revision number for resource de290412-b076-4ecf-bdcf-aee5a4c4a502 (type: ports) to 1 [pid: 7|app: 0|req: 1471/2787] 10.0.0.204 () {34 vars in 664 bytes} [Fri May 8 20:43:20 2026] POST /v2.0/ports => generated 743 bytes in 370 msecs (HTTP/1.1 201) 4 headers in 162 bytes (1 switches on core 0)
2026-05-08 20:43:20.569 8 WARNING neutron.scheduler.dhcp_agent_scheduler [None req-0b3614e7-2304-499e-af4f-ed70672efd0a - - - - - -] No more DHCP agents
2026-05-08 20:43:20.571 8 WARNING neutron.api.rpc.agentnotifiers.dhcp_rpc_agent_api [None req-0b3614e7-2304-499e-af4f-ed70672efd0a - - - - - -] Unable to schedule network d9386573-f183-43f2-a8b5-602858c76aea: no agents available; will retry on subsequent port and subnet creation events. /var/lib/openstack/lib/python3.12/site-packages/pycadf/identifier.py:70: UserWarning: Invalid uuid: neutron. To ensure interoperability, identifiers should be a valid uuid. warnings.warn(('Invalid uuid: %s. To ensure interoperability, '
2026-05-08 20:43:20.689 7 INFO neutron.plugins.ml2.drivers.ovn.mech_driver.mech_driver [None req-d03a986b-3f76-4264-a6fe-31255de23100 - - - - - -] OVN reports status down for port: f70fbbb5-419c-4cd2-890d-b0d60585691c
2026-05-08 20:43:20.700 8 INFO neutron.db.ovn_revision_numbers_db [None req-0b3614e7-2304-499e-af4f-ed70672efd0a - - - - - -] Successfully bumped revision number for resource f70fbbb5-419c-4cd2-890d-b0d60585691c (type: ports) to 1 [pid: 7|app: 0|req: 1472/2788] 10.0.0.204 () {34 vars in 666 bytes} [Fri May 8 20:43:20 2026] POST /v2.0/trunks => generated 409 bytes in 347 msecs (HTTP/1.1 201) 4 headers in 162 bytes (1 switches on core 0)
2026-05-08 20:43:20.948 8 INFO neutron.db.ovn_revision_numbers_db [None req-0b3614e7-2304-499e-af4f-ed70672efd0a - - - - - -] Successfully bumped revision number for resource f70fbbb5-419c-4cd2-890d-b0d60585691c (type: ports) to 3 [pid: 7|app: 0|req: 1473/2789] 199.204.45.77 () {34 vars in 1079 bytes} [Fri May 8 20:43:20 2026] GET /v2.0/ports?tenant_id=6fa71254da4a42d58ff5fe62823c6888&device_id=d7747b62-8a78-4a56-8ef6-033358dae6a1 => generated 1438 bytes in 40 msecs (HTTP/1.1 200) 4 headers in 158 bytes (1 switches on core 0)
2026-05-08 20:43:21.016 8 INFO neutron.db.segments_db [None req-0b3614e7-2304-499e-af4f-ed70672efd0a - - - - - -] Added segment d0df7ae1-1b79-4bb2-90e5-699a25919475 of type geneve for network 95d3654c-f455-4076-9c7e-964ef49e0b36
2026-05-08 20:43:21.041 7 INFO neutron.db.segments_db [None req-1bd2938f-c34d-439a-8475-258833d74ede dd730c55d13b4da3976e17cd55e30a1c aa8114f5bfdf43dd862edb6d2e311908 - - default default] Added segment 57b7e04d-a3b7-4117-a06c-77512fadca38 of type geneve for network 8d502f1d-667c-4769-a202-d4eb7d637c9c
2026-05-08 20:43:21.144 8 INFO neutron.db.ovn_revision_numbers_db [None req-350b2554-3161-4a73-9bd6-96cc6e3de64a - - - - - -] Successfully bumped revision number for resource 95d3654c-f455-4076-9c7e-964ef49e0b36 (type: networks) to 1
2026-05-08 20:43:21.159 7 INFO neutron.db.ovn_revision_numbers_db [None req-1bd2938f-c34d-439a-8475-258833d74ede dd730c55d13b4da3976e17cd55e30a1c aa8114f5bfdf43dd862edb6d2e311908 - - default default] Successfully bumped revision number for resource 8d502f1d-667c-4769-a202-d4eb7d637c9c (type: networks) to 1
2026-05-08 20:43:21.291 8 WARNING neutron.scheduler.dhcp_agent_scheduler [None req-350b2554-3161-4a73-9bd6-96cc6e3de64a - - - - - -] No more DHCP agents
2026-05-08 20:43:21.292 8 WARNING neutron.api.rpc.agentnotifiers.dhcp_rpc_agent_api [None req-350b2554-3161-4a73-9bd6-96cc6e3de64a - - - - - -] Unable to schedule network 95d3654c-f455-4076-9c7e-964ef49e0b36: no agents available; will retry on subsequent port and subnet creation events.
2026-05-08 20:43:21.336 7 WARNING neutron.scheduler.dhcp_agent_scheduler [None req-1bd2938f-c34d-439a-8475-258833d74ede dd730c55d13b4da3976e17cd55e30a1c aa8114f5bfdf43dd862edb6d2e311908 - - default default] No more DHCP agents
2026-05-08 20:43:21.337 7 WARNING neutron.api.rpc.agentnotifiers.dhcp_rpc_agent_api [None req-1bd2938f-c34d-439a-8475-258833d74ede dd730c55d13b4da3976e17cd55e30a1c aa8114f5bfdf43dd862edb6d2e311908 - - default default] Unable to schedule network 8d502f1d-667c-4769-a202-d4eb7d637c9c: no agents available; will retry on subsequent port and subnet creation events.
2026-05-08 20:43:21.386 7 INFO neutron.plugins.ml2.drivers.ovn.mech_driver.mech_driver [None req-d03a986b-3f76-4264-a6fe-31255de23100 - - - - - -] OVN reports status down for port: 8932c373-3f6d-4ae7-ab03-59c2b16cf70f
2026-05-08 20:43:21.392 8 INFO neutron.db.ovn_revision_numbers_db [None req-350b2554-3161-4a73-9bd6-96cc6e3de64a - - - - - -] Successfully bumped revision number for resource 6ac8bddd-0f34-43f5-82b5-391816fa3ed9 (type: ports) to 1
2026-05-08 20:43:21.434 7 INFO neutron.db.ovn_revision_numbers_db [None req-1bd2938f-c34d-439a-8475-258833d74ede dd730c55d13b4da3976e17cd55e30a1c aa8114f5bfdf43dd862edb6d2e311908 - - default default] Successfully bumped revision number for resource 8932c373-3f6d-4ae7-ab03-59c2b16cf70f (type: ports) to 1 [pid: 7|app: 0|req: 1474/2790] 10.0.0.204 () {34 vars in 670 bytes} [Fri May 8 20:43:20 2026] POST /v2.0/networks => generated 670 bytes in 504 msecs (HTTP/1.1 201) 4 headers in 162 bytes (1 switches on core 0) [pid: 7|app: 0|req: 1475/2791] 199.204.45.77 () {34 vars in 985 bytes} [Fri May 8 20:43:21 2026] GET /v2.0/networks?id=095204bf-9b7f-473f-a6fa-0e178a522e09 => generated 842 bytes in 40 msecs (HTTP/1.1 200) 4 headers in 157 bytes (1 switches on core 0)
2026-05-08 20:43:21.515 8 WARNING neutron.scheduler.dhcp_agent_scheduler [None req-350b2554-3161-4a73-9bd6-96cc6e3de64a - - - - - -] No more DHCP agents
2026-05-08 20:43:21.516 8 WARNING neutron.api.rpc.agentnotifiers.dhcp_rpc_agent_api [None req-350b2554-3161-4a73-9bd6-96cc6e3de64a - - - - - -] Unable to schedule network 95d3654c-f455-4076-9c7e-964ef49e0b36: no agents available; will retry on subsequent port and subnet creation events.
2026-05-08 20:43:21.538 8 INFO neutron.db.ovn_revision_numbers_db [None req-350b2554-3161-4a73-9bd6-96cc6e3de64a - - - - - -] Successfully bumped revision number for resource 458f378c-63a9-4882-8a60-57b26b807776 (type: subnets) to 0
2026-05-08 20:43:21.706 7 WARNING neutron.scheduler.dhcp_agent_scheduler [None req-c099da1b-98f1-4a4a-9c12-642cf27b0576 dd730c55d13b4da3976e17cd55e30a1c aa8114f5bfdf43dd862edb6d2e311908 - - default default] No more DHCP agents
2026-05-08 20:43:21.707 7 WARNING neutron.api.rpc.agentnotifiers.dhcp_rpc_agent_api [None req-c099da1b-98f1-4a4a-9c12-642cf27b0576 dd730c55d13b4da3976e17cd55e30a1c aa8114f5bfdf43dd862edb6d2e311908 - - default default] Unable to schedule network 8d502f1d-667c-4769-a202-d4eb7d637c9c: no agents available; will retry on subsequent port and subnet creation events.
2026-05-08 20:43:21.763 7 INFO neutron.plugins.ml2.drivers.ovn.mech_driver.mech_driver [None req-d03a986b-3f76-4264-a6fe-31255de23100 - - - - - -] OVN reports status down for port: e575c4a2-6bbd-496b-9aa3-b68f34d9430b
2026-05-08 20:43:21.796 8 WARNING neutron.plugins.ml2.drivers.ovn.mech_driver.ovsdb.ovn_client [None req-e85a0057-5592-45e4-886e-0ad303ed7822 - - - - - -] No hosting information found for port 0abb29bf-f269-45c0-8639-44bca7bd04af: RuntimeError: No hosting information found for port 0abb29bf-f269-45c0-8639-44bca7bd04af
2026-05-08 20:43:21.797 8 INFO neutron.plugins.ml2.drivers.ovn.mech_driver.mech_driver [None req-e85a0057-5592-45e4-886e-0ad303ed7822 - - - - - -] OVN reports status down for port: cc2d2f6a-b4a5-4621-ab16-4218c8645a86
2026-05-08 20:43:21.821 7 INFO neutron.db.ovn_revision_numbers_db [None req-c099da1b-98f1-4a4a-9c12-642cf27b0576 dd730c55d13b4da3976e17cd55e30a1c aa8114f5bfdf43dd862edb6d2e311908 - - default default] Successfully bumped revision number for resource e575c4a2-6bbd-496b-9aa3-b68f34d9430b (type: ports) to 1 [pid: 7|app: 0|req: 1476/2792] 10.0.0.204 () {34 vars in 664 bytes} [Fri May 8 20:43:21 2026] POST /v2.0/ports => generated 743 bytes in 394 msecs (HTTP/1.1 201) 4 headers in 162 bytes (1 switches on core 0) /var/lib/openstack/lib/python3.12/site-packages/pycadf/identifier.py:70: UserWarning: Invalid uuid: neutron. To ensure interoperability, identifiers should be a valid uuid. warnings.warn(('Invalid uuid: %s. To ensure interoperability, '
2026-05-08 20:43:21.908 8 WARNING neutron.plugins.ml2.drivers.ovn.mech_driver.ovsdb.ovn_client [None req-e85a0057-5592-45e4-886e-0ad303ed7822 - - - - - -] Logical_Switch_Port cc2d2f6a-b4a5-4621-ab16-4218c8645a86 host information not removed, the port state is up
2026-05-08 20:43:21.908 8 INFO neutron.plugins.ml2.drivers.ovn.mech_driver.mech_driver [None req-e85a0057-5592-45e4-886e-0ad303ed7822 - - - - - -] OVN reports status up for port: cc2d2f6a-b4a5-4621-ab16-4218c8645a86
2026-05-08 20:43:21.926 8 INFO neutron.plugins.ml2.plugin [None req-e85a0057-5592-45e4-886e-0ad303ed7822 - - - - - -] Attempt 1 to provision port cc2d2f6a-b4a5-4621-ab16-4218c8645a86 [pid: 7|app: 0|req: 1477/2793] 199.204.45.77 () {34 vars in 1055 bytes} [Fri May 8 20:43:21 2026] GET /v2.0/floatingips?fixed_ip_address=10.2.2.88&port_id=42aca91b-8325-4f0b-9456-b095362e0375 => generated 859 bytes in 40 msecs (HTTP/1.1 200) 4 headers in 157 bytes (1 switches on core 0)
2026-05-08 20:43:22.021 8 WARNING neutron.scheduler.dhcp_agent_scheduler [None req-350b2554-3161-4a73-9bd6-96cc6e3de64a - - - - - -] No more DHCP agents
2026-05-08 20:43:22.026 8 WARNING neutron.api.rpc.agentnotifiers.dhcp_rpc_agent_api [None req-350b2554-3161-4a73-9bd6-96cc6e3de64a - - - - - -] Unable to schedule network 95d3654c-f455-4076-9c7e-964ef49e0b36: no agents available; will retry on subsequent port and subnet creation events. [pid: 7|app: 0|req: 1478/2794] 10.0.0.204 () {34 vars in 666 bytes} [Fri May 8 20:43:21 2026] POST /v2.0/trunks => generated 409 bytes in 147 msecs (HTTP/1.1 201) 4 headers in 162 bytes (1 switches on core 0) [pid: 7|app: 0|req: 1479/2795] 199.204.45.77 () {34 vars in 1105 bytes} [Fri May 8 20:43:22 2026] GET /v2.0/floatingips?fixed_ip_address=fd77%3A1457%3A4cf0%3A26a8%3A%3A34f&port_id=42aca91b-8325-4f0b-9456-b095362e0375 => generated 19 bytes in 15 msecs (HTTP/1.1 200) 4 headers in 156 bytes (1 switches on core 0)
2026-05-08 20:43:22.218 7 INFO neutron.db.segments_db [None req-e22da7dc-ac1d-4cad-9964-22e05bc90eab dd730c55d13b4da3976e17cd55e30a1c aa8114f5bfdf43dd862edb6d2e311908 - - default default] Added segment 28341671-b4a1-4028-80ab-4bed15d6134b of type geneve for network e5c18c11-f228-4941-943f-bafa75f77aa3
2026-05-08 20:43:22.269 8 INFO neutron.db.ovn_revision_numbers_db [None req-350b2554-3161-4a73-9bd6-96cc6e3de64a - - - - - -] Successfully bumped revision number for resource 2caeb3ac-f96f-4904-b107-3dc3bb5f95ce (type: ports) to 1
2026-05-08 20:43:22.336 7 INFO neutron.db.ovn_revision_numbers_db [None req-e22da7dc-ac1d-4cad-9964-22e05bc90eab dd730c55d13b4da3976e17cd55e30a1c aa8114f5bfdf43dd862edb6d2e311908 - - default default] Successfully bumped revision number for resource e5c18c11-f228-4941-943f-bafa75f77aa3 (type: networks) to 1
2026-05-08 20:43:22.474 7 WARNING neutron.scheduler.dhcp_agent_scheduler [None req-e22da7dc-ac1d-4cad-9964-22e05bc90eab dd730c55d13b4da3976e17cd55e30a1c aa8114f5bfdf43dd862edb6d2e311908 - - default default] No more DHCP agents
2026-05-08 20:43:22.476 7 WARNING neutron.api.rpc.agentnotifiers.dhcp_rpc_agent_api [None req-e22da7dc-ac1d-4cad-9964-22e05bc90eab dd730c55d13b4da3976e17cd55e30a1c aa8114f5bfdf43dd862edb6d2e311908 - - default default] Unable to schedule network e5c18c11-f228-4941-943f-bafa75f77aa3: no agents available; will retry on subsequent port and subnet creation events.
2026-05-08 20:43:22.554 7 INFO neutron.db.ovn_revision_numbers_db [None req-e22da7dc-ac1d-4cad-9964-22e05bc90eab dd730c55d13b4da3976e17cd55e30a1c aa8114f5bfdf43dd862edb6d2e311908 - - default default] Successfully bumped revision number for resource a7a40d68-89b3-4a56-9f00-016814fd9d0e (type: ports) to 1 [pid: 7|app: 0|req: 1480/2796] 10.0.0.204 () {34 vars in 670 bytes} [Fri May 8 20:43:22 2026] POST /v2.0/networks => generated 669 bytes in 483 msecs (HTTP/1.1 201) 4 headers in 162 bytes (1 switches on core 0) [pid: 7|app: 0|req: 1481/2797] 199.204.45.77 () {34 vars in 1063 bytes} [Fri May 8 20:43:22 2026] GET /v2.0/subnets?id=59664cdc-84d8-44d9-aeed-33ceff19736f&id=744a8c7b-0790-4830-afa6-d14bff2fdffa => generated 1414 bytes in 28 msecs (HTTP/1.1 200) 4 headers in 158 bytes (1 switches on core 0)
2026-05-08 20:43:22.698 8 INFO neutron.db.ovn_revision_numbers_db [None req-e85a0057-5592-45e4-886e-0ad303ed7822 - - - - - -] Successfully bumped revision number for resource cc2d2f6a-b4a5-4621-ab16-4218c8645a86 (type: ports) to 2
2026-05-08 20:43:22.816 7 WARNING neutron.scheduler.dhcp_agent_scheduler [None req-549e1f98-e7c9-4545-bc43-f9e9f5ed94e6 dd730c55d13b4da3976e17cd55e30a1c aa8114f5bfdf43dd862edb6d2e311908 - - default default] No more DHCP agents
2026-05-08 20:43:22.817 7 WARNING neutron.api.rpc.agentnotifiers.dhcp_rpc_agent_api [None req-549e1f98-e7c9-4545-bc43-f9e9f5ed94e6 dd730c55d13b4da3976e17cd55e30a1c aa8114f5bfdf43dd862edb6d2e311908 - - default default] Unable to schedule network e5c18c11-f228-4941-943f-bafa75f77aa3: no agents available; will retry on subsequent port and subnet creation events.
2026-05-08 20:43:22.913 7 INFO neutron.db.ovn_revision_numbers_db [None req-549e1f98-e7c9-4545-bc43-f9e9f5ed94e6 dd730c55d13b4da3976e17cd55e30a1c aa8114f5bfdf43dd862edb6d2e311908 - - default default] Successfully bumped revision number for resource c07f1efa-17f5-48ab-b67b-cdc19e2df8ac (type: ports) to 1 [pid: 7|app: 0|req: 1482/2798] 10.0.0.204 () {34 vars in 664 bytes} [Fri May 8 20:43:22 2026] POST /v2.0/ports => generated 743 bytes in 350 msecs (HTTP/1.1 201) 4 headers in 162 bytes (1 switches on core 0) /var/lib/openstack/lib/python3.12/site-packages/pycadf/identifier.py:70: UserWarning: Invalid uuid: neutron. To ensure interoperability, identifiers should be a valid uuid. warnings.warn(('Invalid uuid: %s. To ensure interoperability, ' [pid: 7|app: 0|req: 1483/2799] 199.204.45.77 () {34 vars in 1051 bytes} [Fri May 8 20:43:22 2026] GET /v2.0/ports?network_id=095204bf-9b7f-473f-a6fa-0e178a522e09&device_owner=network%3Adhcp => generated 12 bytes in 20 msecs (HTTP/1.1 200) 4 headers in 156 bytes (1 switches on core 0) [pid: 7|app: 0|req: 1484/2800] 10.0.0.204 () {34 vars in 666 bytes} [Fri May 8 20:43:22 2026] POST /v2.0/trunks => generated 409 bytes in 171 msecs (HTTP/1.1 201) 4 headers in 162 bytes (1 switches on core 0) [pid: 7|app: 0|req: 1485/2801] 199.204.45.77 () {34 vars in 1051 bytes} [Fri May 8 20:43:23 2026] GET /v2.0/ports?network_id=095204bf-9b7f-473f-a6fa-0e178a522e09&device_owner=network%3Adhcp => generated 12 bytes in 16 msecs (HTTP/1.1 200) 4 headers in 156 bytes (1 switches on core 0)
2026-05-08 20:43:23.212 8 WARNING neutron.scheduler.dhcp_agent_scheduler [None req-350b2554-3161-4a73-9bd6-96cc6e3de64a - - - - - -] No more DHCP agents
2026-05-08 20:43:23.213 8 WARNING neutron.api.rpc.agentnotifiers.dhcp_rpc_agent_api [None req-350b2554-3161-4a73-9bd6-96cc6e3de64a - - - - - -] Unable to schedule network 95d3654c-f455-4076-9c7e-964ef49e0b36: no agents available; will retry on subsequent port and subnet creation events.
2026-05-08 20:43:23.254 7 INFO neutron.db.segments_db [None req-98eb852e-4010-4ebf-a8a2-3bf94bd8414d dd730c55d13b4da3976e17cd55e30a1c aa8114f5bfdf43dd862edb6d2e311908 - - default default] Added segment ac949491-4194-48fd-b94d-ed416988422d of type geneve for network f1655d0e-0f40-4387-a190-9764ff8827a5
2026-05-08 20:43:23.363 7 INFO neutron.db.ovn_revision_numbers_db [None req-98eb852e-4010-4ebf-a8a2-3bf94bd8414d dd730c55d13b4da3976e17cd55e30a1c aa8114f5bfdf43dd862edb6d2e311908 - - default default] Successfully bumped revision number for resource f1655d0e-0f40-4387-a190-9764ff8827a5 (type: networks) to 1
2026-05-08 20:43:23.499 7 WARNING neutron.scheduler.dhcp_agent_scheduler [None req-98eb852e-4010-4ebf-a8a2-3bf94bd8414d dd730c55d13b4da3976e17cd55e30a1c aa8114f5bfdf43dd862edb6d2e311908 - - default default] No more DHCP agents
2026-05-08 20:43:23.501 7 WARNING neutron.api.rpc.agentnotifiers.dhcp_rpc_agent_api [None req-98eb852e-4010-4ebf-a8a2-3bf94bd8414d dd730c55d13b4da3976e17cd55e30a1c aa8114f5bfdf43dd862edb6d2e311908 - - default default] Unable to schedule network f1655d0e-0f40-4387-a190-9764ff8827a5: no agents available; will retry on subsequent port and subnet creation events.
2026-05-08 20:43:23.571 7 INFO neutron.db.ovn_revision_numbers_db [None req-98eb852e-4010-4ebf-a8a2-3bf94bd8414d dd730c55d13b4da3976e17cd55e30a1c aa8114f5bfdf43dd862edb6d2e311908 - - default default] Successfully bumped revision number for resource d05932cc-79d5-47d9-93a5-4fcd95cb354d (type: ports) to 1 [pid: 7|app: 0|req: 1486/2802] 10.0.0.204 () {34 vars in 670 bytes} [Fri May 8 20:43:23 2026] POST /v2.0/networks => generated 669 bytes in 422 msecs (HTTP/1.1 201) 4 headers in 162 bytes (1 switches on core 0) [pid: 7|app: 0|req: 1487/2803] 199.204.45.77 () {34 vars in 1011 bytes} [Fri May 8 20:43:23 2026] GET /v2.0/networks/095204bf-9b7f-473f-a6fa-0e178a522e09?fields=segments => generated 14 bytes in 43 msecs (HTTP/1.1 200) 4 headers in 156 bytes (1 switches on core 0)
2026-05-08 20:43:23.727 8 INFO neutron.db.ovn_revision_numbers_db [None req-350b2554-3161-4a73-9bd6-96cc6e3de64a - - - - - -] Successfully bumped revision number for resource 2caeb3ac-f96f-4904-b107-3dc3bb5f95ce (type: router_ports) to 1
2026-05-08 20:43:23.835 7 WARNING neutron.scheduler.dhcp_agent_scheduler [None req-df4d0057-7e76-4657-8eaf-874b1a0a55e6 dd730c55d13b4da3976e17cd55e30a1c aa8114f5bfdf43dd862edb6d2e311908 - - default default] No more DHCP agents
2026-05-08 20:43:23.837 7 WARNING neutron.api.rpc.agentnotifiers.dhcp_rpc_agent_api [None req-df4d0057-7e76-4657-8eaf-874b1a0a55e6 dd730c55d13b4da3976e17cd55e30a1c aa8114f5bfdf43dd862edb6d2e311908 - - default default] Unable to schedule network f1655d0e-0f40-4387-a190-9764ff8827a5: no agents available; will retry on subsequent port and subnet creation events.
2026-05-08 20:43:23.927 7 INFO neutron.db.ovn_revision_numbers_db [None req-df4d0057-7e76-4657-8eaf-874b1a0a55e6 dd730c55d13b4da3976e17cd55e30a1c aa8114f5bfdf43dd862edb6d2e311908 - - default default] Successfully bumped revision number for resource 0524369c-0cef-49e2-932f-415dd40a5dbc (type: ports) to 1
2026-05-08 20:43:23.953 8 WARNING neutron.scheduler.dhcp_agent_scheduler [None req-350b2554-3161-4a73-9bd6-96cc6e3de64a - - - - - -] No more DHCP agents
2026-05-08 20:43:23.954 8 WARNING neutron.api.rpc.agentnotifiers.dhcp_rpc_agent_api [None req-350b2554-3161-4a73-9bd6-96cc6e3de64a - - - - - -] Unable to schedule network 95d3654c-f455-4076-9c7e-964ef49e0b36: no agents available; will retry on subsequent port and subnet creation events. [pid: 7|app: 0|req: 1488/2804] 10.0.0.204 () {34 vars in 664 bytes} [Fri May 8 20:43:23 2026] POST /v2.0/ports => generated 743 bytes in 334 msecs (HTTP/1.1 201) 4 headers in 162 bytes (1 switches on core 0) /var/lib/openstack/lib/python3.12/site-packages/pycadf/identifier.py:70: UserWarning: Invalid uuid: neutron. To ensure interoperability, identifiers should be a valid uuid. warnings.warn(('Invalid uuid: %s. To ensure interoperability, ' [pid: 7|app: 0|req: 1489/2805] 199.204.45.77 () {34 vars in 1111 bytes} [Fri May 8 20:43:23 2026] GET /v2.0/networks/095204bf-9b7f-473f-a6fa-0e178a522e09?fields=provider%3Aphysical_network&fields=provider%3Anetwork_type => generated 79 bytes in 36 msecs (HTTP/1.1 200) 4 headers in 156 bytes (1 switches on core 0)
2026-05-08 20:43:24.073 7 INFO neutron.plugins.ml2.drivers.ovn.mech_driver.mech_driver [None req-d03a986b-3f76-4264-a6fe-31255de23100 - - - - - -] OVN reports status down for port: faeb4eab-14cf-41dd-8a92-efe126ce71a7
2026-05-08 20:43:24.089 8 INFO neutron.db.ovn_revision_numbers_db [None req-350b2554-3161-4a73-9bd6-96cc6e3de64a - - - - - -] Successfully bumped revision number for resource faeb4eab-14cf-41dd-8a92-efe126ce71a7 (type: ports) to 1 [pid: 7|app: 0|req: 1490/2806] 10.0.0.204 () {34 vars in 666 bytes} [Fri May 8 20:43:24 2026] POST /v2.0/trunks => generated 409 bytes in 275 msecs (HTTP/1.1 201) 4 headers in 162 bytes (1 switches on core 0) [pid: 7|app: 0|req: 1491/2807] 10.0.0.204 () {34 vars in 749 bytes} [Fri May 8 20:43:24 2026] PUT /v2.0/trunks/bab19d6b-2d36-4171-8bfd-b654fd6a0b83/tags => generated 17 bytes in 53 msecs (HTTP/1.1 200) 4 headers in 156 bytes (1 switches on core 0)
