2026-05-08 20:41:46.236 7 INFO neutron.db.segments_db [None req-51839145-7079-44d7-9671-42938077d879 cb23ddc09228422ebadb9c57473a7605 c1299d8091c944bc969d14fedd6c80a0 - - default default] Added segment 84cc1674-f143-4b04-bd3d-9539b4c58d51 of type geneve for network e7b2c801-bc0a-41f8-8c1e-f9495aa5438a [pid: 8|app: 0|req: 968/2068] 10.0.0.204 () {34 vars in 669 bytes} [Fri May 8 20:41:44 2026] POST /v2.0/subnets => generated 629 bytes in 1447 msecs (HTTP/1.1 201) 4 headers in 162 bytes (1 switches on core 0)
2026-05-08 20:41:46.339 7 INFO neutron.db.ovn_revision_numbers_db [None req-51839145-7079-44d7-9671-42938077d879 cb23ddc09228422ebadb9c57473a7605 c1299d8091c944bc969d14fedd6c80a0 - - default default] Successfully bumped revision number for resource e7b2c801-bc0a-41f8-8c1e-f9495aa5438a (type: networks) to 1
2026-05-08 20:41:46.372 8 INFO neutron.db.ovn_revision_numbers_db [None req-b8ec412f-dd1a-422e-a2cb-0f8243b411fd - - - - - -] Successfully bumped revision number for resource df4ba3d2-5d09-4142-9818-d0af2ee052a6 (type: ports) to 2
2026-05-08 20:41:46.490 8 INFO neutron.db.ovn_revision_numbers_db [None req-a15f3a55-0090-4783-8658-a5747f11d61f adbe1c9df56d43efb8ef59713513745e c224ff9fdc7b4b3f9abd0beac0674360 - - default default] Successfully bumped revision number for resource 50b4f1d5-04b5-4738-b69e-e4ca2bedf944 (type: security_groups) to 1
2026-05-08 20:41:46.518 8 INFO neutron.db.ovn_revision_numbers_db [None req-a15f3a55-0090-4783-8658-a5747f11d61f adbe1c9df56d43efb8ef59713513745e c224ff9fdc7b4b3f9abd0beac0674360 - - default default] Successfully bumped revision number for resource 06b768d6-5f60-4013-9b49-6cee3d94153d (type: security_group_rules) to 0
2026-05-08 20:41:46.519 7 WARNING neutron.scheduler.dhcp_agent_scheduler [None req-51839145-7079-44d7-9671-42938077d879 cb23ddc09228422ebadb9c57473a7605 c1299d8091c944bc969d14fedd6c80a0 - - default default] No more DHCP agents
2026-05-08 20:41:46.520 7 WARNING neutron.api.rpc.agentnotifiers.dhcp_rpc_agent_api [None req-51839145-7079-44d7-9671-42938077d879 cb23ddc09228422ebadb9c57473a7605 c1299d8091c944bc969d14fedd6c80a0 - - default default] Unable to schedule network e7b2c801-bc0a-41f8-8c1e-f9495aa5438a: no agents available; will retry on subsequent port and subnet creation events.
2026-05-08 20:41:46.530 8 INFO neutron.db.ovn_revision_numbers_db [None req-a15f3a55-0090-4783-8658-a5747f11d61f adbe1c9df56d43efb8ef59713513745e c224ff9fdc7b4b3f9abd0beac0674360 - - default default] Successfully bumped revision number for resource 5bdb44ef-1ce0-4439-8806-d8d252ff19f1 (type: security_group_rules) to 0
2026-05-08 20:41:46.542 8 INFO neutron.db.ovn_revision_numbers_db [None req-a15f3a55-0090-4783-8658-a5747f11d61f adbe1c9df56d43efb8ef59713513745e c224ff9fdc7b4b3f9abd0beac0674360 - - default default] Successfully bumped revision number for resource 94222a5e-c47a-4298-9f55-e4cef81bbd5d (type: security_group_rules) to 0
2026-05-08 20:41:46.552 8 INFO neutron.db.ovn_revision_numbers_db [None req-a15f3a55-0090-4783-8658-a5747f11d61f adbe1c9df56d43efb8ef59713513745e c224ff9fdc7b4b3f9abd0beac0674360 - - default default] Successfully bumped revision number for resource a608813d-a9da-4df3-8bc3-cd84a25b3084 (type: security_group_rules) to 0
2026-05-08 20:41:46.599 7 INFO neutron.db.ovn_revision_numbers_db [None req-51839145-7079-44d7-9671-42938077d879 cb23ddc09228422ebadb9c57473a7605 c1299d8091c944bc969d14fedd6c80a0 - - default default] Successfully bumped revision number for resource 3fe01151-6059-420f-a453-5daa634ba4c7 (type: ports) to 1 [pid: 7|app: 0|req: 1101/2069] 10.0.0.204 () {34 vars in 670 bytes} [Fri May 8 20:41:46 2026] POST /v2.0/networks => generated 692 bytes in 465 msecs (HTTP/1.1 201) 4 headers in 162 bytes (1 switches on core 0)
2026-05-08 20:41:46.653 8 INFO neutron.db.segments_db [None req-a15f3a55-0090-4783-8658-a5747f11d61f adbe1c9df56d43efb8ef59713513745e c224ff9fdc7b4b3f9abd0beac0674360 - - default default] Added segment 9d08e53d-8268-4e15-8a89-f2ad6059d1c6 of type geneve for network 5de7089c-ff95-4248-9ad6-13ddebdd7b16 [pid: 7|app: 0|req: 1102/2070] 10.0.0.204 () {32 vars in 688 bytes} [Fri May 8 20:41:46 2026] GET /v2.0/qos/policies?tags=red%2Cblue => generated 747 bytes in 54 msecs (HTTP/1.1 200) 4 headers in 157 bytes (1 switches on core 0)
2026-05-08 20:41:46.757 8 INFO neutron.db.ovn_revision_numbers_db [None req-a15f3a55-0090-4783-8658-a5747f11d61f adbe1c9df56d43efb8ef59713513745e c224ff9fdc7b4b3f9abd0beac0674360 - - default default] Successfully bumped revision number for resource 5de7089c-ff95-4248-9ad6-13ddebdd7b16 (type: networks) to 1
2026-05-08 20:41:46.762 7 INFO neutron.db.segments_db [None req-2295fd56-ea88-4a16-83a1-a46ec4c88008 3a7150f3cba84dd0bd1fb21d3abfa091 d16c51d12c46415280a070a544441dcf - - default default] Added segment 913ae651-93db-4eb0-a044-82adcf73d7ad of type geneve for network 763f63c5-1ed5-4b24-bdaa-09e1db3fddef
2026-05-08 20:41:46.871 7 INFO neutron.db.ovn_revision_numbers_db [None req-2295fd56-ea88-4a16-83a1-a46ec4c88008 3a7150f3cba84dd0bd1fb21d3abfa091 d16c51d12c46415280a070a544441dcf - - default default] Successfully bumped revision number for resource 763f63c5-1ed5-4b24-bdaa-09e1db3fddef (type: networks) to 1
2026-05-08 20:41:46.910 8 WARNING neutron.scheduler.dhcp_agent_scheduler [None req-a15f3a55-0090-4783-8658-a5747f11d61f adbe1c9df56d43efb8ef59713513745e c224ff9fdc7b4b3f9abd0beac0674360 - - default default] No more DHCP agents
2026-05-08 20:41:46.911 8 WARNING neutron.api.rpc.agentnotifiers.dhcp_rpc_agent_api [None req-a15f3a55-0090-4783-8658-a5747f11d61f adbe1c9df56d43efb8ef59713513745e c224ff9fdc7b4b3f9abd0beac0674360 - - default default] Unable to schedule network 5de7089c-ff95-4248-9ad6-13ddebdd7b16: no agents available; will retry on subsequent port and subnet creation events.
2026-05-08 20:41:46.992 8 INFO neutron.db.ovn_revision_numbers_db [None req-a15f3a55-0090-4783-8658-a5747f11d61f adbe1c9df56d43efb8ef59713513745e c224ff9fdc7b4b3f9abd0beac0674360 - - default default] Successfully bumped revision number for resource 30dead0e-bf89-4488-8ae9-31a782241710 (type: ports) to 1 [pid: 8|app: 0|req: 969/2071] 10.0.0.204 () {34 vars in 671 bytes} [Fri May 8 20:41:46 2026] POST /v2.0/networks => generated 781 bytes in 772 msecs (HTTP/1.1 201) 4 headers in 162 bytes (1 switches on core 0)
2026-05-08 20:41:47.030 7 WARNING neutron.scheduler.dhcp_agent_scheduler [None req-2295fd56-ea88-4a16-83a1-a46ec4c88008 3a7150f3cba84dd0bd1fb21d3abfa091 d16c51d12c46415280a070a544441dcf - - default default] No more DHCP agents
2026-05-08 20:41:47.031 7 WARNING neutron.api.rpc.agentnotifiers.dhcp_rpc_agent_api [None req-2295fd56-ea88-4a16-83a1-a46ec4c88008 3a7150f3cba84dd0bd1fb21d3abfa091 d16c51d12c46415280a070a544441dcf - - default default] Unable to schedule network 763f63c5-1ed5-4b24-bdaa-09e1db3fddef: no agents available; will retry on subsequent port and subnet creation events.
2026-05-08 20:41:47.100 7 INFO neutron.db.ovn_revision_numbers_db [None req-2295fd56-ea88-4a16-83a1-a46ec4c88008 3a7150f3cba84dd0bd1fb21d3abfa091 d16c51d12c46415280a070a544441dcf - - default default] Successfully bumped revision number for resource fa92b1c1-a495-4cd2-b856-76c0d1ef4cfa (type: ports) to 1 [pid: 7|app: 0|req: 1103/2072] 10.0.0.204 () {34 vars in 670 bytes} [Fri May 8 20:41:46 2026] POST /v2.0/networks => generated 669 bytes in 444 msecs (HTTP/1.1 201) 4 headers in 162 bytes (1 switches on core 0) [pid: 7|app: 0|req: 1104/2073] 10.0.0.204 () {32 vars in 684 bytes} [Fri May 8 20:41:47 2026] GET /v2.0/qos/policies?tags-any=blue => generated 747 bytes in 45 msecs (HTTP/1.1 200) 4 headers in 157 bytes (1 switches on core 0)
2026-05-08 20:41:47.284 7 WARNING neutron.scheduler.dhcp_agent_scheduler [None req-8ee0b3df-8409-4ac5-8c32-4d82401cd98a adbe1c9df56d43efb8ef59713513745e c224ff9fdc7b4b3f9abd0beac0674360 - - default default] No more DHCP agents
2026-05-08 20:41:47.285 7 WARNING neutron.api.rpc.agentnotifiers.dhcp_rpc_agent_api [None req-8ee0b3df-8409-4ac5-8c32-4d82401cd98a adbe1c9df56d43efb8ef59713513745e c224ff9fdc7b4b3f9abd0beac0674360 - - default default] Unable to schedule network 5de7089c-ff95-4248-9ad6-13ddebdd7b16: no agents available; will retry on subsequent port and subnet creation events.
2026-05-08 20:41:47.451 8 WARNING neutron.scheduler.dhcp_agent_scheduler [None req-52c5ff30-3c52-4c71-b582-a160e67b448b cb23ddc09228422ebadb9c57473a7605 c1299d8091c944bc969d14fedd6c80a0 - - default default] No more DHCP agents
2026-05-08 20:41:47.452 8 WARNING neutron.api.rpc.agentnotifiers.dhcp_rpc_agent_api [None req-52c5ff30-3c52-4c71-b582-a160e67b448b cb23ddc09228422ebadb9c57473a7605 c1299d8091c944bc969d14fedd6c80a0 - - default default] Unable to schedule network e5334260-e04d-4eb7-81e9-52f6068cbe12: no agents available; will retry on subsequent port and subnet creation events.
2026-05-08 20:41:47.518 7 INFO neutron.plugins.ml2.drivers.ovn.mech_driver.mech_driver [None req-e5e50444-449d-486d-88ab-9b1d75456cfd - - - - - -] OVN reports status down for port: a1bf19d6-e40f-4110-baef-e27ad515ee09
2026-05-08 20:41:47.541 8 INFO neutron.db.ovn_revision_numbers_db [None req-52c5ff30-3c52-4c71-b582-a160e67b448b cb23ddc09228422ebadb9c57473a7605 c1299d8091c944bc969d14fedd6c80a0 - - default default] Successfully bumped revision number for resource a1bf19d6-e40f-4110-baef-e27ad515ee09 (type: ports) to 1
2026-05-08 20:41:47.580 8 WARNING neutron.scheduler.dhcp_agent_scheduler [None req-52c5ff30-3c52-4c71-b582-a160e67b448b cb23ddc09228422ebadb9c57473a7605 c1299d8091c944bc969d14fedd6c80a0 - - default default] No more DHCP agents
2026-05-08 20:41:47.581 8 WARNING neutron.api.rpc.agentnotifiers.dhcp_rpc_agent_api [None req-52c5ff30-3c52-4c71-b582-a160e67b448b cb23ddc09228422ebadb9c57473a7605 c1299d8091c944bc969d14fedd6c80a0 - - default default] Unable to schedule network e7b2c801-bc0a-41f8-8c1e-f9495aa5438a: no agents available; will retry on subsequent port and subnet creation events.
2026-05-08 20:41:47.668 8 INFO neutron.db.ovn_revision_numbers_db [None req-52c5ff30-3c52-4c71-b582-a160e67b448b cb23ddc09228422ebadb9c57473a7605 c1299d8091c944bc969d14fedd6c80a0 - - default default] Successfully bumped revision number for resource 2caf7d58-7658-4b81-aa4c-0bf1f360f32b (type: ports) to 1
2026-05-08 20:41:47.709 7 INFO neutron.plugins.ml2.drivers.ovn.mech_driver.mech_driver [None req-e5e50444-449d-486d-88ab-9b1d75456cfd - - - - - -] OVN reports status down for port: 2caf7d58-7658-4b81-aa4c-0bf1f360f32b [pid: 8|app: 0|req: 970/2074] 10.0.0.204 () {34 vars in 665 bytes} [Fri May 8 20:41:47 2026] POST /v2.0/ports => generated 1506 bytes in 780 msecs (HTTP/1.1 201) 4 headers in 163 bytes (1 switches on core 0)
2026-05-08 20:41:47.797 7 INFO neutron.db.ovn_revision_numbers_db [None req-6dab0a78-ee97-4ef8-89ec-48964ebd1985 - - - - - -] Successfully bumped revision number for resource 30dead0e-bf89-4488-8ae9-31a782241710 (type: ports) to 2 /var/lib/openstack/lib/python3.12/site-packages/pycadf/identifier.py:70: UserWarning: Invalid uuid: neutron. To ensure interoperability, identifiers should be a valid uuid. warnings.warn(('Invalid uuid: %s. To ensure interoperability, '
2026-05-08 20:41:47.830 7 INFO neutron.db.ovn_revision_numbers_db [None req-6dab0a78-ee97-4ef8-89ec-48964ebd1985 - - - - - -] Successfully bumped revision number for resource 86ea6132-f20f-4538-9dea-af33986f0204 (type: subnets) to 0 [pid: 7|app: 0|req: 1105/2075] 10.0.0.204 () {34 vars in 669 bytes} [Fri May 8 20:41:47 2026] POST /v2.0/subnets => generated 687 bytes in 681 msecs (HTTP/1.1 201) 4 headers in 162 bytes (1 switches on core 0) [pid: 7|app: 0|req: 1106/2076] 10.0.0.204 () {32 vars in 696 bytes} [Fri May 8 20:41:47 2026] GET /v2.0/qos/policies?tags-any=red%2Cblue => generated 1101 bytes in 73 msecs (HTTP/1.1 200) 4 headers in 158 bytes (1 switches on core 0) [pid: 7|app: 0|req: 1107/2077] 10.0.0.204 () {32 vars in 643 bytes} [Fri May 8 20:41:47 2026] GET /v2.0/ports => generated 3018 bytes in 94 msecs (HTTP/1.1 200) 4 headers in 158 bytes (1 switches on core 0)
2026-05-08 20:41:48.018 8 WARNING neutron.scheduler.dhcp_agent_scheduler [None req-431fa530-c671-4a80-a9bf-1b19686e9880 3a7150f3cba84dd0bd1fb21d3abfa091 d16c51d12c46415280a070a544441dcf - - default default] No more DHCP agents
2026-05-08 20:41:48.021 8 WARNING neutron.api.rpc.agentnotifiers.dhcp_rpc_agent_api [None req-431fa530-c671-4a80-a9bf-1b19686e9880 3a7150f3cba84dd0bd1fb21d3abfa091 d16c51d12c46415280a070a544441dcf - - default default] Unable to schedule network 763f63c5-1ed5-4b24-bdaa-09e1db3fddef: no agents available; will retry on subsequent port and subnet creation events.
2026-05-08 20:41:48.396 7 WARNING neutron.scheduler.dhcp_agent_scheduler [None req-711c8eb3-74d7-4134-9e6d-ed2a58bc07d3 adbe1c9df56d43efb8ef59713513745e c224ff9fdc7b4b3f9abd0beac0674360 - - default default] No more DHCP agents
2026-05-08 20:41:48.397 7 WARNING neutron.api.rpc.agentnotifiers.dhcp_rpc_agent_api [None req-711c8eb3-74d7-4134-9e6d-ed2a58bc07d3 adbe1c9df56d43efb8ef59713513745e c224ff9fdc7b4b3f9abd0beac0674360 - - default default] Unable to schedule network d9386573-f183-43f2-a8b5-602858c76aea: no agents available; will retry on subsequent port and subnet creation events.
2026-05-08 20:41:48.469 8 INFO neutron.db.ovn_revision_numbers_db [None req-18cade67-811a-4503-a6fb-eff949c6f074 - - - - - -] Successfully bumped revision number for resource fa92b1c1-a495-4cd2-b856-76c0d1ef4cfa (type: ports) to 2
2026-05-08 20:41:48.511 8 INFO neutron.db.ovn_revision_numbers_db [None req-18cade67-811a-4503-a6fb-eff949c6f074 - - - - - -] Successfully bumped revision number for resource 3bf83864-d2dd-4f17-be09-d590129f93f4 (type: subnets) to 0 [pid: 8|app: 0|req: 971/2078] 10.0.0.204 () {34 vars in 669 bytes} [Fri May 8 20:41:47 2026] POST /v2.0/subnets => generated 629 bytes in 738 msecs (HTTP/1.1 201) 4 headers in 162 bytes (1 switches on core 0)
2026-05-08 20:41:48.536 7 INFO neutron.db.ovn_revision_numbers_db [None req-711c8eb3-74d7-4134-9e6d-ed2a58bc07d3 adbe1c9df56d43efb8ef59713513745e c224ff9fdc7b4b3f9abd0beac0674360 - - default default] Successfully bumped revision number for resource 0743439b-c2f2-4571-a567-313d6ecf8038 (type: ports) to 1 [pid: 8|app: 0|req: 972/2079] 10.0.0.204 () {32 vars in 682 bytes} [Fri May 8 20:41:48 2026] GET /v2.0/qos/policies?not-tags=red => generated 719 bytes in 48 msecs (HTTP/1.1 200) 4 headers in 157 bytes (1 switches on core 0)
2026-05-08 20:41:48.696 8 INFO neutron_taas.services.taas.taas_plugin [None req-f6666b16-b128-4d6c-ae81-35a37e9fff78 cb23ddc09228422ebadb9c57473a7605 c1299d8091c944bc969d14fedd6c80a0 - - default default] TaaS: Handle Delete Port: a1bf19d6-e40f-4110-baef-e27ad515ee09
2026-05-08 20:41:48.699 8 INFO neutron_taas.services.taas.tap_mirror_plugin [None req-f6666b16-b128-4d6c-ae81-35a37e9fff78 cb23ddc09228422ebadb9c57473a7605 c1299d8091c944bc969d14fedd6c80a0 - - default default] Tap Mirror: Handle Delete Port: a1bf19d6-e40f-4110-baef-e27ad515ee09 [pid: 8|app: 0|req: 973/2080] 10.0.0.204 () {32 vars in 720 bytes} [Fri May 8 20:41:48 2026] DELETE /v2.0/ports/a1bf19d6-e40f-4110-baef-e27ad515ee09 => generated 0 bytes in 224 msecs (HTTP/1.1 204) 3 headers in 131 bytes (1 switches on core 0) [pid: 8|app: 0|req: 974/2081] 10.0.0.204 () {34 vars in 751 bytes} [Fri May 8 20:41:48 2026] PUT /v2.0/subnets/ccfde868-b321-4ecd-9896-3af3e3c0c78b/tags => generated 17 bytes in 56 msecs (HTTP/1.1 200) 4 headers in 156 bytes (1 switches on core 0) [pid: 8|app: 0|req: 975/2082] 10.0.0.204 () {32 vars in 696 bytes} [Fri May 8 20:41:48 2026] GET /v2.0/qos/policies?not-tags=red%2Cblue => generated 1073 bytes in 74 msecs (HTTP/1.1 200) 4 headers in 158 bytes (1 switches on core 0)
2026-05-08 20:41:49.052 8 INFO neutron_taas.services.taas.taas_plugin [None req-d8b24ed3-e9f5-4287-8af0-21f387df77a7 cb23ddc09228422ebadb9c57473a7605 c1299d8091c944bc969d14fedd6c80a0 - - default default] TaaS: Handle Delete Port: 2caf7d58-7658-4b81-aa4c-0bf1f360f32b
2026-05-08 20:41:49.055 8 INFO neutron_taas.services.taas.tap_mirror_plugin [None req-d8b24ed3-e9f5-4287-8af0-21f387df77a7 cb23ddc09228422ebadb9c57473a7605 c1299d8091c944bc969d14fedd6c80a0 - - default default] Tap Mirror: Handle Delete Port: 2caf7d58-7658-4b81-aa4c-0bf1f360f32b
2026-05-08 20:41:49.093 7 INFO neutron.plugins.ml2.drivers.ovn.mech_driver.ovsdb.commands [None req-8605ee5b-5c90-4ccf-9377-5c1af12a1f01 - - - - - -] Schedule LRP lrp-0743439b-c2f2-4571-a567-313d6ecf8038 on gateway e6e4dd32-5fb2-4393-8279-f36f3562bfff with priority 1
2026-05-08 20:41:49.156 7 INFO neutron.db.ovn_revision_numbers_db [None req-711c8eb3-74d7-4134-9e6d-ed2a58bc07d3 adbe1c9df56d43efb8ef59713513745e c224ff9fdc7b4b3f9abd0beac0674360 - - default default] Successfully bumped revision number for resource 0743439b-c2f2-4571-a567-313d6ecf8038 (type: router_ports) to 1
2026-05-08 20:41:49.159 8 INFO neutron.plugins.ml2.drivers.ovn.mech_driver.ovsdb.ovsdb_monitor [None req-7b68e27b-b197-41e2-a127-e47ba087f993 - - - - - -] Router c854d46c-f553-4ce4-992c-384d83391d6b is bound to host instance
2026-05-08 20:41:49.240 7 INFO neutron.db.ovn_revision_numbers_db [None req-711c8eb3-74d7-4134-9e6d-ed2a58bc07d3 adbe1c9df56d43efb8ef59713513745e c224ff9fdc7b4b3f9abd0beac0674360 - - default default] Successfully bumped revision number for resource c854d46c-f553-4ce4-992c-384d83391d6b (type: routers) to 2 [pid: 7|app: 0|req: 1108/2083] 10.0.0.204 () {34 vars in 669 bytes} [Fri May 8 20:41:48 2026] POST /v2.0/routers => generated 965 bytes in 1240 msecs (HTTP/1.1 201) 4 headers in 162 bytes (1 switches on core 0) [pid: 8|app: 0|req: 976/2084] 10.0.0.204 () {32 vars in 720 bytes} [Fri May 8 20:41:48 2026] DELETE /v2.0/ports/2caf7d58-7658-4b81-aa4c-0bf1f360f32b => generated 0 bytes in 341 msecs (HTTP/1.1 204) 3 headers in 131 bytes (1 switches on core 0) [pid: 7|app: 0|req: 1109/2085] 10.0.0.204 () {34 vars in 751 bytes} [Fri May 8 20:41:49 2026] PUT /v2.0/subnets/8c2b3489-3096-4f18-8bb8-3d09ddfba354/tags => generated 25 bytes in 58 msecs (HTTP/1.1 200) 4 headers in 156 bytes (1 switches on core 0) [pid: 8|app: 0|req: 977/2086] 10.0.0.204 () {32 vars in 692 bytes} [Fri May 8 20:41:49 2026] GET /v2.0/qos/policies?not-tags-any=blue => generated 1073 bytes in 138 msecs (HTTP/1.1 200) 4 headers in 158 bytes (1 switches on core 0) [pid: 8|app: 0|req: 978/2087] 10.0.0.204 () {32 vars in 643 bytes} [Fri May 8 20:41:49 2026] GET /v2.0/ports => generated 1523 bytes in 83 msecs (HTTP/1.1 200) 4 headers in 158 bytes (1 switches on core 0) [pid: 8|app: 0|req: 979/2088] 10.0.0.204 () {34 vars in 751 bytes} [Fri May 8 20:41:49 2026] PUT /v2.0/subnets/2886ec8a-1116-43d6-a374-e0ba0df78860/tags => generated 34 bytes in 89 msecs (HTTP/1.1 200) 4 headers in 156 bytes (1 switches on core 0)
2026-05-08 20:41:49.663 7 WARNING neutron.scheduler.dhcp_agent_scheduler [None req-cee5be64-43b8-47d4-ae9c-e6425941ea40 adbe1c9df56d43efb8ef59713513745e c224ff9fdc7b4b3f9abd0beac0674360 - - default default] No more DHCP agents
2026-05-08 20:41:49.664 7 WARNING neutron.api.rpc.agentnotifiers.dhcp_rpc_agent_api [None req-cee5be64-43b8-47d4-ae9c-e6425941ea40 adbe1c9df56d43efb8ef59713513745e c224ff9fdc7b4b3f9abd0beac0674360 - - default default] Unable to schedule network 5de7089c-ff95-4248-9ad6-13ddebdd7b16: no agents available; will retry on subsequent port and subnet creation events. [pid: 8|app: 0|req: 980/2089] 10.0.0.204 () {32 vars in 704 bytes} [Fri May 8 20:41:49 2026] GET /v2.0/qos/policies?not-tags-any=red%2Cblue => generated 719 bytes in 78 msecs (HTTP/1.1 200) 4 headers in 157 bytes (1 switches on core 0)
2026-05-08 20:41:49.767 7 INFO neutron.plugins.ml2.drivers.ovn.mech_driver.mech_driver [None req-e5e50444-449d-486d-88ab-9b1d75456cfd - - - - - -] OVN reports status down for port: a512094a-d342-4158-904a-5f8c9af7ecc6
2026-05-08 20:41:49.808 8 INFO neutron.db.segments_db [None req-134870f0-ae70-47f5-95cf-616ffdf7b811 cb23ddc09228422ebadb9c57473a7605 c1299d8091c944bc969d14fedd6c80a0 - - default default] Added segment 89c0cb6a-6c07-4ecb-aba2-01ef0f4e9d66 of type geneve for network 62c95ef8-27ef-4180-b2e4-71fd000ee7e3
2026-05-08 20:41:49.810 7 INFO neutron.db.ovn_revision_numbers_db [None req-cee5be64-43b8-47d4-ae9c-e6425941ea40 adbe1c9df56d43efb8ef59713513745e c224ff9fdc7b4b3f9abd0beac0674360 - - default default] Successfully bumped revision number for resource a512094a-d342-4158-904a-5f8c9af7ecc6 (type: ports) to 1
2026-05-08 20:41:49.976 8 INFO neutron.db.ovn_revision_numbers_db [None req-134870f0-ae70-47f5-95cf-616ffdf7b811 cb23ddc09228422ebadb9c57473a7605 c1299d8091c944bc969d14fedd6c80a0 - - default default] Successfully bumped revision number for resource 62c95ef8-27ef-4180-b2e4-71fd000ee7e3 (type: networks) to 1
2026-05-08 20:41:50.246 8 WARNING neutron.scheduler.dhcp_agent_scheduler [None req-134870f0-ae70-47f5-95cf-616ffdf7b811 cb23ddc09228422ebadb9c57473a7605 c1299d8091c944bc969d14fedd6c80a0 - - default default] No more DHCP agents
2026-05-08 20:41:50.249 8 WARNING neutron.api.rpc.agentnotifiers.dhcp_rpc_agent_api [None req-134870f0-ae70-47f5-95cf-616ffdf7b811 cb23ddc09228422ebadb9c57473a7605 c1299d8091c944bc969d14fedd6c80a0 - - default default] Unable to schedule network 62c95ef8-27ef-4180-b2e4-71fd000ee7e3: no agents available; will retry on subsequent port and subnet creation events.
2026-05-08 20:41:50.365 7 INFO neutron.plugins.ml2.drivers.ovn.mech_driver.mech_driver [None req-e5e50444-449d-486d-88ab-9b1d75456cfd - - - - - -] OVN reports status up for port: a512094a-d342-4158-904a-5f8c9af7ecc6
2026-05-08 20:41:50.389 8 INFO neutron.db.ovn_revision_numbers_db [None req-134870f0-ae70-47f5-95cf-616ffdf7b811 cb23ddc09228422ebadb9c57473a7605 c1299d8091c944bc969d14fedd6c80a0 - - default default] Successfully bumped revision number for resource df05a74a-dc1a-4a02-9f5d-1a0d77e52791 (type: ports) to 1
2026-05-08 20:41:50.392 7 INFO neutron.plugins.ml2.plugin [None req-e5e50444-449d-486d-88ab-9b1d75456cfd - - - - - -] Attempt 1 to provision port a512094a-d342-4158-904a-5f8c9af7ecc6 [pid: 8|app: 0|req: 981/2090] 10.0.0.204 () {34 vars in 670 bytes} [Fri May 8 20:41:49 2026] POST /v2.0/networks => generated 692 bytes in 764 msecs (HTTP/1.1 201) 4 headers in 162 bytes (1 switches on core 0)
2026-05-08 20:41:50.480 8 INFO neutron.db.ovn_revision_numbers_db [None req-793789c4-6e07-4e36-b24c-569421a35767 - - - - - -] Successfully bumped revision number for resource 0743439b-c2f2-4571-a567-313d6ecf8038 (type: ports) to 4
2026-05-08 20:41:50.523 7 WARNING neutron.scheduler.dhcp_agent_scheduler [None req-cee5be64-43b8-47d4-ae9c-e6425941ea40 adbe1c9df56d43efb8ef59713513745e c224ff9fdc7b4b3f9abd0beac0674360 - - default default] No more DHCP agents [pid: 8|app: 0|req: 982/2091] 10.0.0.204 () {34 vars in 751 bytes} [Fri May 8 20:41:50 2026] PUT /v2.0/subnets/632c9645-9eee-4d02-aded-abcbacaa8843/tags => generated 19 bytes in 88 msecs (HTTP/1.1 200) 4 headers in 156 bytes (1 switches on core 0)
2026-05-08 20:41:50.529 7 WARNING neutron.api.rpc.agentnotifiers.dhcp_rpc_agent_api [None req-cee5be64-43b8-47d4-ae9c-e6425941ea40 adbe1c9df56d43efb8ef59713513745e c224ff9fdc7b4b3f9abd0beac0674360 - - default default] Unable to schedule network 5de7089c-ff95-4248-9ad6-13ddebdd7b16: no agents available; will retry on subsequent port and subnet creation events. [pid: 8|app: 0|req: 983/2092] 10.0.0.204 () {32 vars in 734 bytes} [Fri May 8 20:41:50 2026] DELETE /v2.0/qos/policies/9ec107dc-1550-473f-a434-624066400128 => generated 0 bytes in 99 msecs (HTTP/1.1 204) 2 headers in 112 bytes (1 switches on core 0)
2026-05-08 20:41:50.761 8 INFO neutron.db.segments_db [None req-4931a9a8-d43e-45ec-a875-bb752cc2dad8 cb23ddc09228422ebadb9c57473a7605 c1299d8091c944bc969d14fedd6c80a0 - - default default] Added segment c908eaed-8d61-49ad-bde7-36faa0373fa0 of type geneve for network 5abb87a0-63e8-4871-95fd-b512be8aca8b
2026-05-08 20:41:51.051 8 INFO neutron.db.ovn_revision_numbers_db [None req-4931a9a8-d43e-45ec-a875-bb752cc2dad8 cb23ddc09228422ebadb9c57473a7605 c1299d8091c944bc969d14fedd6c80a0 - - default default] Successfully bumped revision number for resource 5abb87a0-63e8-4871-95fd-b512be8aca8b (type: networks) to 1
2026-05-08 20:41:51.107 7 INFO neutron.db.ovn_revision_numbers_db [None req-e5e50444-449d-486d-88ab-9b1d75456cfd - - - - - -] Successfully bumped revision number for resource a512094a-d342-4158-904a-5f8c9af7ecc6 (type: ports) to 2
2026-05-08 20:41:51.146 8 INFO neutron.db.ovn_revision_numbers_db [None req-793789c4-6e07-4e36-b24c-569421a35767 - - - - - -] Successfully bumped revision number for resource 0743439b-c2f2-4571-a567-313d6ecf8038 (type: ports) to 5
2026-05-08 20:41:51.332 8 WARNING neutron.scheduler.dhcp_agent_scheduler [None req-4931a9a8-d43e-45ec-a875-bb752cc2dad8 cb23ddc09228422ebadb9c57473a7605 c1299d8091c944bc969d14fedd6c80a0 - - default default] No more DHCP agents
2026-05-08 20:41:51.338 8 WARNING neutron.api.rpc.agentnotifiers.dhcp_rpc_agent_api [None req-4931a9a8-d43e-45ec-a875-bb752cc2dad8 cb23ddc09228422ebadb9c57473a7605 c1299d8091c944bc969d14fedd6c80a0 - - default default] Unable to schedule network 5abb87a0-63e8-4871-95fd-b512be8aca8b: no agents available; will retry on subsequent port and subnet creation events.
2026-05-08 20:41:51.359 8 WARNING neutron.plugins.ml2.drivers.ovn.mech_driver.ovsdb.ovn_client [None req-ff07e0bd-a2d5-4dcc-a7cf-26b2781c7de5 - - - - - -] No hosting information found for port df4ba3d2-5d09-4142-9818-d0af2ee052a6: RuntimeError: No hosting information found for port df4ba3d2-5d09-4142-9818-d0af2ee052a6
2026-05-08 20:41:51.375 7 INFO neutron.db.ovn_revision_numbers_db [None req-cee5be64-43b8-47d4-ae9c-e6425941ea40 adbe1c9df56d43efb8ef59713513745e c224ff9fdc7b4b3f9abd0beac0674360 - - default default] Successfully bumped revision number for resource a512094a-d342-4158-904a-5f8c9af7ecc6 (type: router_ports) to 1 [pid: 7|app: 0|req: 1110/2093] 10.0.0.204 () {34 vars in 783 bytes} [Fri May 8 20:41:49 2026] PUT /v2.0/routers/c854d46c-f553-4ce4-992c-384d83391d6b/add_router_interface => generated 309 bytes in 2063 msecs (HTTP/1.1 200) 4 headers in 157 bytes (1 switches on core 0) [pid: 7|app: 0|req: 1111/2094] 10.0.0.204 () {32 vars in 664 bytes} [Fri May 8 20:41:51 2026] GET /v2.0/subnets?tags=red => generated 1904 bytes in 64 msecs (HTTP/1.1 200) 4 headers in 158 bytes (1 switches on core 0)
2026-05-08 20:41:51.492 8 INFO neutron.db.ovn_revision_numbers_db [None req-4931a9a8-d43e-45ec-a875-bb752cc2dad8 cb23ddc09228422ebadb9c57473a7605 c1299d8091c944bc969d14fedd6c80a0 - - default default] Successfully bumped revision number for resource db241b66-8718-40d3-887b-c5c0a576e0fd (type: ports) to 1 [pid: 7|app: 0|req: 1112/2095] 10.0.0.204 () {32 vars in 734 bytes} [Fri May 8 20:41:51 2026] DELETE /v2.0/qos/policies/11f444f8-54a9-405c-b7c5-bdf21bf84ba2 => generated 0 bytes in 65 msecs (HTTP/1.1 204) 2 headers in 112 bytes (1 switches on core 0)
2026-05-08 20:41:51.513 8 INFO neutron.db.ovn_revision_numbers_db [None req-ff07e0bd-a2d5-4dcc-a7cf-26b2781c7de5 - - - - - -] Successfully bumped revision number for resource df4ba3d2-5d09-4142-9818-d0af2ee052a6 (type: router_ports) to 2 [pid: 8|app: 0|req: 984/2096] 10.0.0.204 () {34 vars in 670 bytes} [Fri May 8 20:41:50 2026] POST /v2.0/networks => generated 692 bytes in 906 msecs (HTTP/1.1 201) 4 headers in 162 bytes (1 switches on core 0) [pid: 7|app: 0|req: 1113/2097] 10.0.0.204 () {32 vars in 678 bytes} [Fri May 8 20:41:51 2026] GET /v2.0/subnets?tags=red%2Cblue => generated 1283 bytes in 50 msecs (HTTP/1.1 200) 4 headers in 158 bytes (1 switches on core 0)
2026-05-08 20:41:51.572 8 INFO neutron.plugins.ml2.drivers.ovn.mech_driver.mech_driver [None req-ff07e0bd-a2d5-4dcc-a7cf-26b2781c7de5 - - - - - -] OVN reports status down for port: 3fe01151-6059-420f-a453-5daa634ba4c7 [pid: 8|app: 0|req: 985/2098] 10.0.0.204 () {32 vars in 734 bytes} [Fri May 8 20:41:51 2026] DELETE /v2.0/qos/policies/8ea49d92-59e4-4c83-b275-4212f7a39669 => generated 0 bytes in 89 msecs (HTTP/1.1 204) 2 headers in 112 bytes (1 switches on core 0) [pid: 7|app: 0|req: 1114/2099] 10.0.0.204 () {32 vars in 674 bytes} [Fri May 8 20:41:51 2026] GET /v2.0/subnets?tags-any=blue => generated 1283 bytes in 52 msecs (HTTP/1.1 200) 4 headers in 158 bytes (1 switches on core 0)
2026-05-08 20:41:51.656 8 INFO neutron.plugins.ml2.drivers.ovn.mech_driver.mech_driver [None req-ff07e0bd-a2d5-4dcc-a7cf-26b2781c7de5 - - - - - -] OVN reports status down for port: 30dead0e-bf89-4488-8ae9-31a782241710 [pid: 7|app: 0|req: 1115/2100] 10.0.0.204 () {32 vars in 686 bytes} [Fri May 8 20:41:51 2026] GET /v2.0/subnets?tags-any=red%2Cblue => generated 1904 bytes in 32 msecs (HTTP/1.1 200) 4 headers in 158 bytes (1 switches on core 0) [pid: 7|app: 0|req: 1116/2101] 10.0.0.204 () {32 vars in 672 bytes} [Fri May 8 20:41:51 2026] GET /v2.0/subnets?not-tags=red => generated 1894 bytes in 49 msecs (HTTP/1.1 200) 4 headers in 158 bytes (1 switches on core 0) [pid: 8|app: 0|req: 986/2102] 10.0.0.204 () {32 vars in 734 bytes} [Fri May 8 20:41:51 2026] DELETE /v2.0/qos/policies/3c888ea3-92ed-467b-bc05-1a3cddda562c => generated 0 bytes in 93 msecs (HTTP/1.1 204) 2 headers in 112 bytes (1 switches on core 0)
2026-05-08 20:41:51.762 8 INFO neutron.plugins.ml2.drivers.ovn.mech_driver.mech_driver [None req-ff07e0bd-a2d5-4dcc-a7cf-26b2781c7de5 - - - - - -] OVN reports status down for port: fa92b1c1-a495-4cd2-b856-76c0d1ef4cfa [pid: 7|app: 0|req: 1117/2103] 10.0.0.204 () {32 vars in 734 bytes} [Fri May 8 20:41:51 2026] DELETE /v2.0/qos/policies/8f3d96a2-641a-4f94-ad7a-7ebb2f6875a1 => generated 0 bytes in 50 msecs (HTTP/1.1 204) 2 headers in 112 bytes (1 switches on core 0) [pid: 8|app: 0|req: 987/2104] 10.0.0.204 () {32 vars in 686 bytes} [Fri May 8 20:41:51 2026] GET /v2.0/subnets?not-tags=red%2Cblue => generated 2515 bytes in 63 msecs (HTTP/1.1 200) 4 headers in 158 bytes (1 switches on core 0) [pid: 8|app: 0|req: 988/2105] 10.0.0.204 () {32 vars in 682 bytes} [Fri May 8 20:41:51 2026] GET /v2.0/subnets?not-tags-any=blue => generated 2515 bytes in 62 msecs (HTTP/1.1 200) 4 headers in 158 bytes (1 switches on core 0)
2026-05-08 20:41:51.886 8 INFO neutron.plugins.ml2.drivers.ovn.mech_driver.mech_driver [None req-ff07e0bd-a2d5-4dcc-a7cf-26b2781c7de5 - - - - - -] OVN reports status down for port: 0743439b-c2f2-4571-a567-313d6ecf8038 [pid: 8|app: 0|req: 989/2106] 10.0.0.204 () {32 vars in 694 bytes} [Fri May 8 20:41:51 2026] GET /v2.0/subnets?not-tags-any=red%2Cblue => generated 1894 bytes in 56 msecs (HTTP/1.1 200) 4 headers in 158 bytes (1 switches on core 0) [pid: 7|app: 0|req: 1118/2107] 10.0.0.63 () {28 vars in 590 bytes} [Fri May 8 20:41:51 2026] GET /v2.0/floatingips => generated 19 bytes in 255 msecs (HTTP/1.1 200) 4 headers in 156 bytes (1 switches on core 0) [pid: 8|app: 0|req: 990/2108] 10.0.0.204 () {32 vars in 724 bytes} [Fri May 8 20:41:51 2026] DELETE /v2.0/subnets/ccfde868-b321-4ecd-9896-3af3e3c0c78b => generated 0 bytes in 328 msecs (HTTP/1.1 204) 3 headers in 131 bytes (1 switches on core 0)
2026-05-08 20:41:52.347 7 WARNING neutron.scheduler.dhcp_agent_scheduler [None req-5f3a825a-bdb0-40e4-b5f0-ced3c5a26cb8 cb23ddc09228422ebadb9c57473a7605 c1299d8091c944bc969d14fedd6c80a0 - - default default] No more DHCP agents
2026-05-08 20:41:52.349 7 WARNING neutron.api.rpc.agentnotifiers.dhcp_rpc_agent_api [None req-5f3a825a-bdb0-40e4-b5f0-ced3c5a26cb8 cb23ddc09228422ebadb9c57473a7605 c1299d8091c944bc969d14fedd6c80a0 - - default default] Unable to schedule network 62c95ef8-27ef-4180-b2e4-71fd000ee7e3: no agents available; will retry on subsequent port and subnet creation events.
2026-05-08 20:41:52.385 7 INFO neutron.db.ovn_revision_numbers_db [None req-5f3a825a-bdb0-40e4-b5f0-ced3c5a26cb8 cb23ddc09228422ebadb9c57473a7605 c1299d8091c944bc969d14fedd6c80a0 - - default default] Successfully bumped revision number for resource e5017d6e-a9f2-4b70-880a-12c60de6df30 (type: subnets) to 0
2026-05-08 20:41:52.420 7 WARNING neutron.scheduler.dhcp_agent_scheduler [None req-5f3a825a-bdb0-40e4-b5f0-ced3c5a26cb8 cb23ddc09228422ebadb9c57473a7605 c1299d8091c944bc969d14fedd6c80a0 - - default default] No more DHCP agents
2026-05-08 20:41:52.421 7 WARNING neutron.api.rpc.agentnotifiers.dhcp_rpc_agent_api [None req-5f3a825a-bdb0-40e4-b5f0-ced3c5a26cb8 cb23ddc09228422ebadb9c57473a7605 c1299d8091c944bc969d14fedd6c80a0 - - default default] Unable to schedule network 5abb87a0-63e8-4871-95fd-b512be8aca8b: no agents available; will retry on subsequent port and subnet creation events. [pid: 8|app: 0|req: 991/2109] 10.0.0.63 () {28 vars in 584 bytes} [Fri May 8 20:41:52 2026] GET /v2.0/networks => generated 10821 bytes in 200 msecs (HTTP/1.1 200) 4 headers in 159 bytes (1 switches on core 0)
2026-05-08 20:41:52.452 7 INFO neutron.db.ovn_revision_numbers_db [None req-5f3a825a-bdb0-40e4-b5f0-ced3c5a26cb8 cb23ddc09228422ebadb9c57473a7605 c1299d8091c944bc969d14fedd6c80a0 - - default default] Successfully bumped revision number for resource 3ee7b13e-442d-4b59-856d-306cb9b423f4 (type: subnets) to 0 [pid: 7|app: 0|req: 1119/2110] 10.0.0.204 () {34 vars in 669 bytes} [Fri May 8 20:41:52 2026] POST /v2.0/subnets => generated 1322 bytes in 428 msecs (HTTP/1.1 201) 4 headers in 163 bytes (1 switches on core 0)
2026-05-08 20:41:52.476 8 INFO neutron.db.ovn_revision_numbers_db [None req-ff07e0bd-a2d5-4dcc-a7cf-26b2781c7de5 - - - - - -] Successfully bumped revision number for resource 0743439b-c2f2-4571-a567-313d6ecf8038 (type: ports) to 6 [pid: 7|app: 0|req: 1120/2111] 10.0.0.204 () {32 vars in 724 bytes} [Fri May 8 20:41:52 2026] DELETE /v2.0/subnets/8c2b3489-3096-4f18-8bb8-3d09ddfba354 => generated 0 bytes in 131 msecs (HTTP/1.1 204) 3 headers in 131 bytes (1 switches on core 0)
2026-05-08 20:41:52.599 8 WARNING neutron.plugins.ml2.drivers.ovn.mech_driver.ovsdb.ovn_client [None req-74f98fd0-5a9b-4301-ab7a-d167b2fcc9f8 - - - - - -] Logical_Switch_Port 0743439b-c2f2-4571-a567-313d6ecf8038 host information not removed, the port state is up
2026-05-08 20:41:52.600 8 INFO neutron.plugins.ml2.drivers.ovn.mech_driver.mech_driver [None req-74f98fd0-5a9b-4301-ab7a-d167b2fcc9f8 - - - - - -] OVN reports status up for port: 0743439b-c2f2-4571-a567-313d6ecf8038
2026-05-08 20:41:52.616 8 INFO neutron.plugins.ml2.plugin [None req-74f98fd0-5a9b-4301-ab7a-d167b2fcc9f8 - - - - - -] Attempt 1 to provision port 0743439b-c2f2-4571-a567-313d6ecf8038
2026-05-08 20:41:52.618 8 INFO neutron.db.ovn_revision_numbers_db [None req-8e8a4247-75a4-407f-add0-66c4c1e39fa4 84c375f83874429a97e4e6461932e03a 575554be7db84658998216bee58dbe9e - - default default] Successfully bumped revision number for resource 70641433-89a6-4461-bf36-5c2e502ae710 (type: security_groups) to 1 [pid: 7|app: 0|req: 1121/2112] 10.0.0.63 () {28 vars in 598 bytes} [Fri May 8 20:41:52 2026] GET /v2.0/security-groups => generated 30672 bytes in 44 msecs (HTTP/1.1 200) 4 headers in 159 bytes (1 switches on core 0)
2026-05-08 20:41:52.647 8 INFO neutron.db.ovn_revision_numbers_db [None req-8e8a4247-75a4-407f-add0-66c4c1e39fa4 84c375f83874429a97e4e6461932e03a 575554be7db84658998216bee58dbe9e - - default default] Successfully bumped revision number for resource 0b669362-0a60-44dd-b7f7-1175065d120e (type: security_group_rules) to 0
2026-05-08 20:41:52.665 8 INFO neutron.db.ovn_revision_numbers_db [None req-8e8a4247-75a4-407f-add0-66c4c1e39fa4 84c375f83874429a97e4e6461932e03a 575554be7db84658998216bee58dbe9e - - default default] Successfully bumped revision number for resource 79a04b85-2053-4856-b0c2-3b6ab9e7a2fc (type: security_group_rules) to 0 [pid: 7|app: 0|req: 1122/2113] 10.0.0.204 () {32 vars in 647 bytes} [Fri May 8 20:41:52 2026] GET /v2.0/subnets => generated 1958 bytes in 61 msecs (HTTP/1.1 200) 4 headers in 158 bytes (1 switches on core 0) [pid: 8|app: 0|req: 992/2114] 10.0.0.204 () {34 vars in 685 bytes} [Fri May 8 20:41:52 2026] POST /v2.0/security-groups => generated 1675 bytes in 290 msecs (HTTP/1.1 201) 4 headers in 163 bytes (1 switches on core 0)
2026-05-08 20:41:52.988 7 INFO neutron.db.ovn_revision_numbers_db [None req-5f783af1-9565-4f72-8551-1a43f6f14690 adbe1c9df56d43efb8ef59713513745e c224ff9fdc7b4b3f9abd0beac0674360 - - default default] Successfully bumped revision number for resource bf76d38c-7ad6-4b5f-82cb-15aeb93f3e85 (type: security_groups) to 1
2026-05-08 20:41:53.003 7 INFO neutron.db.ovn_revision_numbers_db [None req-5f783af1-9565-4f72-8551-1a43f6f14690 adbe1c9df56d43efb8ef59713513745e c224ff9fdc7b4b3f9abd0beac0674360 - - default default] Successfully bumped revision number for resource 60a284b7-7ab4-4f9b-ae24-7b6a1735b594 (type: security_group_rules) to 0
2026-05-08 20:41:53.019 7 INFO neutron.db.ovn_revision_numbers_db [None req-5f783af1-9565-4f72-8551-1a43f6f14690 adbe1c9df56d43efb8ef59713513745e c224ff9fdc7b4b3f9abd0beac0674360 - - default default] Successfully bumped revision number for resource 696812bc-3620-49fa-a71a-aab91f7d4d46 (type: security_group_rules) to 0 [pid: 8|app: 0|req: 993/2115] 10.0.0.204 () {32 vars in 724 bytes} [Fri May 8 20:41:52 2026] DELETE /v2.0/subnets/2886ec8a-1116-43d6-a374-e0ba0df78860 => generated 0 bytes in 292 msecs (HTTP/1.1 204) 3 headers in 131 bytes (1 switches on core 0)
2026-05-08 20:41:53.033 7 INFO neutron.db.ovn_revision_numbers_db [None req-5f783af1-9565-4f72-8551-1a43f6f14690 adbe1c9df56d43efb8ef59713513745e c224ff9fdc7b4b3f9abd0beac0674360 - - default default] Successfully bumped revision number for resource efe17af9-20c2-48f0-b588-2a7c9249037d (type: security_group_rules) to 0
2026-05-08 20:41:53.048 7 INFO neutron.db.ovn_revision_numbers_db [None req-5f783af1-9565-4f72-8551-1a43f6f14690 adbe1c9df56d43efb8ef59713513745e c224ff9fdc7b4b3f9abd0beac0674360 - - default default] Successfully bumped revision number for resource f241e956-c792-4b86-87be-31fc1709bff3 (type: security_group_rules) to 0 [pid: 7|app: 0|req: 1123/2116] 10.0.0.204 () {32 vars in 774 bytes} [Fri May 8 20:41:52 2026] GET /v2.0/security-groups?tenant_id=918590e510de4a889cf1ae0709d3af91&name=default => generated 2925 bytes in 380 msecs (HTTP/1.1 200) 4 headers in 158 bytes (1 switches on core 0) [pid: 8|app: 0|req: 994/2117] 10.0.0.63 () {28 vars in 582 bytes} [Fri May 8 20:41:53 2026] GET /v2.0/subnets => generated 5289 bytes in 113 msecs (HTTP/1.1 200) 4 headers in 158 bytes (1 switches on core 0)
2026-05-08 20:41:53.169 8 INFO neutron.db.ovn_revision_numbers_db [None req-74f98fd0-5a9b-4301-ab7a-d167b2fcc9f8 - - - - - -] Successfully bumped revision number for resource 0743439b-c2f2-4571-a567-313d6ecf8038 (type: ports) to 7 [pid: 7|app: 0|req: 1124/2118] 10.0.0.204 () {32 vars in 724 bytes} [Fri May 8 20:41:53 2026] DELETE /v2.0/subnets/e5017d6e-a9f2-4b70-880a-12c60de6df30 => generated 0 bytes in 137 msecs (HTTP/1.1 204) 3 headers in 131 bytes (1 switches on core 0)
2026-05-08 20:41:53.340 8 INFO neutron.plugins.ml2.drivers.ovn.mech_driver.mech_driver [None req-c113dd48-4b1a-4169-a58f-749b4ab40582 - - - - - -] OVN reports status down for port: df05a74a-dc1a-4a02-9f5d-1a0d77e52791
2026-05-08 20:41:53.361 8 INFO neutron.db.ovn_revision_numbers_db [None req-851af12e-397c-41eb-ad98-65aaa733cab1 84c375f83874429a97e4e6461932e03a 575554be7db84658998216bee58dbe9e - - default default] Successfully bumped revision number for resource 3789b6a5-974f-4eb5-861f-7ad1d7f7b6e5 (type: security_group_rules) to 0 [pid: 7|app: 0|req: 1125/2119] 10.0.0.204 () {32 vars in 724 bytes} [Fri May 8 20:41:53 2026] DELETE /v2.0/subnets/632c9645-9eee-4d02-aded-abcbacaa8843 => generated 0 bytes in 150 msecs (HTTP/1.1 204) 3 headers in 131 bytes (1 switches on core 0) [pid: 8|app: 0|req: 995/2120] 10.0.0.204 () {34 vars in 695 bytes} [Fri May 8 20:41:53 2026] POST /v2.0/security-group-rules => generated 597 bytes in 270 msecs (HTTP/1.1 201) 4 headers in 162 bytes (1 switches on core 0)
2026-05-08 20:41:53.439 8 INFO neutron.plugins.ml2.drivers.ovn.mech_driver.mech_driver [None req-c113dd48-4b1a-4169-a58f-749b4ab40582 - - - - - -] OVN reports status down for port: db241b66-8718-40d3-887b-c5c0a576e0fd [pid: 8|app: 0|req: 996/2121] 10.0.0.63 () {28 vars in 578 bytes} [Fri May 8 20:41:53 2026] GET /v2.0/ports => generated 19688 bytes in 166 msecs (HTTP/1.1 200) 4 headers in 159 bytes (1 switches on core 0) [pid: 7|app: 0|req: 1126/2122] 10.0.0.204 () {32 vars in 740 bytes} [Fri May 8 20:41:53 2026] DELETE /v2.0/security-groups/bf76d38c-7ad6-4b5f-82cb-15aeb93f3e85 => generated 0 bytes in 254 msecs (HTTP/1.1 204) 2 headers in 112 bytes (1 switches on core 0) [pid: 8|app: 0|req: 997/2123] 10.0.0.204 () {32 vars in 724 bytes} [Fri May 8 20:41:53 2026] DELETE /v2.0/subnets/3ee7b13e-442d-4b59-856d-306cb9b423f4 => generated 0 bytes in 136 msecs (HTTP/1.1 204) 3 headers in 131 bytes (1 switches on core 0) [pid: 7|app: 0|req: 1127/2124] 10.0.0.204 () {32 vars in 724 bytes} [Fri May 8 20:41:53 2026] DELETE /v2.0/subnets/3bf83864-d2dd-4f17-be09-d590129f93f4 => generated 0 bytes in 151 msecs (HTTP/1.1 204) 3 headers in 131 bytes (1 switches on core 0) [pid: 7|app: 0|req: 1128/2125] 10.0.0.63 () {28 vars in 618 bytes} [Fri May 8 20:41:53 2026] GET /v2.0/network-ip-availabilities => generated 4544 bytes in 17 msecs (HTTP/1.1 200) 4 headers in 158 bytes (1 switches on core 0)
2026-05-08 20:41:53.845 8 INFO neutron.db.ovn_revision_numbers_db [None req-ea0251c4-8e50-4931-85bb-b9b23febe967 84c375f83874429a97e4e6461932e03a 575554be7db84658998216bee58dbe9e - - default default] Successfully bumped revision number for resource 197ed103-ab85-4806-a94e-af3edef96c4d (type: security_group_rules) to 0 [pid: 8|app: 0|req: 998/2126] 10.0.0.204 () {34 vars in 695 bytes} [Fri May 8 20:41:53 2026] POST /v2.0/security-group-rules => generated 596 bytes in 156 msecs (HTTP/1.1 201) 4 headers in 162 bytes (1 switches on core 0) [pid: 8|app: 0|req: 999/2127] 10.0.0.204 () {32 vars in 647 bytes} [Fri May 8 20:41:53 2026] GET /v2.0/subnets => generated 649 bytes in 30 msecs (HTTP/1.1 200) 4 headers in 157 bytes (1 switches on core 0)
2026-05-08 20:41:53.922 7 INFO neutron.db.ovn_revision_numbers_db [None req-b068a2ba-52ec-41b4-9760-8ef32375c564 adbe1c9df56d43efb8ef59713513745e c224ff9fdc7b4b3f9abd0beac0674360 - - default default] Successfully bumped revision number for resource d0f1b712-f24e-437e-9286-6d9376d97ce8 (type: security_groups) to 1
2026-05-08 20:41:53.935 7 INFO neutron.db.ovn_revision_numbers_db [None req-b068a2ba-52ec-41b4-9760-8ef32375c564 adbe1c9df56d43efb8ef59713513745e c224ff9fdc7b4b3f9abd0beac0674360 - - default default] Successfully bumped revision number for resource 17f12bfa-01a8-494e-864d-75976f64bb60 (type: security_group_rules) to 0
2026-05-08 20:41:53.948 7 INFO neutron.db.ovn_revision_numbers_db [None req-b068a2ba-52ec-41b4-9760-8ef32375c564 adbe1c9df56d43efb8ef59713513745e c224ff9fdc7b4b3f9abd0beac0674360 - - default default] Successfully bumped revision number for resource cc02296f-cb14-49f6-ba7f-941db9842b53 (type: security_group_rules) to 0
2026-05-08 20:41:53.961 7 INFO neutron.db.ovn_revision_numbers_db [None req-b068a2ba-52ec-41b4-9760-8ef32375c564 adbe1c9df56d43efb8ef59713513745e c224ff9fdc7b4b3f9abd0beac0674360 - - default default] Successfully bumped revision number for resource e0fbaeca-b593-41b9-b5d7-eed12b676bbc (type: security_group_rules) to 0
2026-05-08 20:41:53.972 7 INFO neutron.db.ovn_revision_numbers_db [None req-b068a2ba-52ec-41b4-9760-8ef32375c564 adbe1c9df56d43efb8ef59713513745e c224ff9fdc7b4b3f9abd0beac0674360 - - default default] Successfully bumped revision number for resource fcdc6958-e044-47f6-8763-ddf89decd906 (type: security_group_rules) to 0
2026-05-08 20:41:53.999 8 INFO neutron_taas.services.taas.taas_plugin [None req-8f2b0d18-ba08-4875-ae23-55825cc57cab 3a7150f3cba84dd0bd1fb21d3abfa091 d16c51d12c46415280a070a544441dcf - - default default] TaaS: Handle Delete Port: 903a0568-4516-4b80-84f8-0c8182b72cb7
2026-05-08 20:41:54.002 8 INFO neutron_taas.services.taas.tap_mirror_plugin [None req-8f2b0d18-ba08-4875-ae23-55825cc57cab 3a7150f3cba84dd0bd1fb21d3abfa091 d16c51d12c46415280a070a544441dcf - - default default] Tap Mirror: Handle Delete Port: 903a0568-4516-4b80-84f8-0c8182b72cb7 [pid: 7|app: 0|req: 1129/2128] 10.0.0.204 () {32 vars in 774 bytes} [Fri May 8 20:41:53 2026] GET /v2.0/security-groups?tenant_id=e705a78b7f4b4aaca7991e779b0b67ba&name=default => generated 2925 bytes in 211 msecs (HTTP/1.1 200) 4 headers in 158 bytes (1 switches on core 0) [pid: 7|app: 0|req: 1130/2129] 10.0.0.63 () {28 vars in 582 bytes} [Fri May 8 20:41:54 2026] GET /v2.0/subnets => generated 2663 bytes in 33 msecs (HTTP/1.1 200) 4 headers in 158 bytes (1 switches on core 0)
2026-05-08 20:41:54.175 8 INFO neutron.services.segments.plugin [-] Segment 5bb22721-6a1c-4a16-b629-0a31c9ad03fe resource provider aggregate not found
2026-05-08 20:41:54.181 8 INFO neutron.services.segments.plugin [-] Segment 5bb22721-6a1c-4a16-b629-0a31c9ad03fe resource provider aggregate not found
2026-05-08 20:41:54.196 8 INFO neutron.services.segments.plugin [-] Segment 5bb22721-6a1c-4a16-b629-0a31c9ad03fe resource provider not found; error: Placement Client Error (4xx): {"errors": [{"status": 404, "title": "Not Found", "detail": "The resource could not be found.\n\n No resource provider with uuid 5bb22721-6a1c-4a16-b629-0a31c9ad03fe found for delete ", "request_id": "req-99744b40-f4aa-42ec-bc07-5a0f9972d594"}]}
2026-05-08 20:41:54.201 7 INFO neutron.db.ovn_revision_numbers_db [None req-f19b50cc-4e32-46cc-9991-9f5fc722d844 84c375f83874429a97e4e6461932e03a 575554be7db84658998216bee58dbe9e - - default default] Successfully bumped revision number for resource 7e96c630-7e89-4c09-b372-304df808e5ab (type: security_group_rules) to 0
2026-05-08 20:41:54.201 8 INFO neutron.services.segments.plugin [-] Segment 5bb22721-6a1c-4a16-b629-0a31c9ad03fe resource provider not found; error: Placement Client Error (4xx): {"errors": [{"status": 404, "title": "Not Found", "detail": "The resource could not be found.\n\n No resource provider with uuid 5bb22721-6a1c-4a16-b629-0a31c9ad03fe found for delete ", "request_id": "req-9288ec40-565f-4e67-a08b-69f14f1401a0"}]} [pid: 8|app: 0|req: 1000/2130] 10.0.0.204 () {32 vars in 726 bytes} [Fri May 8 20:41:53 2026] DELETE /v2.0/networks/b56c008b-b489-4299-a85a-4e6c95993e23 => generated 0 bytes in 326 msecs (HTTP/1.1 204) 3 headers in 131 bytes (1 switches on core 0) [pid: 7|app: 0|req: 1131/2131] 10.0.0.204 () {34 vars in 695 bytes} [Fri May 8 20:41:54 2026] POST /v2.0/security-group-rules => generated 602 bytes in 208 msecs (HTTP/1.1 201) 4 headers in 162 bytes (1 switches on core 0)
2026-05-08 20:41:54.332 8 INFO neutron_taas.services.taas.taas_plugin [None req-c8b3a82d-c861-4c02-a804-32fb714a8d00 cb23ddc09228422ebadb9c57473a7605 c1299d8091c944bc969d14fedd6c80a0 - - default default] TaaS: Handle Delete Port: db241b66-8718-40d3-887b-c5c0a576e0fd
2026-05-08 20:41:54.335 8 INFO neutron_taas.services.taas.tap_mirror_plugin [None req-c8b3a82d-c861-4c02-a804-32fb714a8d00 cb23ddc09228422ebadb9c57473a7605 c1299d8091c944bc969d14fedd6c80a0 - - default default] Tap Mirror: Handle Delete Port: db241b66-8718-40d3-887b-c5c0a576e0fd [pid: 7|app: 0|req: 1132/2132] 10.0.0.204 () {32 vars in 740 bytes} [Fri May 8 20:41:54 2026] DELETE /v2.0/security-groups/d0f1b712-f24e-437e-9286-6d9376d97ce8 => generated 0 bytes in 253 msecs (HTTP/1.1 204) 2 headers in 112 bytes (1 switches on core 0) [pid: 7|app: 0|req: 1133/2133] 10.0.0.63 () {28 vars in 590 bytes} [Fri May 8 20:41:54 2026] GET /v2.0/subnetpools => generated 19 bytes in 10 msecs (HTTP/1.1 200) 4 headers in 156 bytes (1 switches on core 0) [pid: 8|app: 0|req: 1001/2134] 10.0.0.204 () {32 vars in 726 bytes} [Fri May 8 20:41:54 2026] DELETE /v2.0/networks/5abb87a0-63e8-4871-95fd-b512be8aca8b => generated 0 bytes in 300 msecs (HTTP/1.1 204) 3 headers in 131 bytes (1 switches on core 0)
2026-05-08 20:41:54.646 7 INFO neutron_taas.services.taas.taas_plugin [None req-3dae13e4-5241-4d20-bdfa-a9e831e95e39 3a7150f3cba84dd0bd1fb21d3abfa091 d16c51d12c46415280a070a544441dcf - - default default] TaaS: Handle Delete Port: de5bf1f7-e227-40ef-9ec0-3d5940bd948a
2026-05-08 20:41:54.650 7 INFO neutron_taas.services.taas.tap_mirror_plugin [None req-3dae13e4-5241-4d20-bdfa-a9e831e95e39 3a7150f3cba84dd0bd1fb21d3abfa091 d16c51d12c46415280a070a544441dcf - - default default] Tap Mirror: Handle Delete Port: de5bf1f7-e227-40ef-9ec0-3d5940bd948a
2026-05-08 20:41:54.672 8 INFO neutron.db.ovn_revision_numbers_db [None req-735d4deb-aa2d-4171-b3b2-7bea6ccdfb58 84c375f83874429a97e4e6461932e03a 575554be7db84658998216bee58dbe9e - - default default] Successfully bumped revision number for resource 999225e2-47e6-4da4-a4a2-f063c9b6e5a2 (type: security_group_rules) to 0 [pid: 8|app: 0|req: 1002/2135] 10.0.0.204 () {34 vars in 695 bytes} [Fri May 8 20:41:54 2026] POST /v2.0/security-group-rules => generated 601 bytes in 172 msecs (HTTP/1.1 201) 4 headers in 162 bytes (1 switches on core 0) [pid: 8|app: 0|req: 1003/2136] 10.0.0.63 () {28 vars in 582 bytes} [Fri May 8 20:41:54 2026] GET /v2.0/routers => generated 1936 bytes in 58 msecs (HTTP/1.1 200) 4 headers in 158 bytes (1 switches on core 0)
2026-05-08 20:41:54.823 7 INFO neutron.services.segments.plugin [-] Segment 8eacb456-24ee-488c-b41e-b38ce4b1b437 resource provider aggregate not found
2026-05-08 20:41:54.828 7 INFO neutron.services.segments.plugin [-] Segment 8eacb456-24ee-488c-b41e-b38ce4b1b437 resource provider aggregate not found
2026-05-08 20:41:54.848 7 INFO neutron.services.segments.plugin [-] Segment 8eacb456-24ee-488c-b41e-b38ce4b1b437 resource provider not found; error: Placement Client Error (4xx): {"errors": [{"status": 404, "title": "Not Found", "detail": "The resource could not be found.\n\n No resource provider with uuid 8eacb456-24ee-488c-b41e-b38ce4b1b437 found for delete ", "request_id": "req-cc9b3556-59d8-4567-83df-13cf0ef5f5ad"}]}
