2026-05-14 02:06:28.933 7 INFO placement.requestlog [req-f743c2c1-c08a-434e-b92d-5d7475962f4a req-147e908b-5e2b-4911-8c9e-af8c30a760c0 9ebe24b3e86f443e88b2b3a83b81d12b aeb0012c990747c792d7b509b074b6eb - - 43ef8f9da8064c9c943c44a72feaeb16 43ef8f9da8064c9c943c44a72feaeb16] 199.204.45.238 "GET /allocations/3a4ad8bc-d302-42b4-ac1a-981074da52c5" status: 200 len: 258 microversion: 1.28 [pid: 7|app: 0|req: 557/1111] 199.204.45.238 () {34 vars in 862 bytes} [Thu May 14 02:06:28 2026] GET /allocations/3a4ad8bc-d302-42b4-ac1a-981074da52c5 => generated 258 bytes in 11 msecs (HTTP/1.1 200) 8 headers in 296 bytes (1 switches on core 0)
2026-05-14 02:06:28.955 8 INFO placement.requestlog [req-f743c2c1-c08a-434e-b92d-5d7475962f4a req-8c756d86-f821-4115-9d0c-dde96f57636f 9ebe24b3e86f443e88b2b3a83b81d12b aeb0012c990747c792d7b509b074b6eb - - 43ef8f9da8064c9c943c44a72feaeb16 43ef8f9da8064c9c943c44a72feaeb16] 199.204.45.238 "GET /allocations/8d16190a-4be2-4fe8-9cfa-d2cd5dda20a2" status: 200 len: 245 microversion: 1.28 [pid: 8|app: 0|req: 555/1112] 199.204.45.238 () {34 vars in 862 bytes} [Thu May 14 02:06:28 2026] GET /allocations/8d16190a-4be2-4fe8-9cfa-d2cd5dda20a2 => generated 245 bytes in 16 msecs (HTTP/1.1 200) 8 headers in 296 bytes (1 switches on core 0)
2026-05-14 02:06:28.980 7 INFO placement.requestlog [req-f743c2c1-c08a-434e-b92d-5d7475962f4a req-44ac67a5-b897-461b-997f-5a032a1f4315 9ebe24b3e86f443e88b2b3a83b81d12b aeb0012c990747c792d7b509b074b6eb - - 43ef8f9da8064c9c943c44a72feaeb16 43ef8f9da8064c9c943c44a72feaeb16] 199.204.45.238 "GET /allocations/6f128851-a382-4ef8-8502-af98dabc6d43" status: 200 len: 258 microversion: 1.28 [pid: 7|app: 0|req: 558/1113] 199.204.45.238 () {34 vars in 862 bytes} [Thu May 14 02:06:28 2026] GET /allocations/6f128851-a382-4ef8-8502-af98dabc6d43 => generated 258 bytes in 14 msecs (HTTP/1.1 200) 8 headers in 296 bytes (1 switches on core 0)
2026-05-14 02:06:38.111 7 INFO placement.requestlog [None req-85df13f4-b00a-4960-8768-57df9c367051 - - - - - -] 10.0.0.66 "GET /" status: 200 len: 136 microversion: 1.0
2026-05-14 02:06:38.111 8 INFO placement.requestlog [None req-bac0cceb-9393-4866-bf09-bdcf743b5b71 - - - - - -] 10.0.0.66 "GET /" status: 200 len: 136 microversion: 1.0
2026-05-14 02:06:44.098 7 INFO placement.requestlog [None req-84a23dad-582f-4608-9ed0-6a46439d6351 9eaada05a4094fae8acc74af38d4a1c4 aeb0012c990747c792d7b509b074b6eb - - 43ef8f9da8064c9c943c44a72feaeb16 43ef8f9da8064c9c943c44a72feaeb16] 10.0.0.132 "GET /resource_providers/1cd7b01e-9c4d-4b66-9182-4e2160d76081/aggregates" status: 404 len: 235 microversion: 1.1 [pid: 7|app: 0|req: 560/1116] 10.0.0.132 () {32 vars in 815 bytes} [Thu May 14 02:06:43 2026] GET /resource_providers/1cd7b01e-9c4d-4b66-9182-4e2160d76081/aggregates => generated 235 bytes in 123 msecs (HTTP/1.1 404) 5 headers in 202 bytes (1 switches on core 0)
2026-05-14 02:06:44.106 8 INFO placement.requestlog [None req-5434f343-9c92-470a-afe3-1ee719f2ab14 9eaada05a4094fae8acc74af38d4a1c4 aeb0012c990747c792d7b509b074b6eb - - 43ef8f9da8064c9c943c44a72feaeb16 43ef8f9da8064c9c943c44a72feaeb16] 10.0.0.132 "GET /resource_providers/1cd7b01e-9c4d-4b66-9182-4e2160d76081/aggregates" status: 404 len: 235 microversion: 1.1 [pid: 8|app: 0|req: 557/1117] 10.0.0.132 () {32 vars in 815 bytes} [Thu May 14 02:06:43 2026] GET /resource_providers/1cd7b01e-9c4d-4b66-9182-4e2160d76081/aggregates => generated 235 bytes in 129 msecs (HTTP/1.1 404) 5 headers in 202 bytes (1 switches on core 0)
2026-05-14 02:06:44.121 7 INFO placement.requestlog [None req-c7d1ae6c-ac10-4549-bf1f-3d7c61c57ed9 9eaada05a4094fae8acc74af38d4a1c4 aeb0012c990747c792d7b509b074b6eb - - 43ef8f9da8064c9c943c44a72feaeb16 43ef8f9da8064c9c943c44a72feaeb16] 10.0.0.132 "DELETE /resource_providers/1cd7b01e-9c4d-4b66-9182-4e2160d76081" status: 404 len: 246 microversion: 1.1 [pid: 7|app: 0|req: 561/1118] 10.0.0.132 () {34 vars in 815 bytes} [Thu May 14 02:06:44 2026] DELETE /resource_providers/1cd7b01e-9c4d-4b66-9182-4e2160d76081 => generated 246 bytes in 9 msecs (HTTP/1.1 404) 6 headers in 231 bytes (1 switches on core 0)
2026-05-14 02:06:44.128 8 INFO placement.requestlog [None req-103462d4-5a05-4fa5-8a6d-ab7e63b9181b 9eaada05a4094fae8acc74af38d4a1c4 aeb0012c990747c792d7b509b074b6eb - - 43ef8f9da8064c9c943c44a72feaeb16 43ef8f9da8064c9c943c44a72feaeb16] 10.0.0.132 "DELETE /resource_providers/1cd7b01e-9c4d-4b66-9182-4e2160d76081" status: 404 len: 246 microversion: 1.1 [pid: 8|app: 0|req: 558/1119] 10.0.0.132 () {34 vars in 815 bytes} [Thu May 14 02:06:44 2026] DELETE /resource_providers/1cd7b01e-9c4d-4b66-9182-4e2160d76081 => generated 246 bytes in 13 msecs (HTTP/1.1 404) 6 headers in 231 bytes (1 switches on core 0)
2026-05-14 02:06:48.112 8 INFO placement.requestlog [None req-927b551c-a1c1-4e94-9b9c-08f845831fea - - - - - -] 10.0.0.66 "GET /" status: 200 len: 136 microversion: 1.0
2026-05-14 02:06:48.112 7 INFO placement.requestlog [None req-ae670ffa-97c5-4e11-99d3-a1957ef8a39f - - - - - -] 10.0.0.66 "GET /" status: 200 len: 136 microversion: 1.0
2026-05-14 02:06:48.194 8 INFO placement.requestlog [None req-8e6bf461-3776-4b17-9da4-db7c0eda6fc9 9eaada05a4094fae8acc74af38d4a1c4 aeb0012c990747c792d7b509b074b6eb - - 43ef8f9da8064c9c943c44a72feaeb16 43ef8f9da8064c9c943c44a72feaeb16] 10.0.0.132 "GET /resource_providers/3822d178-e681-428d-9b0f-a0ac73008b29/aggregates" status: 404 len: 235 microversion: 1.1 [pid: 8|app: 0|req: 560/1122] 10.0.0.132 () {32 vars in 815 bytes} [Thu May 14 02:06:48 2026] GET /resource_providers/3822d178-e681-428d-9b0f-a0ac73008b29/aggregates => generated 235 bytes in 13 msecs (HTTP/1.1 404) 5 headers in 202 bytes (1 switches on core 0)
2026-05-14 02:06:48.195 7 INFO placement.requestlog [None req-1355d4d2-f656-442c-a794-611b06ad8a02 9eaada05a4094fae8acc74af38d4a1c4 aeb0012c990747c792d7b509b074b6eb - - 43ef8f9da8064c9c943c44a72feaeb16 43ef8f9da8064c9c943c44a72feaeb16] 10.0.0.132 "GET /resource_providers/3822d178-e681-428d-9b0f-a0ac73008b29/aggregates" status: 404 len: 235 microversion: 1.1 [pid: 7|app: 0|req: 563/1123] 10.0.0.132 () {32 vars in 815 bytes} [Thu May 14 02:06:48 2026] GET /resource_providers/3822d178-e681-428d-9b0f-a0ac73008b29/aggregates => generated 235 bytes in 10 msecs (HTTP/1.1 404) 5 headers in 202 bytes (1 switches on core 0)
2026-05-14 02:06:48.215 8 INFO placement.requestlog [None req-d6076e37-6def-413a-aadd-76b276dea4e1 9eaada05a4094fae8acc74af38d4a1c4 aeb0012c990747c792d7b509b074b6eb - - 43ef8f9da8064c9c943c44a72feaeb16 43ef8f9da8064c9c943c44a72feaeb16] 10.0.0.132 "DELETE /resource_providers/3822d178-e681-428d-9b0f-a0ac73008b29" status: 404 len: 246 microversion: 1.1 [pid: 8|app: 0|req: 561/1124] 10.0.0.132 () {34 vars in 815 bytes} [Thu May 14 02:06:48 2026] DELETE /resource_providers/3822d178-e681-428d-9b0f-a0ac73008b29 => generated 246 bytes in 10 msecs (HTTP/1.1 404) 6 headers in 231 bytes (1 switches on core 0)
2026-05-14 02:06:48.221 7 INFO placement.requestlog [None req-04b59cd0-7944-4e6b-a1d3-fa2880af6b2f 9eaada05a4094fae8acc74af38d4a1c4 aeb0012c990747c792d7b509b074b6eb - - 43ef8f9da8064c9c943c44a72feaeb16 43ef8f9da8064c9c943c44a72feaeb16] 10.0.0.132 "DELETE /resource_providers/3822d178-e681-428d-9b0f-a0ac73008b29" status: 404 len: 246 microversion: 1.1 [pid: 7|app: 0|req: 564/1125] 10.0.0.132 () {34 vars in 815 bytes} [Thu May 14 02:06:48 2026] DELETE /resource_providers/3822d178-e681-428d-9b0f-a0ac73008b29 => generated 246 bytes in 12 msecs (HTTP/1.1 404) 6 headers in 231 bytes (1 switches on core 0)
2026-05-14 02:06:52.272 8 INFO placement.requestlog [None req-127dfa90-ef6d-4032-a95e-c2c070dd06d4 9eaada05a4094fae8acc74af38d4a1c4 aeb0012c990747c792d7b509b074b6eb - - 43ef8f9da8064c9c943c44a72feaeb16 43ef8f9da8064c9c943c44a72feaeb16] 10.0.0.132 "GET /resource_providers/0ccd5c7a-bd4e-4457-ab59-cb4895687c86/aggregates" status: 404 len: 235 microversion: 1.1 [pid: 8|app: 0|req: 562/1126] 10.0.0.132 () {32 vars in 815 bytes} [Thu May 14 02:06:52 2026] GET /resource_providers/0ccd5c7a-bd4e-4457-ab59-cb4895687c86/aggregates => generated 235 bytes in 14 msecs (HTTP/1.1 404) 5 headers in 202 bytes (1 switches on core 0)
2026-05-14 02:06:52.281 7 INFO placement.requestlog [None req-4b5ac2e2-6853-4ec5-826b-9b1196760dcf 9eaada05a4094fae8acc74af38d4a1c4 aeb0012c990747c792d7b509b074b6eb - - 43ef8f9da8064c9c943c44a72feaeb16 43ef8f9da8064c9c943c44a72feaeb16] 10.0.0.132 "GET /resource_providers/0ccd5c7a-bd4e-4457-ab59-cb4895687c86/aggregates" status: 404 len: 235 microversion: 1.1 [pid: 7|app: 0|req: 565/1127] 10.0.0.132 () {32 vars in 815 bytes} [Thu May 14 02:06:52 2026] GET /resource_providers/0ccd5c7a-bd4e-4457-ab59-cb4895687c86/aggregates => generated 235 bytes in 24 msecs (HTTP/1.1 404) 5 headers in 202 bytes (1 switches on core 0)
2026-05-14 02:06:52.311 7 INFO placement.requestlog [None req-87e41c1a-3879-4113-bbc8-7999b985ec15 9eaada05a4094fae8acc74af38d4a1c4 aeb0012c990747c792d7b509b074b6eb - - 43ef8f9da8064c9c943c44a72feaeb16 43ef8f9da8064c9c943c44a72feaeb16] 10.0.0.132 "DELETE /resource_providers/0ccd5c7a-bd4e-4457-ab59-cb4895687c86" status: 404 len: 246 microversion: 1.1 [pid: 7|app: 0|req: 566/1128] 10.0.0.132 () {34 vars in 815 bytes} [Thu May 14 02:06:52 2026] DELETE /resource_providers/0ccd5c7a-bd4e-4457-ab59-cb4895687c86 => generated 246 bytes in 17 msecs (HTTP/1.1 404) 6 headers in 231 bytes (1 switches on core 0)
2026-05-14 02:06:52.314 8 INFO placement.requestlog [None req-10483307-eaca-44bb-9b72-2ccaebc3e1a4 9eaada05a4094fae8acc74af38d4a1c4 aeb0012c990747c792d7b509b074b6eb - - 43ef8f9da8064c9c943c44a72feaeb16 43ef8f9da8064c9c943c44a72feaeb16] 10.0.0.132 "DELETE /resource_providers/0ccd5c7a-bd4e-4457-ab59-cb4895687c86" status: 404 len: 246 microversion: 1.1 [pid: 8|app: 0|req: 563/1129] 10.0.0.132 () {34 vars in 815 bytes} [Thu May 14 02:06:52 2026] DELETE /resource_providers/0ccd5c7a-bd4e-4457-ab59-cb4895687c86 => generated 246 bytes in 22 msecs (HTTP/1.1 404) 6 headers in 231 bytes (1 switches on core 0)
2026-05-14 02:06:58.112 7 INFO placement.requestlog [None req-7e4e0044-cef7-4973-928c-00886ff67848 - - - - - -] 10.0.0.66 "GET /" status: 200 len: 136 microversion: 1.0
2026-05-14 02:06:58.112 8 INFO placement.requestlog [None req-92dfc377-c530-4c28-ae13-25fb890fb2da - - - - - -] 10.0.0.66 "GET /" status: 200 len: 136 microversion: 1.0
2026-05-14 02:07:01.508 7 INFO placement.requestlog [None req-4f12ad01-14cd-4ba1-a644-c5ab27220de8 9eaada05a4094fae8acc74af38d4a1c4 aeb0012c990747c792d7b509b074b6eb - - 43ef8f9da8064c9c943c44a72feaeb16 43ef8f9da8064c9c943c44a72feaeb16] 10.0.0.132 "GET /resource_providers/8448a0a5-130e-47be-a79f-4d72c62ce364/aggregates" status: 404 len: 235 microversion: 1.1 [pid: 7|app: 0|req: 568/1132] 10.0.0.132 () {32 vars in 815 bytes} [Thu May 14 02:07:01 2026] GET /resource_providers/8448a0a5-130e-47be-a79f-4d72c62ce364/aggregates => generated 235 bytes in 8 msecs (HTTP/1.1 404) 5 headers in 202 bytes (1 switches on core 0)
2026-05-14 02:07:01.511 8 INFO placement.requestlog [None req-71eec06d-57dc-4490-b9ca-6ebf1f63ffa9 9eaada05a4094fae8acc74af38d4a1c4 aeb0012c990747c792d7b509b074b6eb - - 43ef8f9da8064c9c943c44a72feaeb16 43ef8f9da8064c9c943c44a72feaeb16] 10.0.0.132 "GET /resource_providers/8448a0a5-130e-47be-a79f-4d72c62ce364/aggregates" status: 404 len: 235 microversion: 1.1 [pid: 8|app: 0|req: 565/1133] 10.0.0.132 () {32 vars in 815 bytes} [Thu May 14 02:07:01 2026] GET /resource_providers/8448a0a5-130e-47be-a79f-4d72c62ce364/aggregates => generated 235 bytes in 12 msecs (HTTP/1.1 404) 5 headers in 202 bytes (1 switches on core 0)
2026-05-14 02:07:01.534 7 INFO placement.requestlog [None req-87b025cf-2942-44dc-9e87-ec86b91a67cd 9eaada05a4094fae8acc74af38d4a1c4 aeb0012c990747c792d7b509b074b6eb - - 43ef8f9da8064c9c943c44a72feaeb16 43ef8f9da8064c9c943c44a72feaeb16] 10.0.0.132 "DELETE /resource_providers/8448a0a5-130e-47be-a79f-4d72c62ce364" status: 404 len: 246 microversion: 1.1 [pid: 7|app: 0|req: 569/1134] 10.0.0.132 () {34 vars in 815 bytes} [Thu May 14 02:07:01 2026] DELETE /resource_providers/8448a0a5-130e-47be-a79f-4d72c62ce364 => generated 246 bytes in 8 msecs (HTTP/1.1 404) 6 headers in 231 bytes (1 switches on core 0)
2026-05-14 02:07:01.541 8 INFO placement.requestlog [None req-5a8a620b-6cc8-4099-a37c-7f7b0173a2c2 9eaada05a4094fae8acc74af38d4a1c4 aeb0012c990747c792d7b509b074b6eb - - 43ef8f9da8064c9c943c44a72feaeb16 43ef8f9da8064c9c943c44a72feaeb16] 10.0.0.132 "DELETE /resource_providers/8448a0a5-130e-47be-a79f-4d72c62ce364" status: 404 len: 246 microversion: 1.1 [pid: 8|app: 0|req: 566/1135] 10.0.0.132 () {34 vars in 815 bytes} [Thu May 14 02:07:01 2026] DELETE /resource_providers/8448a0a5-130e-47be-a79f-4d72c62ce364 => generated 246 bytes in 13 msecs (HTTP/1.1 404) 6 headers in 231 bytes (1 switches on core 0)
2026-05-14 02:07:01.934 8 INFO placement.requestlog [None req-3dec8cc6-944b-4126-997b-67b9b5e67dd0 9eaada05a4094fae8acc74af38d4a1c4 aeb0012c990747c792d7b509b074b6eb - - 43ef8f9da8064c9c943c44a72feaeb16 43ef8f9da8064c9c943c44a72feaeb16] 10.0.0.132 "GET /resource_providers/cdb38e06-8d41-4a06-a9f5-ea670128e597/aggregates" status: 404 len: 235 microversion: 1.1 [pid: 8|app: 0|req: 567/1136] 10.0.0.132 () {32 vars in 815 bytes} [Thu May 14 02:07:01 2026] GET /resource_providers/cdb38e06-8d41-4a06-a9f5-ea670128e597/aggregates => generated 235 bytes in 49 msecs (HTTP/1.1 404) 5 headers in 202 bytes (1 switches on core 0)
2026-05-14 02:07:01.942 7 INFO placement.requestlog [None req-249bfa8e-8881-44dd-9948-3c74377494f3 9eaada05a4094fae8acc74af38d4a1c4 aeb0012c990747c792d7b509b074b6eb - - 43ef8f9da8064c9c943c44a72feaeb16 43ef8f9da8064c9c943c44a72feaeb16] 10.0.0.132 "GET /resource_providers/cdb38e06-8d41-4a06-a9f5-ea670128e597/aggregates" status: 404 len: 235 microversion: 1.1 [pid: 7|app: 0|req: 570/1137] 10.0.0.132 () {32 vars in 815 bytes} [Thu May 14 02:07:01 2026] GET /resource_providers/cdb38e06-8d41-4a06-a9f5-ea670128e597/aggregates => generated 235 bytes in 58 msecs (HTTP/1.1 404) 5 headers in 202 bytes (1 switches on core 0)
2026-05-14 02:07:01.950 8 INFO placement.requestlog [None req-f76330b4-55cd-472d-9052-acaacddd861a 9eaada05a4094fae8acc74af38d4a1c4 aeb0012c990747c792d7b509b074b6eb - - 43ef8f9da8064c9c943c44a72feaeb16 43ef8f9da8064c9c943c44a72feaeb16] 10.0.0.132 "DELETE /resource_providers/cdb38e06-8d41-4a06-a9f5-ea670128e597" status: 404 len: 246 microversion: 1.1 [pid: 8|app: 0|req: 568/1138] 10.0.0.132 () {34 vars in 815 bytes} [Thu May 14 02:07:01 2026] DELETE /resource_providers/cdb38e06-8d41-4a06-a9f5-ea670128e597 => generated 246 bytes in 7 msecs (HTTP/1.1 404) 6 headers in 231 bytes (1 switches on core 0)
2026-05-14 02:07:01.962 7 INFO placement.requestlog [None req-0526034a-6adc-4c60-9043-69bfa383dc40 9eaada05a4094fae8acc74af38d4a1c4 aeb0012c990747c792d7b509b074b6eb - - 43ef8f9da8064c9c943c44a72feaeb16 43ef8f9da8064c9c943c44a72feaeb16] 10.0.0.132 "DELETE /resource_providers/cdb38e06-8d41-4a06-a9f5-ea670128e597" status: 404 len: 246 microversion: 1.1 [pid: 7|app: 0|req: 571/1139] 10.0.0.132 () {34 vars in 815 bytes} [Thu May 14 02:07:01 2026] DELETE /resource_providers/cdb38e06-8d41-4a06-a9f5-ea670128e597 => generated 246 bytes in 11 msecs (HTTP/1.1 404) 6 headers in 231 bytes (1 switches on core 0)
2026-05-14 02:07:03.559 8 INFO placement.requestlog [None req-bdf58a5a-373b-438f-bb47-eeef7a772880 9eaada05a4094fae8acc74af38d4a1c4 aeb0012c990747c792d7b509b074b6eb - - 43ef8f9da8064c9c943c44a72feaeb16 43ef8f9da8064c9c943c44a72feaeb16] 10.0.0.132 "GET /resource_providers/dd38bdf4-f0be-4b39-9e3c-84d52e98a4ed/aggregates" status: 404 len: 235 microversion: 1.1 [pid: 8|app: 0|req: 569/1140] 10.0.0.132 () {32 vars in 815 bytes} [Thu May 14 02:07:03 2026] GET /resource_providers/dd38bdf4-f0be-4b39-9e3c-84d52e98a4ed/aggregates => generated 235 bytes in 8 msecs (HTTP/1.1 404) 5 headers in 202 bytes (1 switches on core 0)
2026-05-14 02:07:03.560 7 INFO placement.requestlog [None req-d945912f-ce68-4bbb-b1c9-080179a862bb 9eaada05a4094fae8acc74af38d4a1c4 aeb0012c990747c792d7b509b074b6eb - - 43ef8f9da8064c9c943c44a72feaeb16 43ef8f9da8064c9c943c44a72feaeb16] 10.0.0.132 "GET /resource_providers/dd38bdf4-f0be-4b39-9e3c-84d52e98a4ed/aggregates" status: 404 len: 235 microversion: 1.1 [pid: 7|app: 0|req: 572/1141] 10.0.0.132 () {32 vars in 815 bytes} [Thu May 14 02:07:03 2026] GET /resource_providers/dd38bdf4-f0be-4b39-9e3c-84d52e98a4ed/aggregates => generated 235 bytes in 8 msecs (HTTP/1.1 404) 5 headers in 202 bytes (1 switches on core 0)
2026-05-14 02:07:03.585 8 INFO placement.requestlog [None req-ae228ba8-52ac-430e-8d39-cb1b14b8f673 9eaada05a4094fae8acc74af38d4a1c4 aeb0012c990747c792d7b509b074b6eb - - 43ef8f9da8064c9c943c44a72feaeb16 43ef8f9da8064c9c943c44a72feaeb16] 10.0.0.132 "DELETE /resource_providers/dd38bdf4-f0be-4b39-9e3c-84d52e98a4ed" status: 404 len: 246 microversion: 1.1 [pid: 8|app: 0|req: 570/1142] 10.0.0.132 () {34 vars in 815 bytes} [Thu May 14 02:07:03 2026] DELETE /resource_providers/dd38bdf4-f0be-4b39-9e3c-84d52e98a4ed => generated 246 bytes in 10 msecs (HTTP/1.1 404) 6 headers in 231 bytes (1 switches on core 0)
2026-05-14 02:07:03.586 7 INFO placement.requestlog [None req-9cec3afe-f1aa-4826-9a9b-cd2abe3b5ffe 9eaada05a4094fae8acc74af38d4a1c4 aeb0012c990747c792d7b509b074b6eb - - 43ef8f9da8064c9c943c44a72feaeb16 43ef8f9da8064c9c943c44a72feaeb16] 10.0.0.132 "DELETE /resource_providers/dd38bdf4-f0be-4b39-9e3c-84d52e98a4ed" status: 404 len: 246 microversion: 1.1 [pid: 7|app: 0|req: 573/1143] 10.0.0.132 () {34 vars in 815 bytes} [Thu May 14 02:07:03 2026] DELETE /resource_providers/dd38bdf4-f0be-4b39-9e3c-84d52e98a4ed => generated 246 bytes in 11 msecs (HTTP/1.1 404) 6 headers in 231 bytes (1 switches on core 0)
2026-05-14 02:07:08.111 7 INFO placement.requestlog [None req-6562c3bb-6f64-4b5f-b4a4-7b2378f6c1a7 - - - - - -] 10.0.0.66 "GET /" status: 200 len: 136 microversion: 1.0
2026-05-14 02:07:08.111 8 INFO placement.requestlog [None req-1b9fabc6-ec80-47b1-87ef-541d49c261db - - - - - -] 10.0.0.66 "GET /" status: 200 len: 136 microversion: 1.0
2026-05-14 02:07:18.112 8 INFO placement.requestlog [None req-93a04122-b9c0-455b-bcc7-bbbf425f9aac - - - - - -] 10.0.0.66 "GET /" status: 200 len: 136 microversion: 1.0
2026-05-14 02:07:18.112 7 INFO placement.requestlog [None req-9270a564-3db4-4d33-b57d-eca1af6acd0d - - - - - -] 10.0.0.66 "GET /" status: 200 len: 136 microversion: 1.0
2026-05-14 02:07:28.111 8 INFO placement.requestlog [None req-34a2f8ea-fc00-4256-90b5-9425aa73e113 - - - - - -] 10.0.0.66 "GET /" status: 200 len: 136 microversion: 1.0
2026-05-14 02:07:28.112 7 INFO placement.requestlog [None req-73977601-ed92-4b18-85fe-a0ff99491583 - - - - - -] 10.0.0.66 "GET /" status: 200 len: 136 microversion: 1.0
2026-05-14 02:07:30.610 8 INFO placement.requestlog [req-80f0b27c-37be-4c31-a5b9-9002d36f058c req-fcb8e142-c7fc-48ad-aea2-1c87886832fd 9ebe24b3e86f443e88b2b3a83b81d12b aeb0012c990747c792d7b509b074b6eb - - 43ef8f9da8064c9c943c44a72feaeb16 43ef8f9da8064c9c943c44a72feaeb16] 199.204.45.238 "GET /resource_providers/0a0cd15c-98cc-4522-b57d-442ea509ebf6/allocations" status: 200 len: 340 microversion: 1.0 [pid: 8|app: 0|req: 574/1150] 199.204.45.238 () {32 vars in 856 bytes} [Thu May 14 02:07:30 2026] GET /resource_providers/0a0cd15c-98cc-4522-b57d-442ea509ebf6/allocations => generated 340 bytes in 17 msecs (HTTP/1.1 200) 6 headers in 224 bytes (1 switches on core 0)
2026-05-14 02:07:30.634 7 INFO placement.requestlog [req-80f0b27c-37be-4c31-a5b9-9002d36f058c req-652c2945-e2b6-4ac5-bb4a-c723da75201e 9ebe24b3e86f443e88b2b3a83b81d12b aeb0012c990747c792d7b509b074b6eb - - 43ef8f9da8064c9c943c44a72feaeb16 43ef8f9da8064c9c943c44a72feaeb16] 199.204.45.238 "GET /resource_providers/0a0cd15c-98cc-4522-b57d-442ea509ebf6/allocations" status: 200 len: 340 microversion: 1.0 [pid: 7|app: 0|req: 577/1151] 199.204.45.238 () {32 vars in 856 bytes} [Thu May 14 02:07:30 2026] GET /resource_providers/0a0cd15c-98cc-4522-b57d-442ea509ebf6/allocations => generated 340 bytes in 17 msecs (HTTP/1.1 200) 6 headers in 224 bytes (1 switches on core 0)
2026-05-14 02:07:30.654 8 INFO placement.requestlog [req-80f0b27c-37be-4c31-a5b9-9002d36f058c req-6390ecdd-b4e7-4722-a569-f22f4e8a35cd 9ebe24b3e86f443e88b2b3a83b81d12b aeb0012c990747c792d7b509b074b6eb - - 43ef8f9da8064c9c943c44a72feaeb16 43ef8f9da8064c9c943c44a72feaeb16] 199.204.45.238 "GET /allocations/3a4ad8bc-d302-42b4-ac1a-981074da52c5" status: 200 len: 258 microversion: 1.28 [pid: 8|app: 0|req: 575/1152] 199.204.45.238 () {34 vars in 862 bytes} [Thu May 14 02:07:30 2026] GET /allocations/3a4ad8bc-d302-42b4-ac1a-981074da52c5 => generated 258 bytes in 13 msecs (HTTP/1.1 200) 8 headers in 296 bytes (1 switches on core 0)
2026-05-14 02:07:30.673 7 INFO placement.requestlog [req-80f0b27c-37be-4c31-a5b9-9002d36f058c req-f0ab050b-eb89-4991-b14b-e6c0866a6964 9ebe24b3e86f443e88b2b3a83b81d12b aeb0012c990747c792d7b509b074b6eb - - 43ef8f9da8064c9c943c44a72feaeb16 43ef8f9da8064c9c943c44a72feaeb16] 199.204.45.238 "GET /allocations/8d16190a-4be2-4fe8-9cfa-d2cd5dda20a2" status: 200 len: 245 microversion: 1.28 [pid: 7|app: 0|req: 578/1153] 199.204.45.238 () {34 vars in 862 bytes} [Thu May 14 02:07:30 2026] GET /allocations/8d16190a-4be2-4fe8-9cfa-d2cd5dda20a2 => generated 245 bytes in 12 msecs (HTTP/1.1 200) 8 headers in 296 bytes (1 switches on core 0)
2026-05-14 02:07:30.694 8 INFO placement.requestlog [req-80f0b27c-37be-4c31-a5b9-9002d36f058c req-24dbff52-6c33-45d3-bec2-8c10e0c6c763 9ebe24b3e86f443e88b2b3a83b81d12b aeb0012c990747c792d7b509b074b6eb - - 43ef8f9da8064c9c943c44a72feaeb16 43ef8f9da8064c9c943c44a72feaeb16] 199.204.45.238 "GET /allocations/6f128851-a382-4ef8-8502-af98dabc6d43" status: 200 len: 258 microversion: 1.28 [pid: 8|app: 0|req: 576/1154] 199.204.45.238 () {34 vars in 862 bytes} [Thu May 14 02:07:30 2026] GET /allocations/6f128851-a382-4ef8-8502-af98dabc6d43 => generated 258 bytes in 14 msecs (HTTP/1.1 200) 8 headers in 296 bytes (1 switches on core 0)
2026-05-14 02:07:38.111 8 INFO placement.requestlog [None req-4f833032-57e6-4f6c-94dc-8aaa25e5d9ad - - - - - -] 10.0.0.66 "GET /" status: 200 len: 136 microversion: 1.0
2026-05-14 02:07:38.111 7 INFO placement.requestlog [None req-c8089c16-0efa-4b9c-894d-79dfb751d773 - - - - - -] 10.0.0.66 "GET /" status: 200 len: 136 microversion: 1.0
2026-05-14 02:07:48.111 8 INFO placement.requestlog [None req-f4764fba-cd36-4207-bcfd-2a753b912bb7 - - - - - -] 10.0.0.66 "GET /" status: 200 len: 136 microversion: 1.0
2026-05-14 02:07:48.111 7 INFO placement.requestlog [None req-765921a3-6396-42e5-acbd-3125c47e9546 - - - - - -] 10.0.0.66 "GET /" status: 200 len: 136 microversion: 1.0
2026-05-14 02:07:58.111 7 INFO placement.requestlog [None req-ba581b8d-18d6-4b43-af06-ec6e1ce13f2d - - - - - -] 10.0.0.66 "GET /" status: 200 len: 136 microversion: 1.0
2026-05-14 02:07:58.111 8 INFO placement.requestlog [None req-91fb8eaa-798d-41b4-a68d-370a083eb415 - - - - - -] 10.0.0.66 "GET /" status: 200 len: 136 microversion: 1.0
2026-05-14 02:08:08.111 7 INFO placement.requestlog [None req-7fa7dfcf-1127-48d8-abed-77b2c0bf24c1 - - - - - -] 10.0.0.66 "GET /" status: 200 len: 136 microversion: 1.0
2026-05-14 02:08:08.111 8 INFO placement.requestlog [None req-59e84ede-aeb1-4ec6-8ec1-5e32b321a2b3 - - - - - -] 10.0.0.66 "GET /" status: 200 len: 136 microversion: 1.0
2026-05-14 02:08:18.111 8 INFO placement.requestlog [None req-55d04488-f057-4536-9108-46851e2db30c - - - - - -] 10.0.0.66 "GET /" status: 200 len: 136 microversion: 1.0
2026-05-14 02:08:18.111 7 INFO placement.requestlog [None req-a8749e3d-77b2-46e6-91d5-5c80108742e9 - - - - - -] 10.0.0.66 "GET /" status: 200 len: 136 microversion: 1.0
2026-05-14 02:08:28.112 8 INFO placement.requestlog [None req-12e8a9a7-2008-4139-9abd-c3bc2371e09d - - - - - -] 10.0.0.66 "GET /" status: 200 len: 136 microversion: 1.0
2026-05-14 02:08:28.112 7 INFO placement.requestlog [None req-d58b0bfd-16d8-4643-9c34-fceb55c2a5a3 - - - - - -] 10.0.0.66 "GET /" status: 200 len: 136 microversion: 1.0
2026-05-14 02:08:31.647 8 INFO placement.requestlog [req-dcbc2333-2abc-4ebf-a903-b431f4c1c7b5 req-736e914a-4fb4-413e-bcbe-b6e7a6561d3c 9ebe24b3e86f443e88b2b3a83b81d12b aeb0012c990747c792d7b509b074b6eb - - 43ef8f9da8064c9c943c44a72feaeb16 43ef8f9da8064c9c943c44a72feaeb16] 199.204.45.238 "GET /resource_providers/0a0cd15c-98cc-4522-b57d-442ea509ebf6/allocations" status: 200 len: 340 microversion: 1.0 [pid: 8|app: 0|req: 583/1167] 199.204.45.238 () {32 vars in 856 bytes} [Thu May 14 02:08:31 2026] GET /resource_providers/0a0cd15c-98cc-4522-b57d-442ea509ebf6/allocations => generated 340 bytes in 18 msecs (HTTP/1.1 200) 6 headers in 224 bytes (1 switches on core 0)
2026-05-14 02:08:31.671 7 INFO placement.requestlog [req-dcbc2333-2abc-4ebf-a903-b431f4c1c7b5 req-ae96c255-a072-4893-a5ca-b3aee2480aec 9ebe24b3e86f443e88b2b3a83b81d12b aeb0012c990747c792d7b509b074b6eb - - 43ef8f9da8064c9c943c44a72feaeb16 43ef8f9da8064c9c943c44a72feaeb16] 199.204.45.238 "GET /resource_providers/0a0cd15c-98cc-4522-b57d-442ea509ebf6/allocations" status: 200 len: 340 microversion: 1.0 [pid: 7|app: 0|req: 585/1168] 199.204.45.238 () {32 vars in 856 bytes} [Thu May 14 02:08:31 2026] GET /resource_providers/0a0cd15c-98cc-4522-b57d-442ea509ebf6/allocations => generated 340 bytes in 16 msecs (HTTP/1.1 200) 6 headers in 224 bytes (1 switches on core 0)
2026-05-14 02:08:31.694 8 INFO placement.requestlog [req-dcbc2333-2abc-4ebf-a903-b431f4c1c7b5 req-516c394b-2cea-49a6-829f-d114d7e1709b 9ebe24b3e86f443e88b2b3a83b81d12b aeb0012c990747c792d7b509b074b6eb - - 43ef8f9da8064c9c943c44a72feaeb16 43ef8f9da8064c9c943c44a72feaeb16] 199.204.45.238 "GET /allocations/3a4ad8bc-d302-42b4-ac1a-981074da52c5" status: 200 len: 258 microversion: 1.28 [pid: 8|app: 0|req: 584/1169] 199.204.45.238 () {34 vars in 862 bytes} [Thu May 14 02:08:31 2026] GET /allocations/3a4ad8bc-d302-42b4-ac1a-981074da52c5 => generated 258 bytes in 17 msecs (HTTP/1.1 200) 8 headers in 296 bytes (1 switches on core 0)
2026-05-14 02:08:31.712 7 INFO placement.requestlog [req-dcbc2333-2abc-4ebf-a903-b431f4c1c7b5 req-1e94e884-56b2-470b-936f-af657fd60140 9ebe24b3e86f443e88b2b3a83b81d12b aeb0012c990747c792d7b509b074b6eb - - 43ef8f9da8064c9c943c44a72feaeb16 43ef8f9da8064c9c943c44a72feaeb16] 199.204.45.238 "GET /allocations/8d16190a-4be2-4fe8-9cfa-d2cd5dda20a2" status: 200 len: 245 microversion: 1.28 [pid: 7|app: 0|req: 586/1170] 199.204.45.238 () {34 vars in 862 bytes} [Thu May 14 02:08:31 2026] GET /allocations/8d16190a-4be2-4fe8-9cfa-d2cd5dda20a2 => generated 245 bytes in 11 msecs (HTTP/1.1 200) 8 headers in 296 bytes (1 switches on core 0)
2026-05-14 02:08:31.733 8 INFO placement.requestlog [req-dcbc2333-2abc-4ebf-a903-b431f4c1c7b5 req-b67f4a4f-09e3-42b8-b574-b6d0c5830a89 9ebe24b3e86f443e88b2b3a83b81d12b aeb0012c990747c792d7b509b074b6eb - - 43ef8f9da8064c9c943c44a72feaeb16 43ef8f9da8064c9c943c44a72feaeb16] 199.204.45.238 "GET /allocations/6f128851-a382-4ef8-8502-af98dabc6d43" status: 200 len: 258 microversion: 1.28 [pid: 8|app: 0|req: 585/1171] 199.204.45.238 () {34 vars in 862 bytes} [Thu May 14 02:08:31 2026] GET /allocations/6f128851-a382-4ef8-8502-af98dabc6d43 => generated 258 bytes in 14 msecs (HTTP/1.1 200) 8 headers in 296 bytes (1 switches on core 0)
2026-05-14 02:08:38.111 7 INFO placement.requestlog [None req-88fa9d39-0cfa-4bf0-a9f5-28c1efab36c9 - - - - - -] 10.0.0.66 "GET /" status: 200 len: 136 microversion: 1.0
2026-05-14 02:08:38.111 8 INFO placement.requestlog [None req-8fbb0eb2-95f3-41fd-a28e-0132d21d02b9 - - - - - -] 10.0.0.66 "GET /" status: 200 len: 136 microversion: 1.0
2026-05-14 02:08:48.110 8 INFO placement.requestlog [None req-830e288c-98dd-47a1-8dac-fcaf959c0650 - - - - - -] 10.0.0.66 "GET /" status: 200 len: 136 microversion: 1.0
2026-05-14 02:08:48.111 7 INFO placement.requestlog [None req-48b394bf-279f-44aa-8f09-c4fb8ffdf522 - - - - - -] 10.0.0.66 "GET /" status: 200 len: 136 microversion: 1.0
2026-05-14 02:08:55.836 8 INFO placement.requestlog [req-f10e7427-2ced-42ca-a51a-bfbe8e410f2d req-6e1b91cb-b7e1-4809-959d-2b1a668f5b9d 9ebe24b3e86f443e88b2b3a83b81d12b aeb0012c990747c792d7b509b074b6eb - - 43ef8f9da8064c9c943c44a72feaeb16 43ef8f9da8064c9c943c44a72feaeb16] 199.204.45.238 "GET /resource_providers/0a0cd15c-98cc-4522-b57d-442ea509ebf6/allocations" status: 200 len: 340 microversion: 1.0 [pid: 8|app: 0|req: 588/1176] 199.204.45.238 () {32 vars in 856 bytes} [Thu May 14 02:08:55 2026] GET /resource_providers/0a0cd15c-98cc-4522-b57d-442ea509ebf6/allocations => generated 340 bytes in 15 msecs (HTTP/1.1 200) 6 headers in 224 bytes (1 switches on core 0)
2026-05-14 02:08:55.853 7 INFO placement.requestlog [req-f10e7427-2ced-42ca-a51a-bfbe8e410f2d req-4ccc6865-6894-4e07-bdad-6d11010f565b 9ebe24b3e86f443e88b2b3a83b81d12b aeb0012c990747c792d7b509b074b6eb - - 43ef8f9da8064c9c943c44a72feaeb16 43ef8f9da8064c9c943c44a72feaeb16] 199.204.45.238 "GET /allocations/3a4ad8bc-d302-42b4-ac1a-981074da52c5" status: 200 len: 258 microversion: 1.28 [pid: 7|app: 0|req: 589/1177] 199.204.45.238 () {34 vars in 862 bytes} [Thu May 14 02:08:55 2026] GET /allocations/3a4ad8bc-d302-42b4-ac1a-981074da52c5 => generated 258 bytes in 13 msecs (HTTP/1.1 200) 8 headers in 296 bytes (1 switches on core 0)
2026-05-14 02:08:55.874 8 INFO placement.requestlog [req-f10e7427-2ced-42ca-a51a-bfbe8e410f2d req-288c8cf8-350d-42d6-be41-84858349e8b9 9ebe24b3e86f443e88b2b3a83b81d12b aeb0012c990747c792d7b509b074b6eb - - 43ef8f9da8064c9c943c44a72feaeb16 43ef8f9da8064c9c943c44a72feaeb16] 199.204.45.238 "GET /allocations/8d16190a-4be2-4fe8-9cfa-d2cd5dda20a2" status: 200 len: 245 microversion: 1.28 [pid: 8|app: 0|req: 589/1178] 199.204.45.238 () {34 vars in 862 bytes} [Thu May 14 02:08:55 2026] GET /allocations/8d16190a-4be2-4fe8-9cfa-d2cd5dda20a2 => generated 245 bytes in 13 msecs (HTTP/1.1 200) 8 headers in 296 bytes (1 switches on core 0)
2026-05-14 02:08:55.895 7 INFO placement.requestlog [req-f10e7427-2ced-42ca-a51a-bfbe8e410f2d req-67cdbe6c-1ba7-4897-8a57-559a0f3a8c0d 9ebe24b3e86f443e88b2b3a83b81d12b aeb0012c990747c792d7b509b074b6eb - - 43ef8f9da8064c9c943c44a72feaeb16 43ef8f9da8064c9c943c44a72feaeb16] 199.204.45.238 "GET /allocations/6f128851-a382-4ef8-8502-af98dabc6d43" status: 200 len: 258 microversion: 1.28 [pid: 7|app: 0|req: 590/1179] 199.204.45.238 () {34 vars in 862 bytes} [Thu May 14 02:08:55 2026] GET /allocations/6f128851-a382-4ef8-8502-af98dabc6d43 => generated 258 bytes in 14 msecs (HTTP/1.1 200) 8 headers in 296 bytes (1 switches on core 0)
2026-05-14 02:08:56.942 8 INFO placement.requestlog [req-f10e7427-2ced-42ca-a51a-bfbe8e410f2d req-56e5d14c-f8d8-4586-876b-98edf8e052b4 9ebe24b3e86f443e88b2b3a83b81d12b aeb0012c990747c792d7b509b074b6eb - - 43ef8f9da8064c9c943c44a72feaeb16 43ef8f9da8064c9c943c44a72feaeb16] 199.204.45.238 "DELETE /allocations/8d16190a-4be2-4fe8-9cfa-d2cd5dda20a2" status: 204 len: 0 microversion: 1.0 [pid: 8|app: 0|req: 590/1180] 199.204.45.238 () {34 vars in 840 bytes} [Thu May 14 02:08:56 2026] DELETE /allocations/8d16190a-4be2-4fe8-9cfa-d2cd5dda20a2 => generated 0 bytes in 18 msecs (HTTP/1.1 204) 5 headers in 198 bytes (1 switches on core 0)
2026-05-14 02:08:58.111 7 INFO placement.requestlog [None req-bcb8324d-bbf9-4f19-a2b8-bfec7ada2c91 - - - - - -] 10.0.0.66 "GET /" status: 200 len: 136 microversion: 1.0
2026-05-14 02:08:58.111 8 INFO placement.requestlog [None req-0b5f0668-1cd5-4a8d-a8a4-31a04e21afb9 - - - - - -] 10.0.0.66 "GET /" status: 200 len: 136 microversion: 1.0
2026-05-14 02:08:59.437 7 INFO placement.requestlog [req-a9c61b32-637c-4737-8d71-c2f46884a5db req-95f768d0-f202-4fe3-8bf6-b2e6152ddd5b 9ebe24b3e86f443e88b2b3a83b81d12b aeb0012c990747c792d7b509b074b6eb - - 43ef8f9da8064c9c943c44a72feaeb16 43ef8f9da8064c9c943c44a72feaeb16] 199.204.45.238 "GET /resource_providers/0a0cd15c-98cc-4522-b57d-442ea509ebf6/allocations" status: 200 len: 253 microversion: 1.0 [pid: 7|app: 0|req: 592/1183] 199.204.45.238 () {32 vars in 856 bytes} [Thu May 14 02:08:59 2026] GET /resource_providers/0a0cd15c-98cc-4522-b57d-442ea509ebf6/allocations => generated 253 bytes in 19 msecs (HTTP/1.1 200) 6 headers in 224 bytes (1 switches on core 0)
2026-05-14 02:08:59.460 8 INFO placement.requestlog [req-a9c61b32-637c-4737-8d71-c2f46884a5db req-2e7f4ea8-205d-477c-afb8-cb7cf7e0c0fa 9ebe24b3e86f443e88b2b3a83b81d12b aeb0012c990747c792d7b509b074b6eb - - 43ef8f9da8064c9c943c44a72feaeb16 43ef8f9da8064c9c943c44a72feaeb16] 199.204.45.238 "GET /allocations/3a4ad8bc-d302-42b4-ac1a-981074da52c5" status: 200 len: 258 microversion: 1.28 [pid: 8|app: 0|req: 592/1184] 199.204.45.238 () {34 vars in 862 bytes} [Thu May 14 02:08:59 2026] GET /allocations/3a4ad8bc-d302-42b4-ac1a-981074da52c5 => generated 258 bytes in 15 msecs (HTTP/1.1 200) 8 headers in 296 bytes (1 switches on core 0)
2026-05-14 02:08:59.481 7 INFO placement.requestlog [req-a9c61b32-637c-4737-8d71-c2f46884a5db req-abf07aff-2d1c-4691-9d85-e5e58abd922c 9ebe24b3e86f443e88b2b3a83b81d12b aeb0012c990747c792d7b509b074b6eb - - 43ef8f9da8064c9c943c44a72feaeb16 43ef8f9da8064c9c943c44a72feaeb16] 199.204.45.238 "GET /allocations/6f128851-a382-4ef8-8502-af98dabc6d43" status: 200 len: 258 microversion: 1.28 [pid: 7|app: 0|req: 593/1185] 199.204.45.238 () {34 vars in 862 bytes} [Thu May 14 02:08:59 2026] GET /allocations/6f128851-a382-4ef8-8502-af98dabc6d43 => generated 258 bytes in 14 msecs (HTTP/1.1 200) 8 headers in 296 bytes (1 switches on core 0)
2026-05-14 02:09:00.532 8 INFO placement.requestlog [req-a9c61b32-637c-4737-8d71-c2f46884a5db req-656dc228-6bc7-499c-951b-4f0548a0e5e4 9ebe24b3e86f443e88b2b3a83b81d12b aeb0012c990747c792d7b509b074b6eb - - 43ef8f9da8064c9c943c44a72feaeb16 43ef8f9da8064c9c943c44a72feaeb16] 199.204.45.238 "DELETE /allocations/6f128851-a382-4ef8-8502-af98dabc6d43" status: 204 len: 0 microversion: 1.0 [pid: 8|app: 0|req: 593/1186] 199.204.45.238 () {34 vars in 840 bytes} [Thu May 14 02:09:00 2026] DELETE /allocations/6f128851-a382-4ef8-8502-af98dabc6d43 => generated 0 bytes in 25 msecs (HTTP/1.1 204) 5 headers in 198 bytes (1 switches on core 0)
2026-05-14 02:09:08.111 7 INFO placement.requestlog [None req-85cbd2ba-8b61-40a1-a990-4b4318faf801 - - - - - -] 10.0.0.66 "GET /" status: 200 len: 136 microversion: 1.0
2026-05-14 02:09:08.112 8 INFO placement.requestlog [None req-56c8577b-53db-4aa0-85e7-bc7b69d013e1 - - - - - -] 10.0.0.66 "GET /" status: 200 len: 136 microversion: 1.0
2026-05-14 02:09:10.433 7 INFO placement.requestlog [req-c850c0d4-306b-4d02-b9ca-8b44903531ab req-96a0c93e-9fe3-43f8-9deb-9bbb5092590d 9ebe24b3e86f443e88b2b3a83b81d12b aeb0012c990747c792d7b509b074b6eb - - 43ef8f9da8064c9c943c44a72feaeb16 43ef8f9da8064c9c943c44a72feaeb16] 199.204.45.238 "GET /resource_providers/0a0cd15c-98cc-4522-b57d-442ea509ebf6/allocations" status: 200 len: 153 microversion: 1.0 [pid: 7|app: 0|req: 595/1189] 199.204.45.238 () {32 vars in 856 bytes} [Thu May 14 02:09:10 2026] GET /resource_providers/0a0cd15c-98cc-4522-b57d-442ea509ebf6/allocations => generated 153 bytes in 17 msecs (HTTP/1.1 200) 6 headers in 224 bytes (1 switches on core 0)
2026-05-14 02:09:10.452 8 INFO placement.requestlog [req-c850c0d4-306b-4d02-b9ca-8b44903531ab req-225b17ec-9bcf-4840-84ff-e6f7efae6694 9ebe24b3e86f443e88b2b3a83b81d12b aeb0012c990747c792d7b509b074b6eb - - 43ef8f9da8064c9c943c44a72feaeb16 43ef8f9da8064c9c943c44a72feaeb16] 199.204.45.238 "GET /allocations/3a4ad8bc-d302-42b4-ac1a-981074da52c5" status: 200 len: 258 microversion: 1.28 [pid: 8|app: 0|req: 595/1190] 199.204.45.238 () {34 vars in 862 bytes} [Thu May 14 02:09:10 2026] GET /allocations/3a4ad8bc-d302-42b4-ac1a-981074da52c5 => generated 258 bytes in 13 msecs (HTTP/1.1 200) 8 headers in 296 bytes (1 switches on core 0)
2026-05-14 02:09:11.498 7 INFO placement.requestlog [req-c850c0d4-306b-4d02-b9ca-8b44903531ab req-080517e5-d040-4440-902b-037cc3c221a7 9ebe24b3e86f443e88b2b3a83b81d12b aeb0012c990747c792d7b509b074b6eb - - 43ef8f9da8064c9c943c44a72feaeb16 43ef8f9da8064c9c943c44a72feaeb16] 199.204.45.238 "DELETE /allocations/3a4ad8bc-d302-42b4-ac1a-981074da52c5" status: 204 len: 0 microversion: 1.0 [pid: 7|app: 0|req: 596/1191] 199.204.45.238 () {34 vars in 840 bytes} [Thu May 14 02:09:11 2026] DELETE /allocations/3a4ad8bc-d302-42b4-ac1a-981074da52c5 => generated 0 bytes in 23 msecs (HTTP/1.1 204) 5 headers in 198 bytes (1 switches on core 0)
2026-05-14 02:09:18.112 8 INFO placement.requestlog [None req-4fbc38d5-93bc-4a5d-8ff2-24b7b0ea920d - - - - - -] 10.0.0.66 "GET /" status: 200 len: 136 microversion: 1.0
2026-05-14 02:09:18.112 7 INFO placement.requestlog [None req-19523e63-8d86-4abc-920b-19b2fd5bc843 - - - - - -] 10.0.0.66 "GET /" status: 200 len: 136 microversion: 1.0
2026-05-14 02:09:22.600 7 INFO placement.requestlog [None req-d0aa9961-68c6-4d38-a1b5-0f6a065e7d61 9eaada05a4094fae8acc74af38d4a1c4 aeb0012c990747c792d7b509b074b6eb - - 43ef8f9da8064c9c943c44a72feaeb16 43ef8f9da8064c9c943c44a72feaeb16] 10.0.0.132 "GET /resource_providers/d01b8ceb-2c76-4fac-b9ae-f6582753e466/aggregates" status: 404 len: 235 microversion: 1.1 [pid: 7|app: 0|req: 598/1194] 10.0.0.132 () {32 vars in 815 bytes} [Thu May 14 02:09:22 2026] GET /resource_providers/d01b8ceb-2c76-4fac-b9ae-f6582753e466/aggregates => generated 235 bytes in 10 msecs (HTTP/1.1 404) 5 headers in 202 bytes (1 switches on core 0)
2026-05-14 02:09:22.601 8 INFO placement.requestlog [None req-ebbe283b-615a-4d42-abd5-0f428af6dabd 9eaada05a4094fae8acc74af38d4a1c4 aeb0012c990747c792d7b509b074b6eb - - 43ef8f9da8064c9c943c44a72feaeb16 43ef8f9da8064c9c943c44a72feaeb16] 10.0.0.132 "GET /resource_providers/d01b8ceb-2c76-4fac-b9ae-f6582753e466/aggregates" status: 404 len: 235 microversion: 1.1 [pid: 8|app: 0|req: 597/1195] 10.0.0.132 () {32 vars in 815 bytes} [Thu May 14 02:09:22 2026] GET /resource_providers/d01b8ceb-2c76-4fac-b9ae-f6582753e466/aggregates => generated 235 bytes in 11 msecs (HTTP/1.1 404) 5 headers in 202 bytes (1 switches on core 0)
2026-05-14 02:09:22.624 7 INFO placement.requestlog [None req-ec9931ff-6ade-4e41-8ae5-aa9edc45d615 9eaada05a4094fae8acc74af38d4a1c4 aeb0012c990747c792d7b509b074b6eb - - 43ef8f9da8064c9c943c44a72feaeb16 43ef8f9da8064c9c943c44a72feaeb16] 10.0.0.132 "DELETE /resource_providers/d01b8ceb-2c76-4fac-b9ae-f6582753e466" status: 404 len: 246 microversion: 1.1 [pid: 7|app: 0|req: 599/1196] 10.0.0.132 () {34 vars in 815 bytes} [Thu May 14 02:09:22 2026] DELETE /resource_providers/d01b8ceb-2c76-4fac-b9ae-f6582753e466 => generated 246 bytes in 10 msecs (HTTP/1.1 404) 6 headers in 231 bytes (1 switches on core 0)
2026-05-14 02:09:22.626 8 INFO placement.requestlog [None req-982aabad-9b99-410b-b921-d846cc684469 9eaada05a4094fae8acc74af38d4a1c4 aeb0012c990747c792d7b509b074b6eb - - 43ef8f9da8064c9c943c44a72feaeb16 43ef8f9da8064c9c943c44a72feaeb16] 10.0.0.132 "DELETE /resource_providers/d01b8ceb-2c76-4fac-b9ae-f6582753e466" status: 404 len: 246 microversion: 1.1 [pid: 8|app: 0|req: 598/1197] 10.0.0.132 () {34 vars in 815 bytes} [Thu May 14 02:09:22 2026] DELETE /resource_providers/d01b8ceb-2c76-4fac-b9ae-f6582753e466 => generated 246 bytes in 10 msecs (HTTP/1.1 404) 6 headers in 231 bytes (1 switches on core 0)
2026-05-14 02:09:24.649 7 INFO placement.requestlog [None req-6a241108-924c-4e9a-8259-c4052dcb6741 9eaada05a4094fae8acc74af38d4a1c4 aeb0012c990747c792d7b509b074b6eb - - 43ef8f9da8064c9c943c44a72feaeb16 43ef8f9da8064c9c943c44a72feaeb16] 10.0.0.132 "GET /resource_providers/9dd239f4-33c0-493a-8c35-3ddb666c0ea7/aggregates" status: 404 len: 235 microversion: 1.1 [pid: 7|app: 0|req: 600/1198] 10.0.0.132 () {32 vars in 815 bytes} [Thu May 14 02:09:24 2026] GET /resource_providers/9dd239f4-33c0-493a-8c35-3ddb666c0ea7/aggregates => generated 235 bytes in 10 msecs (HTTP/1.1 404) 5 headers in 202 bytes (1 switches on core 0)
2026-05-14 02:09:24.652 8 INFO placement.requestlog [None req-8ca50fdb-0ba7-42da-90e3-265009aadfaa 9eaada05a4094fae8acc74af38d4a1c4 aeb0012c990747c792d7b509b074b6eb - - 43ef8f9da8064c9c943c44a72feaeb16 43ef8f9da8064c9c943c44a72feaeb16] 10.0.0.132 "GET /resource_providers/9dd239f4-33c0-493a-8c35-3ddb666c0ea7/aggregates" status: 404 len: 235 microversion: 1.1 [pid: 8|app: 0|req: 599/1199] 10.0.0.132 () {32 vars in 815 bytes} [Thu May 14 02:09:24 2026] GET /resource_providers/9dd239f4-33c0-493a-8c35-3ddb666c0ea7/aggregates => generated 235 bytes in 8 msecs (HTTP/1.1 404) 5 headers in 202 bytes (1 switches on core 0)
2026-05-14 02:09:24.665 8 INFO placement.requestlog [None req-81ffbe88-a1a2-4363-8a30-ad2063077ce7 9eaada05a4094fae8acc74af38d4a1c4 aeb0012c990747c792d7b509b074b6eb - - 43ef8f9da8064c9c943c44a72feaeb16 43ef8f9da8064c9c943c44a72feaeb16] 10.0.0.132 "DELETE /resource_providers/9dd239f4-33c0-493a-8c35-3ddb666c0ea7" status: 404 len: 246 microversion: 1.1 [pid: 8|app: 0|req: 600/1200] 10.0.0.132 () {34 vars in 815 bytes} [Thu May 14 02:09:24 2026] DELETE /resource_providers/9dd239f4-33c0-493a-8c35-3ddb666c0ea7 => generated 246 bytes in 6 msecs (HTTP/1.1 404) 6 headers in 231 bytes (1 switches on core 0)
2026-05-14 02:09:24.669 7 INFO placement.requestlog [None req-9c9d4e35-cc31-402d-b28e-db3017a2612b 9eaada05a4094fae8acc74af38d4a1c4 aeb0012c990747c792d7b509b074b6eb - - 43ef8f9da8064c9c943c44a72feaeb16 43ef8f9da8064c9c943c44a72feaeb16] 10.0.0.132 "DELETE /resource_providers/9dd239f4-33c0-493a-8c35-3ddb666c0ea7" status: 404 len: 246 microversion: 1.1 [pid: 7|app: 0|req: 601/1201] 10.0.0.132 () {34 vars in 815 bytes} [Thu May 14 02:09:24 2026] DELETE /resource_providers/9dd239f4-33c0-493a-8c35-3ddb666c0ea7 => generated 246 bytes in 11 msecs (HTTP/1.1 404) 6 headers in 231 bytes (1 switches on core 0)
2026-05-14 02:09:24.684 7 INFO placement.requestlog [None req-3fceaf3b-4d50-4c01-b5fe-398165184212 9eaada05a4094fae8acc74af38d4a1c4 aeb0012c990747c792d7b509b074b6eb - - 43ef8f9da8064c9c943c44a72feaeb16 43ef8f9da8064c9c943c44a72feaeb16] 10.0.0.132 "GET /resource_providers/65d08cc9-51c0-4556-bb51-e4c2277b00e7/aggregates" status: 404 len: 235 microversion: 1.1 [pid: 7|app: 0|req: 602/1202] 10.0.0.132 () {32 vars in 815 bytes} [Thu May 14 02:09:24 2026] GET /resource_providers/65d08cc9-51c0-4556-bb51-e4c2277b00e7/aggregates => generated 235 bytes in 8 msecs (HTTP/1.1 404) 5 headers in 202 bytes (1 switches on core 0)
2026-05-14 02:09:24.685 8 INFO placement.requestlog [None req-28023f35-f36e-4d2c-9625-88d316a92d96 9eaada05a4094fae8acc74af38d4a1c4 aeb0012c990747c792d7b509b074b6eb - - 43ef8f9da8064c9c943c44a72feaeb16 43ef8f9da8064c9c943c44a72feaeb16] 10.0.0.132 "GET /resource_providers/65d08cc9-51c0-4556-bb51-e4c2277b00e7/aggregates" status: 404 len: 235 microversion: 1.1 [pid: 8|app: 0|req: 601/1203] 10.0.0.132 () {32 vars in 815 bytes} [Thu May 14 02:09:24 2026] GET /resource_providers/65d08cc9-51c0-4556-bb51-e4c2277b00e7/aggregates => generated 235 bytes in 11 msecs (HTTP/1.1 404) 5 headers in 202 bytes (1 switches on core 0)
2026-05-14 02:09:24.703 8 INFO placement.requestlog [None req-4417c2a9-b57a-4f5c-ad0f-4a4b07c5587c 9eaada05a4094fae8acc74af38d4a1c4 aeb0012c990747c792d7b509b074b6eb - - 43ef8f9da8064c9c943c44a72feaeb16 43ef8f9da8064c9c943c44a72feaeb16] 10.0.0.132 "DELETE /resource_providers/65d08cc9-51c0-4556-bb51-e4c2277b00e7" status: 404 len: 246 microversion: 1.1
2026-05-14 02:09:24.703 7 INFO placement.requestlog [None req-0c478b6d-6909-4643-bf48-0004e4fc0e86 9eaada05a4094fae8acc74af38d4a1c4 aeb0012c990747c792d7b509b074b6eb - - 43ef8f9da8064c9c943c44a72feaeb16 43ef8f9da8064c9c943c44a72feaeb16] 10.0.0.132 "DELETE /resource_providers/65d08cc9-51c0-4556-bb51-e4c2277b00e7" status: 404 len: 246 microversion: 1.1 [pid: 8|app: 0|req: 602/1204] 10.0.0.132 () {34 vars in 815 bytes} [Thu May 14 02:09:24 2026] DELETE /resource_providers/65d08cc9-51c0-4556-bb51-e4c2277b00e7 => generated 246 bytes in 7 msecs (HTTP/1.1 404) 6 headers in 231 bytes (1 switches on core 0) [pid: 7|app: 0|req: 603/1205] 10.0.0.132 () {34 vars in 815 bytes} [Thu May 14 02:09:24 2026] DELETE /resource_providers/65d08cc9-51c0-4556-bb51-e4c2277b00e7 => generated 246 bytes in 10 msecs (HTTP/1.1 404) 6 headers in 231 bytes (1 switches on core 0)
2026-05-14 02:09:28.111 7 INFO placement.requestlog [None req-a30d8563-d233-4cb0-9ba2-3d4a9f7c452c - - - - - -] 10.0.0.66 "GET /" status: 200 len: 136 microversion: 1.0
2026-05-14 02:09:28.111 8 INFO placement.requestlog [None req-0d547e86-71d7-4a84-ba89-6f50227f80a0 - - - - - -] 10.0.0.66 "GET /" status: 200 len: 136 microversion: 1.0
2026-05-14 02:09:32.287 7 INFO placement.requestlog [req-ac16163c-db04-406a-9eb5-bb77a1d1033f req-8b356f32-39d7-4a3e-b4cf-6cf213e2cfae 9ebe24b3e86f443e88b2b3a83b81d12b aeb0012c990747c792d7b509b074b6eb - - 43ef8f9da8064c9c943c44a72feaeb16 43ef8f9da8064c9c943c44a72feaeb16] 199.204.45.238 "GET /resource_providers/0a0cd15c-98cc-4522-b57d-442ea509ebf6/allocations" status: 200 len: 55 microversion: 1.0 [pid: 7|app: 0|req: 605/1208] 199.204.45.238 () {32 vars in 856 bytes} [Thu May 14 02:09:32 2026] GET /resource_providers/0a0cd15c-98cc-4522-b57d-442ea509ebf6/allocations => generated 55 bytes in 15 msecs (HTTP/1.1 200) 6 headers in 223 bytes (1 switches on core 0)
2026-05-14 02:09:32.305 8 INFO placement.requestlog [req-ac16163c-db04-406a-9eb5-bb77a1d1033f req-dd013fc1-6f31-4abd-a4ae-b3304b7859eb 9ebe24b3e86f443e88b2b3a83b81d12b aeb0012c990747c792d7b509b074b6eb - - 43ef8f9da8064c9c943c44a72feaeb16 43ef8f9da8064c9c943c44a72feaeb16] 199.204.45.238 "GET /resource_providers/0a0cd15c-98cc-4522-b57d-442ea509ebf6/allocations" status: 200 len: 55 microversion: 1.0 [pid: 8|app: 0|req: 604/1209] 199.204.45.238 () {32 vars in 856 bytes} [Thu May 14 02:09:32 2026] GET /resource_providers/0a0cd15c-98cc-4522-b57d-442ea509ebf6/allocations => generated 55 bytes in 10 msecs (HTTP/1.1 200) 6 headers in 223 bytes (1 switches on core 0)
2026-05-14 02:09:38.111 8 INFO placement.requestlog [None req-c71778b7-9151-4b78-8249-eb0ab0cf5efe - - - - - -] 10.0.0.66 "GET /" status: 200 len: 136 microversion: 1.0
2026-05-14 02:09:38.111 7 INFO placement.requestlog [None req-9c898382-8e7d-46a5-8272-51f423112e04 - - - - - -] 10.0.0.66 "GET /" status: 200 len: 136 microversion: 1.0
2026-05-14 02:09:48.112 7 INFO placement.requestlog [None req-6a873838-f645-4d03-9ae2-4afbbc871f06 - - - - - -] 10.0.0.66 "GET /" status: 200 len: 136 microversion: 1.0
2026-05-14 02:09:48.113 8 INFO placement.requestlog [None req-aace7d59-2f58-48e0-ab68-367e7aac2f84 - - - - - -] 10.0.0.66 "GET /" status: 200 len: 136 microversion: 1.0
2026-05-14 02:09:58.111 7 INFO placement.requestlog [None req-b7da1f3c-b57a-49ab-98e2-b9b8832f71a8 - - - - - -] 10.0.0.66 "GET /" status: 200 len: 136 microversion: 1.0
2026-05-14 02:09:58.111 8 INFO placement.requestlog [None req-d2f8f973-207d-47b9-ba55-ef382949e1fc - - - - - -] 10.0.0.66 "GET /" status: 200 len: 136 microversion: 1.0
2026-05-14 02:10:08.111 7 INFO placement.requestlog [None req-67dff9f3-b5a8-4f0c-bdc4-d6ee64998655 - - - - - -] 10.0.0.66 "GET /" status: 200 len: 136 microversion: 1.0
2026-05-14 02:10:08.111 8 INFO placement.requestlog [None req-d527c0cc-c4cc-4d8a-ba41-99134394f883 - - - - - -] 10.0.0.66 "GET /" status: 200 len: 136 microversion: 1.0
2026-05-14 02:10:18.111 7 INFO placement.requestlog [None req-d307ed60-93f0-499d-bb8a-ce548d94536d - - - - - -] 10.0.0.66 "GET /" status: 200 len: 136 microversion: 1.0
2026-05-14 02:10:18.112 8 INFO placement.requestlog [None req-54af9041-0a40-414a-b12d-acf5a1d33f47 - - - - - -] 10.0.0.66 "GET /" status: 200 len: 136 microversion: 1.0
2026-05-14 02:10:28.111 7 INFO placement.requestlog [None req-74637add-6479-4acd-a4c9-875739bdb517 - - - - - -] 10.0.0.66 "GET /" status: 200 len: 136 microversion: 1.0
2026-05-14 02:10:28.111 8 INFO placement.requestlog [None req-9cd9fb5b-ea4a-4399-a389-6592df51fe6e - - - - - -] 10.0.0.66 "GET /" status: 200 len: 136 microversion: 1.0
2026-05-14 02:10:32.768 7 INFO placement.requestlog [req-c738b002-e82d-448c-9ce7-2c2d6d6c5209 req-31f4edce-7bc8-4507-8260-82f5d1295baa 9ebe24b3e86f443e88b2b3a83b81d12b aeb0012c990747c792d7b509b074b6eb - - 43ef8f9da8064c9c943c44a72feaeb16 43ef8f9da8064c9c943c44a72feaeb16] 199.204.45.238 "GET /resource_providers/0a0cd15c-98cc-4522-b57d-442ea509ebf6/allocations" status: 200 len: 55 microversion: 1.0 [pid: 7|app: 0|req: 612/1222] 199.204.45.238 () {32 vars in 856 bytes} [Thu May 14 02:10:32 2026] GET /resource_providers/0a0cd15c-98cc-4522-b57d-442ea509ebf6/allocations => generated 55 bytes in 196 msecs (HTTP/1.1 200) 6 headers in 223 bytes (1 switches on core 0)
2026-05-14 02:10:32.792 8 INFO placement.requestlog [req-c738b002-e82d-448c-9ce7-2c2d6d6c5209 req-1686458c-5f28-4e0d-a722-4bce73ab7ccb 9ebe24b3e86f443e88b2b3a83b81d12b aeb0012c990747c792d7b509b074b6eb - - 43ef8f9da8064c9c943c44a72feaeb16 43ef8f9da8064c9c943c44a72feaeb16] 199.204.45.238 "GET /resource_providers?in_tree=0a0cd15c-98cc-4522-b57d-442ea509ebf6" status: 200 len: 798 microversion: 1.14 [pid: 8|app: 0|req: 611/1223] 199.204.45.238 () {34 vars in 891 bytes} [Thu May 14 02:10:32 2026] GET /resource_providers?in_tree=0a0cd15c-98cc-4522-b57d-442ea509ebf6 => generated 798 bytes in 20 msecs (HTTP/1.1 200) 6 headers in 225 bytes (1 switches on core 0)
2026-05-14 02:10:32.814 7 INFO placement.requestlog [req-c738b002-e82d-448c-9ce7-2c2d6d6c5209 req-38b60b34-31cf-4280-bb6a-f62f6e21a741 9ebe24b3e86f443e88b2b3a83b81d12b aeb0012c990747c792d7b509b074b6eb - - 43ef8f9da8064c9c943c44a72feaeb16 43ef8f9da8064c9c943c44a72feaeb16] 199.204.45.238 "GET /resource_providers/0a0cd15c-98cc-4522-b57d-442ea509ebf6/inventories" status: 200 len: 401 microversion: 1.0 [pid: 7|app: 0|req: 613/1224] 199.204.45.238 () {32 vars in 856 bytes} [Thu May 14 02:10:32 2026] GET /resource_providers/0a0cd15c-98cc-4522-b57d-442ea509ebf6/inventories => generated 401 bytes in 18 msecs (HTTP/1.1 200) 6 headers in 224 bytes (1 switches on core 0)
