2026-05-14 02:02:19.241 8 INFO neutron_taas.services.taas.taas_plugin [None req-69ae50de-4c5f-44e9-9c77-82cf128f0e6a d1e030e7f54f4d2e8981119d9407d49a d2af4aba3aa54021ba6bdf3a0fb620fd - - default default] TaaS: Handle Delete Port: b818c3c5-3313-4402-b9fe-af4bc5822377
2026-05-14 02:02:19.247 8 INFO neutron_taas.services.taas.tap_mirror_plugin [None req-69ae50de-4c5f-44e9-9c77-82cf128f0e6a d1e030e7f54f4d2e8981119d9407d49a d2af4aba3aa54021ba6bdf3a0fb620fd - - default default] Tap Mirror: Handle Delete Port: b818c3c5-3313-4402-b9fe-af4bc5822377
2026-05-14 02:02:19.650 7 WARNING neutron.scheduler.dhcp_agent_scheduler [None req-bca3da68-7d99-41c7-bfb0-caa6c65eca84 c4b0b5c74a874028ab02b0df463d0075 d34e9723e1074f1c940bf45c1a0c7be7 - - default default] No more DHCP agents
2026-05-14 02:02:19.653 7 WARNING neutron.api.rpc.agentnotifiers.dhcp_rpc_agent_api [None req-bca3da68-7d99-41c7-bfb0-caa6c65eca84 c4b0b5c74a874028ab02b0df463d0075 d34e9723e1074f1c940bf45c1a0c7be7 - - default default] Unable to schedule network db376de4-92bd-404f-81c1-f40c55518b19: no agents available; will retry on subsequent port and subnet creation events. [pid: 8|app: 0|req: 619/1219] 10.0.0.250 () {32 vars in 724 bytes} [Thu May 14 02:02:18 2026] DELETE /v2.0/routers/1754a0d6-21dd-42a8-90ff-564169a41f14 => generated 0 bytes in 907 msecs (HTTP/1.1 204) 2 headers in 112 bytes (1 switches on core 0) [pid: 8|app: 0|req: 620/1220] 10.0.0.238 () {34 vars in 990 bytes} [Thu May 14 02:02:19 2026] GET /v2.0/ports?device_id=9385e3ed-5703-45b6-a7a8-d1ecb5eab5d3 => generated 12 bytes in 17 msecs (HTTP/1.1 200) 4 headers in 156 bytes (1 switches on core 0)
2026-05-14 02:02:19.798 7 INFO neutron.plugins.ml2.drivers.ovn.mech_driver.mech_driver [None req-64b9de62-b3c1-4353-a244-467a88a6aee1 - - - - - -] OVN reports status down for port: 29f1983e-a8ac-46b0-ba34-6ba605178b81
2026-05-14 02:02:19.855 7 INFO neutron.db.ovn_revision_numbers_db [None req-bca3da68-7d99-41c7-bfb0-caa6c65eca84 c4b0b5c74a874028ab02b0df463d0075 d34e9723e1074f1c940bf45c1a0c7be7 - - default default] Successfully bumped revision number for resource 29f1983e-a8ac-46b0-ba34-6ba605178b81 (type: ports) to 1 [pid: 8|app: 0|req: 621/1221] 10.0.0.250 () {32 vars in 724 bytes} [Thu May 14 02:02:19 2026] DELETE /v2.0/subnets/375a6258-0284-4aff-8357-c99f489a291a => generated 0 bytes in 174 msecs (HTTP/1.1 204) 3 headers in 131 bytes (1 switches on core 0)
2026-05-14 02:02:20.031 8 INFO neutron_taas.services.taas.taas_plugin [None req-6b1ce212-725b-4d19-8cec-eede6d49703b d1e030e7f54f4d2e8981119d9407d49a d2af4aba3aa54021ba6bdf3a0fb620fd - - default default] TaaS: Handle Delete Port: 7b2a2818-f141-4e38-9dc2-57208890b25b
2026-05-14 02:02:20.034 8 INFO neutron_taas.services.taas.tap_mirror_plugin [None req-6b1ce212-725b-4d19-8cec-eede6d49703b d1e030e7f54f4d2e8981119d9407d49a d2af4aba3aa54021ba6bdf3a0fb620fd - - default default] Tap Mirror: Handle Delete Port: 7b2a2818-f141-4e38-9dc2-57208890b25b
2026-05-14 02:02:20.242 8 INFO neutron.services.segments.plugin [-] Segment 769c1e50-65ac-49b1-983d-99f79955218d resource provider aggregate not found
2026-05-14 02:02:20.249 8 INFO neutron.services.segments.plugin [-] Segment 769c1e50-65ac-49b1-983d-99f79955218d resource provider aggregate not found
2026-05-14 02:02:20.264 8 INFO neutron.services.segments.plugin [-] Segment 769c1e50-65ac-49b1-983d-99f79955218d resource provider not found; error: Placement Client Error (4xx): {"errors": [{"status": 404, "title": "Not Found", "detail": "The resource could not be found.\n\n No resource provider with uuid 769c1e50-65ac-49b1-983d-99f79955218d found for delete ", "request_id": "req-864a8f09-d704-4bf8-918e-edd126f7d763"}]}
2026-05-14 02:02:20.277 8 INFO neutron.services.segments.plugin [-] Segment 769c1e50-65ac-49b1-983d-99f79955218d resource provider not found; error: Placement Client Error (4xx): {"errors": [{"status": 404, "title": "Not Found", "detail": "The resource could not be found.\n\n No resource provider with uuid 769c1e50-65ac-49b1-983d-99f79955218d found for delete ", "request_id": "req-5745836a-565e-4fc5-b9cc-979a300c1bba"}]} [pid: 8|app: 0|req: 622/1222] 10.0.0.250 () {32 vars in 726 bytes} [Thu May 14 02:02:19 2026] DELETE /v2.0/networks/2b2458b2-52fa-4604-a41b-28f394de5a73 => generated 0 bytes in 383 msecs (HTTP/1.1 204) 3 headers in 131 bytes (1 switches on core 0) [pid: 8|app: 0|req: 623/1223] 10.0.0.250 () {32 vars in 774 bytes} [Thu May 14 02:02:20 2026] GET /v2.0/security-groups?tenant_id=77100bdf24a646ddae6a0fc95d9f9b60&name=default => generated 2925 bytes in 53 msecs (HTTP/1.1 200) 4 headers in 158 bytes (1 switches on core 0)
2026-05-14 02:02:20.520 8 WARNING neutron.plugins.ml2.drivers.ovn.mech_driver.ovsdb.ovn_client [None req-ab8e4c26-0b67-42e7-ae7f-8e5424b37a00 - - - - - -] No port found with ID 3cd580af-7b0e-48ba-85e4-fdde6b5ca188: RuntimeError: No port found with ID 3cd580af-7b0e-48ba-85e4-fdde6b5ca188
2026-05-14 02:02:20.606 7 INFO neutron.plugins.ml2.drivers.ovn.mech_driver.ovsdb.commands [None req-2f21592f-86be-4157-9232-213afd055986 - - - - - -] Schedule LRP lrp-29f1983e-a8ac-46b0-ba34-6ba605178b81 on gateway 9b562277-e5c3-41bc-9982-a00f34f99022 with priority 1
2026-05-14 02:02:20.656 7 INFO neutron.plugins.ml2.drivers.ovn.mech_driver.mech_driver [None req-64b9de62-b3c1-4353-a244-467a88a6aee1 - - - - - -] OVN reports status up for port: 29f1983e-a8ac-46b0-ba34-6ba605178b81
2026-05-14 02:02:20.689 7 INFO neutron.plugins.ml2.plugin [None req-64b9de62-b3c1-4353-a244-467a88a6aee1 - - - - - -] Attempt 1 to provision port 29f1983e-a8ac-46b0-ba34-6ba605178b81
2026-05-14 02:02:20.716 7 INFO neutron.db.ovn_revision_numbers_db [None req-bca3da68-7d99-41c7-bfb0-caa6c65eca84 c4b0b5c74a874028ab02b0df463d0075 d34e9723e1074f1c940bf45c1a0c7be7 - - default default] Successfully bumped revision number for resource 29f1983e-a8ac-46b0-ba34-6ba605178b81 (type: router_ports) to 1 [pid: 8|app: 0|req: 624/1224] 10.0.0.250 () {32 vars in 740 bytes} [Thu May 14 02:02:20 2026] DELETE /v2.0/security-groups/b24b2a95-4912-4151-90c6-d085cd9f6ba0 => generated 0 bytes in 275 msecs (HTTP/1.1 204) 2 headers in 112 bytes (1 switches on core 0)
2026-05-14 02:02:20.870 7 INFO neutron.db.ovn_revision_numbers_db [None req-bca3da68-7d99-41c7-bfb0-caa6c65eca84 c4b0b5c74a874028ab02b0df463d0075 d34e9723e1074f1c940bf45c1a0c7be7 - - default default] Successfully bumped revision number for resource 927d33e7-a5e3-44d6-a4a8-f96ed3dee5f8 (type: routers) to 2 [pid: 7|app: 0|req: 601/1225] 10.0.0.250 () {34 vars in 669 bytes} [Thu May 14 02:02:19 2026] POST /v2.0/routers => generated 952 bytes in 1650 msecs (HTTP/1.1 201) 4 headers in 162 bytes (1 switches on core 0) [pid: 7|app: 0|req: 602/1226] 10.0.0.238 () {34 vars in 990 bytes} [Thu May 14 02:02:20 2026] GET /v2.0/ports?device_id=9385e3ed-5703-45b6-a7a8-d1ecb5eab5d3 => generated 12 bytes in 26 msecs (HTTP/1.1 200) 4 headers in 156 bytes (1 switches on core 0) [pid: 7|app: 0|req: 603/1227] 10.0.0.250 () {32 vars in 721 bytes} [Thu May 14 02:02:20 2026] GET /v2.0/routers/927d33e7-a5e3-44d6-a4a8-f96ed3dee5f8 => generated 958 bytes in 70 msecs (HTTP/1.1 200) 4 headers in 157 bytes (1 switches on core 0) [pid: 7|app: 0|req: 604/1228] 10.0.0.250 () {32 vars in 647 bytes} [Thu May 14 02:02:20 2026] GET /v2.0/routers => generated 961 bytes in 104 msecs (HTTP/1.1 200) 4 headers in 157 bytes (1 switches on core 0)
2026-05-14 02:02:21.177 8 INFO neutron.db.ovn_revision_numbers_db [None req-558b3700-76e6-4970-912f-236415495985 514f1d2da87044928c0d6babfb8a2830 d515be15abd94823845171de50670e52 - - default default] Successfully bumped revision number for resource 67240d19-4800-420e-891d-d562dbbe1d16 (type: security_groups) to 1
2026-05-14 02:02:21.194 8 INFO neutron.db.ovn_revision_numbers_db [None req-558b3700-76e6-4970-912f-236415495985 514f1d2da87044928c0d6babfb8a2830 d515be15abd94823845171de50670e52 - - default default] Successfully bumped revision number for resource 046d9f9b-d169-4a44-b865-a612ce2c9cb3 (type: security_group_rules) to 0
2026-05-14 02:02:21.209 8 INFO neutron.db.ovn_revision_numbers_db [None req-558b3700-76e6-4970-912f-236415495985 514f1d2da87044928c0d6babfb8a2830 d515be15abd94823845171de50670e52 - - default default] Successfully bumped revision number for resource 1d65912a-6b7c-4a8b-85bc-e91318d90d33 (type: security_group_rules) to 0
2026-05-14 02:02:21.222 8 INFO neutron.db.ovn_revision_numbers_db [None req-558b3700-76e6-4970-912f-236415495985 514f1d2da87044928c0d6babfb8a2830 d515be15abd94823845171de50670e52 - - default default] Successfully bumped revision number for resource a28d276c-5ea9-47a6-8472-5de750f67016 (type: security_group_rules) to 0
2026-05-14 02:02:21.234 8 INFO neutron.db.ovn_revision_numbers_db [None req-558b3700-76e6-4970-912f-236415495985 514f1d2da87044928c0d6babfb8a2830 d515be15abd94823845171de50670e52 - - default default] Successfully bumped revision number for resource a8472cc4-175c-444e-af0f-c51396706af5 (type: security_group_rules) to 0
2026-05-14 02:02:21.311 8 INFO neutron.db.segments_db [None req-558b3700-76e6-4970-912f-236415495985 514f1d2da87044928c0d6babfb8a2830 d515be15abd94823845171de50670e52 - - default default] Added segment 7851c596-4e4c-4a09-b872-d9dfd60eb1a1 of type geneve for network 580ca202-5596-45ac-80bd-b64bd29e287c
2026-05-14 02:02:21.442 8 INFO neutron.db.ovn_revision_numbers_db [None req-558b3700-76e6-4970-912f-236415495985 514f1d2da87044928c0d6babfb8a2830 d515be15abd94823845171de50670e52 - - default default] Successfully bumped revision number for resource 580ca202-5596-45ac-80bd-b64bd29e287c (type: networks) to 1
2026-05-14 02:02:21.627 8 WARNING neutron.scheduler.dhcp_agent_scheduler [None req-558b3700-76e6-4970-912f-236415495985 514f1d2da87044928c0d6babfb8a2830 d515be15abd94823845171de50670e52 - - default default] No more DHCP agents
2026-05-14 02:02:21.629 8 WARNING neutron.api.rpc.agentnotifiers.dhcp_rpc_agent_api [None req-558b3700-76e6-4970-912f-236415495985 514f1d2da87044928c0d6babfb8a2830 d515be15abd94823845171de50670e52 - - default default] Unable to schedule network 580ca202-5596-45ac-80bd-b64bd29e287c: no agents available; will retry on subsequent port and subnet creation events.
2026-05-14 02:02:21.696 8 INFO neutron.plugins.ml2.drivers.ovn.mech_driver.mech_driver [None req-ab8e4c26-0b67-42e7-ae7f-8e5424b37a00 - - - - - -] OVN reports status down for port: d7a2163f-bbf6-4132-8b55-d6a029dc5660
2026-05-14 02:02:21.755 8 INFO neutron.db.ovn_revision_numbers_db [None req-558b3700-76e6-4970-912f-236415495985 514f1d2da87044928c0d6babfb8a2830 d515be15abd94823845171de50670e52 - - default default] Successfully bumped revision number for resource d7a2163f-bbf6-4132-8b55-d6a029dc5660 (type: ports) to 1
2026-05-14 02:02:21.793 7 INFO neutron.db.ovn_revision_numbers_db [None req-5e18fe84-dbb1-482a-b73a-99fd303d2e25 c4b0b5c74a874028ab02b0df463d0075 d34e9723e1074f1c940bf45c1a0c7be7 - - default default] Successfully bumped revision number for resource 927d33e7-a5e3-44d6-a4a8-f96ed3dee5f8 (type: routers) to 3 [pid: 7|app: 0|req: 605/1229] 10.0.0.250 () {34 vars in 741 bytes} [Thu May 14 02:02:21 2026] PUT /v2.0/routers/927d33e7-a5e3-44d6-a4a8-f96ed3dee5f8 => generated 965 bytes in 697 msecs (HTTP/1.1 200) 4 headers in 157 bytes (1 switches on core 0) [pid: 8|app: 0|req: 625/1230] 10.0.0.250 () {34 vars in 670 bytes} [Thu May 14 02:02:20 2026] POST /v2.0/networks => generated 664 bytes in 1000 msecs (HTTP/1.1 201) 4 headers in 162 bytes (1 switches on core 0) [pid: 8|app: 0|req: 626/1231] 10.0.0.250 () {32 vars in 721 bytes} [Thu May 14 02:02:21 2026] GET /v2.0/routers/927d33e7-a5e3-44d6-a4a8-f96ed3dee5f8 => generated 965 bytes in 74 msecs (HTTP/1.1 200) 4 headers in 157 bytes (1 switches on core 0) [pid: 8|app: 0|req: 627/1232] 10.0.0.250 () {32 vars in 736 bytes} [Thu May 14 02:02:21 2026] GET /v2.0/ports?device_id=927d33e7-a5e3-44d6-a4a8-f96ed3dee5f8 => generated 12 bytes in 18 msecs (HTTP/1.1 200) 4 headers in 156 bytes (1 switches on core 0)
2026-05-14 02:02:22.032 7 WARNING neutron.scheduler.dhcp_agent_scheduler [None req-f2bdccec-1c20-4814-aa1a-bf91a3afb243 514f1d2da87044928c0d6babfb8a2830 d515be15abd94823845171de50670e52 - - default default] No more DHCP agents
2026-05-14 02:02:22.033 7 WARNING neutron.api.rpc.agentnotifiers.dhcp_rpc_agent_api [None req-f2bdccec-1c20-4814-aa1a-bf91a3afb243 514f1d2da87044928c0d6babfb8a2830 d515be15abd94823845171de50670e52 - - default default] Unable to schedule network 580ca202-5596-45ac-80bd-b64bd29e287c: no agents available; will retry on subsequent port and subnet creation events.
2026-05-14 02:02:22.103 8 INFO neutron.plugins.ml2.drivers.ovn.mech_driver.mech_driver [None req-ab8e4c26-0b67-42e7-ae7f-8e5424b37a00 - - - - - -] OVN reports status down for port: 1cc31e01-3509-4c16-b081-01776021352c
2026-05-14 02:02:22.124 7 INFO neutron.db.ovn_revision_numbers_db [None req-f2bdccec-1c20-4814-aa1a-bf91a3afb243 514f1d2da87044928c0d6babfb8a2830 d515be15abd94823845171de50670e52 - - default default] Successfully bumped revision number for resource 1cc31e01-3509-4c16-b081-01776021352c (type: ports) to 1 [pid: 7|app: 0|req: 606/1233] 10.0.0.250 () {34 vars in 665 bytes} [Thu May 14 02:02:21 2026] POST /v2.0/ports => generated 775 bytes in 371 msecs (HTTP/1.1 201) 4 headers in 162 bytes (1 switches on core 0) /var/lib/openstack/lib/python3.12/site-packages/pycadf/identifier.py:70: UserWarning: Invalid uuid: neutron. To ensure interoperability, identifiers should be a valid uuid. warnings.warn(('Invalid uuid: %s. To ensure interoperability, ' [pid: 7|app: 0|req: 607/1234] 10.0.0.250 () {32 vars in 740 bytes} [Thu May 14 02:02:22 2026] DELETE /v2.0/security-groups/d82b61d8-9bec-4a84-9a4a-be7fce518635 => generated 0 bytes in 197 msecs (HTTP/1.1 204) 2 headers in 112 bytes (1 switches on core 0)
2026-05-14 02:02:22.392 8 INFO neutron_taas.services.taas.taas_plugin [None req-31ba3432-37c5-4760-a7ed-40986971ab3e c4b0b5c74a874028ab02b0df463d0075 d34e9723e1074f1c940bf45c1a0c7be7 - - default default] TaaS: Handle Delete Port: 29f1983e-a8ac-46b0-ba34-6ba605178b81
2026-05-14 02:02:22.396 8 INFO neutron_taas.services.taas.tap_mirror_plugin [None req-31ba3432-37c5-4760-a7ed-40986971ab3e c4b0b5c74a874028ab02b0df463d0075 d34e9723e1074f1c940bf45c1a0c7be7 - - default default] Tap Mirror: Handle Delete Port: 29f1983e-a8ac-46b0-ba34-6ba605178b81
2026-05-14 02:02:22.475 7 INFO neutron.db.segments_db [None req-4395aa7d-3c35-4f02-a1e1-0e01be76e1ee 514f1d2da87044928c0d6babfb8a2830 d515be15abd94823845171de50670e52 - - default default] Added segment 141287da-9c34-46aa-9e98-c588ebddc19e of type geneve for network cd4041e7-0c12-47b9-a50f-aa92304b3716
2026-05-14 02:02:22.584 7 INFO neutron.db.ovn_revision_numbers_db [None req-4395aa7d-3c35-4f02-a1e1-0e01be76e1ee 514f1d2da87044928c0d6babfb8a2830 d515be15abd94823845171de50670e52 - - default default] Successfully bumped revision number for resource cd4041e7-0c12-47b9-a50f-aa92304b3716 (type: networks) to 1 [pid: 8|app: 0|req: 628/1235] 10.0.0.250 () {32 vars in 724 bytes} [Thu May 14 02:02:21 2026] DELETE /v2.0/routers/927d33e7-a5e3-44d6-a4a8-f96ed3dee5f8 => generated 0 bytes in 876 msecs (HTTP/1.1 204) 2 headers in 112 bytes (1 switches on core 0)
2026-05-14 02:02:22.794 7 WARNING neutron.scheduler.dhcp_agent_scheduler [None req-4395aa7d-3c35-4f02-a1e1-0e01be76e1ee 514f1d2da87044928c0d6babfb8a2830 d515be15abd94823845171de50670e52 - - default default] No more DHCP agents
2026-05-14 02:02:22.796 7 WARNING neutron.api.rpc.agentnotifiers.dhcp_rpc_agent_api [None req-4395aa7d-3c35-4f02-a1e1-0e01be76e1ee 514f1d2da87044928c0d6babfb8a2830 d515be15abd94823845171de50670e52 - - default default] Unable to schedule network cd4041e7-0c12-47b9-a50f-aa92304b3716: no agents available; will retry on subsequent port and subnet creation events.
2026-05-14 02:02:22.799 8 INFO neutron.api.v2.resource [None req-130c402d-b405-4847-bb1e-79d7af4669cd d7d5467f862b48a1af35d2dc4f5293d0 a6ddaeb4a7c94e54a6ae8a1e93ed65ec - - default default] show failed (client error): The resource could not be found. [pid: 8|app: 0|req: 629/1236] 10.0.0.250 () {32 vars in 737 bytes} [Thu May 14 02:02:22 2026] GET /v2.0/security-groups/d82b61d8-9bec-4a84-9a4a-be7fce518635 => generated 146 bytes in 18 msecs (HTTP/1.1 404) 4 headers in 164 bytes (1 switches on core 0) [pid: 8|app: 0|req: 630/1237] 10.0.0.250 () {32 vars in 736 bytes} [Thu May 14 02:02:22 2026] GET /v2.0/ports?device_id=927d33e7-a5e3-44d6-a4a8-f96ed3dee5f8 => generated 12 bytes in 16 msecs (HTTP/1.1 200) 4 headers in 156 bytes (1 switches on core 0)
2026-05-14 02:02:22.871 8 INFO neutron.plugins.ml2.drivers.ovn.mech_driver.mech_driver [None req-ab8e4c26-0b67-42e7-ae7f-8e5424b37a00 - - - - - -] OVN reports status down for port: 3ff8445f-6e7b-42de-8c31-129880461b32
2026-05-14 02:02:22.880 7 INFO neutron.db.ovn_revision_numbers_db [None req-4395aa7d-3c35-4f02-a1e1-0e01be76e1ee 514f1d2da87044928c0d6babfb8a2830 d515be15abd94823845171de50670e52 - - default default] Successfully bumped revision number for resource 3ff8445f-6e7b-42de-8c31-129880461b32 (type: ports) to 1 [pid: 7|app: 0|req: 608/1238] 10.0.0.250 () {34 vars in 670 bytes} [Thu May 14 02:02:22 2026] POST /v2.0/networks => generated 650 bytes in 535 msecs (HTTP/1.1 201) 4 headers in 162 bytes (1 switches on core 0)
2026-05-14 02:02:22.930 7 INFO neutron.api.v2.resource [None req-c6e1ecdb-f314-4df9-8ccf-35b9722e3ac1 c4b0b5c74a874028ab02b0df463d0075 d34e9723e1074f1c940bf45c1a0c7be7 - - default default] delete failed (client error): The resource could not be found. [pid: 7|app: 0|req: 609/1239] 10.0.0.250 () {32 vars in 724 bytes} [Thu May 14 02:02:22 2026] DELETE /v2.0/routers/927d33e7-a5e3-44d6-a4a8-f96ed3dee5f8 => generated 135 bytes in 21 msecs (HTTP/1.1 404) 4 headers in 164 bytes (1 switches on core 0)
2026-05-14 02:02:23.048 8 INFO neutron_taas.services.taas.taas_plugin [None req-868da744-8110-402f-b09c-553e1387d692 d7d5467f862b48a1af35d2dc4f5293d0 a6ddaeb4a7c94e54a6ae8a1e93ed65ec - - default default] TaaS: Handle Delete Port: 72ee0b57-37c8-47af-8cff-19793c707dc5
2026-05-14 02:02:23.051 8 INFO neutron_taas.services.taas.tap_mirror_plugin [None req-868da744-8110-402f-b09c-553e1387d692 d7d5467f862b48a1af35d2dc4f5293d0 a6ddaeb4a7c94e54a6ae8a1e93ed65ec - - default default] Tap Mirror: Handle Delete Port: 72ee0b57-37c8-47af-8cff-19793c707dc5
2026-05-14 02:02:23.106 7 WARNING neutron.scheduler.dhcp_agent_scheduler [None req-bc7e016d-f008-40f1-be5b-c6d44cbe4e73 514f1d2da87044928c0d6babfb8a2830 d515be15abd94823845171de50670e52 - - default default] No more DHCP agents
2026-05-14 02:02:23.107 7 WARNING neutron.api.rpc.agentnotifiers.dhcp_rpc_agent_api [None req-bc7e016d-f008-40f1-be5b-c6d44cbe4e73 514f1d2da87044928c0d6babfb8a2830 d515be15abd94823845171de50670e52 - - default default] Unable to schedule network cd4041e7-0c12-47b9-a50f-aa92304b3716: no agents available; will retry on subsequent port and subnet creation events. [pid: 8|app: 0|req: 631/1240] 10.0.0.250 () {32 vars in 732 bytes} [Thu May 14 02:02:22 2026] DELETE /v2.0/floatingips/4339e1b6-afa0-4a15-a5d4-c1dcd2b70c5b => generated 0 bytes in 408 msecs (HTTP/1.1 204) 2 headers in 112 bytes (1 switches on core 0) [pid: 8|app: 0|req: 632/1241] 10.0.0.250 () {32 vars in 736 bytes} [Thu May 14 02:02:23 2026] GET /v2.0/ports?device_id=543bcfde-0e7c-455c-8684-08c534c31664 => generated 12 bytes in 16 msecs (HTTP/1.1 200) 4 headers in 156 bytes (1 switches on core 0)
2026-05-14 02:02:23.516 8 INFO neutron_taas.services.taas.taas_plugin [None req-f4fe6d1a-fd39-447f-b4bd-260cabce7076 d1e030e7f54f4d2e8981119d9407d49a d2af4aba3aa54021ba6bdf3a0fb620fd - - default default] TaaS: Handle Delete Port: 4a6174d1-361d-4344-aa6d-2672fd18560a
2026-05-14 02:02:23.518 8 INFO neutron_taas.services.taas.tap_mirror_plugin [None req-f4fe6d1a-fd39-447f-b4bd-260cabce7076 d1e030e7f54f4d2e8981119d9407d49a d2af4aba3aa54021ba6bdf3a0fb620fd - - default default] Tap Mirror: Handle Delete Port: 4a6174d1-361d-4344-aa6d-2672fd18560a
2026-05-14 02:02:23.579 7 INFO neutron.db.ovn_revision_numbers_db [None req-98d3ecea-d753-4a55-a7b4-d889b3b7bdb4 - - - - - -] Successfully bumped revision number for resource 3ff8445f-6e7b-42de-8c31-129880461b32 (type: ports) to 2
2026-05-14 02:02:23.626 7 INFO neutron.db.ovn_revision_numbers_db [None req-98d3ecea-d753-4a55-a7b4-d889b3b7bdb4 - - - - - -] Successfully bumped revision number for resource 2e07a0f2-c672-4ce6-84a0-ee61ef0e9290 (type: subnets) to 0 [pid: 7|app: 0|req: 610/1242] 10.0.0.250 () {34 vars in 669 bytes} [Thu May 14 02:02:22 2026] POST /v2.0/subnets => generated 626 bytes in 712 msecs (HTTP/1.1 201) 4 headers in 162 bytes (1 switches on core 0)
2026-05-14 02:02:23.667 7 INFO neutron.api.v2.resource [None req-aea17e4d-38bf-4c1c-a901-f40215cfd5c5 c4b0b5c74a874028ab02b0df463d0075 d34e9723e1074f1c940bf45c1a0c7be7 - - default default] delete failed (client error): The resource could not be found. [pid: 7|app: 0|req: 611/1243] 10.0.0.250 () {32 vars in 724 bytes} [Thu May 14 02:02:23 2026] DELETE /v2.0/routers/543bcfde-0e7c-455c-8684-08c534c31664 => generated 135 bytes in 23 msecs (HTTP/1.1 404) 4 headers in 164 bytes (1 switches on core 0)
2026-05-14 02:02:23.968 7 WARNING neutron.scheduler.dhcp_agent_scheduler [None req-01848c26-b9af-4d2b-bb11-7b206183c833 514f1d2da87044928c0d6babfb8a2830 d515be15abd94823845171de50670e52 - - default default] No more DHCP agents
2026-05-14 02:02:23.970 7 WARNING neutron.api.rpc.agentnotifiers.dhcp_rpc_agent_api [None req-01848c26-b9af-4d2b-bb11-7b206183c833 514f1d2da87044928c0d6babfb8a2830 d515be15abd94823845171de50670e52 - - default default] Unable to schedule network cd4041e7-0c12-47b9-a50f-aa92304b3716: no agents available; will retry on subsequent port and subnet creation events.
2026-05-14 02:02:24.096 8 INFO neutron.plugins.ml2.drivers.ovn.mech_driver.mech_driver [None req-ab8e4c26-0b67-42e7-ae7f-8e5424b37a00 - - - - - -] OVN reports status down for port: e04e8d95-fc3d-4e37-86cd-0d62b7c2f8d7
2026-05-14 02:02:24.111 7 INFO neutron.db.ovn_revision_numbers_db [None req-01848c26-b9af-4d2b-bb11-7b206183c833 514f1d2da87044928c0d6babfb8a2830 d515be15abd94823845171de50670e52 - - default default] Successfully bumped revision number for resource e04e8d95-fc3d-4e37-86cd-0d62b7c2f8d7 (type: ports) to 1 [pid: 7|app: 0|req: 612/1244] 10.0.0.250 () {34 vars in 665 bytes} [Thu May 14 02:02:23 2026] POST /v2.0/ports => generated 949 bytes in 468 msecs (HTTP/1.1 201) 4 headers in 162 bytes (1 switches on core 0) /var/lib/openstack/lib/python3.12/site-packages/pycadf/identifier.py:70: UserWarning: Invalid uuid: neutron. To ensure interoperability, identifiers should be a valid uuid. warnings.warn(('Invalid uuid: %s. To ensure interoperability, '
2026-05-14 02:02:24.156 7 INFO neutron.pecan_wsgi.hooks.translation [None req-f2168f26-ba5c-44b2-968f-da28804e5a53 c4b0b5c74a874028ab02b0df463d0075 d34e9723e1074f1c940bf45c1a0c7be7 - - default default] DELETE failed (client error): The resource could not be found. [pid: 7|app: 0|req: 613/1245] 10.0.0.250 () {32 vars in 724 bytes} [Thu May 14 02:02:24 2026] DELETE /v2.0/subnets/594411e8-9ab3-4e19-a59d-88f8be5d5b0c => generated 136 bytes in 23 msecs (HTTP/1.1 404) 4 headers in 164 bytes (1 switches on core 0) [pid: 8|app: 0|req: 633/1246] 10.0.0.250 () {34 vars in 789 bytes} [Thu May 14 02:02:23 2026] PUT /v2.0/routers/d5b486cf-b803-472c-8e59-28b819d93cd0/remove_router_interface => generated 309 bytes in 942 msecs (HTTP/1.1 200) 4 headers in 157 bytes (1 switches on core 0) /var/lib/openstack/lib/python3.12/site-packages/pycadf/identifier.py:70: UserWarning: Invalid uuid: neutron. To ensure interoperability, identifiers should be a valid uuid. warnings.warn(('Invalid uuid: %s. To ensure interoperability, ' [pid: 8|app: 0|req: 634/1247] 10.0.0.250 () {32 vars in 736 bytes} [Thu May 14 02:02:24 2026] GET /v2.0/ports?device_id=e662546b-e791-478f-a23b-4bdff94242de => generated 12 bytes in 30 msecs (HTTP/1.1 200) 4 headers in 156 bytes (1 switches on core 0)
2026-05-14 02:02:24.301 7 INFO neutron_taas.services.taas.taas_plugin [None req-8e0a1545-59f1-4580-b00d-47d9dd1b8d40 514f1d2da87044928c0d6babfb8a2830 d515be15abd94823845171de50670e52 - - default default] TaaS: Handle Delete Port: e04e8d95-fc3d-4e37-86cd-0d62b7c2f8d7
2026-05-14 02:02:24.304 7 INFO neutron_taas.services.taas.tap_mirror_plugin [None req-8e0a1545-59f1-4580-b00d-47d9dd1b8d40 514f1d2da87044928c0d6babfb8a2830 d515be15abd94823845171de50670e52 - - default default] Tap Mirror: Handle Delete Port: e04e8d95-fc3d-4e37-86cd-0d62b7c2f8d7 [pid: 7|app: 0|req: 614/1248] 10.0.0.250 () {32 vars in 720 bytes} [Thu May 14 02:02:24 2026] DELETE /v2.0/ports/e04e8d95-fc3d-4e37-86cd-0d62b7c2f8d7 => generated 0 bytes in 296 msecs (HTTP/1.1 204) 3 headers in 131 bytes (1 switches on core 0)
2026-05-14 02:02:24.476 7 INFO neutron.api.v2.resource [None req-500d5c62-cc41-40e6-8a33-0a2e963f1138 c4b0b5c74a874028ab02b0df463d0075 d34e9723e1074f1c940bf45c1a0c7be7 - - default default] delete failed (client error): The resource could not be found. [pid: 7|app: 0|req: 615/1249] 10.0.0.250 () {32 vars in 724 bytes} [Thu May 14 02:02:24 2026] DELETE /v2.0/routers/e662546b-e791-478f-a23b-4bdff94242de => generated 135 bytes in 20 msecs (HTTP/1.1 404) 4 headers in 164 bytes (1 switches on core 0)
2026-05-14 02:02:24.578 8 INFO neutron_taas.services.taas.taas_plugin [None req-d942b50f-6332-470e-841c-5e87cba8a773 d1e030e7f54f4d2e8981119d9407d49a d2af4aba3aa54021ba6bdf3a0fb620fd - - default default] TaaS: Handle Delete Port: 296a101d-9413-40c2-a904-7f82b6a4d071
2026-05-14 02:02:24.584 8 INFO neutron_taas.services.taas.tap_mirror_plugin [None req-d942b50f-6332-470e-841c-5e87cba8a773 d1e030e7f54f4d2e8981119d9407d49a d2af4aba3aa54021ba6bdf3a0fb620fd - - default default] Tap Mirror: Handle Delete Port: 296a101d-9413-40c2-a904-7f82b6a4d071
2026-05-14 02:02:24.932 7 INFO neutron.pecan_wsgi.hooks.translation [None req-4c816b79-e291-464d-a8bd-a9918f7eda0a 514f1d2da87044928c0d6babfb8a2830 d515be15abd94823845171de50670e52 - - default default] DELETE failed (client error): The resource could not be found. [pid: 7|app: 0|req: 616/1250] 10.0.0.250 () {32 vars in 720 bytes} [Thu May 14 02:02:24 2026] DELETE /v2.0/ports/e04e8d95-fc3d-4e37-86cd-0d62b7c2f8d7 => generated 132 bytes in 462 msecs (HTTP/1.1 404) 4 headers in 164 bytes (1 switches on core 0) [pid: 8|app: 0|req: 635/1253] 10.0.0.250 () {32 vars in 724 bytes} [Thu May 14 02:02:24 2026] DELETE /v2.0/routers/d5b486cf-b803-472c-8e59-28b819d93cd0 => generated 0 bytes in 739 msecs (HTTP/1.1 204) 2 headers in 112 bytes (1 switches on core 0)
2026-05-14 02:02:24.971 8 INFO neutron.pecan_wsgi.hooks.translation [None req-e16c2132-d4ce-472e-82af-9b78dd491b32 514f1d2da87044928c0d6babfb8a2830 d515be15abd94823845171de50670e52 - - default default] GET failed (client error): The resource could not be found. [pid: 8|app: 0|req: 636/1254] 10.0.0.250 () {32 vars in 717 bytes} [Thu May 14 02:02:24 2026] GET /v2.0/ports/e04e8d95-fc3d-4e37-86cd-0d62b7c2f8d7 => generated 132 bytes in 15 msecs (HTTP/1.1 404) 4 headers in 164 bytes (1 switches on core 0)
2026-05-14 02:02:24.977 7 INFO neutron.pecan_wsgi.hooks.translation [None req-30d517b0-dff6-4a07-96e3-0d4a2b691230 c4b0b5c74a874028ab02b0df463d0075 d34e9723e1074f1c940bf45c1a0c7be7 - - default default] DELETE failed (client error): The resource could not be found. [pid: 7|app: 0|req: 619/1255] 10.0.0.250 () {32 vars in 724 bytes} [Thu May 14 02:02:24 2026] DELETE /v2.0/subnets/bc62649b-aa79-4b82-8dea-dd0a8c10582c => generated 136 bytes in 37 msecs (HTTP/1.1 404) 4 headers in 164 bytes (1 switches on core 0) [pid: 8|app: 0|req: 637/1256] 10.0.0.250 () {32 vars in 724 bytes} [Thu May 14 02:02:24 2026] DELETE /v2.0/subnets/8ecdc867-3e8e-4994-bfb7-821b560ca8ab => generated 0 bytes in 137 msecs (HTTP/1.1 204) 3 headers in 131 bytes (1 switches on core 0) [pid: 8|app: 0|req: 638/1257] 10.0.0.250 () {32 vars in 736 bytes} [Thu May 14 02:02:25 2026] GET /v2.0/ports?device_id=211c48db-4fd2-4e93-aa74-9b1ea62f5e9e => generated 12 bytes in 14 msecs (HTTP/1.1 200) 4 headers in 156 bytes (1 switches on core 0) [pid: 7|app: 0|req: 620/1258] 10.0.0.250 () {32 vars in 724 bytes} [Thu May 14 02:02:24 2026] DELETE /v2.0/subnets/2e07a0f2-c672-4ce6-84a0-ee61ef0e9290 => generated 0 bytes in 164 msecs (HTTP/1.1 204) 3 headers in 131 bytes (1 switches on core 0)
2026-05-14 02:02:25.166 7 INFO neutron.api.v2.resource [None req-aff61979-aec3-4434-8019-5636514c21bd c4b0b5c74a874028ab02b0df463d0075 d34e9723e1074f1c940bf45c1a0c7be7 - - default default] delete failed (client error): The resource could not be found. [pid: 7|app: 0|req: 621/1259] 10.0.0.250 () {32 vars in 724 bytes} [Thu May 14 02:02:25 2026] DELETE /v2.0/routers/211c48db-4fd2-4e93-aa74-9b1ea62f5e9e => generated 135 bytes in 20 msecs (HTTP/1.1 404) 4 headers in 164 bytes (1 switches on core 0)
2026-05-14 02:02:25.240 8 INFO neutron_taas.services.taas.taas_plugin [None req-7995eb44-f9b2-4a3f-8b31-761b0ec3fdcb d1e030e7f54f4d2e8981119d9407d49a d2af4aba3aa54021ba6bdf3a0fb620fd - - default default] TaaS: Handle Delete Port: 4121378d-1946-4eb5-8f8f-41e8d6c92a74
2026-05-14 02:02:25.243 8 INFO neutron_taas.services.taas.tap_mirror_plugin [None req-7995eb44-f9b2-4a3f-8b31-761b0ec3fdcb d1e030e7f54f4d2e8981119d9407d49a d2af4aba3aa54021ba6bdf3a0fb620fd - - default default] Tap Mirror: Handle Delete Port: 4121378d-1946-4eb5-8f8f-41e8d6c92a74
2026-05-14 02:02:25.286 7 INFO neutron_taas.services.taas.taas_plugin [None req-1e05202b-e392-4228-8922-10c857120962 514f1d2da87044928c0d6babfb8a2830 d515be15abd94823845171de50670e52 - - default default] TaaS: Handle Delete Port: 3ff8445f-6e7b-42de-8c31-129880461b32
2026-05-14 02:02:25.290 7 INFO neutron_taas.services.taas.tap_mirror_plugin [None req-1e05202b-e392-4228-8922-10c857120962 514f1d2da87044928c0d6babfb8a2830 d515be15abd94823845171de50670e52 - - default default] Tap Mirror: Handle Delete Port: 3ff8445f-6e7b-42de-8c31-129880461b32
2026-05-14 02:02:25.418 8 INFO neutron.services.segments.plugin [-] Segment 0144718c-3dd5-4290-a442-e75a6ccd66ca resource provider aggregate not found
2026-05-14 02:02:25.437 8 INFO neutron.services.segments.plugin [-] Segment 0144718c-3dd5-4290-a442-e75a6ccd66ca resource provider aggregate not found
2026-05-14 02:02:25.441 8 INFO neutron.services.segments.plugin [-] Segment 0144718c-3dd5-4290-a442-e75a6ccd66ca resource provider not found; error: Placement Client Error (4xx): {"errors": [{"status": 404, "title": "Not Found", "detail": "The resource could not be found.\n\n No resource provider with uuid 0144718c-3dd5-4290-a442-e75a6ccd66ca found for delete ", "request_id": "req-82951571-de49-4c3b-8192-178963f888e9"}]}
2026-05-14 02:02:25.465 8 INFO neutron.services.segments.plugin [-] Segment 0144718c-3dd5-4290-a442-e75a6ccd66ca resource provider not found; error: Placement Client Error (4xx): {"errors": [{"status": 404, "title": "Not Found", "detail": "The resource could not be found.\n\n No resource provider with uuid 0144718c-3dd5-4290-a442-e75a6ccd66ca found for delete ", "request_id": "req-35b7ac26-a180-4b31-941e-e4775c3f9bc2"}]}
2026-05-14 02:02:25.487 7 INFO neutron.services.segments.plugin [-] Segment 141287da-9c34-46aa-9e98-c588ebddc19e resource provider aggregate not found [pid: 8|app: 0|req: 639/1260] 10.0.0.250 () {32 vars in 726 bytes} [Thu May 14 02:02:25 2026] DELETE /v2.0/networks/4f6d2c99-1ab0-400f-af9a-c089443143d3 => generated 0 bytes in 365 msecs (HTTP/1.1 204) 3 headers in 131 bytes (1 switches on core 0)
2026-05-14 02:02:25.491 7 INFO neutron.services.segments.plugin [-] Segment 141287da-9c34-46aa-9e98-c588ebddc19e resource provider aggregate not found
2026-05-14 02:02:25.500 8 INFO neutron.pecan_wsgi.hooks.translation [None req-14b55b37-672f-44fe-99ee-129ad4794335 c4b0b5c74a874028ab02b0df463d0075 d34e9723e1074f1c940bf45c1a0c7be7 - - default default] DELETE failed (client error): The resource could not be found. [pid: 8|app: 0|req: 640/1261] 10.0.0.250 () {32 vars in 724 bytes} [Thu May 14 02:02:25 2026] DELETE /v2.0/subnets/6fb50110-54a5-4b41-930c-c76d552e91ad => generated 136 bytes in 13 msecs (HTTP/1.1 404) 4 headers in 164 bytes (1 switches on core 0)
2026-05-14 02:02:25.510 7 INFO neutron.services.segments.plugin [-] Segment 141287da-9c34-46aa-9e98-c588ebddc19e resource provider not found; error: Placement Client Error (4xx): {"errors": [{"status": 404, "title": "Not Found", "detail": "The resource could not be found.\n\n No resource provider with uuid 141287da-9c34-46aa-9e98-c588ebddc19e found for delete ", "request_id": "req-a990265c-c862-49c0-83c0-e6302515cb0f"}]}
2026-05-14 02:02:25.512 7 INFO neutron.services.segments.plugin [-] Segment 141287da-9c34-46aa-9e98-c588ebddc19e resource provider not found; error: Placement Client Error (4xx): {"errors": [{"status": 404, "title": "Not Found", "detail": "The resource could not be found.\n\n No resource provider with uuid 141287da-9c34-46aa-9e98-c588ebddc19e found for delete ", "request_id": "req-c462ee73-d334-4946-9a48-95eeaf13ed94"}]}
2026-05-14 02:02:25.525 8 INFO neutron.pecan_wsgi.hooks.translation [None req-97a8b520-bd84-412b-bdbb-6dd5749f5ef0 c4b0b5c74a874028ab02b0df463d0075 d34e9723e1074f1c940bf45c1a0c7be7 - - default default] DELETE failed (client error): The resource could not be found. [pid: 8|app: 0|req: 641/1262] 10.0.0.250 () {32 vars in 724 bytes} [Thu May 14 02:02:25 2026] DELETE /v2.0/subnets/d16598a0-7957-4d81-8144-c1de3e794fa4 => generated 136 bytes in 20 msecs (HTTP/1.1 404) 4 headers in 164 bytes (1 switches on core 0) [pid: 7|app: 0|req: 622/1263] 10.0.0.250 () {32 vars in 726 bytes} [Thu May 14 02:02:25 2026] DELETE /v2.0/networks/cd4041e7-0c12-47b9-a50f-aa92304b3716 => generated 0 bytes in 379 msecs (HTTP/1.1 204) 3 headers in 131 bytes (1 switches on core 0)
2026-05-14 02:02:25.637 8 INFO neutron.db.segments_db [None req-49cd6a1b-f826-49c5-848b-563830b71296 514f1d2da87044928c0d6babfb8a2830 d515be15abd94823845171de50670e52 - - default default] Added segment 6a42bdc4-0662-4ae0-9176-37cb7d084e49 of type geneve for network 0ad62cd9-ae2e-410c-b0aa-ce415502346c [pid: 7|app: 0|req: 623/1264] 10.0.0.250 () {32 vars in 774 bytes} [Thu May 14 02:02:25 2026] GET /v2.0/security-groups?tenant_id=a6ddaeb4a7c94e54a6ae8a1e93ed65ec&name=default => generated 2925 bytes in 36 msecs (HTTP/1.1 200) 4 headers in 158 bytes (1 switches on core 0)
2026-05-14 02:02:25.709 7 WARNING neutron.plugins.ml2.drivers.ovn.mech_driver.ovsdb.ovn_client [None req-64b9de62-b3c1-4353-a244-467a88a6aee1 - - - - - -] No port found with ID 29f1983e-a8ac-46b0-ba34-6ba605178b81: RuntimeError: No port found with ID 29f1983e-a8ac-46b0-ba34-6ba605178b81
2026-05-14 02:02:25.766 8 INFO neutron.db.ovn_revision_numbers_db [None req-49cd6a1b-f826-49c5-848b-563830b71296 514f1d2da87044928c0d6babfb8a2830 d515be15abd94823845171de50670e52 - - default default] Successfully bumped revision number for resource 0ad62cd9-ae2e-410c-b0aa-ce415502346c (type: networks) to 1
2026-05-14 02:02:25.994 8 WARNING neutron.scheduler.dhcp_agent_scheduler [None req-49cd6a1b-f826-49c5-848b-563830b71296 514f1d2da87044928c0d6babfb8a2830 d515be15abd94823845171de50670e52 - - default default] No more DHCP agents
2026-05-14 02:02:25.996 8 WARNING neutron.api.rpc.agentnotifiers.dhcp_rpc_agent_api [None req-49cd6a1b-f826-49c5-848b-563830b71296 514f1d2da87044928c0d6babfb8a2830 d515be15abd94823845171de50670e52 - - default default] Unable to schedule network 0ad62cd9-ae2e-410c-b0aa-ce415502346c: no agents available; will retry on subsequent port and subnet creation events. [pid: 7|app: 0|req: 624/1265] 10.0.0.250 () {32 vars in 740 bytes} [Thu May 14 02:02:25 2026] DELETE /v2.0/security-groups/d6ad3637-ab34-46eb-8e43-660726326cf3 => generated 0 bytes in 330 msecs (HTTP/1.1 204) 2 headers in 112 bytes (1 switches on core 0)
2026-05-14 02:02:26.051 8 INFO neutron.plugins.ml2.drivers.ovn.mech_driver.mech_driver [None req-ab8e4c26-0b67-42e7-ae7f-8e5424b37a00 - - - - - -] OVN reports status down for port: 94e757b1-f01b-4646-b702-a1d0c13f60df
2026-05-14 02:02:26.135 8 INFO neutron.db.ovn_revision_numbers_db [None req-49cd6a1b-f826-49c5-848b-563830b71296 514f1d2da87044928c0d6babfb8a2830 d515be15abd94823845171de50670e52 - - default default] Successfully bumped revision number for resource 94e757b1-f01b-4646-b702-a1d0c13f60df (type: ports) to 1 [pid: 8|app: 0|req: 642/1266] 10.0.0.250 () {34 vars in 670 bytes} [Thu May 14 02:02:25 2026] POST /v2.0/networks => generated 650 bytes in 643 msecs (HTTP/1.1 201) 4 headers in 162 bytes (1 switches on core 0)
2026-05-14 02:02:26.291 7 INFO neutron.db.ovn_revision_numbers_db [None req-85ee5096-6d6e-417d-a3b4-9846c7ec4735 d1e030e7f54f4d2e8981119d9407d49a d2af4aba3aa54021ba6bdf3a0fb620fd - - default default] Successfully bumped revision number for resource 9f61c992-57ea-47db-b747-7d2d32f2fa77 (type: security_groups) to 1
2026-05-14 02:02:26.303 7 INFO neutron.db.ovn_revision_numbers_db [None req-85ee5096-6d6e-417d-a3b4-9846c7ec4735 d1e030e7f54f4d2e8981119d9407d49a d2af4aba3aa54021ba6bdf3a0fb620fd - - default default] Successfully bumped revision number for resource 048c9811-836d-4742-9a2d-80af4ec5984c (type: security_group_rules) to 0
2026-05-14 02:02:26.316 7 INFO neutron.db.ovn_revision_numbers_db [None req-85ee5096-6d6e-417d-a3b4-9846c7ec4735 d1e030e7f54f4d2e8981119d9407d49a d2af4aba3aa54021ba6bdf3a0fb620fd - - default default] Successfully bumped revision number for resource 5e0bd8d0-7f12-481a-a3fc-2b603ced7005 (type: security_group_rules) to 0
2026-05-14 02:02:26.327 7 INFO neutron.db.ovn_revision_numbers_db [None req-85ee5096-6d6e-417d-a3b4-9846c7ec4735 d1e030e7f54f4d2e8981119d9407d49a d2af4aba3aa54021ba6bdf3a0fb620fd - - default default] Successfully bumped revision number for resource 60be5ba3-eb1c-4e17-9492-4220a2384e28 (type: security_group_rules) to 0
2026-05-14 02:02:26.339 7 INFO neutron.db.ovn_revision_numbers_db [None req-85ee5096-6d6e-417d-a3b4-9846c7ec4735 d1e030e7f54f4d2e8981119d9407d49a d2af4aba3aa54021ba6bdf3a0fb620fd - - default default] Successfully bumped revision number for resource d0d39868-d2dc-46a6-90c2-c998b3fa9218 (type: security_group_rules) to 0 [pid: 7|app: 0|req: 625/1267] 10.0.0.250 () {32 vars in 774 bytes} [Thu May 14 02:02:26 2026] GET /v2.0/security-groups?tenant_id=4ff5e169c72a422495115b7736375e5f&name=default => generated 2925 bytes in 316 msecs (HTTP/1.1 200) 4 headers in 158 bytes (1 switches on core 0) [pid: 8|app: 0|req: 643/1268] 10.0.0.250 () {32 vars in 774 bytes} [Thu May 14 02:02:26 2026] GET /v2.0/security-groups?tenant_id=d34e9723e1074f1c940bf45c1a0c7be7&name=default => generated 2925 bytes in 222 msecs (HTTP/1.1 200) 4 headers in 158 bytes (1 switches on core 0)
2026-05-14 02:02:26.570 7 WARNING neutron.scheduler.dhcp_agent_scheduler [None req-fac27c6d-e542-4c89-9802-6819e75c3cb8 514f1d2da87044928c0d6babfb8a2830 d515be15abd94823845171de50670e52 - - default default] No more DHCP agents
2026-05-14 02:02:26.571 7 WARNING neutron.api.rpc.agentnotifiers.dhcp_rpc_agent_api [None req-fac27c6d-e542-4c89-9802-6819e75c3cb8 514f1d2da87044928c0d6babfb8a2830 d515be15abd94823845171de50670e52 - - default default] Unable to schedule network 0ad62cd9-ae2e-410c-b0aa-ce415502346c: no agents available; will retry on subsequent port and subnet creation events. [pid: 8|app: 0|req: 644/1269] 10.0.0.250 () {32 vars in 740 bytes} [Thu May 14 02:02:26 2026] DELETE /v2.0/security-groups/9f61c992-57ea-47db-b747-7d2d32f2fa77 => generated 0 bytes in 279 msecs (HTTP/1.1 204) 2 headers in 112 bytes (1 switches on core 0) [pid: 8|app: 0|req: 645/1270] 10.0.0.250 () {32 vars in 740 bytes} [Thu May 14 02:02:26 2026] DELETE /v2.0/security-groups/48aad8a6-2875-4b74-8dfd-dff0e625fc17 => generated 0 bytes in 258 msecs (HTTP/1.1 204) 2 headers in 112 bytes (1 switches on core 0)
2026-05-14 02:02:27.104 8 INFO neutron.db.ovn_revision_numbers_db [None req-b4454f48-3e7f-461f-94b7-11fadb6a3a2e d1e030e7f54f4d2e8981119d9407d49a d2af4aba3aa54021ba6bdf3a0fb620fd - - default default] Successfully bumped revision number for resource 4f567fc9-ef5c-4a90-9e6d-28d5c7ad86de (type: security_groups) to 1
2026-05-14 02:02:27.112 7 INFO neutron.db.ovn_revision_numbers_db [None req-25e72e93-f9be-4714-b0ed-dbdb7fef821b - - - - - -] Successfully bumped revision number for resource 94e757b1-f01b-4646-b702-a1d0c13f60df (type: ports) to 2
2026-05-14 02:02:27.116 8 INFO neutron.db.ovn_revision_numbers_db [None req-b4454f48-3e7f-461f-94b7-11fadb6a3a2e d1e030e7f54f4d2e8981119d9407d49a d2af4aba3aa54021ba6bdf3a0fb620fd - - default default] Successfully bumped revision number for resource 13e293a6-c1d2-4b8d-a06a-e32dd5a972cb (type: security_group_rules) to 0
2026-05-14 02:02:27.130 8 INFO neutron.db.ovn_revision_numbers_db [None req-b4454f48-3e7f-461f-94b7-11fadb6a3a2e d1e030e7f54f4d2e8981119d9407d49a d2af4aba3aa54021ba6bdf3a0fb620fd - - default default] Successfully bumped revision number for resource 5ae189b2-3166-4d29-b114-4e9ec10e837b (type: security_group_rules) to 0
2026-05-14 02:02:27.155 8 INFO neutron.db.ovn_revision_numbers_db [None req-b4454f48-3e7f-461f-94b7-11fadb6a3a2e d1e030e7f54f4d2e8981119d9407d49a d2af4aba3aa54021ba6bdf3a0fb620fd - - default default] Successfully bumped revision number for resource 81018b97-db0c-4315-ba9c-3535ccf0fcbe (type: security_group_rules) to 0
2026-05-14 02:02:27.168 8 INFO neutron.db.ovn_revision_numbers_db [None req-b4454f48-3e7f-461f-94b7-11fadb6a3a2e d1e030e7f54f4d2e8981119d9407d49a d2af4aba3aa54021ba6bdf3a0fb620fd - - default default] Successfully bumped revision number for resource c753a6ab-87e3-488e-846a-472e2bc86ffc (type: security_group_rules) to 0
2026-05-14 02:02:27.179 7 INFO neutron.db.ovn_revision_numbers_db [None req-25e72e93-f9be-4714-b0ed-dbdb7fef821b - - - - - -] Successfully bumped revision number for resource 0ef629c5-cdcd-4dc5-9d40-7c24948dd88a (type: subnets) to 0 [pid: 7|app: 0|req: 626/1271] 10.0.0.250 () {34 vars in 669 bytes} [Thu May 14 02:02:26 2026] POST /v2.0/subnets => generated 626 bytes in 815 msecs (HTTP/1.1 201) 4 headers in 162 bytes (1 switches on core 0) [pid: 8|app: 0|req: 646/1272] 10.0.0.250 () {32 vars in 774 bytes} [Thu May 14 02:02:26 2026] GET /v2.0/security-groups?tenant_id=f37065e741d44c35b2b07758fe6a6120&name=default => generated 2925 bytes in 252 msecs (HTTP/1.1 200) 4 headers in 158 bytes (1 switches on core 0) [pid: 8|app: 0|req: 647/1273] 10.0.0.250 () {32 vars in 740 bytes} [Thu May 14 02:02:27 2026] DELETE /v2.0/security-groups/4f567fc9-ef5c-4a90-9e6d-28d5c7ad86de => generated 0 bytes in 254 msecs (HTTP/1.1 204) 2 headers in 112 bytes (1 switches on core 0)
2026-05-14 02:02:27.507 7 WARNING neutron.scheduler.dhcp_agent_scheduler [None req-2d6462a2-1757-4b0d-85d0-6e4d255134c1 514f1d2da87044928c0d6babfb8a2830 d515be15abd94823845171de50670e52 - - default default] No more DHCP agents
2026-05-14 02:02:27.508 7 WARNING neutron.api.rpc.agentnotifiers.dhcp_rpc_agent_api [None req-2d6462a2-1757-4b0d-85d0-6e4d255134c1 514f1d2da87044928c0d6babfb8a2830 d515be15abd94823845171de50670e52 - - default default] Unable to schedule network 0ad62cd9-ae2e-410c-b0aa-ce415502346c: no agents available; will retry on subsequent port and subnet creation events.
2026-05-14 02:02:27.632 8 INFO neutron.plugins.ml2.drivers.ovn.mech_driver.mech_driver [None req-ab8e4c26-0b67-42e7-ae7f-8e5424b37a00 - - - - - -] OVN reports status down for port: 47be266d-6f9c-4333-815f-f6e80f7d1ea3
2026-05-14 02:02:27.659 7 INFO neutron.db.ovn_revision_numbers_db [None req-2d6462a2-1757-4b0d-85d0-6e4d255134c1 514f1d2da87044928c0d6babfb8a2830 d515be15abd94823845171de50670e52 - - default default] Successfully bumped revision number for resource 47be266d-6f9c-4333-815f-f6e80f7d1ea3 (type: ports) to 1 [pid: 7|app: 0|req: 627/1274] 10.0.0.250 () {34 vars in 665 bytes} [Thu May 14 02:02:27 2026] POST /v2.0/ports => generated 915 bytes in 483 msecs (HTTP/1.1 201) 4 headers in 162 bytes (1 switches on core 0)
2026-05-14 02:02:27.877 8 INFO neutron_taas.services.taas.taas_plugin [None req-9f032420-1726-4108-aa42-66af27fd328f 514f1d2da87044928c0d6babfb8a2830 d515be15abd94823845171de50670e52 - - default default] TaaS: Handle Delete Port: 47be266d-6f9c-4333-815f-f6e80f7d1ea3
2026-05-14 02:02:27.880 8 INFO neutron_taas.services.taas.tap_mirror_plugin [None req-9f032420-1726-4108-aa42-66af27fd328f 514f1d2da87044928c0d6babfb8a2830 d515be15abd94823845171de50670e52 - - default default] Tap Mirror: Handle Delete Port: 47be266d-6f9c-4333-815f-f6e80f7d1ea3 [pid: 8|app: 0|req: 648/1275] 10.0.0.250 () {32 vars in 720 bytes} [Thu May 14 02:02:27 2026] DELETE /v2.0/ports/47be266d-6f9c-4333-815f-f6e80f7d1ea3 => generated 0 bytes in 348 msecs (HTTP/1.1 204) 3 headers in 131 bytes (1 switches on core 0)
2026-05-14 02:02:28.064 8 INFO neutron.pecan_wsgi.hooks.translation [None req-2349d360-ccc3-4ec0-bd0d-dbbbeb99d705 514f1d2da87044928c0d6babfb8a2830 d515be15abd94823845171de50670e52 - - default default] GET failed (client error): The resource could not be found. [pid: 8|app: 0|req: 649/1276] 10.0.0.250 () {32 vars in 717 bytes} [Thu May 14 02:02:28 2026] GET /v2.0/ports/47be266d-6f9c-4333-815f-f6e80f7d1ea3 => generated 132 bytes in 16 msecs (HTTP/1.1 404) 4 headers in 164 bytes (1 switches on core 0)
2026-05-14 02:02:28.147 7 INFO neutron.db.ovn_revision_numbers_db [None req-683f28b3-df1c-4a3d-a437-551fe2a092e0 d1e030e7f54f4d2e8981119d9407d49a d2af4aba3aa54021ba6bdf3a0fb620fd - - default default] Successfully bumped revision number for resource 398c0ef7-f689-49ea-a500-aae71b8230f6 (type: security_groups) to 1
2026-05-14 02:02:28.162 7 INFO neutron.db.ovn_revision_numbers_db [None req-683f28b3-df1c-4a3d-a437-551fe2a092e0 d1e030e7f54f4d2e8981119d9407d49a d2af4aba3aa54021ba6bdf3a0fb620fd - - default default] Successfully bumped revision number for resource 2654cb1e-1b65-4370-83e3-0117d9189cc1 (type: security_group_rules) to 0
2026-05-14 02:02:28.173 7 INFO neutron.db.ovn_revision_numbers_db [None req-683f28b3-df1c-4a3d-a437-551fe2a092e0 d1e030e7f54f4d2e8981119d9407d49a d2af4aba3aa54021ba6bdf3a0fb620fd - - default default] Successfully bumped revision number for resource 579db487-0d25-4af9-b6e4-1ca93d0bccea (type: security_group_rules) to 0
2026-05-14 02:02:28.184 7 INFO neutron.db.ovn_revision_numbers_db [None req-683f28b3-df1c-4a3d-a437-551fe2a092e0 d1e030e7f54f4d2e8981119d9407d49a d2af4aba3aa54021ba6bdf3a0fb620fd - - default default] Successfully bumped revision number for resource 7126aa85-0b34-4b58-9bc1-7b1b9dc3f8d2 (type: security_group_rules) to 0
2026-05-14 02:02:28.197 7 INFO neutron.db.ovn_revision_numbers_db [None req-683f28b3-df1c-4a3d-a437-551fe2a092e0 d1e030e7f54f4d2e8981119d9407d49a d2af4aba3aa54021ba6bdf3a0fb620fd - - default default] Successfully bumped revision number for resource 857fab12-32b4-4f94-9ee8-5627f05677cd (type: security_group_rules) to 0 [pid: 8|app: 0|req: 650/1277] 10.0.0.250 () {32 vars in 724 bytes} [Thu May 14 02:02:28 2026] DELETE /v2.0/subnets/0ef629c5-cdcd-4dc5-9d40-7c24948dd88a => generated 0 bytes in 190 msecs (HTTP/1.1 204) 3 headers in 131 bytes (1 switches on core 0)
2026-05-14 02:02:28.277 7 INFO neutron.db.segments_db [None req-683f28b3-df1c-4a3d-a437-551fe2a092e0 d1e030e7f54f4d2e8981119d9407d49a d2af4aba3aa54021ba6bdf3a0fb620fd - - default default] Added segment 19a45161-99b7-42cf-875d-2937505518f9 of type geneve for network 572c50c6-14cf-4ade-900c-76b1df1185ed
2026-05-14 02:02:28.389 8 INFO neutron_taas.services.taas.taas_plugin [None req-b708460f-3da9-4d1a-8d5d-05dd6b2c3fcd 514f1d2da87044928c0d6babfb8a2830 d515be15abd94823845171de50670e52 - - default default] TaaS: Handle Delete Port: 94e757b1-f01b-4646-b702-a1d0c13f60df
2026-05-14 02:02:28.391 7 INFO neutron.db.ovn_revision_numbers_db [None req-683f28b3-df1c-4a3d-a437-551fe2a092e0 d1e030e7f54f4d2e8981119d9407d49a d2af4aba3aa54021ba6bdf3a0fb620fd - - default default] Successfully bumped revision number for resource 572c50c6-14cf-4ade-900c-76b1df1185ed (type: networks) to 1
2026-05-14 02:02:28.392 8 INFO neutron_taas.services.taas.tap_mirror_plugin [None req-b708460f-3da9-4d1a-8d5d-05dd6b2c3fcd 514f1d2da87044928c0d6babfb8a2830 d515be15abd94823845171de50670e52 - - default default] Tap Mirror: Handle Delete Port: 94e757b1-f01b-4646-b702-a1d0c13f60df
2026-05-14 02:02:28.587 8 INFO neutron.services.segments.plugin [-] Segment 6a42bdc4-0662-4ae0-9176-37cb7d084e49 resource provider aggregate not found
2026-05-14 02:02:28.588 7 WARNING neutron.scheduler.dhcp_agent_scheduler [None req-683f28b3-df1c-4a3d-a437-551fe2a092e0 d1e030e7f54f4d2e8981119d9407d49a d2af4aba3aa54021ba6bdf3a0fb620fd - - default default] No more DHCP agents
2026-05-14 02:02:28.590 7 WARNING neutron.api.rpc.agentnotifiers.dhcp_rpc_agent_api [None req-683f28b3-df1c-4a3d-a437-551fe2a092e0 d1e030e7f54f4d2e8981119d9407d49a d2af4aba3aa54021ba6bdf3a0fb620fd - - default default] Unable to schedule network 572c50c6-14cf-4ade-900c-76b1df1185ed: no agents available; will retry on subsequent port and subnet creation events.
2026-05-14 02:02:28.588 8 INFO neutron.services.segments.plugin [-] Segment 6a42bdc4-0662-4ae0-9176-37cb7d084e49 resource provider aggregate not found
2026-05-14 02:02:28.604 8 INFO neutron.services.segments.plugin [-] Segment 6a42bdc4-0662-4ae0-9176-37cb7d084e49 resource provider not found; error: Placement Client Error (4xx): {"errors": [{"status": 404, "title": "Not Found", "detail": "The resource could not be found.\n\n No resource provider with uuid 6a42bdc4-0662-4ae0-9176-37cb7d084e49 found for delete ", "request_id": "req-cc4e5ed3-a693-4d03-89cb-b5cc253cdee9"}]}
