2026-05-14 02:02:50.298 8 INFO neutron.services.segments.plugin [-] Segment 6ee0394e-57b0-4fe3-a3be-df1384a18b73 resource provider not found; error: Placement Client Error (4xx): {"errors": [{"status": 404, "title": "Not Found", "detail": "The resource could not be found.\n\n No resource provider with uuid 6ee0394e-57b0-4fe3-a3be-df1384a18b73 found for delete ", "request_id": "req-198e5f9c-be5b-43ad-b0ff-79e040fd7d6e"}]}
2026-05-14 02:02:50.305 7 INFO neutron.db.ovn_revision_numbers_db [None req-9fbfae58-6aa3-4e6c-8ba2-470fa876551d aae13560f821434ba3d0ac0fd46eac5c 01ce8238fc644b1a8efaf0d16e5c0891 - - default default] Successfully bumped revision number for resource ef2ba3da-38a4-4e9e-ad3c-7edeb5034fb7 (type: ports) to 1 [pid: 8|app: 0|req: 728/1430] 10.0.0.250 () {32 vars in 726 bytes} [Thu May 14 02:02:49 2026] DELETE /v2.0/networks/ddde2e43-7c57-4e4f-a064-e8d882935a20 => generated 0 bytes in 375 msecs (HTTP/1.1 204) 3 headers in 131 bytes (1 switches on core 0)
2026-05-14 02:02:50.455 8 INFO neutron_taas.services.taas.taas_plugin [None req-84b50d29-6912-4e92-b02a-29da777ba761 e36c363020684598a796b642b212aa96 13a583d9f20d420a94ab2031c45f9161 - - default default] TaaS: Handle Delete Port: f8ba0552-4460-4cb4-9d5c-9e38778d7a13
2026-05-14 02:02:50.458 8 INFO neutron_taas.services.taas.tap_mirror_plugin [None req-84b50d29-6912-4e92-b02a-29da777ba761 e36c363020684598a796b642b212aa96 13a583d9f20d420a94ab2031c45f9161 - - default default] Tap Mirror: Handle Delete Port: f8ba0552-4460-4cb4-9d5c-9e38778d7a13 [pid: 8|app: 0|req: 729/1431] 10.0.0.250 () {32 vars in 726 bytes} [Thu May 14 02:02:50 2026] DELETE /v2.0/networks/20e948aa-c882-4fea-9f7c-0802897eb796 => generated 0 bytes in 350 msecs (HTTP/1.1 204) 3 headers in 131 bytes (1 switches on core 0)
2026-05-14 02:02:50.780 8 INFO neutron_taas.services.taas.taas_plugin [None req-a2ae4cf1-eef4-431c-872e-e5dff39ea7ce b2ab773de47d448cbc04d439f35f0cbc 25c68795d0e14f729ed730d1ba43e954 - - default default] TaaS: Handle Delete Port: 6a5a04c0-53de-4e22-914b-c6abf7b289c2
2026-05-14 02:02:50.783 8 INFO neutron_taas.services.taas.tap_mirror_plugin [None req-a2ae4cf1-eef4-431c-872e-e5dff39ea7ce b2ab773de47d448cbc04d439f35f0cbc 25c68795d0e14f729ed730d1ba43e954 - - default default] Tap Mirror: Handle Delete Port: 6a5a04c0-53de-4e22-914b-c6abf7b289c2
2026-05-14 02:02:50.946 7 INFO neutron.plugins.ml2.drivers.ovn.mech_driver.ovsdb.commands [None req-2f21592f-86be-4157-9232-213afd055986 - - - - - -] Schedule LRP lrp-ef2ba3da-38a4-4e9e-ad3c-7edeb5034fb7 on gateway 9b562277-e5c3-41bc-9982-a00f34f99022 with priority 1
2026-05-14 02:02:51.010 7 INFO neutron.plugins.ml2.drivers.ovn.mech_driver.ovsdb.ovsdb_monitor [None req-390f7905-127b-444f-b708-334dfd733246 - - - - - -] Router cd3af4e6-02fd-4c24-a25c-0d6a90c9cfe8 is bound to host instance [pid: 8|app: 0|req: 730/1432] 10.0.0.250 () {32 vars in 726 bytes} [Thu May 14 02:02:50 2026] DELETE /v2.0/networks/cf84685f-f953-4eff-a7d9-902324a60f38 => generated 0 bytes in 368 msecs (HTTP/1.1 204) 3 headers in 131 bytes (1 switches on core 0)
2026-05-14 02:02:51.052 7 INFO neutron.db.ovn_revision_numbers_db [None req-9fbfae58-6aa3-4e6c-8ba2-470fa876551d aae13560f821434ba3d0ac0fd46eac5c 01ce8238fc644b1a8efaf0d16e5c0891 - - default default] Successfully bumped revision number for resource ef2ba3da-38a4-4e9e-ad3c-7edeb5034fb7 (type: router_ports) to 1 [pid: 8|app: 0|req: 731/1433] 10.0.0.238 () {34 vars in 990 bytes} [Thu May 14 02:02:51 2026] GET /v2.0/ports?device_id=8472acfe-6d2d-4497-b216-3041df7bb588 => generated 973 bytes in 90 msecs (HTTP/1.1 200) 4 headers in 157 bytes (1 switches on core 0)
2026-05-14 02:02:51.157 7 INFO neutron.db.ovn_revision_numbers_db [None req-9fbfae58-6aa3-4e6c-8ba2-470fa876551d aae13560f821434ba3d0ac0fd46eac5c 01ce8238fc644b1a8efaf0d16e5c0891 - - default default] Successfully bumped revision number for resource cd3af4e6-02fd-4c24-a25c-0d6a90c9cfe8 (type: routers) to 2 [pid: 7|app: 0|req: 703/1434] 10.0.0.250 () {34 vars in 669 bytes} [Thu May 14 02:02:49 2026] POST /v2.0/routers => generated 954 bytes in 1556 msecs (HTTP/1.1 201) 4 headers in 162 bytes (1 switches on core 0)
2026-05-14 02:02:51.235 8 INFO neutron.db.segments_db [None req-7fc74555-6c22-4a52-8678-5d5126162f0d b2ab773de47d448cbc04d439f35f0cbc 25c68795d0e14f729ed730d1ba43e954 - - default default] Added segment 85c25162-87f0-4e39-b3d7-8e54f52e69be of type geneve for network 903e181a-fc83-4063-87f3-863220c16434 [pid: 7|app: 0|req: 704/1435] 10.0.0.238 () {34 vars in 1040 bytes} [Thu May 14 02:02:51 2026] GET /v2.0/security-groups?id=398c0ef7-f689-49ea-a500-aae71b8230f6&fields=id&fields=name => generated 88 bytes in 54 msecs (HTTP/1.1 200) 4 headers in 156 bytes (1 switches on core 0)
2026-05-14 02:02:51.358 8 INFO neutron.db.ovn_revision_numbers_db [None req-7fc74555-6c22-4a52-8678-5d5126162f0d b2ab773de47d448cbc04d439f35f0cbc 25c68795d0e14f729ed730d1ba43e954 - - default default] Successfully bumped revision number for resource 903e181a-fc83-4063-87f3-863220c16434 (type: networks) to 1 [pid: 7|app: 0|req: 705/1436] 10.0.0.250 () {32 vars in 774 bytes} [Thu May 14 02:02:51 2026] GET /v2.0/security-groups?tenant_id=13a583d9f20d420a94ab2031c45f9161&name=default => generated 2925 bytes in 149 msecs (HTTP/1.1 200) 4 headers in 158 bytes (1 switches on core 0) [pid: 7|app: 0|req: 706/1437] 10.0.0.250 () {32 vars in 776 bytes} [Thu May 14 02:02:51 2026] GET /v2.0/subnets?project_id=01ce8238fc644b1a8efaf0d16e5c0891&cidr=10.100.0.0%2F28 => generated 14 bytes in 133 msecs (HTTP/1.1 200) 4 headers in 156 bytes (1 switches on core 0)
2026-05-14 02:02:51.531 8 WARNING neutron.scheduler.dhcp_agent_scheduler [None req-7fc74555-6c22-4a52-8678-5d5126162f0d b2ab773de47d448cbc04d439f35f0cbc 25c68795d0e14f729ed730d1ba43e954 - - default default] No more DHCP agents
2026-05-14 02:02:51.533 8 WARNING neutron.api.rpc.agentnotifiers.dhcp_rpc_agent_api [None req-7fc74555-6c22-4a52-8678-5d5126162f0d b2ab773de47d448cbc04d439f35f0cbc 25c68795d0e14f729ed730d1ba43e954 - - default default] Unable to schedule network 903e181a-fc83-4063-87f3-863220c16434: no agents available; will retry on subsequent port and subnet creation events.
2026-05-14 02:02:51.592 8 INFO neutron.plugins.ml2.drivers.ovn.mech_driver.mech_driver [None req-ab8e4c26-0b67-42e7-ae7f-8e5424b37a00 - - - - - -] OVN reports status down for port: 13634b54-6e3a-4550-bd0d-8992f3a7352b
2026-05-14 02:02:51.655 8 INFO neutron.db.ovn_revision_numbers_db [None req-7fc74555-6c22-4a52-8678-5d5126162f0d b2ab773de47d448cbc04d439f35f0cbc 25c68795d0e14f729ed730d1ba43e954 - - default default] Successfully bumped revision number for resource 13634b54-6e3a-4550-bd0d-8992f3a7352b (type: ports) to 1 [pid: 8|app: 0|req: 732/1438] 10.0.0.250 () {34 vars in 670 bytes} [Thu May 14 02:02:51 2026] POST /v2.0/networks => generated 649 bytes in 580 msecs (HTTP/1.1 201) 4 headers in 162 bytes (1 switches on core 0) [pid: 8|app: 0|req: 733/1439] 10.0.0.250 () {32 vars in 694 bytes} [Thu May 14 02:02:51 2026] GET /v2.0/networks?router%3Aexternal=True => generated 791 bytes in 52 msecs (HTTP/1.1 200) 4 headers in 157 bytes (1 switches on core 0)
2026-05-14 02:02:51.955 8 WARNING neutron.scheduler.dhcp_agent_scheduler [None req-6ea2b0ce-2d0c-4f8f-8183-adcfd57ea4bc b2ab773de47d448cbc04d439f35f0cbc 25c68795d0e14f729ed730d1ba43e954 - - default default] No more DHCP agents
2026-05-14 02:02:51.957 8 WARNING neutron.api.rpc.agentnotifiers.dhcp_rpc_agent_api [None req-6ea2b0ce-2d0c-4f8f-8183-adcfd57ea4bc b2ab773de47d448cbc04d439f35f0cbc 25c68795d0e14f729ed730d1ba43e954 - - default default] Unable to schedule network 903e181a-fc83-4063-87f3-863220c16434: no agents available; will retry on subsequent port and subnet creation events. [pid: 7|app: 0|req: 707/1440] 10.0.0.250 () {32 vars in 740 bytes} [Thu May 14 02:02:51 2026] DELETE /v2.0/security-groups/4551c26e-930a-438f-9e13-c13319f6fedf => generated 0 bytes in 477 msecs (HTTP/1.1 204) 2 headers in 112 bytes (1 switches on core 0) [pid: 7|app: 0|req: 708/1441] 10.0.0.250 () {32 vars in 784 bytes} [Thu May 14 02:02:52 2026] GET /v2.0/subnets?network_id=db376de4-92bd-404f-81c1-f40c55518b19&cidr=10.100.0.0%2F28 => generated 14 bytes in 39 msecs (HTTP/1.1 200) 4 headers in 156 bytes (1 switches on core 0)
2026-05-14 02:02:52.327 8 INFO neutron.services.segments.plugin [-] Segment 39742063-4ca8-4972-ad8a-cc3b07bd4b9f resource provider aggregate not found
2026-05-14 02:02:52.337 8 INFO neutron.services.segments.plugin [-] Segment 39742063-4ca8-4972-ad8a-cc3b07bd4b9f resource provider aggregate not found
2026-05-14 02:02:52.346 7 INFO neutron.db.ovn_revision_numbers_db [None req-09a6dcc2-9917-4fe4-8c17-e5ea2625b3e1 - - - - - -] Successfully bumped revision number for resource ef2ba3da-38a4-4e9e-ad3c-7edeb5034fb7 (type: ports) to 4
2026-05-14 02:02:52.350 8 INFO neutron.services.segments.plugin [-] Segment 39742063-4ca8-4972-ad8a-cc3b07bd4b9f resource provider not found; error: Placement Client Error (4xx): {"errors": [{"status": 404, "title": "Not Found", "detail": "The resource could not be found.\n\n No resource provider with uuid 39742063-4ca8-4972-ad8a-cc3b07bd4b9f found for delete ", "request_id": "req-dda11648-3b88-45ce-947e-09f0acfd9f47"}]}
2026-05-14 02:02:52.362 7 WARNING neutron.plugins.ml2.drivers.ovn.mech_driver.ovsdb.ovn_client [None req-1976c69c-7835-428b-8b35-932ff03eddb3 - - - - - -] No port found with ID 38578f29-ee88-4fa3-92ac-8314b1e85e5d: RuntimeError: No port found with ID 38578f29-ee88-4fa3-92ac-8314b1e85e5d
2026-05-14 02:02:52.368 8 INFO neutron.services.segments.plugin [-] Segment 39742063-4ca8-4972-ad8a-cc3b07bd4b9f resource provider not found; error: Placement Client Error (4xx): {"errors": [{"status": 404, "title": "Not Found", "detail": "The resource could not be found.\n\n No resource provider with uuid 39742063-4ca8-4972-ad8a-cc3b07bd4b9f found for delete ", "request_id": "req-9d17b52f-f3c5-4128-8978-86a8fb920fb2"}]}
2026-05-14 02:02:52.377 8 INFO neutron.services.segments.plugin [-] Segment 2a34b092-c011-4850-9ee5-5e77e83d37c9 resource provider aggregate not found
2026-05-14 02:02:52.385 7 INFO neutron.plugins.ml2.drivers.ovn.mech_driver.mech_driver [None req-1976c69c-7835-428b-8b35-932ff03eddb3 - - - - - -] OVN reports status up for port: 20f76655-62ef-4b80-9f67-a3b320b484d2
2026-05-14 02:02:52.411 7 INFO neutron.plugins.ml2.plugin [None req-1976c69c-7835-428b-8b35-932ff03eddb3 - - - - - -] Attempt 1 to provision port 20f76655-62ef-4b80-9f67-a3b320b484d2
2026-05-14 02:02:52.411 8 INFO neutron.services.segments.plugin [-] Segment 2a34b092-c011-4850-9ee5-5e77e83d37c9 resource provider aggregate not found
2026-05-14 02:02:52.420 8 INFO neutron.services.segments.plugin [-] Segment 2a34b092-c011-4850-9ee5-5e77e83d37c9 resource provider not found; error: Placement Client Error (4xx): {"errors": [{"status": 404, "title": "Not Found", "detail": "The resource could not be found.\n\n No resource provider with uuid 2a34b092-c011-4850-9ee5-5e77e83d37c9 found for delete ", "request_id": "req-6e607231-b983-444a-b25d-70ee93336b03"}]}
2026-05-14 02:02:52.443 8 INFO neutron.services.segments.plugin [-] Segment 2a34b092-c011-4850-9ee5-5e77e83d37c9 resource provider not found; error: Placement Client Error (4xx): {"errors": [{"status": 404, "title": "Not Found", "detail": "The resource could not be found.\n\n No resource provider with uuid 2a34b092-c011-4850-9ee5-5e77e83d37c9 found for delete ", "request_id": "req-5ed7ec12-ccd5-4354-92ff-b25f6faaaf5a"}]}
2026-05-14 02:02:52.479 8 INFO neutron.db.ovn_revision_numbers_db [None req-da817975-6eae-42ee-9b09-20af14af7352 - - - - - -] Successfully bumped revision number for resource 13634b54-6e3a-4550-bd0d-8992f3a7352b (type: ports) to 2
2026-05-14 02:02:52.512 8 INFO neutron.db.ovn_revision_numbers_db [None req-da817975-6eae-42ee-9b09-20af14af7352 - - - - - -] Successfully bumped revision number for resource e7132ce9-ae53-496a-bfbd-0295a1dbc9e4 (type: subnets) to 0 [pid: 8|app: 0|req: 734/1442] 10.0.0.250 () {34 vars in 669 bytes} [Thu May 14 02:02:51 2026] POST /v2.0/subnets => generated 626 bytes in 767 msecs (HTTP/1.1 201) 4 headers in 162 bytes (1 switches on core 0)
2026-05-14 02:02:52.533 7 WARNING neutron.scheduler.dhcp_agent_scheduler [None req-ae2244fd-18d2-473a-a4a3-c1d887f983af aae13560f821434ba3d0ac0fd46eac5c 01ce8238fc644b1a8efaf0d16e5c0891 - - default default] No more DHCP agents
2026-05-14 02:02:52.546 7 WARNING neutron.api.rpc.agentnotifiers.dhcp_rpc_agent_api [None req-ae2244fd-18d2-473a-a4a3-c1d887f983af aae13560f821434ba3d0ac0fd46eac5c 01ce8238fc644b1a8efaf0d16e5c0891 - - default default] Unable to schedule network e4e5cbbc-1ae1-486a-abdc-6c9a3a22902a: no agents available; will retry on subsequent port and subnet creation events. [pid: 8|app: 0|req: 735/1443] 10.0.0.238 () {34 vars in 990 bytes} [Thu May 14 02:02:52 2026] GET /v2.0/ports?device_id=8472acfe-6d2d-4497-b216-3041df7bb588 => generated 973 bytes in 51 msecs (HTTP/1.1 200) 4 headers in 157 bytes (1 switches on core 0)
2026-05-14 02:02:52.692 8 INFO neutron.db.ovn_revision_numbers_db [None req-d1c5e9f9-d101-4ad6-8525-74e1524f3311 b2ab773de47d448cbc04d439f35f0cbc 25c68795d0e14f729ed730d1ba43e954 - - default default] Successfully bumped revision number for resource c913ba81-e16f-443a-ac72-d443e0f76fba (type: routers) to 1 [pid: 8|app: 0|req: 736/1444] 10.0.0.250 () {34 vars in 669 bytes} [Thu May 14 02:02:52 2026] POST /v2.0/routers => generated 603 bytes in 125 msecs (HTTP/1.1 201) 4 headers in 162 bytes (1 switches on core 0) [pid: 8|app: 0|req: 737/1445] 10.0.0.238 () {34 vars in 1040 bytes} [Thu May 14 02:02:52 2026] GET /v2.0/security-groups?id=398c0ef7-f689-49ea-a500-aae71b8230f6&fields=id&fields=name => generated 88 bytes in 29 msecs (HTTP/1.1 200) 4 headers in 156 bytes (1 switches on core 0)
2026-05-14 02:02:52.771 7 INFO neutron.notifiers.nova [-] Nova event matching ['req-bbf76b71-847e-4315-ab2d-36098ad5d1cf'] response: {'server_uuid': '8472acfe-6d2d-4497-b216-3041df7bb588', 'name': 'network-vif-plugged', 'status': 'completed', 'tag': '20f76655-62ef-4b80-9f67-a3b320b484d2', 'code': 200}
2026-05-14 02:02:53.051 8 WARNING neutron.scheduler.dhcp_agent_scheduler [None req-03a8aae8-c673-4b37-af52-996d18226590 b2ab773de47d448cbc04d439f35f0cbc 25c68795d0e14f729ed730d1ba43e954 - - default default] No more DHCP agents
2026-05-14 02:02:53.052 8 WARNING neutron.api.rpc.agentnotifiers.dhcp_rpc_agent_api [None req-03a8aae8-c673-4b37-af52-996d18226590 b2ab773de47d448cbc04d439f35f0cbc 25c68795d0e14f729ed730d1ba43e954 - - default default] Unable to schedule network 903e181a-fc83-4063-87f3-863220c16434: no agents available; will retry on subsequent port and subnet creation events.
2026-05-14 02:02:53.172 7 INFO neutron.db.ovn_revision_numbers_db [None req-1976c69c-7835-428b-8b35-932ff03eddb3 - - - - - -] Successfully bumped revision number for resource 20f76655-62ef-4b80-9f67-a3b320b484d2 (type: ports) to 5
2026-05-14 02:02:53.198 8 INFO neutron.db.ovn_revision_numbers_db [None req-03a8aae8-c673-4b37-af52-996d18226590 b2ab773de47d448cbc04d439f35f0cbc 25c68795d0e14f729ed730d1ba43e954 - - default default] Successfully bumped revision number for resource 69f4d3a7-d895-454d-afe3-1403c041df7e (type: ports) to 1 [pid: 8|app: 0|req: 738/1446] 10.0.0.250 () {34 vars in 665 bytes} [Thu May 14 02:02:52 2026] POST /v2.0/ports => generated 952 bytes in 487 msecs (HTTP/1.1 201) 4 headers in 162 bytes (1 switches on core 0) /var/lib/openstack/lib/python3.12/site-packages/pycadf/identifier.py:70: UserWarning: Invalid uuid: neutron. To ensure interoperability, identifiers should be a valid uuid. warnings.warn(('Invalid uuid: %s. To ensure interoperability, '
2026-05-14 02:02:53.485 7 INFO neutron.plugins.ml2.drivers.ovn.mech_driver.mech_driver [None req-49478f1f-d0c4-4347-ab0c-09eda5d838b5 - - - - - -] OVN reports status down for port: 94200072-4016-434b-a68a-d5095b7492f2
2026-05-14 02:02:53.748 8 INFO neutron.db.ovn_revision_numbers_db [None req-313bc2a2-4fd2-4089-87bd-14a2a3baf8bf b2ab773de47d448cbc04d439f35f0cbc 25c68795d0e14f729ed730d1ba43e954 - - default default] Successfully bumped revision number for resource 69f4d3a7-d895-454d-afe3-1403c041df7e (type: ports) to 2
2026-05-14 02:02:54.097 7 INFO neutron.db.ovn_revision_numbers_db [None req-09a6dcc2-9917-4fe4-8c17-e5ea2625b3e1 - - - - - -] Successfully bumped revision number for resource ef2ba3da-38a4-4e9e-ad3c-7edeb5034fb7 (type: ports) to 5
2026-05-14 02:02:54.211 7 INFO neutron.plugins.ml2.drivers.ovn.mech_driver.mech_driver [None req-49478f1f-d0c4-4347-ab0c-09eda5d838b5 - - - - - -] OVN reports status down for port: ef2ba3da-38a4-4e9e-ad3c-7edeb5034fb7
2026-05-14 02:02:54.358 8 WARNING neutron.scheduler.dhcp_agent_scheduler [None req-313bc2a2-4fd2-4089-87bd-14a2a3baf8bf b2ab773de47d448cbc04d439f35f0cbc 25c68795d0e14f729ed730d1ba43e954 - - default default] No more DHCP agents
2026-05-14 02:02:54.359 8 WARNING neutron.api.rpc.agentnotifiers.dhcp_rpc_agent_api [None req-313bc2a2-4fd2-4089-87bd-14a2a3baf8bf b2ab773de47d448cbc04d439f35f0cbc 25c68795d0e14f729ed730d1ba43e954 - - default default] Unable to schedule network 903e181a-fc83-4063-87f3-863220c16434: no agents available; will retry on subsequent port and subnet creation events.
2026-05-14 02:02:54.450 7 INFO neutron.db.ovn_revision_numbers_db [None req-ced5e007-178e-419b-8e53-8ce598cbf217 - - - - - -] Successfully bumped revision number for resource 94200072-4016-434b-a68a-d5095b7492f2 (type: ports) to 2
2026-05-14 02:02:54.535 7 INFO neutron.db.ovn_revision_numbers_db [None req-ced5e007-178e-419b-8e53-8ce598cbf217 - - - - - -] Successfully bumped revision number for resource 89af03dc-6346-4a3b-a54d-1e5030bcff58 (type: subnets) to 0
2026-05-14 02:02:54.561 8 INFO neutron.db.ovn_revision_numbers_db [None req-313bc2a2-4fd2-4089-87bd-14a2a3baf8bf b2ab773de47d448cbc04d439f35f0cbc 25c68795d0e14f729ed730d1ba43e954 - - default default] Successfully bumped revision number for resource 69f4d3a7-d895-454d-afe3-1403c041df7e (type: router_ports) to 2 [pid: 8|app: 0|req: 739/1447] 10.0.0.250 () {34 vars in 783 bytes} [Thu May 14 02:02:53 2026] PUT /v2.0/routers/c913ba81-e16f-443a-ac72-d443e0f76fba/add_router_interface => generated 309 bytes in 1340 msecs (HTTP/1.1 200) 4 headers in 157 bytes (1 switches on core 0) [pid: 7|app: 0|req: 709/1448] 10.0.0.250 () {34 vars in 669 bytes} [Thu May 14 02:02:52 2026] POST /v2.0/subnets => generated 657 bytes in 2528 msecs (HTTP/1.1 201) 4 headers in 162 bytes (1 switches on core 0) /var/lib/openstack/lib/python3.12/site-packages/pycadf/identifier.py:70: UserWarning: Invalid uuid: neutron. To ensure interoperability, identifiers should be a valid uuid. warnings.warn(('Invalid uuid: %s. To ensure interoperability, ' /var/lib/openstack/lib/python3.12/site-packages/pycadf/identifier.py:70: UserWarning: Invalid uuid: neutron. To ensure interoperability, identifiers should be a valid uuid. warnings.warn(('Invalid uuid: %s. To ensure interoperability, ' [pid: 7|app: 0|req: 710/1449] 10.0.0.238 () {34 vars in 990 bytes} [Thu May 14 02:02:54 2026] GET /v2.0/ports?device_id=8472acfe-6d2d-4497-b216-3041df7bb588 => generated 975 bytes in 159 msecs (HTTP/1.1 200) 4 headers in 157 bytes (1 switches on core 0)
2026-05-14 02:02:54.842 7 INFO neutron.notifiers.nova [-] Nova event matching ['req-a63957d7-dfed-45cc-934e-8adaf4beffac'] response: {'server_uuid': '8472acfe-6d2d-4497-b216-3041df7bb588', 'name': 'network-vif-plugged', 'status': 'completed', 'tag': '20f76655-62ef-4b80-9f67-a3b320b484d2', 'code': 200}
2026-05-14 02:02:54.902 8 INFO neutron.db.ovn_revision_numbers_db [None req-ee59502f-60e4-433f-91a7-9f247da0266f 351fe84cb2774fdc9b1839f0296c89d3 fdec422aa38441ccbe815b2b0c196c1f - - default default] Successfully bumped revision number for resource 1d5a88a7-2cbd-4bfb-8092-c86a3dcfa7e7 (type: security_groups) to 1
2026-05-14 02:02:54.919 8 INFO neutron.db.ovn_revision_numbers_db [None req-ee59502f-60e4-433f-91a7-9f247da0266f 351fe84cb2774fdc9b1839f0296c89d3 fdec422aa38441ccbe815b2b0c196c1f - - default default] Successfully bumped revision number for resource 296068b2-7453-4af6-9ca7-82faebc11ad8 (type: security_group_rules) to 0
2026-05-14 02:02:54.932 8 INFO neutron.db.ovn_revision_numbers_db [None req-ee59502f-60e4-433f-91a7-9f247da0266f 351fe84cb2774fdc9b1839f0296c89d3 fdec422aa38441ccbe815b2b0c196c1f - - default default] Successfully bumped revision number for resource aca56545-cd42-4827-ae9f-961186ef0e7b (type: security_group_rules) to 0 [pid: 7|app: 0|req: 713/1452] 10.0.0.250 () {32 vars in 717 bytes} [Thu May 14 02:02:54 2026] GET /v2.0/ports/69f4d3a7-d895-454d-afe3-1403c041df7e => generated 1012 bytes in 191 msecs (HTTP/1.1 200) 4 headers in 158 bytes (1 switches on core 0)
2026-05-14 02:02:54.945 8 INFO neutron.db.ovn_revision_numbers_db [None req-ee59502f-60e4-433f-91a7-9f247da0266f 351fe84cb2774fdc9b1839f0296c89d3 fdec422aa38441ccbe815b2b0c196c1f - - default default] Successfully bumped revision number for resource b1eb79b5-4024-4213-a1a5-a5574a65d0a1 (type: security_group_rules) to 0
2026-05-14 02:02:54.959 8 INFO neutron.db.ovn_revision_numbers_db [None req-ee59502f-60e4-433f-91a7-9f247da0266f 351fe84cb2774fdc9b1839f0296c89d3 fdec422aa38441ccbe815b2b0c196c1f - - default default] Successfully bumped revision number for resource e16e689b-8633-470e-98cf-6e6c80a589fb (type: security_group_rules) to 0
2026-05-14 02:02:55.038 8 INFO neutron.db.segments_db [None req-ee59502f-60e4-433f-91a7-9f247da0266f 351fe84cb2774fdc9b1839f0296c89d3 fdec422aa38441ccbe815b2b0c196c1f - - default default] Added segment d3e75f98-c3f0-4b16-ab64-41a40e21d3d0 of type geneve for network ed05d947-d5e1-43d4-876d-120cf8d368d1
2026-05-14 02:02:55.065 7 INFO neutron.db.ovn_revision_numbers_db [None req-49478f1f-d0c4-4347-ab0c-09eda5d838b5 - - - - - -] Successfully bumped revision number for resource ef2ba3da-38a4-4e9e-ad3c-7edeb5034fb7 (type: ports) to 6
2026-05-14 02:02:55.141 8 INFO neutron.db.ovn_revision_numbers_db [None req-ee59502f-60e4-433f-91a7-9f247da0266f 351fe84cb2774fdc9b1839f0296c89d3 fdec422aa38441ccbe815b2b0c196c1f - - default default] Successfully bumped revision number for resource ed05d947-d5e1-43d4-876d-120cf8d368d1 (type: networks) to 1
2026-05-14 02:02:55.235 7 WARNING neutron.plugins.ml2.drivers.ovn.mech_driver.ovsdb.ovn_client [None req-5f3bb003-4635-4904-b746-701b20444c4f - - - - - -] Logical_Switch_Port %s host information not removed, the port state is up
2026-05-14 02:02:55.235 7 INFO neutron.plugins.ml2.drivers.ovn.mech_driver.mech_driver [None req-5f3bb003-4635-4904-b746-701b20444c4f - - - - - -] OVN reports status up for port: ef2ba3da-38a4-4e9e-ad3c-7edeb5034fb7
2026-05-14 02:02:55.257 7 INFO neutron.plugins.ml2.plugin [None req-5f3bb003-4635-4904-b746-701b20444c4f - - - - - -] Attempt 1 to provision port ef2ba3da-38a4-4e9e-ad3c-7edeb5034fb7
2026-05-14 02:02:55.296 8 WARNING neutron.scheduler.dhcp_agent_scheduler [None req-ee59502f-60e4-433f-91a7-9f247da0266f 351fe84cb2774fdc9b1839f0296c89d3 fdec422aa38441ccbe815b2b0c196c1f - - default default] No more DHCP agents
2026-05-14 02:02:55.297 8 WARNING neutron.api.rpc.agentnotifiers.dhcp_rpc_agent_api [None req-ee59502f-60e4-433f-91a7-9f247da0266f 351fe84cb2774fdc9b1839f0296c89d3 fdec422aa38441ccbe815b2b0c196c1f - - default default] Unable to schedule network ed05d947-d5e1-43d4-876d-120cf8d368d1: no agents available; will retry on subsequent port and subnet creation events.
2026-05-14 02:02:55.372 8 INFO neutron.plugins.ml2.drivers.ovn.mech_driver.mech_driver [None req-ab8e4c26-0b67-42e7-ae7f-8e5424b37a00 - - - - - -] OVN reports status down for port: 88b17df0-85f3-4efd-9258-c81e07e35c5e
2026-05-14 02:02:55.440 8 INFO neutron.db.ovn_revision_numbers_db [None req-ee59502f-60e4-433f-91a7-9f247da0266f 351fe84cb2774fdc9b1839f0296c89d3 fdec422aa38441ccbe815b2b0c196c1f - - default default] Successfully bumped revision number for resource 88b17df0-85f3-4efd-9258-c81e07e35c5e (type: ports) to 1 [pid: 8|app: 0|req: 740/1453] 10.0.0.250 () {34 vars in 670 bytes} [Thu May 14 02:02:54 2026] POST /v2.0/networks => generated 663 bytes in 918 msecs (HTTP/1.1 201) 4 headers in 162 bytes (1 switches on core 0) [pid: 8|app: 0|req: 741/1454] 10.0.0.238 () {34 vars in 1040 bytes} [Thu May 14 02:02:55 2026] GET /v2.0/security-groups?id=398c0ef7-f689-49ea-a500-aae71b8230f6&fields=id&fields=name => generated 88 bytes in 52 msecs (HTTP/1.1 200) 4 headers in 156 bytes (1 switches on core 0)
2026-05-14 02:02:55.872 7 INFO neutron.db.ovn_revision_numbers_db [None req-5f3bb003-4635-4904-b746-701b20444c4f - - - - - -] Successfully bumped revision number for resource ef2ba3da-38a4-4e9e-ad3c-7edeb5034fb7 (type: ports) to 7
2026-05-14 02:02:55.874 7 WARNING neutron.scheduler.dhcp_agent_scheduler [None req-d543a564-4b71-4a64-9476-75f1a7a74132 aae13560f821434ba3d0ac0fd46eac5c 01ce8238fc644b1a8efaf0d16e5c0891 - - default default] No more DHCP agents
2026-05-14 02:02:55.876 7 WARNING neutron.api.rpc.agentnotifiers.dhcp_rpc_agent_api [None req-d543a564-4b71-4a64-9476-75f1a7a74132 aae13560f821434ba3d0ac0fd46eac5c 01ce8238fc644b1a8efaf0d16e5c0891 - - default default] Unable to schedule network e4e5cbbc-1ae1-486a-abdc-6c9a3a22902a: no agents available; will retry on subsequent port and subnet creation events.
2026-05-14 02:02:55.909 8 INFO neutron_taas.services.taas.taas_plugin [None req-45f9af68-93a1-4a37-808e-5cffd340ea9e b2ab773de47d448cbc04d439f35f0cbc 25c68795d0e14f729ed730d1ba43e954 - - default default] TaaS: Handle Delete Port: 69f4d3a7-d895-454d-afe3-1403c041df7e
2026-05-14 02:02:55.914 8 INFO neutron_taas.services.taas.tap_mirror_plugin [None req-45f9af68-93a1-4a37-808e-5cffd340ea9e b2ab773de47d448cbc04d439f35f0cbc 25c68795d0e14f729ed730d1ba43e954 - - default default] Tap Mirror: Handle Delete Port: 69f4d3a7-d895-454d-afe3-1403c041df7e
2026-05-14 02:02:56.104 7 INFO neutron.plugins.ml2.drivers.ovn.mech_driver.mech_driver [None req-c333a5f8-f5ab-4ac3-b823-27cec8eb2c44 - - - - - -] OVN reports status down for port: 69f4d3a7-d895-454d-afe3-1403c041df7e
2026-05-14 02:02:56.131 7 INFO neutron.plugins.ml2.drivers.ovn.mech_driver.mech_driver [None req-c333a5f8-f5ab-4ac3-b823-27cec8eb2c44 - - - - - -] OVN reports status up for port: 69f4d3a7-d895-454d-afe3-1403c041df7e
2026-05-14 02:02:56.154 7 INFO neutron.db.ovn_revision_numbers_db [None req-d543a564-4b71-4a64-9476-75f1a7a74132 aae13560f821434ba3d0ac0fd46eac5c 01ce8238fc644b1a8efaf0d16e5c0891 - - default default] Successfully bumped revision number for resource 82d70b35-e84f-43a2-86b3-1f3242ac6e53 (type: ports) to 1
2026-05-14 02:02:56.200 7 INFO neutron.plugins.ml2.drivers.ovn.mech_driver.mech_driver [None req-c333a5f8-f5ab-4ac3-b823-27cec8eb2c44 - - - - - -] OVN reports status down for port: 82d70b35-e84f-43a2-86b3-1f3242ac6e53 [pid: 8|app: 0|req: 742/1455] 10.0.0.250 () {34 vars in 789 bytes} [Thu May 14 02:02:55 2026] PUT /v2.0/routers/c913ba81-e16f-443a-ac72-d443e0f76fba/remove_router_interface => generated 309 bytes in 795 msecs (HTTP/1.1 200) 4 headers in 157 bytes (1 switches on core 0) /var/lib/openstack/lib/python3.12/site-packages/pycadf/identifier.py:70: UserWarning: Invalid uuid: neutron. To ensure interoperability, identifiers should be a valid uuid. warnings.warn(('Invalid uuid: %s. To ensure interoperability, '
2026-05-14 02:02:56.520 8 WARNING neutron.scheduler.dhcp_agent_scheduler [None req-c164cde1-afbd-4e96-84d0-32bb1220fe60 351fe84cb2774fdc9b1839f0296c89d3 fdec422aa38441ccbe815b2b0c196c1f - - default default] No more DHCP agents
2026-05-14 02:02:56.521 8 WARNING neutron.api.rpc.agentnotifiers.dhcp_rpc_agent_api [None req-c164cde1-afbd-4e96-84d0-32bb1220fe60 351fe84cb2774fdc9b1839f0296c89d3 fdec422aa38441ccbe815b2b0c196c1f - - default default] Unable to schedule network ed05d947-d5e1-43d4-876d-120cf8d368d1: no agents available; will retry on subsequent port and subnet creation events.
2026-05-14 02:02:56.947 8 INFO neutron.db.ovn_revision_numbers_db [None req-434815de-f7f9-4f05-9886-07adc7843666 - - - - - -] Successfully bumped revision number for resource 88b17df0-85f3-4efd-9258-c81e07e35c5e (type: ports) to 2
2026-05-14 02:02:56.980 7 INFO neutron.plugins.ml2.drivers.ovn.mech_driver.mech_driver [None req-c333a5f8-f5ab-4ac3-b823-27cec8eb2c44 - - - - - -] OVN reports status up for port: 82d70b35-e84f-43a2-86b3-1f3242ac6e53
2026-05-14 02:02:56.989 8 INFO neutron.db.ovn_revision_numbers_db [None req-434815de-f7f9-4f05-9886-07adc7843666 - - - - - -] Successfully bumped revision number for resource ad2dbef4-a2d3-4a09-a631-8dafa36cf591 (type: subnets) to 0
2026-05-14 02:02:57.007 7 INFO neutron.plugins.ml2.plugin [None req-c333a5f8-f5ab-4ac3-b823-27cec8eb2c44 - - - - - -] Attempt 1 to provision port 82d70b35-e84f-43a2-86b3-1f3242ac6e53 [pid: 8|app: 0|req: 743/1456] 10.0.0.250 () {34 vars in 669 bytes} [Thu May 14 02:02:56 2026] POST /v2.0/subnets => generated 641 bytes in 671 msecs (HTTP/1.1 201) 4 headers in 162 bytes (1 switches on core 0)
2026-05-14 02:02:57.055 8 INFO neutron.api.v2.resource [None req-ccb05325-70ed-4fad-9d35-a8033416c0bb b2ab773de47d448cbc04d439f35f0cbc 25c68795d0e14f729ed730d1ba43e954 - - default default] remove_router_interface failed (client error): The resource could not be found. [pid: 8|app: 0|req: 744/1457] 10.0.0.250 () {34 vars in 789 bytes} [Thu May 14 02:02:57 2026] PUT /v2.0/routers/c913ba81-e16f-443a-ac72-d443e0f76fba/remove_router_interface => generated 197 bytes in 48 msecs (HTTP/1.1 404) 4 headers in 164 bytes (1 switches on core 0)
2026-05-14 02:02:57.119 7 WARNING neutron.scheduler.dhcp_agent_scheduler [None req-d543a564-4b71-4a64-9476-75f1a7a74132 aae13560f821434ba3d0ac0fd46eac5c 01ce8238fc644b1a8efaf0d16e5c0891 - - default default] No more DHCP agents
2026-05-14 02:02:57.123 7 WARNING neutron.api.rpc.agentnotifiers.dhcp_rpc_agent_api [None req-d543a564-4b71-4a64-9476-75f1a7a74132 aae13560f821434ba3d0ac0fd46eac5c 01ce8238fc644b1a8efaf0d16e5c0891 - - default default] Unable to schedule network e4e5cbbc-1ae1-486a-abdc-6c9a3a22902a: no agents available; will retry on subsequent port and subnet creation events. [pid: 8|app: 0|req: 745/1458] 10.0.0.238 () {34 vars in 990 bytes} [Thu May 14 02:02:57 2026] GET /v2.0/ports?device_id=8472acfe-6d2d-4497-b216-3041df7bb588 => generated 975 bytes in 86 msecs (HTTP/1.1 200) 4 headers in 157 bytes (1 switches on core 0)
2026-05-14 02:02:57.233 8 INFO neutron.db.segments_db [None req-00aebd3e-7201-48b3-b66d-49fd50c80e24 351fe84cb2774fdc9b1839f0296c89d3 fdec422aa38441ccbe815b2b0c196c1f - - default default] Added segment 63f22403-5ba2-4ecc-be4b-08a9565e3e82 of type geneve for network 31ee3a7c-3641-471f-9fb8-2195c3f4edd6
2026-05-14 02:02:57.367 8 INFO neutron.db.ovn_revision_numbers_db [None req-00aebd3e-7201-48b3-b66d-49fd50c80e24 351fe84cb2774fdc9b1839f0296c89d3 fdec422aa38441ccbe815b2b0c196c1f - - default default] Successfully bumped revision number for resource 31ee3a7c-3641-471f-9fb8-2195c3f4edd6 (type: networks) to 1
2026-05-14 02:02:57.526 8 WARNING neutron.scheduler.dhcp_agent_scheduler [None req-00aebd3e-7201-48b3-b66d-49fd50c80e24 351fe84cb2774fdc9b1839f0296c89d3 fdec422aa38441ccbe815b2b0c196c1f - - default default] No more DHCP agents
2026-05-14 02:02:57.527 8 WARNING neutron.api.rpc.agentnotifiers.dhcp_rpc_agent_api [None req-00aebd3e-7201-48b3-b66d-49fd50c80e24 351fe84cb2774fdc9b1839f0296c89d3 fdec422aa38441ccbe815b2b0c196c1f - - default default] Unable to schedule network 31ee3a7c-3641-471f-9fb8-2195c3f4edd6: no agents available; will retry on subsequent port and subnet creation events.
2026-05-14 02:02:57.603 8 INFO neutron.db.ovn_revision_numbers_db [None req-00aebd3e-7201-48b3-b66d-49fd50c80e24 351fe84cb2774fdc9b1839f0296c89d3 fdec422aa38441ccbe815b2b0c196c1f - - default default] Successfully bumped revision number for resource 29f25c99-c246-4127-88fb-119b12816aad (type: ports) to 1 [pid: 8|app: 0|req: 746/1459] 10.0.0.250 () {34 vars in 670 bytes} [Thu May 14 02:02:57 2026] POST /v2.0/networks => generated 662 bytes in 477 msecs (HTTP/1.1 201) 4 headers in 162 bytes (1 switches on core 0) [pid: 8|app: 0|req: 747/1460] 10.0.0.250 () {32 vars in 736 bytes} [Thu May 14 02:02:57 2026] GET /v2.0/ports?device_id=c913ba81-e16f-443a-ac72-d443e0f76fba => generated 12 bytes in 25 msecs (HTTP/1.1 200) 4 headers in 156 bytes (1 switches on core 0) [pid: 8|app: 0|req: 748/1461] 10.0.0.238 () {34 vars in 1040 bytes} [Thu May 14 02:02:57 2026] GET /v2.0/security-groups?id=398c0ef7-f689-49ea-a500-aae71b8230f6&fields=id&fields=name => generated 88 bytes in 34 msecs (HTTP/1.1 200) 4 headers in 156 bytes (1 switches on core 0)
2026-05-14 02:02:57.744 7 INFO neutron.db.ovn_revision_numbers_db [None req-c333a5f8-f5ab-4ac3-b823-27cec8eb2c44 - - - - - -] Successfully bumped revision number for resource 82d70b35-e84f-43a2-86b3-1f3242ac6e53 (type: ports) to 2
2026-05-14 02:02:57.849 8 INFO neutron.db.ovn_revision_numbers_db [None req-0d0f88ae-3835-475f-ad38-2d6e6437a73f 351fe84cb2774fdc9b1839f0296c89d3 fdec422aa38441ccbe815b2b0c196c1f - - default default] Successfully bumped revision number for resource 31ee3a7c-3641-471f-9fb8-2195c3f4edd6 (type: networks) to 2 [pid: 8|app: 0|req: 749/1462] 10.0.0.250 () {34 vars in 743 bytes} [Thu May 14 02:02:57 2026] PUT /v2.0/networks/31ee3a7c-3641-471f-9fb8-2195c3f4edd6 => generated 636 bytes in 172 msecs (HTTP/1.1 200) 4 headers in 157 bytes (1 switches on core 0)
2026-05-14 02:02:57.932 7 INFO neutron.db.ovn_revision_numbers_db [None req-d543a564-4b71-4a64-9476-75f1a7a74132 aae13560f821434ba3d0ac0fd46eac5c 01ce8238fc644b1a8efaf0d16e5c0891 - - default default] Successfully bumped revision number for resource 82d70b35-e84f-43a2-86b3-1f3242ac6e53 (type: router_ports) to 1 [pid: 7|app: 0|req: 714/1463] 10.0.0.250 () {34 vars in 783 bytes} [Thu May 14 02:02:54 2026] PUT /v2.0/routers/cd3af4e6-02fd-4c24-a25c-0d6a90c9cfe8/add_router_interface => generated 309 bytes in 3000 msecs (HTTP/1.1 200) 4 headers in 157 bytes (1 switches on core 0) [pid: 8|app: 0|req: 750/1464] 10.0.0.250 () {32 vars in 724 bytes} [Thu May 14 02:02:57 2026] DELETE /v2.0/routers/c913ba81-e16f-443a-ac72-d443e0f76fba => generated 0 bytes in 196 msecs (HTTP/1.1 204) 2 headers in 112 bytes (1 switches on core 0) [pid: 8|app: 0|req: 751/1465] 10.0.0.250 () {32 vars in 649 bytes} [Thu May 14 02:02:58 2026] GET /v2.0/networks => generated 6173 bytes in 65 msecs (HTTP/1.1 200) 4 headers in 158 bytes (1 switches on core 0)
2026-05-14 02:02:58.130 7 WARNING neutron.scheduler.dhcp_agent_scheduler [None req-348468ef-3f28-4d32-a664-fa6157428dd5 351fe84cb2774fdc9b1839f0296c89d3 fdec422aa38441ccbe815b2b0c196c1f - - default default] No more DHCP agents
2026-05-14 02:02:58.131 7 WARNING neutron.api.rpc.agentnotifiers.dhcp_rpc_agent_api [None req-348468ef-3f28-4d32-a664-fa6157428dd5 351fe84cb2774fdc9b1839f0296c89d3 fdec422aa38441ccbe815b2b0c196c1f - - default default] Unable to schedule network 31ee3a7c-3641-471f-9fb8-2195c3f4edd6: no agents available; will retry on subsequent port and subnet creation events. [pid: 8|app: 0|req: 752/1466] 10.0.0.238 () {34 vars in 990 bytes} [Thu May 14 02:02:58 2026] GET /v2.0/ports?device_id=8472acfe-6d2d-4497-b216-3041df7bb588 => generated 975 bytes in 27 msecs (HTTP/1.1 200) 4 headers in 157 bytes (1 switches on core 0) [pid: 8|app: 0|req: 753/1467] 10.0.0.250 () {32 vars in 724 bytes} [Thu May 14 02:02:58 2026] DELETE /v2.0/subnets/e7132ce9-ae53-496a-bfbd-0295a1dbc9e4 => generated 0 bytes in 172 msecs (HTTP/1.1 204) 3 headers in 131 bytes (1 switches on core 0) [pid: 8|app: 0|req: 754/1468] 10.0.0.250 () {32 vars in 647 bytes} [Thu May 14 02:02:58 2026] GET /v2.0/subnets => generated 3939 bytes in 59 msecs (HTTP/1.1 200) 4 headers in 158 bytes (1 switches on core 0) [pid: 8|app: 0|req: 755/1469] 10.0.0.238 () {34 vars in 1040 bytes} [Thu May 14 02:02:58 2026] GET /v2.0/security-groups?id=398c0ef7-f689-49ea-a500-aae71b8230f6&fields=id&fields=name => generated 88 bytes in 36 msecs (HTTP/1.1 200) 4 headers in 156 bytes (1 switches on core 0)
2026-05-14 02:02:58.536 8 INFO neutron_taas.services.taas.taas_plugin [None req-fa22c3de-bd8d-4e15-841e-e474c690e00d b2ab773de47d448cbc04d439f35f0cbc 25c68795d0e14f729ed730d1ba43e954 - - default default] TaaS: Handle Delete Port: 13634b54-6e3a-4550-bd0d-8992f3a7352b
2026-05-14 02:02:58.541 8 INFO neutron_taas.services.taas.tap_mirror_plugin [None req-fa22c3de-bd8d-4e15-841e-e474c690e00d b2ab773de47d448cbc04d439f35f0cbc 25c68795d0e14f729ed730d1ba43e954 - - default default] Tap Mirror: Handle Delete Port: 13634b54-6e3a-4550-bd0d-8992f3a7352b
2026-05-14 02:02:58.592 7 INFO neutron.db.ovn_revision_numbers_db [None req-01daa997-a5c1-48d5-8222-85534cd44a58 - - - - - -] Successfully bumped revision number for resource 29f25c99-c246-4127-88fb-119b12816aad (type: ports) to 2
2026-05-14 02:02:58.626 7 INFO neutron.db.ovn_revision_numbers_db [None req-01daa997-a5c1-48d5-8222-85534cd44a58 - - - - - -] Successfully bumped revision number for resource be01a584-88c5-4583-8c16-4a2d58e88be5 (type: subnets) to 0 [pid: 7|app: 0|req: 715/1470] 10.0.0.250 () {34 vars in 669 bytes} [Thu May 14 02:02:57 2026] POST /v2.0/subnets => generated 626 bytes in 704 msecs (HTTP/1.1 201) 4 headers in 162 bytes (1 switches on core 0) [pid: 7|app: 0|req: 716/1471] 10.0.0.250 () {32 vars in 647 bytes} [Thu May 14 02:02:58 2026] GET /v2.0/routers => generated 1942 bytes in 71 msecs (HTTP/1.1 200) 4 headers in 158 bytes (1 switches on core 0)
2026-05-14 02:02:58.765 8 INFO neutron.services.segments.plugin [-] Segment 85c25162-87f0-4e39-b3d7-8e54f52e69be resource provider aggregate not found
2026-05-14 02:02:58.768 8 INFO neutron.services.segments.plugin [-] Segment 85c25162-87f0-4e39-b3d7-8e54f52e69be resource provider aggregate not found
2026-05-14 02:02:58.779 8 INFO neutron.services.segments.plugin [-] Segment 85c25162-87f0-4e39-b3d7-8e54f52e69be resource provider not found; error: Placement Client Error (4xx): {"errors": [{"status": 404, "title": "Not Found", "detail": "The resource could not be found.\n\n No resource provider with uuid 85c25162-87f0-4e39-b3d7-8e54f52e69be found for delete ", "request_id": "req-728bbba4-6231-4963-bf6e-1868466874a6"}]}
2026-05-14 02:02:58.785 8 INFO neutron.services.segments.plugin [-] Segment 85c25162-87f0-4e39-b3d7-8e54f52e69be resource provider not found; error: Placement Client Error (4xx): {"errors": [{"status": 404, "title": "Not Found", "detail": "The resource could not be found.\n\n No resource provider with uuid 85c25162-87f0-4e39-b3d7-8e54f52e69be found for delete ", "request_id": "req-d90fc1bf-13f5-4c20-bacf-7f2fb2c34ce8"}]} [pid: 8|app: 0|req: 756/1472] 10.0.0.250 () {32 vars in 726 bytes} [Thu May 14 02:02:58 2026] DELETE /v2.0/networks/903e181a-fc83-4063-87f3-863220c16434 => generated 0 bytes in 408 msecs (HTTP/1.1 204) 3 headers in 131 bytes (1 switches on core 0)
2026-05-14 02:02:58.957 7 INFO neutron.db.ovn_revision_numbers_db [None req-0403821b-16f2-431a-8f6d-045bd74066ff 351fe84cb2774fdc9b1839f0296c89d3 fdec422aa38441ccbe815b2b0c196c1f - - default default] Successfully bumped revision number for resource be01a584-88c5-4583-8c16-4a2d58e88be5 (type: subnets) to 1 [pid: 7|app: 0|req: 717/1473] 10.0.0.250 () {34 vars in 741 bytes} [Thu May 14 02:02:58 2026] PUT /v2.0/subnets/be01a584-88c5-4583-8c16-4a2d58e88be5 => generated 636 bytes in 248 msecs (HTTP/1.1 200) 4 headers in 157 bytes (1 switches on core 0)
2026-05-14 02:02:58.965 8 INFO neutron.db.ovn_revision_numbers_db [None req-f7b7c2d8-00a8-44e6-9c60-c788d43bbbb8 aae13560f821434ba3d0ac0fd46eac5c 01ce8238fc644b1a8efaf0d16e5c0891 - - default default] Successfully bumped revision number for resource fdec2b9a-dafd-419e-9d7f-0d46c3a2c086 (type: security_groups) to 1
2026-05-14 02:02:58.976 8 INFO neutron.db.ovn_revision_numbers_db [None req-f7b7c2d8-00a8-44e6-9c60-c788d43bbbb8 aae13560f821434ba3d0ac0fd46eac5c 01ce8238fc644b1a8efaf0d16e5c0891 - - default default] Successfully bumped revision number for resource 0be92a9e-9416-46da-a275-1830e2610d8c (type: security_group_rules) to 0
2026-05-14 02:02:58.987 8 INFO neutron.db.ovn_revision_numbers_db [None req-f7b7c2d8-00a8-44e6-9c60-c788d43bbbb8 aae13560f821434ba3d0ac0fd46eac5c 01ce8238fc644b1a8efaf0d16e5c0891 - - default default] Successfully bumped revision number for resource 30f1d377-16ea-4d10-a49b-054cbae5232b (type: security_group_rules) to 0 [pid: 8|app: 0|req: 757/1474] 10.0.0.250 () {34 vars in 685 bytes} [Thu May 14 02:02:58 2026] POST /v2.0/security-groups => generated 1675 bytes in 210 msecs (HTTP/1.1 201) 4 headers in 163 bytes (1 switches on core 0)
2026-05-14 02:02:59.068 7 INFO neutron.db.segments_db [None req-eafd6781-f51f-44d4-9786-bef3632cf2bf b2ab773de47d448cbc04d439f35f0cbc 25c68795d0e14f729ed730d1ba43e954 - - default default] Added segment 5f67173d-a2f6-40f9-9f0d-b01755d8b92c of type geneve for network bfe45bc6-560f-466a-9476-27fc1f6a375b
2026-05-14 02:02:59.197 7 INFO neutron.db.ovn_revision_numbers_db [None req-eafd6781-f51f-44d4-9786-bef3632cf2bf b2ab773de47d448cbc04d439f35f0cbc 25c68795d0e14f729ed730d1ba43e954 - - default default] Successfully bumped revision number for resource bfe45bc6-560f-466a-9476-27fc1f6a375b (type: networks) to 1
2026-05-14 02:02:59.218 8 INFO neutron_taas.services.taas.taas_plugin [None req-2ed6bed7-72dc-461e-971d-ca19ba768b5e 351fe84cb2774fdc9b1839f0296c89d3 fdec422aa38441ccbe815b2b0c196c1f - - default default] TaaS: Handle Delete Port: 29f25c99-c246-4127-88fb-119b12816aad
2026-05-14 02:02:59.224 8 INFO neutron_taas.services.taas.tap_mirror_plugin [None req-2ed6bed7-72dc-461e-971d-ca19ba768b5e 351fe84cb2774fdc9b1839f0296c89d3 fdec422aa38441ccbe815b2b0c196c1f - - default default] Tap Mirror: Handle Delete Port: 29f25c99-c246-4127-88fb-119b12816aad
2026-05-14 02:02:59.397 7 WARNING neutron.scheduler.dhcp_agent_scheduler [None req-eafd6781-f51f-44d4-9786-bef3632cf2bf b2ab773de47d448cbc04d439f35f0cbc 25c68795d0e14f729ed730d1ba43e954 - - default default] No more DHCP agents
2026-05-14 02:02:59.401 7 WARNING neutron.api.rpc.agentnotifiers.dhcp_rpc_agent_api [None req-eafd6781-f51f-44d4-9786-bef3632cf2bf b2ab773de47d448cbc04d439f35f0cbc 25c68795d0e14f729ed730d1ba43e954 - - default default] Unable to schedule network bfe45bc6-560f-466a-9476-27fc1f6a375b: no agents available; will retry on subsequent port and subnet creation events.
2026-05-14 02:02:59.471 8 INFO neutron.plugins.ml2.drivers.ovn.mech_driver.mech_driver [None req-ab8e4c26-0b67-42e7-ae7f-8e5424b37a00 - - - - - -] OVN reports status down for port: 4ac39e5e-b406-4123-a2c4-1f7e674470c9
2026-05-14 02:02:59.485 7 INFO neutron.db.ovn_revision_numbers_db [None req-eafd6781-f51f-44d4-9786-bef3632cf2bf b2ab773de47d448cbc04d439f35f0cbc 25c68795d0e14f729ed730d1ba43e954 - - default default] Successfully bumped revision number for resource 4ac39e5e-b406-4123-a2c4-1f7e674470c9 (type: ports) to 1 [pid: 7|app: 0|req: 718/1475] 10.0.0.250 () {34 vars in 670 bytes} [Thu May 14 02:02:58 2026] POST /v2.0/networks => generated 649 bytes in 545 msecs (HTTP/1.1 201) 4 headers in 162 bytes (1 switches on core 0)
2026-05-14 02:02:59.636 7 INFO neutron.db.ovn_revision_numbers_db [None req-d5426f24-0797-4c04-b91f-a895b8e32885 aae13560f821434ba3d0ac0fd46eac5c 01ce8238fc644b1a8efaf0d16e5c0891 - - default default] Successfully bumped revision number for resource 06257861-06d6-4902-8ff7-f3df34d0c7e2 (type: security_group_rules) to 0 [pid: 8|app: 0|req: 758/1476] 10.0.0.250 () {32 vars in 726 bytes} [Thu May 14 02:02:59 2026] DELETE /v2.0/networks/31ee3a7c-3641-471f-9fb8-2195c3f4edd6 => generated 0 bytes in 617 msecs (HTTP/1.1 204) 3 headers in 131 bytes (1 switches on core 0) [pid: 7|app: 0|req: 719/1477] 10.0.0.250 () {34 vars in 695 bytes} [Thu May 14 02:02:59 2026] POST /v2.0/security-group-rules => generated 597 bytes in 160 msecs (HTTP/1.1 201) 4 headers in 162 bytes (1 switches on core 0) [pid: 8|app: 0|req: 759/1478] 10.0.0.238 () {34 vars in 990 bytes} [Thu May 14 02:02:59 2026] GET /v2.0/ports?device_id=8472acfe-6d2d-4497-b216-3041df7bb588 => generated 975 bytes in 34 msecs (HTTP/1.1 200) 4 headers in 157 bytes (1 switches on core 0)
2026-05-14 02:02:59.692 8 INFO neutron.pecan_wsgi.hooks.translation [None req-cbf84a36-647d-4403-b2b4-f3585f4387a5 351fe84cb2774fdc9b1839f0296c89d3 fdec422aa38441ccbe815b2b0c196c1f - - default default] DELETE failed (client error): The resource could not be found. [pid: 8|app: 0|req: 760/1479] 10.0.0.250 () {32 vars in 726 bytes} [Thu May 14 02:02:59 2026] DELETE /v2.0/networks/31ee3a7c-3641-471f-9fb8-2195c3f4edd6 => generated 138 bytes in 10 msecs (HTTP/1.1 404) 4 headers in 164 bytes (1 switches on core 0)
2026-05-14 02:02:59.826 8 INFO neutron.db.ovn_revision_numbers_db [None req-d0453544-9873-4aa7-9fa4-682a2256d28f aae13560f821434ba3d0ac0fd46eac5c 01ce8238fc644b1a8efaf0d16e5c0891 - - default default] Successfully bumped revision number for resource 51d4a34e-c5a8-48cb-abb2-d56bf17370f9 (type: security_group_rules) to 0
2026-05-14 02:02:59.845 7 WARNING neutron.scheduler.dhcp_agent_scheduler [None req-d2888825-b781-4ba0-9bb9-6fba62c7cb06 b2ab773de47d448cbc04d439f35f0cbc 25c68795d0e14f729ed730d1ba43e954 - - default default] No more DHCP agents
2026-05-14 02:02:59.845 7 WARNING neutron.api.rpc.agentnotifiers.dhcp_rpc_agent_api [None req-d2888825-b781-4ba0-9bb9-6fba62c7cb06 b2ab773de47d448cbc04d439f35f0cbc 25c68795d0e14f729ed730d1ba43e954 - - default default] Unable to schedule network bfe45bc6-560f-466a-9476-27fc1f6a375b: no agents available; will retry on subsequent port and subnet creation events. [pid: 8|app: 0|req: 761/1480] 10.0.0.250 () {34 vars in 695 bytes} [Thu May 14 02:02:59 2026] POST /v2.0/security-group-rules => generated 596 bytes in 163 msecs (HTTP/1.1 201) 4 headers in 162 bytes (1 switches on core 0) [pid: 8|app: 0|req: 762/1481] 10.0.0.238 () {34 vars in 1040 bytes} [Thu May 14 02:02:59 2026] GET /v2.0/security-groups?id=398c0ef7-f689-49ea-a500-aae71b8230f6&fields=id&fields=name => generated 88 bytes in 24 msecs (HTTP/1.1 200) 4 headers in 156 bytes (1 switches on core 0) [pid: 8|app: 0|req: 763/1482] 10.0.0.250 () {32 vars in 694 bytes} [Thu May 14 02:02:59 2026] GET /v2.0/networks?router%3Aexternal=True => generated 689 bytes in 56 msecs (HTTP/1.1 200) 4 headers in 157 bytes (1 switches on core 0)
2026-05-14 02:03:00.111 8 INFO neutron.db.ovn_revision_numbers_db [None req-65f390aa-932a-4a77-8644-dba7d906f136 aae13560f821434ba3d0ac0fd46eac5c 01ce8238fc644b1a8efaf0d16e5c0891 - - default default] Successfully bumped revision number for resource 81f6a89c-c8d7-482a-af94-7e07cbcadc13 (type: security_group_rules) to 0 [pid: 8|app: 0|req: 764/1483] 10.0.0.250 () {34 vars in 695 bytes} [Thu May 14 02:02:59 2026] POST /v2.0/security-group-rules => generated 602 bytes in 232 msecs (HTTP/1.1 201) 4 headers in 162 bytes (1 switches on core 0) [pid: 8|app: 0|req: 765/1484] 10.0.0.250 () {32 vars in 742 bytes} [Thu May 14 02:03:00 2026] GET /v2.0/subnets?network_id=db376de4-92bd-404f-81c1-f40c55518b19 => generated 649 bytes in 36 msecs (HTTP/1.1 200) 4 headers in 157 bytes (1 switches on core 0)
2026-05-14 02:03:00.301 7 INFO neutron.db.ovn_revision_numbers_db [None req-d298f04b-239c-4636-86b5-b0bea35cdd3a - - - - - -] Successfully bumped revision number for resource 4ac39e5e-b406-4123-a2c4-1f7e674470c9 (type: ports) to 2
2026-05-14 02:03:00.340 7 INFO neutron.db.ovn_revision_numbers_db [None req-d298f04b-239c-4636-86b5-b0bea35cdd3a - - - - - -] Successfully bumped revision number for resource 85524bd1-84c8-4dd0-8eb6-abc66c79e74d (type: subnets) to 0 [pid: 7|app: 0|req: 720/1485] 10.0.0.250 () {34 vars in 669 bytes} [Thu May 14 02:02:59 2026] POST /v2.0/subnets => generated 626 bytes in 686 msecs (HTTP/1.1 201) 4 headers in 162 bytes (1 switches on core 0) [pid: 7|app: 0|req: 721/1486] 10.0.0.250 () {32 vars in 653 bytes} [Thu May 14 02:03:00 2026] GET /v2.0/extensions => generated 20541 bytes in 5 msecs (HTTP/1.1 200) 4 headers in 159 bytes (1 switches on core 0)
2026-05-14 02:03:00.396 8 INFO neutron.db.ovn_revision_numbers_db [None req-3919c315-3e2a-4293-b278-34a0968395bb aae13560f821434ba3d0ac0fd46eac5c 01ce8238fc644b1a8efaf0d16e5c0891 - - default default] Successfully bumped revision number for resource af97bf8d-089e-4a0a-8762-a8dd0746b0bc (type: security_group_rules) to 0 [pid: 8|app: 0|req: 766/1487] 10.0.0.250 () {34 vars in 695 bytes} [Thu May 14 02:03:00 2026] POST /v2.0/security-group-rules => generated 601 bytes in 224 msecs (HTTP/1.1 201) 4 headers in 162 bytes (1 switches on core 0) [pid: 7|app: 0|req: 722/1488] 199.204.45.238 () {34 vars in 994 bytes} [Thu May 14 02:03:00 2026] GET /v2.0/ports?device_id=8472acfe-6d2d-4497-b216-3041df7bb588 => generated 975 bytes in 92 msecs (HTTP/1.1 200) 4 headers in 157 bytes (1 switches on core 0) [pid: 7|app: 0|req: 723/1489] 10.0.0.250 () {32 vars in 649 bytes} [Thu May 14 02:03:00 2026] GET /v2.0/networks => generated 1385 bytes in 48 msecs (HTTP/1.1 200) 4 headers in 158 bytes (1 switches on core 0)
2026-05-14 02:03:00.542 8 INFO neutron.db.ovn_revision_numbers_db [None req-e64ccb9d-03f2-47b6-9eb3-465bd050850b b2ab773de47d448cbc04d439f35f0cbc 25c68795d0e14f729ed730d1ba43e954 - - default default] Successfully bumped revision number for resource d3b0c86c-4a67-47e1-a68b-3e32530859c0 (type: routers) to 1
2026-05-14 02:03:00.551 7 INFO neutron.db.securitygroups_db [None req-2dc05bcf-36a2-47fa-beb4-137b58ac30f3 aae13560f821434ba3d0ac0fd46eac5c 01ce8238fc644b1a8efaf0d16e5c0891 - - default default] Project 01ce8238fc644b1a8efaf0d16e5c0891 added a security group rule with legacy IPv6 ICMP protocol name icmp, ipv6-icmp should be used instead. It was automatically converted. [pid: 8|app: 0|req: 767/1490] 10.0.0.250 () {34 vars in 669 bytes} [Thu May 14 02:03:00 2026] POST /v2.0/routers => generated 603 bytes in 132 msecs (HTTP/1.1 201) 4 headers in 162 bytes (1 switches on core 0)
