May 14 10:21:06.436042 np0000174132 devstack@n-api.service[99983]: INFO nova.api.openstack.requestlog [None req-3d941e87-71ea-40d8-8671-dd142281c4f6 admin admin] 199.19.213.17 "GET /compute/v2.1/flavors/detail?is_public=True" status: 200 len: 4822 microversion: 2.61 time: 0.034241
May 14 10:21:06.436362 np0000174132 devstack@n-api.service[99983]: [pid: 99983|app: 0|req: 14/56] 199.19.213.17 () {68 vars in 1431 bytes} [Thu May 14 10:21:06 2026] GET /compute/v2.1/flavors/detail?is_public=True => generated 4822 bytes in 35 msecs (HTTP/1.1 200) 9 headers in 360 bytes (1 switches on core 0)
May 14 10:21:06.659947 np0000174132 devstack@n-api.service[99981]: DEBUG nova.api.openstack.wsgi [None req-1015a606-53e5-48f9-b677-c98f6809b136 admin admin] Action: 'create', calling method: >, body: {"flavor": {"rxtx_factor": 1.0, "disk": 5, "ram": 512, "OS-FLV-EXT-DATA:ephemeral": 0, "vcpus": 1, "swap": 0, "id": "100", "os-flavor-access:is_public": true, "name": "manila-service-flavor"}} {{(pid=99981) _process_stack /opt/stack/nova/nova/api/openstack/wsgi.py:549}}
May 14 10:21:06.681603 np0000174132 devstack@n-api.service[99981]: INFO nova.api.openstack.requestlog [None req-1015a606-53e5-48f9-b677-c98f6809b136 admin admin] 199.19.213.17 "POST /compute/v2.1/flavors" status: 200 len: 428 microversion: 2.61 time: 0.023497
May 14 10:21:06.681904 np0000174132 devstack@n-api.service[99981]: [pid: 99981|app: 0|req: 14/57] 199.19.213.17 () {72 vars in 1422 bytes} [Thu May 14 10:21:06 2026] POST /compute/v2.1/flavors => generated 428 bytes in 24 msecs (HTTP/1.1 200) 9 headers in 359 bytes (2 switches on core 0)
May 14 10:21:16.418656 np0000174132 devstack@n-api.service[99983]: DEBUG dbcounter [-] [99983] Writing DB stats nova_api:SELECT=1 {{(pid=99983) stat_writer /opt/stack/data/venv/lib/python3.12/site-packages/dbcounter.py:115}}
May 14 10:21:16.672570 np0000174132 devstack@n-api.service[99981]: DEBUG dbcounter [-] [99981] Writing DB stats nova_api:INSERT=1,nova_api:SELECT=1 {{(pid=99981) stat_writer /opt/stack/data/venv/lib/python3.12/site-packages/dbcounter.py:115}}
May 14 10:30:32.771121 np0000174132 devstack@n-api.service[99982]: DEBUG nova.api.openstack.wsgi [None req-0434f6dc-16a9-497e-85a8-169dcf72119f admin admin] Calling method '>' {{(pid=99982) _process_stack /opt/stack/nova/nova/api/openstack/wsgi.py:551}}
May 14 10:30:32.774297 np0000174132 devstack@n-api.service[99982]: WARNING oslo_db.sqlalchemy.utils [None req-0434f6dc-16a9-497e-85a8-169dcf72119f admin admin] Unique keys not in sort_keys. The sorting order may be unstable.
May 14 10:30:32.782929 np0000174132 devstack@n-api.service[99982]: INFO nova.api.openstack.requestlog [None req-0434f6dc-16a9-497e-85a8-169dcf72119f admin admin] 199.19.213.17 "GET /compute/v2.1/os-keypairs" status: 200 len: 16 microversion: 2.10 time: 0.119244
May 14 10:30:32.783196 np0000174132 devstack@n-api.service[99982]: [pid: 99982|app: 0|req: 15/58] 199.19.213.17 () {68 vars in 1393 bytes} [Thu May 14 10:30:32 2026] GET /compute/v2.1/os-keypairs => generated 16 bytes in 120 msecs (HTTP/1.1 200) 9 headers in 358 bytes (1 switches on core 0)
May 14 10:30:32.995300 np0000174132 devstack@n-api.service[99980]: DEBUG nova.api.openstack.wsgi [None req-b943d244-12be-47db-9045-c1e9da461582 admin admin] Action: 'create', calling method: >, body: {"keypair": {"public_key": "ecdsa-sha2-nistp256 AAAAE2VjZHNhLXNoYTItbmlzdHAyNTYAAAAIbmlzdHAyNTYAAABBBM5D328SqWWxprTyWiSsv+/7prR/o8mvUMWABKRZgGE5coWLLxI/J02jGZkkUhoHG96yVeHBZ+vcjJ0UNqr5h8M= stack@np0000174132\n", "name": "manila-service"}} {{(pid=99980) _process_stack /opt/stack/nova/nova/api/openstack/wsgi.py:549}}
May 14 10:30:33.018784 np0000174132 devstack@n-api.service[99980]: DEBUG nova.quota [None req-b943d244-12be-47db-9045-c1e9da461582 admin admin] Getting quotas for project ad47342cba5c4949a7d2d94323f0b8f5. Resources: {'key_pairs'} {{(pid=99980) _get_quotas /opt/stack/nova/nova/quota.py:392}}
May 14 10:30:33.023500 np0000174132 devstack@n-api.service[99980]: DEBUG nova.quota [None req-b943d244-12be-47db-9045-c1e9da461582 admin admin] Getting quotas for user e462e0a89b3043569d9b33100ac4a8f7 and project ad47342cba5c4949a7d2d94323f0b8f5. Resources: {'key_pairs'} {{(pid=99980) _get_quotas /opt/stack/nova/nova/quota.py:382}}
May 14 10:30:33.061100 np0000174132 devstack@n-api.service[99980]: INFO nova.api.openstack.requestlog [None req-b943d244-12be-47db-9045-c1e9da461582 admin admin] 199.19.213.17 "POST /compute/v2.1/os-keypairs" status: 201 len: 366 microversion: 2.10 time: 0.070135
May 14 10:30:33.061870 np0000174132 devstack@n-api.service[99980]: [pid: 99980|app: 0|req: 16/59] 199.19.213.17 () {72 vars in 1434 bytes} [Thu May 14 10:30:32 2026] POST /compute/v2.1/os-keypairs => generated 366 bytes in 71 msecs (HTTP/1.1 201) 9 headers in 364 bytes (1 switches on core 0)
May 14 10:30:42.779399 np0000174132 devstack@n-api.service[99982]: DEBUG dbcounter [-] [99982] Writing DB stats nova_api:SELECT=1 {{(pid=99982) stat_writer /opt/stack/data/venv/lib/python3.12/site-packages/dbcounter.py:115}}
May 14 10:30:43.030471 np0000174132 devstack@n-api.service[99980]: DEBUG dbcounter [-] [99980] Writing DB stats nova_cell0:SELECT=2 {{(pid=99980) stat_writer /opt/stack/data/venv/lib/python3.12/site-packages/dbcounter.py:115}}
May 14 10:30:43.052151 np0000174132 devstack@n-api.service[99980]: DEBUG dbcounter [-] [99980] Writing DB stats nova_api:SELECT=5,nova_api:INSERT=1 {{(pid=99980) stat_writer /opt/stack/data/venv/lib/python3.12/site-packages/dbcounter.py:115}}
May 14 10:30:46.710324 np0000174132 devstack@n-api.service[99983]: DEBUG nova.api.openstack.wsgi [None req-2c6d9c14-8d28-44cc-a77f-7685fc583284 admin admin] Calling method '>' {{(pid=99983) _process_stack /opt/stack/nova/nova/api/openstack/wsgi.py:551}}
May 14 10:30:46.713093 np0000174132 devstack@n-api.service[99983]: DEBUG oslo_concurrency.lockutils [None req-2c6d9c14-8d28-44cc-a77f-7685fc583284 admin admin] Acquiring lock "00000000-0000-0000-0000-000000000000" by "nova.context.set_target_cell..get_or_set_cached_cell_and_set_connections" {{(pid=99983) inner /opt/stack/data/venv/lib/python3.12/site-packages/oslo_concurrency/lockutils.py:506}}
May 14 10:30:46.713370 np0000174132 devstack@n-api.service[99983]: DEBUG oslo_concurrency.lockutils [None req-2c6d9c14-8d28-44cc-a77f-7685fc583284 admin admin] Lock "00000000-0000-0000-0000-000000000000" acquired by "nova.context.set_target_cell..get_or_set_cached_cell_and_set_connections" :: waited 0.000s {{(pid=99983) inner /opt/stack/data/venv/lib/python3.12/site-packages/oslo_concurrency/lockutils.py:519}}
May 14 10:30:46.713614 np0000174132 devstack@n-api.service[99983]: DEBUG oslo_concurrency.lockutils [None req-2c6d9c14-8d28-44cc-a77f-7685fc583284 admin admin] Lock "00000000-0000-0000-0000-000000000000" "released" by "nova.context.set_target_cell..get_or_set_cached_cell_and_set_connections" :: held 0.000s {{(pid=99983) inner /opt/stack/data/venv/lib/python3.12/site-packages/oslo_concurrency/lockutils.py:538}}
May 14 10:30:46.714685 np0000174132 devstack@n-api.service[99983]: DEBUG oslo_concurrency.lockutils [None req-2c6d9c14-8d28-44cc-a77f-7685fc583284 admin admin] Acquiring lock "d28ca91d-1f17-4d02-b7f7-4e15c3254ae5" by "nova.context.set_target_cell..get_or_set_cached_cell_and_set_connections" {{(pid=99983) inner /opt/stack/data/venv/lib/python3.12/site-packages/oslo_concurrency/lockutils.py:506}}
May 14 10:30:46.714940 np0000174132 devstack@n-api.service[99983]: DEBUG oslo_concurrency.lockutils [None req-2c6d9c14-8d28-44cc-a77f-7685fc583284 admin admin] Lock "d28ca91d-1f17-4d02-b7f7-4e15c3254ae5" acquired by "nova.context.set_target_cell..get_or_set_cached_cell_and_set_connections" :: waited 0.000s {{(pid=99983) inner /opt/stack/data/venv/lib/python3.12/site-packages/oslo_concurrency/lockutils.py:519}}
May 14 10:30:46.715145 np0000174132 devstack@n-api.service[99983]: DEBUG oslo_concurrency.lockutils [None req-2c6d9c14-8d28-44cc-a77f-7685fc583284 admin admin] Lock "d28ca91d-1f17-4d02-b7f7-4e15c3254ae5" "released" by "nova.context.set_target_cell..get_or_set_cached_cell_and_set_connections" :: held 0.000s {{(pid=99983) inner /opt/stack/data/venv/lib/python3.12/site-packages/oslo_concurrency/lockutils.py:538}}
May 14 10:30:46.757944 np0000174132 devstack@n-api.service[99983]: INFO nova.api.openstack.requestlog [None req-2c6d9c14-8d28-44cc-a77f-7685fc583284 admin admin] 199.19.213.17 "GET /compute/v2.1/os-services?binary=nova-compute&host=np0000174132" status: 200 len: 255 microversion: 2.69 time: 0.051706
May 14 10:30:46.758535 np0000174132 devstack@n-api.service[99983]: [pid: 99983|app: 0|req: 15/60] 199.19.213.17 () {68 vars in 1468 bytes} [Thu May 14 10:30:46 2026] GET /compute/v2.1/os-services?binary=nova-compute&host=np0000174132 => generated 255 bytes in 53 msecs (HTTP/1.1 200) 9 headers in 359 bytes (1 switches on core 0)
May 14 10:30:56.721752 np0000174132 devstack@n-api.service[99983]: DEBUG dbcounter [-] [99983] Writing DB stats nova_cell0:SELECT=1 {{(pid=99983) stat_writer /opt/stack/data/venv/lib/python3.12/site-packages/dbcounter.py:115}}
May 14 10:30:56.727888 np0000174132 devstack@n-api.service[99983]: DEBUG dbcounter [-] [99983] Writing DB stats nova_cell1:SELECT=1 {{(pid=99983) stat_writer /opt/stack/data/venv/lib/python3.12/site-packages/dbcounter.py:115}}
May 14 10:30:56.745379 np0000174132 devstack@n-api.service[99983]: DEBUG dbcounter [-] [99983] Writing DB stats nova_api:SELECT=2 {{(pid=99983) stat_writer /opt/stack/data/venv/lib/python3.12/site-packages/dbcounter.py:115}}
May 14 10:31:20.434243 np0000174132 devstack@n-api.service[99981]: DEBUG nova.api.openstack.wsgi [None req-1015a606-53e5-48f9-b677-c98f6809b136 admin admin] Calling method '>' {{(pid=99981) _process_stack /opt/stack/nova/nova/api/openstack/wsgi.py:551}}
May 14 10:31:20.440051 np0000174132 devstack@n-api.service[99981]: INFO nova.api.openstack.requestlog [None req-1015a606-53e5-48f9-b677-c98f6809b136 admin admin] 199.19.213.17 "GET /compute/v2.1" status: 200 len: 392 microversion: 2.1 time: 0.006250
May 14 10:31:20.440408 np0000174132 devstack@n-api.service[99981]: [pid: 99981|app: 0|req: 15/61] 199.19.213.17 () {62 vars in 1056 bytes} [Thu May 14 10:31:20 2026] GET /compute/v2.1 => generated 392 bytes in 7 msecs (HTTP/1.1 200) 9 headers in 357 bytes (1 switches on core 0)
May 14 10:31:20.456516 np0000174132 devstack@n-api.service[99982]: DEBUG nova.api.openstack.wsgi [None req-0434f6dc-16a9-497e-85a8-169dcf72119f admin admin] Calling method '>' {{(pid=99982) _process_stack /opt/stack/nova/nova/api/openstack/wsgi.py:551}}
May 14 10:31:20.463705 np0000174132 devstack@n-api.service[99982]: INFO nova.api.openstack.requestlog [None req-0434f6dc-16a9-497e-85a8-169dcf72119f admin admin] 199.19.213.17 "GET /compute/v2.1/" status: 200 len: 392 microversion: 2.1 time: 0.008451
May 14 10:31:20.463705 np0000174132 devstack@n-api.service[99982]: [pid: 99982|app: 0|req: 16/62] 199.19.213.17 () {62 vars in 1059 bytes} [Thu May 14 10:31:20 2026] GET /compute/v2.1/ => generated 392 bytes in 9 msecs (HTTP/1.1 200) 9 headers in 357 bytes (1 switches on core 0)
May 14 10:31:20.475724 np0000174132 devstack@n-api.service[99980]: DEBUG nova.api.openstack.wsgi [None req-f7a9c355-cf21-4a2a-9171-d60d1f09ca42 demo demo] Calling method '>' {{(pid=99980) _process_stack /opt/stack/nova/nova/api/openstack/wsgi.py:551}}
May 14 10:31:20.504852 np0000174132 devstack@n-api.service[99980]: INFO nova.api.openstack.requestlog [None req-f7a9c355-cf21-4a2a-9171-d60d1f09ca42 demo demo] 199.19.213.17 "GET /compute/v2.1/flavors/detail?is_public=None" status: 200 len: 5240 microversion: 2.61 time: 0.031483
May 14 10:31:20.505216 np0000174132 devstack@n-api.service[99980]: [pid: 99980|app: 0|req: 17/63] 199.19.213.17 () {68 vars in 1417 bytes} [Thu May 14 10:31:20 2026] GET /compute/v2.1/flavors/detail?is_public=None => generated 5240 bytes in 32 msecs (HTTP/1.1 200) 9 headers in 360 bytes (1 switches on core 0)
May 14 10:31:20.531412 np0000174132 devstack@n-api.service[99983]: DEBUG nova.api.openstack.wsgi [None req-e0758dcf-645c-48c9-9c44-26094e02e450 demo demo] Calling method '>' {{(pid=99983) _process_stack /opt/stack/nova/nova/api/openstack/wsgi.py:551}}
May 14 10:31:20.556752 np0000174132 devstack@n-api.service[99983]: INFO nova.api.openstack.requestlog [None req-e0758dcf-645c-48c9-9c44-26094e02e450 demo demo] 199.19.213.17 "GET /compute/v2.1/flavors/detail?is_public=None" status: 200 len: 5240 microversion: 2.61 time: 0.027763
May 14 10:31:20.557497 np0000174132 devstack@n-api.service[99983]: [pid: 99983|app: 0|req: 16/64] 199.19.213.17 () {68 vars in 1417 bytes} [Thu May 14 10:31:20 2026] GET /compute/v2.1/flavors/detail?is_public=None => generated 5240 bytes in 28 msecs (HTTP/1.1 200) 9 headers in 360 bytes (1 switches on core 0)
May 14 10:31:20.735247 np0000174132 devstack@n-api.service[99981]: DEBUG nova.api.openstack.wsgi [None req-1015a606-53e5-48f9-b677-c98f6809b136 admin admin] Calling method '>' {{(pid=99981) _process_stack /opt/stack/nova/nova/api/openstack/wsgi.py:551}}
May 14 10:31:20.741339 np0000174132 devstack@n-api.service[99981]: INFO nova.api.openstack.requestlog [None req-1015a606-53e5-48f9-b677-c98f6809b136 admin admin] 199.19.213.17 "GET /compute/v2.1" status: 200 len: 392 microversion: 2.1 time: 0.006556
May 14 10:31:20.741748 np0000174132 devstack@n-api.service[99981]: [pid: 99981|app: 0|req: 16/65] 199.19.213.17 () {62 vars in 1056 bytes} [Thu May 14 10:31:20 2026] GET /compute/v2.1 => generated 392 bytes in 7 msecs (HTTP/1.1 200) 9 headers in 357 bytes (1 switches on core 0)
May 14 10:31:20.757664 np0000174132 devstack@n-api.service[99982]: DEBUG nova.api.openstack.wsgi [None req-0434f6dc-16a9-497e-85a8-169dcf72119f admin admin] Calling method '>' {{(pid=99982) _process_stack /opt/stack/nova/nova/api/openstack/wsgi.py:551}}
May 14 10:31:20.763739 np0000174132 devstack@n-api.service[99982]: INFO nova.api.openstack.requestlog [None req-0434f6dc-16a9-497e-85a8-169dcf72119f admin admin] 199.19.213.17 "GET /compute/v2.1/" status: 200 len: 392 microversion: 2.1 time: 0.006445
May 14 10:31:20.764174 np0000174132 devstack@n-api.service[99982]: [pid: 99982|app: 0|req: 17/66] 199.19.213.17 () {62 vars in 1059 bytes} [Thu May 14 10:31:20 2026] GET /compute/v2.1/ => generated 392 bytes in 7 msecs (HTTP/1.1 200) 9 headers in 357 bytes (1 switches on core 0)
May 14 10:31:20.777930 np0000174132 devstack@n-api.service[99980]: DEBUG nova.api.openstack.wsgi [None req-da30cfb9-a3e5-4755-b239-11a71e4d0bc1 demo demo] Calling method '>' {{(pid=99980) _process_stack /opt/stack/nova/nova/api/openstack/wsgi.py:551}}
May 14 10:31:20.798183 np0000174132 devstack@n-api.service[99980]: INFO nova.api.openstack.requestlog [None req-da30cfb9-a3e5-4755-b239-11a71e4d0bc1 demo demo] 199.19.213.17 "GET /compute/v2.1/flavors/detail?is_public=None" status: 200 len: 5240 microversion: 2.61 time: 0.022930
May 14 10:31:20.798383 np0000174132 devstack@n-api.service[99980]: [pid: 99980|app: 0|req: 18/67] 199.19.213.17 () {68 vars in 1417 bytes} [Thu May 14 10:31:20 2026] GET /compute/v2.1/flavors/detail?is_public=None => generated 5240 bytes in 23 msecs (HTTP/1.1 200) 9 headers in 360 bytes (1 switches on core 0)
May 14 10:31:20.823137 np0000174132 devstack@n-api.service[99983]: DEBUG nova.api.openstack.wsgi [None req-36064ae0-38ba-454b-959c-1d0701221011 demo demo] Calling method '>' {{(pid=99983) _process_stack /opt/stack/nova/nova/api/openstack/wsgi.py:551}}
May 14 10:31:20.844535 np0000174132 devstack@n-api.service[99983]: INFO nova.api.openstack.requestlog [None req-36064ae0-38ba-454b-959c-1d0701221011 demo demo] 199.19.213.17 "GET /compute/v2.1/flavors/detail?is_public=None" status: 200 len: 5240 microversion: 2.61 time: 0.025104
May 14 10:31:20.844821 np0000174132 devstack@n-api.service[99983]: [pid: 99983|app: 0|req: 17/68] 199.19.213.17 () {68 vars in 1417 bytes} [Thu May 14 10:31:20 2026] GET /compute/v2.1/flavors/detail?is_public=None => generated 5240 bytes in 26 msecs (HTTP/1.1 200) 9 headers in 360 bytes (1 switches on core 0)
May 14 10:31:24.741032 np0000174132 devstack@n-api.service[99981]: DEBUG nova.api.openstack.wsgi [None req-1015a606-53e5-48f9-b677-c98f6809b136 admin admin] Calling method '>' {{(pid=99981) _process_stack /opt/stack/nova/nova/api/openstack/wsgi.py:551}}
May 14 10:31:24.744811 np0000174132 devstack@n-api.service[99981]: INFO nova.api.openstack.requestlog [None req-1015a606-53e5-48f9-b677-c98f6809b136 admin admin] 199.19.213.17 "GET /compute/v2.1" status: 200 len: 392 microversion: 2.1 time: 0.004012
May 14 10:31:24.744996 np0000174132 devstack@n-api.service[99981]: [pid: 99981|app: 0|req: 17/69] 199.19.213.17 () {62 vars in 1056 bytes} [Thu May 14 10:31:24 2026] GET /compute/v2.1 => generated 392 bytes in 4 msecs (HTTP/1.1 200) 9 headers in 357 bytes (2 switches on core 0)
May 14 10:31:24.756895 np0000174132 devstack@n-api.service[99982]: DEBUG nova.api.openstack.wsgi [None req-0434f6dc-16a9-497e-85a8-169dcf72119f admin admin] Calling method '>' {{(pid=99982) _process_stack /opt/stack/nova/nova/api/openstack/wsgi.py:551}}
May 14 10:31:24.763499 np0000174132 devstack@n-api.service[99982]: INFO nova.api.openstack.requestlog [None req-0434f6dc-16a9-497e-85a8-169dcf72119f admin admin] 199.19.213.17 "GET /compute/v2.1/" status: 200 len: 392 microversion: 2.1 time: 0.007412
May 14 10:31:24.763972 np0000174132 devstack@n-api.service[99982]: [pid: 99982|app: 0|req: 18/70] 199.19.213.17 () {62 vars in 1059 bytes} [Thu May 14 10:31:24 2026] GET /compute/v2.1/ => generated 392 bytes in 9 msecs (HTTP/1.1 200) 9 headers in 357 bytes (1 switches on core 0)
May 14 10:31:24.780773 np0000174132 devstack@n-api.service[99980]: DEBUG nova.api.openstack.wsgi [None req-c52d3555-165d-4aee-bfb7-0a5f0d0a8f9f demo demo] Calling method '>' {{(pid=99980) _process_stack /opt/stack/nova/nova/api/openstack/wsgi.py:551}}
May 14 10:31:24.799486 np0000174132 devstack@n-api.service[99980]: INFO nova.api.openstack.requestlog [None req-c52d3555-165d-4aee-bfb7-0a5f0d0a8f9f demo demo] 199.19.213.17 "GET /compute/v2.1/flavors/detail?is_public=None" status: 200 len: 5240 microversion: 2.61 time: 0.022783
May 14 10:31:24.799760 np0000174132 devstack@n-api.service[99980]: [pid: 99980|app: 0|req: 19/71] 199.19.213.17 () {68 vars in 1417 bytes} [Thu May 14 10:31:24 2026] GET /compute/v2.1/flavors/detail?is_public=None => generated 5240 bytes in 24 msecs (HTTP/1.1 200) 9 headers in 360 bytes (1 switches on core 0)
May 14 10:31:24.832169 np0000174132 devstack@n-api.service[99983]: DEBUG nova.api.openstack.wsgi [None req-5796aad9-0360-4cf3-8bac-c92697d74b27 demo demo] Calling method '>' {{(pid=99983) _process_stack /opt/stack/nova/nova/api/openstack/wsgi.py:551}}
May 14 10:31:24.851321 np0000174132 devstack@n-api.service[99983]: INFO nova.api.openstack.requestlog [None req-5796aad9-0360-4cf3-8bac-c92697d74b27 demo demo] 199.19.213.17 "GET /compute/v2.1/flavors/detail?is_public=None" status: 200 len: 5240 microversion: 2.61 time: 0.022628
May 14 10:31:24.851629 np0000174132 devstack@n-api.service[99983]: [pid: 99983|app: 0|req: 18/72] 199.19.213.17 () {68 vars in 1417 bytes} [Thu May 14 10:31:24 2026] GET /compute/v2.1/flavors/detail?is_public=None => generated 5240 bytes in 23 msecs (HTTP/1.1 200) 9 headers in 360 bytes (1 switches on core 0)
May 14 10:31:24.928438 np0000174132 devstack@n-api.service[99981]: DEBUG nova.api.openstack.wsgi [None req-1015a606-53e5-48f9-b677-c98f6809b136 admin admin] Calling method '>' {{(pid=99981) _process_stack /opt/stack/nova/nova/api/openstack/wsgi.py:551}}
May 14 10:31:24.933654 np0000174132 devstack@n-api.service[99981]: INFO nova.api.openstack.requestlog [None req-1015a606-53e5-48f9-b677-c98f6809b136 admin admin] 199.19.213.17 "GET /compute/v2.1" status: 200 len: 392 microversion: 2.1 time: 0.005637
May 14 10:31:24.934025 np0000174132 devstack@n-api.service[99981]: [pid: 99981|app: 0|req: 18/73] 199.19.213.17 () {62 vars in 1056 bytes} [Thu May 14 10:31:24 2026] GET /compute/v2.1 => generated 392 bytes in 6 msecs (HTTP/1.1 200) 9 headers in 357 bytes (1 switches on core 0)
May 14 10:31:24.948913 np0000174132 devstack@n-api.service[99982]: DEBUG nova.api.openstack.wsgi [None req-0434f6dc-16a9-497e-85a8-169dcf72119f admin admin] Calling method '>' {{(pid=99982) _process_stack /opt/stack/nova/nova/api/openstack/wsgi.py:551}}
May 14 10:31:24.957294 np0000174132 devstack@n-api.service[99982]: INFO nova.api.openstack.requestlog [None req-0434f6dc-16a9-497e-85a8-169dcf72119f admin admin] 199.19.213.17 "GET /compute/v2.1/" status: 200 len: 392 microversion: 2.1 time: 0.008722
May 14 10:31:24.957541 np0000174132 devstack@n-api.service[99982]: [pid: 99982|app: 0|req: 19/74] 199.19.213.17 () {62 vars in 1059 bytes} [Thu May 14 10:31:24 2026] GET /compute/v2.1/ => generated 392 bytes in 12 msecs (HTTP/1.1 200) 9 headers in 357 bytes (1 switches on core 0)
May 14 10:31:24.970989 np0000174132 devstack@n-api.service[99980]: DEBUG nova.api.openstack.wsgi [None req-3fed7d3a-c966-4422-b11f-db3db45f356b demo demo] Calling method '>' {{(pid=99980) _process_stack /opt/stack/nova/nova/api/openstack/wsgi.py:551}}
May 14 10:31:24.991844 np0000174132 devstack@n-api.service[99980]: INFO nova.api.openstack.requestlog [None req-3fed7d3a-c966-4422-b11f-db3db45f356b demo demo] 199.19.213.17 "GET /compute/v2.1/flavors/detail?is_public=None" status: 200 len: 5240 microversion: 2.61 time: 0.023039
May 14 10:31:24.992029 np0000174132 devstack@n-api.service[99980]: [pid: 99980|app: 0|req: 20/75] 199.19.213.17 () {68 vars in 1417 bytes} [Thu May 14 10:31:24 2026] GET /compute/v2.1/flavors/detail?is_public=None => generated 5240 bytes in 23 msecs (HTTP/1.1 200) 9 headers in 360 bytes (1 switches on core 0)
May 14 10:31:25.019579 np0000174132 devstack@n-api.service[99983]: DEBUG nova.api.openstack.wsgi [None req-00ba23b0-ef01-4936-b994-76ee15e37f3c demo demo] Calling method '>' {{(pid=99983) _process_stack /opt/stack/nova/nova/api/openstack/wsgi.py:551}}
May 14 10:31:25.040548 np0000174132 devstack@n-api.service[99983]: INFO nova.api.openstack.requestlog [None req-00ba23b0-ef01-4936-b994-76ee15e37f3c demo demo] 199.19.213.17 "GET /compute/v2.1/flavors/detail?is_public=None" status: 200 len: 5240 microversion: 2.61 time: 0.022750
May 14 10:31:25.040765 np0000174132 devstack@n-api.service[99983]: [pid: 99983|app: 0|req: 19/76] 199.19.213.17 () {68 vars in 1417 bytes} [Thu May 14 10:31:25 2026] GET /compute/v2.1/flavors/detail?is_public=None => generated 5240 bytes in 23 msecs (HTTP/1.1 200) 9 headers in 360 bytes (1 switches on core 0)
May 14 10:31:34.976648 np0000174132 devstack@n-api.service[99980]: DEBUG dbcounter [-] [99980] Writing DB stats nova_api:SELECT=4 {{(pid=99980) stat_writer /opt/stack/data/venv/lib/python3.12/site-packages/dbcounter.py:115}}
May 14 10:31:35.024805 np0000174132 devstack@n-api.service[99983]: DEBUG dbcounter [-] [99983] Writing DB stats nova_api:SELECT=4 {{(pid=99983) stat_writer /opt/stack/data/venv/lib/python3.12/site-packages/dbcounter.py:115}}