2026-06-16 02:29:16.872 8 INFO placement.requestlog [req-9fe542f6-d1bb-4a1a-b84b-b7463aceb1b4 req-d859c05e-7940-4ac4-a3d6-34b29591ef97 048c9ee74cf6432f9937ab57a9a4ebfa c0bb2b096d3a4a5c9932ca07e5fa9298 - - dcefb707b22a4e7182aca23d8fed7db5 dcefb707b22a4e7182aca23d8fed7db5] 10.0.0.247 "GET /allocations/29cae7e6-1dc5-4fb3-b4d9-958f290551a6" status: 200 len: 19 microversion: 1.28 [pid: 8|app: 0|req: 596/1189] 10.0.0.247 () {34 vars in 861 bytes} [Tue Jun 16 02:29:16 2026] GET /allocations/29cae7e6-1dc5-4fb3-b4d9-958f290551a6 => generated 19 bytes in 12 msecs (HTTP/1.1 200) 8 headers in 295 bytes (1 switches on core 0)
2026-06-16 02:29:16.935 7 INFO placement.requestlog [req-9fe542f6-d1bb-4a1a-b84b-b7463aceb1b4 req-15e4d738-59f0-4b83-bd56-d64a8f054bdb 048c9ee74cf6432f9937ab57a9a4ebfa c0bb2b096d3a4a5c9932ca07e5fa9298 - - dcefb707b22a4e7182aca23d8fed7db5 dcefb707b22a4e7182aca23d8fed7db5] 10.0.0.247 "PUT /allocations/29cae7e6-1dc5-4fb3-b4d9-958f290551a6" status: 204 len: 0 microversion: 1.36 [pid: 7|app: 0|req: 594/1190] 10.0.0.247 () {38 vars in 914 bytes} [Tue Jun 16 02:29:16 2026] PUT /allocations/29cae7e6-1dc5-4fb3-b4d9-958f290551a6 => generated 0 bytes in 54 msecs (HTTP/1.1 204) 5 headers in 199 bytes (1 switches on core 0)
2026-06-16 02:29:18.451 8 INFO placement.requestlog [req-9fe542f6-d1bb-4a1a-b84b-b7463aceb1b4 req-8fe9b30e-9d59-4d56-a76b-9433a3097274 048c9ee74cf6432f9937ab57a9a4ebfa c0bb2b096d3a4a5c9932ca07e5fa9298 - - dcefb707b22a4e7182aca23d8fed7db5 dcefb707b22a4e7182aca23d8fed7db5] 199.204.45.95 "GET /allocations/29cae7e6-1dc5-4fb3-b4d9-958f290551a6" status: 200 len: 258 microversion: 1.28 [pid: 8|app: 0|req: 597/1191] 199.204.45.95 () {34 vars in 862 bytes} [Tue Jun 16 02:29:18 2026] GET /allocations/29cae7e6-1dc5-4fb3-b4d9-958f290551a6 => generated 258 bytes in 15 msecs (HTTP/1.1 200) 8 headers in 296 bytes (1 switches on core 0)
2026-06-16 02:29:19.496 7 INFO placement.requestlog [req-9fe542f6-d1bb-4a1a-b84b-b7463aceb1b4 req-90cc8a5f-1384-4017-968a-7f39ba2f2ca9 048c9ee74cf6432f9937ab57a9a4ebfa c0bb2b096d3a4a5c9932ca07e5fa9298 - - dcefb707b22a4e7182aca23d8fed7db5 dcefb707b22a4e7182aca23d8fed7db5] 199.204.45.95 "GET /resource_providers/1959b5d2-bf2d-4290-924b-b93876c05a80/allocations" status: 200 len: 253 microversion: 1.0 [pid: 7|app: 0|req: 595/1192] 199.204.45.95 () {32 vars in 856 bytes} [Tue Jun 16 02:29:19 2026] GET /resource_providers/1959b5d2-bf2d-4290-924b-b93876c05a80/allocations => generated 253 bytes in 19 msecs (HTTP/1.1 200) 6 headers in 224 bytes (1 switches on core 0)
2026-06-16 02:29:19.519 8 INFO placement.requestlog [req-9fe542f6-d1bb-4a1a-b84b-b7463aceb1b4 req-55a31989-3d4f-4aee-ac86-e53987a17b87 048c9ee74cf6432f9937ab57a9a4ebfa c0bb2b096d3a4a5c9932ca07e5fa9298 - - dcefb707b22a4e7182aca23d8fed7db5 dcefb707b22a4e7182aca23d8fed7db5] 199.204.45.95 "GET /allocations/180b20d3-9ac0-4b10-8ee9-efa24a083a64" status: 200 len: 258 microversion: 1.28 [pid: 8|app: 0|req: 598/1193] 199.204.45.95 () {34 vars in 862 bytes} [Tue Jun 16 02:29:19 2026] GET /allocations/180b20d3-9ac0-4b10-8ee9-efa24a083a64 => generated 258 bytes in 15 msecs (HTTP/1.1 200) 8 headers in 296 bytes (1 switches on core 0)
2026-06-16 02:29:19.534 7 INFO placement.requestlog [req-9fe542f6-d1bb-4a1a-b84b-b7463aceb1b4 req-485daa48-80c1-472c-928f-819c3de986da 048c9ee74cf6432f9937ab57a9a4ebfa c0bb2b096d3a4a5c9932ca07e5fa9298 - - dcefb707b22a4e7182aca23d8fed7db5 dcefb707b22a4e7182aca23d8fed7db5] 199.204.45.95 "GET /allocations/29cae7e6-1dc5-4fb3-b4d9-958f290551a6" status: 200 len: 258 microversion: 1.28 [pid: 7|app: 0|req: 596/1194] 199.204.45.95 () {34 vars in 862 bytes} [Tue Jun 16 02:29:19 2026] GET /allocations/29cae7e6-1dc5-4fb3-b4d9-958f290551a6 => generated 258 bytes in 9 msecs (HTTP/1.1 200) 8 headers in 296 bytes (1 switches on core 0)
2026-06-16 02:29:19.590 7 INFO placement.requestlog [None req-55dad0f1-315c-4545-b5dd-0338d13087c6 - - - - - -] 10.0.0.56 "GET /" status: 200 len: 136 microversion: 1.0
2026-06-16 02:29:19.590 8 INFO placement.requestlog [None req-d81c31f5-74e5-42d4-9604-42b09a60fa11 - - - - - -] 10.0.0.56 "GET /" status: 200 len: 136 microversion: 1.0
2026-06-16 02:29:26.448 7 INFO placement.requestlog [req-93412f0a-fb04-4c1c-8670-5c21bd847180 req-e644118c-c52a-4c8c-83bc-08605d2e84bb 048c9ee74cf6432f9937ab57a9a4ebfa c0bb2b096d3a4a5c9932ca07e5fa9298 - - dcefb707b22a4e7182aca23d8fed7db5 dcefb707b22a4e7182aca23d8fed7db5] 199.204.45.95 "GET /resource_providers/1959b5d2-bf2d-4290-924b-b93876c05a80/allocations" status: 200 len: 253 microversion: 1.0 [pid: 7|app: 0|req: 598/1197] 199.204.45.95 () {32 vars in 856 bytes} [Tue Jun 16 02:29:26 2026] GET /resource_providers/1959b5d2-bf2d-4290-924b-b93876c05a80/allocations => generated 253 bytes in 19 msecs (HTTP/1.1 200) 6 headers in 224 bytes (1 switches on core 0)
2026-06-16 02:29:26.477 8 INFO placement.requestlog [req-93412f0a-fb04-4c1c-8670-5c21bd847180 req-4bb3941b-7a2e-41d4-8595-752051e40132 048c9ee74cf6432f9937ab57a9a4ebfa c0bb2b096d3a4a5c9932ca07e5fa9298 - - dcefb707b22a4e7182aca23d8fed7db5 dcefb707b22a4e7182aca23d8fed7db5] 199.204.45.95 "GET /resource_providers/1959b5d2-bf2d-4290-924b-b93876c05a80/allocations" status: 200 len: 253 microversion: 1.0 [pid: 8|app: 0|req: 600/1198] 199.204.45.95 () {32 vars in 856 bytes} [Tue Jun 16 02:29:26 2026] GET /resource_providers/1959b5d2-bf2d-4290-924b-b93876c05a80/allocations => generated 253 bytes in 18 msecs (HTTP/1.1 200) 6 headers in 224 bytes (1 switches on core 0)
2026-06-16 02:29:26.500 7 INFO placement.requestlog [req-93412f0a-fb04-4c1c-8670-5c21bd847180 req-2c2d8268-dbc6-4cf2-acb8-7163d261a3da 048c9ee74cf6432f9937ab57a9a4ebfa c0bb2b096d3a4a5c9932ca07e5fa9298 - - dcefb707b22a4e7182aca23d8fed7db5 dcefb707b22a4e7182aca23d8fed7db5] 199.204.45.95 "GET /allocations/180b20d3-9ac0-4b10-8ee9-efa24a083a64" status: 200 len: 258 microversion: 1.28 [pid: 7|app: 0|req: 599/1199] 199.204.45.95 () {34 vars in 862 bytes} [Tue Jun 16 02:29:26 2026] GET /allocations/180b20d3-9ac0-4b10-8ee9-efa24a083a64 => generated 258 bytes in 13 msecs (HTTP/1.1 200) 8 headers in 296 bytes (1 switches on core 0)
2026-06-16 02:29:26.523 8 INFO placement.requestlog [req-93412f0a-fb04-4c1c-8670-5c21bd847180 req-a284becb-6d21-4b3b-abf7-bc970d4a5d03 048c9ee74cf6432f9937ab57a9a4ebfa c0bb2b096d3a4a5c9932ca07e5fa9298 - - dcefb707b22a4e7182aca23d8fed7db5 dcefb707b22a4e7182aca23d8fed7db5] 199.204.45.95 "GET /allocations/29cae7e6-1dc5-4fb3-b4d9-958f290551a6" status: 200 len: 258 microversion: 1.28 [pid: 8|app: 0|req: 601/1200] 199.204.45.95 () {34 vars in 862 bytes} [Tue Jun 16 02:29:26 2026] GET /allocations/29cae7e6-1dc5-4fb3-b4d9-958f290551a6 => generated 258 bytes in 16 msecs (HTTP/1.1 200) 8 headers in 296 bytes (1 switches on core 0)
2026-06-16 02:29:29.589 7 INFO placement.requestlog [None req-120f293e-d19c-454a-a152-f69790e65b06 - - - - - -] 10.0.0.56 "GET /" status: 200 len: 136 microversion: 1.0
2026-06-16 02:29:29.590 8 INFO placement.requestlog [None req-0a2c2a0e-342d-4a58-b50f-a515a119b7da - - - - - -] 10.0.0.56 "GET /" status: 200 len: 136 microversion: 1.0
2026-06-16 02:29:39.589 8 INFO placement.requestlog [None req-be9054f8-360c-441e-90af-d0a3edfefd68 - - - - - -] 10.0.0.56 "GET /" status: 200 len: 136 microversion: 1.0
2026-06-16 02:29:39.589 7 INFO placement.requestlog [None req-5d551552-9606-4cf7-bce2-cfaf34097597 - - - - - -] 10.0.0.56 "GET /" status: 200 len: 136 microversion: 1.0
2026-06-16 02:29:49.589 8 INFO placement.requestlog [None req-1f14519d-0bd6-4bac-89f5-8444bd3b0029 - - - - - -] 10.0.0.56 "GET /" status: 200 len: 136 microversion: 1.0
2026-06-16 02:29:49.589 7 INFO placement.requestlog [None req-93e34d54-e603-4946-a337-8ee0ff4ffdcf - - - - - -] 10.0.0.56 "GET /" status: 200 len: 136 microversion: 1.0
2026-06-16 02:29:59.590 8 INFO placement.requestlog [None req-fbff4bc0-db05-4139-b7b4-b1b4d0e39083 - - - - - -] 10.0.0.56 "GET /" status: 200 len: 136 microversion: 1.0
2026-06-16 02:29:59.591 7 INFO placement.requestlog [None req-a8d21088-663d-4d99-ba22-c58a5d282360 - - - - - -] 10.0.0.56 "GET /" status: 200 len: 136 microversion: 1.0
2026-06-16 02:30:04.764 8 INFO placement.requestlog [req-ee0b357e-90cd-4386-ae63-53c3d122174d req-9ee8b659-b7a9-4bc8-8561-42f594249372 048c9ee74cf6432f9937ab57a9a4ebfa c0bb2b096d3a4a5c9932ca07e5fa9298 - - dcefb707b22a4e7182aca23d8fed7db5 dcefb707b22a4e7182aca23d8fed7db5] 10.0.0.247 "GET /allocation_candidates?limit=1000&resources=MEMORY_MB%3A2048%2CVCPU%3A2&root_required=%21COMPUTE_STATUS_DISABLED" status: 200 len: 2771 microversion: 1.36 [pid: 8|app: 0|req: 606/1209] 10.0.0.247 () {34 vars in 986 bytes} [Tue Jun 16 02:30:04 2026] GET /allocation_candidates?limit=1000&resources=MEMORY_MB%3A2048%2CVCPU%3A2&root_required=%21COMPUTE_STATUS_DISABLED => generated 2771 bytes in 180 msecs (HTTP/1.1 200) 8 headers in 297 bytes (1 switches on core 0)
2026-06-16 02:30:04.810 7 INFO placement.requestlog [req-ee0b357e-90cd-4386-ae63-53c3d122174d req-c62cf741-d23c-4b6e-8bc5-d07a35e30bc5 048c9ee74cf6432f9937ab57a9a4ebfa c0bb2b096d3a4a5c9932ca07e5fa9298 - - dcefb707b22a4e7182aca23d8fed7db5 dcefb707b22a4e7182aca23d8fed7db5] 10.0.0.247 "GET /allocations/6722dbcf-7e67-4b03-baf2-376fd308e58f" status: 200 len: 19 microversion: 1.28 [pid: 7|app: 0|req: 604/1210] 10.0.0.247 () {34 vars in 861 bytes} [Tue Jun 16 02:30:04 2026] GET /allocations/6722dbcf-7e67-4b03-baf2-376fd308e58f => generated 19 bytes in 14 msecs (HTTP/1.1 200) 8 headers in 295 bytes (1 switches on core 0)
2026-06-16 02:30:04.879 8 INFO placement.requestlog [req-ee0b357e-90cd-4386-ae63-53c3d122174d req-0a581f6e-553c-4585-96b3-3d83433e3cb2 048c9ee74cf6432f9937ab57a9a4ebfa c0bb2b096d3a4a5c9932ca07e5fa9298 - - dcefb707b22a4e7182aca23d8fed7db5 dcefb707b22a4e7182aca23d8fed7db5] 10.0.0.247 "PUT /allocations/6722dbcf-7e67-4b03-baf2-376fd308e58f" status: 204 len: 0 microversion: 1.36 [pid: 8|app: 0|req: 607/1211] 10.0.0.247 () {38 vars in 914 bytes} [Tue Jun 16 02:30:04 2026] PUT /allocations/6722dbcf-7e67-4b03-baf2-376fd308e58f => generated 0 bytes in 62 msecs (HTTP/1.1 204) 5 headers in 199 bytes (1 switches on core 0)
2026-06-16 02:30:06.254 7 INFO placement.requestlog [req-ee0b357e-90cd-4386-ae63-53c3d122174d req-7b220b32-1ea1-4dc7-928f-5158a22c57ff 048c9ee74cf6432f9937ab57a9a4ebfa c0bb2b096d3a4a5c9932ca07e5fa9298 - - dcefb707b22a4e7182aca23d8fed7db5 dcefb707b22a4e7182aca23d8fed7db5] 199.204.45.95 "GET /allocations/6722dbcf-7e67-4b03-baf2-376fd308e58f" status: 200 len: 245 microversion: 1.28 [pid: 7|app: 0|req: 605/1212] 199.204.45.95 () {34 vars in 862 bytes} [Tue Jun 16 02:30:06 2026] GET /allocations/6722dbcf-7e67-4b03-baf2-376fd308e58f => generated 245 bytes in 13 msecs (HTTP/1.1 200) 8 headers in 296 bytes (1 switches on core 0)
2026-06-16 02:30:07.296 8 INFO placement.requestlog [req-ee0b357e-90cd-4386-ae63-53c3d122174d req-531dfb70-2c49-422e-9c3b-a43133d11ba1 048c9ee74cf6432f9937ab57a9a4ebfa c0bb2b096d3a4a5c9932ca07e5fa9298 - - dcefb707b22a4e7182aca23d8fed7db5 dcefb707b22a4e7182aca23d8fed7db5] 199.204.45.95 "GET /resource_providers/1959b5d2-bf2d-4290-924b-b93876c05a80/allocations" status: 200 len: 340 microversion: 1.0 [pid: 8|app: 0|req: 608/1213] 199.204.45.95 () {32 vars in 856 bytes} [Tue Jun 16 02:30:07 2026] GET /resource_providers/1959b5d2-bf2d-4290-924b-b93876c05a80/allocations => generated 340 bytes in 15 msecs (HTTP/1.1 200) 6 headers in 224 bytes (1 switches on core 0)
2026-06-16 02:30:07.316 7 INFO placement.requestlog [req-ee0b357e-90cd-4386-ae63-53c3d122174d req-9916e670-24e7-4203-969b-e47d5e9ea945 048c9ee74cf6432f9937ab57a9a4ebfa c0bb2b096d3a4a5c9932ca07e5fa9298 - - dcefb707b22a4e7182aca23d8fed7db5 dcefb707b22a4e7182aca23d8fed7db5] 199.204.45.95 "GET /allocations/180b20d3-9ac0-4b10-8ee9-efa24a083a64" status: 200 len: 258 microversion: 1.28 [pid: 7|app: 0|req: 606/1214] 199.204.45.95 () {34 vars in 862 bytes} [Tue Jun 16 02:30:07 2026] GET /allocations/180b20d3-9ac0-4b10-8ee9-efa24a083a64 => generated 258 bytes in 13 msecs (HTTP/1.1 200) 8 headers in 296 bytes (1 switches on core 0)
2026-06-16 02:30:07.334 8 INFO placement.requestlog [req-ee0b357e-90cd-4386-ae63-53c3d122174d req-344481a6-2bbe-4907-93a3-5fcbf8b4f8b2 048c9ee74cf6432f9937ab57a9a4ebfa c0bb2b096d3a4a5c9932ca07e5fa9298 - - dcefb707b22a4e7182aca23d8fed7db5 dcefb707b22a4e7182aca23d8fed7db5] 199.204.45.95 "GET /allocations/29cae7e6-1dc5-4fb3-b4d9-958f290551a6" status: 200 len: 258 microversion: 1.28 [pid: 8|app: 0|req: 609/1215] 199.204.45.95 () {34 vars in 862 bytes} [Tue Jun 16 02:30:07 2026] GET /allocations/29cae7e6-1dc5-4fb3-b4d9-958f290551a6 => generated 258 bytes in 12 msecs (HTTP/1.1 200) 8 headers in 296 bytes (1 switches on core 0)
2026-06-16 02:30:07.354 7 INFO placement.requestlog [req-ee0b357e-90cd-4386-ae63-53c3d122174d req-f1b8d915-0a98-4498-b1f2-cb444a159abb 048c9ee74cf6432f9937ab57a9a4ebfa c0bb2b096d3a4a5c9932ca07e5fa9298 - - dcefb707b22a4e7182aca23d8fed7db5 dcefb707b22a4e7182aca23d8fed7db5] 199.204.45.95 "GET /allocations/6722dbcf-7e67-4b03-baf2-376fd308e58f" status: 200 len: 245 microversion: 1.28 [pid: 7|app: 0|req: 607/1216] 199.204.45.95 () {34 vars in 862 bytes} [Tue Jun 16 02:30:07 2026] GET /allocations/6722dbcf-7e67-4b03-baf2-376fd308e58f => generated 245 bytes in 12 msecs (HTTP/1.1 200) 8 headers in 296 bytes (1 switches on core 0)
2026-06-16 02:30:09.589 8 INFO placement.requestlog [None req-d69dbbf0-1a88-431f-878e-5a3ef474835d - - - - - -] 10.0.0.56 "GET /" status: 200 len: 136 microversion: 1.0
2026-06-16 02:30:09.590 7 INFO placement.requestlog [None req-71b747b1-766d-4258-b49a-91e7b0d17a5e - - - - - -] 10.0.0.56 "GET /" status: 200 len: 136 microversion: 1.0
2026-06-16 02:30:19.588 8 INFO placement.requestlog [None req-e0489575-e6b2-4a0c-9303-93bd38e58158 - - - - - -] 10.0.0.56 "GET /" status: 200 len: 136 microversion: 1.0
2026-06-16 02:30:19.589 7 INFO placement.requestlog [None req-caf559b8-378a-41eb-a18c-389d60c04a95 - - - - - -] 10.0.0.56 "GET /" status: 200 len: 136 microversion: 1.0
2026-06-16 02:30:27.550 8 INFO placement.requestlog [req-fe9f3872-aa7b-4de3-9945-4f96883928f7 req-5645724d-8762-45b3-bed8-8d83d054c1d8 048c9ee74cf6432f9937ab57a9a4ebfa c0bb2b096d3a4a5c9932ca07e5fa9298 - - dcefb707b22a4e7182aca23d8fed7db5 dcefb707b22a4e7182aca23d8fed7db5] 199.204.45.95 "GET /resource_providers/1959b5d2-bf2d-4290-924b-b93876c05a80/allocations" status: 200 len: 340 microversion: 1.0 [pid: 8|app: 0|req: 612/1221] 199.204.45.95 () {32 vars in 856 bytes} [Tue Jun 16 02:30:27 2026] GET /resource_providers/1959b5d2-bf2d-4290-924b-b93876c05a80/allocations => generated 340 bytes in 17 msecs (HTTP/1.1 200) 6 headers in 224 bytes (1 switches on core 0)
2026-06-16 02:30:27.575 7 INFO placement.requestlog [req-fe9f3872-aa7b-4de3-9945-4f96883928f7 req-503c4f46-c413-4e89-b100-fb32be84de40 048c9ee74cf6432f9937ab57a9a4ebfa c0bb2b096d3a4a5c9932ca07e5fa9298 - - dcefb707b22a4e7182aca23d8fed7db5 dcefb707b22a4e7182aca23d8fed7db5] 199.204.45.95 "GET /resource_providers/1959b5d2-bf2d-4290-924b-b93876c05a80/allocations" status: 200 len: 340 microversion: 1.0 [pid: 7|app: 0|req: 610/1222] 199.204.45.95 () {32 vars in 856 bytes} [Tue Jun 16 02:30:27 2026] GET /resource_providers/1959b5d2-bf2d-4290-924b-b93876c05a80/allocations => generated 340 bytes in 19 msecs (HTTP/1.1 200) 6 headers in 224 bytes (1 switches on core 0)
2026-06-16 02:30:27.601 8 INFO placement.requestlog [req-fe9f3872-aa7b-4de3-9945-4f96883928f7 req-988e47cd-f6d4-48c7-9970-6082ce80d336 048c9ee74cf6432f9937ab57a9a4ebfa c0bb2b096d3a4a5c9932ca07e5fa9298 - - dcefb707b22a4e7182aca23d8fed7db5 dcefb707b22a4e7182aca23d8fed7db5] 199.204.45.95 "GET /allocations/180b20d3-9ac0-4b10-8ee9-efa24a083a64" status: 200 len: 258 microversion: 1.28 [pid: 8|app: 0|req: 613/1223] 199.204.45.95 () {34 vars in 862 bytes} [Tue Jun 16 02:30:27 2026] GET /allocations/180b20d3-9ac0-4b10-8ee9-efa24a083a64 => generated 258 bytes in 20 msecs (HTTP/1.1 200) 8 headers in 296 bytes (1 switches on core 0)
2026-06-16 02:30:27.640 7 INFO placement.requestlog [req-fe9f3872-aa7b-4de3-9945-4f96883928f7 req-9eb2f404-afde-48d6-95d7-8021ce252115 048c9ee74cf6432f9937ab57a9a4ebfa c0bb2b096d3a4a5c9932ca07e5fa9298 - - dcefb707b22a4e7182aca23d8fed7db5 dcefb707b22a4e7182aca23d8fed7db5] 199.204.45.95 "GET /allocations/29cae7e6-1dc5-4fb3-b4d9-958f290551a6" status: 200 len: 258 microversion: 1.28 [pid: 7|app: 0|req: 611/1224] 199.204.45.95 () {34 vars in 862 bytes} [Tue Jun 16 02:30:27 2026] GET /allocations/29cae7e6-1dc5-4fb3-b4d9-958f290551a6 => generated 258 bytes in 34 msecs (HTTP/1.1 200) 8 headers in 296 bytes (1 switches on core 0)
2026-06-16 02:30:27.664 8 INFO placement.requestlog [req-fe9f3872-aa7b-4de3-9945-4f96883928f7 req-c59209f9-1120-4119-88f1-f0b5214e9494 048c9ee74cf6432f9937ab57a9a4ebfa c0bb2b096d3a4a5c9932ca07e5fa9298 - - dcefb707b22a4e7182aca23d8fed7db5 dcefb707b22a4e7182aca23d8fed7db5] 199.204.45.95 "GET /allocations/6722dbcf-7e67-4b03-baf2-376fd308e58f" status: 200 len: 245 microversion: 1.28 [pid: 8|app: 0|req: 614/1225] 199.204.45.95 () {34 vars in 862 bytes} [Tue Jun 16 02:30:27 2026] GET /allocations/6722dbcf-7e67-4b03-baf2-376fd308e58f => generated 245 bytes in 16 msecs (HTTP/1.1 200) 8 headers in 296 bytes (1 switches on core 0)
2026-06-16 02:30:29.589 7 INFO placement.requestlog [None req-4db8e63c-162a-47a1-a5ce-65175e8ffc4e - - - - - -] 10.0.0.56 "GET /" status: 200 len: 136 microversion: 1.0
2026-06-16 02:30:29.591 8 INFO placement.requestlog [None req-518f1f20-8738-4866-a088-fb4e10d1b0df - - - - - -] 10.0.0.56 "GET /" status: 200 len: 136 microversion: 1.0
2026-06-16 02:30:39.589 7 INFO placement.requestlog [None req-1b016c6d-d190-4df8-b0d4-97ab35d5eb09 - - - - - -] 10.0.0.56 "GET /" status: 200 len: 136 microversion: 1.0
2026-06-16 02:30:39.591 8 INFO placement.requestlog [None req-acb6e9eb-424a-439e-8398-2f98564c8714 - - - - - -] 10.0.0.56 "GET /" status: 200 len: 136 microversion: 1.0
2026-06-16 02:30:49.590 7 INFO placement.requestlog [None req-37b789fb-a815-4660-9072-5358556cb17a - - - - - -] 10.0.0.56 "GET /" status: 200 len: 136 microversion: 1.0
2026-06-16 02:30:49.592 8 INFO placement.requestlog [None req-834120ca-3681-4801-9dae-e1b569d3bc9b - - - - - -] 10.0.0.56 "GET /" status: 200 len: 136 microversion: 1.0
2026-06-16 02:30:59.589 7 INFO placement.requestlog [None req-625631b6-acc0-44b9-b52d-d0556b5a3da3 - - - - - -] 10.0.0.56 "GET /" status: 200 len: 136 microversion: 1.0
2026-06-16 02:30:59.591 8 INFO placement.requestlog [None req-8c17ad8d-6776-49d4-bcda-6e15807f7dfb - - - - - -] 10.0.0.56 "GET /" status: 200 len: 136 microversion: 1.0
2026-06-16 02:31:09.590 7 INFO placement.requestlog [None req-c9c4ed26-3472-405d-8e95-e34b8ef9281b - - - - - -] 10.0.0.56 "GET /" status: 200 len: 136 microversion: 1.0
2026-06-16 02:31:09.592 8 INFO placement.requestlog [None req-313762d9-3ac2-4b12-9dc6-b7129851ea24 - - - - - -] 10.0.0.56 "GET /" status: 200 len: 136 microversion: 1.0
2026-06-16 02:31:19.590 7 INFO placement.requestlog [None req-919b84e3-afb8-410e-a873-ecd39e7929d2 - - - - - -] 10.0.0.56 "GET /" status: 200 len: 136 microversion: 1.0
2026-06-16 02:31:19.592 8 INFO placement.requestlog [None req-b29cfd79-740e-471a-ae1d-e89b57b16a0e - - - - - -] 10.0.0.56 "GET /" status: 200 len: 136 microversion: 1.0
2026-06-16 02:31:28.165 7 INFO placement.requestlog [req-6c0007bc-bdad-417f-a242-b70c22fba546 req-93fa8e1d-e6fe-447e-9723-d22576dc0c68 048c9ee74cf6432f9937ab57a9a4ebfa c0bb2b096d3a4a5c9932ca07e5fa9298 - - dcefb707b22a4e7182aca23d8fed7db5 dcefb707b22a4e7182aca23d8fed7db5] 199.204.45.95 "GET /resource_providers/1959b5d2-bf2d-4290-924b-b93876c05a80/allocations" status: 200 len: 340 microversion: 1.0 [pid: 7|app: 0|req: 618/1238] 199.204.45.95 () {32 vars in 856 bytes} [Tue Jun 16 02:31:28 2026] GET /resource_providers/1959b5d2-bf2d-4290-924b-b93876c05a80/allocations => generated 340 bytes in 22 msecs (HTTP/1.1 200) 6 headers in 224 bytes (1 switches on core 0)
2026-06-16 02:31:28.190 8 INFO placement.requestlog [req-6c0007bc-bdad-417f-a242-b70c22fba546 req-4d0236e7-696a-4b2b-bbf2-11e3c01f6ee7 048c9ee74cf6432f9937ab57a9a4ebfa c0bb2b096d3a4a5c9932ca07e5fa9298 - - dcefb707b22a4e7182aca23d8fed7db5 dcefb707b22a4e7182aca23d8fed7db5] 199.204.45.95 "GET /resource_providers/1959b5d2-bf2d-4290-924b-b93876c05a80/allocations" status: 200 len: 340 microversion: 1.0 [pid: 8|app: 0|req: 621/1239] 199.204.45.95 () {32 vars in 856 bytes} [Tue Jun 16 02:31:28 2026] GET /resource_providers/1959b5d2-bf2d-4290-924b-b93876c05a80/allocations => generated 340 bytes in 18 msecs (HTTP/1.1 200) 6 headers in 224 bytes (1 switches on core 0)
2026-06-16 02:31:28.206 7 INFO placement.requestlog [req-6c0007bc-bdad-417f-a242-b70c22fba546 req-8df850ab-4b5c-4a95-b96a-04f1e277029f 048c9ee74cf6432f9937ab57a9a4ebfa c0bb2b096d3a4a5c9932ca07e5fa9298 - - dcefb707b22a4e7182aca23d8fed7db5 dcefb707b22a4e7182aca23d8fed7db5] 199.204.45.95 "GET /allocations/180b20d3-9ac0-4b10-8ee9-efa24a083a64" status: 200 len: 258 microversion: 1.28 [pid: 7|app: 0|req: 619/1240] 199.204.45.95 () {34 vars in 862 bytes} [Tue Jun 16 02:31:28 2026] GET /allocations/180b20d3-9ac0-4b10-8ee9-efa24a083a64 => generated 258 bytes in 11 msecs (HTTP/1.1 200) 8 headers in 296 bytes (1 switches on core 0)
2026-06-16 02:31:28.225 8 INFO placement.requestlog [req-6c0007bc-bdad-417f-a242-b70c22fba546 req-db9875ff-876e-411c-8825-b6731a17f526 048c9ee74cf6432f9937ab57a9a4ebfa c0bb2b096d3a4a5c9932ca07e5fa9298 - - dcefb707b22a4e7182aca23d8fed7db5 dcefb707b22a4e7182aca23d8fed7db5] 199.204.45.95 "GET /allocations/29cae7e6-1dc5-4fb3-b4d9-958f290551a6" status: 200 len: 258 microversion: 1.28 [pid: 8|app: 0|req: 622/1241] 199.204.45.95 () {34 vars in 862 bytes} [Tue Jun 16 02:31:28 2026] GET /allocations/29cae7e6-1dc5-4fb3-b4d9-958f290551a6 => generated 258 bytes in 15 msecs (HTTP/1.1 200) 8 headers in 296 bytes (1 switches on core 0)
2026-06-16 02:31:28.238 7 INFO placement.requestlog [req-6c0007bc-bdad-417f-a242-b70c22fba546 req-0f338a6b-c271-43c2-85f2-a6bcbf735249 048c9ee74cf6432f9937ab57a9a4ebfa c0bb2b096d3a4a5c9932ca07e5fa9298 - - dcefb707b22a4e7182aca23d8fed7db5 dcefb707b22a4e7182aca23d8fed7db5] 199.204.45.95 "GET /allocations/6722dbcf-7e67-4b03-baf2-376fd308e58f" status: 200 len: 245 microversion: 1.28 [pid: 7|app: 0|req: 620/1242] 199.204.45.95 () {34 vars in 862 bytes} [Tue Jun 16 02:31:28 2026] GET /allocations/6722dbcf-7e67-4b03-baf2-376fd308e58f => generated 245 bytes in 10 msecs (HTTP/1.1 200) 8 headers in 296 bytes (1 switches on core 0)
2026-06-16 02:31:29.593 8 INFO placement.requestlog [None req-11e92c29-b9b0-422a-a7a6-656a3a618c6d - - - - - -] 10.0.0.56 "GET /" status: 200 len: 136 microversion: 1.0
2026-06-16 02:31:29.594 7 INFO placement.requestlog [None req-d474b62b-84d0-49d8-93b7-c9f8cef545ea - - - - - -] 10.0.0.56 "GET /" status: 200 len: 136 microversion: 1.0
2026-06-16 02:31:39.592 8 INFO placement.requestlog [None req-d6a8f264-2824-4115-8548-f63a4f4f5974 - - - - - -] 10.0.0.56 "GET /" status: 200 len: 136 microversion: 1.0
2026-06-16 02:31:39.593 7 INFO placement.requestlog [None req-b75c337a-1fd9-4cd5-801e-84daf0a64560 - - - - - -] 10.0.0.56 "GET /" status: 200 len: 136 microversion: 1.0
2026-06-16 02:31:49.589 8 INFO placement.requestlog [None req-3e00aa34-fbce-476b-84bf-40a0b2e6b6e0 - - - - - -] 10.0.0.56 "GET /" status: 200 len: 136 microversion: 1.0
2026-06-16 02:31:49.591 7 INFO placement.requestlog [None req-619612fa-6bff-4583-877d-e3d0b19f580e - - - - - -] 10.0.0.56 "GET /" status: 200 len: 136 microversion: 1.0
2026-06-16 02:31:59.590 7 INFO placement.requestlog [None req-5e7b98a5-ab04-49e1-8ac3-0b3f49218984 - - - - - -] 10.0.0.56 "GET /" status: 200 len: 136 microversion: 1.0
2026-06-16 02:31:59.590 8 INFO placement.requestlog [None req-d6dbf049-05db-4013-a434-b03c7d04d15a - - - - - -] 10.0.0.56 "GET /" status: 200 len: 136 microversion: 1.0
2026-06-16 02:32:09.589 7 INFO placement.requestlog [None req-503911d1-db26-40d3-a089-2ddb4aa90415 - - - - - -] 10.0.0.56 "GET /" status: 200 len: 136 microversion: 1.0
2026-06-16 02:32:09.589 8 INFO placement.requestlog [None req-c18e58d3-360b-4010-a04e-45acab5d6e94 - - - - - -] 10.0.0.56 "GET /" status: 200 len: 136 microversion: 1.0
2026-06-16 02:32:19.590 7 INFO placement.requestlog [None req-fe9fd428-e59a-49ab-abfd-1f22af032b37 - - - - - -] 10.0.0.56 "GET /" status: 200 len: 136 microversion: 1.0
2026-06-16 02:32:19.590 8 INFO placement.requestlog [None req-61ae4942-80a5-4862-834a-5623e686fe8c - - - - - -] 10.0.0.56 "GET /" status: 200 len: 136 microversion: 1.0
2026-06-16 02:32:29.589 7 INFO placement.requestlog [None req-754d6d33-8212-4219-bacf-72a83106b6bb - - - - - -] 10.0.0.56 "GET /" status: 200 len: 136 microversion: 1.0
2026-06-16 02:32:29.589 8 INFO placement.requestlog [None req-91e1a210-6024-4b1f-858c-1b4b30d4ec98 - - - - - -] 10.0.0.56 "GET /" status: 200 len: 136 microversion: 1.0
2026-06-16 02:32:30.259 7 INFO placement.requestlog [req-e0c0a80d-6d6b-4627-b991-b36484acf407 req-a8a60a7e-1b03-41a1-9b85-1a8ed58f4585 048c9ee74cf6432f9937ab57a9a4ebfa c0bb2b096d3a4a5c9932ca07e5fa9298 - - dcefb707b22a4e7182aca23d8fed7db5 dcefb707b22a4e7182aca23d8fed7db5] 199.204.45.95 "GET /resource_providers/1959b5d2-bf2d-4290-924b-b93876c05a80/allocations" status: 200 len: 340 microversion: 1.0 [pid: 7|app: 0|req: 628/1257] 199.204.45.95 () {32 vars in 856 bytes} [Tue Jun 16 02:32:30 2026] GET /resource_providers/1959b5d2-bf2d-4290-924b-b93876c05a80/allocations => generated 340 bytes in 17 msecs (HTTP/1.1 200) 6 headers in 224 bytes (1 switches on core 0)
2026-06-16 02:32:30.282 8 INFO placement.requestlog [req-e0c0a80d-6d6b-4627-b991-b36484acf407 req-a0accb24-7246-4e4d-a915-799b94547d7e 048c9ee74cf6432f9937ab57a9a4ebfa c0bb2b096d3a4a5c9932ca07e5fa9298 - - dcefb707b22a4e7182aca23d8fed7db5 dcefb707b22a4e7182aca23d8fed7db5] 199.204.45.95 "GET /resource_providers/1959b5d2-bf2d-4290-924b-b93876c05a80/allocations" status: 200 len: 340 microversion: 1.0 [pid: 8|app: 0|req: 630/1258] 199.204.45.95 () {32 vars in 856 bytes} [Tue Jun 16 02:32:30 2026] GET /resource_providers/1959b5d2-bf2d-4290-924b-b93876c05a80/allocations => generated 340 bytes in 18 msecs (HTTP/1.1 200) 6 headers in 224 bytes (1 switches on core 0)
2026-06-16 02:32:30.304 7 INFO placement.requestlog [req-e0c0a80d-6d6b-4627-b991-b36484acf407 req-c6af7cff-e210-4088-9941-7e102a1e804d 048c9ee74cf6432f9937ab57a9a4ebfa c0bb2b096d3a4a5c9932ca07e5fa9298 - - dcefb707b22a4e7182aca23d8fed7db5 dcefb707b22a4e7182aca23d8fed7db5] 199.204.45.95 "GET /allocations/180b20d3-9ac0-4b10-8ee9-efa24a083a64" status: 200 len: 258 microversion: 1.28 [pid: 7|app: 0|req: 629/1259] 199.204.45.95 () {34 vars in 862 bytes} [Tue Jun 16 02:32:30 2026] GET /allocations/180b20d3-9ac0-4b10-8ee9-efa24a083a64 => generated 258 bytes in 13 msecs (HTTP/1.1 200) 8 headers in 296 bytes (1 switches on core 0)
2026-06-16 02:32:30.323 8 INFO placement.requestlog [req-e0c0a80d-6d6b-4627-b991-b36484acf407 req-8612fe29-45ed-4b89-bdcd-2796040243d5 048c9ee74cf6432f9937ab57a9a4ebfa c0bb2b096d3a4a5c9932ca07e5fa9298 - - dcefb707b22a4e7182aca23d8fed7db5 dcefb707b22a4e7182aca23d8fed7db5] 199.204.45.95 "GET /allocations/29cae7e6-1dc5-4fb3-b4d9-958f290551a6" status: 200 len: 258 microversion: 1.28 [pid: 8|app: 0|req: 631/1260] 199.204.45.95 () {34 vars in 862 bytes} [Tue Jun 16 02:32:30 2026] GET /allocations/29cae7e6-1dc5-4fb3-b4d9-958f290551a6 => generated 258 bytes in 12 msecs (HTTP/1.1 200) 8 headers in 296 bytes (1 switches on core 0)
2026-06-16 02:32:30.342 7 INFO placement.requestlog [req-e0c0a80d-6d6b-4627-b991-b36484acf407 req-d05cf37f-c1d4-409e-8adb-96f22017e4c9 048c9ee74cf6432f9937ab57a9a4ebfa c0bb2b096d3a4a5c9932ca07e5fa9298 - - dcefb707b22a4e7182aca23d8fed7db5 dcefb707b22a4e7182aca23d8fed7db5] 199.204.45.95 "GET /allocations/6722dbcf-7e67-4b03-baf2-376fd308e58f" status: 200 len: 245 microversion: 1.28 [pid: 7|app: 0|req: 630/1261] 199.204.45.95 () {34 vars in 862 bytes} [Tue Jun 16 02:32:30 2026] GET /allocations/6722dbcf-7e67-4b03-baf2-376fd308e58f => generated 245 bytes in 12 msecs (HTTP/1.1 200) 8 headers in 296 bytes (1 switches on core 0)
2026-06-16 02:32:39.589 7 INFO placement.requestlog [None req-88d7b8ed-850a-471c-b3e3-b07f6dac0cb3 - - - - - -] 10.0.0.56 "GET /" status: 200 len: 136 microversion: 1.0
2026-06-16 02:32:39.590 8 INFO placement.requestlog [None req-32772d77-3147-4a78-8dba-2b6794297b61 - - - - - -] 10.0.0.56 "GET /" status: 200 len: 136 microversion: 1.0
2026-06-16 02:32:49.588 8 INFO placement.requestlog [None req-f7d8f106-7e51-44eb-97f1-16eae588e061 - - - - - -] 10.0.0.56 "GET /" status: 200 len: 136 microversion: 1.0
2026-06-16 02:32:49.589 7 INFO placement.requestlog [None req-a6545ac5-d49b-4d6f-96fb-94f1f9b82b55 - - - - - -] 10.0.0.56 "GET /" status: 200 len: 136 microversion: 1.0
2026-06-16 02:32:55.661 8 INFO placement.requestlog [req-372fa1b1-1460-4213-90e1-b8050afee327 req-247b84ad-fa0f-4d55-9cd0-caed3e637def 048c9ee74cf6432f9937ab57a9a4ebfa c0bb2b096d3a4a5c9932ca07e5fa9298 - - dcefb707b22a4e7182aca23d8fed7db5 dcefb707b22a4e7182aca23d8fed7db5] 199.204.45.95 "GET /resource_providers/1959b5d2-bf2d-4290-924b-b93876c05a80/allocations" status: 200 len: 340 microversion: 1.0 [pid: 8|app: 0|req: 634/1266] 199.204.45.95 () {32 vars in 856 bytes} [Tue Jun 16 02:32:55 2026] GET /resource_providers/1959b5d2-bf2d-4290-924b-b93876c05a80/allocations => generated 340 bytes in 14 msecs (HTTP/1.1 200) 6 headers in 224 bytes (1 switches on core 0)
2026-06-16 02:32:55.684 7 INFO placement.requestlog [req-372fa1b1-1460-4213-90e1-b8050afee327 req-f9460647-94eb-4bd7-a11d-27119cb9069f 048c9ee74cf6432f9937ab57a9a4ebfa c0bb2b096d3a4a5c9932ca07e5fa9298 - - dcefb707b22a4e7182aca23d8fed7db5 dcefb707b22a4e7182aca23d8fed7db5] 199.204.45.95 "GET /allocations/180b20d3-9ac0-4b10-8ee9-efa24a083a64" status: 200 len: 258 microversion: 1.28 [pid: 7|app: 0|req: 633/1267] 199.204.45.95 () {34 vars in 862 bytes} [Tue Jun 16 02:32:55 2026] GET /allocations/180b20d3-9ac0-4b10-8ee9-efa24a083a64 => generated 258 bytes in 17 msecs (HTTP/1.1 200) 8 headers in 296 bytes (1 switches on core 0)
2026-06-16 02:32:55.709 8 INFO placement.requestlog [req-372fa1b1-1460-4213-90e1-b8050afee327 req-e860a04a-9b4f-4879-83c1-e7a99208a1be 048c9ee74cf6432f9937ab57a9a4ebfa c0bb2b096d3a4a5c9932ca07e5fa9298 - - dcefb707b22a4e7182aca23d8fed7db5 dcefb707b22a4e7182aca23d8fed7db5] 199.204.45.95 "GET /allocations/29cae7e6-1dc5-4fb3-b4d9-958f290551a6" status: 200 len: 258 microversion: 1.28 [pid: 8|app: 0|req: 635/1268] 199.204.45.95 () {34 vars in 862 bytes} [Tue Jun 16 02:32:55 2026] GET /allocations/29cae7e6-1dc5-4fb3-b4d9-958f290551a6 => generated 258 bytes in 17 msecs (HTTP/1.1 200) 8 headers in 296 bytes (1 switches on core 0)
2026-06-16 02:32:55.730 7 INFO placement.requestlog [req-372fa1b1-1460-4213-90e1-b8050afee327 req-81ade73c-d0d3-412f-8b31-9dd2c16a1831 048c9ee74cf6432f9937ab57a9a4ebfa c0bb2b096d3a4a5c9932ca07e5fa9298 - - dcefb707b22a4e7182aca23d8fed7db5 dcefb707b22a4e7182aca23d8fed7db5] 199.204.45.95 "GET /allocations/6722dbcf-7e67-4b03-baf2-376fd308e58f" status: 200 len: 245 microversion: 1.28 [pid: 7|app: 0|req: 634/1269] 199.204.45.95 () {34 vars in 862 bytes} [Tue Jun 16 02:32:55 2026] GET /allocations/6722dbcf-7e67-4b03-baf2-376fd308e58f => generated 245 bytes in 15 msecs (HTTP/1.1 200) 8 headers in 296 bytes (1 switches on core 0)
2026-06-16 02:32:56.787 8 INFO placement.requestlog [req-372fa1b1-1460-4213-90e1-b8050afee327 req-5cd4a836-473e-45ff-9a24-ac7f1cafc078 048c9ee74cf6432f9937ab57a9a4ebfa c0bb2b096d3a4a5c9932ca07e5fa9298 - - dcefb707b22a4e7182aca23d8fed7db5 dcefb707b22a4e7182aca23d8fed7db5] 199.204.45.95 "DELETE /allocations/6722dbcf-7e67-4b03-baf2-376fd308e58f" status: 204 len: 0 microversion: 1.0 [pid: 8|app: 0|req: 636/1270] 199.204.45.95 () {34 vars in 840 bytes} [Tue Jun 16 02:32:56 2026] DELETE /allocations/6722dbcf-7e67-4b03-baf2-376fd308e58f => generated 0 bytes in 22 msecs (HTTP/1.1 204) 5 headers in 198 bytes (1 switches on core 0)
2026-06-16 02:32:59.564 7 INFO placement.requestlog [req-a1620fb5-4128-4dd0-b325-393cbcd05016 req-122f6076-d629-4da4-afbf-cf3e70425958 048c9ee74cf6432f9937ab57a9a4ebfa c0bb2b096d3a4a5c9932ca07e5fa9298 - - dcefb707b22a4e7182aca23d8fed7db5 dcefb707b22a4e7182aca23d8fed7db5] 199.204.45.95 "GET /resource_providers/1959b5d2-bf2d-4290-924b-b93876c05a80/allocations" status: 200 len: 253 microversion: 1.0 [pid: 7|app: 0|req: 635/1271] 199.204.45.95 () {32 vars in 856 bytes} [Tue Jun 16 02:32:59 2026] GET /resource_providers/1959b5d2-bf2d-4290-924b-b93876c05a80/allocations => generated 253 bytes in 14 msecs (HTTP/1.1 200) 6 headers in 224 bytes (1 switches on core 0)
2026-06-16 02:32:59.591 7 INFO placement.requestlog [None req-82ba723b-aeee-41be-a53f-36ea97781f6a - - - - - -] 10.0.0.56 "GET /" status: 200 len: 136 microversion: 1.0
2026-06-16 02:32:59.592 7 INFO placement.requestlog [None req-ce683615-5ddf-4706-8982-6db6afb63dc1 - - - - - -] 10.0.0.56 "GET /" status: 200 len: 136 microversion: 1.0
2026-06-16 02:32:59.600 8 INFO placement.requestlog [req-a1620fb5-4128-4dd0-b325-393cbcd05016 req-239ba61b-d399-4d68-a0ea-b537df71aeb9 048c9ee74cf6432f9937ab57a9a4ebfa c0bb2b096d3a4a5c9932ca07e5fa9298 - - dcefb707b22a4e7182aca23d8fed7db5 dcefb707b22a4e7182aca23d8fed7db5] 199.204.45.95 "GET /allocations/180b20d3-9ac0-4b10-8ee9-efa24a083a64" status: 200 len: 258 microversion: 1.28 [pid: 8|app: 0|req: 637/1274] 199.204.45.95 () {34 vars in 862 bytes} [Tue Jun 16 02:32:59 2026] GET /allocations/180b20d3-9ac0-4b10-8ee9-efa24a083a64 => generated 258 bytes in 27 msecs (HTTP/1.1 200) 8 headers in 296 bytes (1 switches on core 0)
2026-06-16 02:32:59.626 7 INFO placement.requestlog [req-a1620fb5-4128-4dd0-b325-393cbcd05016 req-a18fde82-f050-44fa-a9a2-c49f39b5e5d7 048c9ee74cf6432f9937ab57a9a4ebfa c0bb2b096d3a4a5c9932ca07e5fa9298 - - dcefb707b22a4e7182aca23d8fed7db5 dcefb707b22a4e7182aca23d8fed7db5] 199.204.45.95 "GET /allocations/29cae7e6-1dc5-4fb3-b4d9-958f290551a6" status: 200 len: 258 microversion: 1.28 [pid: 7|app: 0|req: 638/1275] 199.204.45.95 () {34 vars in 862 bytes} [Tue Jun 16 02:32:59 2026] GET /allocations/29cae7e6-1dc5-4fb3-b4d9-958f290551a6 => generated 258 bytes in 20 msecs (HTTP/1.1 200) 8 headers in 296 bytes (1 switches on core 0)
2026-06-16 02:33:00.688 8 INFO placement.requestlog [req-a1620fb5-4128-4dd0-b325-393cbcd05016 req-66f567d0-b643-4c25-8573-52570a4e5c3e 048c9ee74cf6432f9937ab57a9a4ebfa c0bb2b096d3a4a5c9932ca07e5fa9298 - - dcefb707b22a4e7182aca23d8fed7db5 dcefb707b22a4e7182aca23d8fed7db5] 199.204.45.95 "DELETE /allocations/29cae7e6-1dc5-4fb3-b4d9-958f290551a6" status: 204 len: 0 microversion: 1.0 [pid: 8|app: 0|req: 638/1276] 199.204.45.95 () {34 vars in 840 bytes} [Tue Jun 16 02:33:00 2026] DELETE /allocations/29cae7e6-1dc5-4fb3-b4d9-958f290551a6 => generated 0 bytes in 26 msecs (HTTP/1.1 204) 5 headers in 198 bytes (1 switches on core 0)
2026-06-16 02:33:09.590 8 INFO placement.requestlog [None req-80450602-2f72-4113-81e1-95d2eeb1b8c9 - - - - - -] 10.0.0.56 "GET /" status: 200 len: 136 microversion: 1.0
2026-06-16 02:33:09.591 7 INFO placement.requestlog [None req-b9924e55-1a37-46d1-a73f-cf667eb1695e - - - - - -] 10.0.0.56 "GET /" status: 200 len: 136 microversion: 1.0
2026-06-16 02:33:10.681 8 INFO placement.requestlog [req-a1fc8931-055e-4a05-b4fc-050ef9fe86b3 req-1d59cb73-f42d-4ec6-8d8a-794705e6ca6b 048c9ee74cf6432f9937ab57a9a4ebfa c0bb2b096d3a4a5c9932ca07e5fa9298 - - dcefb707b22a4e7182aca23d8fed7db5 dcefb707b22a4e7182aca23d8fed7db5] 199.204.45.95 "GET /resource_providers/1959b5d2-bf2d-4290-924b-b93876c05a80/allocations" status: 200 len: 153 microversion: 1.0 [pid: 8|app: 0|req: 640/1279] 199.204.45.95 () {32 vars in 856 bytes} [Tue Jun 16 02:33:10 2026] GET /resource_providers/1959b5d2-bf2d-4290-924b-b93876c05a80/allocations => generated 153 bytes in 23 msecs (HTTP/1.1 200) 6 headers in 224 bytes (1 switches on core 0)
2026-06-16 02:33:10.707 7 INFO placement.requestlog [req-a1fc8931-055e-4a05-b4fc-050ef9fe86b3 req-d1da4071-c705-4b34-8f63-ac4931b759b6 048c9ee74cf6432f9937ab57a9a4ebfa c0bb2b096d3a4a5c9932ca07e5fa9298 - - dcefb707b22a4e7182aca23d8fed7db5 dcefb707b22a4e7182aca23d8fed7db5] 199.204.45.95 "GET /allocations/180b20d3-9ac0-4b10-8ee9-efa24a083a64" status: 200 len: 258 microversion: 1.28 [pid: 7|app: 0|req: 640/1280] 199.204.45.95 () {34 vars in 862 bytes} [Tue Jun 16 02:33:10 2026] GET /allocations/180b20d3-9ac0-4b10-8ee9-efa24a083a64 => generated 258 bytes in 20 msecs (HTTP/1.1 200) 8 headers in 296 bytes (1 switches on core 0)
2026-06-16 02:33:11.759 8 INFO placement.requestlog [req-a1fc8931-055e-4a05-b4fc-050ef9fe86b3 req-5cccff7f-1778-45b7-825e-811527bd081d 048c9ee74cf6432f9937ab57a9a4ebfa c0bb2b096d3a4a5c9932ca07e5fa9298 - - dcefb707b22a4e7182aca23d8fed7db5 dcefb707b22a4e7182aca23d8fed7db5] 199.204.45.95 "DELETE /allocations/180b20d3-9ac0-4b10-8ee9-efa24a083a64" status: 204 len: 0 microversion: 1.0 [pid: 8|app: 0|req: 641/1281] 199.204.45.95 () {34 vars in 840 bytes} [Tue Jun 16 02:33:11 2026] DELETE /allocations/180b20d3-9ac0-4b10-8ee9-efa24a083a64 => generated 0 bytes in 26 msecs (HTTP/1.1 204) 5 headers in 198 bytes (1 switches on core 0)
2026-06-16 02:33:19.589 7 INFO placement.requestlog [None req-23c47796-f1e9-43e4-a4a5-268f0e770d6d - - - - - -] 10.0.0.56 "GET /" status: 200 len: 136 microversion: 1.0
2026-06-16 02:33:19.590 8 INFO placement.requestlog [None req-f5bc358d-7b77-4362-ad85-8dc51a26c58a - - - - - -] 10.0.0.56 "GET /" status: 200 len: 136 microversion: 1.0
2026-06-16 02:33:22.366 7 INFO placement.requestlog [None req-970fc1a7-34f9-4b04-b58e-783aebb3cc3f 2bae296618994114a3e5161594d1c125 c0bb2b096d3a4a5c9932ca07e5fa9298 - - dcefb707b22a4e7182aca23d8fed7db5 dcefb707b22a4e7182aca23d8fed7db5] 10.0.0.172 "GET /resource_providers/877f1ae9-36d1-4b70-9d0e-2f8cb9251f71/aggregates" status: 404 len: 235 microversion: 1.1 [pid: 7|app: 0|req: 642/1284] 10.0.0.172 () {32 vars in 816 bytes} [Tue Jun 16 02:33:22 2026] GET /resource_providers/877f1ae9-36d1-4b70-9d0e-2f8cb9251f71/aggregates => generated 235 bytes in 50 msecs (HTTP/1.1 404) 5 headers in 202 bytes (1 switches on core 0)
2026-06-16 02:33:22.367 8 INFO placement.requestlog [None req-645fbd5a-400e-4bec-b04d-570664d64391 2bae296618994114a3e5161594d1c125 c0bb2b096d3a4a5c9932ca07e5fa9298 - - dcefb707b22a4e7182aca23d8fed7db5 dcefb707b22a4e7182aca23d8fed7db5] 10.0.0.172 "GET /resource_providers/877f1ae9-36d1-4b70-9d0e-2f8cb9251f71/aggregates" status: 404 len: 235 microversion: 1.1 [pid: 8|app: 0|req: 643/1285] 10.0.0.172 () {32 vars in 816 bytes} [Tue Jun 16 02:33:22 2026] GET /resource_providers/877f1ae9-36d1-4b70-9d0e-2f8cb9251f71/aggregates => generated 235 bytes in 48 msecs (HTTP/1.1 404) 5 headers in 202 bytes (1 switches on core 0)
2026-06-16 02:33:22.385 7 INFO placement.requestlog [None req-c805ef43-dec0-4eb3-8ce3-738117c77db1 2bae296618994114a3e5161594d1c125 c0bb2b096d3a4a5c9932ca07e5fa9298 - - dcefb707b22a4e7182aca23d8fed7db5 dcefb707b22a4e7182aca23d8fed7db5] 10.0.0.172 "DELETE /resource_providers/877f1ae9-36d1-4b70-9d0e-2f8cb9251f71" status: 404 len: 246 microversion: 1.1 [pid: 7|app: 0|req: 643/1286] 10.0.0.172 () {34 vars in 816 bytes} [Tue Jun 16 02:33:22 2026] DELETE /resource_providers/877f1ae9-36d1-4b70-9d0e-2f8cb9251f71 => generated 246 bytes in 6 msecs (HTTP/1.1 404) 6 headers in 231 bytes (1 switches on core 0)
2026-06-16 02:33:22.390 8 INFO placement.requestlog [None req-e51e0c36-a1c3-40f5-82c6-968585e72ea0 2bae296618994114a3e5161594d1c125 c0bb2b096d3a4a5c9932ca07e5fa9298 - - dcefb707b22a4e7182aca23d8fed7db5 dcefb707b22a4e7182aca23d8fed7db5] 10.0.0.172 "DELETE /resource_providers/877f1ae9-36d1-4b70-9d0e-2f8cb9251f71" status: 404 len: 246 microversion: 1.1 [pid: 8|app: 0|req: 644/1287] 10.0.0.172 () {34 vars in 816 bytes} [Tue Jun 16 02:33:22 2026] DELETE /resource_providers/877f1ae9-36d1-4b70-9d0e-2f8cb9251f71 => generated 246 bytes in 9 msecs (HTTP/1.1 404) 6 headers in 231 bytes (1 switches on core 0)
2026-06-16 02:33:24.411 7 INFO placement.requestlog [None req-eecdf895-1802-4e0e-8013-90dfacaa55bb 2bae296618994114a3e5161594d1c125 c0bb2b096d3a4a5c9932ca07e5fa9298 - - dcefb707b22a4e7182aca23d8fed7db5 dcefb707b22a4e7182aca23d8fed7db5] 10.0.0.172 "GET /resource_providers/0b094b2c-2719-4033-b6e7-44f27b71907e/aggregates" status: 404 len: 235 microversion: 1.1 [pid: 7|app: 0|req: 644/1288] 10.0.0.172 () {32 vars in 816 bytes} [Tue Jun 16 02:33:24 2026] GET /resource_providers/0b094b2c-2719-4033-b6e7-44f27b71907e/aggregates => generated 235 bytes in 11 msecs (HTTP/1.1 404) 5 headers in 202 bytes (1 switches on core 0)
2026-06-16 02:33:24.412 8 INFO placement.requestlog [None req-488514bf-a955-4255-ad4e-948756ebb373 2bae296618994114a3e5161594d1c125 c0bb2b096d3a4a5c9932ca07e5fa9298 - - dcefb707b22a4e7182aca23d8fed7db5 dcefb707b22a4e7182aca23d8fed7db5] 10.0.0.172 "GET /resource_providers/0b094b2c-2719-4033-b6e7-44f27b71907e/aggregates" status: 404 len: 235 microversion: 1.1 [pid: 8|app: 0|req: 645/1289] 10.0.0.172 () {32 vars in 816 bytes} [Tue Jun 16 02:33:24 2026] GET /resource_providers/0b094b2c-2719-4033-b6e7-44f27b71907e/aggregates => generated 235 bytes in 11 msecs (HTTP/1.1 404) 5 headers in 202 bytes (1 switches on core 0)
2026-06-16 02:33:24.437 7 INFO placement.requestlog [None req-a5497247-ed9e-4e3f-ab53-6f67442f3238 2bae296618994114a3e5161594d1c125 c0bb2b096d3a4a5c9932ca07e5fa9298 - - dcefb707b22a4e7182aca23d8fed7db5 dcefb707b22a4e7182aca23d8fed7db5] 10.0.0.172 "DELETE /resource_providers/0b094b2c-2719-4033-b6e7-44f27b71907e" status: 404 len: 246 microversion: 1.1 [pid: 7|app: 0|req: 645/1290] 10.0.0.172 () {34 vars in 816 bytes} [Tue Jun 16 02:33:24 2026] DELETE /resource_providers/0b094b2c-2719-4033-b6e7-44f27b71907e => generated 246 bytes in 9 msecs (HTTP/1.1 404) 6 headers in 231 bytes (1 switches on core 0)
2026-06-16 02:33:24.439 8 INFO placement.requestlog [None req-9baa21e7-c67e-42a0-bbfc-5b14b9bbc241 2bae296618994114a3e5161594d1c125 c0bb2b096d3a4a5c9932ca07e5fa9298 - - dcefb707b22a4e7182aca23d8fed7db5 dcefb707b22a4e7182aca23d8fed7db5] 10.0.0.172 "DELETE /resource_providers/0b094b2c-2719-4033-b6e7-44f27b71907e" status: 404 len: 246 microversion: 1.1 [pid: 8|app: 0|req: 646/1291] 10.0.0.172 () {34 vars in 816 bytes} [Tue Jun 16 02:33:24 2026] DELETE /resource_providers/0b094b2c-2719-4033-b6e7-44f27b71907e => generated 246 bytes in 11 msecs (HTTP/1.1 404) 6 headers in 231 bytes (1 switches on core 0)
2026-06-16 02:33:24.461 8 INFO placement.requestlog [None req-5a63349b-4aa7-40a5-8303-bc07b56c9e12 2bae296618994114a3e5161594d1c125 c0bb2b096d3a4a5c9932ca07e5fa9298 - - dcefb707b22a4e7182aca23d8fed7db5 dcefb707b22a4e7182aca23d8fed7db5] 10.0.0.172 "GET /resource_providers/89e3d9a9-2a90-42cf-bf58-c5be8eb0a5cc/aggregates" status: 404 len: 235 microversion: 1.1 [pid: 8|app: 0|req: 647/1292] 10.0.0.172 () {32 vars in 816 bytes} [Tue Jun 16 02:33:24 2026] GET /resource_providers/89e3d9a9-2a90-42cf-bf58-c5be8eb0a5cc/aggregates => generated 235 bytes in 7 msecs (HTTP/1.1 404) 5 headers in 202 bytes (1 switches on core 0)
2026-06-16 02:33:24.466 7 INFO placement.requestlog [None req-f3ec6f93-24d0-473b-8081-9df0301f32bb 2bae296618994114a3e5161594d1c125 c0bb2b096d3a4a5c9932ca07e5fa9298 - - dcefb707b22a4e7182aca23d8fed7db5 dcefb707b22a4e7182aca23d8fed7db5] 10.0.0.172 "GET /resource_providers/89e3d9a9-2a90-42cf-bf58-c5be8eb0a5cc/aggregates" status: 404 len: 235 microversion: 1.1 [pid: 7|app: 0|req: 646/1293] 10.0.0.172 () {32 vars in 816 bytes} [Tue Jun 16 02:33:24 2026] GET /resource_providers/89e3d9a9-2a90-42cf-bf58-c5be8eb0a5cc/aggregates => generated 235 bytes in 13 msecs (HTTP/1.1 404) 5 headers in 202 bytes (1 switches on core 0)
2026-06-16 02:33:24.472 8 INFO placement.requestlog [None req-0d26a94d-8dba-4873-a5a6-18c92aee3cbe 2bae296618994114a3e5161594d1c125 c0bb2b096d3a4a5c9932ca07e5fa9298 - - dcefb707b22a4e7182aca23d8fed7db5 dcefb707b22a4e7182aca23d8fed7db5] 10.0.0.172 "DELETE /resource_providers/89e3d9a9-2a90-42cf-bf58-c5be8eb0a5cc" status: 404 len: 246 microversion: 1.1 [pid: 8|app: 0|req: 648/1294] 10.0.0.172 () {34 vars in 816 bytes} [Tue Jun 16 02:33:24 2026] DELETE /resource_providers/89e3d9a9-2a90-42cf-bf58-c5be8eb0a5cc => generated 246 bytes in 5 msecs (HTTP/1.1 404) 6 headers in 231 bytes (1 switches on core 0)
2026-06-16 02:33:24.485 7 INFO placement.requestlog [None req-bed362fa-64c6-42c9-8168-284631b5f882 2bae296618994114a3e5161594d1c125 c0bb2b096d3a4a5c9932ca07e5fa9298 - - dcefb707b22a4e7182aca23d8fed7db5 dcefb707b22a4e7182aca23d8fed7db5] 10.0.0.172 "DELETE /resource_providers/89e3d9a9-2a90-42cf-bf58-c5be8eb0a5cc" status: 404 len: 246 microversion: 1.1 [pid: 7|app: 0|req: 647/1295] 10.0.0.172 () {34 vars in 816 bytes} [Tue Jun 16 02:33:24 2026] DELETE /resource_providers/89e3d9a9-2a90-42cf-bf58-c5be8eb0a5cc => generated 246 bytes in 9 msecs (HTTP/1.1 404) 6 headers in 231 bytes (1 switches on core 0)
2026-06-16 02:33:26.495 8 INFO placement.requestlog [None req-1e542477-da87-4af5-89ca-b5d33ae59ce9 2bae296618994114a3e5161594d1c125 c0bb2b096d3a4a5c9932ca07e5fa9298 - - dcefb707b22a4e7182aca23d8fed7db5 dcefb707b22a4e7182aca23d8fed7db5] 10.0.0.172 "GET /resource_providers/a7754d4a-1255-4f28-a4a9-241d6ebf2ec0/aggregates" status: 404 len: 235 microversion: 1.1 [pid: 8|app: 0|req: 649/1296] 10.0.0.172 () {32 vars in 816 bytes} [Tue Jun 16 02:33:26 2026] GET /resource_providers/a7754d4a-1255-4f28-a4a9-241d6ebf2ec0/aggregates => generated 235 bytes in 12 msecs (HTTP/1.1 404) 5 headers in 202 bytes (1 switches on core 0)
2026-06-16 02:33:26.506 7 INFO placement.requestlog [None req-e76b4f8e-a09b-4cd0-8fa9-6bc9ce54ff3f 2bae296618994114a3e5161594d1c125 c0bb2b096d3a4a5c9932ca07e5fa9298 - - dcefb707b22a4e7182aca23d8fed7db5 dcefb707b22a4e7182aca23d8fed7db5] 10.0.0.172 "GET /resource_providers/a7754d4a-1255-4f28-a4a9-241d6ebf2ec0/aggregates" status: 404 len: 235 microversion: 1.1 [pid: 7|app: 0|req: 648/1297] 10.0.0.172 () {32 vars in 816 bytes} [Tue Jun 16 02:33:26 2026] GET /resource_providers/a7754d4a-1255-4f28-a4a9-241d6ebf2ec0/aggregates => generated 235 bytes in 12 msecs (HTTP/1.1 404) 5 headers in 202 bytes (1 switches on core 0)
2026-06-16 02:33:26.511 8 INFO placement.requestlog [None req-9a2314d9-56f6-45cd-acf2-9da7bf5a2c72 2bae296618994114a3e5161594d1c125 c0bb2b096d3a4a5c9932ca07e5fa9298 - - dcefb707b22a4e7182aca23d8fed7db5 dcefb707b22a4e7182aca23d8fed7db5] 10.0.0.172 "DELETE /resource_providers/a7754d4a-1255-4f28-a4a9-241d6ebf2ec0" status: 404 len: 246 microversion: 1.1 [pid: 8|app: 0|req: 650/1298] 10.0.0.172 () {34 vars in 816 bytes} [Tue Jun 16 02:33:26 2026] DELETE /resource_providers/a7754d4a-1255-4f28-a4a9-241d6ebf2ec0 => generated 246 bytes in 9 msecs (HTTP/1.1 404) 6 headers in 231 bytes (1 switches on core 0)
2026-06-16 02:33:26.525 7 INFO placement.requestlog [None req-f2adc12c-0c63-4505-94b3-0deae0d3adae 2bae296618994114a3e5161594d1c125 c0bb2b096d3a4a5c9932ca07e5fa9298 - - dcefb707b22a4e7182aca23d8fed7db5 dcefb707b22a4e7182aca23d8fed7db5] 10.0.0.172 "DELETE /resource_providers/a7754d4a-1255-4f28-a4a9-241d6ebf2ec0" status: 404 len: 246 microversion: 1.1 [pid: 7|app: 0|req: 649/1299] 10.0.0.172 () {34 vars in 816 bytes} [Tue Jun 16 02:33:26 2026] DELETE /resource_providers/a7754d4a-1255-4f28-a4a9-241d6ebf2ec0 => generated 246 bytes in 9 msecs (HTTP/1.1 404) 6 headers in 231 bytes (1 switches on core 0)
2026-06-16 02:33:28.872 8 INFO placement.requestlog [req-cec27fb8-34ce-4c22-8140-91d449aa2244 req-2b5aee06-f443-4008-adcd-fff3c2a0c47c 048c9ee74cf6432f9937ab57a9a4ebfa c0bb2b096d3a4a5c9932ca07e5fa9298 - - dcefb707b22a4e7182aca23d8fed7db5 dcefb707b22a4e7182aca23d8fed7db5] 199.204.45.95 "GET /resource_providers/1959b5d2-bf2d-4290-924b-b93876c05a80/allocations" status: 200 len: 55 microversion: 1.0 [pid: 8|app: 0|req: 651/1300] 199.204.45.95 () {32 vars in 856 bytes} [Tue Jun 16 02:33:28 2026] GET /resource_providers/1959b5d2-bf2d-4290-924b-b93876c05a80/allocations => generated 55 bytes in 191 msecs (HTTP/1.1 200) 6 headers in 223 bytes (1 switches on core 0)
2026-06-16 02:33:28.896 7 INFO placement.requestlog [req-cec27fb8-34ce-4c22-8140-91d449aa2244 req-82767b3e-74e5-478a-94cf-e1a6f9fa190b 048c9ee74cf6432f9937ab57a9a4ebfa c0bb2b096d3a4a5c9932ca07e5fa9298 - - dcefb707b22a4e7182aca23d8fed7db5 dcefb707b22a4e7182aca23d8fed7db5] 199.204.45.95 "GET /resource_providers?in_tree=1959b5d2-bf2d-4290-924b-b93876c05a80" status: 200 len: 798 microversion: 1.14 [pid: 7|app: 0|req: 650/1301] 199.204.45.95 () {34 vars in 891 bytes} [Tue Jun 16 02:33:28 2026] GET /resource_providers?in_tree=1959b5d2-bf2d-4290-924b-b93876c05a80 => generated 798 bytes in 14 msecs (HTTP/1.1 200) 6 headers in 225 bytes (1 switches on core 0)
2026-06-16 02:33:28.922 8 INFO placement.requestlog [req-cec27fb8-34ce-4c22-8140-91d449aa2244 req-99e48eb7-557a-4d0c-9cc1-72fe4a815671 048c9ee74cf6432f9937ab57a9a4ebfa c0bb2b096d3a4a5c9932ca07e5fa9298 - - dcefb707b22a4e7182aca23d8fed7db5 dcefb707b22a4e7182aca23d8fed7db5] 199.204.45.95 "GET /resource_providers/1959b5d2-bf2d-4290-924b-b93876c05a80/inventories" status: 200 len: 401 microversion: 1.0 [pid: 8|app: 0|req: 652/1302] 199.204.45.95 () {32 vars in 856 bytes} [Tue Jun 16 02:33:28 2026] GET /resource_providers/1959b5d2-bf2d-4290-924b-b93876c05a80/inventories => generated 401 bytes in 17 msecs (HTTP/1.1 200) 6 headers in 224 bytes (1 switches on core 0)
2026-06-16 02:33:28.944 7 INFO placement.requestlog [req-cec27fb8-34ce-4c22-8140-91d449aa2244 req-55a010e2-ba80-4f56-b135-4f7a6cb5041d 048c9ee74cf6432f9937ab57a9a4ebfa c0bb2b096d3a4a5c9932ca07e5fa9298 - - dcefb707b22a4e7182aca23d8fed7db5 dcefb707b22a4e7182aca23d8fed7db5] 199.204.45.95 "GET /resource_providers/1959b5d2-bf2d-4290-924b-b93876c05a80/aggregates" status: 200 len: 54 microversion: 1.19 [pid: 7|app: 0|req: 651/1303] 199.204.45.95 () {34 vars in 898 bytes} [Tue Jun 16 02:33:28 2026] GET /resource_providers/1959b5d2-bf2d-4290-924b-b93876c05a80/aggregates => generated 54 bytes in 14 msecs (HTTP/1.1 200) 8 headers in 295 bytes (1 switches on core 0)
