2026-05-10 01:59:50.457 7 INFO placement.requestlog [req-47f56a4c-e1d0-4d65-a6ad-88c6c5764003 req-c280f5fc-f6dc-4b81-9383-cef282965735 e1fd82f3cb8d455ca86a0c2a62b45f53 acf12d3777904848b8f70d34ef05667a - - a7c19939f37f4905be3cdebb5c87ee7a a7c19939f37f4905be3cdebb5c87ee7a] 199.204.45.74 "DELETE /allocations/6b5f39b6-2b28-4137-988d-5093d3141282" status: 204 len: 0 microversion: 1.0 [pid: 7|app: 0|req: 342/681] 199.204.45.74 () {34 vars in 840 bytes} [Sun May 10 01:59:50 2026] DELETE /allocations/6b5f39b6-2b28-4137-988d-5093d3141282 => generated 0 bytes in 33 msecs (HTTP/1.1 204) 5 headers in 198 bytes (1 switches on core 0)
2026-05-10 01:59:50.527 8 INFO placement.requestlog [req-1c7359a8-f5f0-4860-b36e-0e4468d0afde req-d18427c1-09c4-4e93-a63b-98de8a68d7db e1fd82f3cb8d455ca86a0c2a62b45f53 acf12d3777904848b8f70d34ef05667a - - a7c19939f37f4905be3cdebb5c87ee7a a7c19939f37f4905be3cdebb5c87ee7a] 199.204.45.74 "GET /resource_providers/b802e302-ce9e-46f4-8ade-0d5b6c5d34f2/allocations" status: 200 len: 252 microversion: 1.0 [pid: 8|app: 0|req: 340/682] 199.204.45.74 () {32 vars in 856 bytes} [Sun May 10 01:59:50 2026] GET /resource_providers/b802e302-ce9e-46f4-8ade-0d5b6c5d34f2/allocations => generated 252 bytes in 21 msecs (HTTP/1.1 200) 6 headers in 224 bytes (1 switches on core 0)
2026-05-10 01:59:50.554 7 INFO placement.requestlog [req-1c7359a8-f5f0-4860-b36e-0e4468d0afde req-8b390454-c16e-4ff4-84bf-52e00be4173e e1fd82f3cb8d455ca86a0c2a62b45f53 acf12d3777904848b8f70d34ef05667a - - a7c19939f37f4905be3cdebb5c87ee7a a7c19939f37f4905be3cdebb5c87ee7a] 199.204.45.74 "GET /allocations/d0d1c7e5-032b-47ee-9c92-f98696de77e2" status: 200 len: 257 microversion: 1.28 [pid: 7|app: 0|req: 343/683] 199.204.45.74 () {34 vars in 862 bytes} [Sun May 10 01:59:50 2026] GET /allocations/d0d1c7e5-032b-47ee-9c92-f98696de77e2 => generated 257 bytes in 16 msecs (HTTP/1.1 200) 8 headers in 296 bytes (1 switches on core 0)
2026-05-10 01:59:50.572 8 INFO placement.requestlog [req-1c7359a8-f5f0-4860-b36e-0e4468d0afde req-13d58677-2ac8-464f-9e53-7638e196280a e1fd82f3cb8d455ca86a0c2a62b45f53 acf12d3777904848b8f70d34ef05667a - - a7c19939f37f4905be3cdebb5c87ee7a a7c19939f37f4905be3cdebb5c87ee7a] 199.204.45.74 "GET /allocations/4375934d-1056-4a17-8a07-788c8c8bdaa6" status: 200 len: 257 microversion: 1.28 [pid: 8|app: 0|req: 341/684] 199.204.45.74 () {34 vars in 862 bytes} [Sun May 10 01:59:50 2026] GET /allocations/4375934d-1056-4a17-8a07-788c8c8bdaa6 => generated 257 bytes in 10 msecs (HTTP/1.1 200) 8 headers in 296 bytes (1 switches on core 0)
2026-05-10 01:59:50.649 7 INFO placement.requestlog [req-1c7359a8-f5f0-4860-b36e-0e4468d0afde req-f5a89be5-4690-4d03-bd53-94ab983fbc23 e1fd82f3cb8d455ca86a0c2a62b45f53 acf12d3777904848b8f70d34ef05667a - - a7c19939f37f4905be3cdebb5c87ee7a a7c19939f37f4905be3cdebb5c87ee7a] 199.204.45.74 "DELETE /allocations/d0d1c7e5-032b-47ee-9c92-f98696de77e2" status: 204 len: 0 microversion: 1.0 [pid: 7|app: 0|req: 344/685] 199.204.45.74 () {34 vars in 840 bytes} [Sun May 10 01:59:50 2026] DELETE /allocations/d0d1c7e5-032b-47ee-9c92-f98696de77e2 => generated 0 bytes in 28 msecs (HTTP/1.1 204) 5 headers in 198 bytes (1 switches on core 0)
2026-05-10 01:59:54.242 7 INFO placement.requestlog [None req-c19eb76b-688d-45f6-9e79-7a8608d26116 1ada03edb6434a72b4a21e91da431379 acf12d3777904848b8f70d34ef05667a - - a7c19939f37f4905be3cdebb5c87ee7a a7c19939f37f4905be3cdebb5c87ee7a] 10.0.0.89 "GET /resource_providers/d086d0f6-9d2a-4652-b1a3-0ebe535edb5b/aggregates" status: 404 len: 235 microversion: 1.1 [pid: 7|app: 0|req: 345/686] 10.0.0.89 () {32 vars in 815 bytes} [Sun May 10 01:59:54 2026] GET /resource_providers/d086d0f6-9d2a-4652-b1a3-0ebe535edb5b/aggregates => generated 235 bytes in 7 msecs (HTTP/1.1 404) 5 headers in 202 bytes (1 switches on core 0)
2026-05-10 01:59:54.247 8 INFO placement.requestlog [None req-f47d27bd-0bb7-424c-91dd-1f6674169106 1ada03edb6434a72b4a21e91da431379 acf12d3777904848b8f70d34ef05667a - - a7c19939f37f4905be3cdebb5c87ee7a a7c19939f37f4905be3cdebb5c87ee7a] 10.0.0.89 "GET /resource_providers/d086d0f6-9d2a-4652-b1a3-0ebe535edb5b/aggregates" status: 404 len: 235 microversion: 1.1 [pid: 8|app: 0|req: 342/687] 10.0.0.89 () {32 vars in 815 bytes} [Sun May 10 01:59:54 2026] GET /resource_providers/d086d0f6-9d2a-4652-b1a3-0ebe535edb5b/aggregates => generated 235 bytes in 16 msecs (HTTP/1.1 404) 5 headers in 202 bytes (1 switches on core 0)
2026-05-10 01:59:54.267 7 INFO placement.requestlog [None req-ed0f769d-b8b7-40b0-b5e3-8de17601590a 1ada03edb6434a72b4a21e91da431379 acf12d3777904848b8f70d34ef05667a - - a7c19939f37f4905be3cdebb5c87ee7a a7c19939f37f4905be3cdebb5c87ee7a] 10.0.0.89 "GET /resource_providers/b0cc933b-ae55-4d7d-8563-e1fa1b50caea/aggregates" status: 404 len: 235 microversion: 1.1 [pid: 7|app: 0|req: 346/688] 10.0.0.89 () {32 vars in 815 bytes} [Sun May 10 01:59:54 2026] GET /resource_providers/b0cc933b-ae55-4d7d-8563-e1fa1b50caea/aggregates => generated 235 bytes in 10 msecs (HTTP/1.1 404) 5 headers in 202 bytes (1 switches on core 0)
2026-05-10 01:59:54.270 8 INFO placement.requestlog [None req-c68b7030-7dbe-41cc-a2e8-99216025f14c 1ada03edb6434a72b4a21e91da431379 acf12d3777904848b8f70d34ef05667a - - a7c19939f37f4905be3cdebb5c87ee7a a7c19939f37f4905be3cdebb5c87ee7a] 10.0.0.89 "DELETE /resource_providers/d086d0f6-9d2a-4652-b1a3-0ebe535edb5b" status: 404 len: 246 microversion: 1.1 [pid: 8|app: 0|req: 343/689] 10.0.0.89 () {34 vars in 815 bytes} [Sun May 10 01:59:54 2026] DELETE /resource_providers/d086d0f6-9d2a-4652-b1a3-0ebe535edb5b => generated 246 bytes in 12 msecs (HTTP/1.1 404) 6 headers in 231 bytes (1 switches on core 0)
2026-05-10 01:59:54.273 7 INFO placement.requestlog [None req-7cfa7892-83dc-47bf-b013-641fa2627496 1ada03edb6434a72b4a21e91da431379 acf12d3777904848b8f70d34ef05667a - - a7c19939f37f4905be3cdebb5c87ee7a a7c19939f37f4905be3cdebb5c87ee7a] 10.0.0.89 "DELETE /resource_providers/d086d0f6-9d2a-4652-b1a3-0ebe535edb5b" status: 404 len: 246 microversion: 1.1 [pid: 7|app: 0|req: 347/690] 10.0.0.89 () {34 vars in 815 bytes} [Sun May 10 01:59:54 2026] DELETE /resource_providers/d086d0f6-9d2a-4652-b1a3-0ebe535edb5b => generated 246 bytes in 6 msecs (HTTP/1.1 404) 6 headers in 231 bytes (1 switches on core 0)
2026-05-10 01:59:54.282 8 INFO placement.requestlog [None req-c60ef761-9e97-4100-ba81-1a055391b48c 1ada03edb6434a72b4a21e91da431379 acf12d3777904848b8f70d34ef05667a - - a7c19939f37f4905be3cdebb5c87ee7a a7c19939f37f4905be3cdebb5c87ee7a] 10.0.0.89 "GET /resource_providers/b0cc933b-ae55-4d7d-8563-e1fa1b50caea/aggregates" status: 404 len: 235 microversion: 1.1
2026-05-10 01:59:54.282 7 INFO placement.requestlog [None req-48d835ee-f1d9-4a91-8836-93f05c429c89 1ada03edb6434a72b4a21e91da431379 acf12d3777904848b8f70d34ef05667a - - a7c19939f37f4905be3cdebb5c87ee7a a7c19939f37f4905be3cdebb5c87ee7a] 10.0.0.89 "DELETE /resource_providers/b0cc933b-ae55-4d7d-8563-e1fa1b50caea" status: 404 len: 246 microversion: 1.1 [pid: 7|app: 0|req: 348/691] 10.0.0.89 () {34 vars in 815 bytes} [Sun May 10 01:59:54 2026] DELETE /resource_providers/b0cc933b-ae55-4d7d-8563-e1fa1b50caea => generated 246 bytes in 6 msecs (HTTP/1.1 404) 6 headers in 231 bytes (1 switches on core 0) [pid: 8|app: 0|req: 344/692] 10.0.0.89 () {32 vars in 815 bytes} [Sun May 10 01:59:54 2026] GET /resource_providers/b0cc933b-ae55-4d7d-8563-e1fa1b50caea/aggregates => generated 235 bytes in 12 msecs (HTTP/1.1 404) 5 headers in 202 bytes (1 switches on core 0)
2026-05-10 01:59:54.297 7 INFO placement.requestlog [None req-fc964bca-0d48-4678-b3b8-e3e9d62ab3af 1ada03edb6434a72b4a21e91da431379 acf12d3777904848b8f70d34ef05667a - - a7c19939f37f4905be3cdebb5c87ee7a a7c19939f37f4905be3cdebb5c87ee7a] 10.0.0.89 "DELETE /resource_providers/b0cc933b-ae55-4d7d-8563-e1fa1b50caea" status: 404 len: 246 microversion: 1.1 [pid: 7|app: 0|req: 349/693] 10.0.0.89 () {34 vars in 815 bytes} [Sun May 10 01:59:54 2026] DELETE /resource_providers/b0cc933b-ae55-4d7d-8563-e1fa1b50caea => generated 246 bytes in 6 msecs (HTTP/1.1 404) 6 headers in 231 bytes (1 switches on core 0)
2026-05-10 01:59:56.893 7 INFO placement.requestlog [None req-60dbfa6b-8916-46c9-991d-96abead5d046 1ada03edb6434a72b4a21e91da431379 acf12d3777904848b8f70d34ef05667a - - a7c19939f37f4905be3cdebb5c87ee7a a7c19939f37f4905be3cdebb5c87ee7a] 10.0.0.89 "GET /resource_providers/63743ac4-eedb-4e6c-8fcf-1f118bfef02f/aggregates" status: 404 len: 235 microversion: 1.1 [pid: 7|app: 0|req: 350/694] 10.0.0.89 () {32 vars in 815 bytes} [Sun May 10 01:59:56 2026] GET /resource_providers/63743ac4-eedb-4e6c-8fcf-1f118bfef02f/aggregates => generated 235 bytes in 13 msecs (HTTP/1.1 404) 5 headers in 202 bytes (1 switches on core 0)
2026-05-10 01:59:56.894 8 INFO placement.requestlog [None req-d33e902e-f29e-4bd8-8155-c8182e5c6c25 1ada03edb6434a72b4a21e91da431379 acf12d3777904848b8f70d34ef05667a - - a7c19939f37f4905be3cdebb5c87ee7a a7c19939f37f4905be3cdebb5c87ee7a] 10.0.0.89 "GET /resource_providers/63743ac4-eedb-4e6c-8fcf-1f118bfef02f/aggregates" status: 404 len: 235 microversion: 1.1 [pid: 8|app: 0|req: 345/695] 10.0.0.89 () {32 vars in 815 bytes} [Sun May 10 01:59:56 2026] GET /resource_providers/63743ac4-eedb-4e6c-8fcf-1f118bfef02f/aggregates => generated 235 bytes in 14 msecs (HTTP/1.1 404) 5 headers in 202 bytes (1 switches on core 0)
2026-05-10 01:59:56.916 8 INFO placement.requestlog [None req-57b3bd5c-2393-42af-b297-e26021cb966b 1ada03edb6434a72b4a21e91da431379 acf12d3777904848b8f70d34ef05667a - - a7c19939f37f4905be3cdebb5c87ee7a a7c19939f37f4905be3cdebb5c87ee7a] 10.0.0.89 "DELETE /resource_providers/63743ac4-eedb-4e6c-8fcf-1f118bfef02f" status: 404 len: 246 microversion: 1.1 [pid: 8|app: 0|req: 346/696] 10.0.0.89 () {34 vars in 815 bytes} [Sun May 10 01:59:56 2026] DELETE /resource_providers/63743ac4-eedb-4e6c-8fcf-1f118bfef02f => generated 246 bytes in 10 msecs (HTTP/1.1 404) 6 headers in 231 bytes (1 switches on core 0)
2026-05-10 01:59:56.922 7 INFO placement.requestlog [None req-6702ee26-4f2c-422a-aa2f-c73a38035ee9 1ada03edb6434a72b4a21e91da431379 acf12d3777904848b8f70d34ef05667a - - a7c19939f37f4905be3cdebb5c87ee7a a7c19939f37f4905be3cdebb5c87ee7a] 10.0.0.89 "DELETE /resource_providers/63743ac4-eedb-4e6c-8fcf-1f118bfef02f" status: 404 len: 246 microversion: 1.1 [pid: 7|app: 0|req: 351/697] 10.0.0.89 () {34 vars in 815 bytes} [Sun May 10 01:59:56 2026] DELETE /resource_providers/63743ac4-eedb-4e6c-8fcf-1f118bfef02f => generated 246 bytes in 15 msecs (HTTP/1.1 404) 6 headers in 231 bytes (1 switches on core 0)
2026-05-10 01:59:57.034 8 INFO placement.requestlog [None req-c27483f8-1776-4fc5-8ce5-523fb72d84be 1ada03edb6434a72b4a21e91da431379 acf12d3777904848b8f70d34ef05667a - - a7c19939f37f4905be3cdebb5c87ee7a a7c19939f37f4905be3cdebb5c87ee7a] 10.0.0.89 "GET /resource_providers/9968fde7-726c-44cd-be79-0db62552a8cf/aggregates" status: 404 len: 235 microversion: 1.1 [pid: 8|app: 0|req: 347/698] 10.0.0.89 () {32 vars in 815 bytes} [Sun May 10 01:59:57 2026] GET /resource_providers/9968fde7-726c-44cd-be79-0db62552a8cf/aggregates => generated 235 bytes in 13 msecs (HTTP/1.1 404) 5 headers in 202 bytes (1 switches on core 0)
2026-05-10 01:59:57.035 7 INFO placement.requestlog [None req-c6d4f6d2-c640-41ed-b4ca-b8ea3261356d 1ada03edb6434a72b4a21e91da431379 acf12d3777904848b8f70d34ef05667a - - a7c19939f37f4905be3cdebb5c87ee7a a7c19939f37f4905be3cdebb5c87ee7a] 10.0.0.89 "GET /resource_providers/9968fde7-726c-44cd-be79-0db62552a8cf/aggregates" status: 404 len: 235 microversion: 1.1 [pid: 7|app: 0|req: 352/699] 10.0.0.89 () {32 vars in 815 bytes} [Sun May 10 01:59:57 2026] GET /resource_providers/9968fde7-726c-44cd-be79-0db62552a8cf/aggregates => generated 235 bytes in 11 msecs (HTTP/1.1 404) 5 headers in 202 bytes (1 switches on core 0)
2026-05-10 01:59:57.058 8 INFO placement.requestlog [None req-1a12dbac-4927-4e17-a974-3ad4a3f39e66 1ada03edb6434a72b4a21e91da431379 acf12d3777904848b8f70d34ef05667a - - a7c19939f37f4905be3cdebb5c87ee7a a7c19939f37f4905be3cdebb5c87ee7a] 10.0.0.89 "DELETE /resource_providers/9968fde7-726c-44cd-be79-0db62552a8cf" status: 404 len: 246 microversion: 1.1 [pid: 8|app: 0|req: 348/700] 10.0.0.89 () {34 vars in 815 bytes} [Sun May 10 01:59:57 2026] DELETE /resource_providers/9968fde7-726c-44cd-be79-0db62552a8cf => generated 246 bytes in 11 msecs (HTTP/1.1 404) 6 headers in 231 bytes (1 switches on core 0)
2026-05-10 01:59:57.061 7 INFO placement.requestlog [None req-f573f29f-046e-4c9d-a835-569da2f7616a 1ada03edb6434a72b4a21e91da431379 acf12d3777904848b8f70d34ef05667a - - a7c19939f37f4905be3cdebb5c87ee7a a7c19939f37f4905be3cdebb5c87ee7a] 10.0.0.89 "DELETE /resource_providers/9968fde7-726c-44cd-be79-0db62552a8cf" status: 404 len: 246 microversion: 1.1 [pid: 7|app: 0|req: 353/701] 10.0.0.89 () {34 vars in 815 bytes} [Sun May 10 01:59:57 2026] DELETE /resource_providers/9968fde7-726c-44cd-be79-0db62552a8cf => generated 246 bytes in 13 msecs (HTTP/1.1 404) 6 headers in 231 bytes (1 switches on core 0)
2026-05-10 01:59:58.676 7 INFO placement.requestlog [None req-44b5101a-f4fe-4dbc-bc8c-60181236787f - - - - - -] 10.0.0.211 "GET /" status: 200 len: 136 microversion: 1.0
2026-05-10 01:59:58.676 8 INFO placement.requestlog [None req-a8fa48b9-c0ab-4279-bc0b-a4e09e382299 - - - - - -] 10.0.0.211 "GET /" status: 200 len: 136 microversion: 1.0
2026-05-10 02:00:03.926 7 INFO placement.requestlog [req-119c356c-472a-4af4-9aec-8bc3cb99f32c req-267ff129-86f0-49ce-b1f7-736c9db0764e e1fd82f3cb8d455ca86a0c2a62b45f53 acf12d3777904848b8f70d34ef05667a - - a7c19939f37f4905be3cdebb5c87ee7a a7c19939f37f4905be3cdebb5c87ee7a] 199.204.45.74 "GET /resource_providers/b802e302-ce9e-46f4-8ade-0d5b6c5d34f2/allocations" status: 200 len: 152 microversion: 1.0 [pid: 7|app: 0|req: 355/704] 199.204.45.74 () {32 vars in 856 bytes} [Sun May 10 02:00:03 2026] GET /resource_providers/b802e302-ce9e-46f4-8ade-0d5b6c5d34f2/allocations => generated 152 bytes in 40 msecs (HTTP/1.1 200) 6 headers in 224 bytes (1 switches on core 0)
2026-05-10 02:00:03.955 8 INFO placement.requestlog [req-119c356c-472a-4af4-9aec-8bc3cb99f32c req-750c7d03-e08e-4c6a-a9b4-a32da8217070 e1fd82f3cb8d455ca86a0c2a62b45f53 acf12d3777904848b8f70d34ef05667a - - a7c19939f37f4905be3cdebb5c87ee7a a7c19939f37f4905be3cdebb5c87ee7a] 199.204.45.74 "GET /allocations/4375934d-1056-4a17-8a07-788c8c8bdaa6" status: 200 len: 257 microversion: 1.28 [pid: 8|app: 0|req: 350/705] 199.204.45.74 () {34 vars in 862 bytes} [Sun May 10 02:00:03 2026] GET /allocations/4375934d-1056-4a17-8a07-788c8c8bdaa6 => generated 257 bytes in 15 msecs (HTTP/1.1 200) 8 headers in 296 bytes (1 switches on core 0)
2026-05-10 02:00:04.038 7 INFO placement.requestlog [req-119c356c-472a-4af4-9aec-8bc3cb99f32c req-9ae356e0-a76d-427a-be50-3d946c342f04 e1fd82f3cb8d455ca86a0c2a62b45f53 acf12d3777904848b8f70d34ef05667a - - a7c19939f37f4905be3cdebb5c87ee7a a7c19939f37f4905be3cdebb5c87ee7a] 199.204.45.74 "DELETE /allocations/4375934d-1056-4a17-8a07-788c8c8bdaa6" status: 204 len: 0 microversion: 1.0 [pid: 7|app: 0|req: 356/706] 199.204.45.74 () {34 vars in 840 bytes} [Sun May 10 02:00:04 2026] DELETE /allocations/4375934d-1056-4a17-8a07-788c8c8bdaa6 => generated 0 bytes in 21 msecs (HTTP/1.1 204) 5 headers in 198 bytes (1 switches on core 0)
2026-05-10 02:00:04.367 8 INFO placement.requestlog [req-d723cb9f-90c9-4b8c-854e-ad699a2b035a req-41c6f68b-f692-4c08-81c3-89a5e0fa6be9 e1fd82f3cb8d455ca86a0c2a62b45f53 acf12d3777904848b8f70d34ef05667a - - a7c19939f37f4905be3cdebb5c87ee7a a7c19939f37f4905be3cdebb5c87ee7a] 10.0.0.163 "GET /allocation_candidates?limit=1000&resources=DISK_GB%3A1%2CMEMORY_MB%3A512%2CVCPU%3A1&root_required=%21COMPUTE_STATUS_DISABLED" status: 200 len: 2147 microversion: 1.36 [pid: 8|app: 0|req: 351/707] 10.0.0.163 () {34 vars in 1012 bytes} [Sun May 10 02:00:04 2026] GET /allocation_candidates?limit=1000&resources=DISK_GB%3A1%2CMEMORY_MB%3A512%2CVCPU%3A1&root_required=%21COMPUTE_STATUS_DISABLED => generated 2147 bytes in 45 msecs (HTTP/1.1 200) 8 headers in 297 bytes (1 switches on core 0)
2026-05-10 02:00:04.407 7 INFO placement.requestlog [req-d723cb9f-90c9-4b8c-854e-ad699a2b035a req-7d0f124b-891c-4473-9cc1-ba6611dfe70c e1fd82f3cb8d455ca86a0c2a62b45f53 acf12d3777904848b8f70d34ef05667a - - a7c19939f37f4905be3cdebb5c87ee7a a7c19939f37f4905be3cdebb5c87ee7a] 10.0.0.163 "GET /allocations/997c3aca-e25c-4df7-9f2c-324a230e4745" status: 200 len: 19 microversion: 1.28 [pid: 7|app: 0|req: 357/708] 10.0.0.163 () {34 vars in 861 bytes} [Sun May 10 02:00:04 2026] GET /allocations/997c3aca-e25c-4df7-9f2c-324a230e4745 => generated 19 bytes in 11 msecs (HTTP/1.1 200) 8 headers in 295 bytes (1 switches on core 0)
2026-05-10 02:00:04.475 8 INFO placement.requestlog [req-d723cb9f-90c9-4b8c-854e-ad699a2b035a req-5fb52aa0-42ce-4e6c-8692-e946e50c0be5 e1fd82f3cb8d455ca86a0c2a62b45f53 acf12d3777904848b8f70d34ef05667a - - a7c19939f37f4905be3cdebb5c87ee7a a7c19939f37f4905be3cdebb5c87ee7a] 10.0.0.163 "PUT /allocations/997c3aca-e25c-4df7-9f2c-324a230e4745" status: 204 len: 0 microversion: 1.36 [pid: 8|app: 0|req: 352/709] 10.0.0.163 () {38 vars in 914 bytes} [Sun May 10 02:00:04 2026] PUT /allocations/997c3aca-e25c-4df7-9f2c-324a230e4745 => generated 0 bytes in 56 msecs (HTTP/1.1 204) 5 headers in 199 bytes (1 switches on core 0)
2026-05-10 02:00:04.759 7 INFO placement.requestlog [req-d723cb9f-90c9-4b8c-854e-ad699a2b035a req-c52ce60e-fc0b-409c-bfd9-111ad71ef6ef e1fd82f3cb8d455ca86a0c2a62b45f53 acf12d3777904848b8f70d34ef05667a - - a7c19939f37f4905be3cdebb5c87ee7a a7c19939f37f4905be3cdebb5c87ee7a] 199.204.45.74 "GET /allocations/997c3aca-e25c-4df7-9f2c-324a230e4745" status: 200 len: 257 microversion: 1.28 [pid: 7|app: 0|req: 358/710] 199.204.45.74 () {34 vars in 862 bytes} [Sun May 10 02:00:04 2026] GET /allocations/997c3aca-e25c-4df7-9f2c-324a230e4745 => generated 257 bytes in 17 msecs (HTTP/1.1 200) 8 headers in 296 bytes (1 switches on core 0)
2026-05-10 02:00:04.876 8 INFO placement.requestlog [req-d723cb9f-90c9-4b8c-854e-ad699a2b035a req-b53d5c83-827b-4e68-ab0d-e220f2616f93 e1fd82f3cb8d455ca86a0c2a62b45f53 acf12d3777904848b8f70d34ef05667a - - a7c19939f37f4905be3cdebb5c87ee7a a7c19939f37f4905be3cdebb5c87ee7a] 199.204.45.74 "GET /resource_providers/b802e302-ce9e-46f4-8ade-0d5b6c5d34f2/allocations" status: 200 len: 152 microversion: 1.0 [pid: 8|app: 0|req: 353/711] 199.204.45.74 () {32 vars in 856 bytes} [Sun May 10 02:00:04 2026] GET /resource_providers/b802e302-ce9e-46f4-8ade-0d5b6c5d34f2/allocations => generated 152 bytes in 17 msecs (HTTP/1.1 200) 6 headers in 224 bytes (1 switches on core 0)
2026-05-10 02:00:04.902 7 INFO placement.requestlog [req-d723cb9f-90c9-4b8c-854e-ad699a2b035a req-f1f732a8-d84e-4df7-ac94-acb76d40abca e1fd82f3cb8d455ca86a0c2a62b45f53 acf12d3777904848b8f70d34ef05667a - - a7c19939f37f4905be3cdebb5c87ee7a a7c19939f37f4905be3cdebb5c87ee7a] 199.204.45.74 "GET /allocations/997c3aca-e25c-4df7-9f2c-324a230e4745" status: 200 len: 257 microversion: 1.28 [pid: 7|app: 0|req: 359/712] 199.204.45.74 () {34 vars in 862 bytes} [Sun May 10 02:00:04 2026] GET /allocations/997c3aca-e25c-4df7-9f2c-324a230e4745 => generated 257 bytes in 16 msecs (HTTP/1.1 200) 8 headers in 296 bytes (1 switches on core 0)
2026-05-10 02:00:05.100 8 INFO placement.requestlog [req-67f3da03-0588-4b4f-b085-99ffa3c5baee req-36f26375-2809-4128-a7c4-ff46574e15ec e1fd82f3cb8d455ca86a0c2a62b45f53 acf12d3777904848b8f70d34ef05667a - - a7c19939f37f4905be3cdebb5c87ee7a a7c19939f37f4905be3cdebb5c87ee7a] 10.0.0.163 "GET /allocation_candidates?limit=1000&resources=DISK_GB%3A1%2CMEMORY_MB%3A512%2CVCPU%3A1&root_required=%21COMPUTE_STATUS_DISABLED" status: 200 len: 2149 microversion: 1.36 [pid: 8|app: 0|req: 354/713] 10.0.0.163 () {34 vars in 1012 bytes} [Sun May 10 02:00:05 2026] GET /allocation_candidates?limit=1000&resources=DISK_GB%3A1%2CMEMORY_MB%3A512%2CVCPU%3A1&root_required=%21COMPUTE_STATUS_DISABLED => generated 2149 bytes in 65 msecs (HTTP/1.1 200) 8 headers in 297 bytes (1 switches on core 0)
2026-05-10 02:00:05.152 7 INFO placement.requestlog [req-67f3da03-0588-4b4f-b085-99ffa3c5baee req-bb12e39f-d349-411c-9da9-739c05064e75 e1fd82f3cb8d455ca86a0c2a62b45f53 acf12d3777904848b8f70d34ef05667a - - a7c19939f37f4905be3cdebb5c87ee7a a7c19939f37f4905be3cdebb5c87ee7a] 10.0.0.163 "GET /allocations/8df13ca1-c8b6-46c0-9f7f-de8e031dc174" status: 200 len: 19 microversion: 1.28 [pid: 7|app: 0|req: 360/714] 10.0.0.163 () {34 vars in 861 bytes} [Sun May 10 02:00:05 2026] GET /allocations/8df13ca1-c8b6-46c0-9f7f-de8e031dc174 => generated 19 bytes in 18 msecs (HTTP/1.1 200) 8 headers in 295 bytes (1 switches on core 0)
2026-05-10 02:00:05.224 8 INFO placement.requestlog [req-67f3da03-0588-4b4f-b085-99ffa3c5baee req-08021252-9dd9-49ad-a053-0a9c16223a79 e1fd82f3cb8d455ca86a0c2a62b45f53 acf12d3777904848b8f70d34ef05667a - - a7c19939f37f4905be3cdebb5c87ee7a a7c19939f37f4905be3cdebb5c87ee7a] 10.0.0.163 "PUT /allocations/8df13ca1-c8b6-46c0-9f7f-de8e031dc174" status: 204 len: 0 microversion: 1.36 [pid: 8|app: 0|req: 355/715] 10.0.0.163 () {38 vars in 914 bytes} [Sun May 10 02:00:05 2026] PUT /allocations/8df13ca1-c8b6-46c0-9f7f-de8e031dc174 => generated 0 bytes in 63 msecs (HTTP/1.1 204) 5 headers in 199 bytes (1 switches on core 0)
2026-05-10 02:00:05.563 7 INFO placement.requestlog [req-67f3da03-0588-4b4f-b085-99ffa3c5baee req-9476e6b6-7d15-4d4b-ae0d-eed523356669 e1fd82f3cb8d455ca86a0c2a62b45f53 acf12d3777904848b8f70d34ef05667a - - a7c19939f37f4905be3cdebb5c87ee7a a7c19939f37f4905be3cdebb5c87ee7a] 199.204.45.74 "GET /allocations/8df13ca1-c8b6-46c0-9f7f-de8e031dc174" status: 200 len: 257 microversion: 1.28 [pid: 7|app: 0|req: 361/716] 199.204.45.74 () {34 vars in 862 bytes} [Sun May 10 02:00:05 2026] GET /allocations/8df13ca1-c8b6-46c0-9f7f-de8e031dc174 => generated 257 bytes in 13 msecs (HTTP/1.1 200) 8 headers in 296 bytes (1 switches on core 0)
2026-05-10 02:00:05.744 8 INFO placement.requestlog [req-67f3da03-0588-4b4f-b085-99ffa3c5baee req-2699c2c5-f247-44b7-bf71-b9aae6432955 e1fd82f3cb8d455ca86a0c2a62b45f53 acf12d3777904848b8f70d34ef05667a - - a7c19939f37f4905be3cdebb5c87ee7a a7c19939f37f4905be3cdebb5c87ee7a] 199.204.45.74 "GET /resource_providers/b802e302-ce9e-46f4-8ade-0d5b6c5d34f2/allocations" status: 200 len: 252 microversion: 1.0 [pid: 8|app: 0|req: 356/717] 199.204.45.74 () {32 vars in 856 bytes} [Sun May 10 02:00:05 2026] GET /resource_providers/b802e302-ce9e-46f4-8ade-0d5b6c5d34f2/allocations => generated 252 bytes in 30 msecs (HTTP/1.1 200) 6 headers in 224 bytes (1 switches on core 0)
2026-05-10 02:00:05.767 7 INFO placement.requestlog [req-67f3da03-0588-4b4f-b085-99ffa3c5baee req-dac8e33d-3256-4792-b083-f15db9ba4beb e1fd82f3cb8d455ca86a0c2a62b45f53 acf12d3777904848b8f70d34ef05667a - - a7c19939f37f4905be3cdebb5c87ee7a a7c19939f37f4905be3cdebb5c87ee7a] 199.204.45.74 "GET /allocations/997c3aca-e25c-4df7-9f2c-324a230e4745" status: 200 len: 257 microversion: 1.28 [pid: 7|app: 0|req: 362/718] 199.204.45.74 () {34 vars in 862 bytes} [Sun May 10 02:00:05 2026] GET /allocations/997c3aca-e25c-4df7-9f2c-324a230e4745 => generated 257 bytes in 13 msecs (HTTP/1.1 200) 8 headers in 296 bytes (1 switches on core 0)
2026-05-10 02:00:05.788 8 INFO placement.requestlog [req-67f3da03-0588-4b4f-b085-99ffa3c5baee req-17d3a8c8-118b-4e8d-ac3b-92ce233de14c e1fd82f3cb8d455ca86a0c2a62b45f53 acf12d3777904848b8f70d34ef05667a - - a7c19939f37f4905be3cdebb5c87ee7a a7c19939f37f4905be3cdebb5c87ee7a] 199.204.45.74 "GET /allocations/8df13ca1-c8b6-46c0-9f7f-de8e031dc174" status: 200 len: 257 microversion: 1.28 [pid: 8|app: 0|req: 357/719] 199.204.45.74 () {34 vars in 862 bytes} [Sun May 10 02:00:05 2026] GET /allocations/8df13ca1-c8b6-46c0-9f7f-de8e031dc174 => generated 257 bytes in 14 msecs (HTTP/1.1 200) 8 headers in 296 bytes (1 switches on core 0)
2026-05-10 02:00:07.974 7 INFO placement.requestlog [None req-16912773-6e17-4280-89cb-0a59d95d6157 1ada03edb6434a72b4a21e91da431379 acf12d3777904848b8f70d34ef05667a - - a7c19939f37f4905be3cdebb5c87ee7a a7c19939f37f4905be3cdebb5c87ee7a] 10.0.0.89 "GET /resource_providers/b28b84b9-941a-4598-bcf6-5de13e6e7bfc/aggregates" status: 404 len: 235 microversion: 1.1 [pid: 7|app: 0|req: 363/720] 10.0.0.89 () {32 vars in 815 bytes} [Sun May 10 02:00:07 2026] GET /resource_providers/b28b84b9-941a-4598-bcf6-5de13e6e7bfc/aggregates => generated 235 bytes in 10 msecs (HTTP/1.1 404) 5 headers in 202 bytes (1 switches on core 0)
2026-05-10 02:00:07.981 8 INFO placement.requestlog [None req-27319b53-6794-4325-91b0-f73338cd3254 1ada03edb6434a72b4a21e91da431379 acf12d3777904848b8f70d34ef05667a - - a7c19939f37f4905be3cdebb5c87ee7a a7c19939f37f4905be3cdebb5c87ee7a] 10.0.0.89 "GET /resource_providers/b28b84b9-941a-4598-bcf6-5de13e6e7bfc/aggregates" status: 404 len: 235 microversion: 1.1 [pid: 8|app: 0|req: 358/721] 10.0.0.89 () {32 vars in 815 bytes} [Sun May 10 02:00:07 2026] GET /resource_providers/b28b84b9-941a-4598-bcf6-5de13e6e7bfc/aggregates => generated 235 bytes in 16 msecs (HTTP/1.1 404) 5 headers in 202 bytes (1 switches on core 0)
2026-05-10 02:00:07.997 7 INFO placement.requestlog [None req-9b47e769-143e-4fb2-bdef-1383402c0f01 1ada03edb6434a72b4a21e91da431379 acf12d3777904848b8f70d34ef05667a - - a7c19939f37f4905be3cdebb5c87ee7a a7c19939f37f4905be3cdebb5c87ee7a] 10.0.0.89 "DELETE /resource_providers/b28b84b9-941a-4598-bcf6-5de13e6e7bfc" status: 404 len: 246 microversion: 1.1 [pid: 7|app: 0|req: 364/722] 10.0.0.89 () {34 vars in 815 bytes} [Sun May 10 02:00:07 2026] DELETE /resource_providers/b28b84b9-941a-4598-bcf6-5de13e6e7bfc => generated 246 bytes in 9 msecs (HTTP/1.1 404) 6 headers in 231 bytes (1 switches on core 0)
2026-05-10 02:00:08.004 8 INFO placement.requestlog [None req-61e6c1e2-efaa-4d0b-ba47-f08d4dd86e91 1ada03edb6434a72b4a21e91da431379 acf12d3777904848b8f70d34ef05667a - - a7c19939f37f4905be3cdebb5c87ee7a a7c19939f37f4905be3cdebb5c87ee7a] 10.0.0.89 "DELETE /resource_providers/b28b84b9-941a-4598-bcf6-5de13e6e7bfc" status: 404 len: 246 microversion: 1.1 [pid: 8|app: 0|req: 359/723] 10.0.0.89 () {34 vars in 815 bytes} [Sun May 10 02:00:07 2026] DELETE /resource_providers/b28b84b9-941a-4598-bcf6-5de13e6e7bfc => generated 246 bytes in 10 msecs (HTTP/1.1 404) 6 headers in 231 bytes (1 switches on core 0)
2026-05-10 02:00:08.676 7 INFO placement.requestlog [None req-07f0c14a-e45e-43eb-afeb-f9dbc765612c - - - - - -] 10.0.0.211 "GET /" status: 200 len: 136 microversion: 1.0
2026-05-10 02:00:08.676 8 INFO placement.requestlog [None req-e8afee72-50ed-4087-86fa-ac4843e83f2f - - - - - -] 10.0.0.211 "GET /" status: 200 len: 136 microversion: 1.0
2026-05-10 02:00:08.831 7 INFO placement.requestlog [None req-96cbd33d-d72a-4c16-b334-9712b5881cf2 1ada03edb6434a72b4a21e91da431379 acf12d3777904848b8f70d34ef05667a - - a7c19939f37f4905be3cdebb5c87ee7a a7c19939f37f4905be3cdebb5c87ee7a] 10.0.0.89 "GET /resource_providers/990d0b95-6f4d-4fa8-84d6-c73b41034b22/aggregates" status: 404 len: 235 microversion: 1.1 [pid: 7|app: 0|req: 366/726] 10.0.0.89 () {32 vars in 815 bytes} [Sun May 10 02:00:08 2026] GET /resource_providers/990d0b95-6f4d-4fa8-84d6-c73b41034b22/aggregates => generated 235 bytes in 13 msecs (HTTP/1.1 404) 5 headers in 202 bytes (1 switches on core 0)
2026-05-10 02:00:08.838 8 INFO placement.requestlog [None req-0965dfdf-bb9f-47ec-90d1-cd0778193016 1ada03edb6434a72b4a21e91da431379 acf12d3777904848b8f70d34ef05667a - - a7c19939f37f4905be3cdebb5c87ee7a a7c19939f37f4905be3cdebb5c87ee7a] 10.0.0.89 "GET /resource_providers/990d0b95-6f4d-4fa8-84d6-c73b41034b22/aggregates" status: 404 len: 235 microversion: 1.1 [pid: 8|app: 0|req: 361/727] 10.0.0.89 () {32 vars in 815 bytes} [Sun May 10 02:00:08 2026] GET /resource_providers/990d0b95-6f4d-4fa8-84d6-c73b41034b22/aggregates => generated 235 bytes in 19 msecs (HTTP/1.1 404) 5 headers in 202 bytes (1 switches on core 0)
2026-05-10 02:00:08.859 7 INFO placement.requestlog [None req-93be5bda-f32d-44b1-aeae-e42de668ef29 1ada03edb6434a72b4a21e91da431379 acf12d3777904848b8f70d34ef05667a - - a7c19939f37f4905be3cdebb5c87ee7a a7c19939f37f4905be3cdebb5c87ee7a] 10.0.0.89 "DELETE /resource_providers/990d0b95-6f4d-4fa8-84d6-c73b41034b22" status: 404 len: 246 microversion: 1.1
2026-05-10 02:00:08.859 8 INFO placement.requestlog [None req-74b90cdf-8560-4486-959d-515e729dc461 1ada03edb6434a72b4a21e91da431379 acf12d3777904848b8f70d34ef05667a - - a7c19939f37f4905be3cdebb5c87ee7a a7c19939f37f4905be3cdebb5c87ee7a] 10.0.0.89 "DELETE /resource_providers/990d0b95-6f4d-4fa8-84d6-c73b41034b22" status: 404 len: 246 microversion: 1.1 [pid: 8|app: 0|req: 362/728] 10.0.0.89 () {34 vars in 815 bytes} [Sun May 10 02:00:08 2026] DELETE /resource_providers/990d0b95-6f4d-4fa8-84d6-c73b41034b22 => generated 246 bytes in 13 msecs (HTTP/1.1 404) 6 headers in 231 bytes (1 switches on core 0) [pid: 7|app: 0|req: 367/729] 10.0.0.89 () {34 vars in 815 bytes} [Sun May 10 02:00:08 2026] DELETE /resource_providers/990d0b95-6f4d-4fa8-84d6-c73b41034b22 => generated 246 bytes in 16 msecs (HTTP/1.1 404) 6 headers in 231 bytes (1 switches on core 0)
2026-05-10 02:00:11.857 8 INFO placement.requestlog [req-586e0984-fce7-47ee-9041-a4c4804550b2 req-dbc8f27e-d1a8-4db8-a017-192f0c0dd510 e1fd82f3cb8d455ca86a0c2a62b45f53 acf12d3777904848b8f70d34ef05667a - - a7c19939f37f4905be3cdebb5c87ee7a a7c19939f37f4905be3cdebb5c87ee7a] 199.204.45.74 "GET /resource_providers/b802e302-ce9e-46f4-8ade-0d5b6c5d34f2/allocations" status: 200 len: 252 microversion: 1.0 [pid: 8|app: 0|req: 363/730] 199.204.45.74 () {32 vars in 856 bytes} [Sun May 10 02:00:11 2026] GET /resource_providers/b802e302-ce9e-46f4-8ade-0d5b6c5d34f2/allocations => generated 252 bytes in 25 msecs (HTTP/1.1 200) 6 headers in 224 bytes (1 switches on core 0)
2026-05-10 02:00:11.888 7 INFO placement.requestlog [req-586e0984-fce7-47ee-9041-a4c4804550b2 req-3f6ecd2d-7ac5-41e8-a2a4-ae9dae11babd e1fd82f3cb8d455ca86a0c2a62b45f53 acf12d3777904848b8f70d34ef05667a - - a7c19939f37f4905be3cdebb5c87ee7a a7c19939f37f4905be3cdebb5c87ee7a] 199.204.45.74 "GET /allocations/997c3aca-e25c-4df7-9f2c-324a230e4745" status: 200 len: 257 microversion: 1.28 [pid: 7|app: 0|req: 368/731] 199.204.45.74 () {34 vars in 862 bytes} [Sun May 10 02:00:11 2026] GET /allocations/997c3aca-e25c-4df7-9f2c-324a230e4745 => generated 257 bytes in 20 msecs (HTTP/1.1 200) 8 headers in 296 bytes (1 switches on core 0)
2026-05-10 02:00:11.918 8 INFO placement.requestlog [req-586e0984-fce7-47ee-9041-a4c4804550b2 req-00053105-0c38-4ee0-9245-f257ca2032a1 e1fd82f3cb8d455ca86a0c2a62b45f53 acf12d3777904848b8f70d34ef05667a - - a7c19939f37f4905be3cdebb5c87ee7a a7c19939f37f4905be3cdebb5c87ee7a] 199.204.45.74 "GET /allocations/8df13ca1-c8b6-46c0-9f7f-de8e031dc174" status: 200 len: 257 microversion: 1.28 [pid: 8|app: 0|req: 364/732] 199.204.45.74 () {34 vars in 862 bytes} [Sun May 10 02:00:11 2026] GET /allocations/8df13ca1-c8b6-46c0-9f7f-de8e031dc174 => generated 257 bytes in 25 msecs (HTTP/1.1 200) 8 headers in 296 bytes (1 switches on core 0)
2026-05-10 02:00:11.998 7 INFO placement.requestlog [req-586e0984-fce7-47ee-9041-a4c4804550b2 req-c9821c11-81d1-4ffa-ba97-812f5533a6dd e1fd82f3cb8d455ca86a0c2a62b45f53 acf12d3777904848b8f70d34ef05667a - - a7c19939f37f4905be3cdebb5c87ee7a a7c19939f37f4905be3cdebb5c87ee7a] 199.204.45.74 "DELETE /allocations/997c3aca-e25c-4df7-9f2c-324a230e4745" status: 204 len: 0 microversion: 1.0 [pid: 7|app: 0|req: 369/733] 199.204.45.74 () {34 vars in 840 bytes} [Sun May 10 02:00:11 2026] DELETE /allocations/997c3aca-e25c-4df7-9f2c-324a230e4745 => generated 0 bytes in 34 msecs (HTTP/1.1 204) 5 headers in 198 bytes (1 switches on core 0)
2026-05-10 02:00:15.148 7 INFO placement.requestlog [None req-3f65b079-bdf8-4390-9b64-ca393441810d 1ada03edb6434a72b4a21e91da431379 acf12d3777904848b8f70d34ef05667a - - a7c19939f37f4905be3cdebb5c87ee7a a7c19939f37f4905be3cdebb5c87ee7a] 10.0.0.89 "GET /resource_providers/ddc056a9-1db1-4d18-8a55-461b1917fa3f/aggregates" status: 404 len: 235 microversion: 1.1 [pid: 7|app: 0|req: 370/734] 10.0.0.89 () {32 vars in 815 bytes} [Sun May 10 02:00:15 2026] GET /resource_providers/ddc056a9-1db1-4d18-8a55-461b1917fa3f/aggregates => generated 235 bytes in 10 msecs (HTTP/1.1 404) 5 headers in 202 bytes (1 switches on core 0)
2026-05-10 02:00:15.155 8 INFO placement.requestlog [None req-e60d985d-334c-4088-a3fc-e3020d94f355 1ada03edb6434a72b4a21e91da431379 acf12d3777904848b8f70d34ef05667a - - a7c19939f37f4905be3cdebb5c87ee7a a7c19939f37f4905be3cdebb5c87ee7a] 10.0.0.89 "GET /resource_providers/ddc056a9-1db1-4d18-8a55-461b1917fa3f/aggregates" status: 404 len: 235 microversion: 1.1 [pid: 8|app: 0|req: 365/735] 10.0.0.89 () {32 vars in 815 bytes} [Sun May 10 02:00:15 2026] GET /resource_providers/ddc056a9-1db1-4d18-8a55-461b1917fa3f/aggregates => generated 235 bytes in 25 msecs (HTTP/1.1 404) 5 headers in 202 bytes (1 switches on core 0)
2026-05-10 02:00:15.177 7 INFO placement.requestlog [None req-a9b29686-706e-44b7-accf-bbc45eca4753 1ada03edb6434a72b4a21e91da431379 acf12d3777904848b8f70d34ef05667a - - a7c19939f37f4905be3cdebb5c87ee7a a7c19939f37f4905be3cdebb5c87ee7a] 10.0.0.89 "DELETE /resource_providers/ddc056a9-1db1-4d18-8a55-461b1917fa3f" status: 404 len: 246 microversion: 1.1 [pid: 7|app: 0|req: 371/736] 10.0.0.89 () {34 vars in 815 bytes} [Sun May 10 02:00:15 2026] DELETE /resource_providers/ddc056a9-1db1-4d18-8a55-461b1917fa3f => generated 246 bytes in 12 msecs (HTTP/1.1 404) 6 headers in 231 bytes (1 switches on core 0)
2026-05-10 02:00:15.181 8 INFO placement.requestlog [None req-95f8e94d-2b0b-4e6f-8418-c7ac1d279f5b 1ada03edb6434a72b4a21e91da431379 acf12d3777904848b8f70d34ef05667a - - a7c19939f37f4905be3cdebb5c87ee7a a7c19939f37f4905be3cdebb5c87ee7a] 10.0.0.89 "DELETE /resource_providers/ddc056a9-1db1-4d18-8a55-461b1917fa3f" status: 404 len: 246 microversion: 1.1 [pid: 8|app: 0|req: 366/737] 10.0.0.89 () {34 vars in 815 bytes} [Sun May 10 02:00:15 2026] DELETE /resource_providers/ddc056a9-1db1-4d18-8a55-461b1917fa3f => generated 246 bytes in 16 msecs (HTTP/1.1 404) 6 headers in 231 bytes (1 switches on core 0)
2026-05-10 02:00:16.098 7 INFO placement.requestlog [req-8f602476-8dd6-4cd9-8f76-0976522ccad5 req-02bec5a7-e9cd-4d0d-9657-b58752510017 e1fd82f3cb8d455ca86a0c2a62b45f53 acf12d3777904848b8f70d34ef05667a - - a7c19939f37f4905be3cdebb5c87ee7a a7c19939f37f4905be3cdebb5c87ee7a] 199.204.45.74 "GET /resource_providers/b802e302-ce9e-46f4-8ade-0d5b6c5d34f2/allocations" status: 200 len: 152 microversion: 1.0 [pid: 7|app: 0|req: 372/738] 199.204.45.74 () {32 vars in 856 bytes} [Sun May 10 02:00:16 2026] GET /resource_providers/b802e302-ce9e-46f4-8ade-0d5b6c5d34f2/allocations => generated 152 bytes in 23 msecs (HTTP/1.1 200) 6 headers in 224 bytes (1 switches on core 0)
2026-05-10 02:00:16.125 8 INFO placement.requestlog [req-8f602476-8dd6-4cd9-8f76-0976522ccad5 req-4008e10f-5163-4959-b8aa-9947b5cd72b2 e1fd82f3cb8d455ca86a0c2a62b45f53 acf12d3777904848b8f70d34ef05667a - - a7c19939f37f4905be3cdebb5c87ee7a a7c19939f37f4905be3cdebb5c87ee7a] 199.204.45.74 "GET /allocations/8df13ca1-c8b6-46c0-9f7f-de8e031dc174" status: 200 len: 257 microversion: 1.28 [pid: 8|app: 0|req: 367/739] 199.204.45.74 () {34 vars in 862 bytes} [Sun May 10 02:00:16 2026] GET /allocations/8df13ca1-c8b6-46c0-9f7f-de8e031dc174 => generated 257 bytes in 19 msecs (HTTP/1.1 200) 8 headers in 296 bytes (1 switches on core 0)
2026-05-10 02:00:16.213 7 INFO placement.requestlog [req-8f602476-8dd6-4cd9-8f76-0976522ccad5 req-8decc1e7-f06c-45d0-ad62-5f844865a6cc e1fd82f3cb8d455ca86a0c2a62b45f53 acf12d3777904848b8f70d34ef05667a - - a7c19939f37f4905be3cdebb5c87ee7a a7c19939f37f4905be3cdebb5c87ee7a] 199.204.45.74 "DELETE /allocations/8df13ca1-c8b6-46c0-9f7f-de8e031dc174" status: 204 len: 0 microversion: 1.0 [pid: 7|app: 0|req: 373/740] 199.204.45.74 () {34 vars in 840 bytes} [Sun May 10 02:00:16 2026] DELETE /allocations/8df13ca1-c8b6-46c0-9f7f-de8e031dc174 => generated 0 bytes in 28 msecs (HTTP/1.1 204) 5 headers in 198 bytes (1 switches on core 0)
2026-05-10 02:00:17.173 8 INFO placement.requestlog [None req-9a2f2e67-18d5-4468-8e5d-b80aa5be0a6c 1ada03edb6434a72b4a21e91da431379 acf12d3777904848b8f70d34ef05667a - - a7c19939f37f4905be3cdebb5c87ee7a a7c19939f37f4905be3cdebb5c87ee7a] 10.0.0.89 "GET /resource_providers/bce6f339-14b7-4c5a-8e44-8a9edb02cff9/aggregates" status: 404 len: 235 microversion: 1.1 [pid: 8|app: 0|req: 368/741] 10.0.0.89 () {32 vars in 815 bytes} [Sun May 10 02:00:17 2026] GET /resource_providers/bce6f339-14b7-4c5a-8e44-8a9edb02cff9/aggregates => generated 235 bytes in 11 msecs (HTTP/1.1 404) 5 headers in 202 bytes (1 switches on core 0)
2026-05-10 02:00:17.200 7 INFO placement.requestlog [None req-07e48d60-158a-4f23-8b97-92854d273fcd 1ada03edb6434a72b4a21e91da431379 acf12d3777904848b8f70d34ef05667a - - a7c19939f37f4905be3cdebb5c87ee7a a7c19939f37f4905be3cdebb5c87ee7a] 10.0.0.89 "GET /resource_providers/bce6f339-14b7-4c5a-8e44-8a9edb02cff9/aggregates" status: 404 len: 235 microversion: 1.1 [pid: 7|app: 0|req: 374/742] 10.0.0.89 () {32 vars in 815 bytes} [Sun May 10 02:00:17 2026] GET /resource_providers/bce6f339-14b7-4c5a-8e44-8a9edb02cff9/aggregates => generated 235 bytes in 39 msecs (HTTP/1.1 404) 5 headers in 202 bytes (1 switches on core 0)
2026-05-10 02:00:17.213 8 INFO placement.requestlog [None req-f6fb1d81-8bc3-421f-8a36-1d3abd85a43c 1ada03edb6434a72b4a21e91da431379 acf12d3777904848b8f70d34ef05667a - - a7c19939f37f4905be3cdebb5c87ee7a a7c19939f37f4905be3cdebb5c87ee7a] 10.0.0.89 "DELETE /resource_providers/bce6f339-14b7-4c5a-8e44-8a9edb02cff9" status: 404 len: 246 microversion: 1.1 [pid: 8|app: 0|req: 369/743] 10.0.0.89 () {34 vars in 815 bytes} [Sun May 10 02:00:17 2026] DELETE /resource_providers/bce6f339-14b7-4c5a-8e44-8a9edb02cff9 => generated 246 bytes in 20 msecs (HTTP/1.1 404) 6 headers in 231 bytes (1 switches on core 0)
2026-05-10 02:00:17.220 7 INFO placement.requestlog [None req-537d9e58-9ae0-480e-a175-a0f03e9e768b 1ada03edb6434a72b4a21e91da431379 acf12d3777904848b8f70d34ef05667a - - a7c19939f37f4905be3cdebb5c87ee7a a7c19939f37f4905be3cdebb5c87ee7a] 10.0.0.89 "DELETE /resource_providers/bce6f339-14b7-4c5a-8e44-8a9edb02cff9" status: 404 len: 246 microversion: 1.1 [pid: 7|app: 0|req: 375/744] 10.0.0.89 () {34 vars in 815 bytes} [Sun May 10 02:00:17 2026] DELETE /resource_providers/bce6f339-14b7-4c5a-8e44-8a9edb02cff9 => generated 246 bytes in 11 msecs (HTTP/1.1 404) 6 headers in 231 bytes (1 switches on core 0)
2026-05-10 02:00:17.261 8 INFO placement.requestlog [None req-7da5d89e-d7db-4086-a9de-c76a2a277bb9 1ada03edb6434a72b4a21e91da431379 acf12d3777904848b8f70d34ef05667a - - a7c19939f37f4905be3cdebb5c87ee7a a7c19939f37f4905be3cdebb5c87ee7a] 10.0.0.89 "GET /resource_providers/b615b98b-8797-4d46-a76e-5af28eb82002/aggregates" status: 404 len: 235 microversion: 1.1
2026-05-10 02:00:17.261 7 INFO placement.requestlog [None req-60d2bce6-855e-4e72-98dc-4595a9f1b77d 1ada03edb6434a72b4a21e91da431379 acf12d3777904848b8f70d34ef05667a - - a7c19939f37f4905be3cdebb5c87ee7a a7c19939f37f4905be3cdebb5c87ee7a] 10.0.0.89 "GET /resource_providers/b615b98b-8797-4d46-a76e-5af28eb82002/aggregates" status: 404 len: 235 microversion: 1.1 [pid: 8|app: 0|req: 370/745] 10.0.0.89 () {32 vars in 815 bytes} [Sun May 10 02:00:17 2026] GET /resource_providers/b615b98b-8797-4d46-a76e-5af28eb82002/aggregates => generated 235 bytes in 13 msecs (HTTP/1.1 404) 5 headers in 202 bytes (1 switches on core 0) [pid: 7|app: 0|req: 376/746] 10.0.0.89 () {32 vars in 815 bytes} [Sun May 10 02:00:17 2026] GET /resource_providers/b615b98b-8797-4d46-a76e-5af28eb82002/aggregates => generated 235 bytes in 13 msecs (HTTP/1.1 404) 5 headers in 202 bytes (1 switches on core 0)
2026-05-10 02:00:17.289 7 INFO placement.requestlog [None req-7b1a486a-7a93-40eb-8e42-25c1b3266c52 1ada03edb6434a72b4a21e91da431379 acf12d3777904848b8f70d34ef05667a - - a7c19939f37f4905be3cdebb5c87ee7a a7c19939f37f4905be3cdebb5c87ee7a] 10.0.0.89 "DELETE /resource_providers/b615b98b-8797-4d46-a76e-5af28eb82002" status: 404 len: 246 microversion: 1.1 [pid: 7|app: 0|req: 377/747] 10.0.0.89 () {34 vars in 815 bytes} [Sun May 10 02:00:17 2026] DELETE /resource_providers/b615b98b-8797-4d46-a76e-5af28eb82002 => generated 246 bytes in 11 msecs (HTTP/1.1 404) 6 headers in 231 bytes (1 switches on core 0)
2026-05-10 02:00:17.289 8 INFO placement.requestlog [None req-f8fbe933-cfff-45e0-8129-1a0c6d1c19ce 1ada03edb6434a72b4a21e91da431379 acf12d3777904848b8f70d34ef05667a - - a7c19939f37f4905be3cdebb5c87ee7a a7c19939f37f4905be3cdebb5c87ee7a] 10.0.0.89 "DELETE /resource_providers/b615b98b-8797-4d46-a76e-5af28eb82002" status: 404 len: 246 microversion: 1.1 [pid: 8|app: 0|req: 371/748] 10.0.0.89 () {34 vars in 815 bytes} [Sun May 10 02:00:17 2026] DELETE /resource_providers/b615b98b-8797-4d46-a76e-5af28eb82002 => generated 246 bytes in 12 msecs (HTTP/1.1 404) 6 headers in 231 bytes (1 switches on core 0)
2026-05-10 02:00:17.323 8 INFO placement.requestlog [None req-82f504fb-d565-4ecb-a069-c3d87078e8ae 1ada03edb6434a72b4a21e91da431379 acf12d3777904848b8f70d34ef05667a - - a7c19939f37f4905be3cdebb5c87ee7a a7c19939f37f4905be3cdebb5c87ee7a] 10.0.0.89 "GET /resource_providers/4cb06004-373a-4297-beb0-72d8fb00ee9a/aggregates" status: 404 len: 235 microversion: 1.1 [pid: 8|app: 0|req: 372/749] 10.0.0.89 () {32 vars in 815 bytes} [Sun May 10 02:00:17 2026] GET /resource_providers/4cb06004-373a-4297-beb0-72d8fb00ee9a/aggregates => generated 235 bytes in 12 msecs (HTTP/1.1 404) 5 headers in 202 bytes (1 switches on core 0)
2026-05-10 02:00:17.324 7 INFO placement.requestlog [None req-21ee0755-85ae-4d33-a07e-8c49fbe1de2a 1ada03edb6434a72b4a21e91da431379 acf12d3777904848b8f70d34ef05667a - - a7c19939f37f4905be3cdebb5c87ee7a a7c19939f37f4905be3cdebb5c87ee7a] 10.0.0.89 "GET /resource_providers/4cb06004-373a-4297-beb0-72d8fb00ee9a/aggregates" status: 404 len: 235 microversion: 1.1 [pid: 7|app: 0|req: 378/750] 10.0.0.89 () {32 vars in 815 bytes} [Sun May 10 02:00:17 2026] GET /resource_providers/4cb06004-373a-4297-beb0-72d8fb00ee9a/aggregates => generated 235 bytes in 13 msecs (HTTP/1.1 404) 5 headers in 202 bytes (1 switches on core 0)
2026-05-10 02:00:17.343 8 INFO placement.requestlog [None req-eba22c62-5a1d-4fb2-a337-f4e598c6ef47 1ada03edb6434a72b4a21e91da431379 acf12d3777904848b8f70d34ef05667a - - a7c19939f37f4905be3cdebb5c87ee7a a7c19939f37f4905be3cdebb5c87ee7a] 10.0.0.89 "DELETE /resource_providers/4cb06004-373a-4297-beb0-72d8fb00ee9a" status: 404 len: 246 microversion: 1.1 [pid: 8|app: 0|req: 373/751] 10.0.0.89 () {34 vars in 815 bytes} [Sun May 10 02:00:17 2026] DELETE /resource_providers/4cb06004-373a-4297-beb0-72d8fb00ee9a => generated 246 bytes in 8 msecs (HTTP/1.1 404) 6 headers in 231 bytes (1 switches on core 0)
2026-05-10 02:00:17.346 7 INFO placement.requestlog [None req-7305db2f-afda-40e2-9717-6ab95c4e7354 1ada03edb6434a72b4a21e91da431379 acf12d3777904848b8f70d34ef05667a - - a7c19939f37f4905be3cdebb5c87ee7a a7c19939f37f4905be3cdebb5c87ee7a] 10.0.0.89 "DELETE /resource_providers/4cb06004-373a-4297-beb0-72d8fb00ee9a" status: 404 len: 246 microversion: 1.1 [pid: 7|app: 0|req: 379/752] 10.0.0.89 () {34 vars in 815 bytes} [Sun May 10 02:00:17 2026] DELETE /resource_providers/4cb06004-373a-4297-beb0-72d8fb00ee9a => generated 246 bytes in 10 msecs (HTTP/1.1 404) 6 headers in 231 bytes (1 switches on core 0)
2026-05-10 02:00:18.677 8 INFO placement.requestlog [None req-3d6bdb04-f969-411a-80d5-7353ddef1b20 - - - - - -] 10.0.0.211 "GET /" status: 200 len: 136 microversion: 1.0
2026-05-10 02:00:18.677 7 INFO placement.requestlog [None req-79962081-f0d3-47cb-893b-716f642c22d2 - - - - - -] 10.0.0.211 "GET /" status: 200 len: 136 microversion: 1.0
2026-05-10 02:00:20.191 8 INFO placement.requestlog [None req-f6126829-283a-4c2e-ae7a-a758d19269a7 1ada03edb6434a72b4a21e91da431379 acf12d3777904848b8f70d34ef05667a - - a7c19939f37f4905be3cdebb5c87ee7a a7c19939f37f4905be3cdebb5c87ee7a] 10.0.0.89 "GET /resource_providers/4bfd11eb-81ca-4424-aac1-c1ab909ca05c/aggregates" status: 404 len: 235 microversion: 1.1 [pid: 8|app: 0|req: 375/755] 10.0.0.89 () {32 vars in 815 bytes} [Sun May 10 02:00:20 2026] GET /resource_providers/4bfd11eb-81ca-4424-aac1-c1ab909ca05c/aggregates => generated 235 bytes in 11 msecs (HTTP/1.1 404) 5 headers in 202 bytes (1 switches on core 0)
2026-05-10 02:00:20.193 7 INFO placement.requestlog [None req-f7c1c710-f0a7-4fcc-9b4f-5e4e0fc134da 1ada03edb6434a72b4a21e91da431379 acf12d3777904848b8f70d34ef05667a - - a7c19939f37f4905be3cdebb5c87ee7a a7c19939f37f4905be3cdebb5c87ee7a] 10.0.0.89 "GET /resource_providers/4bfd11eb-81ca-4424-aac1-c1ab909ca05c/aggregates" status: 404 len: 235 microversion: 1.1 [pid: 7|app: 0|req: 381/756] 10.0.0.89 () {32 vars in 815 bytes} [Sun May 10 02:00:20 2026] GET /resource_providers/4bfd11eb-81ca-4424-aac1-c1ab909ca05c/aggregates => generated 235 bytes in 13 msecs (HTTP/1.1 404) 5 headers in 202 bytes (1 switches on core 0)
2026-05-10 02:00:20.209 8 INFO placement.requestlog [None req-bf3e7270-2e3a-41b9-aa32-7ee2eb0b69c2 1ada03edb6434a72b4a21e91da431379 acf12d3777904848b8f70d34ef05667a - - a7c19939f37f4905be3cdebb5c87ee7a a7c19939f37f4905be3cdebb5c87ee7a] 10.0.0.89 "DELETE /resource_providers/4bfd11eb-81ca-4424-aac1-c1ab909ca05c" status: 404 len: 246 microversion: 1.1 [pid: 8|app: 0|req: 376/757] 10.0.0.89 () {34 vars in 815 bytes} [Sun May 10 02:00:20 2026] DELETE /resource_providers/4bfd11eb-81ca-4424-aac1-c1ab909ca05c => generated 246 bytes in 9 msecs (HTTP/1.1 404) 6 headers in 231 bytes (1 switches on core 0)
2026-05-10 02:00:20.215 7 INFO placement.requestlog [None req-1c6945f3-ee8e-41ca-8e36-ed1a424125cd 1ada03edb6434a72b4a21e91da431379 acf12d3777904848b8f70d34ef05667a - - a7c19939f37f4905be3cdebb5c87ee7a a7c19939f37f4905be3cdebb5c87ee7a] 10.0.0.89 "DELETE /resource_providers/4bfd11eb-81ca-4424-aac1-c1ab909ca05c" status: 404 len: 246 microversion: 1.1 [pid: 7|app: 0|req: 382/758] 10.0.0.89 () {34 vars in 815 bytes} [Sun May 10 02:00:20 2026] DELETE /resource_providers/4bfd11eb-81ca-4424-aac1-c1ab909ca05c => generated 246 bytes in 12 msecs (HTTP/1.1 404) 6 headers in 231 bytes (1 switches on core 0)
2026-05-10 02:00:21.147 8 INFO placement.requestlog [None req-5ee1160d-dd64-4583-99ca-5e9884d33541 1ada03edb6434a72b4a21e91da431379 acf12d3777904848b8f70d34ef05667a - - a7c19939f37f4905be3cdebb5c87ee7a a7c19939f37f4905be3cdebb5c87ee7a] 10.0.0.89 "GET /resource_providers/d9091c25-478c-48fa-ba53-6c52dde5b8cc/aggregates" status: 404 len: 235 microversion: 1.1 [pid: 8|app: 0|req: 377/759] 10.0.0.89 () {32 vars in 815 bytes} [Sun May 10 02:00:21 2026] GET /resource_providers/d9091c25-478c-48fa-ba53-6c52dde5b8cc/aggregates => generated 235 bytes in 15 msecs (HTTP/1.1 404) 5 headers in 202 bytes (1 switches on core 0)
2026-05-10 02:00:21.149 7 INFO placement.requestlog [None req-7174ee68-77a8-4b4a-b362-83d10ef844ca 1ada03edb6434a72b4a21e91da431379 acf12d3777904848b8f70d34ef05667a - - a7c19939f37f4905be3cdebb5c87ee7a a7c19939f37f4905be3cdebb5c87ee7a] 10.0.0.89 "GET /resource_providers/d9091c25-478c-48fa-ba53-6c52dde5b8cc/aggregates" status: 404 len: 235 microversion: 1.1 [pid: 7|app: 0|req: 383/760] 10.0.0.89 () {32 vars in 815 bytes} [Sun May 10 02:00:21 2026] GET /resource_providers/d9091c25-478c-48fa-ba53-6c52dde5b8cc/aggregates => generated 235 bytes in 16 msecs (HTTP/1.1 404) 5 headers in 202 bytes (1 switches on core 0)
2026-05-10 02:00:21.175 7 INFO placement.requestlog [None req-e1e776cd-ee89-47d7-a19d-c35c759a204f 1ada03edb6434a72b4a21e91da431379 acf12d3777904848b8f70d34ef05667a - - a7c19939f37f4905be3cdebb5c87ee7a a7c19939f37f4905be3cdebb5c87ee7a] 10.0.0.89 "DELETE /resource_providers/d9091c25-478c-48fa-ba53-6c52dde5b8cc" status: 404 len: 246 microversion: 1.1 [pid: 7|app: 0|req: 384/761] 10.0.0.89 () {34 vars in 815 bytes} [Sun May 10 02:00:21 2026] DELETE /resource_providers/d9091c25-478c-48fa-ba53-6c52dde5b8cc => generated 246 bytes in 12 msecs (HTTP/1.1 404) 6 headers in 231 bytes (1 switches on core 0)
2026-05-10 02:00:21.185 8 INFO placement.requestlog [None req-2d88da5d-b1c5-420a-b1e4-1856ce0e99af 1ada03edb6434a72b4a21e91da431379 acf12d3777904848b8f70d34ef05667a - - a7c19939f37f4905be3cdebb5c87ee7a a7c19939f37f4905be3cdebb5c87ee7a] 10.0.0.89 "DELETE /resource_providers/d9091c25-478c-48fa-ba53-6c52dde5b8cc" status: 404 len: 246 microversion: 1.1 [pid: 8|app: 0|req: 378/762] 10.0.0.89 () {34 vars in 815 bytes} [Sun May 10 02:00:21 2026] DELETE /resource_providers/d9091c25-478c-48fa-ba53-6c52dde5b8cc => generated 246 bytes in 24 msecs (HTTP/1.1 404) 6 headers in 231 bytes (1 switches on core 0)
2026-05-10 02:00:23.200 7 INFO placement.requestlog [None req-27969f77-0cd8-462c-8898-65426eec539a 1ada03edb6434a72b4a21e91da431379 acf12d3777904848b8f70d34ef05667a - - a7c19939f37f4905be3cdebb5c87ee7a a7c19939f37f4905be3cdebb5c87ee7a] 10.0.0.89 "GET /resource_providers/4dacab8a-df67-4e33-8de2-0048661a73b3/aggregates" status: 404 len: 235 microversion: 1.1 [pid: 7|app: 0|req: 385/763] 10.0.0.89 () {32 vars in 815 bytes} [Sun May 10 02:00:23 2026] GET /resource_providers/4dacab8a-df67-4e33-8de2-0048661a73b3/aggregates => generated 235 bytes in 13 msecs (HTTP/1.1 404) 5 headers in 202 bytes (1 switches on core 0)
2026-05-10 02:00:23.221 7 INFO placement.requestlog [None req-7805f1a4-3aac-45f2-a79a-5dd404902976 1ada03edb6434a72b4a21e91da431379 acf12d3777904848b8f70d34ef05667a - - a7c19939f37f4905be3cdebb5c87ee7a a7c19939f37f4905be3cdebb5c87ee7a] 10.0.0.89 "DELETE /resource_providers/4dacab8a-df67-4e33-8de2-0048661a73b3" status: 404 len: 246 microversion: 1.1 [pid: 7|app: 0|req: 386/764] 10.0.0.89 () {34 vars in 815 bytes} [Sun May 10 02:00:23 2026] DELETE /resource_providers/4dacab8a-df67-4e33-8de2-0048661a73b3 => generated 246 bytes in 12 msecs (HTTP/1.1 404) 6 headers in 231 bytes (1 switches on core 0)
