May 06 11:23:15.250178 np0000172247 neutron-periodic-workers[105099]: DEBUG cotyledon.oslo_config_glue [-] database.backend = sqlalchemy {{(pid=105099) log_opt_values /opt/stack/data/venv/lib/python3.12/site-packages/oslo_config/cfg.py:3006}}
May 06 11:23:15.250258 np0000172247 neutron-periodic-workers[105099]: DEBUG cotyledon.oslo_config_glue [-] database.connection = **** {{(pid=105099) log_opt_values /opt/stack/data/venv/lib/python3.12/site-packages/oslo_config/cfg.py:3006}}
May 06 11:23:15.250334 np0000172247 neutron-periodic-workers[105099]: DEBUG cotyledon.oslo_config_glue [-] database.connection_debug = 0 {{(pid=105099) log_opt_values /opt/stack/data/venv/lib/python3.12/site-packages/oslo_config/cfg.py:3006}}
May 06 11:23:15.250426 np0000172247 neutron-periodic-workers[105099]: DEBUG cotyledon.oslo_config_glue [-] database.connection_parameters = {{(pid=105099) log_opt_values /opt/stack/data/venv/lib/python3.12/site-packages/oslo_config/cfg.py:3006}}
May 06 11:23:15.250509 np0000172247 neutron-periodic-workers[105099]: DEBUG cotyledon.oslo_config_glue [-] database.connection_recycle_time = 3600 {{(pid=105099) log_opt_values /opt/stack/data/venv/lib/python3.12/site-packages/oslo_config/cfg.py:3006}}
May 06 11:23:15.250575 np0000172247 neutron-periodic-workers[105099]: DEBUG cotyledon.oslo_config_glue [-] database.connection_trace = False {{(pid=105099) log_opt_values /opt/stack/data/venv/lib/python3.12/site-packages/oslo_config/cfg.py:3006}}
May 06 11:23:15.250648 np0000172247 neutron-periodic-workers[105099]: DEBUG cotyledon.oslo_config_glue [-] database.db_inc_retry_interval = True {{(pid=105099) log_opt_values /opt/stack/data/venv/lib/python3.12/site-packages/oslo_config/cfg.py:3006}}
May 06 11:23:15.250714 np0000172247 neutron-periodic-workers[105099]: DEBUG cotyledon.oslo_config_glue [-] database.db_max_retries = 20 {{(pid=105099) log_opt_values /opt/stack/data/venv/lib/python3.12/site-packages/oslo_config/cfg.py:3006}}
May 06 11:23:15.250782 np0000172247 neutron-periodic-workers[105099]: DEBUG cotyledon.oslo_config_glue [-] database.db_max_retry_interval = 10 {{(pid=105099) log_opt_values /opt/stack/data/venv/lib/python3.12/site-packages/oslo_config/cfg.py:3006}}
May 06 11:23:15.250850 np0000172247 neutron-periodic-workers[105099]: DEBUG cotyledon.oslo_config_glue [-] database.db_retry_interval = 1 {{(pid=105099) log_opt_values /opt/stack/data/venv/lib/python3.12/site-packages/oslo_config/cfg.py:3006}}
May 06 11:23:15.250917 np0000172247 neutron-periodic-workers[105099]: DEBUG cotyledon.oslo_config_glue [-] database.max_overflow = 50 {{(pid=105099) log_opt_values /opt/stack/data/venv/lib/python3.12/site-packages/oslo_config/cfg.py:3006}}
May 06 11:23:15.250984 np0000172247 neutron-periodic-workers[105099]: DEBUG cotyledon.oslo_config_glue [-] database.max_pool_size = 5 {{(pid=105099) log_opt_values /opt/stack/data/venv/lib/python3.12/site-packages/oslo_config/cfg.py:3006}}
May 06 11:23:15.251052 np0000172247 neutron-periodic-workers[105099]: DEBUG cotyledon.oslo_config_glue [-] database.max_retries = 10 {{(pid=105099) log_opt_values /opt/stack/data/venv/lib/python3.12/site-packages/oslo_config/cfg.py:3006}}
May 06 11:23:15.251126 np0000172247 neutron-periodic-workers[105099]: DEBUG cotyledon.oslo_config_glue [-] database.mysql_sql_mode = TRADITIONAL {{(pid=105099) log_opt_values /opt/stack/data/venv/lib/python3.12/site-packages/oslo_config/cfg.py:3006}}
May 06 11:23:15.251205 np0000172247 neutron-periodic-workers[105099]: DEBUG cotyledon.oslo_config_glue [-] database.mysql_wsrep_sync_wait = None {{(pid=105099) log_opt_values /opt/stack/data/venv/lib/python3.12/site-packages/oslo_config/cfg.py:3006}}
May 06 11:23:15.251507 np0000172247 neutron-periodic-workers[105099]: DEBUG cotyledon.oslo_config_glue [-] database.pool_timeout = None {{(pid=105099) log_opt_values /opt/stack/data/venv/lib/python3.12/site-packages/oslo_config/cfg.py:3006}}
May 06 11:23:15.251507 np0000172247 neutron-periodic-workers[105099]: DEBUG cotyledon.oslo_config_glue [-] database.retry_interval = 10 {{(pid=105099) log_opt_values /opt/stack/data/venv/lib/python3.12/site-packages/oslo_config/cfg.py:3006}}
May 06 11:23:15.251507 np0000172247 neutron-periodic-workers[105099]: DEBUG cotyledon.oslo_config_glue [-] database.slave_connection = **** {{(pid=105099) log_opt_values /opt/stack/data/venv/lib/python3.12/site-packages/oslo_config/cfg.py:3006}}
May 06 11:23:15.251507 np0000172247 neutron-periodic-workers[105099]: DEBUG cotyledon.oslo_config_glue [-] database.sqlite_synchronous = True {{(pid=105099) log_opt_values /opt/stack/data/venv/lib/python3.12/site-packages/oslo_config/cfg.py:3006}}
May 06 11:23:15.251507 np0000172247 neutron-periodic-workers[105099]: DEBUG cotyledon.oslo_config_glue [-] database.synchronous_reader = True {{(pid=105099) log_opt_values /opt/stack/data/venv/lib/python3.12/site-packages/oslo_config/cfg.py:3006}}
May 06 11:23:15.251507 np0000172247 neutron-periodic-workers[105099]: DEBUG cotyledon.oslo_config_glue [-] database.use_db_reconnect = False {{(pid=105099) log_opt_values /opt/stack/data/venv/lib/python3.12/site-packages/oslo_config/cfg.py:3006}}
May 06 11:23:15.251663 np0000172247 neutron-periodic-workers[105099]: DEBUG cotyledon.oslo_config_glue [-] ovn.bfd_min_rx = 1000 {{(pid=105099) log_opt_values /opt/stack/data/venv/lib/python3.12/site-packages/oslo_config/cfg.py:3006}}
May 06 11:23:15.251698 np0000172247 neutron-periodic-workers[105099]: DEBUG cotyledon.oslo_config_glue [-] ovn.bfd_min_tx = 100 {{(pid=105099) log_opt_values /opt/stack/data/venv/lib/python3.12/site-packages/oslo_config/cfg.py:3006}}
May 06 11:23:15.251791 np0000172247 neutron-periodic-workers[105099]: DEBUG cotyledon.oslo_config_glue [-] ovn.bfd_mult = 3 {{(pid=105099) log_opt_values /opt/stack/data/venv/lib/python3.12/site-packages/oslo_config/cfg.py:3006}}
May 06 11:23:15.251841 np0000172247 neutron-periodic-workers[105099]: DEBUG cotyledon.oslo_config_glue [-] ovn.broadcast_arps_to_all_routers = True {{(pid=105099) log_opt_values /opt/stack/data/venv/lib/python3.12/site-packages/oslo_config/cfg.py:3006}}
May 06 11:23:15.251920 np0000172247 neutron-periodic-workers[105099]: DEBUG cotyledon.oslo_config_glue [-] ovn.dhcp_default_lease_time = 43200 {{(pid=105099) log_opt_values /opt/stack/data/venv/lib/python3.12/site-packages/oslo_config/cfg.py:3006}}
May 06 11:23:15.251969 np0000172247 neutron-periodic-workers[105099]: DEBUG cotyledon.oslo_config_glue [-] ovn.disable_ovn_dhcp_for_baremetal_ports = False {{(pid=105099) log_opt_values /opt/stack/data/venv/lib/python3.12/site-packages/oslo_config/cfg.py:3006}}
May 06 11:23:15.252054 np0000172247 neutron-periodic-workers[105099]: DEBUG cotyledon.oslo_config_glue [-] ovn.dns_records_ovn_owned = False {{(pid=105099) log_opt_values /opt/stack/data/venv/lib/python3.12/site-packages/oslo_config/cfg.py:3006}}
May 06 11:23:15.252124 np0000172247 neutron-periodic-workers[105099]: DEBUG cotyledon.oslo_config_glue [-] ovn.dns_servers = [] {{(pid=105099) log_opt_values /opt/stack/data/venv/lib/python3.12/site-packages/oslo_config/cfg.py:3006}}
May 06 11:23:15.252196 np0000172247 neutron-periodic-workers[105099]: DEBUG cotyledon.oslo_config_glue [-] ovn.enable_distributed_floating_ip = False {{(pid=105099) log_opt_values /opt/stack/data/venv/lib/python3.12/site-packages/oslo_config/cfg.py:3006}}
May 06 11:23:15.252264 np0000172247 neutron-periodic-workers[105099]: DEBUG cotyledon.oslo_config_glue [-] ovn.fdb_age_threshold = 300 {{(pid=105099) log_opt_values /opt/stack/data/venv/lib/python3.12/site-packages/oslo_config/cfg.py:3006}}
May 06 11:23:15.252333 np0000172247 neutron-periodic-workers[105099]: DEBUG cotyledon.oslo_config_glue [-] ovn.ha_failover_strategy = normal {{(pid=105099) log_opt_values /opt/stack/data/venv/lib/python3.12/site-packages/oslo_config/cfg.py:3006}}
May 06 11:23:15.252421 np0000172247 neutron-periodic-workers[105099]: DEBUG cotyledon.oslo_config_glue [-] ovn.live_migration_activation_strategy = rarp {{(pid=105099) log_opt_values /opt/stack/data/venv/lib/python3.12/site-packages/oslo_config/cfg.py:3006}}
May 06 11:23:15.252666 np0000172247 neutron-periodic-workers[105099]: DEBUG cotyledon.oslo_config_glue [-] ovn.localnet_learn_fdb = False {{(pid=105099) log_opt_values /opt/stack/data/venv/lib/python3.12/site-packages/oslo_config/cfg.py:3006}}
May 06 11:23:15.252718 np0000172247 neutron-periodic-workers[105099]: DEBUG cotyledon.oslo_config_glue [-] ovn.mac_binding_age_threshold = 300 {{(pid=105099) log_opt_values /opt/stack/data/venv/lib/python3.12/site-packages/oslo_config/cfg.py:3006}}
May 06 11:23:15.252809 np0000172247 neutron-periodic-workers[105099]: DEBUG cotyledon.oslo_config_glue [-] ovn.neutron_sync_mode = log {{(pid=105099) log_opt_values /opt/stack/data/venv/lib/python3.12/site-packages/oslo_config/cfg.py:3006}}
May 06 11:23:15.252882 np0000172247 neutron-periodic-workers[105099]: DEBUG cotyledon.oslo_config_glue [-] ovn.ovn_dhcp4_global_options = {} {{(pid=105099) log_opt_values /opt/stack/data/venv/lib/python3.12/site-packages/oslo_config/cfg.py:3006}}
May 06 11:23:15.252947 np0000172247 neutron-periodic-workers[105099]: DEBUG cotyledon.oslo_config_glue [-] ovn.ovn_dhcp6_global_options = {} {{(pid=105099) log_opt_values /opt/stack/data/venv/lib/python3.12/site-packages/oslo_config/cfg.py:3006}}
May 06 11:23:15.253024 np0000172247 neutron-periodic-workers[105099]: DEBUG cotyledon.oslo_config_glue [-] ovn.ovn_l3_scheduler = leastloaded {{(pid=105099) log_opt_values /opt/stack/data/venv/lib/python3.12/site-packages/oslo_config/cfg.py:3006}}
May 06 11:23:15.253075 np0000172247 neutron-periodic-workers[105099]: DEBUG cotyledon.oslo_config_glue [-] ovn.ovn_metadata_enabled = True {{(pid=105099) log_opt_values /opt/stack/data/venv/lib/python3.12/site-packages/oslo_config/cfg.py:3006}}
May 06 11:23:15.253163 np0000172247 neutron-periodic-workers[105099]: DEBUG cotyledon.oslo_config_glue [-] ovn.ovn_nb_ca_cert = /opt/stack/data/CA/int-ca/ca-chain.pem {{(pid=105099) log_opt_values /opt/stack/data/venv/lib/python3.12/site-packages/oslo_config/cfg.py:3006}}
May 06 11:23:15.253257 np0000172247 neutron-periodic-workers[105099]: DEBUG cotyledon.oslo_config_glue [-] ovn.ovn_nb_certificate = /opt/stack/data/CA/int-ca/devstack-cert.crt {{(pid=105099) log_opt_values /opt/stack/data/venv/lib/python3.12/site-packages/oslo_config/cfg.py:3006}}
May 06 11:23:15.253338 np0000172247 neutron-periodic-workers[105099]: DEBUG cotyledon.oslo_config_glue [-] ovn.ovn_nb_connection = ['ssl:199.19.213.216:6641'] {{(pid=105099) log_opt_values /opt/stack/data/venv/lib/python3.12/site-packages/oslo_config/cfg.py:3006}}
May 06 11:23:15.253415 np0000172247 neutron-periodic-workers[105099]: DEBUG cotyledon.oslo_config_glue [-] ovn.ovn_nb_private_key = /opt/stack/data/CA/int-ca/private/devstack-cert.key {{(pid=105099) log_opt_values /opt/stack/data/venv/lib/python3.12/site-packages/oslo_config/cfg.py:3006}}
May 06 11:23:15.253484 np0000172247 neutron-periodic-workers[105099]: DEBUG cotyledon.oslo_config_glue [-] ovn.ovn_router_indirect_snat = False {{(pid=105099) log_opt_values /opt/stack/data/venv/lib/python3.12/site-packages/oslo_config/cfg.py:3006}}
May 06 11:23:15.253549 np0000172247 neutron-periodic-workers[105099]: DEBUG cotyledon.oslo_config_glue [-] ovn.ovn_sb_ca_cert = /opt/stack/data/CA/int-ca/ca-chain.pem {{(pid=105099) log_opt_values /opt/stack/data/venv/lib/python3.12/site-packages/oslo_config/cfg.py:3006}}
May 06 11:23:15.253617 np0000172247 neutron-periodic-workers[105099]: DEBUG cotyledon.oslo_config_glue [-] ovn.ovn_sb_certificate = /opt/stack/data/CA/int-ca/devstack-cert.crt {{(pid=105099) log_opt_values /opt/stack/data/venv/lib/python3.12/site-packages/oslo_config/cfg.py:3006}}
May 06 11:23:15.253693 np0000172247 neutron-periodic-workers[105099]: DEBUG cotyledon.oslo_config_glue [-] ovn.ovn_sb_connection = ['ssl:199.19.213.216:6642'] {{(pid=105099) log_opt_values /opt/stack/data/venv/lib/python3.12/site-packages/oslo_config/cfg.py:3006}}
May 06 11:23:15.253759 np0000172247 neutron-periodic-workers[105099]: DEBUG cotyledon.oslo_config_glue [-] ovn.ovn_sb_private_key = /opt/stack/data/CA/int-ca/private/devstack-cert.key {{(pid=105099) log_opt_values /opt/stack/data/venv/lib/python3.12/site-packages/oslo_config/cfg.py:3006}}
May 06 11:23:15.253828 np0000172247 neutron-periodic-workers[105099]: DEBUG cotyledon.oslo_config_glue [-] ovn.ovs_create_tap = False {{(pid=105099) log_opt_values /opt/stack/data/venv/lib/python3.12/site-packages/oslo_config/cfg.py:3006}}
May 06 11:23:15.253895 np0000172247 neutron-periodic-workers[105099]: DEBUG cotyledon.oslo_config_glue [-] ovn.ovsdb_connection_timeout = 180 {{(pid=105099) log_opt_values /opt/stack/data/venv/lib/python3.12/site-packages/oslo_config/cfg.py:3006}}
May 06 11:23:15.253962 np0000172247 neutron-periodic-workers[105099]: DEBUG cotyledon.oslo_config_glue [-] ovn.ovsdb_log_level = INFO {{(pid=105099) log_opt_values /opt/stack/data/venv/lib/python3.12/site-packages/oslo_config/cfg.py:3006}}
May 06 11:23:15.254029 np0000172247 neutron-periodic-workers[105099]: DEBUG cotyledon.oslo_config_glue [-] ovn.ovsdb_probe_interval = 60000 {{(pid=105099) log_opt_values /opt/stack/data/venv/lib/python3.12/site-packages/oslo_config/cfg.py:3006}}
May 06 11:23:15.254104 np0000172247 neutron-periodic-workers[105099]: DEBUG cotyledon.oslo_config_glue [-] ovn.ovsdb_retry_max_interval = 180 {{(pid=105099) log_opt_values /opt/stack/data/venv/lib/python3.12/site-packages/oslo_config/cfg.py:3006}}
May 06 11:23:15.254174 np0000172247 neutron-periodic-workers[105099]: DEBUG cotyledon.oslo_config_glue [-] ovn.stateless_nat_enabled = False {{(pid=105099) log_opt_values /opt/stack/data/venv/lib/python3.12/site-packages/oslo_config/cfg.py:3006}}
May 06 11:23:15.254248 np0000172247 neutron-periodic-workers[105099]: DEBUG cotyledon.oslo_config_glue [-] ovn.vhost_sock_dir = /var/run/openvswitch {{(pid=105099) log_opt_values /opt/stack/data/venv/lib/python3.12/site-packages/oslo_config/cfg.py:3006}}
May 06 11:23:15.254333 np0000172247 neutron-periodic-workers[105099]: DEBUG cotyledon.oslo_config_glue [-] OVS.bridge_mac_table_size = 50000 {{(pid=105099) log_opt_values /opt/stack/data/venv/lib/python3.12/site-packages/oslo_config/cfg.py:3006}}
May 06 11:23:15.254425 np0000172247 neutron-periodic-workers[105099]: DEBUG cotyledon.oslo_config_glue [-] OVS.igmp_flood = False {{(pid=105099) log_opt_values /opt/stack/data/venv/lib/python3.12/site-packages/oslo_config/cfg.py:3006}}
May 06 11:23:15.254495 np0000172247 neutron-periodic-workers[105099]: DEBUG cotyledon.oslo_config_glue [-] OVS.igmp_flood_reports = True {{(pid=105099) log_opt_values /opt/stack/data/venv/lib/python3.12/site-packages/oslo_config/cfg.py:3006}}
May 06 11:23:15.254562 np0000172247 neutron-periodic-workers[105099]: DEBUG cotyledon.oslo_config_glue [-] OVS.igmp_flood_unregistered = False {{(pid=105099) log_opt_values /opt/stack/data/venv/lib/python3.12/site-packages/oslo_config/cfg.py:3006}}
May 06 11:23:15.254637 np0000172247 neutron-periodic-workers[105099]: DEBUG cotyledon.oslo_config_glue [-] OVS.igmp_snooping_enable = False {{(pid=105099) log_opt_values /opt/stack/data/venv/lib/python3.12/site-packages/oslo_config/cfg.py:3006}}
May 06 11:23:15.254703 np0000172247 neutron-periodic-workers[105099]: DEBUG cotyledon.oslo_config_glue [-] OVS.ovsdb_timeout = 10 {{(pid=105099) log_opt_values /opt/stack/data/venv/lib/python3.12/site-packages/oslo_config/cfg.py:3006}}
May 06 11:23:15.254783 np0000172247 neutron-periodic-workers[105099]: DEBUG cotyledon.oslo_config_glue [-] ovn_nb_global.fdb_removal_limit = 0 {{(pid=105099) log_opt_values /opt/stack/data/venv/lib/python3.12/site-packages/oslo_config/cfg.py:3006}}
May 06 11:23:15.254857 np0000172247 neutron-periodic-workers[105099]: DEBUG cotyledon.oslo_config_glue [-] ovn_nb_global.ignore_lsp_down = False {{(pid=105099) log_opt_values /opt/stack/data/venv/lib/python3.12/site-packages/oslo_config/cfg.py:3006}}
May 06 11:23:15.254923 np0000172247 neutron-periodic-workers[105099]: DEBUG cotyledon.oslo_config_glue [-] ovn_nb_global.mac_binding_removal_limit = 0 {{(pid=105099) log_opt_values /opt/stack/data/venv/lib/python3.12/site-packages/oslo_config/cfg.py:3006}}
May 06 11:23:15.254988 np0000172247 neutron-periodic-workers[105099]: DEBUG cotyledon.oslo_config_glue [-] ******************************************************************************** {{(pid=105099) log_opt_values /opt/stack/data/venv/lib/python3.12/site-packages/oslo_config/cfg.py:3013}}
May 06 11:23:15.255198 np0000172247 neutron-periodic-workers[105099]: DEBUG cotyledon._service_worker [-] Run service ServiceWrapper(0) [105099] {{(pid=105099) wait_forever /opt/stack/data/venv/lib/python3.12/site-packages/cotyledon/_service_worker.py:218}}
May 06 11:23:24.863564 np0000172247 neutron-periodic-workers[104281]: DEBUG dbcounter [-] [104281] Writing DB stats neutron:SELECT=4 {{(pid=104281) stat_writer /opt/stack/data/venv/lib/python3.12/site-packages/dbcounter.py:115}}
May 06 11:23:50.263198 np0000172247 neutron-periodic-workers[105099]: DEBUG oslo_db.sqlalchemy.engines [None req-69887fc2-263b-409b-af8b-b8e0a92be925 None None] Parent process 104281 forked (105099) with an open database connection, which is being discarded and recreated. {{(pid=105099) checkout /opt/stack/data/venv/lib/python3.12/site-packages/oslo_db/sqlalchemy/engines.py:402}}
May 06 11:23:50.284545 np0000172247 neutron-periodic-workers[105099]: DEBUG dbcounter [-] [105099] Writer thread running {{(pid=105099) stat_writer /opt/stack/data/venv/lib/python3.12/site-packages/dbcounter.py:102}}
May 06 11:23:50.299990 np0000172247 neutron-periodic-workers[105099]: DEBUG oslo.service.backend._threading.loopingcall [None req-69887fc2-263b-409b-af8b-b8e0a92be925 None None] Fixed interval looping call 'neutron.services.ovn_l3.plugin.L3_NAT_dbonly_mixin._clean_garbage' sleeping for 299.96 seconds {{(pid=105099) _run_loop /opt/stack/data/venv/lib/python3.12/site-packages/oslo_service/backend/_threading/loopingcall.py:125}}
May 06 11:23:54.230636 np0000172247 neutron-periodic-workers[105084]: DEBUG dbcounter [-] [105084] Writer thread running {{(pid=105084) stat_writer /opt/stack/data/venv/lib/python3.12/site-packages/dbcounter.py:102}}
May 06 11:23:54.234643 np0000172247 neutron-periodic-workers[105084]: DEBUG neutron.db.agents_db [None req-816e4d78-f1c1-41af-8559-252e4b471924 None None] Agent healthcheck: found 0 active agents {{(pid=105084) agent_health_check /opt/stack/neutron/neutron/db/agents_db.py:317}}
May 06 11:23:54.234856 np0000172247 neutron-periodic-workers[105084]: DEBUG oslo.service.backend._threading.loopingcall [None req-816e4d78-f1c1-41af-8559-252e4b471924 None None] Fixed interval looping call 'neutron.plugins.ml2.plugin.AgentDbMixin.agent_health_check' sleeping for 36.98 seconds {{(pid=105084) _run_loop /opt/stack/data/venv/lib/python3.12/site-packages/oslo_service/backend/_threading/loopingcall.py:125}}
May 06 11:24:00.285184 np0000172247 neutron-periodic-workers[105099]: DEBUG dbcounter [-] [105099] Writing DB stats neutron:SELECT=1 {{(pid=105099) stat_writer /opt/stack/data/venv/lib/python3.12/site-packages/dbcounter.py:115}}
May 06 11:24:04.231061 np0000172247 neutron-periodic-workers[105084]: DEBUG dbcounter [-] [105084] Writing DB stats neutron:SELECT=1 {{(pid=105084) stat_writer /opt/stack/data/venv/lib/python3.12/site-packages/dbcounter.py:115}}
May 06 11:24:15.211223 np0000172247 neutron-periodic-workers[105077]: DEBUG dbcounter [-] [105077] Writer thread running {{(pid=105077) stat_writer /opt/stack/data/venv/lib/python3.12/site-packages/dbcounter.py:102}}
May 06 11:24:15.220496 np0000172247 neutron-periodic-workers[105077]: DEBUG oslo.service.backend._threading.loopingcall [None req-31b19268-b04c-4ee5-b929-efd31574fd75 None None] Fixed interval looping call 'neutron.plugins.ml2.plugin.DhcpAgentSchedulerDbMixin.remove_networks_from_down_agents' sleeping for 36.98 seconds {{(pid=105077) _run_loop /opt/stack/data/venv/lib/python3.12/site-packages/oslo_service/backend/_threading/loopingcall.py:125}}
May 06 11:24:25.219529 np0000172247 neutron-periodic-workers[105077]: DEBUG dbcounter [-] [105077] Writing DB stats neutron:SELECT=3 {{(pid=105077) stat_writer /opt/stack/data/venv/lib/python3.12/site-packages/dbcounter.py:115}}
May 06 11:24:31.221668 np0000172247 neutron-periodic-workers[105084]: DEBUG neutron.db.agents_db [None req-816e4d78-f1c1-41af-8559-252e4b471924 None None] Agent healthcheck: found 0 active agents {{(pid=105084) agent_health_check /opt/stack/neutron/neutron/db/agents_db.py:317}}
May 06 11:24:31.222219 np0000172247 neutron-periodic-workers[105084]: DEBUG oslo.service.backend._threading.loopingcall [None req-816e4d78-f1c1-41af-8559-252e4b471924 None None] Fixed interval looping call 'neutron.plugins.ml2.plugin.AgentDbMixin.agent_health_check' sleeping for 36.99 seconds {{(pid=105084) _run_loop /opt/stack/data/venv/lib/python3.12/site-packages/oslo_service/backend/_threading/loopingcall.py:125}}
May 06 11:24:41.218142 np0000172247 neutron-periodic-workers[105084]: DEBUG dbcounter [-] [105084] Writing DB stats neutron:SELECT=1 {{(pid=105084) stat_writer /opt/stack/data/venv/lib/python3.12/site-packages/dbcounter.py:115}}
May 06 11:24:52.211574 np0000172247 neutron-periodic-workers[105077]: DEBUG oslo.service.backend._threading.loopingcall [None req-31b19268-b04c-4ee5-b929-efd31574fd75 None None] Fixed interval looping call 'neutron.plugins.ml2.plugin.DhcpAgentSchedulerDbMixin.remove_networks_from_down_agents' sleeping for 36.99 seconds {{(pid=105077) _run_loop /opt/stack/data/venv/lib/python3.12/site-packages/oslo_service/backend/_threading/loopingcall.py:125}}
May 06 11:25:02.209957 np0000172247 neutron-periodic-workers[105077]: DEBUG dbcounter [-] [105077] Writing DB stats neutron:SELECT=3 {{(pid=105077) stat_writer /opt/stack/data/venv/lib/python3.12/site-packages/dbcounter.py:115}}
May 06 11:25:08.218105 np0000172247 neutron-periodic-workers[105084]: DEBUG neutron.db.agents_db [None req-816e4d78-f1c1-41af-8559-252e4b471924 None None] Agent healthcheck: found 0 active agents {{(pid=105084) agent_health_check /opt/stack/neutron/neutron/db/agents_db.py:317}}
May 06 11:25:08.218947 np0000172247 neutron-periodic-workers[105084]: DEBUG oslo.service.backend._threading.loopingcall [None req-816e4d78-f1c1-41af-8559-252e4b471924 None None] Fixed interval looping call 'neutron.plugins.ml2.plugin.AgentDbMixin.agent_health_check' sleeping for 36.99 seconds {{(pid=105084) _run_loop /opt/stack/data/venv/lib/python3.12/site-packages/oslo_service/backend/_threading/loopingcall.py:125}}
May 06 11:25:15.244555 np0000172247 neutron-periodic-workers[105090]: DEBUG dbcounter [-] [105090] Writer thread running {{(pid=105090) stat_writer /opt/stack/data/venv/lib/python3.12/site-packages/dbcounter.py:102}}
May 06 11:25:15.246314 np0000172247 neutron-periodic-workers[105090]: DEBUG oslo.service.backend._threading.loopingcall [None req-91215068-6db1-4831-9307-4d0faf65ac94 None None] Fixed interval looping call 'neutron.db.quota.driver_nolock.DbQuotaNoLockDriver._remove_expired_reservations' sleeping for 119.99 seconds {{(pid=105090) _run_loop /opt/stack/data/venv/lib/python3.12/site-packages/oslo_service/backend/_threading/loopingcall.py:125}}
May 06 11:25:18.215976 np0000172247 neutron-periodic-workers[105084]: DEBUG dbcounter [-] [105084] Writing DB stats neutron:SELECT=1 {{(pid=105084) stat_writer /opt/stack/data/venv/lib/python3.12/site-packages/dbcounter.py:115}}
May 06 11:25:25.245110 np0000172247 neutron-periodic-workers[105090]: DEBUG dbcounter [-] [105090] Writing DB stats neutron:DELETE=1 {{(pid=105090) stat_writer /opt/stack/data/venv/lib/python3.12/site-packages/dbcounter.py:115}}
May 06 11:25:29.209958 np0000172247 neutron-periodic-workers[105077]: DEBUG oslo.service.backend._threading.loopingcall [None req-31b19268-b04c-4ee5-b929-efd31574fd75 None None] Fixed interval looping call 'neutron.plugins.ml2.plugin.DhcpAgentSchedulerDbMixin.remove_networks_from_down_agents' sleeping for 36.99 seconds {{(pid=105077) _run_loop /opt/stack/data/venv/lib/python3.12/site-packages/oslo_service/backend/_threading/loopingcall.py:125}}
May 06 11:25:39.209016 np0000172247 neutron-periodic-workers[105077]: DEBUG dbcounter [-] [105077] Writing DB stats neutron:SELECT=3 {{(pid=105077) stat_writer /opt/stack/data/venv/lib/python3.12/site-packages/dbcounter.py:115}}
May 06 11:25:45.213762 np0000172247 neutron-periodic-workers[105084]: DEBUG neutron.db.agents_db [None req-816e4d78-f1c1-41af-8559-252e4b471924 None None] Agent healthcheck: found 0 active agents {{(pid=105084) agent_health_check /opt/stack/neutron/neutron/db/agents_db.py:317}}
May 06 11:25:45.217987 np0000172247 neutron-periodic-workers[105084]: DEBUG oslo.service.backend._threading.loopingcall [None req-816e4d78-f1c1-41af-8559-252e4b471924 None None] Fixed interval looping call 'neutron.plugins.ml2.plugin.AgentDbMixin.agent_health_check' sleeping for 36.99 seconds {{(pid=105084) _run_loop /opt/stack/data/venv/lib/python3.12/site-packages/oslo_service/backend/_threading/loopingcall.py:125}}
May 06 11:25:55.211938 np0000172247 neutron-periodic-workers[105084]: DEBUG dbcounter [-] [105084] Writing DB stats neutron:SELECT=1 {{(pid=105084) stat_writer /opt/stack/data/venv/lib/python3.12/site-packages/dbcounter.py:115}}
May 06 11:26:06.208953 np0000172247 neutron-periodic-workers[105077]: DEBUG oslo.service.backend._threading.loopingcall [None req-31b19268-b04c-4ee5-b929-efd31574fd75 None None] Fixed interval looping call 'neutron.plugins.ml2.plugin.DhcpAgentSchedulerDbMixin.remove_networks_from_down_agents' sleeping for 36.99 seconds {{(pid=105077) _run_loop /opt/stack/data/venv/lib/python3.12/site-packages/oslo_service/backend/_threading/loopingcall.py:125}}
May 06 11:26:16.208086 np0000172247 neutron-periodic-workers[105077]: DEBUG dbcounter [-] [105077] Writing DB stats neutron:SELECT=3 {{(pid=105077) stat_writer /opt/stack/data/venv/lib/python3.12/site-packages/dbcounter.py:115}}
May 06 11:26:22.209713 np0000172247 neutron-periodic-workers[105084]: DEBUG neutron.db.agents_db [None req-816e4d78-f1c1-41af-8559-252e4b471924 None None] Agent healthcheck: found 0 active agents {{(pid=105084) agent_health_check /opt/stack/neutron/neutron/db/agents_db.py:317}}
May 06 11:26:22.210177 np0000172247 neutron-periodic-workers[105084]: DEBUG oslo.service.backend._threading.loopingcall [None req-816e4d78-f1c1-41af-8559-252e4b471924 None None] Fixed interval looping call 'neutron.plugins.ml2.plugin.AgentDbMixin.agent_health_check' sleeping for 36.99 seconds {{(pid=105084) _run_loop /opt/stack/data/venv/lib/python3.12/site-packages/oslo_service/backend/_threading/loopingcall.py:125}}
May 06 11:26:32.207732 np0000172247 neutron-periodic-workers[105084]: DEBUG dbcounter [-] [105084] Writing DB stats neutron:SELECT=1 {{(pid=105084) stat_writer /opt/stack/data/venv/lib/python3.12/site-packages/dbcounter.py:115}}
May 06 11:26:43.206941 np0000172247 neutron-periodic-workers[105077]: DEBUG oslo.service.backend._threading.loopingcall [None req-31b19268-b04c-4ee5-b929-efd31574fd75 None None] Fixed interval looping call 'neutron.plugins.ml2.plugin.DhcpAgentSchedulerDbMixin.remove_networks_from_down_agents' sleeping for 36.99 seconds {{(pid=105077) _run_loop /opt/stack/data/venv/lib/python3.12/site-packages/oslo_service/backend/_threading/loopingcall.py:125}}
May 06 11:26:53.206265 np0000172247 neutron-periodic-workers[105077]: DEBUG dbcounter [-] [105077] Writing DB stats neutron:SELECT=3 {{(pid=105077) stat_writer /opt/stack/data/venv/lib/python3.12/site-packages/dbcounter.py:115}}
May 06 11:26:59.206586 np0000172247 neutron-periodic-workers[105084]: DEBUG neutron.db.agents_db [None req-816e4d78-f1c1-41af-8559-252e4b471924 None None] Agent healthcheck: found 0 active agents {{(pid=105084) agent_health_check /opt/stack/neutron/neutron/db/agents_db.py:317}}
May 06 11:26:59.207229 np0000172247 neutron-periodic-workers[105084]: DEBUG oslo.service.backend._threading.loopingcall [None req-816e4d78-f1c1-41af-8559-252e4b471924 None None] Fixed interval looping call 'neutron.plugins.ml2.plugin.AgentDbMixin.agent_health_check' sleeping for 36.99 seconds {{(pid=105084) _run_loop /opt/stack/data/venv/lib/python3.12/site-packages/oslo_service/backend/_threading/loopingcall.py:125}}
May 06 11:27:09.204053 np0000172247 neutron-periodic-workers[105084]: DEBUG dbcounter [-] [105084] Writing DB stats neutron:SELECT=1 {{(pid=105084) stat_writer /opt/stack/data/venv/lib/python3.12/site-packages/dbcounter.py:115}}
May 06 11:27:15.241887 np0000172247 neutron-periodic-workers[105090]: DEBUG oslo.service.backend._threading.loopingcall [None req-91215068-6db1-4831-9307-4d0faf65ac94 None None] Fixed interval looping call 'neutron.db.quota.driver_nolock.DbQuotaNoLockDriver._remove_expired_reservations' sleeping for 119.99 seconds {{(pid=105090) _run_loop /opt/stack/data/venv/lib/python3.12/site-packages/oslo_service/backend/_threading/loopingcall.py:125}}
May 06 11:27:20.206275 np0000172247 neutron-periodic-workers[105077]: DEBUG oslo.service.backend._threading.loopingcall [None req-31b19268-b04c-4ee5-b929-efd31574fd75 None None] Fixed interval looping call 'neutron.plugins.ml2.plugin.DhcpAgentSchedulerDbMixin.remove_networks_from_down_agents' sleeping for 36.99 seconds {{(pid=105077) _run_loop /opt/stack/data/venv/lib/python3.12/site-packages/oslo_service/backend/_threading/loopingcall.py:125}}
May 06 11:27:25.241807 np0000172247 neutron-periodic-workers[105090]: DEBUG dbcounter [-] [105090] Writing DB stats neutron:DELETE=1 {{(pid=105090) stat_writer /opt/stack/data/venv/lib/python3.12/site-packages/dbcounter.py:115}}
May 06 11:27:30.208526 np0000172247 neutron-periodic-workers[105077]: DEBUG dbcounter [-] [105077] Writing DB stats neutron:SELECT=3 {{(pid=105077) stat_writer /opt/stack/data/venv/lib/python3.12/site-packages/dbcounter.py:115}}
May 06 11:27:36.202126 np0000172247 neutron-periodic-workers[105084]: DEBUG neutron.db.agents_db [None req-816e4d78-f1c1-41af-8559-252e4b471924 None None] Agent healthcheck: found 0 active agents {{(pid=105084) agent_health_check /opt/stack/neutron/neutron/db/agents_db.py:317}}
May 06 11:27:36.202898 np0000172247 neutron-periodic-workers[105084]: DEBUG oslo.service.backend._threading.loopingcall [None req-816e4d78-f1c1-41af-8559-252e4b471924 None None] Fixed interval looping call 'neutron.plugins.ml2.plugin.AgentDbMixin.agent_health_check' sleeping for 36.99 seconds {{(pid=105084) _run_loop /opt/stack/data/venv/lib/python3.12/site-packages/oslo_service/backend/_threading/loopingcall.py:125}}
May 06 11:27:46.200486 np0000172247 neutron-periodic-workers[105084]: DEBUG dbcounter [-] [105084] Writing DB stats neutron:SELECT=1 {{(pid=105084) stat_writer /opt/stack/data/venv/lib/python3.12/site-packages/dbcounter.py:115}}
May 06 11:27:57.206191 np0000172247 neutron-periodic-workers[105077]: DEBUG oslo.service.backend._threading.loopingcall [None req-31b19268-b04c-4ee5-b929-efd31574fd75 None None] Fixed interval looping call 'neutron.plugins.ml2.plugin.DhcpAgentSchedulerDbMixin.remove_networks_from_down_agents' sleeping for 36.99 seconds {{(pid=105077) _run_loop /opt/stack/data/venv/lib/python3.12/site-packages/oslo_service/backend/_threading/loopingcall.py:125}}
May 06 11:28:07.204548 np0000172247 neutron-periodic-workers[105077]: DEBUG dbcounter [-] [105077] Writing DB stats neutron:SELECT=3 {{(pid=105077) stat_writer /opt/stack/data/venv/lib/python3.12/site-packages/dbcounter.py:115}}
May 06 11:28:13.198158 np0000172247 neutron-periodic-workers[105084]: DEBUG neutron.db.agents_db [None req-816e4d78-f1c1-41af-8559-252e4b471924 None None] Agent healthcheck: found 0 active agents {{(pid=105084) agent_health_check /opt/stack/neutron/neutron/db/agents_db.py:317}}
May 06 11:28:13.198741 np0000172247 neutron-periodic-workers[105084]: DEBUG oslo.service.backend._threading.loopingcall [None req-816e4d78-f1c1-41af-8559-252e4b471924 None None] Fixed interval looping call 'neutron.plugins.ml2.plugin.AgentDbMixin.agent_health_check' sleeping for 36.99 seconds {{(pid=105084) _run_loop /opt/stack/data/venv/lib/python3.12/site-packages/oslo_service/backend/_threading/loopingcall.py:125}}
May 06 11:28:23.196283 np0000172247 neutron-periodic-workers[105084]: DEBUG dbcounter [-] [105084] Writing DB stats neutron:SELECT=1 {{(pid=105084) stat_writer /opt/stack/data/venv/lib/python3.12/site-packages/dbcounter.py:115}}
May 06 11:28:34.206022 np0000172247 neutron-periodic-workers[105077]: DEBUG oslo.service.backend._threading.loopingcall [None req-31b19268-b04c-4ee5-b929-efd31574fd75 None None] Fixed interval looping call 'neutron.plugins.ml2.plugin.DhcpAgentSchedulerDbMixin.remove_networks_from_down_agents' sleeping for 36.99 seconds {{(pid=105077) _run_loop /opt/stack/data/venv/lib/python3.12/site-packages/oslo_service/backend/_threading/loopingcall.py:125}}
May 06 11:28:44.204467 np0000172247 neutron-periodic-workers[105077]: DEBUG dbcounter [-] [105077] Writing DB stats neutron:SELECT=3 {{(pid=105077) stat_writer /opt/stack/data/venv/lib/python3.12/site-packages/dbcounter.py:115}}
May 06 11:28:50.194051 np0000172247 neutron-periodic-workers[105084]: DEBUG neutron.db.agents_db [None req-816e4d78-f1c1-41af-8559-252e4b471924 None None] Agent healthcheck: found 0 active agents {{(pid=105084) agent_health_check /opt/stack/neutron/neutron/db/agents_db.py:317}}
May 06 11:28:50.195279 np0000172247 neutron-periodic-workers[105084]: DEBUG oslo.service.backend._threading.loopingcall [None req-816e4d78-f1c1-41af-8559-252e4b471924 None None] Fixed interval looping call 'neutron.plugins.ml2.plugin.AgentDbMixin.agent_health_check' sleeping for 36.99 seconds {{(pid=105084) _run_loop /opt/stack/data/venv/lib/python3.12/site-packages/oslo_service/backend/_threading/loopingcall.py:125}}
May 06 11:28:50.272661 np0000172247 neutron-periodic-workers[105099]: DEBUG oslo.service.backend._threading.loopingcall [None req-69887fc2-263b-409b-af8b-b8e0a92be925 None None] Fixed interval looping call 'neutron.services.ovn_l3.plugin.L3_NAT_dbonly_mixin._clean_garbage' sleeping for 299.99 seconds {{(pid=105099) _run_loop /opt/stack/data/venv/lib/python3.12/site-packages/oslo_service/backend/_threading/loopingcall.py:125}}
May 06 11:29:00.192090 np0000172247 neutron-periodic-workers[105084]: DEBUG dbcounter [-] [105084] Writing DB stats neutron:SELECT=1 {{(pid=105084) stat_writer /opt/stack/data/venv/lib/python3.12/site-packages/dbcounter.py:115}}
May 06 11:29:00.263897 np0000172247 neutron-periodic-workers[105099]: DEBUG dbcounter [-] [105099] Writing DB stats neutron:SELECT=1 {{(pid=105099) stat_writer /opt/stack/data/venv/lib/python3.12/site-packages/dbcounter.py:115}}
May 06 11:29:11.206154 np0000172247 neutron-periodic-workers[105077]: DEBUG oslo.service.backend._threading.loopingcall [None req-31b19268-b04c-4ee5-b929-efd31574fd75 None None] Fixed interval looping call 'neutron.plugins.ml2.plugin.DhcpAgentSchedulerDbMixin.remove_networks_from_down_agents' sleeping for 36.99 seconds {{(pid=105077) _run_loop /opt/stack/data/venv/lib/python3.12/site-packages/oslo_service/backend/_threading/loopingcall.py:125}}
May 06 11:29:15.237896 np0000172247 neutron-periodic-workers[105090]: DEBUG oslo.service.backend._threading.loopingcall [None req-91215068-6db1-4831-9307-4d0faf65ac94 None None] Fixed interval looping call 'neutron.db.quota.driver_nolock.DbQuotaNoLockDriver._remove_expired_reservations' sleeping for 119.99 seconds {{(pid=105090) _run_loop /opt/stack/data/venv/lib/python3.12/site-packages/oslo_service/backend/_threading/loopingcall.py:125}}
May 06 11:29:21.204487 np0000172247 neutron-periodic-workers[105077]: DEBUG dbcounter [-] [105077] Writing DB stats neutron:SELECT=3 {{(pid=105077) stat_writer /opt/stack/data/venv/lib/python3.12/site-packages/dbcounter.py:115}}
May 06 11:29:25.236454 np0000172247 neutron-periodic-workers[105090]: DEBUG dbcounter [-] [105090] Writing DB stats neutron:DELETE=1 {{(pid=105090) stat_writer /opt/stack/data/venv/lib/python3.12/site-packages/dbcounter.py:115}}
May 06 11:29:27.189613 np0000172247 neutron-periodic-workers[105084]: DEBUG neutron.db.agents_db [None req-816e4d78-f1c1-41af-8559-252e4b471924 None None] Agent healthcheck: found 0 active agents {{(pid=105084) agent_health_check /opt/stack/neutron/neutron/db/agents_db.py:317}}
May 06 11:29:27.190411 np0000172247 neutron-periodic-workers[105084]: DEBUG oslo.service.backend._threading.loopingcall [None req-816e4d78-f1c1-41af-8559-252e4b471924 None None] Fixed interval looping call 'neutron.plugins.ml2.plugin.AgentDbMixin.agent_health_check' sleeping for 36.99 seconds {{(pid=105084) _run_loop /opt/stack/data/venv/lib/python3.12/site-packages/oslo_service/backend/_threading/loopingcall.py:125}}
May 06 11:29:37.187888 np0000172247 neutron-periodic-workers[105084]: DEBUG dbcounter [-] [105084] Writing DB stats neutron:SELECT=1 {{(pid=105084) stat_writer /opt/stack/data/venv/lib/python3.12/site-packages/dbcounter.py:115}}
May 06 11:29:48.208002 np0000172247 neutron-periodic-workers[105077]: DEBUG oslo.service.backend._threading.loopingcall [None req-31b19268-b04c-4ee5-b929-efd31574fd75 None None] Fixed interval looping call 'neutron.plugins.ml2.plugin.DhcpAgentSchedulerDbMixin.remove_networks_from_down_agents' sleeping for 36.99 seconds {{(pid=105077) _run_loop /opt/stack/data/venv/lib/python3.12/site-packages/oslo_service/backend/_threading/loopingcall.py:125}}
May 06 11:29:58.205961 np0000172247 neutron-periodic-workers[105077]: DEBUG dbcounter [-] [105077] Writing DB stats neutron:SELECT=3 {{(pid=105077) stat_writer /opt/stack/data/venv/lib/python3.12/site-packages/dbcounter.py:115}}
May 06 11:30:04.185147 np0000172247 neutron-periodic-workers[105084]: DEBUG neutron.db.agents_db [None req-816e4d78-f1c1-41af-8559-252e4b471924 None None] Agent healthcheck: found 0 active agents {{(pid=105084) agent_health_check /opt/stack/neutron/neutron/db/agents_db.py:317}}
May 06 11:30:04.185672 np0000172247 neutron-periodic-workers[105084]: DEBUG oslo.service.backend._threading.loopingcall [None req-816e4d78-f1c1-41af-8559-252e4b471924 None None] Fixed interval looping call 'neutron.plugins.ml2.plugin.AgentDbMixin.agent_health_check' sleeping for 36.99 seconds {{(pid=105084) _run_loop /opt/stack/data/venv/lib/python3.12/site-packages/oslo_service/backend/_threading/loopingcall.py:125}}
May 06 11:30:14.184071 np0000172247 neutron-periodic-workers[105084]: DEBUG dbcounter [-] [105084] Writing DB stats neutron:SELECT=1 {{(pid=105084) stat_writer /opt/stack/data/venv/lib/python3.12/site-packages/dbcounter.py:115}}
May 06 11:30:25.208597 np0000172247 neutron-periodic-workers[105077]: DEBUG oslo.service.backend._threading.loopingcall [None req-31b19268-b04c-4ee5-b929-efd31574fd75 None None] Fixed interval looping call 'neutron.plugins.ml2.plugin.DhcpAgentSchedulerDbMixin.remove_networks_from_down_agents' sleeping for 36.99 seconds {{(pid=105077) _run_loop /opt/stack/data/venv/lib/python3.12/site-packages/oslo_service/backend/_threading/loopingcall.py:125}}
May 06 11:30:35.206955 np0000172247 neutron-periodic-workers[105077]: DEBUG dbcounter [-] [105077] Writing DB stats neutron:SELECT=3 {{(pid=105077) stat_writer /opt/stack/data/venv/lib/python3.12/site-packages/dbcounter.py:115}}
May 06 11:30:41.181630 np0000172247 neutron-periodic-workers[105084]: DEBUG neutron.db.agents_db [None req-816e4d78-f1c1-41af-8559-252e4b471924 None None] Agent healthcheck: found 0 active agents {{(pid=105084) agent_health_check /opt/stack/neutron/neutron/db/agents_db.py:317}}
May 06 11:30:41.182947 np0000172247 neutron-periodic-workers[105084]: DEBUG oslo.service.backend._threading.loopingcall [None req-816e4d78-f1c1-41af-8559-252e4b471924 None None] Fixed interval looping call 'neutron.plugins.ml2.plugin.AgentDbMixin.agent_health_check' sleeping for 36.99 seconds {{(pid=105084) _run_loop /opt/stack/data/venv/lib/python3.12/site-packages/oslo_service/backend/_threading/loopingcall.py:125}}
May 06 11:30:51.179009 np0000172247 neutron-periodic-workers[105084]: DEBUG dbcounter [-] [105084] Writing DB stats neutron:SELECT=1 {{(pid=105084) stat_writer /opt/stack/data/venv/lib/python3.12/site-packages/dbcounter.py:115}}
May 06 11:31:02.207120 np0000172247 neutron-periodic-workers[105077]: DEBUG oslo.service.backend._threading.loopingcall [None req-31b19268-b04c-4ee5-b929-efd31574fd75 None None] Fixed interval looping call 'neutron.plugins.ml2.plugin.DhcpAgentSchedulerDbMixin.remove_networks_from_down_agents' sleeping for 36.99 seconds {{(pid=105077) _run_loop /opt/stack/data/venv/lib/python3.12/site-packages/oslo_service/backend/_threading/loopingcall.py:125}}
May 06 11:31:12.206478 np0000172247 neutron-periodic-workers[105077]: DEBUG dbcounter [-] [105077] Writing DB stats neutron:SELECT=3 {{(pid=105077) stat_writer /opt/stack/data/venv/lib/python3.12/site-packages/dbcounter.py:115}}
May 06 11:31:15.233802 np0000172247 neutron-periodic-workers[105090]: DEBUG oslo.service.backend._threading.loopingcall [None req-91215068-6db1-4831-9307-4d0faf65ac94 None None] Fixed interval looping call 'neutron.db.quota.driver_nolock.DbQuotaNoLockDriver._remove_expired_reservations' sleeping for 119.99 seconds {{(pid=105090) _run_loop /opt/stack/data/venv/lib/python3.12/site-packages/oslo_service/backend/_threading/loopingcall.py:125}}
May 06 11:31:18.177804 np0000172247 neutron-periodic-workers[105084]: DEBUG neutron.db.agents_db [None req-816e4d78-f1c1-41af-8559-252e4b471924 None None] Agent healthcheck: found 0 active agents {{(pid=105084) agent_health_check /opt/stack/neutron/neutron/db/agents_db.py:317}}
May 06 11:31:18.177804 np0000172247 neutron-periodic-workers[105084]: DEBUG oslo.service.backend._threading.loopingcall [None req-816e4d78-f1c1-41af-8559-252e4b471924 None None] Fixed interval looping call 'neutron.plugins.ml2.plugin.AgentDbMixin.agent_health_check' sleeping for 36.99 seconds {{(pid=105084) _run_loop /opt/stack/data/venv/lib/python3.12/site-packages/oslo_service/backend/_threading/loopingcall.py:125}}
May 06 11:31:25.232469 np0000172247 neutron-periodic-workers[105090]: DEBUG dbcounter [-] [105090] Writing DB stats neutron:DELETE=1 {{(pid=105090) stat_writer /opt/stack/data/venv/lib/python3.12/site-packages/dbcounter.py:115}}
May 06 11:31:28.175088 np0000172247 neutron-periodic-workers[105084]: DEBUG dbcounter [-] [105084] Writing DB stats neutron:SELECT=1 {{(pid=105084) stat_writer /opt/stack/data/venv/lib/python3.12/site-packages/dbcounter.py:115}}
May 06 11:31:39.206588 np0000172247 neutron-periodic-workers[105077]: DEBUG oslo.service.backend._threading.loopingcall [None req-31b19268-b04c-4ee5-b929-efd31574fd75 None None] Fixed interval looping call 'neutron.plugins.ml2.plugin.DhcpAgentSchedulerDbMixin.remove_networks_from_down_agents' sleeping for 36.99 seconds {{(pid=105077) _run_loop /opt/stack/data/venv/lib/python3.12/site-packages/oslo_service/backend/_threading/loopingcall.py:125}}
May 06 11:31:49.205315 np0000172247 neutron-periodic-workers[105077]: DEBUG dbcounter [-] [105077] Writing DB stats neutron:SELECT=3 {{(pid=105077) stat_writer /opt/stack/data/venv/lib/python3.12/site-packages/dbcounter.py:115}}
May 06 11:31:55.174600 np0000172247 neutron-periodic-workers[105084]: DEBUG neutron.db.agents_db [None req-816e4d78-f1c1-41af-8559-252e4b471924 None None] Agent healthcheck: found 0 active agents {{(pid=105084) agent_health_check /opt/stack/neutron/neutron/db/agents_db.py:317}}
May 06 11:31:55.175263 np0000172247 neutron-periodic-workers[105084]: DEBUG oslo.service.backend._threading.loopingcall [None req-816e4d78-f1c1-41af-8559-252e4b471924 None None] Fixed interval looping call 'neutron.plugins.ml2.plugin.AgentDbMixin.agent_health_check' sleeping for 36.99 seconds {{(pid=105084) _run_loop /opt/stack/data/venv/lib/python3.12/site-packages/oslo_service/backend/_threading/loopingcall.py:125}}
May 06 11:32:05.173073 np0000172247 neutron-periodic-workers[105084]: DEBUG dbcounter [-] [105084] Writing DB stats neutron:SELECT=1 {{(pid=105084) stat_writer /opt/stack/data/venv/lib/python3.12/site-packages/dbcounter.py:115}}
May 06 11:32:16.208669 np0000172247 neutron-periodic-workers[105077]: DEBUG oslo.service.backend._threading.loopingcall [None req-31b19268-b04c-4ee5-b929-efd31574fd75 None None] Fixed interval looping call 'neutron.plugins.ml2.plugin.DhcpAgentSchedulerDbMixin.remove_networks_from_down_agents' sleeping for 36.99 seconds {{(pid=105077) _run_loop /opt/stack/data/venv/lib/python3.12/site-packages/oslo_service/backend/_threading/loopingcall.py:125}}
May 06 11:32:26.208124 np0000172247 neutron-periodic-workers[105077]: DEBUG dbcounter [-] [105077] Writing DB stats neutron:SELECT=3 {{(pid=105077) stat_writer /opt/stack/data/venv/lib/python3.12/site-packages/dbcounter.py:115}}
May 06 11:32:32.170549 np0000172247 neutron-periodic-workers[105084]: DEBUG neutron.db.agents_db [None req-816e4d78-f1c1-41af-8559-252e4b471924 None None] Agent healthcheck: found 0 active agents {{(pid=105084) agent_health_check /opt/stack/neutron/neutron/db/agents_db.py:317}}
May 06 11:32:32.171166 np0000172247 neutron-periodic-workers[105084]: DEBUG oslo.service.backend._threading.loopingcall [None req-816e4d78-f1c1-41af-8559-252e4b471924 None None] Fixed interval looping call 'neutron.plugins.ml2.plugin.AgentDbMixin.agent_health_check' sleeping for 36.99 seconds {{(pid=105084) _run_loop /opt/stack/data/venv/lib/python3.12/site-packages/oslo_service/backend/_threading/loopingcall.py:125}}
May 06 11:32:42.168380 np0000172247 neutron-periodic-workers[105084]: DEBUG dbcounter [-] [105084] Writing DB stats neutron:SELECT=1 {{(pid=105084) stat_writer /opt/stack/data/venv/lib/python3.12/site-packages/dbcounter.py:115}}
May 06 11:32:53.208827 np0000172247 neutron-periodic-workers[105077]: DEBUG oslo.service.backend._threading.loopingcall [None req-31b19268-b04c-4ee5-b929-efd31574fd75 None None] Fixed interval looping call 'neutron.plugins.ml2.plugin.DhcpAgentSchedulerDbMixin.remove_networks_from_down_agents' sleeping for 36.99 seconds {{(pid=105077) _run_loop /opt/stack/data/venv/lib/python3.12/site-packages/oslo_service/backend/_threading/loopingcall.py:125}}
May 06 11:33:03.207815 np0000172247 neutron-periodic-workers[105077]: DEBUG dbcounter [-] [105077] Writing DB stats neutron:SELECT=3 {{(pid=105077) stat_writer /opt/stack/data/venv/lib/python3.12/site-packages/dbcounter.py:115}}
May 06 11:33:09.165346 np0000172247 neutron-periodic-workers[105084]: DEBUG neutron.db.agents_db [None req-816e4d78-f1c1-41af-8559-252e4b471924 None None] Agent healthcheck: found 0 active agents {{(pid=105084) agent_health_check /opt/stack/neutron/neutron/db/agents_db.py:317}}
May 06 11:33:09.165905 np0000172247 neutron-periodic-workers[105084]: DEBUG oslo.service.backend._threading.loopingcall [None req-816e4d78-f1c1-41af-8559-252e4b471924 None None] Fixed interval looping call 'neutron.plugins.ml2.plugin.AgentDbMixin.agent_health_check' sleeping for 37.00 seconds {{(pid=105084) _run_loop /opt/stack/data/venv/lib/python3.12/site-packages/oslo_service/backend/_threading/loopingcall.py:125}}
May 06 11:33:15.228321 np0000172247 neutron-periodic-workers[105090]: DEBUG oslo.service.backend._threading.loopingcall [None req-91215068-6db1-4831-9307-4d0faf65ac94 None None] Fixed interval looping call 'neutron.db.quota.driver_nolock.DbQuotaNoLockDriver._remove_expired_reservations' sleeping for 120.00 seconds {{(pid=105090) _run_loop /opt/stack/data/venv/lib/python3.12/site-packages/oslo_service/backend/_threading/loopingcall.py:125}}
May 06 11:33:19.163359 np0000172247 neutron-periodic-workers[105084]: DEBUG dbcounter [-] [105084] Writing DB stats neutron:SELECT=1 {{(pid=105084) stat_writer /opt/stack/data/venv/lib/python3.12/site-packages/dbcounter.py:115}}
May 06 11:33:25.227153 np0000172247 neutron-periodic-workers[105090]: DEBUG dbcounter [-] [105090] Writing DB stats neutron:DELETE=1 {{(pid=105090) stat_writer /opt/stack/data/venv/lib/python3.12/site-packages/dbcounter.py:115}}
May 06 11:33:30.208625 np0000172247 neutron-periodic-workers[105077]: DEBUG oslo.service.backend._threading.loopingcall [None req-31b19268-b04c-4ee5-b929-efd31574fd75 None None] Fixed interval looping call 'neutron.plugins.ml2.plugin.DhcpAgentSchedulerDbMixin.remove_networks_from_down_agents' sleeping for 36.99 seconds {{(pid=105077) _run_loop /opt/stack/data/venv/lib/python3.12/site-packages/oslo_service/backend/_threading/loopingcall.py:125}}
May 06 11:33:40.206899 np0000172247 neutron-periodic-workers[105077]: DEBUG dbcounter [-] [105077] Writing DB stats neutron:SELECT=3 {{(pid=105077) stat_writer /opt/stack/data/venv/lib/python3.12/site-packages/dbcounter.py:115}}
May 06 11:33:46.171145 np0000172247 neutron-periodic-workers[105084]: DEBUG neutron.db.agents_db [None req-816e4d78-f1c1-41af-8559-252e4b471924 None None] Agent healthcheck: found 0 active agents {{(pid=105084) agent_health_check /opt/stack/neutron/neutron/db/agents_db.py:317}}
May 06 11:33:46.171932 np0000172247 neutron-periodic-workers[105084]: DEBUG oslo.service.backend._threading.loopingcall [None req-816e4d78-f1c1-41af-8559-252e4b471924 None None] Fixed interval looping call 'neutron.plugins.ml2.plugin.AgentDbMixin.agent_health_check' sleeping for 36.99 seconds {{(pid=105084) _run_loop /opt/stack/data/venv/lib/python3.12/site-packages/oslo_service/backend/_threading/loopingcall.py:125}}
May 06 11:33:50.273699 np0000172247 neutron-periodic-workers[105099]: DEBUG oslo.service.backend._threading.loopingcall [None req-69887fc2-263b-409b-af8b-b8e0a92be925 None None] Fixed interval looping call 'neutron.services.ovn_l3.plugin.L3_NAT_dbonly_mixin._clean_garbage' sleeping for 299.99 seconds {{(pid=105099) _run_loop /opt/stack/data/venv/lib/python3.12/site-packages/oslo_service/backend/_threading/loopingcall.py:125}}
