2026-06-10 11:06:51.057 7 INFO placement.requestlog [None req-34db3b04-dec7-47ea-b504-afc39322bf87 f9477042691d4f1d9c332860d10e038b 7ce9943412ab412ba329d0fe46fcbb06 - - 2a7d8a4d93fe4fe6856d121abe4cbc90 2a7d8a4d93fe4fe6856d121abe4cbc90] 10.0.0.81 "GET /resource_providers/ad58b260-beb4-464a-a331-194c766984e7/aggregates" status: 404 len: 235 microversion: 1.1 [pid: 7|app: 0|req: 559/1115] 10.0.0.81 () {32 vars in 814 bytes} [Wed Jun 10 11:06:51 2026] GET /resource_providers/ad58b260-beb4-464a-a331-194c766984e7/aggregates => generated 235 bytes in 8 msecs (HTTP/1.1 404) 5 headers in 202 bytes (1 switches on core 0)
2026-06-10 11:06:51.069 8 INFO placement.requestlog [None req-2e50f041-319b-49df-9698-aaf87a610961 f9477042691d4f1d9c332860d10e038b 7ce9943412ab412ba329d0fe46fcbb06 - - 2a7d8a4d93fe4fe6856d121abe4cbc90 2a7d8a4d93fe4fe6856d121abe4cbc90] 10.0.0.81 "GET /resource_providers/ad58b260-beb4-464a-a331-194c766984e7/aggregates" status: 404 len: 235 microversion: 1.1 [pid: 8|app: 0|req: 557/1116] 10.0.0.81 () {32 vars in 814 bytes} [Wed Jun 10 11:06:51 2026] GET /resource_providers/ad58b260-beb4-464a-a331-194c766984e7/aggregates => generated 235 bytes in 13 msecs (HTTP/1.1 404) 5 headers in 202 bytes (1 switches on core 0)
2026-06-10 11:06:51.072 7 INFO placement.requestlog [None req-e6edcd1c-7076-402d-a4c6-5d18b43dcd8e f9477042691d4f1d9c332860d10e038b 7ce9943412ab412ba329d0fe46fcbb06 - - 2a7d8a4d93fe4fe6856d121abe4cbc90 2a7d8a4d93fe4fe6856d121abe4cbc90] 10.0.0.81 "DELETE /resource_providers/ad58b260-beb4-464a-a331-194c766984e7" status: 404 len: 246 microversion: 1.1 [pid: 7|app: 0|req: 560/1117] 10.0.0.81 () {34 vars in 814 bytes} [Wed Jun 10 11:06:51 2026] DELETE /resource_providers/ad58b260-beb4-464a-a331-194c766984e7 => generated 246 bytes in 6 msecs (HTTP/1.1 404) 6 headers in 231 bytes (1 switches on core 0)
2026-06-10 11:06:51.093 8 INFO placement.requestlog [None req-4838c87e-b8ef-4dfc-94a6-5339b15095d9 f9477042691d4f1d9c332860d10e038b 7ce9943412ab412ba329d0fe46fcbb06 - - 2a7d8a4d93fe4fe6856d121abe4cbc90 2a7d8a4d93fe4fe6856d121abe4cbc90] 10.0.0.81 "DELETE /resource_providers/ad58b260-beb4-464a-a331-194c766984e7" status: 404 len: 246 microversion: 1.1 [pid: 8|app: 0|req: 558/1118] 10.0.0.81 () {34 vars in 814 bytes} [Wed Jun 10 11:06:51 2026] DELETE /resource_providers/ad58b260-beb4-464a-a331-194c766984e7 => generated 246 bytes in 13 msecs (HTTP/1.1 404) 6 headers in 231 bytes (1 switches on core 0)
2026-06-10 11:06:51.633 7 INFO placement.requestlog [None req-7a6025b6-6383-4ce2-83d2-bb9e47d83394 - - - - - -] 10.0.0.217 "GET /" status: 200 len: 136 microversion: 1.0
2026-06-10 11:06:51.634 8 INFO placement.requestlog [None req-52af2647-dfc3-43ec-851c-75444413dfc6 - - - - - -] 10.0.0.217 "GET /" status: 200 len: 136 microversion: 1.0
2026-06-10 11:06:55.339 7 INFO placement.requestlog [None req-203219f7-4b69-42b4-9b05-77207d8fba60 f9477042691d4f1d9c332860d10e038b 7ce9943412ab412ba329d0fe46fcbb06 - - 2a7d8a4d93fe4fe6856d121abe4cbc90 2a7d8a4d93fe4fe6856d121abe4cbc90] 10.0.0.81 "GET /resource_providers/608e2cce-7629-4be5-bef0-8690f76ecf6c/aggregates" status: 404 len: 235 microversion: 1.1 [pid: 7|app: 0|req: 562/1121] 10.0.0.81 () {32 vars in 814 bytes} [Wed Jun 10 11:06:55 2026] GET /resource_providers/608e2cce-7629-4be5-bef0-8690f76ecf6c/aggregates => generated 235 bytes in 14 msecs (HTTP/1.1 404) 5 headers in 202 bytes (1 switches on core 0)
2026-06-10 11:06:55.344 8 INFO placement.requestlog [None req-b183ad9d-0b90-4bf5-bd49-49409fcfb267 f9477042691d4f1d9c332860d10e038b 7ce9943412ab412ba329d0fe46fcbb06 - - 2a7d8a4d93fe4fe6856d121abe4cbc90 2a7d8a4d93fe4fe6856d121abe4cbc90] 10.0.0.81 "GET /resource_providers/608e2cce-7629-4be5-bef0-8690f76ecf6c/aggregates" status: 404 len: 235 microversion: 1.1 [pid: 8|app: 0|req: 560/1122] 10.0.0.81 () {32 vars in 814 bytes} [Wed Jun 10 11:06:55 2026] GET /resource_providers/608e2cce-7629-4be5-bef0-8690f76ecf6c/aggregates => generated 235 bytes in 13 msecs (HTTP/1.1 404) 5 headers in 202 bytes (1 switches on core 0)
2026-06-10 11:06:55.364 7 INFO placement.requestlog [None req-ac07b556-3832-4131-bc28-10d668f39bf9 f9477042691d4f1d9c332860d10e038b 7ce9943412ab412ba329d0fe46fcbb06 - - 2a7d8a4d93fe4fe6856d121abe4cbc90 2a7d8a4d93fe4fe6856d121abe4cbc90] 10.0.0.81 "DELETE /resource_providers/608e2cce-7629-4be5-bef0-8690f76ecf6c" status: 404 len: 246 microversion: 1.1 [pid: 7|app: 0|req: 563/1123] 10.0.0.81 () {34 vars in 814 bytes} [Wed Jun 10 11:06:55 2026] DELETE /resource_providers/608e2cce-7629-4be5-bef0-8690f76ecf6c => generated 246 bytes in 14 msecs (HTTP/1.1 404) 6 headers in 231 bytes (1 switches on core 0)
2026-06-10 11:06:55.387 8 INFO placement.requestlog [None req-42364bed-0ac4-49e8-aaea-f4831a867bb8 f9477042691d4f1d9c332860d10e038b 7ce9943412ab412ba329d0fe46fcbb06 - - 2a7d8a4d93fe4fe6856d121abe4cbc90 2a7d8a4d93fe4fe6856d121abe4cbc90] 10.0.0.81 "DELETE /resource_providers/608e2cce-7629-4be5-bef0-8690f76ecf6c" status: 404 len: 246 microversion: 1.1 [pid: 8|app: 0|req: 561/1124] 10.0.0.81 () {34 vars in 814 bytes} [Wed Jun 10 11:06:55 2026] DELETE /resource_providers/608e2cce-7629-4be5-bef0-8690f76ecf6c => generated 246 bytes in 20 msecs (HTTP/1.1 404) 6 headers in 231 bytes (1 switches on core 0)
2026-06-10 11:07:01.633 8 INFO placement.requestlog [None req-905dc427-382a-4750-9add-3e8d3b835669 - - - - - -] 10.0.0.217 "GET /" status: 200 len: 136 microversion: 1.0
2026-06-10 11:07:01.633 7 INFO placement.requestlog [None req-1ad41b71-178c-494a-b038-c351bc9b7d11 - - - - - -] 10.0.0.217 "GET /" status: 200 len: 136 microversion: 1.0
2026-06-10 11:07:04.828 7 INFO placement.requestlog [None req-e02fbbb0-f78d-4a3b-bd37-4db9d240389c f9477042691d4f1d9c332860d10e038b 7ce9943412ab412ba329d0fe46fcbb06 - - 2a7d8a4d93fe4fe6856d121abe4cbc90 2a7d8a4d93fe4fe6856d121abe4cbc90] 10.0.0.81 "GET /resource_providers/85e5b9aa-df16-4d1f-b146-e81aefdd565f/aggregates" status: 404 len: 235 microversion: 1.1 [pid: 7|app: 0|req: 565/1127] 10.0.0.81 () {32 vars in 814 bytes} [Wed Jun 10 11:07:04 2026] GET /resource_providers/85e5b9aa-df16-4d1f-b146-e81aefdd565f/aggregates => generated 235 bytes in 49 msecs (HTTP/1.1 404) 5 headers in 202 bytes (1 switches on core 0)
2026-06-10 11:07:04.834 8 INFO placement.requestlog [None req-c6cb93d0-1f8d-4c2f-80af-8caa154db9cd f9477042691d4f1d9c332860d10e038b 7ce9943412ab412ba329d0fe46fcbb06 - - 2a7d8a4d93fe4fe6856d121abe4cbc90 2a7d8a4d93fe4fe6856d121abe4cbc90] 10.0.0.81 "GET /resource_providers/85e5b9aa-df16-4d1f-b146-e81aefdd565f/aggregates" status: 404 len: 235 microversion: 1.1 [pid: 8|app: 0|req: 563/1128] 10.0.0.81 () {32 vars in 814 bytes} [Wed Jun 10 11:07:04 2026] GET /resource_providers/85e5b9aa-df16-4d1f-b146-e81aefdd565f/aggregates => generated 235 bytes in 52 msecs (HTTP/1.1 404) 5 headers in 202 bytes (1 switches on core 0)
2026-06-10 11:07:04.856 7 INFO placement.requestlog [None req-b97d66f8-d7f7-48bf-bd77-d2cda46b7d20 f9477042691d4f1d9c332860d10e038b 7ce9943412ab412ba329d0fe46fcbb06 - - 2a7d8a4d93fe4fe6856d121abe4cbc90 2a7d8a4d93fe4fe6856d121abe4cbc90] 10.0.0.81 "DELETE /resource_providers/85e5b9aa-df16-4d1f-b146-e81aefdd565f" status: 404 len: 246 microversion: 1.1 [pid: 7|app: 0|req: 566/1129] 10.0.0.81 () {34 vars in 814 bytes} [Wed Jun 10 11:07:04 2026] DELETE /resource_providers/85e5b9aa-df16-4d1f-b146-e81aefdd565f => generated 246 bytes in 9 msecs (HTTP/1.1 404) 6 headers in 231 bytes (1 switches on core 0)
2026-06-10 11:07:04.856 8 INFO placement.requestlog [None req-dabbf2af-a4af-42b7-a26c-79f4c013796a f9477042691d4f1d9c332860d10e038b 7ce9943412ab412ba329d0fe46fcbb06 - - 2a7d8a4d93fe4fe6856d121abe4cbc90 2a7d8a4d93fe4fe6856d121abe4cbc90] 10.0.0.81 "DELETE /resource_providers/85e5b9aa-df16-4d1f-b146-e81aefdd565f" status: 404 len: 246 microversion: 1.1 [pid: 8|app: 0|req: 564/1130] 10.0.0.81 () {34 vars in 814 bytes} [Wed Jun 10 11:07:04 2026] DELETE /resource_providers/85e5b9aa-df16-4d1f-b146-e81aefdd565f => generated 246 bytes in 10 msecs (HTTP/1.1 404) 6 headers in 231 bytes (1 switches on core 0)
2026-06-10 11:07:05.526 7 INFO placement.requestlog [None req-e5f9dedb-e4e7-4acf-b2d9-31965d1a819a f9477042691d4f1d9c332860d10e038b 7ce9943412ab412ba329d0fe46fcbb06 - - 2a7d8a4d93fe4fe6856d121abe4cbc90 2a7d8a4d93fe4fe6856d121abe4cbc90] 10.0.0.81 "GET /resource_providers/4442de66-db0d-4ba3-88a4-c376c37204d4/aggregates" status: 404 len: 235 microversion: 1.1 [pid: 7|app: 0|req: 567/1131] 10.0.0.81 () {32 vars in 814 bytes} [Wed Jun 10 11:07:05 2026] GET /resource_providers/4442de66-db0d-4ba3-88a4-c376c37204d4/aggregates => generated 235 bytes in 10 msecs (HTTP/1.1 404) 5 headers in 202 bytes (1 switches on core 0)
2026-06-10 11:07:05.533 8 INFO placement.requestlog [None req-c93b98f2-701a-4d80-8759-7002150cf75d f9477042691d4f1d9c332860d10e038b 7ce9943412ab412ba329d0fe46fcbb06 - - 2a7d8a4d93fe4fe6856d121abe4cbc90 2a7d8a4d93fe4fe6856d121abe4cbc90] 10.0.0.81 "GET /resource_providers/4442de66-db0d-4ba3-88a4-c376c37204d4/aggregates" status: 404 len: 235 microversion: 1.1 [pid: 8|app: 0|req: 565/1132] 10.0.0.81 () {32 vars in 814 bytes} [Wed Jun 10 11:07:05 2026] GET /resource_providers/4442de66-db0d-4ba3-88a4-c376c37204d4/aggregates => generated 235 bytes in 12 msecs (HTTP/1.1 404) 5 headers in 202 bytes (1 switches on core 0)
2026-06-10 11:07:05.551 7 INFO placement.requestlog [None req-a1ae4c15-d8fe-4be3-8bd3-540057b433d7 f9477042691d4f1d9c332860d10e038b 7ce9943412ab412ba329d0fe46fcbb06 - - 2a7d8a4d93fe4fe6856d121abe4cbc90 2a7d8a4d93fe4fe6856d121abe4cbc90] 10.0.0.81 "DELETE /resource_providers/4442de66-db0d-4ba3-88a4-c376c37204d4" status: 404 len: 246 microversion: 1.1 [pid: 7|app: 0|req: 568/1133] 10.0.0.81 () {34 vars in 814 bytes} [Wed Jun 10 11:07:05 2026] DELETE /resource_providers/4442de66-db0d-4ba3-88a4-c376c37204d4 => generated 246 bytes in 9 msecs (HTTP/1.1 404) 6 headers in 231 bytes (1 switches on core 0)
2026-06-10 11:07:05.555 8 INFO placement.requestlog [None req-b8d31931-793f-40d4-bad2-10939875ed40 f9477042691d4f1d9c332860d10e038b 7ce9943412ab412ba329d0fe46fcbb06 - - 2a7d8a4d93fe4fe6856d121abe4cbc90 2a7d8a4d93fe4fe6856d121abe4cbc90] 10.0.0.81 "DELETE /resource_providers/4442de66-db0d-4ba3-88a4-c376c37204d4" status: 404 len: 246 microversion: 1.1 [pid: 8|app: 0|req: 566/1134] 10.0.0.81 () {34 vars in 814 bytes} [Wed Jun 10 11:07:05 2026] DELETE /resource_providers/4442de66-db0d-4ba3-88a4-c376c37204d4 => generated 246 bytes in 11 msecs (HTTP/1.1 404) 6 headers in 231 bytes (1 switches on core 0)
2026-06-10 11:07:06.879 7 INFO placement.requestlog [None req-1e43285a-b2e5-4418-8ab9-77e9c02946df f9477042691d4f1d9c332860d10e038b 7ce9943412ab412ba329d0fe46fcbb06 - - 2a7d8a4d93fe4fe6856d121abe4cbc90 2a7d8a4d93fe4fe6856d121abe4cbc90] 10.0.0.81 "GET /resource_providers/075b5e4e-65d3-4c0d-b653-e64a8b7d6ba9/aggregates" status: 404 len: 235 microversion: 1.1 [pid: 7|app: 0|req: 569/1135] 10.0.0.81 () {32 vars in 814 bytes} [Wed Jun 10 11:07:06 2026] GET /resource_providers/075b5e4e-65d3-4c0d-b653-e64a8b7d6ba9/aggregates => generated 235 bytes in 11 msecs (HTTP/1.1 404) 5 headers in 202 bytes (1 switches on core 0)
2026-06-10 11:07:06.887 8 INFO placement.requestlog [None req-7c781eed-253d-4678-bc37-ce3670a3cbeb f9477042691d4f1d9c332860d10e038b 7ce9943412ab412ba329d0fe46fcbb06 - - 2a7d8a4d93fe4fe6856d121abe4cbc90 2a7d8a4d93fe4fe6856d121abe4cbc90] 10.0.0.81 "GET /resource_providers/075b5e4e-65d3-4c0d-b653-e64a8b7d6ba9/aggregates" status: 404 len: 235 microversion: 1.1 [pid: 8|app: 0|req: 567/1136] 10.0.0.81 () {32 vars in 814 bytes} [Wed Jun 10 11:07:06 2026] GET /resource_providers/075b5e4e-65d3-4c0d-b653-e64a8b7d6ba9/aggregates => generated 235 bytes in 7 msecs (HTTP/1.1 404) 5 headers in 202 bytes (1 switches on core 0)
2026-06-10 11:07:06.907 7 INFO placement.requestlog [None req-f2752583-68d1-473d-84ef-4b5bdcf90f89 f9477042691d4f1d9c332860d10e038b 7ce9943412ab412ba329d0fe46fcbb06 - - 2a7d8a4d93fe4fe6856d121abe4cbc90 2a7d8a4d93fe4fe6856d121abe4cbc90] 10.0.0.81 "DELETE /resource_providers/075b5e4e-65d3-4c0d-b653-e64a8b7d6ba9" status: 404 len: 246 microversion: 1.1 [pid: 7|app: 0|req: 570/1137] 10.0.0.81 () {34 vars in 814 bytes} [Wed Jun 10 11:07:06 2026] DELETE /resource_providers/075b5e4e-65d3-4c0d-b653-e64a8b7d6ba9 => generated 246 bytes in 10 msecs (HTTP/1.1 404) 6 headers in 231 bytes (1 switches on core 0)
2026-06-10 11:07:06.908 8 INFO placement.requestlog [None req-9732007f-eae3-4b85-ba29-afa6c0fde5d1 f9477042691d4f1d9c332860d10e038b 7ce9943412ab412ba329d0fe46fcbb06 - - 2a7d8a4d93fe4fe6856d121abe4cbc90 2a7d8a4d93fe4fe6856d121abe4cbc90] 10.0.0.81 "DELETE /resource_providers/075b5e4e-65d3-4c0d-b653-e64a8b7d6ba9" status: 404 len: 246 microversion: 1.1 [pid: 8|app: 0|req: 568/1138] 10.0.0.81 () {34 vars in 814 bytes} [Wed Jun 10 11:07:06 2026] DELETE /resource_providers/075b5e4e-65d3-4c0d-b653-e64a8b7d6ba9 => generated 246 bytes in 8 msecs (HTTP/1.1 404) 6 headers in 231 bytes (1 switches on core 0)
2026-06-10 11:07:09.404 7 INFO placement.requestlog [req-5259f0bc-9a5a-48c7-9a3e-88724360d0f3 req-7e4a38c9-41ed-4e46-a8ff-2c8f11792aaa 3cc9d4832daa494dae1487a5d5880d8e 7ce9943412ab412ba329d0fe46fcbb06 - - 2a7d8a4d93fe4fe6856d121abe4cbc90 2a7d8a4d93fe4fe6856d121abe4cbc90] 199.204.45.109 "GET /resource_providers/3c3e34a7-b6ea-418f-9caa-392b64c71456/allocations" status: 200 len: 340 microversion: 1.0 [pid: 7|app: 0|req: 571/1139] 199.204.45.109 () {32 vars in 856 bytes} [Wed Jun 10 11:07:09 2026] GET /resource_providers/3c3e34a7-b6ea-418f-9caa-392b64c71456/allocations => generated 340 bytes in 25 msecs (HTTP/1.1 200) 6 headers in 224 bytes (1 switches on core 0)
2026-06-10 11:07:09.427 8 INFO placement.requestlog [req-5259f0bc-9a5a-48c7-9a3e-88724360d0f3 req-a969f413-12f0-47be-b0d2-a0bc1feb5f01 3cc9d4832daa494dae1487a5d5880d8e 7ce9943412ab412ba329d0fe46fcbb06 - - 2a7d8a4d93fe4fe6856d121abe4cbc90 2a7d8a4d93fe4fe6856d121abe4cbc90] 199.204.45.109 "GET /resource_providers/3c3e34a7-b6ea-418f-9caa-392b64c71456/allocations" status: 200 len: 340 microversion: 1.0 [pid: 8|app: 0|req: 569/1140] 199.204.45.109 () {32 vars in 856 bytes} [Wed Jun 10 11:07:09 2026] GET /resource_providers/3c3e34a7-b6ea-418f-9caa-392b64c71456/allocations => generated 340 bytes in 17 msecs (HTTP/1.1 200) 6 headers in 224 bytes (1 switches on core 0)
2026-06-10 11:07:09.446 7 INFO placement.requestlog [req-5259f0bc-9a5a-48c7-9a3e-88724360d0f3 req-196bc9ae-6313-4be1-80be-5dda64b41679 3cc9d4832daa494dae1487a5d5880d8e 7ce9943412ab412ba329d0fe46fcbb06 - - 2a7d8a4d93fe4fe6856d121abe4cbc90 2a7d8a4d93fe4fe6856d121abe4cbc90] 199.204.45.109 "GET /allocations/a9da34a7-3937-4726-9ecb-f22c6f96684b" status: 200 len: 258 microversion: 1.28 [pid: 7|app: 0|req: 572/1141] 199.204.45.109 () {34 vars in 862 bytes} [Wed Jun 10 11:07:09 2026] GET /allocations/a9da34a7-3937-4726-9ecb-f22c6f96684b => generated 258 bytes in 15 msecs (HTTP/1.1 200) 8 headers in 296 bytes (1 switches on core 0)
2026-06-10 11:07:09.469 8 INFO placement.requestlog [req-5259f0bc-9a5a-48c7-9a3e-88724360d0f3 req-bde438ca-0de3-435c-9b83-2d627f6da9fe 3cc9d4832daa494dae1487a5d5880d8e 7ce9943412ab412ba329d0fe46fcbb06 - - 2a7d8a4d93fe4fe6856d121abe4cbc90 2a7d8a4d93fe4fe6856d121abe4cbc90] 199.204.45.109 "GET /allocations/a6649597-c5b7-455c-9eb5-ad6da5f6c541" status: 200 len: 258 microversion: 1.28 [pid: 8|app: 0|req: 570/1142] 199.204.45.109 () {34 vars in 862 bytes} [Wed Jun 10 11:07:09 2026] GET /allocations/a6649597-c5b7-455c-9eb5-ad6da5f6c541 => generated 258 bytes in 18 msecs (HTTP/1.1 200) 8 headers in 296 bytes (1 switches on core 0)
2026-06-10 11:07:09.488 7 INFO placement.requestlog [req-5259f0bc-9a5a-48c7-9a3e-88724360d0f3 req-f417ca39-d4ca-4f93-a60d-4d1732b984b4 3cc9d4832daa494dae1487a5d5880d8e 7ce9943412ab412ba329d0fe46fcbb06 - - 2a7d8a4d93fe4fe6856d121abe4cbc90 2a7d8a4d93fe4fe6856d121abe4cbc90] 199.204.45.109 "GET /allocations/ccb8cda2-3392-4d50-919f-62f3bed915b4" status: 200 len: 245 microversion: 1.28 [pid: 7|app: 0|req: 573/1143] 199.204.45.109 () {34 vars in 862 bytes} [Wed Jun 10 11:07:09 2026] GET /allocations/ccb8cda2-3392-4d50-919f-62f3bed915b4 => generated 245 bytes in 15 msecs (HTTP/1.1 200) 8 headers in 296 bytes (1 switches on core 0)
2026-06-10 11:07:11.633 8 INFO placement.requestlog [None req-869ec188-5fa5-47db-95a1-3af4ec183a20 - - - - - -] 10.0.0.217 "GET /" status: 200 len: 136 microversion: 1.0
2026-06-10 11:07:11.633 7 INFO placement.requestlog [None req-17cc5764-fb3e-43b0-b5ca-73fccd772126 - - - - - -] 10.0.0.217 "GET /" status: 200 len: 136 microversion: 1.0
2026-06-10 11:07:21.634 8 INFO placement.requestlog [None req-243a8496-6db6-448c-bb81-3aea5ad6739c - - - - - -] 10.0.0.217 "GET /" status: 200 len: 136 microversion: 1.0
2026-06-10 11:07:21.634 7 INFO placement.requestlog [None req-c3f3c79e-6156-4fd9-8d87-60eec92e2f76 - - - - - -] 10.0.0.217 "GET /" status: 200 len: 136 microversion: 1.0
2026-06-10 11:07:31.634 8 INFO placement.requestlog [None req-c5c64230-581a-4e98-a39d-658d8240b307 - - - - - -] 10.0.0.217 "GET /" status: 200 len: 136 microversion: 1.0
2026-06-10 11:07:31.634 7 INFO placement.requestlog [None req-471f8e98-c003-4975-9e25-0422c01aef1c - - - - - -] 10.0.0.217 "GET /" status: 200 len: 136 microversion: 1.0
2026-06-10 11:07:41.633 8 INFO placement.requestlog [None req-e5ac3777-116c-4ed5-812f-07300d08ba74 - - - - - -] 10.0.0.217 "GET /" status: 200 len: 136 microversion: 1.0
2026-06-10 11:07:41.633 7 INFO placement.requestlog [None req-7ce4f7b9-c046-408f-832a-d0cece92ceef - - - - - -] 10.0.0.217 "GET /" status: 200 len: 136 microversion: 1.0
2026-06-10 11:07:51.633 8 INFO placement.requestlog [None req-9cf7c09c-59a0-43c0-84f2-06e21b1cbcd9 - - - - - -] 10.0.0.217 "GET /" status: 200 len: 136 microversion: 1.0
2026-06-10 11:07:51.634 7 INFO placement.requestlog [None req-90587db3-0e56-4b70-9ff1-9ca26d7b2e43 - - - - - -] 10.0.0.217 "GET /" status: 200 len: 136 microversion: 1.0
2026-06-10 11:08:01.634 8 INFO placement.requestlog [None req-8bc01861-fa2a-4e33-b503-315dc60640f1 - - - - - -] 10.0.0.217 "GET /" status: 200 len: 136 microversion: 1.0
2026-06-10 11:08:01.634 7 INFO placement.requestlog [None req-d21b127f-d424-41c9-83be-c85e4f2e27b3 - - - - - -] 10.0.0.217 "GET /" status: 200 len: 136 microversion: 1.0
2026-06-10 11:08:10.370 7 INFO placement.requestlog [req-b5714c45-dbac-451b-9b21-a50fea071084 req-31f1a122-a9f5-4a94-b954-488de0eb0259 3cc9d4832daa494dae1487a5d5880d8e 7ce9943412ab412ba329d0fe46fcbb06 - - 2a7d8a4d93fe4fe6856d121abe4cbc90 2a7d8a4d93fe4fe6856d121abe4cbc90] 199.204.45.109 "GET /resource_providers/3c3e34a7-b6ea-418f-9caa-392b64c71456/allocations" status: 200 len: 340 microversion: 1.0 [pid: 7|app: 0|req: 580/1156] 199.204.45.109 () {32 vars in 856 bytes} [Wed Jun 10 11:08:10 2026] GET /resource_providers/3c3e34a7-b6ea-418f-9caa-392b64c71456/allocations => generated 340 bytes in 27 msecs (HTTP/1.1 200) 6 headers in 224 bytes (1 switches on core 0)
2026-06-10 11:08:10.405 8 INFO placement.requestlog [req-b5714c45-dbac-451b-9b21-a50fea071084 req-c0c94e80-e276-4e46-97b4-4bb3c276aa69 3cc9d4832daa494dae1487a5d5880d8e 7ce9943412ab412ba329d0fe46fcbb06 - - 2a7d8a4d93fe4fe6856d121abe4cbc90 2a7d8a4d93fe4fe6856d121abe4cbc90] 199.204.45.109 "GET /resource_providers/3c3e34a7-b6ea-418f-9caa-392b64c71456/allocations" status: 200 len: 340 microversion: 1.0 [pid: 8|app: 0|req: 577/1157] 199.204.45.109 () {32 vars in 856 bytes} [Wed Jun 10 11:08:10 2026] GET /resource_providers/3c3e34a7-b6ea-418f-9caa-392b64c71456/allocations => generated 340 bytes in 28 msecs (HTTP/1.1 200) 6 headers in 224 bytes (1 switches on core 0)
2026-06-10 11:08:10.423 7 INFO placement.requestlog [req-b5714c45-dbac-451b-9b21-a50fea071084 req-83826b5c-f0b4-4d63-bc27-92dc7a347c1b 3cc9d4832daa494dae1487a5d5880d8e 7ce9943412ab412ba329d0fe46fcbb06 - - 2a7d8a4d93fe4fe6856d121abe4cbc90 2a7d8a4d93fe4fe6856d121abe4cbc90] 199.204.45.109 "GET /allocations/a9da34a7-3937-4726-9ecb-f22c6f96684b" status: 200 len: 258 microversion: 1.28 [pid: 7|app: 0|req: 581/1158] 199.204.45.109 () {34 vars in 862 bytes} [Wed Jun 10 11:08:10 2026] GET /allocations/a9da34a7-3937-4726-9ecb-f22c6f96684b => generated 258 bytes in 11 msecs (HTTP/1.1 200) 8 headers in 296 bytes (1 switches on core 0)
2026-06-10 11:08:10.443 8 INFO placement.requestlog [req-b5714c45-dbac-451b-9b21-a50fea071084 req-beeed35a-673f-496c-bc35-bd28d31f0da4 3cc9d4832daa494dae1487a5d5880d8e 7ce9943412ab412ba329d0fe46fcbb06 - - 2a7d8a4d93fe4fe6856d121abe4cbc90 2a7d8a4d93fe4fe6856d121abe4cbc90] 199.204.45.109 "GET /allocations/a6649597-c5b7-455c-9eb5-ad6da5f6c541" status: 200 len: 258 microversion: 1.28 [pid: 8|app: 0|req: 578/1159] 199.204.45.109 () {34 vars in 862 bytes} [Wed Jun 10 11:08:10 2026] GET /allocations/a6649597-c5b7-455c-9eb5-ad6da5f6c541 => generated 258 bytes in 16 msecs (HTTP/1.1 200) 8 headers in 296 bytes (1 switches on core 0)
2026-06-10 11:08:10.462 7 INFO placement.requestlog [req-b5714c45-dbac-451b-9b21-a50fea071084 req-103326e0-9d17-48b5-ad5a-5726af57ce69 3cc9d4832daa494dae1487a5d5880d8e 7ce9943412ab412ba329d0fe46fcbb06 - - 2a7d8a4d93fe4fe6856d121abe4cbc90 2a7d8a4d93fe4fe6856d121abe4cbc90] 199.204.45.109 "GET /allocations/ccb8cda2-3392-4d50-919f-62f3bed915b4" status: 200 len: 245 microversion: 1.28 [pid: 7|app: 0|req: 582/1160] 199.204.45.109 () {34 vars in 862 bytes} [Wed Jun 10 11:08:10 2026] GET /allocations/ccb8cda2-3392-4d50-919f-62f3bed915b4 => generated 245 bytes in 13 msecs (HTTP/1.1 200) 8 headers in 296 bytes (1 switches on core 0)
2026-06-10 11:08:11.633 7 INFO placement.requestlog [None req-96d2d1d8-14ac-428e-b515-fa1d823a4771 - - - - - -] 10.0.0.217 "GET /" status: 200 len: 136 microversion: 1.0
2026-06-10 11:08:11.633 8 INFO placement.requestlog [None req-f36fb7de-e24f-48af-8d30-e47bd7d8ce34 - - - - - -] 10.0.0.217 "GET /" status: 200 len: 136 microversion: 1.0
2026-06-10 11:08:21.633 8 INFO placement.requestlog [None req-da9284f7-5eae-4e49-ad91-a200c4332fd8 - - - - - -] 10.0.0.217 "GET /" status: 200 len: 136 microversion: 1.0
2026-06-10 11:08:21.633 7 INFO placement.requestlog [None req-605f5189-3f11-4f25-a737-6a26035f34bf - - - - - -] 10.0.0.217 "GET /" status: 200 len: 136 microversion: 1.0
2026-06-10 11:08:31.633 8 INFO placement.requestlog [None req-2484acfb-6eb7-4c55-8bc0-01c436dc8218 - - - - - -] 10.0.0.217 "GET /" status: 200 len: 136 microversion: 1.0
2026-06-10 11:08:31.633 7 INFO placement.requestlog [None req-0587e275-aec9-4d79-adca-9186c0a7c82f - - - - - -] 10.0.0.217 "GET /" status: 200 len: 136 microversion: 1.0
2026-06-10 11:08:41.633 7 INFO placement.requestlog [None req-e610e16e-4f36-4f52-828e-8e2cb0fee5d3 - - - - - -] 10.0.0.217 "GET /" status: 200 len: 136 microversion: 1.0
2026-06-10 11:08:41.633 8 INFO placement.requestlog [None req-dc0ded09-9e5c-44db-834b-ed244c62bed4 - - - - - -] 10.0.0.217 "GET /" status: 200 len: 136 microversion: 1.0
2026-06-10 11:08:51.633 7 INFO placement.requestlog [None req-203de784-5884-4e64-b226-3c5980720c54 - - - - - -] 10.0.0.217 "GET /" status: 200 len: 136 microversion: 1.0
2026-06-10 11:08:51.634 8 INFO placement.requestlog [None req-3f68e1d7-5003-4a2a-867a-f63a3bcd60fa - - - - - -] 10.0.0.217 "GET /" status: 200 len: 136 microversion: 1.0
2026-06-10 11:09:01.633 8 INFO placement.requestlog [None req-dbc3608a-e91b-4925-91f8-9b0b1386e1f3 - - - - - -] 10.0.0.217 "GET /" status: 200 len: 136 microversion: 1.0
2026-06-10 11:09:01.633 7 INFO placement.requestlog [None req-867aa2eb-8d63-4963-8df7-35a705aa13e7 - - - - - -] 10.0.0.217 "GET /" status: 200 len: 136 microversion: 1.0
2026-06-10 11:09:05.304 8 INFO placement.requestlog [req-fe4070d3-a228-4e51-98c9-7882e80ca3df req-6787b370-3704-4eeb-8c46-ffcf67cd4780 3cc9d4832daa494dae1487a5d5880d8e 7ce9943412ab412ba329d0fe46fcbb06 - - 2a7d8a4d93fe4fe6856d121abe4cbc90 2a7d8a4d93fe4fe6856d121abe4cbc90] 199.204.45.109 "GET /resource_providers/3c3e34a7-b6ea-418f-9caa-392b64c71456/allocations" status: 200 len: 340 microversion: 1.0 [pid: 8|app: 0|req: 585/1173] 199.204.45.109 () {32 vars in 856 bytes} [Wed Jun 10 11:09:05 2026] GET /resource_providers/3c3e34a7-b6ea-418f-9caa-392b64c71456/allocations => generated 340 bytes in 19 msecs (HTTP/1.1 200) 6 headers in 224 bytes (1 switches on core 0)
2026-06-10 11:09:05.323 7 INFO placement.requestlog [req-fe4070d3-a228-4e51-98c9-7882e80ca3df req-5e6c83c4-becf-492c-b8f2-69b5ce4c7626 3cc9d4832daa494dae1487a5d5880d8e 7ce9943412ab412ba329d0fe46fcbb06 - - 2a7d8a4d93fe4fe6856d121abe4cbc90 2a7d8a4d93fe4fe6856d121abe4cbc90] 199.204.45.109 "GET /allocations/a9da34a7-3937-4726-9ecb-f22c6f96684b" status: 200 len: 258 microversion: 1.28 [pid: 7|app: 0|req: 589/1174] 199.204.45.109 () {34 vars in 862 bytes} [Wed Jun 10 11:09:05 2026] GET /allocations/a9da34a7-3937-4726-9ecb-f22c6f96684b => generated 258 bytes in 15 msecs (HTTP/1.1 200) 8 headers in 296 bytes (1 switches on core 0)
2026-06-10 11:09:05.345 8 INFO placement.requestlog [req-fe4070d3-a228-4e51-98c9-7882e80ca3df req-20080bee-6313-443e-9676-0776acd3e4ec 3cc9d4832daa494dae1487a5d5880d8e 7ce9943412ab412ba329d0fe46fcbb06 - - 2a7d8a4d93fe4fe6856d121abe4cbc90 2a7d8a4d93fe4fe6856d121abe4cbc90] 199.204.45.109 "GET /allocations/a6649597-c5b7-455c-9eb5-ad6da5f6c541" status: 200 len: 258 microversion: 1.28 [pid: 8|app: 0|req: 586/1175] 199.204.45.109 () {34 vars in 862 bytes} [Wed Jun 10 11:09:05 2026] GET /allocations/a6649597-c5b7-455c-9eb5-ad6da5f6c541 => generated 258 bytes in 17 msecs (HTTP/1.1 200) 8 headers in 296 bytes (1 switches on core 0)
2026-06-10 11:09:05.361 7 INFO placement.requestlog [req-fe4070d3-a228-4e51-98c9-7882e80ca3df req-99b441b5-c077-4270-8ed7-9621e309fad5 3cc9d4832daa494dae1487a5d5880d8e 7ce9943412ab412ba329d0fe46fcbb06 - - 2a7d8a4d93fe4fe6856d121abe4cbc90 2a7d8a4d93fe4fe6856d121abe4cbc90] 199.204.45.109 "GET /allocations/ccb8cda2-3392-4d50-919f-62f3bed915b4" status: 200 len: 245 microversion: 1.28 [pid: 7|app: 0|req: 590/1176] 199.204.45.109 () {34 vars in 862 bytes} [Wed Jun 10 11:09:05 2026] GET /allocations/ccb8cda2-3392-4d50-919f-62f3bed915b4 => generated 245 bytes in 12 msecs (HTTP/1.1 200) 8 headers in 296 bytes (1 switches on core 0)
2026-06-10 11:09:06.408 8 INFO placement.requestlog [req-fe4070d3-a228-4e51-98c9-7882e80ca3df req-1bd868f3-e699-4da4-829d-29dce7bdc36f 3cc9d4832daa494dae1487a5d5880d8e 7ce9943412ab412ba329d0fe46fcbb06 - - 2a7d8a4d93fe4fe6856d121abe4cbc90 2a7d8a4d93fe4fe6856d121abe4cbc90] 199.204.45.109 "DELETE /allocations/ccb8cda2-3392-4d50-919f-62f3bed915b4" status: 204 len: 0 microversion: 1.0 [pid: 8|app: 0|req: 587/1177] 199.204.45.109 () {34 vars in 840 bytes} [Wed Jun 10 11:09:06 2026] DELETE /allocations/ccb8cda2-3392-4d50-919f-62f3bed915b4 => generated 0 bytes in 21 msecs (HTTP/1.1 204) 5 headers in 198 bytes (1 switches on core 0)
2026-06-10 11:09:08.864 7 INFO placement.requestlog [req-b40b576e-c3ce-4702-9d72-b9ec7e9e4466 req-9b65108c-437f-4554-bd7c-a827690a3b9d 3cc9d4832daa494dae1487a5d5880d8e 7ce9943412ab412ba329d0fe46fcbb06 - - 2a7d8a4d93fe4fe6856d121abe4cbc90 2a7d8a4d93fe4fe6856d121abe4cbc90] 199.204.45.109 "GET /resource_providers/3c3e34a7-b6ea-418f-9caa-392b64c71456/allocations" status: 200 len: 253 microversion: 1.0 [pid: 7|app: 0|req: 591/1178] 199.204.45.109 () {32 vars in 856 bytes} [Wed Jun 10 11:09:08 2026] GET /resource_providers/3c3e34a7-b6ea-418f-9caa-392b64c71456/allocations => generated 253 bytes in 20 msecs (HTTP/1.1 200) 6 headers in 224 bytes (1 switches on core 0)
2026-06-10 11:09:08.885 8 INFO placement.requestlog [req-b40b576e-c3ce-4702-9d72-b9ec7e9e4466 req-b752501e-520e-42b8-82ca-0688b50b488d 3cc9d4832daa494dae1487a5d5880d8e 7ce9943412ab412ba329d0fe46fcbb06 - - 2a7d8a4d93fe4fe6856d121abe4cbc90 2a7d8a4d93fe4fe6856d121abe4cbc90] 199.204.45.109 "GET /allocations/a9da34a7-3937-4726-9ecb-f22c6f96684b" status: 200 len: 258 microversion: 1.28 [pid: 8|app: 0|req: 588/1179] 199.204.45.109 () {34 vars in 862 bytes} [Wed Jun 10 11:09:08 2026] GET /allocations/a9da34a7-3937-4726-9ecb-f22c6f96684b => generated 258 bytes in 15 msecs (HTTP/1.1 200) 8 headers in 296 bytes (1 switches on core 0)
2026-06-10 11:09:08.903 7 INFO placement.requestlog [req-b40b576e-c3ce-4702-9d72-b9ec7e9e4466 req-66d28c6c-73a9-4e60-9cca-8e6aa56197f7 3cc9d4832daa494dae1487a5d5880d8e 7ce9943412ab412ba329d0fe46fcbb06 - - 2a7d8a4d93fe4fe6856d121abe4cbc90 2a7d8a4d93fe4fe6856d121abe4cbc90] 199.204.45.109 "GET /allocations/a6649597-c5b7-455c-9eb5-ad6da5f6c541" status: 200 len: 258 microversion: 1.28 [pid: 7|app: 0|req: 592/1180] 199.204.45.109 () {34 vars in 862 bytes} [Wed Jun 10 11:09:08 2026] GET /allocations/a6649597-c5b7-455c-9eb5-ad6da5f6c541 => generated 258 bytes in 13 msecs (HTTP/1.1 200) 8 headers in 296 bytes (1 switches on core 0)
2026-06-10 11:09:09.951 8 INFO placement.requestlog [req-b40b576e-c3ce-4702-9d72-b9ec7e9e4466 req-d3f0a27c-368f-4eb1-b437-84ecff0085b7 3cc9d4832daa494dae1487a5d5880d8e 7ce9943412ab412ba329d0fe46fcbb06 - - 2a7d8a4d93fe4fe6856d121abe4cbc90 2a7d8a4d93fe4fe6856d121abe4cbc90] 199.204.45.109 "DELETE /allocations/a6649597-c5b7-455c-9eb5-ad6da5f6c541" status: 204 len: 0 microversion: 1.0 [pid: 8|app: 0|req: 589/1181] 199.204.45.109 () {34 vars in 840 bytes} [Wed Jun 10 11:09:09 2026] DELETE /allocations/a6649597-c5b7-455c-9eb5-ad6da5f6c541 => generated 0 bytes in 22 msecs (HTTP/1.1 204) 5 headers in 198 bytes (1 switches on core 0)
2026-06-10 11:09:10.965 7 INFO placement.requestlog [req-79277088-5096-4f4b-8c25-1fb00bfb1f36 req-cf3ccaf9-9f6f-4c75-88c5-d3ab84566834 3cc9d4832daa494dae1487a5d5880d8e 7ce9943412ab412ba329d0fe46fcbb06 - - 2a7d8a4d93fe4fe6856d121abe4cbc90 2a7d8a4d93fe4fe6856d121abe4cbc90] 199.204.45.109 "GET /resource_providers/3c3e34a7-b6ea-418f-9caa-392b64c71456/allocations" status: 200 len: 153 microversion: 1.0 [pid: 7|app: 0|req: 593/1182] 199.204.45.109 () {32 vars in 856 bytes} [Wed Jun 10 11:09:10 2026] GET /resource_providers/3c3e34a7-b6ea-418f-9caa-392b64c71456/allocations => generated 153 bytes in 16 msecs (HTTP/1.1 200) 6 headers in 224 bytes (1 switches on core 0)
2026-06-10 11:09:10.985 8 INFO placement.requestlog [req-79277088-5096-4f4b-8c25-1fb00bfb1f36 req-427ca6a8-839a-4a14-a3ae-fcb923b34ed2 3cc9d4832daa494dae1487a5d5880d8e 7ce9943412ab412ba329d0fe46fcbb06 - - 2a7d8a4d93fe4fe6856d121abe4cbc90 2a7d8a4d93fe4fe6856d121abe4cbc90] 199.204.45.109 "GET /resource_providers/3c3e34a7-b6ea-418f-9caa-392b64c71456/allocations" status: 200 len: 153 microversion: 1.0 [pid: 8|app: 0|req: 590/1183] 199.204.45.109 () {32 vars in 856 bytes} [Wed Jun 10 11:09:10 2026] GET /resource_providers/3c3e34a7-b6ea-418f-9caa-392b64c71456/allocations => generated 153 bytes in 13 msecs (HTTP/1.1 200) 6 headers in 224 bytes (1 switches on core 0)
2026-06-10 11:09:11.006 7 INFO placement.requestlog [req-79277088-5096-4f4b-8c25-1fb00bfb1f36 req-47490971-f021-4ca0-972e-2ee090161123 3cc9d4832daa494dae1487a5d5880d8e 7ce9943412ab412ba329d0fe46fcbb06 - - 2a7d8a4d93fe4fe6856d121abe4cbc90 2a7d8a4d93fe4fe6856d121abe4cbc90] 199.204.45.109 "GET /allocations/a9da34a7-3937-4726-9ecb-f22c6f96684b" status: 200 len: 258 microversion: 1.28 [pid: 7|app: 0|req: 594/1184] 199.204.45.109 () {34 vars in 862 bytes} [Wed Jun 10 11:09:10 2026] GET /allocations/a9da34a7-3937-4726-9ecb-f22c6f96684b => generated 258 bytes in 15 msecs (HTTP/1.1 200) 8 headers in 296 bytes (1 switches on core 0)
2026-06-10 11:09:11.633 7 INFO placement.requestlog [None req-cdf5b4f4-fc1e-4316-bb28-49e5bce254e7 - - - - - -] 10.0.0.217 "GET /" status: 200 len: 136 microversion: 1.0
2026-06-10 11:09:11.633 8 INFO placement.requestlog [None req-d8142d9d-8bdc-471b-9fc8-d8bdb632b961 - - - - - -] 10.0.0.217 "GET /" status: 200 len: 136 microversion: 1.0
2026-06-10 11:09:19.712 8 INFO placement.requestlog [req-56645555-2d3c-4f7c-8111-36954789cc33 req-64f0ea89-c729-463f-bc46-35fc01d7db62 3cc9d4832daa494dae1487a5d5880d8e 7ce9943412ab412ba329d0fe46fcbb06 - - 2a7d8a4d93fe4fe6856d121abe4cbc90 2a7d8a4d93fe4fe6856d121abe4cbc90] 199.204.45.109 "GET /resource_providers/3c3e34a7-b6ea-418f-9caa-392b64c71456/allocations" status: 200 len: 153 microversion: 1.0 [pid: 8|app: 0|req: 592/1187] 199.204.45.109 () {32 vars in 856 bytes} [Wed Jun 10 11:09:19 2026] GET /resource_providers/3c3e34a7-b6ea-418f-9caa-392b64c71456/allocations => generated 153 bytes in 12 msecs (HTTP/1.1 200) 6 headers in 224 bytes (1 switches on core 0)
2026-06-10 11:09:19.731 7 INFO placement.requestlog [req-56645555-2d3c-4f7c-8111-36954789cc33 req-7af1c031-a217-405f-8edd-7eec126f940a 3cc9d4832daa494dae1487a5d5880d8e 7ce9943412ab412ba329d0fe46fcbb06 - - 2a7d8a4d93fe4fe6856d121abe4cbc90 2a7d8a4d93fe4fe6856d121abe4cbc90] 199.204.45.109 "GET /allocations/a9da34a7-3937-4726-9ecb-f22c6f96684b" status: 200 len: 258 microversion: 1.28 [pid: 7|app: 0|req: 596/1188] 199.204.45.109 () {34 vars in 862 bytes} [Wed Jun 10 11:09:19 2026] GET /allocations/a9da34a7-3937-4726-9ecb-f22c6f96684b => generated 258 bytes in 13 msecs (HTTP/1.1 200) 8 headers in 296 bytes (1 switches on core 0)
2026-06-10 11:09:20.781 8 INFO placement.requestlog [req-56645555-2d3c-4f7c-8111-36954789cc33 req-87241a55-bf67-42fd-a92c-d864184636cb 3cc9d4832daa494dae1487a5d5880d8e 7ce9943412ab412ba329d0fe46fcbb06 - - 2a7d8a4d93fe4fe6856d121abe4cbc90 2a7d8a4d93fe4fe6856d121abe4cbc90] 199.204.45.109 "DELETE /allocations/a9da34a7-3937-4726-9ecb-f22c6f96684b" status: 204 len: 0 microversion: 1.0 [pid: 8|app: 0|req: 593/1189] 199.204.45.109 () {34 vars in 840 bytes} [Wed Jun 10 11:09:20 2026] DELETE /allocations/a9da34a7-3937-4726-9ecb-f22c6f96684b => generated 0 bytes in 26 msecs (HTTP/1.1 204) 5 headers in 198 bytes (1 switches on core 0)
2026-06-10 11:09:21.633 7 INFO placement.requestlog [None req-e3a1faa3-e432-4c0b-99b0-2150ab8a49a3 - - - - - -] 10.0.0.217 "GET /" status: 200 len: 136 microversion: 1.0
2026-06-10 11:09:21.634 8 INFO placement.requestlog [None req-3512b4cf-ead2-4384-8bfa-b0f4b391edd8 - - - - - -] 10.0.0.217 "GET /" status: 200 len: 136 microversion: 1.0
2026-06-10 11:09:31.633 8 INFO placement.requestlog [None req-38a5c615-0eb7-4e6e-9007-6b902c115e84 - - - - - -] 10.0.0.217 "GET /" status: 200 len: 136 microversion: 1.0
2026-06-10 11:09:31.633 7 INFO placement.requestlog [None req-62510c2c-d332-4606-8c16-8642c8a80ffb - - - - - -] 10.0.0.217 "GET /" status: 200 len: 136 microversion: 1.0
2026-06-10 11:09:32.186 8 INFO placement.requestlog [None req-51fd546e-4748-4422-984e-25b5a5c06567 f9477042691d4f1d9c332860d10e038b 7ce9943412ab412ba329d0fe46fcbb06 - - 2a7d8a4d93fe4fe6856d121abe4cbc90 2a7d8a4d93fe4fe6856d121abe4cbc90] 10.0.0.81 "GET /resource_providers/e0bb8f91-5f32-4d86-91e4-ff04f802d8fd/aggregates" status: 404 len: 235 microversion: 1.1
2026-06-10 11:09:32.187 7 INFO placement.requestlog [None req-4ed1d7ee-ee48-41ad-8862-9a8a88612006 f9477042691d4f1d9c332860d10e038b 7ce9943412ab412ba329d0fe46fcbb06 - - 2a7d8a4d93fe4fe6856d121abe4cbc90 2a7d8a4d93fe4fe6856d121abe4cbc90] 10.0.0.81 "GET /resource_providers/e0bb8f91-5f32-4d86-91e4-ff04f802d8fd/aggregates" status: 404 len: 235 microversion: 1.1 [pid: 8|app: 0|req: 596/1195] 10.0.0.81 () {32 vars in 814 bytes} [Wed Jun 10 11:09:32 2026] GET /resource_providers/e0bb8f91-5f32-4d86-91e4-ff04f802d8fd/aggregates => generated 235 bytes in 9 msecs (HTTP/1.1 404) 5 headers in 202 bytes (1 switches on core 0) [pid: 7|app: 0|req: 599/1195] 10.0.0.81 () {32 vars in 814 bytes} [Wed Jun 10 11:09:32 2026] GET /resource_providers/e0bb8f91-5f32-4d86-91e4-ff04f802d8fd/aggregates => generated 235 bytes in 9 msecs (HTTP/1.1 404) 5 headers in 202 bytes (1 switches on core 0)
2026-06-10 11:09:32.206 8 INFO placement.requestlog [None req-bb634bed-9dd5-4828-9df0-2bb7a29f1fca f9477042691d4f1d9c332860d10e038b 7ce9943412ab412ba329d0fe46fcbb06 - - 2a7d8a4d93fe4fe6856d121abe4cbc90 2a7d8a4d93fe4fe6856d121abe4cbc90] 10.0.0.81 "DELETE /resource_providers/e0bb8f91-5f32-4d86-91e4-ff04f802d8fd" status: 404 len: 246 microversion: 1.1 [pid: 8|app: 0|req: 597/1196] 10.0.0.81 () {34 vars in 814 bytes} [Wed Jun 10 11:09:32 2026] DELETE /resource_providers/e0bb8f91-5f32-4d86-91e4-ff04f802d8fd => generated 246 bytes in 7 msecs (HTTP/1.1 404) 6 headers in 231 bytes (1 switches on core 0)
2026-06-10 11:09:32.210 7 INFO placement.requestlog [None req-2ea81cbd-d7ad-4898-9dd2-2a192137f46a f9477042691d4f1d9c332860d10e038b 7ce9943412ab412ba329d0fe46fcbb06 - - 2a7d8a4d93fe4fe6856d121abe4cbc90 2a7d8a4d93fe4fe6856d121abe4cbc90] 10.0.0.81 "DELETE /resource_providers/e0bb8f91-5f32-4d86-91e4-ff04f802d8fd" status: 404 len: 246 microversion: 1.1 [pid: 7|app: 0|req: 600/1197] 10.0.0.81 () {34 vars in 814 bytes} [Wed Jun 10 11:09:32 2026] DELETE /resource_providers/e0bb8f91-5f32-4d86-91e4-ff04f802d8fd => generated 246 bytes in 11 msecs (HTTP/1.1 404) 6 headers in 231 bytes (1 switches on core 0)
2026-06-10 11:09:34.228 8 INFO placement.requestlog [None req-791410a1-0bfa-48b6-b159-cb1cf38495f5 f9477042691d4f1d9c332860d10e038b 7ce9943412ab412ba329d0fe46fcbb06 - - 2a7d8a4d93fe4fe6856d121abe4cbc90 2a7d8a4d93fe4fe6856d121abe4cbc90] 10.0.0.81 "GET /resource_providers/ccee38d5-d094-4a79-9a62-86d21d01fef6/aggregates" status: 404 len: 235 microversion: 1.1 [pid: 8|app: 0|req: 598/1198] 10.0.0.81 () {32 vars in 814 bytes} [Wed Jun 10 11:09:34 2026] GET /resource_providers/ccee38d5-d094-4a79-9a62-86d21d01fef6/aggregates => generated 235 bytes in 13 msecs (HTTP/1.1 404) 5 headers in 202 bytes (1 switches on core 0)
2026-06-10 11:09:34.238 7 INFO placement.requestlog [None req-db305c42-60d8-4f53-a90c-468bb05d7e46 f9477042691d4f1d9c332860d10e038b 7ce9943412ab412ba329d0fe46fcbb06 - - 2a7d8a4d93fe4fe6856d121abe4cbc90 2a7d8a4d93fe4fe6856d121abe4cbc90] 10.0.0.81 "GET /resource_providers/ccee38d5-d094-4a79-9a62-86d21d01fef6/aggregates" status: 404 len: 235 microversion: 1.1 [pid: 7|app: 0|req: 601/1199] 10.0.0.81 () {32 vars in 814 bytes} [Wed Jun 10 11:09:34 2026] GET /resource_providers/ccee38d5-d094-4a79-9a62-86d21d01fef6/aggregates => generated 235 bytes in 21 msecs (HTTP/1.1 404) 5 headers in 202 bytes (1 switches on core 0)
2026-06-10 11:09:34.255 8 INFO placement.requestlog [None req-e4a04520-aecd-45ed-b64e-bf0b9803718f f9477042691d4f1d9c332860d10e038b 7ce9943412ab412ba329d0fe46fcbb06 - - 2a7d8a4d93fe4fe6856d121abe4cbc90 2a7d8a4d93fe4fe6856d121abe4cbc90] 10.0.0.81 "DELETE /resource_providers/ccee38d5-d094-4a79-9a62-86d21d01fef6" status: 404 len: 246 microversion: 1.1 [pid: 8|app: 0|req: 599/1200] 10.0.0.81 () {34 vars in 814 bytes} [Wed Jun 10 11:09:34 2026] DELETE /resource_providers/ccee38d5-d094-4a79-9a62-86d21d01fef6 => generated 246 bytes in 13 msecs (HTTP/1.1 404) 6 headers in 231 bytes (1 switches on core 0)
2026-06-10 11:09:34.260 7 INFO placement.requestlog [None req-27a946f4-d816-4ed5-8d4a-145e2f0efe7b f9477042691d4f1d9c332860d10e038b 7ce9943412ab412ba329d0fe46fcbb06 - - 2a7d8a4d93fe4fe6856d121abe4cbc90 2a7d8a4d93fe4fe6856d121abe4cbc90] 10.0.0.81 "DELETE /resource_providers/ccee38d5-d094-4a79-9a62-86d21d01fef6" status: 404 len: 246 microversion: 1.1 [pid: 7|app: 0|req: 602/1201] 10.0.0.81 () {34 vars in 814 bytes} [Wed Jun 10 11:09:34 2026] DELETE /resource_providers/ccee38d5-d094-4a79-9a62-86d21d01fef6 => generated 246 bytes in 14 msecs (HTTP/1.1 404) 6 headers in 231 bytes (1 switches on core 0)
2026-06-10 11:09:34.270 8 INFO placement.requestlog [None req-6938837f-dfe5-4028-b0f7-bc233bd3d209 f9477042691d4f1d9c332860d10e038b 7ce9943412ab412ba329d0fe46fcbb06 - - 2a7d8a4d93fe4fe6856d121abe4cbc90 2a7d8a4d93fe4fe6856d121abe4cbc90] 10.0.0.81 "GET /resource_providers/0d8d6e19-e451-4a9d-a117-cfcd0ed7dced/aggregates" status: 404 len: 235 microversion: 1.1 [pid: 8|app: 0|req: 600/1202] 10.0.0.81 () {32 vars in 814 bytes} [Wed Jun 10 11:09:34 2026] GET /resource_providers/0d8d6e19-e451-4a9d-a117-cfcd0ed7dced/aggregates => generated 235 bytes in 7 msecs (HTTP/1.1 404) 5 headers in 202 bytes (1 switches on core 0)
2026-06-10 11:09:34.272 7 INFO placement.requestlog [None req-4accb2bb-465d-459b-b28e-f6e3b617ea53 f9477042691d4f1d9c332860d10e038b 7ce9943412ab412ba329d0fe46fcbb06 - - 2a7d8a4d93fe4fe6856d121abe4cbc90 2a7d8a4d93fe4fe6856d121abe4cbc90] 10.0.0.81 "GET /resource_providers/0d8d6e19-e451-4a9d-a117-cfcd0ed7dced/aggregates" status: 404 len: 235 microversion: 1.1 [pid: 7|app: 0|req: 603/1203] 10.0.0.81 () {32 vars in 814 bytes} [Wed Jun 10 11:09:34 2026] GET /resource_providers/0d8d6e19-e451-4a9d-a117-cfcd0ed7dced/aggregates => generated 235 bytes in 7 msecs (HTTP/1.1 404) 5 headers in 202 bytes (1 switches on core 0)
2026-06-10 11:09:34.288 8 INFO placement.requestlog [None req-da3d28c5-6a20-4a25-bd3c-c5332ca2b2f9 f9477042691d4f1d9c332860d10e038b 7ce9943412ab412ba329d0fe46fcbb06 - - 2a7d8a4d93fe4fe6856d121abe4cbc90 2a7d8a4d93fe4fe6856d121abe4cbc90] 10.0.0.81 "DELETE /resource_providers/0d8d6e19-e451-4a9d-a117-cfcd0ed7dced" status: 404 len: 246 microversion: 1.1 [pid: 8|app: 0|req: 601/1204] 10.0.0.81 () {34 vars in 814 bytes} [Wed Jun 10 11:09:34 2026] DELETE /resource_providers/0d8d6e19-e451-4a9d-a117-cfcd0ed7dced => generated 246 bytes in 8 msecs (HTTP/1.1 404) 6 headers in 231 bytes (1 switches on core 0)
2026-06-10 11:09:34.292 7 INFO placement.requestlog [None req-24b072ac-a537-40d3-addb-f15cb80c868f f9477042691d4f1d9c332860d10e038b 7ce9943412ab412ba329d0fe46fcbb06 - - 2a7d8a4d93fe4fe6856d121abe4cbc90 2a7d8a4d93fe4fe6856d121abe4cbc90] 10.0.0.81 "DELETE /resource_providers/0d8d6e19-e451-4a9d-a117-cfcd0ed7dced" status: 404 len: 246 microversion: 1.1 [pid: 7|app: 0|req: 604/1205] 10.0.0.81 () {34 vars in 814 bytes} [Wed Jun 10 11:09:34 2026] DELETE /resource_providers/0d8d6e19-e451-4a9d-a117-cfcd0ed7dced => generated 246 bytes in 12 msecs (HTTP/1.1 404) 6 headers in 231 bytes (1 switches on core 0)
2026-06-10 11:09:41.634 8 INFO placement.requestlog [None req-b0b1c11b-6996-499a-b0f1-6003ac8848a5 - - - - - -] 10.0.0.217 "GET /" status: 200 len: 136 microversion: 1.0
2026-06-10 11:09:41.635 7 INFO placement.requestlog [None req-42137d5a-e45c-481a-8387-48840fdeae2b - - - - - -] 10.0.0.217 "GET /" status: 200 len: 136 microversion: 1.0
2026-06-10 11:09:51.633 8 INFO placement.requestlog [None req-83a4c10a-4834-403a-8257-134af2eb1ff4 - - - - - -] 10.0.0.217 "GET /" status: 200 len: 136 microversion: 1.0
2026-06-10 11:09:51.634 7 INFO placement.requestlog [None req-9758e0cb-b2e2-48c9-8768-edba775cb669 - - - - - -] 10.0.0.217 "GET /" status: 200 len: 136 microversion: 1.0
2026-06-10 11:10:01.633 8 INFO placement.requestlog [None req-a8e54f9a-b9a4-4861-b842-89146a4085e6 - - - - - -] 10.0.0.217 "GET /" status: 200 len: 136 microversion: 1.0
2026-06-10 11:10:01.633 7 INFO placement.requestlog [None req-200365df-12b4-44a7-aacf-c71b55a93c8e - - - - - -] 10.0.0.217 "GET /" status: 200 len: 136 microversion: 1.0
2026-06-10 11:10:09.763 8 INFO placement.requestlog [None req-2f466037-9808-40be-afc1-d59a149c9a78 f9477042691d4f1d9c332860d10e038b 7ce9943412ab412ba329d0fe46fcbb06 - - 2a7d8a4d93fe4fe6856d121abe4cbc90 2a7d8a4d93fe4fe6856d121abe4cbc90] 10.0.0.81 "GET /resource_providers/6c6a87a2-e6b4-41ed-a247-b9720a3fa882/aggregates" status: 404 len: 235 microversion: 1.1 [pid: 8|app: 0|req: 605/1212] 10.0.0.81 () {32 vars in 814 bytes} [Wed Jun 10 11:10:09 2026] GET /resource_providers/6c6a87a2-e6b4-41ed-a247-b9720a3fa882/aggregates => generated 235 bytes in 8 msecs (HTTP/1.1 404) 5 headers in 202 bytes (1 switches on core 0)
2026-06-10 11:10:09.770 7 INFO placement.requestlog [None req-0deef6cf-2ec6-4b5f-b44d-d85fea49eba1 f9477042691d4f1d9c332860d10e038b 7ce9943412ab412ba329d0fe46fcbb06 - - 2a7d8a4d93fe4fe6856d121abe4cbc90 2a7d8a4d93fe4fe6856d121abe4cbc90] 10.0.0.81 "GET /resource_providers/6c6a87a2-e6b4-41ed-a247-b9720a3fa882/aggregates" status: 404 len: 235 microversion: 1.1 [pid: 7|app: 0|req: 608/1213] 10.0.0.81 () {32 vars in 814 bytes} [Wed Jun 10 11:10:09 2026] GET /resource_providers/6c6a87a2-e6b4-41ed-a247-b9720a3fa882/aggregates => generated 235 bytes in 10 msecs (HTTP/1.1 404) 5 headers in 202 bytes (1 switches on core 0)
2026-06-10 11:10:09.789 7 INFO placement.requestlog [None req-807663aa-03f1-427b-a720-8e1882299deb f9477042691d4f1d9c332860d10e038b 7ce9943412ab412ba329d0fe46fcbb06 - - 2a7d8a4d93fe4fe6856d121abe4cbc90 2a7d8a4d93fe4fe6856d121abe4cbc90] 10.0.0.81 "DELETE /resource_providers/6c6a87a2-e6b4-41ed-a247-b9720a3fa882" status: 404 len: 246 microversion: 1.1
2026-06-10 11:10:09.789 8 INFO placement.requestlog [None req-7f2a6e5f-5601-4ca7-b695-6f6fba4566b2 f9477042691d4f1d9c332860d10e038b 7ce9943412ab412ba329d0fe46fcbb06 - - 2a7d8a4d93fe4fe6856d121abe4cbc90 2a7d8a4d93fe4fe6856d121abe4cbc90] 10.0.0.81 "DELETE /resource_providers/6c6a87a2-e6b4-41ed-a247-b9720a3fa882" status: 404 len: 246 microversion: 1.1 [pid: 7|app: 0|req: 609/1214] 10.0.0.81 () {34 vars in 814 bytes} [Wed Jun 10 11:10:09 2026] DELETE /resource_providers/6c6a87a2-e6b4-41ed-a247-b9720a3fa882 => generated 246 bytes in 9 msecs (HTTP/1.1 404) 6 headers in 231 bytes (1 switches on core 0) [pid: 8|app: 0|req: 606/1215] 10.0.0.81 () {34 vars in 814 bytes} [Wed Jun 10 11:10:09 2026] DELETE /resource_providers/6c6a87a2-e6b4-41ed-a247-b9720a3fa882 => generated 246 bytes in 11 msecs (HTTP/1.1 404) 6 headers in 231 bytes (1 switches on core 0)
2026-06-10 11:10:10.749 7 INFO placement.requestlog [req-920a18ee-f8e3-465d-a8cb-456dbb353e3c req-a695eece-431c-4ae3-b3f7-46bbd0a6590c 3cc9d4832daa494dae1487a5d5880d8e 7ce9943412ab412ba329d0fe46fcbb06 - - 2a7d8a4d93fe4fe6856d121abe4cbc90 2a7d8a4d93fe4fe6856d121abe4cbc90] 199.204.45.109 "GET /resource_providers/3c3e34a7-b6ea-418f-9caa-392b64c71456/allocations" status: 200 len: 55 microversion: 1.0 [pid: 7|app: 0|req: 610/1216] 199.204.45.109 () {32 vars in 856 bytes} [Wed Jun 10 11:10:10 2026] GET /resource_providers/3c3e34a7-b6ea-418f-9caa-392b64c71456/allocations => generated 55 bytes in 185 msecs (HTTP/1.1 200) 6 headers in 223 bytes (1 switches on core 0)
2026-06-10 11:10:10.768 8 INFO placement.requestlog [req-920a18ee-f8e3-465d-a8cb-456dbb353e3c req-da1d4f17-0d98-45ea-9017-c2ab21b6760f 3cc9d4832daa494dae1487a5d5880d8e 7ce9943412ab412ba329d0fe46fcbb06 - - 2a7d8a4d93fe4fe6856d121abe4cbc90 2a7d8a4d93fe4fe6856d121abe4cbc90] 199.204.45.109 "GET /resource_providers?in_tree=3c3e34a7-b6ea-418f-9caa-392b64c71456" status: 200 len: 798 microversion: 1.14 [pid: 8|app: 0|req: 607/1217] 199.204.45.109 () {34 vars in 891 bytes} [Wed Jun 10 11:10:10 2026] GET /resource_providers?in_tree=3c3e34a7-b6ea-418f-9caa-392b64c71456 => generated 798 bytes in 15 msecs (HTTP/1.1 200) 6 headers in 225 bytes (1 switches on core 0)
2026-06-10 11:10:10.788 7 INFO placement.requestlog [req-920a18ee-f8e3-465d-a8cb-456dbb353e3c req-e860d1e7-eaba-4a09-ae66-f7eebe96bbbc 3cc9d4832daa494dae1487a5d5880d8e 7ce9943412ab412ba329d0fe46fcbb06 - - 2a7d8a4d93fe4fe6856d121abe4cbc90 2a7d8a4d93fe4fe6856d121abe4cbc90] 199.204.45.109 "GET /resource_providers/3c3e34a7-b6ea-418f-9caa-392b64c71456/inventories" status: 200 len: 401 microversion: 1.0 [pid: 7|app: 0|req: 611/1218] 199.204.45.109 () {32 vars in 856 bytes} [Wed Jun 10 11:10:10 2026] GET /resource_providers/3c3e34a7-b6ea-418f-9caa-392b64c71456/inventories => generated 401 bytes in 15 msecs (HTTP/1.1 200) 6 headers in 224 bytes (1 switches on core 0)
2026-06-10 11:10:10.806 8 INFO placement.requestlog [req-920a18ee-f8e3-465d-a8cb-456dbb353e3c req-81c7b24c-cc0d-4a1b-a086-3c7f5eb1d240 3cc9d4832daa494dae1487a5d5880d8e 7ce9943412ab412ba329d0fe46fcbb06 - - 2a7d8a4d93fe4fe6856d121abe4cbc90 2a7d8a4d93fe4fe6856d121abe4cbc90] 199.204.45.109 "GET /resource_providers/3c3e34a7-b6ea-418f-9caa-392b64c71456/aggregates" status: 200 len: 54 microversion: 1.19 [pid: 8|app: 0|req: 608/1219] 199.204.45.109 () {34 vars in 898 bytes} [Wed Jun 10 11:10:10 2026] GET /resource_providers/3c3e34a7-b6ea-418f-9caa-392b64c71456/aggregates => generated 54 bytes in 13 msecs (HTTP/1.1 200) 8 headers in 295 bytes (1 switches on core 0)
2026-06-10 11:10:10.855 7 INFO placement.requestlog [req-920a18ee-f8e3-465d-a8cb-456dbb353e3c req-9f7c2e41-f1c6-4e6c-afcb-dbfcf0164790 3cc9d4832daa494dae1487a5d5880d8e 7ce9943412ab412ba329d0fe46fcbb06 - - 2a7d8a4d93fe4fe6856d121abe4cbc90 2a7d8a4d93fe4fe6856d121abe4cbc90] 199.204.45.109 "GET /resource_providers/3c3e34a7-b6ea-418f-9caa-392b64c71456/traits" status: 200 len: 2317 microversion: 1.6 [pid: 7|app: 0|req: 612/1220] 199.204.45.109 () {34 vars in 889 bytes} [Wed Jun 10 11:10:10 2026] GET /resource_providers/3c3e34a7-b6ea-418f-9caa-392b64c71456/traits => generated 2317 bytes in 42 msecs (HTTP/1.1 200) 6 headers in 225 bytes (1 switches on core 0)
2026-06-10 11:10:10.870 8 INFO placement.requestlog [req-920a18ee-f8e3-465d-a8cb-456dbb353e3c req-1dd024d3-5b96-45ad-99b5-5ff7cd0879f1 3cc9d4832daa494dae1487a5d5880d8e 7ce9943412ab412ba329d0fe46fcbb06 - - 2a7d8a4d93fe4fe6856d121abe4cbc90 2a7d8a4d93fe4fe6856d121abe4cbc90] 199.204.45.109 "GET /resource_providers/3c3e34a7-b6ea-418f-9caa-392b64c71456/allocations" status: 200 len: 55 microversion: 1.0 [pid: 8|app: 0|req: 609/1221] 199.204.45.109 () {32 vars in 856 bytes} [Wed Jun 10 11:10:10 2026] GET /resource_providers/3c3e34a7-b6ea-418f-9caa-392b64c71456/allocations => generated 55 bytes in 9 msecs (HTTP/1.1 200) 6 headers in 223 bytes (1 switches on core 0)
2026-06-10 11:10:11.633 7 INFO placement.requestlog [None req-e2b05d97-dcba-4e2d-8a2a-9320fa02eac4 - - - - - -] 10.0.0.217 "GET /" status: 200 len: 136 microversion: 1.0
2026-06-10 11:10:11.633 8 INFO placement.requestlog [None req-b332509f-97cc-40ed-b089-e371e1527959 - - - - - -] 10.0.0.217 "GET /" status: 200 len: 136 microversion: 1.0
2026-06-10 11:10:21.633 7 INFO placement.requestlog [None req-333e4491-6c9a-45f7-a8a8-60af0c62aa16 - - - - - -] 10.0.0.217 "GET /" status: 200 len: 136 microversion: 1.0
2026-06-10 11:10:21.633 8 INFO placement.requestlog [None req-cdc8c2cc-0858-41e0-90d5-1ea34b6cf769 - - - - - -] 10.0.0.217 "GET /" status: 200 len: 136 microversion: 1.0
2026-06-10 11:10:31.633 7 INFO placement.requestlog [None req-a22557a5-4136-49a9-8209-0584b8e2cadd - - - - - -] 10.0.0.217 "GET /" status: 200 len: 136 microversion: 1.0
2026-06-10 11:10:31.633 8 INFO placement.requestlog [None req-41ab932d-be5f-417a-a0a7-ce46c1f35a3f - - - - - -] 10.0.0.217 "GET /" status: 200 len: 136 microversion: 1.0
