2026-06-10 11:05:27.778 8 INFO neutron_taas.services.taas.taas_plugin [None req-b097bcf9-262b-4b88-a278-e12a64854f63 78139d74ccc9401e9daaa24a57644498 309e1f9c281b4cf28296b289ee5b7f80 - - default default] TaaS: Handle Delete Port: 7b18d57b-3db1-4eb7-a566-fad3a585ab0b
2026-06-10 11:05:27.780 8 INFO neutron_taas.services.taas.tap_mirror_plugin [None req-b097bcf9-262b-4b88-a278-e12a64854f63 78139d74ccc9401e9daaa24a57644498 309e1f9c281b4cf28296b289ee5b7f80 - - default default] Tap Mirror: Handle Delete Port: 7b18d57b-3db1-4eb7-a566-fad3a585ab0b
2026-06-10 11:05:27.829 7 INFO neutron.db.ovn_revision_numbers_db [None req-6ab1a682-e357-4599-af4f-f689a671538c 51875fa03db945cc9213776c17f0e32e 5433a9ca333342ad97e846de32c29c8d - - default default] Successfully bumped revision number for resource e4a28399-b911-43e0-8712-40542256ecfb (type: security_groups) to 1
2026-06-10 11:05:27.840 7 INFO neutron.db.ovn_revision_numbers_db [None req-6ab1a682-e357-4599-af4f-f689a671538c 51875fa03db945cc9213776c17f0e32e 5433a9ca333342ad97e846de32c29c8d - - default default] Successfully bumped revision number for resource 04b6fecb-1d6d-4c6a-b64e-c004bb6ba705 (type: security_group_rules) to 0
2026-06-10 11:05:27.856 7 INFO neutron.db.ovn_revision_numbers_db [None req-6ab1a682-e357-4599-af4f-f689a671538c 51875fa03db945cc9213776c17f0e32e 5433a9ca333342ad97e846de32c29c8d - - default default] Successfully bumped revision number for resource 2022bcfc-6583-4b8c-82ef-138b099a1217 (type: security_group_rules) to 0
2026-06-10 11:05:27.867 7 INFO neutron.db.ovn_revision_numbers_db [None req-6ab1a682-e357-4599-af4f-f689a671538c 51875fa03db945cc9213776c17f0e32e 5433a9ca333342ad97e846de32c29c8d - - default default] Successfully bumped revision number for resource 36fbcbfb-f23e-41ba-bb57-2da31820f3ac (type: security_group_rules) to 0
2026-06-10 11:05:27.889 7 INFO neutron.db.ovn_revision_numbers_db [None req-6ab1a682-e357-4599-af4f-f689a671538c 51875fa03db945cc9213776c17f0e32e 5433a9ca333342ad97e846de32c29c8d - - default default] Successfully bumped revision number for resource c314b885-d9c9-457c-a5b8-3c486c5220b5 (type: security_group_rules) to 0 [pid: 7|app: 0|req: 1224/2515] 10.0.0.72 () {32 vars in 773 bytes} [Wed Jun 10 11:05:27 2026] GET /v2.0/security-groups?tenant_id=d8a31924b19c40f690aca1ec2c1568d5&name=default => generated 2925 bytes in 227 msecs (HTTP/1.1 200) 4 headers in 158 bytes (1 switches on core 0)
2026-06-10 11:05:27.952 8 INFO neutron.services.segments.plugin [-] Segment 260440b0-98da-42b4-878b-ee4b3f03eeb4 resource provider aggregate not found
2026-06-10 11:05:27.955 8 INFO neutron.services.segments.plugin [-] Segment 260440b0-98da-42b4-878b-ee4b3f03eeb4 resource provider aggregate not found
2026-06-10 11:05:27.967 8 INFO neutron.services.segments.plugin [-] Segment 260440b0-98da-42b4-878b-ee4b3f03eeb4 resource provider not found; error: Placement Client Error (4xx): {"errors": [{"status": 404, "title": "Not Found", "detail": "The resource could not be found.\n\n No resource provider with uuid 260440b0-98da-42b4-878b-ee4b3f03eeb4 found for delete ", "request_id": "req-5130978f-0745-49da-8d1b-fd4cf1e32781"}]}
2026-06-10 11:05:27.969 8 INFO neutron.services.segments.plugin [-] Segment 260440b0-98da-42b4-878b-ee4b3f03eeb4 resource provider not found; error: Placement Client Error (4xx): {"errors": [{"status": 404, "title": "Not Found", "detail": "The resource could not be found.\n\n No resource provider with uuid 260440b0-98da-42b4-878b-ee4b3f03eeb4 found for delete ", "request_id": "req-4a328cde-3d40-4638-8b98-75567e4932c0"}]} [pid: 8|app: 0|req: 1292/2516] 10.0.0.72 () {32 vars in 725 bytes} [Wed Jun 10 11:05:27 2026] DELETE /v2.0/networks/b0b2631d-ce0d-4f28-ba73-ed9db00fa439 => generated 0 bytes in 322 msecs (HTTP/1.1 204) 3 headers in 131 bytes (1 switches on core 0)
2026-06-10 11:05:28.140 8 INFO neutron_taas.services.taas.taas_plugin [None req-2ba84b21-b1e2-4012-af08-7d65b8690151 78139d74ccc9401e9daaa24a57644498 309e1f9c281b4cf28296b289ee5b7f80 - - default default] TaaS: Handle Delete Port: 1b2eb306-651d-4800-a6da-644ed969e7e2
2026-06-10 11:05:28.144 8 INFO neutron_taas.services.taas.tap_mirror_plugin [None req-2ba84b21-b1e2-4012-af08-7d65b8690151 78139d74ccc9401e9daaa24a57644498 309e1f9c281b4cf28296b289ee5b7f80 - - default default] Tap Mirror: Handle Delete Port: 1b2eb306-651d-4800-a6da-644ed969e7e2 [pid: 7|app: 0|req: 1225/2517] 10.0.0.72 () {32 vars in 739 bytes} [Wed Jun 10 11:05:27 2026] DELETE /v2.0/security-groups/e4a28399-b911-43e0-8712-40542256ecfb => generated 0 bytes in 234 msecs (HTTP/1.1 204) 2 headers in 112 bytes (1 switches on core 0) [pid: 8|app: 0|req: 1293/2518] 10.0.0.72 () {32 vars in 725 bytes} [Wed Jun 10 11:05:27 2026] DELETE /v2.0/networks/c37a71ea-9ab8-45da-b6dc-8faf1b4e41e4 => generated 0 bytes in 380 msecs (HTTP/1.1 204) 3 headers in 131 bytes (1 switches on core 0)
2026-06-10 11:05:28.483 7 INFO neutron_taas.services.taas.taas_plugin [None req-9d685031-beb1-4c0f-bfb5-6328adb63fb2 78139d74ccc9401e9daaa24a57644498 309e1f9c281b4cf28296b289ee5b7f80 - - default default] TaaS: Handle Delete Port: b1a0c1b2-4a97-44cd-812c-499f65ad4867
2026-06-10 11:05:28.486 7 INFO neutron_taas.services.taas.tap_mirror_plugin [None req-9d685031-beb1-4c0f-bfb5-6328adb63fb2 78139d74ccc9401e9daaa24a57644498 309e1f9c281b4cf28296b289ee5b7f80 - - default default] Tap Mirror: Handle Delete Port: b1a0c1b2-4a97-44cd-812c-499f65ad4867
2026-06-10 11:05:28.666 7 INFO neutron.services.segments.plugin [-] Segment ba2859af-fcab-4331-83dc-aec6831cc726 resource provider aggregate not found
2026-06-10 11:05:28.676 7 INFO neutron.services.segments.plugin [-] Segment ba2859af-fcab-4331-83dc-aec6831cc726 resource provider aggregate not found
2026-06-10 11:05:28.688 7 INFO neutron.services.segments.plugin [-] Segment ba2859af-fcab-4331-83dc-aec6831cc726 resource provider not found; error: Placement Client Error (4xx): {"errors": [{"status": 404, "title": "Not Found", "detail": "The resource could not be found.\n\n No resource provider with uuid ba2859af-fcab-4331-83dc-aec6831cc726 found for delete ", "request_id": "req-a53013c9-c366-46fd-8171-8068ac27e7fa"}]}
2026-06-10 11:05:28.697 7 INFO neutron.services.segments.plugin [-] Segment ba2859af-fcab-4331-83dc-aec6831cc726 resource provider not found; error: Placement Client Error (4xx): {"errors": [{"status": 404, "title": "Not Found", "detail": "The resource could not be found.\n\n No resource provider with uuid ba2859af-fcab-4331-83dc-aec6831cc726 found for delete ", "request_id": "req-419af922-7469-44dd-aadf-5ebb62b4f0d0"}]} [pid: 7|app: 0|req: 1226/2519] 10.0.0.72 () {32 vars in 725 bytes} [Wed Jun 10 11:05:28 2026] DELETE /v2.0/networks/9c6b55ab-6bee-4537-8ffc-b1ba58252601 => generated 0 bytes in 342 msecs (HTTP/1.1 204) 3 headers in 131 bytes (1 switches on core 0)
2026-06-10 11:05:28.811 8 INFO neutron_taas.services.taas.taas_plugin [None req-d3271392-244a-40cd-9c02-5c4ac7187f66 78139d74ccc9401e9daaa24a57644498 309e1f9c281b4cf28296b289ee5b7f80 - - default default] TaaS: Handle Delete Port: 3a3d42a3-154a-4f5e-b02a-002714b9bd29
2026-06-10 11:05:28.813 8 INFO neutron_taas.services.taas.tap_mirror_plugin [None req-d3271392-244a-40cd-9c02-5c4ac7187f66 78139d74ccc9401e9daaa24a57644498 309e1f9c281b4cf28296b289ee5b7f80 - - default default] Tap Mirror: Handle Delete Port: 3a3d42a3-154a-4f5e-b02a-002714b9bd29 [pid: 8|app: 0|req: 1294/2520] 10.0.0.72 () {32 vars in 725 bytes} [Wed Jun 10 11:05:28 2026] DELETE /v2.0/networks/01ac31f4-1151-4f2d-8736-7c40d0d0ecf9 => generated 0 bytes in 249 msecs (HTTP/1.1 204) 3 headers in 131 bytes (1 switches on core 0)
2026-06-10 11:05:29.125 7 INFO neutron_taas.services.taas.taas_plugin [None req-c51f045b-3d49-488f-ba3d-cd0882cde1b6 78139d74ccc9401e9daaa24a57644498 309e1f9c281b4cf28296b289ee5b7f80 - - default default] TaaS: Handle Delete Port: 37b558cf-7b0b-4c57-a183-14c97cba12d8
2026-06-10 11:05:29.127 8 INFO neutron.plugins.ml2.drivers.ovn.mech_driver.mech_driver [None req-6ad0c746-1532-4463-9901-568dbbe5e019 - - - - - -] OVN reports status up for port: 1bf54431-ce23-4659-886d-b03b09719e90
2026-06-10 11:05:29.131 7 INFO neutron_taas.services.taas.tap_mirror_plugin [None req-c51f045b-3d49-488f-ba3d-cd0882cde1b6 78139d74ccc9401e9daaa24a57644498 309e1f9c281b4cf28296b289ee5b7f80 - - default default] Tap Mirror: Handle Delete Port: 37b558cf-7b0b-4c57-a183-14c97cba12d8
2026-06-10 11:05:29.148 8 INFO neutron.plugins.ml2.plugin [None req-6ad0c746-1532-4463-9901-568dbbe5e019 - - - - - -] Attempt 1 to provision port 1bf54431-ce23-4659-886d-b03b09719e90
2026-06-10 11:05:29.303 8 INFO neutron.notifiers.nova [-] Nova event matching ['req-121c1699-5655-40ed-b332-6b88f66c39f8'] response: {'server_uuid': 'a6649597-c5b7-455c-9eb5-ad6da5f6c541', 'name': 'network-vif-plugged', 'status': 'completed', 'tag': '1bf54431-ce23-4659-886d-b03b09719e90', 'code': 200} [pid: 7|app: 0|req: 1227/2521] 10.0.0.72 () {32 vars in 725 bytes} [Wed Jun 10 11:05:28 2026] DELETE /v2.0/networks/4cbf77b8-6236-4a8a-847c-9bd193c00cc4 => generated 0 bytes in 376 msecs (HTTP/1.1 204) 3 headers in 131 bytes (1 switches on core 0) [pid: 8|app: 0|req: 1295/2522] 10.0.0.235 () {34 vars in 990 bytes} [Wed Jun 10 11:05:29 2026] GET /v2.0/ports?device_id=a6649597-c5b7-455c-9eb5-ad6da5f6c541 => generated 1200 bytes in 183 msecs (HTTP/1.1 200) 4 headers in 158 bytes (1 switches on core 0) [pid: 7|app: 0|req: 1228/2523] 10.0.0.235 () {34 vars in 1040 bytes} [Wed Jun 10 11:05:29 2026] GET /v2.0/security-groups?id=c91b9e5c-6efe-4b66-9360-b4ba3ca0b768&fields=id&fields=name => generated 111 bytes in 36 msecs (HTTP/1.1 200) 4 headers in 157 bytes (1 switches on core 0)
2026-06-10 11:05:29.575 8 INFO neutron.db.ovn_revision_numbers_db [None req-6ad0c746-1532-4463-9901-568dbbe5e019 - - - - - -] Successfully bumped revision number for resource 1bf54431-ce23-4659-886d-b03b09719e90 (type: ports) to 5
2026-06-10 11:05:29.986 8 INFO neutron.services.segments.plugin [-] Segment ebc07012-ed8d-4152-a576-bf0114d425a8 resource provider aggregate not found
2026-06-10 11:05:29.992 8 INFO neutron.services.segments.plugin [-] Segment ebc07012-ed8d-4152-a576-bf0114d425a8 resource provider aggregate not found
2026-06-10 11:05:30.004 8 INFO neutron.services.segments.plugin [-] Segment ebc07012-ed8d-4152-a576-bf0114d425a8 resource provider not found; error: Placement Client Error (4xx): {"errors": [{"status": 404, "title": "Not Found", "detail": "The resource could not be found.\n\n No resource provider with uuid ebc07012-ed8d-4152-a576-bf0114d425a8 found for delete ", "request_id": "req-2a5d13fd-3632-46cf-8f33-3b5ae1e12628"}]}
2026-06-10 11:05:30.010 8 INFO neutron.services.segments.plugin [-] Segment ebc07012-ed8d-4152-a576-bf0114d425a8 resource provider not found; error: Placement Client Error (4xx): {"errors": [{"status": 404, "title": "Not Found", "detail": "The resource could not be found.\n\n No resource provider with uuid ebc07012-ed8d-4152-a576-bf0114d425a8 found for delete ", "request_id": "req-57e7e0d2-de5f-4220-9a73-7fe58a333f3c"}]}
2026-06-10 11:05:30.016 8 INFO neutron.services.segments.plugin [-] Segment fab4c6ae-c923-471c-a0ad-8b94b8b73dfc resource provider aggregate not found
2026-06-10 11:05:30.031 8 INFO neutron.services.segments.plugin [-] Segment fab4c6ae-c923-471c-a0ad-8b94b8b73dfc resource provider aggregate not found
2026-06-10 11:05:30.054 8 INFO neutron.services.segments.plugin [-] Segment fab4c6ae-c923-471c-a0ad-8b94b8b73dfc resource provider not found; error: Placement Client Error (4xx): {"errors": [{"status": 404, "title": "Not Found", "detail": "The resource could not be found.\n\n No resource provider with uuid fab4c6ae-c923-471c-a0ad-8b94b8b73dfc found for delete ", "request_id": "req-268ce018-0df7-464b-bd5c-4e966ecf3380"}]}
2026-06-10 11:05:30.058 8 INFO neutron.services.segments.plugin [-] Segment fab4c6ae-c923-471c-a0ad-8b94b8b73dfc resource provider not found; error: Placement Client Error (4xx): {"errors": [{"status": 404, "title": "Not Found", "detail": "The resource could not be found.\n\n No resource provider with uuid fab4c6ae-c923-471c-a0ad-8b94b8b73dfc found for delete ", "request_id": "req-afe0f6c0-cb76-4868-a2dd-892285b7bef0"}]} /var/lib/openstack/lib/python3.12/site-packages/pycadf/identifier.py:70: UserWarning: Invalid uuid: neutron. To ensure interoperability, identifiers should be a valid uuid. warnings.warn(('Invalid uuid: %s. To ensure interoperability, '
2026-06-10 11:05:30.367 8 INFO neutron.db.ovn_revision_numbers_db [None req-df9c45ab-0fdc-4201-ae94-787effebee90 51875fa03db945cc9213776c17f0e32e 5433a9ca333342ad97e846de32c29c8d - - default default] Successfully bumped revision number for resource ce138c86-cdf0-4b05-82b0-30223ba79a79 (type: security_groups) to 1
2026-06-10 11:05:30.381 8 INFO neutron.db.ovn_revision_numbers_db [None req-df9c45ab-0fdc-4201-ae94-787effebee90 51875fa03db945cc9213776c17f0e32e 5433a9ca333342ad97e846de32c29c8d - - default default] Successfully bumped revision number for resource aa3d5ee1-ffa8-4404-aa5a-b50b2fc53260 (type: security_group_rules) to 0
2026-06-10 11:05:30.391 8 INFO neutron.db.ovn_revision_numbers_db [None req-df9c45ab-0fdc-4201-ae94-787effebee90 51875fa03db945cc9213776c17f0e32e 5433a9ca333342ad97e846de32c29c8d - - default default] Successfully bumped revision number for resource d8c40838-52e4-4bc6-bfe4-bcae3a176da7 (type: security_group_rules) to 0
2026-06-10 11:05:30.403 8 INFO neutron.db.ovn_revision_numbers_db [None req-df9c45ab-0fdc-4201-ae94-787effebee90 51875fa03db945cc9213776c17f0e32e 5433a9ca333342ad97e846de32c29c8d - - default default] Successfully bumped revision number for resource e900b028-9840-40da-a007-b02e736f9fc0 (type: security_group_rules) to 0
2026-06-10 11:05:30.413 8 INFO neutron.db.ovn_revision_numbers_db [None req-df9c45ab-0fdc-4201-ae94-787effebee90 51875fa03db945cc9213776c17f0e32e 5433a9ca333342ad97e846de32c29c8d - - default default] Successfully bumped revision number for resource ecf05a2c-8d0e-41ab-a3c1-6d3b125e6e84 (type: security_group_rules) to 0 [pid: 8|app: 0|req: 1296/2524] 10.0.0.72 () {32 vars in 773 bytes} [Wed Jun 10 11:05:30 2026] GET /v2.0/security-groups?tenant_id=aedc3a2673b74c1184b10cbe307b2b70&name=default => generated 2925 bytes in 331 msecs (HTTP/1.1 200) 4 headers in 158 bytes (1 switches on core 0)
2026-06-10 11:05:30.713 7 INFO neutron.services.segments.plugin [-] Segment c3b3dc1f-4347-499a-8b56-7668d5548024 resource provider aggregate not found
2026-06-10 11:05:30.717 7 INFO neutron.services.segments.plugin [-] Segment c3b3dc1f-4347-499a-8b56-7668d5548024 resource provider aggregate not found
2026-06-10 11:05:30.726 7 INFO neutron.services.segments.plugin [-] Segment c3b3dc1f-4347-499a-8b56-7668d5548024 resource provider not found; error: Placement Client Error (4xx): {"errors": [{"status": 404, "title": "Not Found", "detail": "The resource could not be found.\n\n No resource provider with uuid c3b3dc1f-4347-499a-8b56-7668d5548024 found for delete ", "request_id": "req-5b9cff20-96d2-4af4-aa22-f544abe38367"}]} [pid: 7|app: 0|req: 1229/2525] 10.0.0.72 () {32 vars in 739 bytes} [Wed Jun 10 11:05:30 2026] DELETE /v2.0/security-groups/ce138c86-cdf0-4b05-82b0-30223ba79a79 => generated 0 bytes in 275 msecs (HTTP/1.1 204) 2 headers in 112 bytes (1 switches on core 0)
2026-06-10 11:05:30.741 7 INFO neutron.services.segments.plugin [-] Segment c3b3dc1f-4347-499a-8b56-7668d5548024 resource provider not found; error: Placement Client Error (4xx): {"errors": [{"status": 404, "title": "Not Found", "detail": "The resource could not be found.\n\n No resource provider with uuid c3b3dc1f-4347-499a-8b56-7668d5548024 found for delete ", "request_id": "req-5c2353c9-8d7c-41b1-8944-abfaeaa00807"}]}
2026-06-10 11:05:31.020 8 INFO neutron.db.ovn_revision_numbers_db [None req-f45675a0-6042-408e-9a6b-f3936dd34ca9 51875fa03db945cc9213776c17f0e32e 5433a9ca333342ad97e846de32c29c8d - - default default] Successfully bumped revision number for resource ebfec597-2ecd-445f-a073-6d49852ff49c (type: security_groups) to 1
2026-06-10 11:05:31.043 8 INFO neutron.db.ovn_revision_numbers_db [None req-f45675a0-6042-408e-9a6b-f3936dd34ca9 51875fa03db945cc9213776c17f0e32e 5433a9ca333342ad97e846de32c29c8d - - default default] Successfully bumped revision number for resource 127f5017-14ad-44a6-8517-382a7b246344 (type: security_group_rules) to 0
2026-06-10 11:05:31.061 8 INFO neutron.db.ovn_revision_numbers_db [None req-f45675a0-6042-408e-9a6b-f3936dd34ca9 51875fa03db945cc9213776c17f0e32e 5433a9ca333342ad97e846de32c29c8d - - default default] Successfully bumped revision number for resource 2229156d-5cb4-45cd-b0e7-16365b4395fc (type: security_group_rules) to 0
2026-06-10 11:05:31.072 8 INFO neutron.db.ovn_revision_numbers_db [None req-f45675a0-6042-408e-9a6b-f3936dd34ca9 51875fa03db945cc9213776c17f0e32e 5433a9ca333342ad97e846de32c29c8d - - default default] Successfully bumped revision number for resource c06deee5-12d4-4865-81e8-c7be73b21831 (type: security_group_rules) to 0
2026-06-10 11:05:31.084 8 INFO neutron.db.ovn_revision_numbers_db [None req-f45675a0-6042-408e-9a6b-f3936dd34ca9 51875fa03db945cc9213776c17f0e32e 5433a9ca333342ad97e846de32c29c8d - - default default] Successfully bumped revision number for resource ffcd22de-e242-4b30-b8a5-bf3d5c96f258 (type: security_group_rules) to 0 [pid: 8|app: 0|req: 1297/2526] 10.0.0.72 () {32 vars in 773 bytes} [Wed Jun 10 11:05:30 2026] GET /v2.0/security-groups?tenant_id=9eef60db15c14d9f99e07f3cad017604&name=default => generated 2925 bytes in 252 msecs (HTTP/1.1 200) 4 headers in 158 bytes (1 switches on core 0)
2026-06-10 11:05:31.363 8 INFO neutron.notifiers.nova [-] Nova event matching ['req-5de74dcf-dafa-447d-94f4-c466863a645e'] response: {'server_uuid': 'a6649597-c5b7-455c-9eb5-ad6da5f6c541', 'name': 'network-vif-plugged', 'status': 'completed', 'tag': '1bf54431-ce23-4659-886d-b03b09719e90', 'code': 200} [pid: 7|app: 0|req: 1230/2527] 10.0.0.72 () {32 vars in 739 bytes} [Wed Jun 10 11:05:31 2026] DELETE /v2.0/security-groups/ebfec597-2ecd-445f-a073-6d49852ff49c => generated 0 bytes in 316 msecs (HTTP/1.1 204) 2 headers in 112 bytes (1 switches on core 0) [pid: 8|app: 0|req: 1298/2528] 10.0.0.72 () {32 vars in 773 bytes} [Wed Jun 10 11:05:31 2026] GET /v2.0/security-groups?tenant_id=309e1f9c281b4cf28296b289ee5b7f80&name=default => generated 2925 bytes in 32 msecs (HTTP/1.1 200) 4 headers in 158 bytes (1 switches on core 0) [pid: 7|app: 0|req: 1231/2529] 10.0.0.72 () {32 vars in 739 bytes} [Wed Jun 10 11:05:31 2026] DELETE /v2.0/security-groups/d8820053-0a6f-4040-9c91-c58f83a6f9fb => generated 0 bytes in 283 msecs (HTTP/1.1 204) 2 headers in 112 bytes (1 switches on core 0)
2026-06-10 11:05:32.771 8 INFO neutron.db.ovn_revision_numbers_db [None req-50544477-f748-4ed0-9b74-deb8e5ea51d8 665e4c4e755f48039a44dcc60c6762e4 5da389435a7c441fa9216ceed7829d88 - - default default] Successfully bumped revision number for resource 8f2eabd6-f56a-4531-ad29-52a8b6f0daa2 (type: security_groups) to 1
2026-06-10 11:05:32.786 8 INFO neutron.db.ovn_revision_numbers_db [None req-50544477-f748-4ed0-9b74-deb8e5ea51d8 665e4c4e755f48039a44dcc60c6762e4 5da389435a7c441fa9216ceed7829d88 - - default default] Successfully bumped revision number for resource 1aa634be-0ee7-4d90-b4c4-290d4138c00c (type: security_group_rules) to 0
2026-06-10 11:05:32.808 8 INFO neutron.db.ovn_revision_numbers_db [None req-50544477-f748-4ed0-9b74-deb8e5ea51d8 665e4c4e755f48039a44dcc60c6762e4 5da389435a7c441fa9216ceed7829d88 - - default default] Successfully bumped revision number for resource 47b8c608-5e1f-4326-83f6-502b199d26b2 (type: security_group_rules) to 0
2026-06-10 11:05:32.820 8 INFO neutron.db.ovn_revision_numbers_db [None req-50544477-f748-4ed0-9b74-deb8e5ea51d8 665e4c4e755f48039a44dcc60c6762e4 5da389435a7c441fa9216ceed7829d88 - - default default] Successfully bumped revision number for resource 8414af7a-457a-40ad-9774-b78e378d3d0b (type: security_group_rules) to 0
2026-06-10 11:05:32.835 8 INFO neutron.db.ovn_revision_numbers_db [None req-50544477-f748-4ed0-9b74-deb8e5ea51d8 665e4c4e755f48039a44dcc60c6762e4 5da389435a7c441fa9216ceed7829d88 - - default default] Successfully bumped revision number for resource ae7d3c9b-915f-42d8-8841-d8567e41989d (type: security_group_rules) to 0
2026-06-10 11:05:32.923 8 INFO neutron.db.segments_db [None req-50544477-f748-4ed0-9b74-deb8e5ea51d8 665e4c4e755f48039a44dcc60c6762e4 5da389435a7c441fa9216ceed7829d88 - - default default] Added segment 1b223798-c494-4375-9907-5dc608ad48b9 of type geneve for network 63236876-7481-4d6b-95bb-69ea34507027
2026-06-10 11:05:33.038 8 INFO neutron.db.ovn_revision_numbers_db [None req-50544477-f748-4ed0-9b74-deb8e5ea51d8 665e4c4e755f48039a44dcc60c6762e4 5da389435a7c441fa9216ceed7829d88 - - default default] Successfully bumped revision number for resource 63236876-7481-4d6b-95bb-69ea34507027 (type: networks) to 1
2026-06-10 11:05:33.178 8 WARNING neutron.scheduler.dhcp_agent_scheduler [None req-50544477-f748-4ed0-9b74-deb8e5ea51d8 665e4c4e755f48039a44dcc60c6762e4 5da389435a7c441fa9216ceed7829d88 - - default default] No more DHCP agents
2026-06-10 11:05:33.179 8 WARNING neutron.api.rpc.agentnotifiers.dhcp_rpc_agent_api [None req-50544477-f748-4ed0-9b74-deb8e5ea51d8 665e4c4e755f48039a44dcc60c6762e4 5da389435a7c441fa9216ceed7829d88 - - default default] Unable to schedule network 63236876-7481-4d6b-95bb-69ea34507027: no agents available; will retry on subsequent port and subnet creation events.
2026-06-10 11:05:33.235 8 INFO neutron.plugins.ml2.drivers.ovn.mech_driver.mech_driver [None req-e44e443d-4cfc-4ded-bfe8-6174b6193ec2 - - - - - -] OVN reports status down for port: 692a9e1d-2903-464e-b1e7-b0d6487c18e2
2026-06-10 11:05:33.321 8 INFO neutron.db.ovn_revision_numbers_db [None req-50544477-f748-4ed0-9b74-deb8e5ea51d8 665e4c4e755f48039a44dcc60c6762e4 5da389435a7c441fa9216ceed7829d88 - - default default] Successfully bumped revision number for resource 692a9e1d-2903-464e-b1e7-b0d6487c18e2 (type: ports) to 1 [pid: 8|app: 0|req: 1299/2530] 10.0.0.72 () {34 vars in 669 bytes} [Wed Jun 10 11:05:32 2026] POST /v2.0/networks => generated 651 bytes in 863 msecs (HTTP/1.1 201) 4 headers in 162 bytes (1 switches on core 0)
2026-06-10 11:05:33.606 7 WARNING neutron.scheduler.dhcp_agent_scheduler [None req-bc65f52d-a3e0-4aac-bfe0-bca14dfc945b 665e4c4e755f48039a44dcc60c6762e4 5da389435a7c441fa9216ceed7829d88 - - default default] No more DHCP agents
2026-06-10 11:05:33.607 7 WARNING neutron.api.rpc.agentnotifiers.dhcp_rpc_agent_api [None req-bc65f52d-a3e0-4aac-bfe0-bca14dfc945b 665e4c4e755f48039a44dcc60c6762e4 5da389435a7c441fa9216ceed7829d88 - - default default] Unable to schedule network 63236876-7481-4d6b-95bb-69ea34507027: no agents available; will retry on subsequent port and subnet creation events.
2026-06-10 11:05:33.680 7 INFO neutron.plugins.ml2.drivers.ovn.mech_driver.mech_driver [None req-46edaad5-5ffa-44ae-9cdd-10abcc0cb33c - - - - - -] OVN reports status down for port: d5fa5f98-e932-4f50-9ec0-679802eccbda
2026-06-10 11:05:33.735 7 INFO neutron.db.ovn_revision_numbers_db [None req-bc65f52d-a3e0-4aac-bfe0-bca14dfc945b 665e4c4e755f48039a44dcc60c6762e4 5da389435a7c441fa9216ceed7829d88 - - default default] Successfully bumped revision number for resource d5fa5f98-e932-4f50-9ec0-679802eccbda (type: ports) to 1 [pid: 7|app: 0|req: 1232/2531] 10.0.0.72 () {34 vars in 663 bytes} [Wed Jun 10 11:05:33 2026] POST /v2.0/ports => generated 743 bytes in 418 msecs (HTTP/1.1 201) 4 headers in 162 bytes (1 switches on core 0)
2026-06-10 11:05:33.902 8 INFO neutron.db.segments_db [None req-ecfb3cd0-50d7-4aa2-88e2-c21b261134eb 665e4c4e755f48039a44dcc60c6762e4 5da389435a7c441fa9216ceed7829d88 - - default default] Added segment c1126690-d369-4d42-af7a-6cc25e18a853 of type geneve for network a28d5b75-605c-447c-bf10-cd9b08eff331
2026-06-10 11:05:34.001 8 INFO neutron.db.ovn_revision_numbers_db [None req-ecfb3cd0-50d7-4aa2-88e2-c21b261134eb 665e4c4e755f48039a44dcc60c6762e4 5da389435a7c441fa9216ceed7829d88 - - default default] Successfully bumped revision number for resource a28d5b75-605c-447c-bf10-cd9b08eff331 (type: networks) to 1
2026-06-10 11:05:34.177 8 WARNING neutron.scheduler.dhcp_agent_scheduler [None req-ecfb3cd0-50d7-4aa2-88e2-c21b261134eb 665e4c4e755f48039a44dcc60c6762e4 5da389435a7c441fa9216ceed7829d88 - - default default] No more DHCP agents
2026-06-10 11:05:34.179 8 WARNING neutron.api.rpc.agentnotifiers.dhcp_rpc_agent_api [None req-ecfb3cd0-50d7-4aa2-88e2-c21b261134eb 665e4c4e755f48039a44dcc60c6762e4 5da389435a7c441fa9216ceed7829d88 - - default default] Unable to schedule network a28d5b75-605c-447c-bf10-cd9b08eff331: no agents available; will retry on subsequent port and subnet creation events.
2026-06-10 11:05:34.229 8 INFO neutron.plugins.ml2.drivers.ovn.mech_driver.mech_driver [None req-e44e443d-4cfc-4ded-bfe8-6174b6193ec2 - - - - - -] OVN reports status down for port: c33ee07d-72fd-46e5-9cc8-2f565db88919
2026-06-10 11:05:34.287 8 INFO neutron.db.ovn_revision_numbers_db [None req-ecfb3cd0-50d7-4aa2-88e2-c21b261134eb 665e4c4e755f48039a44dcc60c6762e4 5da389435a7c441fa9216ceed7829d88 - - default default] Successfully bumped revision number for resource c33ee07d-72fd-46e5-9cc8-2f565db88919 (type: ports) to 1 [pid: 8|app: 0|req: 1300/2532] 10.0.0.72 () {34 vars in 669 bytes} [Wed Jun 10 11:05:33 2026] POST /v2.0/networks => generated 651 bytes in 503 msecs (HTTP/1.1 201) 4 headers in 162 bytes (1 switches on core 0) /var/lib/openstack/lib/python3.12/site-packages/pycadf/identifier.py:70: UserWarning: Invalid uuid: neutron. To ensure interoperability, identifiers should be a valid uuid. warnings.warn(('Invalid uuid: %s. To ensure interoperability, '
2026-06-10 11:05:34.534 7 WARNING neutron.scheduler.dhcp_agent_scheduler [None req-3132ba92-742c-460f-903e-8253da05f196 665e4c4e755f48039a44dcc60c6762e4 5da389435a7c441fa9216ceed7829d88 - - default default] No more DHCP agents
2026-06-10 11:05:34.535 7 WARNING neutron.api.rpc.agentnotifiers.dhcp_rpc_agent_api [None req-3132ba92-742c-460f-903e-8253da05f196 665e4c4e755f48039a44dcc60c6762e4 5da389435a7c441fa9216ceed7829d88 - - default default] Unable to schedule network a28d5b75-605c-447c-bf10-cd9b08eff331: no agents available; will retry on subsequent port and subnet creation events.
2026-06-10 11:05:34.586 8 INFO neutron.plugins.ml2.drivers.ovn.mech_driver.mech_driver [None req-e44e443d-4cfc-4ded-bfe8-6174b6193ec2 - - - - - -] OVN reports status down for port: 6bb3eb36-1af6-43e8-a74b-905d7e353557
2026-06-10 11:05:34.616 7 INFO neutron.db.ovn_revision_numbers_db [None req-3132ba92-742c-460f-903e-8253da05f196 665e4c4e755f48039a44dcc60c6762e4 5da389435a7c441fa9216ceed7829d88 - - default default] Successfully bumped revision number for resource 6bb3eb36-1af6-43e8-a74b-905d7e353557 (type: ports) to 1 [pid: 7|app: 0|req: 1233/2533] 10.0.0.72 () {34 vars in 663 bytes} [Wed Jun 10 11:05:34 2026] POST /v2.0/ports => generated 743 bytes in 348 msecs (HTTP/1.1 201) 4 headers in 162 bytes (1 switches on core 0) /var/lib/openstack/lib/python3.12/site-packages/pycadf/identifier.py:70: UserWarning: Invalid uuid: neutron. To ensure interoperability, identifiers should be a valid uuid. warnings.warn(('Invalid uuid: %s. To ensure interoperability, ' [pid: 8|app: 0|req: 1301/2534] 10.0.0.235 () {34 vars in 990 bytes} [Wed Jun 10 11:05:34 2026] GET /v2.0/ports?device_id=a6649597-c5b7-455c-9eb5-ad6da5f6c541 => generated 1200 bytes in 145 msecs (HTTP/1.1 200) 4 headers in 158 bytes (1 switches on core 0)
2026-06-10 11:05:34.767 7 INFO neutron.db.segments_db [None req-9bc384c4-e73d-4370-a548-5461f66756d0 665e4c4e755f48039a44dcc60c6762e4 5da389435a7c441fa9216ceed7829d88 - - default default] Added segment 855c6758-7f5c-4ba6-91ad-670286fac543 of type geneve for network 628c431e-7c0f-4b11-bb10-df0bf98a502f [pid: 8|app: 0|req: 1302/2535] 10.0.0.235 () {34 vars in 1040 bytes} [Wed Jun 10 11:05:34 2026] GET /v2.0/security-groups?id=c91b9e5c-6efe-4b66-9360-b4ba3ca0b768&fields=id&fields=name => generated 111 bytes in 32 msecs (HTTP/1.1 200) 4 headers in 157 bytes (1 switches on core 0) [pid: 8|app: 0|req: 1303/2536] 10.0.0.72 () {32 vars in 817 bytes} [Wed Jun 10 11:05:34 2026] GET /v2.0/ports?network_id=740c9d22-d19f-4ab0-b6dd-ba68823054de&mac_address=fa%3A16%3A3e%3A11%3A17%3A4c => generated 1200 bytes in 41 msecs (HTTP/1.1 200) 4 headers in 158 bytes (1 switches on core 0)
2026-06-10 11:05:34.888 7 INFO neutron.db.ovn_revision_numbers_db [None req-9bc384c4-e73d-4370-a548-5461f66756d0 665e4c4e755f48039a44dcc60c6762e4 5da389435a7c441fa9216ceed7829d88 - - default default] Successfully bumped revision number for resource 628c431e-7c0f-4b11-bb10-df0bf98a502f (type: networks) to 1
2026-06-10 11:05:35.062 7 WARNING neutron.scheduler.dhcp_agent_scheduler [None req-9bc384c4-e73d-4370-a548-5461f66756d0 665e4c4e755f48039a44dcc60c6762e4 5da389435a7c441fa9216ceed7829d88 - - default default] No more DHCP agents
2026-06-10 11:05:35.063 7 WARNING neutron.api.rpc.agentnotifiers.dhcp_rpc_agent_api [None req-9bc384c4-e73d-4370-a548-5461f66756d0 665e4c4e755f48039a44dcc60c6762e4 5da389435a7c441fa9216ceed7829d88 - - default default] Unable to schedule network 628c431e-7c0f-4b11-bb10-df0bf98a502f: no agents available; will retry on subsequent port and subnet creation events.
2026-06-10 11:05:35.147 7 INFO neutron.db.ovn_revision_numbers_db [None req-9bc384c4-e73d-4370-a548-5461f66756d0 665e4c4e755f48039a44dcc60c6762e4 5da389435a7c441fa9216ceed7829d88 - - default default] Successfully bumped revision number for resource 459a2219-1e3a-4596-afd3-5c2ddc47791b (type: ports) to 1 [pid: 7|app: 0|req: 1234/2537] 10.0.0.72 () {34 vars in 669 bytes} [Wed Jun 10 11:05:34 2026] POST /v2.0/networks => generated 650 bytes in 491 msecs (HTTP/1.1 201) 4 headers in 162 bytes (1 switches on core 0)
2026-06-10 11:05:35.369 7 WARNING neutron.scheduler.dhcp_agent_scheduler [None req-4544e8e2-25c8-43c6-8063-e214b15e3e7c 665e4c4e755f48039a44dcc60c6762e4 5da389435a7c441fa9216ceed7829d88 - - default default] No more DHCP agents
2026-06-10 11:05:35.370 7 WARNING neutron.api.rpc.agentnotifiers.dhcp_rpc_agent_api [None req-4544e8e2-25c8-43c6-8063-e214b15e3e7c 665e4c4e755f48039a44dcc60c6762e4 5da389435a7c441fa9216ceed7829d88 - - default default] Unable to schedule network 628c431e-7c0f-4b11-bb10-df0bf98a502f: no agents available; will retry on subsequent port and subnet creation events.
2026-06-10 11:05:35.425 7 INFO neutron.plugins.ml2.drivers.ovn.mech_driver.mech_driver [None req-46edaad5-5ffa-44ae-9cdd-10abcc0cb33c - - - - - -] OVN reports status down for port: 53d93d31-3c90-463f-96ef-4de533d20d30
2026-06-10 11:05:35.482 7 INFO neutron.db.ovn_revision_numbers_db [None req-4544e8e2-25c8-43c6-8063-e214b15e3e7c 665e4c4e755f48039a44dcc60c6762e4 5da389435a7c441fa9216ceed7829d88 - - default default] Successfully bumped revision number for resource 53d93d31-3c90-463f-96ef-4de533d20d30 (type: ports) to 1
2026-06-10 11:05:35.561 8 INFO neutron.plugins.ml2.drivers.ovn.mech_driver.mech_driver [None req-e44e443d-4cfc-4ded-bfe8-6174b6193ec2 - - - - - -] OVN reports status down for port: 459a2219-1e3a-4596-afd3-5c2ddc47791b [pid: 7|app: 0|req: 1235/2538] 10.0.0.72 () {34 vars in 663 bytes} [Wed Jun 10 11:05:35 2026] POST /v2.0/ports => generated 743 bytes in 389 msecs (HTTP/1.1 201) 4 headers in 162 bytes (1 switches on core 0) /var/lib/openstack/lib/python3.12/site-packages/pycadf/identifier.py:70: UserWarning: Invalid uuid: neutron. To ensure interoperability, identifiers should be a valid uuid. warnings.warn(('Invalid uuid: %s. To ensure interoperability, '
2026-06-10 11:05:35.639 8 WARNING neutron.scheduler.dhcp_agent_scheduler [None req-b3538a3f-e689-43a3-bff0-e3f697a041d4 dc75584ac8314b4c92877ec5acc3051d 95b671c0c9954901afd6c64fb45ddea6 - - default default] No more DHCP agents
2026-06-10 11:05:35.640 8 WARNING neutron.api.rpc.agentnotifiers.dhcp_rpc_agent_api [None req-b3538a3f-e689-43a3-bff0-e3f697a041d4 dc75584ac8314b4c92877ec5acc3051d 95b671c0c9954901afd6c64fb45ddea6 - - default default] Unable to schedule network 9126a92a-7a39-4a2e-8d2d-8d4f5d7f2f7b: no agents available; will retry on subsequent port and subnet creation events.
2026-06-10 11:05:35.661 7 INFO neutron.db.segments_db [None req-b8562a6d-ef9a-465f-badb-8fe7abbc21cf 665e4c4e755f48039a44dcc60c6762e4 5da389435a7c441fa9216ceed7829d88 - - default default] Added segment 35fcf78c-673f-4ebe-8b7f-025f8f82f302 of type geneve for network 26bd53c9-1ebc-41c9-8cca-eeea94696ffd
2026-06-10 11:05:35.778 7 INFO neutron.db.ovn_revision_numbers_db [None req-b8562a6d-ef9a-465f-badb-8fe7abbc21cf 665e4c4e755f48039a44dcc60c6762e4 5da389435a7c441fa9216ceed7829d88 - - default default] Successfully bumped revision number for resource 26bd53c9-1ebc-41c9-8cca-eeea94696ffd (type: networks) to 1
2026-06-10 11:05:35.956 7 WARNING neutron.scheduler.dhcp_agent_scheduler [None req-b8562a6d-ef9a-465f-badb-8fe7abbc21cf 665e4c4e755f48039a44dcc60c6762e4 5da389435a7c441fa9216ceed7829d88 - - default default] No more DHCP agents
2026-06-10 11:05:35.958 7 WARNING neutron.api.rpc.agentnotifiers.dhcp_rpc_agent_api [None req-b8562a6d-ef9a-465f-badb-8fe7abbc21cf 665e4c4e755f48039a44dcc60c6762e4 5da389435a7c441fa9216ceed7829d88 - - default default] Unable to schedule network 26bd53c9-1ebc-41c9-8cca-eeea94696ffd: no agents available; will retry on subsequent port and subnet creation events.
2026-06-10 11:05:36.014 7 INFO neutron.plugins.ml2.drivers.ovn.mech_driver.mech_driver [None req-46edaad5-5ffa-44ae-9cdd-10abcc0cb33c - - - - - -] OVN reports status down for port: 2c40627d-8e80-405d-96f9-555ba544ac39
2026-06-10 11:05:36.076 7 INFO neutron.db.ovn_revision_numbers_db [None req-b8562a6d-ef9a-465f-badb-8fe7abbc21cf 665e4c4e755f48039a44dcc60c6762e4 5da389435a7c441fa9216ceed7829d88 - - default default] Successfully bumped revision number for resource 2c40627d-8e80-405d-96f9-555ba544ac39 (type: ports) to 1 [pid: 7|app: 0|req: 1236/2539] 10.0.0.72 () {34 vars in 669 bytes} [Wed Jun 10 11:05:35 2026] POST /v2.0/networks => generated 651 bytes in 561 msecs (HTTP/1.1 201) 4 headers in 162 bytes (1 switches on core 0)
2026-06-10 11:05:36.477 7 INFO neutron.db.ovn_revision_numbers_db [None req-c15f89bf-edc0-4a34-84b5-132fd45acb4a e82f04374fa3400d8c6470e74cfcf3c0 571d5b1e8fb648aea27eaaf72637dadc - - default default] Successfully bumped revision number for resource 6ac96762-b54f-425a-88ac-87c79d429268 (type: security_groups) to 1
2026-06-10 11:05:36.489 7 INFO neutron.db.ovn_revision_numbers_db [None req-c15f89bf-edc0-4a34-84b5-132fd45acb4a e82f04374fa3400d8c6470e74cfcf3c0 571d5b1e8fb648aea27eaaf72637dadc - - default default] Successfully bumped revision number for resource 264e52bd-5afa-4481-b41a-7c7fda42ff7f (type: security_group_rules) to 0
2026-06-10 11:05:36.505 7 INFO neutron.db.ovn_revision_numbers_db [None req-c15f89bf-edc0-4a34-84b5-132fd45acb4a e82f04374fa3400d8c6470e74cfcf3c0 571d5b1e8fb648aea27eaaf72637dadc - - default default] Successfully bumped revision number for resource 386962ef-1ae8-4296-8a84-b734566ec8c7 (type: security_group_rules) to 0
2026-06-10 11:05:36.516 7 INFO neutron.db.ovn_revision_numbers_db [None req-c15f89bf-edc0-4a34-84b5-132fd45acb4a e82f04374fa3400d8c6470e74cfcf3c0 571d5b1e8fb648aea27eaaf72637dadc - - default default] Successfully bumped revision number for resource acf9ccb4-69b5-45a9-aefa-8cad1f3e483a (type: security_group_rules) to 0
2026-06-10 11:05:36.528 7 INFO neutron.db.ovn_revision_numbers_db [None req-c15f89bf-edc0-4a34-84b5-132fd45acb4a e82f04374fa3400d8c6470e74cfcf3c0 571d5b1e8fb648aea27eaaf72637dadc - - default default] Successfully bumped revision number for resource bc39a3e1-5bb1-4938-9109-13ff16d96623 (type: security_group_rules) to 0
2026-06-10 11:05:36.542 8 INFO neutron.db.ovn_revision_numbers_db [None req-b3538a3f-e689-43a3-bff0-e3f697a041d4 dc75584ac8314b4c92877ec5acc3051d 95b671c0c9954901afd6c64fb45ddea6 - - default default] Successfully bumped revision number for resource 0d1e0297-a306-4465-b357-9f2a02edc4f6 (type: floatingips) to 1
2026-06-10 11:05:36.543 8 INFO neutron.db.l3_db [None req-b3538a3f-e689-43a3-bff0-e3f697a041d4 dc75584ac8314b4c92877ec5acc3051d 95b671c0c9954901afd6c64fb45ddea6 - - default default] Floating IP 0d1e0297-a306-4465-b357-9f2a02edc4f6 associated. External IP: 10.96.250.215, port: 1bf54431-ce23-4659-886d-b03b09719e90. [pid: 8|app: 0|req: 1304/2542] 10.0.0.72 () {34 vars in 676 bytes} [Wed Jun 10 11:05:34 2026] POST /v2.0/floatingips => generated 855 bytes in 1729 msecs (HTTP/1.1 201) 4 headers in 162 bytes (1 switches on core 0)
2026-06-10 11:05:36.601 7 INFO neutron.db.segments_db [None req-c15f89bf-edc0-4a34-84b5-132fd45acb4a e82f04374fa3400d8c6470e74cfcf3c0 571d5b1e8fb648aea27eaaf72637dadc - - default default] Added segment a3a55f25-fd6d-4086-98a7-6bb8f1eb8df1 of type geneve for network d4faacca-48de-4c44-afbe-91e5b5e90283
2026-06-10 11:05:36.629 8 INFO neutron.notifiers.nova [-] Nova event matching ['req-99f253ab-1938-4b96-b092-428931ae556f'] response: {'name': 'network-changed', 'server_uuid': 'a6649597-c5b7-455c-9eb5-ad6da5f6c541', 'tag': '1bf54431-ce23-4659-886d-b03b09719e90', 'status': 'completed', 'code': 200}
2026-06-10 11:05:36.719 7 INFO neutron.db.ovn_revision_numbers_db [None req-c15f89bf-edc0-4a34-84b5-132fd45acb4a e82f04374fa3400d8c6470e74cfcf3c0 571d5b1e8fb648aea27eaaf72637dadc - - default default] Successfully bumped revision number for resource d4faacca-48de-4c44-afbe-91e5b5e90283 (type: networks) to 1
2026-06-10 11:05:36.826 8 WARNING neutron.scheduler.dhcp_agent_scheduler [None req-78a7ba9d-955e-4995-816f-d351bfba81a8 665e4c4e755f48039a44dcc60c6762e4 5da389435a7c441fa9216ceed7829d88 - - default default] No more DHCP agents
2026-06-10 11:05:36.828 8 WARNING neutron.api.rpc.agentnotifiers.dhcp_rpc_agent_api [None req-78a7ba9d-955e-4995-816f-d351bfba81a8 665e4c4e755f48039a44dcc60c6762e4 5da389435a7c441fa9216ceed7829d88 - - default default] Unable to schedule network 26bd53c9-1ebc-41c9-8cca-eeea94696ffd: no agents available; will retry on subsequent port and subnet creation events.
2026-06-10 11:05:36.891 7 INFO neutron.plugins.ml2.drivers.ovn.mech_driver.mech_driver [None req-46edaad5-5ffa-44ae-9cdd-10abcc0cb33c - - - - - -] OVN reports status down for port: d87a3e28-6df5-4aa8-82b4-1e49269cabbb
2026-06-10 11:05:36.896 7 WARNING neutron.scheduler.dhcp_agent_scheduler [None req-c15f89bf-edc0-4a34-84b5-132fd45acb4a e82f04374fa3400d8c6470e74cfcf3c0 571d5b1e8fb648aea27eaaf72637dadc - - default default] No more DHCP agents
2026-06-10 11:05:36.898 7 WARNING neutron.api.rpc.agentnotifiers.dhcp_rpc_agent_api [None req-c15f89bf-edc0-4a34-84b5-132fd45acb4a e82f04374fa3400d8c6470e74cfcf3c0 571d5b1e8fb648aea27eaaf72637dadc - - default default] Unable to schedule network d4faacca-48de-4c44-afbe-91e5b5e90283: no agents available; will retry on subsequent port and subnet creation events.
2026-06-10 11:05:36.916 8 INFO neutron.db.ovn_revision_numbers_db [None req-78a7ba9d-955e-4995-816f-d351bfba81a8 665e4c4e755f48039a44dcc60c6762e4 5da389435a7c441fa9216ceed7829d88 - - default default] Successfully bumped revision number for resource d87a3e28-6df5-4aa8-82b4-1e49269cabbb (type: ports) to 1
2026-06-10 11:05:36.986 8 INFO neutron.plugins.ml2.drivers.ovn.mech_driver.mech_driver [None req-e44e443d-4cfc-4ded-bfe8-6174b6193ec2 - - - - - -] OVN reports status down for port: c198695b-e6fb-4edd-9f4a-a06405ec5de5 [pid: 8|app: 0|req: 1305/2543] 10.0.0.72 () {34 vars in 663 bytes} [Wed Jun 10 11:05:36 2026] POST /v2.0/ports => generated 743 bytes in 403 msecs (HTTP/1.1 201) 4 headers in 162 bytes (1 switches on core 0) /var/lib/openstack/lib/python3.12/site-packages/pycadf/identifier.py:70: UserWarning: Invalid uuid: neutron. To ensure interoperability, identifiers should be a valid uuid. warnings.warn(('Invalid uuid: %s. To ensure interoperability, '
2026-06-10 11:05:37.035 7 INFO neutron.db.ovn_revision_numbers_db [None req-c15f89bf-edc0-4a34-84b5-132fd45acb4a e82f04374fa3400d8c6470e74cfcf3c0 571d5b1e8fb648aea27eaaf72637dadc - - default default] Successfully bumped revision number for resource c198695b-e6fb-4edd-9f4a-a06405ec5de5 (type: ports) to 1 [pid: 7|app: 0|req: 1239/2544] 10.0.0.72 () {34 vars in 669 bytes} [Wed Jun 10 11:05:36 2026] POST /v2.0/networks => generated 651 bytes in 931 msecs (HTTP/1.1 201) 4 headers in 162 bytes (1 switches on core 0) /var/lib/openstack/lib/python3.12/site-packages/pycadf/identifier.py:70: UserWarning: Invalid uuid: neutron. To ensure interoperability, identifiers should be a valid uuid. warnings.warn(('Invalid uuid: %s. To ensure interoperability, '
2026-06-10 11:05:37.115 8 INFO neutron.db.segments_db [None req-b17047fd-693b-4e90-b12d-22ae8b3974ce 665e4c4e755f48039a44dcc60c6762e4 5da389435a7c441fa9216ceed7829d88 - - default default] Added segment efe291b9-a919-48fb-81cf-a0aa92c9a0b3 of type geneve for network 96c1f3b1-f246-47aa-9131-532a22f00cd0
2026-06-10 11:05:37.228 8 INFO neutron.db.ovn_revision_numbers_db [None req-b17047fd-693b-4e90-b12d-22ae8b3974ce 665e4c4e755f48039a44dcc60c6762e4 5da389435a7c441fa9216ceed7829d88 - - default default] Successfully bumped revision number for resource 96c1f3b1-f246-47aa-9131-532a22f00cd0 (type: networks) to 1
2026-06-10 11:05:37.286 7 WARNING neutron.scheduler.dhcp_agent_scheduler [None req-ec20b45b-a6b6-489f-bac2-1e382ce761f0 e82f04374fa3400d8c6470e74cfcf3c0 571d5b1e8fb648aea27eaaf72637dadc - - default default] No more DHCP agents
2026-06-10 11:05:37.288 7 WARNING neutron.api.rpc.agentnotifiers.dhcp_rpc_agent_api [None req-ec20b45b-a6b6-489f-bac2-1e382ce761f0 e82f04374fa3400d8c6470e74cfcf3c0 571d5b1e8fb648aea27eaaf72637dadc - - default default] Unable to schedule network d4faacca-48de-4c44-afbe-91e5b5e90283: no agents available; will retry on subsequent port and subnet creation events.
2026-06-10 11:05:37.391 8 INFO neutron.plugins.ml2.drivers.ovn.mech_driver.mech_driver [None req-e44e443d-4cfc-4ded-bfe8-6174b6193ec2 - - - - - -] OVN reports status down for port: 2823e601-06fa-43fe-9898-a6d19268ec3c
2026-06-10 11:05:37.401 7 INFO neutron.db.ovn_revision_numbers_db [None req-ec20b45b-a6b6-489f-bac2-1e382ce761f0 e82f04374fa3400d8c6470e74cfcf3c0 571d5b1e8fb648aea27eaaf72637dadc - - default default] Successfully bumped revision number for resource 2823e601-06fa-43fe-9898-a6d19268ec3c (type: ports) to 1 [pid: 7|app: 0|req: 1240/2545] 10.0.0.72 () {34 vars in 663 bytes} [Wed Jun 10 11:05:37 2026] POST /v2.0/ports => generated 743 bytes in 384 msecs (HTTP/1.1 201) 4 headers in 162 bytes (1 switches on core 0) /var/lib/openstack/lib/python3.12/site-packages/pycadf/identifier.py:70: UserWarning: Invalid uuid: neutron. To ensure interoperability, identifiers should be a valid uuid. warnings.warn(('Invalid uuid: %s. To ensure interoperability, '
2026-06-10 11:05:37.465 8 WARNING neutron.scheduler.dhcp_agent_scheduler [None req-b17047fd-693b-4e90-b12d-22ae8b3974ce 665e4c4e755f48039a44dcc60c6762e4 5da389435a7c441fa9216ceed7829d88 - - default default] No more DHCP agents
2026-06-10 11:05:37.467 8 WARNING neutron.api.rpc.agentnotifiers.dhcp_rpc_agent_api [None req-b17047fd-693b-4e90-b12d-22ae8b3974ce 665e4c4e755f48039a44dcc60c6762e4 5da389435a7c441fa9216ceed7829d88 - - default default] Unable to schedule network 96c1f3b1-f246-47aa-9131-532a22f00cd0: no agents available; will retry on subsequent port and subnet creation events. [pid: 7|app: 0|req: 1241/2546] 199.204.45.109 () {34 vars in 1080 bytes} [Wed Jun 10 11:05:37 2026] GET /v2.0/ports?tenant_id=95b671c0c9954901afd6c64fb45ddea6&device_id=a6649597-c5b7-455c-9eb5-ad6da5f6c541 => generated 1438 bytes in 34 msecs (HTTP/1.1 200) 4 headers in 158 bytes (1 switches on core 0)
2026-06-10 11:05:37.537 7 INFO neutron.plugins.ml2.drivers.ovn.mech_driver.mech_driver [None req-46edaad5-5ffa-44ae-9cdd-10abcc0cb33c - - - - - -] OVN reports status down for port: 45e50a11-b242-4ae1-818d-aaf25d727d5e
2026-06-10 11:05:37.563 8 INFO neutron.db.ovn_revision_numbers_db [None req-b17047fd-693b-4e90-b12d-22ae8b3974ce 665e4c4e755f48039a44dcc60c6762e4 5da389435a7c441fa9216ceed7829d88 - - default default] Successfully bumped revision number for resource 45e50a11-b242-4ae1-818d-aaf25d727d5e (type: ports) to 1 [pid: 8|app: 0|req: 1306/2547] 10.0.0.72 () {34 vars in 669 bytes} [Wed Jun 10 11:05:36 2026] POST /v2.0/networks => generated 651 bytes in 591 msecs (HTTP/1.1 201) 4 headers in 162 bytes (1 switches on core 0) [pid: 8|app: 0|req: 1307/2548] 199.204.45.109 () {34 vars in 986 bytes} [Wed Jun 10 11:05:37 2026] GET /v2.0/networks?id=740c9d22-d19f-4ab0-b6dd-ba68823054de => generated 842 bytes in 44 msecs (HTTP/1.1 200) 4 headers in 157 bytes (1 switches on core 0) [pid: 7|app: 0|req: 1242/2549] 10.0.0.72 () {34 vars in 665 bytes} [Wed Jun 10 11:05:37 2026] POST /v2.0/trunks => generated 409 bytes in 292 msecs (HTTP/1.1 201) 4 headers in 162 bytes (1 switches on core 0) [pid: 7|app: 0|req: 1243/2550] 199.204.45.109 () {34 vars in 1058 bytes} [Wed Jun 10 11:05:37 2026] GET /v2.0/floatingips?fixed_ip_address=10.2.2.175&port_id=1bf54431-ce23-4659-886d-b03b09719e90 => generated 860 bytes in 33 msecs (HTTP/1.1 200) 4 headers in 157 bytes (1 switches on core 0)
2026-06-10 11:05:37.836 8 WARNING neutron.scheduler.dhcp_agent_scheduler [None req-659ea55a-54da-4282-be64-0f8ba680ded1 665e4c4e755f48039a44dcc60c6762e4 5da389435a7c441fa9216ceed7829d88 - - default default] No more DHCP agents
2026-06-10 11:05:37.837 8 WARNING neutron.api.rpc.agentnotifiers.dhcp_rpc_agent_api [None req-659ea55a-54da-4282-be64-0f8ba680ded1 665e4c4e755f48039a44dcc60c6762e4 5da389435a7c441fa9216ceed7829d88 - - default default] Unable to schedule network 96c1f3b1-f246-47aa-9131-532a22f00cd0: no agents available; will retry on subsequent port and subnet creation events.
2026-06-10 11:05:37.895 8 INFO neutron.plugins.ml2.drivers.ovn.mech_driver.mech_driver [None req-e44e443d-4cfc-4ded-bfe8-6174b6193ec2 - - - - - -] OVN reports status down for port: 231e72ef-7da3-44ad-82e0-d7544a802c8f
2026-06-10 11:05:37.896 7 INFO neutron.db.segments_db [None req-e3dd023e-442c-4b72-abf8-0da90fb7e461 e82f04374fa3400d8c6470e74cfcf3c0 571d5b1e8fb648aea27eaaf72637dadc - - default default] Added segment ccd8dc13-357f-41c3-a62a-64baefe17e58 of type geneve for network 1f36d926-a7c6-43a9-90b8-20e22c5617e5
2026-06-10 11:05:37.956 8 INFO neutron.db.ovn_revision_numbers_db [None req-659ea55a-54da-4282-be64-0f8ba680ded1 665e4c4e755f48039a44dcc60c6762e4 5da389435a7c441fa9216ceed7829d88 - - default default] Successfully bumped revision number for resource 231e72ef-7da3-44ad-82e0-d7544a802c8f (type: ports) to 1
2026-06-10 11:05:38.002 7 INFO neutron.db.ovn_revision_numbers_db [None req-e3dd023e-442c-4b72-abf8-0da90fb7e461 e82f04374fa3400d8c6470e74cfcf3c0 571d5b1e8fb648aea27eaaf72637dadc - - default default] Successfully bumped revision number for resource 1f36d926-a7c6-43a9-90b8-20e22c5617e5 (type: networks) to 1 [pid: 8|app: 0|req: 1308/2551] 10.0.0.72 () {34 vars in 663 bytes} [Wed Jun 10 11:05:37 2026] POST /v2.0/ports => generated 743 bytes in 409 msecs (HTTP/1.1 201) 4 headers in 162 bytes (1 switches on core 0) /var/lib/openstack/lib/python3.12/site-packages/pycadf/identifier.py:70: UserWarning: Invalid uuid: neutron. To ensure interoperability, identifiers should be a valid uuid. warnings.warn(('Invalid uuid: %s. To ensure interoperability, ' [pid: 8|app: 0|req: 1309/2552] 199.204.45.109 () {34 vars in 1104 bytes} [Wed Jun 10 11:05:38 2026] GET /v2.0/floatingips?fixed_ip_address=fd77%3A1457%3A4cf0%3A26a8%3A%3A2d&port_id=1bf54431-ce23-4659-886d-b03b09719e90 => generated 19 bytes in 18 msecs (HTTP/1.1 200) 4 headers in 156 bytes (1 switches on core 0) [pid: 8|app: 0|req: 1310/2553] 10.0.0.72 () {34 vars in 746 bytes} [Wed Jun 10 11:05:38 2026] PUT /v2.0/ports/d5fa5f98-e932-4f50-9ec0-679802eccbda/tags => generated 17 bytes in 59 msecs (HTTP/1.1 200) 4 headers in 156 bytes (1 switches on core 0) /var/lib/openstack/lib/python3.12/site-packages/pycadf/identifier.py:70: UserWarning: Invalid uuid: neutron. To ensure interoperability, identifiers should be a valid uuid. warnings.warn(('Invalid uuid: %s. To ensure interoperability, ' [pid: 8|app: 0|req: 1311/2554] 199.204.45.109 () {34 vars in 1064 bytes} [Wed Jun 10 11:05:38 2026] GET /v2.0/subnets?id=1678522e-9db3-4ccc-bb46-18895f7a4c50&id=bd1e8f27-f1fa-46fe-974b-f3cb357645a4 => generated 1414 bytes in 44 msecs (HTTP/1.1 200) 4 headers in 158 bytes (1 switches on core 0)
2026-06-10 11:05:38.171 7 WARNING neutron.scheduler.dhcp_agent_scheduler [None req-e3dd023e-442c-4b72-abf8-0da90fb7e461 e82f04374fa3400d8c6470e74cfcf3c0 571d5b1e8fb648aea27eaaf72637dadc - - default default] No more DHCP agents
2026-06-10 11:05:38.172 7 WARNING neutron.api.rpc.agentnotifiers.dhcp_rpc_agent_api [None req-e3dd023e-442c-4b72-abf8-0da90fb7e461 e82f04374fa3400d8c6470e74cfcf3c0 571d5b1e8fb648aea27eaaf72637dadc - - default default] Unable to schedule network 1f36d926-a7c6-43a9-90b8-20e22c5617e5: no agents available; will retry on subsequent port and subnet creation events.
2026-06-10 11:05:38.216 7 INFO neutron.plugins.ml2.drivers.ovn.mech_driver.mech_driver [None req-46edaad5-5ffa-44ae-9cdd-10abcc0cb33c - - - - - -] OVN reports status down for port: afc4de60-e39f-4d3a-8903-2b03823dbd0a [pid: 8|app: 0|req: 1312/2555] 10.0.0.72 () {34 vars in 746 bytes} [Wed Jun 10 11:05:38 2026] PUT /v2.0/ports/6bb3eb36-1af6-43e8-a74b-905d7e353557/tags => generated 25 bytes in 71 msecs (HTTP/1.1 200) 4 headers in 156 bytes (1 switches on core 0) /var/lib/openstack/lib/python3.12/site-packages/pycadf/identifier.py:70: UserWarning: Invalid uuid: neutron. To ensure interoperability, identifiers should be a valid uuid. warnings.warn(('Invalid uuid: %s. To ensure interoperability, ' [pid: 8|app: 0|req: 1313/2556] 199.204.45.109 () {34 vars in 1052 bytes} [Wed Jun 10 11:05:38 2026] GET /v2.0/ports?network_id=740c9d22-d19f-4ab0-b6dd-ba68823054de&device_owner=network%3Adhcp => generated 12 bytes in 19 msecs (HTTP/1.1 200) 4 headers in 156 bytes (1 switches on core 0)
