2026-02-19 20:06:05.979 8 INFO placement.requestlog [None req-a795ff57-42ab-44b3-a321-6bec1b01307f 7b8805a5c5f74aeeb2aa0e221a95ac3e 35cc968e6e264034b3093611a1307f7c - - default default] 172.24.0.198 "GET /resource_providers/799179a5-2c20-42b8-8133-609cfddda8fb/usages" status: 200 len: 88 microversion: 1.0 [pid: 8|app: 0|req: 275/548] 172.24.0.198 () {28 vars in 683 bytes} [Thu Feb 19 20:06:05 2026] GET /resource_providers/799179a5-2c20-42b8-8133-609cfddda8fb/usages => generated 88 bytes in 24 msecs (HTTP/1.1 200) 6 headers in 223 bytes (1 switches on core 0)
2026-02-19 20:06:13.746 8 INFO placement.requestlog [None req-f41b2353-eb2e-4402-8043-9be732aca848 - - - - - -] 172.24.0.235 "GET /" status: 200 len: 136 microversion: 1.0
2026-02-19 20:06:13.746 7 INFO placement.requestlog [None req-636c0556-afdc-449c-ae38-c4a2a82b400e - - - - - -] 172.24.0.235 "GET /" status: 200 len: 136 microversion: 1.0
2026-02-19 20:06:23.745 7 INFO placement.requestlog [None req-2e33276c-b765-48f0-aee3-3b9af4bd03d1 - - - - - -] 172.24.0.235 "GET /" status: 200 len: 136 microversion: 1.0
2026-02-19 20:06:23.745 8 INFO placement.requestlog [None req-527ebcb8-aa88-4420-96f0-036493cf05a4 - - - - - -] 172.24.0.235 "GET /" status: 200 len: 136 microversion: 1.0
2026-02-19 20:06:33.745 7 INFO placement.requestlog [None req-3deaadea-2f03-458c-9c52-f9c3b5022c8e - - - - - -] 172.24.0.235 "GET /" status: 200 len: 136 microversion: 1.0
2026-02-19 20:06:33.746 8 INFO placement.requestlog [None req-56fb81fd-4671-44d4-b8d3-2682694a2303 - - - - - -] 172.24.0.235 "GET /" status: 200 len: 136 microversion: 1.0
2026-02-19 20:06:43.745 8 INFO placement.requestlog [None req-e8219d05-f652-4321-a5d5-f20d928e5437 - - - - - -] 172.24.0.235 "GET /" status: 200 len: 136 microversion: 1.0
2026-02-19 20:06:43.745 7 INFO placement.requestlog [None req-50539e17-6b37-4967-9707-94b1c79247d6 - - - - - -] 172.24.0.235 "GET /" status: 200 len: 136 microversion: 1.0
2026-02-19 20:06:51.592 7 INFO placement.requestlog [req-06ee2291-20c0-4197-a1e3-9620ebfed511 req-3364d406-9c13-4b67-a84c-10afb71e8564 372ef6cf5dd84534a47b3a9a986eb95f fe891a2a52d14a65a2676e1078de6582 - - e65094bd7434431791a6e39ffda5f920 e65094bd7434431791a6e39ffda5f920] 199.204.45.70 "GET /resource_providers/799179a5-2c20-42b8-8133-609cfddda8fb/allocations" status: 200 len: 54 microversion: 1.0 [pid: 7|app: 0|req: 278/557] 199.204.45.70 () {32 vars in 856 bytes} [Thu Feb 19 20:06:51 2026] GET /resource_providers/799179a5-2c20-42b8-8133-609cfddda8fb/allocations => generated 54 bytes in 13 msecs (HTTP/1.1 200) 6 headers in 223 bytes (1 switches on core 0)
2026-02-19 20:06:51.620 8 INFO placement.requestlog [req-06ee2291-20c0-4197-a1e3-9620ebfed511 req-f14f3129-746d-4c15-a8a1-73dfe92506c4 372ef6cf5dd84534a47b3a9a986eb95f fe891a2a52d14a65a2676e1078de6582 - - e65094bd7434431791a6e39ffda5f920 e65094bd7434431791a6e39ffda5f920] 199.204.45.70 "GET /resource_providers/799179a5-2c20-42b8-8133-609cfddda8fb/allocations" status: 200 len: 54 microversion: 1.0 [pid: 8|app: 0|req: 280/558] 199.204.45.70 () {32 vars in 856 bytes} [Thu Feb 19 20:06:51 2026] GET /resource_providers/799179a5-2c20-42b8-8133-609cfddda8fb/allocations => generated 54 bytes in 19 msecs (HTTP/1.1 200) 6 headers in 223 bytes (1 switches on core 0)
2026-02-19 20:06:53.746 7 INFO placement.requestlog [None req-292f7982-ebeb-4a35-bee9-561df79836c8 - - - - - -] 172.24.0.235 "GET /" status: 200 len: 136 microversion: 1.0
2026-02-19 20:06:53.746 8 INFO placement.requestlog [None req-c14a9ada-b471-4577-aa57-187a22e42f65 - - - - - -] 172.24.0.235 "GET /" status: 200 len: 136 microversion: 1.0
2026-02-19 20:07:03.745 8 INFO placement.requestlog [None req-14f92d4d-0e96-4b2c-871f-af4099ca1ff9 - - - - - -] 172.24.0.235 "GET /" status: 200 len: 136 microversion: 1.0
2026-02-19 20:07:03.745 7 INFO placement.requestlog [None req-7be4cc5f-8138-4bac-b6ba-75b844cc09ca - - - - - -] 172.24.0.235 "GET /" status: 200 len: 136 microversion: 1.0
2026-02-19 20:07:05.959 8 INFO placement.requestlog [None req-44038cb8-435b-4151-a5a2-ced5bb38a082 7b8805a5c5f74aeeb2aa0e221a95ac3e 35cc968e6e264034b3093611a1307f7c - - default default] 172.24.0.198 "GET /resource_providers" status: 200 len: 405 microversion: 1.0 [pid: 8|app: 0|req: 283/563] 172.24.0.198 () {28 vars in 595 bytes} [Thu Feb 19 20:07:05 2026] GET /resource_providers => generated 405 bytes in 105 msecs (HTTP/1.1 200) 6 headers in 224 bytes (1 switches on core 0)
2026-02-19 20:07:05.983 7 INFO placement.requestlog [None req-b2d77b77-5478-42ca-b535-294f44554f3a 7b8805a5c5f74aeeb2aa0e221a95ac3e 35cc968e6e264034b3093611a1307f7c - - default default] 172.24.0.198 "GET /resource_providers/799179a5-2c20-42b8-8133-609cfddda8fb/inventories" status: 200 len: 400 microversion: 1.0 [pid: 7|app: 0|req: 281/564] 172.24.0.198 () {28 vars in 693 bytes} [Thu Feb 19 20:07:05 2026] GET /resource_providers/799179a5-2c20-42b8-8133-609cfddda8fb/inventories => generated 400 bytes in 18 msecs (HTTP/1.1 200) 6 headers in 224 bytes (1 switches on core 0)
2026-02-19 20:07:06.004 8 INFO placement.requestlog [None req-f96e4913-278a-456a-8597-24ba5a7e357b 7b8805a5c5f74aeeb2aa0e221a95ac3e 35cc968e6e264034b3093611a1307f7c - - default default] 172.24.0.198 "GET /resource_providers/799179a5-2c20-42b8-8133-609cfddda8fb/usages" status: 200 len: 88 microversion: 1.0 [pid: 8|app: 0|req: 284/565] 172.24.0.198 () {28 vars in 683 bytes} [Thu Feb 19 20:07:05 2026] GET /resource_providers/799179a5-2c20-42b8-8133-609cfddda8fb/usages => generated 88 bytes in 15 msecs (HTTP/1.1 200) 6 headers in 223 bytes (1 switches on core 0)
2026-02-19 20:07:13.745 7 INFO placement.requestlog [None req-842d0385-5ec8-4a68-9511-289ccc876680 - - - - - -] 172.24.0.235 "GET /" status: 200 len: 136 microversion: 1.0
2026-02-19 20:07:13.745 8 INFO placement.requestlog [None req-6fff6d7d-945f-4e1f-b08f-0bd7f21aa485 - - - - - -] 172.24.0.235 "GET /" status: 200 len: 136 microversion: 1.0
2026-02-19 20:07:23.746 8 INFO placement.requestlog [None req-0ad0f5e7-8c9c-46e6-89de-8d2b5e89a760 - - - - - -] 172.24.0.235 "GET /" status: 200 len: 136 microversion: 1.0
2026-02-19 20:07:23.746 7 INFO placement.requestlog [None req-cae7e472-9489-48fc-ba0f-9ea9d2440c93 - - - - - -] 172.24.0.235 "GET /" status: 200 len: 136 microversion: 1.0
2026-02-19 20:07:33.745 8 INFO placement.requestlog [None req-9fa794ad-c4ac-40fe-8496-113bd05d4a3a - - - - - -] 172.24.0.235 "GET /" status: 200 len: 136 microversion: 1.0
2026-02-19 20:07:33.745 7 INFO placement.requestlog [None req-525c1403-17ca-4f41-adc9-a6ba7f5ab0e7 - - - - - -] 172.24.0.235 "GET /" status: 200 len: 136 microversion: 1.0
2026-02-19 20:07:43.746 7 INFO placement.requestlog [None req-c8d01882-f6ff-4117-8c91-bc729fd91f04 - - - - - -] 172.24.0.235 "GET /" status: 200 len: 136 microversion: 1.0
2026-02-19 20:07:43.746 8 INFO placement.requestlog [None req-c7f585c2-6187-49fd-9367-bf82f58a3e96 - - - - - -] 172.24.0.235 "GET /" status: 200 len: 136 microversion: 1.0
2026-02-19 20:07:51.481 7 INFO placement.requestlog [req-b9eaacbe-3744-44b5-9fda-ee82c518b984 req-22f5a721-c5f4-42a6-a742-ce7d4de15f60 372ef6cf5dd84534a47b3a9a986eb95f fe891a2a52d14a65a2676e1078de6582 - - e65094bd7434431791a6e39ffda5f920 e65094bd7434431791a6e39ffda5f920] 199.204.45.70 "GET /resource_providers/799179a5-2c20-42b8-8133-609cfddda8fb/allocations" status: 200 len: 54 microversion: 1.0 [pid: 7|app: 0|req: 286/574] 199.204.45.70 () {32 vars in 856 bytes} [Thu Feb 19 20:07:51 2026] GET /resource_providers/799179a5-2c20-42b8-8133-609cfddda8fb/allocations => generated 54 bytes in 12 msecs (HTTP/1.1 200) 6 headers in 223 bytes (1 switches on core 0)
2026-02-19 20:07:51.513 8 INFO placement.requestlog [req-b9eaacbe-3744-44b5-9fda-ee82c518b984 req-27abc14f-eba5-4b2c-a6b8-adb82dd4aab0 372ef6cf5dd84534a47b3a9a986eb95f fe891a2a52d14a65a2676e1078de6582 - - e65094bd7434431791a6e39ffda5f920 e65094bd7434431791a6e39ffda5f920] 199.204.45.70 "GET /resource_providers/799179a5-2c20-42b8-8133-609cfddda8fb/allocations" status: 200 len: 54 microversion: 1.0 [pid: 8|app: 0|req: 289/575] 199.204.45.70 () {32 vars in 856 bytes} [Thu Feb 19 20:07:51 2026] GET /resource_providers/799179a5-2c20-42b8-8133-609cfddda8fb/allocations => generated 54 bytes in 26 msecs (HTTP/1.1 200) 6 headers in 223 bytes (1 switches on core 0)
2026-02-19 20:07:53.745 7 INFO placement.requestlog [None req-ba405f83-46b0-418e-b884-008a5be26fd0 - - - - - -] 172.24.0.235 "GET /" status: 200 len: 136 microversion: 1.0
2026-02-19 20:07:53.746 8 INFO placement.requestlog [None req-9e82a5c6-b4cc-4099-bbe5-2afeaf02888b - - - - - -] 172.24.0.235 "GET /" status: 200 len: 136 microversion: 1.0
2026-02-19 20:08:03.745 8 INFO placement.requestlog [None req-04368987-2ceb-4130-b895-fe7a45813d35 - - - - - -] 172.24.0.235 "GET /" status: 200 len: 136 microversion: 1.0
2026-02-19 20:08:03.746 7 INFO placement.requestlog [None req-41192d95-3a05-4664-bfaf-4edfb6393edf - - - - - -] 172.24.0.235 "GET /" status: 200 len: 136 microversion: 1.0
2026-02-19 20:08:05.849 8 INFO placement.requestlog [None req-33cb7f76-9c80-4574-9e9c-699962ed40a4 7b8805a5c5f74aeeb2aa0e221a95ac3e 35cc968e6e264034b3093611a1307f7c - - default default] 172.24.0.198 "GET /resource_providers" status: 200 len: 405 microversion: 1.0 [pid: 8|app: 0|req: 292/580] 172.24.0.198 () {28 vars in 595 bytes} [Thu Feb 19 20:08:05 2026] GET /resource_providers => generated 405 bytes in 76 msecs (HTTP/1.1 200) 6 headers in 224 bytes (1 switches on core 0)
2026-02-19 20:08:05.873 7 INFO placement.requestlog [None req-5f4c1fa9-fc51-42e5-983a-a8a9e09ac4f5 7b8805a5c5f74aeeb2aa0e221a95ac3e 35cc968e6e264034b3093611a1307f7c - - default default] 172.24.0.198 "GET /resource_providers/799179a5-2c20-42b8-8133-609cfddda8fb/inventories" status: 200 len: 400 microversion: 1.0 [pid: 7|app: 0|req: 289/581] 172.24.0.198 () {28 vars in 693 bytes} [Thu Feb 19 20:08:05 2026] GET /resource_providers/799179a5-2c20-42b8-8133-609cfddda8fb/inventories => generated 400 bytes in 16 msecs (HTTP/1.1 200) 6 headers in 224 bytes (1 switches on core 0)
2026-02-19 20:08:05.896 8 INFO placement.requestlog [None req-2e71573f-0ed9-4679-bbda-ba3b1f8d6b93 7b8805a5c5f74aeeb2aa0e221a95ac3e 35cc968e6e264034b3093611a1307f7c - - default default] 172.24.0.198 "GET /resource_providers/799179a5-2c20-42b8-8133-609cfddda8fb/usages" status: 200 len: 88 microversion: 1.0 [pid: 8|app: 0|req: 293/582] 172.24.0.198 () {28 vars in 683 bytes} [Thu Feb 19 20:08:05 2026] GET /resource_providers/799179a5-2c20-42b8-8133-609cfddda8fb/usages => generated 88 bytes in 16 msecs (HTTP/1.1 200) 6 headers in 223 bytes (1 switches on core 0)
2026-02-19 20:08:13.745 8 INFO placement.requestlog [None req-14e736af-1814-4646-b921-b39f40cb8b9e - - - - - -] 172.24.0.235 "GET /" status: 200 len: 136 microversion: 1.0
2026-02-19 20:08:13.746 7 INFO placement.requestlog [None req-ec2dd8d7-2c49-4026-a358-63e1ffd2fac5 - - - - - -] 172.24.0.235 "GET /" status: 200 len: 136 microversion: 1.0
2026-02-19 20:08:23.746 7 INFO placement.requestlog [None req-4d0a5d37-730c-4233-b4e0-be9154160a10 - - - - - -] 172.24.0.235 "GET /" status: 200 len: 136 microversion: 1.0
2026-02-19 20:08:23.746 8 INFO placement.requestlog [None req-42a56cec-c378-4de7-87f9-fbd7ad619674 - - - - - -] 172.24.0.235 "GET /" status: 200 len: 136 microversion: 1.0
2026-02-19 20:08:33.746 8 INFO placement.requestlog [None req-8d8810ee-dc57-44cd-8505-a5bb726a55f8 - - - - - -] 172.24.0.235 "GET /" status: 200 len: 136 microversion: 1.0
2026-02-19 20:08:33.746 7 INFO placement.requestlog [None req-512e80e6-f11b-4148-a6a8-62df726ce8cd - - - - - -] 172.24.0.235 "GET /" status: 200 len: 136 microversion: 1.0
2026-02-19 20:08:43.746 8 INFO placement.requestlog [None req-82b631e6-83dc-47a5-a932-99e80f1332f6 - - - - - -] 172.24.0.235 "GET /" status: 200 len: 136 microversion: 1.0
2026-02-19 20:08:43.746 7 INFO placement.requestlog [None req-07986a08-7ffb-4b8b-ab6f-f87c126cda78 - - - - - -] 172.24.0.235 "GET /" status: 200 len: 136 microversion: 1.0
2026-02-19 20:08:51.560 8 INFO placement.requestlog [req-f78bb451-3f36-4123-a0a2-2dfe724bf5e4 req-d3be156b-0256-4dcb-9db8-1b92fc1bd4a5 372ef6cf5dd84534a47b3a9a986eb95f fe891a2a52d14a65a2676e1078de6582 - - e65094bd7434431791a6e39ffda5f920 e65094bd7434431791a6e39ffda5f920] 199.204.45.70 "GET /resource_providers/799179a5-2c20-42b8-8133-609cfddda8fb/allocations" status: 200 len: 54 microversion: 1.0 [pid: 8|app: 0|req: 298/591] 199.204.45.70 () {32 vars in 856 bytes} [Thu Feb 19 20:08:51 2026] GET /resource_providers/799179a5-2c20-42b8-8133-609cfddda8fb/allocations => generated 54 bytes in 13 msecs (HTTP/1.1 200) 6 headers in 223 bytes (1 switches on core 0)
2026-02-19 20:08:51.580 7 INFO placement.requestlog [req-f78bb451-3f36-4123-a0a2-2dfe724bf5e4 req-d9a17bd8-a6a2-4291-a2ae-e0d140dd070a 372ef6cf5dd84534a47b3a9a986eb95f fe891a2a52d14a65a2676e1078de6582 - - e65094bd7434431791a6e39ffda5f920 e65094bd7434431791a6e39ffda5f920] 199.204.45.70 "GET /resource_providers/799179a5-2c20-42b8-8133-609cfddda8fb/allocations" status: 200 len: 54 microversion: 1.0 [pid: 7|app: 0|req: 294/592] 199.204.45.70 () {32 vars in 856 bytes} [Thu Feb 19 20:08:51 2026] GET /resource_providers/799179a5-2c20-42b8-8133-609cfddda8fb/allocations => generated 54 bytes in 15 msecs (HTTP/1.1 200) 6 headers in 223 bytes (1 switches on core 0)
2026-02-19 20:08:53.745 8 INFO placement.requestlog [None req-2183c3bc-ebe3-4803-b553-8747e0c7bc28 - - - - - -] 172.24.0.235 "GET /" status: 200 len: 136 microversion: 1.0
2026-02-19 20:08:53.745 7 INFO placement.requestlog [None req-4940314f-e6d0-404b-9786-3edc4568e4d9 - - - - - -] 172.24.0.235 "GET /" status: 200 len: 136 microversion: 1.0
2026-02-19 20:09:03.746 8 INFO placement.requestlog [None req-1fa51fa5-3710-4f87-9054-94bc56bda234 - - - - - -] 172.24.0.235 "GET /" status: 200 len: 136 microversion: 1.0
2026-02-19 20:09:03.746 7 INFO placement.requestlog [None req-93a7c7f0-ddc3-4f31-9f19-003d3045d80f - - - - - -] 172.24.0.235 "GET /" status: 200 len: 136 microversion: 1.0
2026-02-19 20:09:05.879 7 INFO placement.requestlog [None req-78ac29a8-35ce-42d7-ae0c-77f88fb07352 7b8805a5c5f74aeeb2aa0e221a95ac3e 35cc968e6e264034b3093611a1307f7c - - default default] 172.24.0.198 "GET /resource_providers" status: 200 len: 405 microversion: 1.0 [pid: 7|app: 0|req: 297/597] 172.24.0.198 () {28 vars in 595 bytes} [Thu Feb 19 20:09:05 2026] GET /resource_providers => generated 405 bytes in 78 msecs (HTTP/1.1 200) 6 headers in 224 bytes (1 switches on core 0)
2026-02-19 20:09:05.912 8 INFO placement.requestlog [None req-2e369cfc-6977-4108-b392-c32be40b9e82 7b8805a5c5f74aeeb2aa0e221a95ac3e 35cc968e6e264034b3093611a1307f7c - - default default] 172.24.0.198 "GET /resource_providers/799179a5-2c20-42b8-8133-609cfddda8fb/inventories" status: 200 len: 400 microversion: 1.0 [pid: 8|app: 0|req: 301/598] 172.24.0.198 () {28 vars in 693 bytes} [Thu Feb 19 20:09:05 2026] GET /resource_providers/799179a5-2c20-42b8-8133-609cfddda8fb/inventories => generated 400 bytes in 27 msecs (HTTP/1.1 200) 6 headers in 224 bytes (1 switches on core 0)
2026-02-19 20:09:05.941 7 INFO placement.requestlog [None req-dae4710f-34a6-4df7-9183-68b67d084a55 7b8805a5c5f74aeeb2aa0e221a95ac3e 35cc968e6e264034b3093611a1307f7c - - default default] 172.24.0.198 "GET /resource_providers/799179a5-2c20-42b8-8133-609cfddda8fb/usages" status: 200 len: 88 microversion: 1.0 [pid: 7|app: 0|req: 298/599] 172.24.0.198 () {28 vars in 683 bytes} [Thu Feb 19 20:09:05 2026] GET /resource_providers/799179a5-2c20-42b8-8133-609cfddda8fb/usages => generated 88 bytes in 25 msecs (HTTP/1.1 200) 6 headers in 223 bytes (1 switches on core 0)
2026-02-19 20:09:13.745 8 INFO placement.requestlog [None req-81c9a6de-1936-40ac-aad3-d2335575a526 - - - - - -] 172.24.0.235 "GET /" status: 200 len: 136 microversion: 1.0
2026-02-19 20:09:13.745 7 INFO placement.requestlog [None req-82df6754-fad3-4ae3-8f97-d9efa05c15d9 - - - - - -] 172.24.0.235 "GET /" status: 200 len: 136 microversion: 1.0
2026-02-19 20:09:23.745 7 INFO placement.requestlog [None req-015766af-b60d-4a9e-9665-5185fe279cb0 - - - - - -] 172.24.0.235 "GET /" status: 200 len: 136 microversion: 1.0
2026-02-19 20:09:23.746 8 INFO placement.requestlog [None req-3dcc5283-204d-4ae4-80ae-61470cc4d07d - - - - - -] 172.24.0.235 "GET /" status: 200 len: 136 microversion: 1.0
2026-02-19 20:09:33.745 7 INFO placement.requestlog [None req-cf42dd93-0657-47d9-a6a4-2ae17f23866b - - - - - -] 172.24.0.235 "GET /" status: 200 len: 136 microversion: 1.0
2026-02-19 20:09:33.746 8 INFO placement.requestlog [None req-cc5d6db9-e093-4c91-a852-65c08fa03d5f - - - - - -] 172.24.0.235 "GET /" status: 200 len: 136 microversion: 1.0
2026-02-19 20:09:43.746 8 INFO placement.requestlog [None req-9c82baf3-88cd-4db2-be49-3d56fe9b30cc - - - - - -] 172.24.0.235 "GET /" status: 200 len: 136 microversion: 1.0
2026-02-19 20:09:43.746 7 INFO placement.requestlog [None req-e0e2de50-558c-4e9e-bdfe-bb86de41c781 - - - - - -] 172.24.0.235 "GET /" status: 200 len: 136 microversion: 1.0
2026-02-19 20:09:52.520 8 INFO placement.requestlog [req-db329ff0-13ef-425d-84a4-9e10b880ccf4 req-5891d817-2444-4a77-856d-a88f35146f60 372ef6cf5dd84534a47b3a9a986eb95f fe891a2a52d14a65a2676e1078de6582 - - e65094bd7434431791a6e39ffda5f920 e65094bd7434431791a6e39ffda5f920] 199.204.45.70 "GET /resource_providers/799179a5-2c20-42b8-8133-609cfddda8fb/allocations" status: 200 len: 54 microversion: 1.0 [pid: 8|app: 0|req: 306/608] 199.204.45.70 () {32 vars in 856 bytes} [Thu Feb 19 20:09:52 2026] GET /resource_providers/799179a5-2c20-42b8-8133-609cfddda8fb/allocations => generated 54 bytes in 68 msecs (HTTP/1.1 200) 6 headers in 223 bytes (1 switches on core 0)
2026-02-19 20:09:52.544 7 INFO placement.requestlog [req-db329ff0-13ef-425d-84a4-9e10b880ccf4 req-d014cdb1-2955-4aa3-888a-504cb46dbef2 372ef6cf5dd84534a47b3a9a986eb95f fe891a2a52d14a65a2676e1078de6582 - - e65094bd7434431791a6e39ffda5f920 e65094bd7434431791a6e39ffda5f920] 199.204.45.70 "GET /resource_providers?in_tree=799179a5-2c20-42b8-8133-609cfddda8fb" status: 200 len: 797 microversion: 1.14 [pid: 7|app: 0|req: 303/609] 199.204.45.70 () {34 vars in 891 bytes} [Thu Feb 19 20:09:52 2026] GET /resource_providers?in_tree=799179a5-2c20-42b8-8133-609cfddda8fb => generated 797 bytes in 18 msecs (HTTP/1.1 200) 6 headers in 225 bytes (1 switches on core 0)
2026-02-19 20:09:52.561 8 INFO placement.requestlog [req-db329ff0-13ef-425d-84a4-9e10b880ccf4 req-d8edcc5a-ae8a-483f-9dee-34f410189cd9 372ef6cf5dd84534a47b3a9a986eb95f fe891a2a52d14a65a2676e1078de6582 - - e65094bd7434431791a6e39ffda5f920 e65094bd7434431791a6e39ffda5f920] 199.204.45.70 "GET /resource_providers/799179a5-2c20-42b8-8133-609cfddda8fb/inventories" status: 200 len: 400 microversion: 1.0 [pid: 8|app: 0|req: 307/610] 199.204.45.70 () {32 vars in 856 bytes} [Thu Feb 19 20:09:52 2026] GET /resource_providers/799179a5-2c20-42b8-8133-609cfddda8fb/inventories => generated 400 bytes in 12 msecs (HTTP/1.1 200) 6 headers in 224 bytes (1 switches on core 0)
2026-02-19 20:09:52.579 7 INFO placement.requestlog [req-db329ff0-13ef-425d-84a4-9e10b880ccf4 req-9027d08d-1140-4894-a0c9-34e185b3a138 372ef6cf5dd84534a47b3a9a986eb95f fe891a2a52d14a65a2676e1078de6582 - - e65094bd7434431791a6e39ffda5f920 e65094bd7434431791a6e39ffda5f920] 199.204.45.70 "GET /resource_providers/799179a5-2c20-42b8-8133-609cfddda8fb/aggregates" status: 200 len: 53 microversion: 1.19 [pid: 7|app: 0|req: 304/611] 199.204.45.70 () {34 vars in 898 bytes} [Thu Feb 19 20:09:52 2026] GET /resource_providers/799179a5-2c20-42b8-8133-609cfddda8fb/aggregates => generated 53 bytes in 11 msecs (HTTP/1.1 200) 8 headers in 295 bytes (1 switches on core 0)
2026-02-19 20:09:52.609 8 INFO placement.requestlog [req-db329ff0-13ef-425d-84a4-9e10b880ccf4 req-fdf02578-8b02-41af-8f5e-2c702699d688 372ef6cf5dd84534a47b3a9a986eb95f fe891a2a52d14a65a2676e1078de6582 - - e65094bd7434431791a6e39ffda5f920 e65094bd7434431791a6e39ffda5f920] 199.204.45.70 "GET /resource_providers/799179a5-2c20-42b8-8133-609cfddda8fb/traits" status: 200 len: 2316 microversion: 1.6 [pid: 8|app: 0|req: 308/612] 199.204.45.70 () {34 vars in 889 bytes} [Thu Feb 19 20:09:52 2026] GET /resource_providers/799179a5-2c20-42b8-8133-609cfddda8fb/traits => generated 2316 bytes in 25 msecs (HTTP/1.1 200) 6 headers in 225 bytes (1 switches on core 0)
2026-02-19 20:09:52.629 7 INFO placement.requestlog [req-db329ff0-13ef-425d-84a4-9e10b880ccf4 req-41bb1327-2f39-486b-b9d0-6006520526bc 372ef6cf5dd84534a47b3a9a986eb95f fe891a2a52d14a65a2676e1078de6582 - - e65094bd7434431791a6e39ffda5f920 e65094bd7434431791a6e39ffda5f920] 199.204.45.70 "GET /resource_providers/799179a5-2c20-42b8-8133-609cfddda8fb/allocations" status: 200 len: 54 microversion: 1.0 [pid: 7|app: 0|req: 305/613] 199.204.45.70 () {32 vars in 856 bytes} [Thu Feb 19 20:09:52 2026] GET /resource_providers/799179a5-2c20-42b8-8133-609cfddda8fb/allocations => generated 54 bytes in 13 msecs (HTTP/1.1 200) 6 headers in 223 bytes (1 switches on core 0)
2026-02-19 20:09:53.746 8 INFO placement.requestlog [None req-763fec34-c48c-4072-92e7-c83cce54ec7a - - - - - -] 172.24.0.235 "GET /" status: 200 len: 136 microversion: 1.0
2026-02-19 20:09:53.746 7 INFO placement.requestlog [None req-bb6a577e-29ef-4626-a76e-7073460cbb12 - - - - - -] 172.24.0.235 "GET /" status: 200 len: 136 microversion: 1.0
2026-02-19 20:10:03.746 7 INFO placement.requestlog [None req-4d97bb47-d4ac-46ba-b003-819c12edc652 - - - - - -] 172.24.0.235 "GET /" status: 200 len: 136 microversion: 1.0
2026-02-19 20:10:03.746 8 INFO placement.requestlog [None req-9aeb7e7f-b66d-4226-8f19-805465e7a255 - - - - - -] 172.24.0.235 "GET /" status: 200 len: 136 microversion: 1.0
2026-02-19 20:10:06.032 7 INFO placement.requestlog [None req-9565a912-07a5-41b9-bbc7-97e267653cae 7b8805a5c5f74aeeb2aa0e221a95ac3e 35cc968e6e264034b3093611a1307f7c - - default default] 172.24.0.198 "GET /resource_providers" status: 200 len: 405 microversion: 1.0 [pid: 7|app: 0|req: 308/618] 172.24.0.198 () {28 vars in 595 bytes} [Thu Feb 19 20:10:05 2026] GET /resource_providers => generated 405 bytes in 80 msecs (HTTP/1.1 200) 6 headers in 224 bytes (1 switches on core 0)
2026-02-19 20:10:06.053 8 INFO placement.requestlog [None req-fa51c027-8f0d-4d1e-ab70-ef40905e529a 7b8805a5c5f74aeeb2aa0e221a95ac3e 35cc968e6e264034b3093611a1307f7c - - default default] 172.24.0.198 "GET /resource_providers/799179a5-2c20-42b8-8133-609cfddda8fb/inventories" status: 200 len: 400 microversion: 1.0 [pid: 8|app: 0|req: 311/619] 172.24.0.198 () {28 vars in 693 bytes} [Thu Feb 19 20:10:06 2026] GET /resource_providers/799179a5-2c20-42b8-8133-609cfddda8fb/inventories => generated 400 bytes in 13 msecs (HTTP/1.1 200) 6 headers in 224 bytes (1 switches on core 0)
2026-02-19 20:10:06.073 7 INFO placement.requestlog [None req-fb7eeb46-021e-4a36-8fd0-ded76d0ef536 7b8805a5c5f74aeeb2aa0e221a95ac3e 35cc968e6e264034b3093611a1307f7c - - default default] 172.24.0.198 "GET /resource_providers/799179a5-2c20-42b8-8133-609cfddda8fb/usages" status: 200 len: 88 microversion: 1.0 [pid: 7|app: 0|req: 309/620] 172.24.0.198 () {28 vars in 683 bytes} [Thu Feb 19 20:10:06 2026] GET /resource_providers/799179a5-2c20-42b8-8133-609cfddda8fb/usages => generated 88 bytes in 14 msecs (HTTP/1.1 200) 6 headers in 223 bytes (1 switches on core 0)
2026-02-19 20:10:13.745 8 INFO placement.requestlog [None req-34004da2-c2f6-40bf-b2c9-2cc5c7d3f5fd - - - - - -] 172.24.0.235 "GET /" status: 200 len: 136 microversion: 1.0
2026-02-19 20:10:13.745 7 INFO placement.requestlog [None req-4d417079-f6a4-4374-a1cb-31c54959fee8 - - - - - -] 172.24.0.235 "GET /" status: 200 len: 136 microversion: 1.0
2026-02-19 20:10:23.745 8 INFO placement.requestlog [None req-737deb81-2894-4354-aaa8-ffcda11b2eb2 - - - - - -] 172.24.0.235 "GET /" status: 200 len: 136 microversion: 1.0
2026-02-19 20:10:23.745 7 INFO placement.requestlog [None req-0b290b25-b607-4e75-a690-f2a3575f260b - - - - - -] 172.24.0.235 "GET /" status: 200 len: 136 microversion: 1.0
2026-02-19 20:10:33.746 7 INFO placement.requestlog [None req-252f532f-de7d-4ade-9b38-5ae77954d4d7 - - - - - -] 172.24.0.235 "GET /" status: 200 len: 136 microversion: 1.0
2026-02-19 20:10:33.746 8 INFO placement.requestlog [None req-0e0bc071-b80e-4890-819d-415b5963e9ea - - - - - -] 172.24.0.235 "GET /" status: 200 len: 136 microversion: 1.0
2026-02-19 20:10:43.746 8 INFO placement.requestlog [None req-0721da4c-78cb-4827-9dd9-ba66f8653929 - - - - - -] 172.24.0.235 "GET /" status: 200 len: 136 microversion: 1.0
2026-02-19 20:10:43.747 7 INFO placement.requestlog [None req-9b271e61-d558-4572-b26f-b8e603f03959 - - - - - -] 172.24.0.235 "GET /" status: 200 len: 136 microversion: 1.0
2026-02-19 20:10:53.745 8 INFO placement.requestlog [None req-4648bb62-8350-4f32-b0c4-1693978f205e - - - - - -] 172.24.0.235 "GET /" status: 200 len: 136 microversion: 1.0
2026-02-19 20:10:53.745 7 INFO placement.requestlog [None req-ba1de721-da66-4ead-a5b8-824bd1949da8 - - - - - -] 172.24.0.235 "GET /" status: 200 len: 136 microversion: 1.0
2026-02-19 20:10:55.016 8 INFO placement.requestlog [req-35607f3a-4ba8-4ea4-a070-48d90749cef7 req-47cbdd98-e961-46bb-a636-b88af4d59029 372ef6cf5dd84534a47b3a9a986eb95f fe891a2a52d14a65a2676e1078de6582 - - e65094bd7434431791a6e39ffda5f920 e65094bd7434431791a6e39ffda5f920] 199.204.45.70 "GET /resource_providers/799179a5-2c20-42b8-8133-609cfddda8fb/allocations" status: 200 len: 54 microversion: 1.0 [pid: 8|app: 0|req: 317/631] 199.204.45.70 () {32 vars in 856 bytes} [Thu Feb 19 20:10:55 2026] GET /resource_providers/799179a5-2c20-42b8-8133-609cfddda8fb/allocations => generated 54 bytes in 13 msecs (HTTP/1.1 200) 6 headers in 223 bytes (1 switches on core 0)
2026-02-19 20:10:55.034 7 INFO placement.requestlog [req-35607f3a-4ba8-4ea4-a070-48d90749cef7 req-01162be2-7a06-4e07-a187-c6a1fdcbaabe 372ef6cf5dd84534a47b3a9a986eb95f fe891a2a52d14a65a2676e1078de6582 - - e65094bd7434431791a6e39ffda5f920 e65094bd7434431791a6e39ffda5f920] 199.204.45.70 "GET /resource_providers/799179a5-2c20-42b8-8133-609cfddda8fb/allocations" status: 200 len: 54 microversion: 1.0 [pid: 7|app: 0|req: 315/632] 199.204.45.70 () {32 vars in 856 bytes} [Thu Feb 19 20:10:55 2026] GET /resource_providers/799179a5-2c20-42b8-8133-609cfddda8fb/allocations => generated 54 bytes in 13 msecs (HTTP/1.1 200) 6 headers in 223 bytes (1 switches on core 0)
2026-02-19 20:11:03.745 7 INFO placement.requestlog [None req-57d0d07f-f1d2-43fc-a08d-f4f59dacb6f7 - - - - - -] 172.24.0.235 "GET /" status: 200 len: 136 microversion: 1.0
2026-02-19 20:11:03.745 8 INFO placement.requestlog [None req-95524a9f-53c3-4fff-afa4-b7cdaa006b48 - - - - - -] 172.24.0.235 "GET /" status: 200 len: 136 microversion: 1.0
2026-02-19 20:11:05.880 7 INFO placement.requestlog [None req-c1bcd45b-8293-435d-901a-a60a4b3b8d23 7b8805a5c5f74aeeb2aa0e221a95ac3e 35cc968e6e264034b3093611a1307f7c - - default default] 172.24.0.198 "GET /resource_providers" status: 200 len: 405 microversion: 1.0 [pid: 7|app: 0|req: 317/635] 172.24.0.198 () {28 vars in 595 bytes} [Thu Feb 19 20:11:05 2026] GET /resource_providers => generated 405 bytes in 96 msecs (HTTP/1.1 200) 6 headers in 224 bytes (1 switches on core 0)
2026-02-19 20:11:05.896 8 INFO placement.requestlog [None req-84b595bc-4d5c-44e6-84ba-eda2020686c9 7b8805a5c5f74aeeb2aa0e221a95ac3e 35cc968e6e264034b3093611a1307f7c - - default default] 172.24.0.198 "GET /resource_providers/799179a5-2c20-42b8-8133-609cfddda8fb/inventories" status: 200 len: 400 microversion: 1.0 [pid: 8|app: 0|req: 319/636] 172.24.0.198 () {28 vars in 693 bytes} [Thu Feb 19 20:11:05 2026] GET /resource_providers/799179a5-2c20-42b8-8133-609cfddda8fb/inventories => generated 400 bytes in 12 msecs (HTTP/1.1 200) 6 headers in 224 bytes (1 switches on core 0)
2026-02-19 20:11:05.916 7 INFO placement.requestlog [None req-b3ce7be6-beb4-4fb8-ba7d-361ecdcef602 7b8805a5c5f74aeeb2aa0e221a95ac3e 35cc968e6e264034b3093611a1307f7c - - default default] 172.24.0.198 "GET /resource_providers/799179a5-2c20-42b8-8133-609cfddda8fb/usages" status: 200 len: 88 microversion: 1.0 [pid: 7|app: 0|req: 318/637] 172.24.0.198 () {28 vars in 683 bytes} [Thu Feb 19 20:11:05 2026] GET /resource_providers/799179a5-2c20-42b8-8133-609cfddda8fb/usages => generated 88 bytes in 13 msecs (HTTP/1.1 200) 6 headers in 223 bytes (1 switches on core 0)
2026-02-19 20:11:13.746 8 INFO placement.requestlog [None req-e8ab72d8-adaa-414a-9541-56452f792d4a - - - - - -] 172.24.0.235 "GET /" status: 200 len: 136 microversion: 1.0
2026-02-19 20:11:13.746 7 INFO placement.requestlog [None req-5a8f91c1-def7-4e5b-ad93-44972adaec1c - - - - - -] 172.24.0.235 "GET /" status: 200 len: 136 microversion: 1.0
2026-02-19 20:11:23.745 7 INFO placement.requestlog [None req-ccbb44fc-8cca-4bda-9a52-81f64b6561eb - - - - - -] 172.24.0.235 "GET /" status: 200 len: 136 microversion: 1.0
2026-02-19 20:11:23.746 8 INFO placement.requestlog [None req-3f2f80b9-2505-4bb8-adec-ed64b0a0f3d1 - - - - - -] 172.24.0.235 "GET /" status: 200 len: 136 microversion: 1.0
2026-02-19 20:11:33.745 7 INFO placement.requestlog [None req-36b0f72e-e487-49f3-96f6-3b1760ff08e3 - - - - - -] 172.24.0.235 "GET /" status: 200 len: 136 microversion: 1.0
2026-02-19 20:11:33.745 8 INFO placement.requestlog [None req-377f41d1-60e2-48dc-af00-b6153ffd7204 - - - - - -] 172.24.0.235 "GET /" status: 200 len: 136 microversion: 1.0
2026-02-19 20:11:43.746 7 INFO placement.requestlog [None req-1f33620a-0204-4a92-a007-c9a359afd104 - - - - - -] 172.24.0.235 "GET /" status: 200 len: 136 microversion: 1.0
2026-02-19 20:11:43.746 8 INFO placement.requestlog [None req-72a222fb-637e-4e24-965d-31e5621fb11e - - - - - -] 172.24.0.235 "GET /" status: 200 len: 136 microversion: 1.0
2026-02-19 20:11:53.746 7 INFO placement.requestlog [None req-248fe283-debe-4181-bfac-5900d36bd86c - - - - - -] 172.24.0.235 "GET /" status: 200 len: 136 microversion: 1.0
2026-02-19 20:11:53.747 8 INFO placement.requestlog [None req-e4a3d3f2-17ea-4b06-985e-e90f224e0ab4 - - - - - -] 172.24.0.235 "GET /" status: 200 len: 136 microversion: 1.0
2026-02-19 20:11:56.497 7 INFO placement.requestlog [req-0b39ceb8-9702-4dc6-b541-60fee91f6795 req-c464dad0-ed86-4e76-bcab-b15904ee22de 372ef6cf5dd84534a47b3a9a986eb95f fe891a2a52d14a65a2676e1078de6582 - - e65094bd7434431791a6e39ffda5f920 e65094bd7434431791a6e39ffda5f920] 199.204.45.70 "GET /resource_providers/799179a5-2c20-42b8-8133-609cfddda8fb/allocations" status: 200 len: 54 microversion: 1.0 [pid: 7|app: 0|req: 324/648] 199.204.45.70 () {32 vars in 856 bytes} [Thu Feb 19 20:11:56 2026] GET /resource_providers/799179a5-2c20-42b8-8133-609cfddda8fb/allocations => generated 54 bytes in 13 msecs (HTTP/1.1 200) 6 headers in 223 bytes (1 switches on core 0)
2026-02-19 20:11:56.526 8 INFO placement.requestlog [req-0b39ceb8-9702-4dc6-b541-60fee91f6795 req-4bea39ad-af34-4fc9-94c5-f4b0f23b9a72 372ef6cf5dd84534a47b3a9a986eb95f fe891a2a52d14a65a2676e1078de6582 - - e65094bd7434431791a6e39ffda5f920 e65094bd7434431791a6e39ffda5f920] 199.204.45.70 "GET /resource_providers/799179a5-2c20-42b8-8133-609cfddda8fb/allocations" status: 200 len: 54 microversion: 1.0 [pid: 8|app: 0|req: 325/649] 199.204.45.70 () {32 vars in 856 bytes} [Thu Feb 19 20:11:56 2026] GET /resource_providers/799179a5-2c20-42b8-8133-609cfddda8fb/allocations => generated 54 bytes in 19 msecs (HTTP/1.1 200) 6 headers in 223 bytes (1 switches on core 0)
2026-02-19 20:12:03.745 7 INFO placement.requestlog [None req-517d5513-e024-4e2f-b203-d5a0b495dadc - - - - - -] 172.24.0.235 "GET /" status: 200 len: 136 microversion: 1.0
2026-02-19 20:12:03.745 8 INFO placement.requestlog [None req-8dcde4ee-25be-4891-b225-4ae0e48c8847 - - - - - -] 172.24.0.235 "GET /" status: 200 len: 136 microversion: 1.0
2026-02-19 20:12:06.009 7 INFO placement.requestlog [None req-2381e6f1-095e-435e-b7f2-14d4e6b9ebf4 7b8805a5c5f74aeeb2aa0e221a95ac3e 35cc968e6e264034b3093611a1307f7c - - default default] 172.24.0.198 "GET /resource_providers" status: 200 len: 405 microversion: 1.0 [pid: 7|app: 0|req: 326/652] 172.24.0.198 () {28 vars in 595 bytes} [Thu Feb 19 20:12:05 2026] GET /resource_providers => generated 405 bytes in 100 msecs (HTTP/1.1 200) 6 headers in 224 bytes (1 switches on core 0)
2026-02-19 20:12:06.027 8 INFO placement.requestlog [None req-790bbbfc-65e3-4bee-8726-1421ca26ed28 7b8805a5c5f74aeeb2aa0e221a95ac3e 35cc968e6e264034b3093611a1307f7c - - default default] 172.24.0.198 "GET /resource_providers/799179a5-2c20-42b8-8133-609cfddda8fb/inventories" status: 200 len: 400 microversion: 1.0 [pid: 8|app: 0|req: 327/653] 172.24.0.198 () {28 vars in 693 bytes} [Thu Feb 19 20:12:06 2026] GET /resource_providers/799179a5-2c20-42b8-8133-609cfddda8fb/inventories => generated 400 bytes in 14 msecs (HTTP/1.1 200) 6 headers in 224 bytes (1 switches on core 0)
2026-02-19 20:12:06.050 7 INFO placement.requestlog [None req-1e6150e0-1cfe-443c-86c0-63d8e3d5ffd4 7b8805a5c5f74aeeb2aa0e221a95ac3e 35cc968e6e264034b3093611a1307f7c - - default default] 172.24.0.198 "GET /resource_providers/799179a5-2c20-42b8-8133-609cfddda8fb/usages" status: 200 len: 88 microversion: 1.0 [pid: 7|app: 0|req: 327/654] 172.24.0.198 () {28 vars in 683 bytes} [Thu Feb 19 20:12:06 2026] GET /resource_providers/799179a5-2c20-42b8-8133-609cfddda8fb/usages => generated 88 bytes in 15 msecs (HTTP/1.1 200) 6 headers in 223 bytes (1 switches on core 0)
2026-02-19 20:12:13.746 8 INFO placement.requestlog [None req-317d412e-fc36-4dc4-a2ce-7cada9221596 - - - - - -] 172.24.0.235 "GET /" status: 200 len: 136 microversion: 1.0
2026-02-19 20:12:13.746 7 INFO placement.requestlog [None req-eb620362-5733-4c3a-a4a2-a1e983a108e7 - - - - - -] 172.24.0.235 "GET /" status: 200 len: 136 microversion: 1.0
2026-02-19 20:12:23.745 7 INFO placement.requestlog [None req-c1b3fcd8-51a7-4355-8fcd-1c31edb725b3 - - - - - -] 172.24.0.235 "GET /" status: 200 len: 136 microversion: 1.0
2026-02-19 20:12:23.745 8 INFO placement.requestlog [None req-7318c4c7-0a1f-461f-9377-3b248f07d449 - - - - - -] 172.24.0.235 "GET /" status: 200 len: 136 microversion: 1.0
2026-02-19 20:12:33.746 7 INFO placement.requestlog [None req-f9958521-ca09-403c-86e6-98dc75b00a33 - - - - - -] 172.24.0.235 "GET /" status: 200 len: 136 microversion: 1.0
2026-02-19 20:12:33.746 8 INFO placement.requestlog [None req-5e7d7137-b752-4b92-9d0c-d5aa16be8e52 - - - - - -] 172.24.0.235 "GET /" status: 200 len: 136 microversion: 1.0
2026-02-19 20:12:43.745 8 INFO placement.requestlog [None req-b673321b-1041-4f80-8da0-e36ca57e8af7 - - - - - -] 172.24.0.235 "GET /" status: 200 len: 136 microversion: 1.0
2026-02-19 20:12:43.745 7 INFO placement.requestlog [None req-8b427910-4ca0-4db2-9cac-4c18e1f9b595 - - - - - -] 172.24.0.235 "GET /" status: 200 len: 136 microversion: 1.0
2026-02-19 20:12:48.010 8 INFO placement.requestlog [req-d726dd10-7933-40ef-9657-c77a0bfbe685 req-f26296a8-5d8b-4af5-8db8-ea337c36957b 372ef6cf5dd84534a47b3a9a986eb95f fe891a2a52d14a65a2676e1078de6582 - - e65094bd7434431791a6e39ffda5f920 e65094bd7434431791a6e39ffda5f920] 172.24.0.105 "GET /allocation_candidates?limit=1000&resources=DISK_GB%3A1%2CMEMORY_MB%3A512%2CVCPU%3A1&root_required=%21COMPUTE_STATUS_DISABLED" status: 200 len: 2781 microversion: 1.36 [pid: 8|app: 0|req: 332/663] 172.24.0.105 () {34 vars in 1014 bytes} [Thu Feb 19 20:12:47 2026] GET /allocation_candidates?limit=1000&resources=DISK_GB%3A1%2CMEMORY_MB%3A512%2CVCPU%3A1&root_required=%21COMPUTE_STATUS_DISABLED => generated 2781 bytes in 158 msecs (HTTP/1.1 200) 8 headers in 297 bytes (1 switches on core 0)
2026-02-19 20:12:48.048 7 INFO placement.requestlog [req-d726dd10-7933-40ef-9657-c77a0bfbe685 req-a4637937-93b1-44cc-b624-f4de411cb168 372ef6cf5dd84534a47b3a9a986eb95f fe891a2a52d14a65a2676e1078de6582 - - e65094bd7434431791a6e39ffda5f920 e65094bd7434431791a6e39ffda5f920] 172.24.0.105 "GET /allocations/2469ad12-6949-4eb3-b3c8-aae9909618cc" status: 200 len: 19 microversion: 1.28 [pid: 7|app: 0|req: 332/664] 172.24.0.105 () {34 vars in 863 bytes} [Thu Feb 19 20:12:48 2026] GET /allocations/2469ad12-6949-4eb3-b3c8-aae9909618cc => generated 19 bytes in 9 msecs (HTTP/1.1 200) 8 headers in 295 bytes (1 switches on core 0)
2026-02-19 20:12:48.119 8 INFO placement.requestlog [req-d726dd10-7933-40ef-9657-c77a0bfbe685 req-3f87bd0b-948c-4bbd-ba07-c1db52a9e9eb 372ef6cf5dd84534a47b3a9a986eb95f fe891a2a52d14a65a2676e1078de6582 - - e65094bd7434431791a6e39ffda5f920 e65094bd7434431791a6e39ffda5f920] 172.24.0.105 "PUT /allocations/2469ad12-6949-4eb3-b3c8-aae9909618cc" status: 204 len: 0 microversion: 1.36 [pid: 8|app: 0|req: 333/665] 172.24.0.105 () {38 vars in 916 bytes} [Thu Feb 19 20:12:48 2026] PUT /allocations/2469ad12-6949-4eb3-b3c8-aae9909618cc => generated 0 bytes in 64 msecs (HTTP/1.1 204) 5 headers in 199 bytes (1 switches on core 0)
2026-02-19 20:12:48.397 7 INFO placement.requestlog [req-d4231ed0-e4cb-4268-a15b-07a2eca92bb4 req-f0820eef-9676-47bb-b617-b4db882d631f 372ef6cf5dd84534a47b3a9a986eb95f fe891a2a52d14a65a2676e1078de6582 - - e65094bd7434431791a6e39ffda5f920 e65094bd7434431791a6e39ffda5f920] 172.24.0.105 "GET /allocation_candidates?limit=1000&resources=DISK_GB%3A1%2CMEMORY_MB%3A512%2CVCPU%3A1&root_required=%21COMPUTE_STATUS_DISABLED" status: 200 len: 2783 microversion: 1.36 [pid: 7|app: 0|req: 333/666] 172.24.0.105 () {34 vars in 1014 bytes} [Thu Feb 19 20:12:48 2026] GET /allocation_candidates?limit=1000&resources=DISK_GB%3A1%2CMEMORY_MB%3A512%2CVCPU%3A1&root_required=%21COMPUTE_STATUS_DISABLED => generated 2783 bytes in 53 msecs (HTTP/1.1 200) 8 headers in 297 bytes (1 switches on core 0)
2026-02-19 20:12:48.442 8 INFO placement.requestlog [req-d4231ed0-e4cb-4268-a15b-07a2eca92bb4 req-fdac8939-410f-4550-8033-6d007e8b14f1 372ef6cf5dd84534a47b3a9a986eb95f fe891a2a52d14a65a2676e1078de6582 - - e65094bd7434431791a6e39ffda5f920 e65094bd7434431791a6e39ffda5f920] 172.24.0.105 "GET /allocations/0c1e4e17-7aca-4a35-bdd0-a41ea0795f68" status: 200 len: 19 microversion: 1.28 [pid: 8|app: 0|req: 334/667] 172.24.0.105 () {34 vars in 863 bytes} [Thu Feb 19 20:12:48 2026] GET /allocations/0c1e4e17-7aca-4a35-bdd0-a41ea0795f68 => generated 19 bytes in 13 msecs (HTTP/1.1 200) 8 headers in 295 bytes (1 switches on core 0)
2026-02-19 20:12:48.522 7 INFO placement.requestlog [req-d4231ed0-e4cb-4268-a15b-07a2eca92bb4 req-eb4d1f3f-9d3e-4039-a17f-c8049bdd9488 372ef6cf5dd84534a47b3a9a986eb95f fe891a2a52d14a65a2676e1078de6582 - - e65094bd7434431791a6e39ffda5f920 e65094bd7434431791a6e39ffda5f920] 172.24.0.105 "PUT /allocations/0c1e4e17-7aca-4a35-bdd0-a41ea0795f68" status: 204 len: 0 microversion: 1.36 [pid: 7|app: 0|req: 334/668] 172.24.0.105 () {38 vars in 916 bytes} [Thu Feb 19 20:12:48 2026] PUT /allocations/0c1e4e17-7aca-4a35-bdd0-a41ea0795f68 => generated 0 bytes in 76 msecs (HTTP/1.1 204) 5 headers in 199 bytes (1 switches on core 0)
2026-02-19 20:12:49.641 8 INFO placement.requestlog [req-d726dd10-7933-40ef-9657-c77a0bfbe685 req-a7cd27b7-8d2b-4650-a9b1-d48fd30ed8e3 372ef6cf5dd84534a47b3a9a986eb95f fe891a2a52d14a65a2676e1078de6582 - - e65094bd7434431791a6e39ffda5f920 e65094bd7434431791a6e39ffda5f920] 199.204.45.70 "GET /allocations/2469ad12-6949-4eb3-b3c8-aae9909618cc" status: 200 len: 257 microversion: 1.28 [pid: 8|app: 0|req: 335/669] 199.204.45.70 () {34 vars in 862 bytes} [Thu Feb 19 20:12:49 2026] GET /allocations/2469ad12-6949-4eb3-b3c8-aae9909618cc => generated 257 bytes in 10 msecs (HTTP/1.1 200) 8 headers in 296 bytes (1 switches on core 0)
2026-02-19 20:12:50.126 7 INFO placement.requestlog [req-d4231ed0-e4cb-4268-a15b-07a2eca92bb4 req-3e1d79da-2637-46a1-9ba8-cac3e57c338c 372ef6cf5dd84534a47b3a9a986eb95f fe891a2a52d14a65a2676e1078de6582 - - e65094bd7434431791a6e39ffda5f920 e65094bd7434431791a6e39ffda5f920] 199.204.45.70 "GET /allocations/0c1e4e17-7aca-4a35-bdd0-a41ea0795f68" status: 200 len: 257 microversion: 1.28 [pid: 7|app: 0|req: 335/670] 199.204.45.70 () {34 vars in 862 bytes} [Thu Feb 19 20:12:50 2026] GET /allocations/0c1e4e17-7aca-4a35-bdd0-a41ea0795f68 => generated 257 bytes in 20 msecs (HTTP/1.1 200) 8 headers in 296 bytes (1 switches on core 0)
2026-02-19 20:12:50.683 8 INFO placement.requestlog [req-d726dd10-7933-40ef-9657-c77a0bfbe685 req-071db3b6-362f-4d2c-b11f-3536ee72a6d9 372ef6cf5dd84534a47b3a9a986eb95f fe891a2a52d14a65a2676e1078de6582 - - e65094bd7434431791a6e39ffda5f920 e65094bd7434431791a6e39ffda5f920] 199.204.45.70 "GET /resource_providers/799179a5-2c20-42b8-8133-609cfddda8fb/allocations" status: 200 len: 252 microversion: 1.0 [pid: 8|app: 0|req: 336/671] 199.204.45.70 () {32 vars in 856 bytes} [Thu Feb 19 20:12:50 2026] GET /resource_providers/799179a5-2c20-42b8-8133-609cfddda8fb/allocations => generated 252 bytes in 16 msecs (HTTP/1.1 200) 6 headers in 224 bytes (1 switches on core 0)
2026-02-19 20:12:50.702 7 INFO placement.requestlog [req-d726dd10-7933-40ef-9657-c77a0bfbe685 req-b7627098-74e7-4440-8109-1e5125cb758b 372ef6cf5dd84534a47b3a9a986eb95f fe891a2a52d14a65a2676e1078de6582 - - e65094bd7434431791a6e39ffda5f920 e65094bd7434431791a6e39ffda5f920] 199.204.45.70 "GET /allocations/0c1e4e17-7aca-4a35-bdd0-a41ea0795f68" status: 200 len: 257 microversion: 1.28 [pid: 7|app: 0|req: 336/672] 199.204.45.70 () {34 vars in 862 bytes} [Thu Feb 19 20:12:50 2026] GET /allocations/0c1e4e17-7aca-4a35-bdd0-a41ea0795f68 => generated 257 bytes in 14 msecs (HTTP/1.1 200) 8 headers in 296 bytes (1 switches on core 0)
2026-02-19 20:12:50.721 8 INFO placement.requestlog [req-d726dd10-7933-40ef-9657-c77a0bfbe685 req-4c600c79-0da9-4885-baf0-37155f230754 372ef6cf5dd84534a47b3a9a986eb95f fe891a2a52d14a65a2676e1078de6582 - - e65094bd7434431791a6e39ffda5f920 e65094bd7434431791a6e39ffda5f920] 199.204.45.70 "GET /allocations/2469ad12-6949-4eb3-b3c8-aae9909618cc" status: 200 len: 257 microversion: 1.28 [pid: 8|app: 0|req: 337/673] 199.204.45.70 () {34 vars in 862 bytes} [Thu Feb 19 20:12:50 2026] GET /allocations/2469ad12-6949-4eb3-b3c8-aae9909618cc => generated 257 bytes in 13 msecs (HTTP/1.1 200) 8 headers in 296 bytes (1 switches on core 0)
2026-02-19 20:12:52.625 8 INFO placement.requestlog [None req-1418ada3-5a2e-44f1-ac4d-bc63235e1346 f8bb23953aaf492e9a028e13a38f82fc fe891a2a52d14a65a2676e1078de6582 - - e65094bd7434431791a6e39ffda5f920 e65094bd7434431791a6e39ffda5f920] 172.24.0.73 "GET /resource_providers/f8e48faa-b050-4949-9f01-ab7fe99da24d/aggregates" status: 404 len: 235 microversion: 1.1 [pid: 8|app: 0|req: 338/674] 172.24.0.73 () {32 vars in 817 bytes} [Thu Feb 19 20:12:52 2026] GET /resource_providers/f8e48faa-b050-4949-9f01-ab7fe99da24d/aggregates => generated 235 bytes in 100 msecs (HTTP/1.1 404) 5 headers in 202 bytes (1 switches on core 0)
2026-02-19 20:12:52.645 7 INFO placement.requestlog [None req-98cc778c-41f5-4040-a925-0d8803eb8cd8 f8bb23953aaf492e9a028e13a38f82fc fe891a2a52d14a65a2676e1078de6582 - - e65094bd7434431791a6e39ffda5f920 e65094bd7434431791a6e39ffda5f920] 172.24.0.73 "GET /resource_providers/f8e48faa-b050-4949-9f01-ab7fe99da24d/aggregates" status: 404 len: 235 microversion: 1.1 [pid: 7|app: 0|req: 337/675] 172.24.0.73 () {32 vars in 817 bytes} [Thu Feb 19 20:12:52 2026] GET /resource_providers/f8e48faa-b050-4949-9f01-ab7fe99da24d/aggregates => generated 235 bytes in 123 msecs (HTTP/1.1 404) 5 headers in 202 bytes (1 switches on core 0)
2026-02-19 20:12:52.647 8 INFO placement.requestlog [None req-5b7c8d44-64de-49a6-87dc-e2d4768be4e5 f8bb23953aaf492e9a028e13a38f82fc fe891a2a52d14a65a2676e1078de6582 - - e65094bd7434431791a6e39ffda5f920 e65094bd7434431791a6e39ffda5f920] 172.24.0.73 "DELETE /resource_providers/f8e48faa-b050-4949-9f01-ab7fe99da24d" status: 404 len: 246 microversion: 1.1 [pid: 8|app: 0|req: 339/676] 172.24.0.73 () {34 vars in 817 bytes} [Thu Feb 19 20:12:52 2026] DELETE /resource_providers/f8e48faa-b050-4949-9f01-ab7fe99da24d => generated 246 bytes in 11 msecs (HTTP/1.1 404) 6 headers in 231 bytes (1 switches on core 0)
2026-02-19 20:12:52.665 7 INFO placement.requestlog [None req-eb506e27-dc12-4bda-9769-ff3e9b777c50 f8bb23953aaf492e9a028e13a38f82fc fe891a2a52d14a65a2676e1078de6582 - - e65094bd7434431791a6e39ffda5f920 e65094bd7434431791a6e39ffda5f920] 172.24.0.73 "DELETE /resource_providers/f8e48faa-b050-4949-9f01-ab7fe99da24d" status: 404 len: 246 microversion: 1.1 [pid: 7|app: 0|req: 338/677] 172.24.0.73 () {34 vars in 817 bytes} [Thu Feb 19 20:12:52 2026] DELETE /resource_providers/f8e48faa-b050-4949-9f01-ab7fe99da24d => generated 246 bytes in 12 msecs (HTTP/1.1 404) 6 headers in 231 bytes (1 switches on core 0)
2026-02-19 20:12:52.801 8 INFO placement.requestlog [req-d4231ed0-e4cb-4268-a15b-07a2eca92bb4 req-09831acd-f3d6-44a6-959e-3cf80e594e33 372ef6cf5dd84534a47b3a9a986eb95f fe891a2a52d14a65a2676e1078de6582 - - e65094bd7434431791a6e39ffda5f920 e65094bd7434431791a6e39ffda5f920] 199.204.45.70 "GET /resource_providers/799179a5-2c20-42b8-8133-609cfddda8fb/allocations" status: 200 len: 252 microversion: 1.0 [pid: 8|app: 0|req: 340/678] 199.204.45.70 () {32 vars in 856 bytes} [Thu Feb 19 20:12:52 2026] GET /resource_providers/799179a5-2c20-42b8-8133-609cfddda8fb/allocations => generated 252 bytes in 24 msecs (HTTP/1.1 200) 6 headers in 224 bytes (1 switches on core 0)
2026-02-19 20:12:52.829 7 INFO placement.requestlog [req-d4231ed0-e4cb-4268-a15b-07a2eca92bb4 req-0e84a7d9-b4e6-41d0-a3d0-6ff1f5ea5c8a 372ef6cf5dd84534a47b3a9a986eb95f fe891a2a52d14a65a2676e1078de6582 - - e65094bd7434431791a6e39ffda5f920 e65094bd7434431791a6e39ffda5f920] 199.204.45.70 "GET /allocations/0c1e4e17-7aca-4a35-bdd0-a41ea0795f68" status: 200 len: 257 microversion: 1.28 [pid: 7|app: 0|req: 339/679] 199.204.45.70 () {34 vars in 862 bytes} [Thu Feb 19 20:12:52 2026] GET /allocations/0c1e4e17-7aca-4a35-bdd0-a41ea0795f68 => generated 257 bytes in 19 msecs (HTTP/1.1 200) 8 headers in 296 bytes (1 switches on core 0)
2026-02-19 20:12:52.853 8 INFO placement.requestlog [req-d4231ed0-e4cb-4268-a15b-07a2eca92bb4 req-ae3ab7f0-7b5d-486e-a57d-bd4440401a2e 372ef6cf5dd84534a47b3a9a986eb95f fe891a2a52d14a65a2676e1078de6582 - - e65094bd7434431791a6e39ffda5f920 e65094bd7434431791a6e39ffda5f920] 199.204.45.70 "GET /allocations/2469ad12-6949-4eb3-b3c8-aae9909618cc" status: 200 len: 257 microversion: 1.28 [pid: 8|app: 0|req: 341/680] 199.204.45.70 () {34 vars in 862 bytes} [Thu Feb 19 20:12:52 2026] GET /allocations/2469ad12-6949-4eb3-b3c8-aae9909618cc => generated 257 bytes in 18 msecs (HTTP/1.1 200) 8 headers in 296 bytes (1 switches on core 0)
2026-02-19 20:12:53.745 8 INFO placement.requestlog [None req-a7e779c8-ff22-476c-b294-9d559b3d00d4 - - - - - -] 172.24.0.235 "GET /" status: 200 len: 136 microversion: 1.0
2026-02-19 20:12:53.745 7 INFO placement.requestlog [None req-3588ffc4-189b-45a8-8a10-8ab5e038b45f - - - - - -] 172.24.0.235 "GET /" status: 200 len: 136 microversion: 1.0
2026-02-19 20:12:56.623 7 INFO placement.requestlog [req-7a80eccd-468f-4714-bce6-2f5424f03bbc req-906cc793-3256-48af-96dd-20e7a82f5f81 372ef6cf5dd84534a47b3a9a986eb95f fe891a2a52d14a65a2676e1078de6582 - - e65094bd7434431791a6e39ffda5f920 e65094bd7434431791a6e39ffda5f920] 199.204.45.70 "GET /resource_providers/799179a5-2c20-42b8-8133-609cfddda8fb/allocations" status: 200 len: 252 microversion: 1.0 [pid: 7|app: 0|req: 341/683] 199.204.45.70 () {32 vars in 856 bytes} [Thu Feb 19 20:12:56 2026] GET /resource_providers/799179a5-2c20-42b8-8133-609cfddda8fb/allocations => generated 252 bytes in 12 msecs (HTTP/1.1 200) 6 headers in 224 bytes (1 switches on core 0)
2026-02-19 20:12:56.641 8 INFO placement.requestlog [req-d2c27cec-ff33-42a2-b3c4-8ae916667198 req-86f10176-7b29-44df-a9e6-b35e5b33e836 372ef6cf5dd84534a47b3a9a986eb95f fe891a2a52d14a65a2676e1078de6582 - - e65094bd7434431791a6e39ffda5f920 e65094bd7434431791a6e39ffda5f920] 172.24.0.105 "GET /allocation_candidates?limit=1000&resources=MEMORY_MB%3A512%2CVCPU%3A1&root_required=%21COMPUTE_STATUS_DISABLED" status: 200 len: 2770 microversion: 1.36 [pid: 8|app: 0|req: 343/684] 172.24.0.105 () {34 vars in 986 bytes} [Thu Feb 19 20:12:56 2026] GET /allocation_candidates?limit=1000&resources=MEMORY_MB%3A512%2CVCPU%3A1&root_required=%21COMPUTE_STATUS_DISABLED => generated 2770 bytes in 32 msecs (HTTP/1.1 200) 8 headers in 297 bytes (1 switches on core 0)
2026-02-19 20:12:56.644 7 INFO placement.requestlog [req-7a80eccd-468f-4714-bce6-2f5424f03bbc req-8335210d-9a92-4ab6-bbfa-8be4330247f6 372ef6cf5dd84534a47b3a9a986eb95f fe891a2a52d14a65a2676e1078de6582 - - e65094bd7434431791a6e39ffda5f920 e65094bd7434431791a6e39ffda5f920] 199.204.45.70 "GET /resource_providers/799179a5-2c20-42b8-8133-609cfddda8fb/allocations" status: 200 len: 252 microversion: 1.0 [pid: 7|app: 0|req: 342/685] 199.204.45.70 () {32 vars in 856 bytes} [Thu Feb 19 20:12:56 2026] GET /resource_providers/799179a5-2c20-42b8-8133-609cfddda8fb/allocations => generated 252 bytes in 12 msecs (HTTP/1.1 200) 6 headers in 224 bytes (1 switches on core 0)
2026-02-19 20:12:56.663 8 INFO placement.requestlog [req-7a80eccd-468f-4714-bce6-2f5424f03bbc req-535d175b-1998-462b-b13a-6cfb788fa814 372ef6cf5dd84534a47b3a9a986eb95f fe891a2a52d14a65a2676e1078de6582 - - e65094bd7434431791a6e39ffda5f920 e65094bd7434431791a6e39ffda5f920] 199.204.45.70 "GET /allocations/0c1e4e17-7aca-4a35-bdd0-a41ea0795f68" status: 200 len: 257 microversion: 1.28 [pid: 8|app: 0|req: 344/686] 199.204.45.70 () {34 vars in 862 bytes} [Thu Feb 19 20:12:56 2026] GET /allocations/0c1e4e17-7aca-4a35-bdd0-a41ea0795f68 => generated 257 bytes in 11 msecs (HTTP/1.1 200) 8 headers in 296 bytes (1 switches on core 0)
2026-02-19 20:12:56.664 7 INFO placement.requestlog [req-d2c27cec-ff33-42a2-b3c4-8ae916667198 req-748054d1-e358-4830-a705-970a0763d621 372ef6cf5dd84534a47b3a9a986eb95f fe891a2a52d14a65a2676e1078de6582 - - e65094bd7434431791a6e39ffda5f920 e65094bd7434431791a6e39ffda5f920] 172.24.0.105 "GET /allocations/be04f532-b8bd-42dc-956c-8a97edcddeac" status: 200 len: 19 microversion: 1.28 [pid: 7|app: 0|req: 343/687] 172.24.0.105 () {34 vars in 863 bytes} [Thu Feb 19 20:12:56 2026] GET /allocations/be04f532-b8bd-42dc-956c-8a97edcddeac => generated 19 bytes in 6 msecs (HTTP/1.1 200) 8 headers in 295 bytes (1 switches on core 0)
